2026-09-03 06:35:14.321 9 INFO neutron.notifiers.nova [-] Nova event matching ['req-23eac659-9af2-40a9-ba6f-5456fc60022c'] response: {'name': 'network-changed', 'server_uuid': '9adae55e-829c-40a2-a437-5d37cd4e5502', 'tag': '475bf994-6336-4a21-bd7f-9e067dbbf0ad', 'status': 'completed', 'code': 200} /var/lib/openstack/lib/python3.10/site-packages/pycadf/identifier.py:71: UserWarning: Invalid uuid: neutron. To ensure interoperability, identifiers should be a valid uuid. warnings.warn(('Invalid uuid: %s. To ensure interoperability, '
2026-09-03 06:35:14.355 9 INFO neutron.wsgi [req-df464fe6-24c8-4ee4-bf4b-83b695d3d1d5 req-6a5a9234-904c-470c-96f4-e249e205516b 2739c21e6e074eceb977829f225200cf e7a56a4a3c6e45f1a4f4960960c380de - - bfa1cda75a854b7b896a13bc42399ab6 bfa1cda75a854b7b896a13bc42399ab6] 162.253.55.149 "GET /v2.0/ports?tenant_id=c36cd74a7ef5409c8364d5d500bbb34f&device_id=9adae55e-829c-40a2-a437-5d37cd4e5502 HTTP/1.1" status: 200 len: 1407 time: 0.0322564
2026-09-03 06:35:14.397 9 INFO neutron.wsgi [req-df464fe6-24c8-4ee4-bf4b-83b695d3d1d5 req-6a6fc566-c5d8-44a9-a445-ad52058b9dc4 2739c21e6e074eceb977829f225200cf e7a56a4a3c6e45f1a4f4960960c380de - - bfa1cda75a854b7b896a13bc42399ab6 bfa1cda75a854b7b896a13bc42399ab6] 162.253.55.149 "GET /v2.0/floatingips?fixed_ip_address=10.100.0.3&port_id=475bf994-6336-4a21-bd7f-9e067dbbf0ad HTTP/1.1" status: 200 len: 217 time: 0.0361347
2026-09-03 06:35:14.436 9 INFO neutron.wsgi [req-df464fe6-24c8-4ee4-bf4b-83b695d3d1d5 req-438cd6f6-0f2e-49b2-9780-4245e381623b 2739c21e6e074eceb977829f225200cf e7a56a4a3c6e45f1a4f4960960c380de - - bfa1cda75a854b7b896a13bc42399ab6 bfa1cda75a854b7b896a13bc42399ab6] 162.253.55.149 "GET /v2.0/subnets?id=2417a34e-d226-40d7-abe0-2f633da9ce2a HTTP/1.1" status: 200 len: 870 time: 0.0337899
2026-09-03 06:35:14.468 9 INFO neutron.wsgi [req-df464fe6-24c8-4ee4-bf4b-83b695d3d1d5 req-e8d783e6-2b05-4eac-a1b2-0d63cb753885 2739c21e6e074eceb977829f225200cf e7a56a4a3c6e45f1a4f4960960c380de - - bfa1cda75a854b7b896a13bc42399ab6 bfa1cda75a854b7b896a13bc42399ab6] 162.253.55.149 "GET /v2.0/ports?network_id=511b769c-db5f-421e-bbd3-037e2dd1a957&device_owner=network%3Adhcp HTTP/1.1" status: 200 len: 210 time: 0.0153711
2026-09-03 06:35:14.567 9 INFO neutron.wsgi [req-0b8fc255-4955-4aaf-b853-532dab505fa6 req-8a701918-57e8-4c00-a20c-d90e60277cab 7f724d297b534c7b90a29ae184a95c24 c36cd74a7ef5409c8364d5d500bbb34f - - default default] 10.0.0.94 "GET /v2.0/ports?device_id=9adae55e-829c-40a2-a437-5d37cd4e5502 HTTP/1.1" status: 200 len: 1168 time: 0.0398581
2026-09-03 06:35:14.570 9 INFO neutron.wsgi [req-df464fe6-24c8-4ee4-bf4b-83b695d3d1d5 req-30a4fdc0-cf84-4684-9dfe-35cdb8b85ea3 2739c21e6e074eceb977829f225200cf e7a56a4a3c6e45f1a4f4960960c380de - - bfa1cda75a854b7b896a13bc42399ab6 bfa1cda75a854b7b896a13bc42399ab6] 162.253.55.149 "GET /v2.0/networks/511b769c-db5f-421e-bbd3-037e2dd1a957?fields=segments HTTP/1.1" status: 200 len: 212 time: 0.0947893
2026-09-03 06:35:14.635 9 INFO neutron.wsgi [req-0b8fc255-4955-4aaf-b853-532dab505fa6 req-f933b4a4-1599-4373-8513-b2f27e24a157 7f724d297b534c7b90a29ae184a95c24 c36cd74a7ef5409c8364d5d500bbb34f - - default default] 10.0.0.94 "GET /v2.0/security-groups?id=8e2c1411-18da-47b3-bc6e-6f66cd3d18fe&fields=id&fields=name HTTP/1.1" status: 200 len: 286 time: 0.0609889
2026-09-03 06:35:14.642 9 INFO neutron.wsgi [req-df464fe6-24c8-4ee4-bf4b-83b695d3d1d5 req-b1839119-29e5-434d-bcfe-77e035d2f93b 2739c21e6e074eceb977829f225200cf e7a56a4a3c6e45f1a4f4960960c380de - - bfa1cda75a854b7b896a13bc42399ab6 bfa1cda75a854b7b896a13bc42399ab6] 162.253.55.149 "GET /v2.0/networks/511b769c-db5f-421e-bbd3-037e2dd1a957?fields=provider%3Aphysical_network&fields=provider%3Anetwork_type HTTP/1.1" status: 200 len: 277 time: 0.0626850
2026-09-03 06:35:14.751 9 INFO neutron.wsgi [req-5fc58114-dcee-42d1-9d73-6c7b1d7c0867 req-12dd891d-3b44-4239-891f-b76adee71be9 2739c21e6e074eceb977829f225200cf e7a56a4a3c6e45f1a4f4960960c380de - - bfa1cda75a854b7b896a13bc42399ab6 bfa1cda75a854b7b896a13bc42399ab6] 162.253.55.149 "GET /v2.0/ports?tenant_id=c36cd74a7ef5409c8364d5d500bbb34f&device_id=9adae55e-829c-40a2-a437-5d37cd4e5502 HTTP/1.1" status: 200 len: 1407 time: 0.0607922
2026-09-03 06:35:14.776 9 INFO neutron.wsgi [None req-86566fc9-cfa7-411b-afdd-28dc6ec63f5e d6de49cc8d364d48a45828977e96f6ab c1b4073f5cc6427591715884bafb7440 - - default default] 10.0.0.234 "GET /v2.0/networks/abbf359a-0d39-42c6-b1e1-4c5621c59c80 HTTP/1.1" status: 200 len: 849 time: 0.4176393
2026-09-03 06:35:14.831 9 INFO neutron.wsgi [req-5fc58114-dcee-42d1-9d73-6c7b1d7c0867 req-dca8ec3c-566a-4167-a4db-8450b79773de 2739c21e6e074eceb977829f225200cf e7a56a4a3c6e45f1a4f4960960c380de - - bfa1cda75a854b7b896a13bc42399ab6 bfa1cda75a854b7b896a13bc42399ab6] 162.253.55.149 "GET /v2.0/networks?id=511b769c-db5f-421e-bbd3-037e2dd1a957 HTTP/1.1" status: 200 len: 975 time: 0.0738864
2026-09-03 06:35:14.833 9 INFO neutron.plugins.ml2.drivers.ovn.mech_driver.mech_driver [None req-8fe5edfe-5033-412e-9fe9-c3dda07e105e - - - - - -] OVN reports status up for port: 475bf994-6336-4a21-bd7f-9e067dbbf0ad
2026-09-03 06:35:14.847 9 INFO neutron.plugins.ml2.plugin [None req-8fe5edfe-5033-412e-9fe9-c3dda07e105e - - - - - -] Attempt 1 to provision port 475bf994-6336-4a21-bd7f-9e067dbbf0ad
2026-09-03 06:35:14.861 9 INFO neutron.wsgi [req-5fc58114-dcee-42d1-9d73-6c7b1d7c0867 req-bcde7474-937c-48a1-a073-8965e7a411c0 2739c21e6e074eceb977829f225200cf e7a56a4a3c6e45f1a4f4960960c380de - - bfa1cda75a854b7b896a13bc42399ab6 bfa1cda75a854b7b896a13bc42399ab6] 162.253.55.149 "GET /v2.0/floatingips?fixed_ip_address=10.100.0.3&port_id=475bf994-6336-4a21-bd7f-9e067dbbf0ad HTTP/1.1" status: 200 len: 217 time: 0.0203834
2026-09-03 06:35:14.897 9 INFO neutron.wsgi [req-5fc58114-dcee-42d1-9d73-6c7b1d7c0867 req-a13c7bc1-d5fc-4bba-a658-edbdefd67913 2739c21e6e074eceb977829f225200cf e7a56a4a3c6e45f1a4f4960960c380de - - bfa1cda75a854b7b896a13bc42399ab6 bfa1cda75a854b7b896a13bc42399ab6] 162.253.55.149 "GET /v2.0/subnets?id=2417a34e-d226-40d7-abe0-2f633da9ce2a HTTP/1.1" status: 200 len: 870 time: 0.0311253
2026-09-03 06:35:14.920 9 INFO neutron.wsgi [req-5fc58114-dcee-42d1-9d73-6c7b1d7c0867 req-d7fd3d3d-a39b-467f-9611-0337bb8c88ce 2739c21e6e074eceb977829f225200cf e7a56a4a3c6e45f1a4f4960960c380de - - bfa1cda75a854b7b896a13bc42399ab6 bfa1cda75a854b7b896a13bc42399ab6] 162.253.55.149 "GET /v2.0/ports?network_id=511b769c-db5f-421e-bbd3-037e2dd1a957&device_owner=network%3Adhcp HTTP/1.1" status: 200 len: 210 time: 0.0192904
2026-09-03 06:35:14.982 9 INFO neutron.wsgi [req-5fc58114-dcee-42d1-9d73-6c7b1d7c0867 req-68b30929-3e36-4ad7-9d73-6e5c73e005b2 2739c21e6e074eceb977829f225200cf e7a56a4a3c6e45f1a4f4960960c380de - - bfa1cda75a854b7b896a13bc42399ab6 bfa1cda75a854b7b896a13bc42399ab6] 162.253.55.149 "GET /v2.0/networks/511b769c-db5f-421e-bbd3-037e2dd1a957?fields=segments HTTP/1.1" status: 200 len: 212 time: 0.0520165
2026-09-03 06:35:15.052 9 INFO neutron.wsgi [req-5fc58114-dcee-42d1-9d73-6c7b1d7c0867 req-e4a35750-eb75-45a0-88c4-7aa83843ddec 2739c21e6e074eceb977829f225200cf e7a56a4a3c6e45f1a4f4960960c380de - - bfa1cda75a854b7b896a13bc42399ab6 bfa1cda75a854b7b896a13bc42399ab6] 162.253.55.149 "GET /v2.0/networks/511b769c-db5f-421e-bbd3-037e2dd1a957?fields=provider%3Aphysical_network&fields=provider%3Anetwork_type HTTP/1.1" status: 200 len: 277 time: 0.0653970
2026-09-03 06:35:15.182 9 INFO neutron.db.ovn_revision_numbers_db [None req-8fe5edfe-5033-412e-9fe9-c3dda07e105e - - - - - -] Successfully bumped revision number for resource 475bf994-6336-4a21-bd7f-9e067dbbf0ad (type: ports) to 4 /var/lib/openstack/lib/python3.10/site-packages/pycadf/identifier.py:71: UserWarning: Invalid uuid: neutron. To ensure interoperability, identifiers should be a valid uuid. warnings.warn(('Invalid uuid: %s. To ensure interoperability, '
2026-09-03 06:35:15.268 9 INFO neutron.pecan_wsgi.hooks.translation [None req-7b747c65-668b-4426-a56f-19c00dfd4eab 31eb95077b604d5d82d226d92d94063c 6973c3cc0d4d47efac1e0ea1c78731db - - default default] GET failed (client error): The resource could not be found.
2026-09-03 06:35:15.269 9 INFO neutron.wsgi [None req-7b747c65-668b-4426-a56f-19c00dfd4eab 31eb95077b604d5d82d226d92d94063c 6973c3cc0d4d47efac1e0ea1c78731db - - default default] 10.0.0.234 "GET /v2.0/networks/abbf359a-0d39-42c6-b1e1-4c5621c59c80 HTTP/1.1" status: 404 len: 339 time: 0.1164200
2026-09-03 06:35:15.799 10 WARNING neutron.plugins.ml2.drivers.ovn.mech_driver.ovsdb.ovn_client [None req-e48a7550-56f1-434b-a515-5b82a69dcb49 - - - - - -] No hosting information found for port e715de96-702a-4b73-8902-973ccc464e5d: RuntimeError: No hosting information found for port e715de96-702a-4b73-8902-973ccc464e5d
2026-09-03 06:35:15.894 9 INFO neutron.wsgi [req-dcbd131f-817b-4a3b-acec-ce562231237e req-8fb2c86c-6c4e-4dc8-afe3-ba0b6847fed0 7f724d297b534c7b90a29ae184a95c24 c36cd74a7ef5409c8364d5d500bbb34f - - default default] 10.0.0.94 "GET /v2.0/ports?device_id=9adae55e-829c-40a2-a437-5d37cd4e5502 HTTP/1.1" status: 200 len: 1170 time: 0.0314028
2026-09-03 06:35:15.922 9 INFO neutron.services.segments.plugin [-] Segment e339417c-3b5b-403c-868a-a8fcecaec9bb resource provider aggregate not found
2026-09-03 06:35:15.927 9 INFO neutron.services.segments.plugin [-] Segment e339417c-3b5b-403c-868a-a8fcecaec9bb resource provider aggregate not found
2026-09-03 06:35:15.938 9 INFO neutron.services.segments.plugin [-] Segment e339417c-3b5b-403c-868a-a8fcecaec9bb resource provider not found; error: Placement Client Error (4xx): {"errors": [{"status": 404, "title": "Not Found", "detail": "The resource could not be found.\n\n No resource provider with uuid e339417c-3b5b-403c-868a-a8fcecaec9bb found for delete ", "request_id": "req-381d0b53-f52c-4877-a432-df741d6a0fa5"}]}
2026-09-03 06:35:15.956 9 INFO neutron.wsgi [req-dcbd131f-817b-4a3b-acec-ce562231237e req-edea27e7-4af6-4bbf-9181-4219d0df6789 7f724d297b534c7b90a29ae184a95c24 c36cd74a7ef5409c8364d5d500bbb34f - - default default] 10.0.0.94 "GET /v2.0/security-groups?id=8e2c1411-18da-47b3-bc6e-6f66cd3d18fe&fields=id&fields=name HTTP/1.1" status: 200 len: 286 time: 0.0503414
2026-09-03 06:35:15.983 9 INFO neutron.wsgi [None req-1d44b05e-0971-4066-8e7c-e53bf1cddeae dc956a15aa6b47c3bc4a698fb57b7903 150c225b9be548dbb1380514b40e818f - - default default] 10.0.0.234 "DELETE /v2.0/networks/abbf359a-0d39-42c6-b1e1-4c5621c59c80 HTTP/1.1" status: 204 len: 168 time: 0.7091756
2026-09-03 06:35:16.010 9 INFO neutron.pecan_wsgi.hooks.translation [None req-1f0e5641-b90d-47df-b677-ea941177924f dc956a15aa6b47c3bc4a698fb57b7903 150c225b9be548dbb1380514b40e818f - - default default] DELETE failed (client error): The resource could not be found.
2026-09-03 06:35:16.012 9 INFO neutron.wsgi [None req-1f0e5641-b90d-47df-b677-ea941177924f dc956a15aa6b47c3bc4a698fb57b7903 150c225b9be548dbb1380514b40e818f - - default default] 10.0.0.234 "DELETE /v2.0/subnets/980429e1-9edf-41c9-9520-7591050d6bbd HTTP/1.1" status: 404 len: 337 time: 0.0197494
2026-09-03 06:35:16.024 9 INFO neutron.services.segments.plugin [-] Segment e339417c-3b5b-403c-868a-a8fcecaec9bb resource provider not found; error: Placement Client Error (4xx): {"errors": [{"status": 404, "title": "Not Found", "detail": "The resource could not be found.\n\n No resource provider with uuid e339417c-3b5b-403c-868a-a8fcecaec9bb found for delete ", "request_id": "req-d4fc988e-b822-48c9-9ee2-0cc54f7efe71"}]}
2026-09-03 06:35:16.038 10 INFO neutron.pecan_wsgi.hooks.translation [None req-30f2412b-e5a9-494b-8aee-c8940f170b95 dc956a15aa6b47c3bc4a698fb57b7903 150c225b9be548dbb1380514b40e818f - - default default] DELETE failed (client error): The resource could not be found.
2026-09-03 06:35:16.040 10 INFO neutron.wsgi [None req-30f2412b-e5a9-494b-8aee-c8940f170b95 dc956a15aa6b47c3bc4a698fb57b7903 150c225b9be548dbb1380514b40e818f - - default default] 10.0.0.234 "DELETE /v2.0/subnets/95b836c1-05b7-4248-bdb2-ceb28b5fb649 HTTP/1.1" status: 404 len: 337 time: 0.0224435
2026-09-03 06:35:16.082 10 INFO neutron.pecan_wsgi.hooks.translation [None req-06bf94fc-da10-4070-80a7-86c82a165b52 dc956a15aa6b47c3bc4a698fb57b7903 150c225b9be548dbb1380514b40e818f - - default default] DELETE failed (client error): The resource could not be found.
2026-09-03 06:35:16.086 10 INFO neutron.wsgi [None req-06bf94fc-da10-4070-80a7-86c82a165b52 dc956a15aa6b47c3bc4a698fb57b7903 150c225b9be548dbb1380514b40e818f - - default default] 10.0.0.234 "DELETE /v2.0/subnets/0114955b-5ddb-490d-ae0d-9fd9e568d371 HTTP/1.1" status: 404 len: 337 time: 0.0422122
2026-09-03 06:35:16.387 9 INFO neutron.notifiers.nova [-] Nova event matching ['req-58dc864e-b4d9-4fae-b67f-25108d77070a'] response: {'server_uuid': '9adae55e-829c-40a2-a437-5d37cd4e5502', 'name': 'network-vif-plugged', 'status': 'completed', 'tag': '475bf994-6336-4a21-bd7f-9e067dbbf0ad', 'code': 200}
2026-09-03 06:35:16.388 9 INFO neutron.notifiers.nova [-] Nova event matching ['req-58dc864e-b4d9-4fae-b67f-25108d77070a'] response: {'server_uuid': '9adae55e-829c-40a2-a437-5d37cd4e5502', 'name': 'network-vif-plugged', 'status': 'completed', 'tag': '475bf994-6336-4a21-bd7f-9e067dbbf0ad', 'code': 200}
2026-09-03 06:35:16.600 9 INFO neutron.db.ovn_revision_numbers_db [None req-2b1b414f-5463-48d7-be33-798466d200c0 641d77ad130d443cb3e32ba28643beeb 0ed2608e6fc5484f9e46dd884fccf740 - - default default] Successfully bumped revision number for resource 4263237d-8ca7-4750-8ac4-9cb3b38871f9 (type: security_groups) to 1
2026-09-03 06:35:16.612 9 INFO neutron.db.ovn_revision_numbers_db [None req-2b1b414f-5463-48d7-be33-798466d200c0 641d77ad130d443cb3e32ba28643beeb 0ed2608e6fc5484f9e46dd884fccf740 - - default default] Successfully bumped revision number for resource 17d6b2db-e1e1-4bcb-ad53-dc2be33945d9 (type: security_group_rules) to 0
2026-09-03 06:35:16.622 9 INFO neutron.db.ovn_revision_numbers_db [None req-2b1b414f-5463-48d7-be33-798466d200c0 641d77ad130d443cb3e32ba28643beeb 0ed2608e6fc5484f9e46dd884fccf740 - - default default] Successfully bumped revision number for resource 54a67fc7-f455-4adf-b6cb-6813660c39ba (type: security_group_rules) to 0
2026-09-03 06:35:16.633 9 INFO neutron.db.ovn_revision_numbers_db [None req-2b1b414f-5463-48d7-be33-798466d200c0 641d77ad130d443cb3e32ba28643beeb 0ed2608e6fc5484f9e46dd884fccf740 - - default default] Successfully bumped revision number for resource b066a00f-2458-40c0-84ca-7bc3110e0be4 (type: security_group_rules) to 0
2026-09-03 06:35:16.644 9 INFO neutron.db.ovn_revision_numbers_db [None req-2b1b414f-5463-48d7-be33-798466d200c0 641d77ad130d443cb3e32ba28643beeb 0ed2608e6fc5484f9e46dd884fccf740 - - default default] Successfully bumped revision number for resource bc6162b1-322d-4070-984e-79263d42f36e (type: security_group_rules) to 0
2026-09-03 06:35:16.662 9 INFO neutron.wsgi [None req-2b1b414f-5463-48d7-be33-798466d200c0 641d77ad130d443cb3e32ba28643beeb 0ed2608e6fc5484f9e46dd884fccf740 - - default default] 10.0.0.234 "GET /v2.0/security-groups?tenant_id=987417db94744f9c89b0825d7f3cd755&name=default HTTP/1.1" status: 200 len: 2996 time: 0.2950630
2026-09-03 06:35:16.899 10 INFO neutron.wsgi [None req-e4fa36af-79ca-44bd-8b2e-ca72fd011cd2 641d77ad130d443cb3e32ba28643beeb 0ed2608e6fc5484f9e46dd884fccf740 - - default default] 10.0.0.234 "DELETE /v2.0/security-groups/4263237d-8ca7-4750-8ac4-9cb3b38871f9 HTTP/1.1" status: 204 len: 168 time: 0.2312796
2026-09-03 06:35:17.166 9 INFO neutron.wsgi [req-fd2a0f2f-788d-4317-95d7-4392c6c38605 req-929fe8b6-161d-4e91-9272-e24a94ee4c73 7f724d297b534c7b90a29ae184a95c24 c36cd74a7ef5409c8364d5d500bbb34f - - default default] 10.0.0.94 "GET /v2.0/ports?device_id=9adae55e-829c-40a2-a437-5d37cd4e5502 HTTP/1.1" status: 200 len: 1170 time: 0.0883594
2026-09-03 06:35:17.213 9 INFO neutron.wsgi [req-fd2a0f2f-788d-4317-95d7-4392c6c38605 req-e273175d-8f9f-4336-b7c3-8290264e4900 7f724d297b534c7b90a29ae184a95c24 c36cd74a7ef5409c8364d5d500bbb34f - - default default] 10.0.0.94 "GET /v2.0/security-groups?id=8e2c1411-18da-47b3-bc6e-6f66cd3d18fe&fields=id&fields=name HTTP/1.1" status: 200 len: 286 time: 0.0381727
2026-09-03 06:35:17.478 10 INFO neutron.db.ovn_revision_numbers_db [None req-f4ff2cf7-11b3-481e-8aa0-d139e9ce1367 641d77ad130d443cb3e32ba28643beeb 0ed2608e6fc5484f9e46dd884fccf740 - - default default] Successfully bumped revision number for resource 0056b6ce-7674-4e74-ac00-94e8efc2d2ac (type: security_groups) to 1
2026-09-03 06:35:17.497 10 INFO neutron.db.ovn_revision_numbers_db [None req-f4ff2cf7-11b3-481e-8aa0-d139e9ce1367 641d77ad130d443cb3e32ba28643beeb 0ed2608e6fc5484f9e46dd884fccf740 - - default default] Successfully bumped revision number for resource 0df69597-a28d-4da3-8b50-d85aa210d48d (type: security_group_rules) to 0
2026-09-03 06:35:17.512 10 INFO neutron.db.ovn_revision_numbers_db [None req-f4ff2cf7-11b3-481e-8aa0-d139e9ce1367 641d77ad130d443cb3e32ba28643beeb 0ed2608e6fc5484f9e46dd884fccf740 - - default default] Successfully bumped revision number for resource 2e282d21-04da-40ff-84f9-ec018df31c4e (type: security_group_rules) to 0
2026-09-03 06:35:17.578 10 INFO neutron.db.ovn_revision_numbers_db [None req-f4ff2cf7-11b3-481e-8aa0-d139e9ce1367 641d77ad130d443cb3e32ba28643beeb 0ed2608e6fc5484f9e46dd884fccf740 - - default default] Successfully bumped revision number for resource 61f978b0-810b-4a35-97ea-bcc12cd2f27b (type: security_group_rules) to 0
2026-09-03 06:35:17.592 10 INFO neutron.db.ovn_revision_numbers_db [None req-f4ff2cf7-11b3-481e-8aa0-d139e9ce1367 641d77ad130d443cb3e32ba28643beeb 0ed2608e6fc5484f9e46dd884fccf740 - - default default] Successfully bumped revision number for resource 9774c927-668d-44dc-aae0-5fe84cb8041e (type: security_group_rules) to 0
2026-09-03 06:35:17.602 9 INFO neutron.plugins.ml2.drivers.ovn.mech_driver.mech_driver [None req-8fe5edfe-5033-412e-9fe9-c3dda07e105e - - - - - -] OVN reports status down for port: 475bf994-6336-4a21-bd7f-9e067dbbf0ad
2026-09-03 06:35:17.644 10 INFO neutron.wsgi [None req-f4ff2cf7-11b3-481e-8aa0-d139e9ce1367 641d77ad130d443cb3e32ba28643beeb 0ed2608e6fc5484f9e46dd884fccf740 - - default default] 10.0.0.234 "GET /v2.0/security-groups?tenant_id=6973c3cc0d4d47efac1e0ea1c78731db&name=default HTTP/1.1" status: 200 len: 2996 time: 0.5563047
2026-09-03 06:35:17.667 10 INFO neutron.wsgi [req-ca8dfbdb-5cda-4ebc-9e61-d2d70ed1fc7f req-a118fde6-1bd4-4846-88b1-fb332e642381 7f724d297b534c7b90a29ae184a95c24 c36cd74a7ef5409c8364d5d500bbb34f - - default default] 10.0.0.94 "GET /v2.0/ports?device_id=9adae55e-829c-40a2-a437-5d37cd4e5502 HTTP/1.1" status: 200 len: 1170 time: 0.1351061
2026-09-03 06:35:17.730 10 INFO neutron.wsgi [req-ca8dfbdb-5cda-4ebc-9e61-d2d70ed1fc7f req-e9f00fca-45b9-440f-a066-8854874d2365 7f724d297b534c7b90a29ae184a95c24 c36cd74a7ef5409c8364d5d500bbb34f - - default default] 10.0.0.94 "GET /v2.0/security-groups?id=8e2c1411-18da-47b3-bc6e-6f66cd3d18fe&fields=id&fields=name HTTP/1.1" status: 200 len: 286 time: 0.0583363
2026-09-03 06:35:17.882 9 INFO neutron.wsgi [req-101ac9a3-5af8-457d-9c29-1425c5619cfd req-44021aad-6749-4151-87e0-6f3db70de42a 7f724d297b534c7b90a29ae184a95c24 c36cd74a7ef5409c8364d5d500bbb34f - - default default] 162.253.55.149 "GET /v2.0/ports?device_id=9adae55e-829c-40a2-a437-5d37cd4e5502 HTTP/1.1" status: 200 len: 1168 time: 0.0562937
2026-09-03 06:35:18.000 9 INFO neutron.db.ovn_revision_numbers_db [None req-8fe5edfe-5033-412e-9fe9-c3dda07e105e - - - - - -] Successfully bumped revision number for resource 475bf994-6336-4a21-bd7f-9e067dbbf0ad (type: ports) to 5
2026-09-03 06:35:18.090 9 INFO neutron.wsgi [None req-37a9b4cf-c35e-440a-9772-771a4a3c5997 641d77ad130d443cb3e32ba28643beeb 0ed2608e6fc5484f9e46dd884fccf740 - - default default] 10.0.0.234 "DELETE /v2.0/security-groups/0056b6ce-7674-4e74-ac00-94e8efc2d2ac HTTP/1.1" status: 204 len: 168 time: 0.4399676 /var/lib/openstack/lib/python3.10/site-packages/pycadf/identifier.py:71: UserWarning: Invalid uuid: neutron. To ensure interoperability, identifiers should be a valid uuid. warnings.warn(('Invalid uuid: %s. To ensure interoperability, '
2026-09-03 06:35:18.253 9 INFO neutron.wsgi [req-101ac9a3-5af8-457d-9c29-1425c5619cfd req-8dc60eea-b8ad-4a99-881f-48bb9c914da4 7f724d297b534c7b90a29ae184a95c24 c36cd74a7ef5409c8364d5d500bbb34f - - default default] 162.253.55.149 "DELETE /v2.0/ports/475bf994-6336-4a21-bd7f-9e067dbbf0ad HTTP/1.1" status: 204 len: 173 time: 0.3588862
2026-09-03 06:35:18.376 9 INFO neutron.db.ovn_revision_numbers_db [None req-cc500948-97a1-42d6-ac38-2d3ac6d90646 641d77ad130d443cb3e32ba28643beeb 0ed2608e6fc5484f9e46dd884fccf740 - - default default] Successfully bumped revision number for resource caca74a4-f05c-4c48-a1db-f9d487ae8856 (type: security_groups) to 1
2026-09-03 06:35:18.399 9 INFO neutron.db.ovn_revision_numbers_db [None req-cc500948-97a1-42d6-ac38-2d3ac6d90646 641d77ad130d443cb3e32ba28643beeb 0ed2608e6fc5484f9e46dd884fccf740 - - default default] Successfully bumped revision number for resource a1db051c-30f3-465d-b370-560e537e4ca7 (type: security_group_rules) to 0
2026-09-03 06:35:18.418 9 INFO neutron.db.ovn_revision_numbers_db [None req-cc500948-97a1-42d6-ac38-2d3ac6d90646 641d77ad130d443cb3e32ba28643beeb 0ed2608e6fc5484f9e46dd884fccf740 - - default default] Successfully bumped revision number for resource bc93641d-fcd7-456d-b300-1c3a8c63a9f6 (type: security_group_rules) to 0
2026-09-03 06:35:18.421 9 INFO neutron.notifiers.nova [-] Nova event matching ['req-a7e11596-e175-482b-bf5f-64955d0965be'] response: {'server_uuid': '9adae55e-829c-40a2-a437-5d37cd4e5502', 'name': 'network-vif-unplugged', 'status': 'completed', 'tag': '475bf994-6336-4a21-bd7f-9e067dbbf0ad', 'code': 200}
2026-09-03 06:35:18.421 9 INFO neutron.notifiers.nova [-] Nova event matching ['req-a7e11596-e175-482b-bf5f-64955d0965be'] response: {'server_uuid': '9adae55e-829c-40a2-a437-5d37cd4e5502', 'name': 'network-vif-plugged', 'status': 'completed', 'tag': '475bf994-6336-4a21-bd7f-9e067dbbf0ad', 'code': 200}
2026-09-03 06:35:18.421 9 INFO neutron.notifiers.nova [-] Nova event matching ['req-a7e11596-e175-482b-bf5f-64955d0965be'] response: {'server_uuid': '9adae55e-829c-40a2-a437-5d37cd4e5502', 'name': 'network-vif-deleted', 'tag': '475bf994-6336-4a21-bd7f-9e067dbbf0ad', 'status': 'completed', 'code': 200}
2026-09-03 06:35:18.438 9 INFO neutron.db.ovn_revision_numbers_db [None req-cc500948-97a1-42d6-ac38-2d3ac6d90646 641d77ad130d443cb3e32ba28643beeb 0ed2608e6fc5484f9e46dd884fccf740 - - default default] Successfully bumped revision number for resource decbbf6e-769c-4a90-9cc5-554417c8759f (type: security_group_rules) to 0
2026-09-03 06:35:18.475 9 INFO neutron.db.ovn_revision_numbers_db [None req-cc500948-97a1-42d6-ac38-2d3ac6d90646 641d77ad130d443cb3e32ba28643beeb 0ed2608e6fc5484f9e46dd884fccf740 - - default default] Successfully bumped revision number for resource e8c41b78-8f05-48b8-a1d5-8904aee22b1c (type: security_group_rules) to 0
2026-09-03 06:35:18.495 9 INFO neutron.wsgi [None req-cc500948-97a1-42d6-ac38-2d3ac6d90646 641d77ad130d443cb3e32ba28643beeb 0ed2608e6fc5484f9e46dd884fccf740 - - default default] 10.0.0.234 "GET /v2.0/security-groups?tenant_id=c1b4073f5cc6427591715884bafb7440&name=default HTTP/1.1" status: 200 len: 2996 time: 0.2608435
2026-09-03 06:35:18.740 9 INFO neutron.wsgi [None req-dffa4e4c-6776-4665-b663-66a14a18503a 641d77ad130d443cb3e32ba28643beeb 0ed2608e6fc5484f9e46dd884fccf740 - - default default] 10.0.0.234 "DELETE /v2.0/security-groups/caca74a4-f05c-4c48-a1db-f9d487ae8856 HTTP/1.1" status: 204 len: 168 time: 0.2415223
2026-09-03 06:35:18.904 10 INFO neutron.wsgi [None req-eb1caf4c-fe95-419d-b87d-001f3d46043a 641d77ad130d443cb3e32ba28643beeb 0ed2608e6fc5484f9e46dd884fccf740 - - default default] 10.0.0.234 "GET /v2.0/security-groups?tenant_id=150c225b9be548dbb1380514b40e818f&name=default HTTP/1.1" status: 200 len: 2996 time: 0.0535574
2026-09-03 06:35:19.115 10 INFO neutron.wsgi [req-522ac1b7-9f09-4825-92f5-22484df2dfa9 req-1c713b38-64d5-48b9-9df3-55a87c5f49fb 2739c21e6e074eceb977829f225200cf e7a56a4a3c6e45f1a4f4960960c380de - - bfa1cda75a854b7b896a13bc42399ab6 bfa1cda75a854b7b896a13bc42399ab6] 10.0.0.25 "GET /v2.0/ports?device_id=01fd0372-0319-4748-a6e3-f2185282bdc2 HTTP/1.1" status: 200 len: 1409 time: 0.0340898
2026-09-03 06:35:19.168 10 INFO neutron.wsgi [req-522ac1b7-9f09-4825-92f5-22484df2dfa9 req-221cee1c-e6cf-4bbd-965b-c20f5b8a1066 2739c21e6e074eceb977829f225200cf e7a56a4a3c6e45f1a4f4960960c380de - - bfa1cda75a854b7b896a13bc42399ab6 bfa1cda75a854b7b896a13bc42399ab6] 10.0.0.25 "GET /v2.0/security-groups?id=cd09d7a4-129f-4a50-a523-90b41ea0212e&fields=id&fields=name HTTP/1.1" status: 200 len: 313 time: 0.0442066
2026-09-03 06:35:19.213 9 INFO neutron.wsgi [None req-4b4d03fc-806c-436c-bb35-1b41df163cc7 641d77ad130d443cb3e32ba28643beeb 0ed2608e6fc5484f9e46dd884fccf740 - - default default] 10.0.0.234 "DELETE /v2.0/security-groups/1099cba8-3b1a-46a5-a7a7-d6d03afe973e HTTP/1.1" status: 204 len: 168 time: 0.3046143
2026-09-03 06:35:19.748 9 INFO neutron.wsgi [None req-5d585f1c-d072-4560-a865-a88f946c2f77 641d77ad130d443cb3e32ba28643beeb 0ed2608e6fc5484f9e46dd884fccf740 - - default default] 10.0.0.234 "PUT /v2.0/routers/af8c569e-3c50-42d5-9742-0166714e7877/remove_router_interface HTTP/1.1" status: 200 len: 503 time: 0.9380608 /var/lib/openstack/lib/python3.10/site-packages/pycadf/identifier.py:71: UserWarning: Invalid uuid: neutron. To ensure interoperability, identifiers should be a valid uuid. warnings.warn(('Invalid uuid: %s. To ensure interoperability, '
2026-09-03 06:35:20.529 9 INFO neutron.wsgi [None req-e0b16aa0-53c9-4d44-836f-f6d2129b4447 641d77ad130d443cb3e32ba28643beeb 0ed2608e6fc5484f9e46dd884fccf740 - - default default] 10.0.0.234 "DELETE /v2.0/routers/af8c569e-3c50-42d5-9742-0166714e7877 HTTP/1.1" status: 204 len: 168 time: 0.7744799
2026-09-03 06:35:20.717 10 INFO neutron.wsgi [None req-92c9e188-85ea-4dd2-ae86-7efd3c2fffb5 641d77ad130d443cb3e32ba28643beeb 0ed2608e6fc5484f9e46dd884fccf740 - - default default] 10.0.0.234 "DELETE /v2.0/subnets/2417a34e-d226-40d7-abe0-2f633da9ce2a HTTP/1.1" status: 204 len: 168 time: 0.1774578
2026-09-03 06:35:21.053 10 INFO neutron.services.segments.plugin [-] Segment b68bca93-1199-45ae-ba6c-1c25e74973be resource provider aggregate not found
2026-09-03 06:35:21.057 10 INFO neutron.services.segments.plugin [-] Segment b68bca93-1199-45ae-ba6c-1c25e74973be resource provider aggregate not found
2026-09-03 06:35:21.068 10 INFO neutron.services.segments.plugin [-] Segment b68bca93-1199-45ae-ba6c-1c25e74973be resource provider not found; error: Placement Client Error (4xx): {"errors": [{"status": 404, "title": "Not Found", "detail": "The resource could not be found.\n\n No resource provider with uuid b68bca93-1199-45ae-ba6c-1c25e74973be found for delete ", "request_id": "req-3db4d7c8-4f80-4011-938d-0dc0c5a77c50"}]}
2026-09-03 06:35:21.080 10 INFO neutron.services.segments.plugin [-] Segment b68bca93-1199-45ae-ba6c-1c25e74973be resource provider not found; error: Placement Client Error (4xx): {"errors": [{"status": 404, "title": "Not Found", "detail": "The resource could not be found.\n\n No resource provider with uuid b68bca93-1199-45ae-ba6c-1c25e74973be found for delete ", "request_id": "req-c9740d9a-67ed-4498-a1cb-34b2085aec67"}]}
2026-09-03 06:35:21.120 10 INFO neutron.wsgi [None req-5c2e2cf8-3abd-4f6c-b74d-b898f0b1b671 641d77ad130d443cb3e32ba28643beeb 0ed2608e6fc5484f9e46dd884fccf740 - - default default] 10.0.0.234 "DELETE /v2.0/networks/511b769c-db5f-421e-bbd3-037e2dd1a957 HTTP/1.1" status: 204 len: 168 time: 0.3982587
2026-09-03 06:35:21.303 9 INFO neutron.wsgi [None req-af33c4d0-91d7-46c0-9f7d-1adb75a0387a 641d77ad130d443cb3e32ba28643beeb 0ed2608e6fc5484f9e46dd884fccf740 - - default default] 10.0.0.234 "GET /v2.0/security-groups?tenant_id=c36cd74a7ef5409c8364d5d500bbb34f&name=default HTTP/1.1" status: 200 len: 2996 time: 0.0470154
2026-09-03 06:35:21.566 9 INFO neutron.wsgi [None req-2430d755-db5b-403e-8865-34bbd3fa9894 641d77ad130d443cb3e32ba28643beeb 0ed2608e6fc5484f9e46dd884fccf740 - - default default] 10.0.0.234 "DELETE /v2.0/security-groups/8e2c1411-18da-47b3-bc6e-6f66cd3d18fe HTTP/1.1" status: 204 len: 168 time: 0.2584004
2026-09-03 06:35:21.772 10 INFO neutron.plugins.ml2.drivers.ovn.mech_driver.mech_driver [None req-e48a7550-56f1-434b-a515-5b82a69dcb49 - - - - - -] OVN reports status down for port: 91e09d32-7cc2-4adc-ba77-89830f968c05
2026-09-03 06:35:21.823 9 INFO neutron.wsgi [req-8e8a5212-ae4b-4305-a0bf-62d873f4270a req-58992c79-2f02-4327-8f3e-b818c3280d66 fdb02b87f4934e548c9987db5ee46541 44fcb7bd17d644e38df76f1c5105a03f - - default default] 10.0.0.94 "GET /v2.0/ports?device_id=01fd0372-0319-4748-a6e3-f2185282bdc2 HTTP/1.1" status: 200 len: 1170 time: 0.1228535
2026-09-03 06:35:21.870 9 INFO neutron.wsgi [req-8e8a5212-ae4b-4305-a0bf-62d873f4270a req-d1229482-94dd-42ba-84ba-1479ec97111b fdb02b87f4934e548c9987db5ee46541 44fcb7bd17d644e38df76f1c5105a03f - - default default] 10.0.0.94 "GET /v2.0/security-groups?id=cd09d7a4-129f-4a50-a523-90b41ea0212e&fields=id&fields=name HTTP/1.1" status: 200 len: 313 time: 0.0416515
2026-09-03 06:35:21.907 10 INFO neutron.notifiers.nova [-] Nova event matching ['req-c7d019e1-4588-4ad2-a20f-321e943e91e8'] response: {'server_uuid': '01fd0372-0319-4748-a6e3-f2185282bdc2', 'name': 'network-vif-unplugged', 'status': 'completed', 'tag': '91e09d32-7cc2-4adc-ba77-89830f968c05', 'code': 200}
2026-09-03 06:35:21.940 10 INFO neutron.wsgi [-] 10.0.0.53 "GET / HTTP/1.1" status: 200 len: 246 time: 0.0015228
2026-09-03 06:35:21.943 9 INFO neutron.wsgi [-] 10.0.0.53 "GET / HTTP/1.1" status: 200 len: 246 time: 0.0033503
2026-09-03 06:35:22.040 10 INFO neutron.db.ovn_revision_numbers_db [None req-e48a7550-56f1-434b-a515-5b82a69dcb49 - - - - - -] Successfully bumped revision number for resource 91e09d32-7cc2-4adc-ba77-89830f968c05 (type: ports) to 5
2026-09-03 06:35:22.107 9 INFO neutron.wsgi [req-3f636df7-cfee-485c-9d51-e6bf9b806fcb req-206bddfc-95b3-41c8-91e8-f802277ece2e fdb02b87f4934e548c9987db5ee46541 44fcb7bd17d644e38df76f1c5105a03f - - default default] 162.253.55.149 "GET /v2.0/ports?device_id=01fd0372-0319-4748-a6e3-f2185282bdc2 HTTP/1.1" status: 200 len: 1168 time: 0.0542049
2026-09-03 06:35:22.378 9 INFO neutron.db.l3_db [req-3f636df7-cfee-485c-9d51-e6bf9b806fcb req-52ef1e0e-db25-456d-8c10-e44ae0f5775a fdb02b87f4934e548c9987db5ee46541 44fcb7bd17d644e38df76f1c5105a03f - - default default] Floating IP 16717b1a-896b-4b19-918e-d1bdeb1c7f02 disassociated. External IP: 10.96.250.213, port: 91e09d32-7cc2-4adc-ba77-89830f968c05.
2026-09-03 06:35:22.555 9 INFO neutron.wsgi [req-3f636df7-cfee-485c-9d51-e6bf9b806fcb req-52ef1e0e-db25-456d-8c10-e44ae0f5775a fdb02b87f4934e548c9987db5ee46541 44fcb7bd17d644e38df76f1c5105a03f - - default default] 162.253.55.149 "DELETE /v2.0/ports/91e09d32-7cc2-4adc-ba77-89830f968c05 HTTP/1.1" status: 204 len: 173 time: 0.4410772
2026-09-03 06:35:22.622 9 INFO neutron.notifiers.nova [-] Nova event matching ['req-717bbdfe-712b-47e0-9af6-a56a213bec96'] response: {'server_uuid': '01fd0372-0319-4748-a6e3-f2185282bdc2', 'name': 'network-vif-deleted', 'tag': '91e09d32-7cc2-4adc-ba77-89830f968c05', 'status': 'completed', 'code': 200} /var/lib/openstack/lib/python3.10/site-packages/pycadf/identifier.py:71: UserWarning: Invalid uuid: neutron. To ensure interoperability, identifiers should be a valid uuid. warnings.warn(('Invalid uuid: %s. To ensure interoperability, '
2026-09-03 06:35:23.151 9 INFO neutron.wsgi [None req-1365782b-adc5-4035-8b2f-5934ec84e1c9 fdb02b87f4934e548c9987db5ee46541 44fcb7bd17d644e38df76f1c5105a03f - - default default] 10.0.0.234 "DELETE /v2.0/security-groups/cd09d7a4-129f-4a50-a523-90b41ea0212e HTTP/1.1" status: 204 len: 168 time: 0.2069595
2026-09-03 06:35:23.488 9 INFO neutron.wsgi [None req-872ad169-335a-457d-b90f-7e07ea125ca3 fdb02b87f4934e548c9987db5ee46541 44fcb7bd17d644e38df76f1c5105a03f - - default default] 10.0.0.234 "DELETE /v2.0/floatingips/16717b1a-896b-4b19-918e-d1bdeb1c7f02 HTTP/1.1" status: 204 len: 168 time: 0.3048606
2026-09-03 06:35:23.728 9 INFO neutron.plugins.ml2.drivers.ovn.mech_driver.mech_driver [None req-8fe5edfe-5033-412e-9fe9-c3dda07e105e - - - - - -] OVN reports status down for port: 967f29f3-ad57-4f69-8208-837a1c29df14
2026-09-03 06:35:23.753 9 INFO neutron.wsgi [req-e0a273a0-e84a-4435-be51-f6865e241a2a req-6881a464-290e-42f1-9d6a-ed5bdfb566aa fdb02b87f4934e548c9987db5ee46541 44fcb7bd17d644e38df76f1c5105a03f - - default default] 10.0.0.94 "GET /v2.0/ports?device_id=ff98e391-81a2-461a-8c7e-118bb93c5b96 HTTP/1.1" status: 200 len: 1174 time: 0.0759897
2026-09-03 06:35:23.822 9 INFO neutron.wsgi [req-e0a273a0-e84a-4435-be51-f6865e241a2a req-83dbf12d-1484-433f-aaf0-51c9d374b64e fdb02b87f4934e548c9987db5ee46541 44fcb7bd17d644e38df76f1c5105a03f - - default default] 10.0.0.94 "GET /v2.0/security-groups?id=e2cd4067-1a46-4f29-adab-717e0885db6a&fields=id&fields=name HTTP/1.1" status: 200 len: 313 time: 0.0569775
2026-09-03 06:35:23.968 10 INFO neutron.notifiers.nova [-] Nova event matching ['req-eb5a2227-3a01-4b32-b060-90f827c4289c'] response: {'server_uuid': '01fd0372-0319-4748-a6e3-f2185282bdc2', 'name': 'network-vif-plugged', 'status': 'completed', 'tag': '91e09d32-7cc2-4adc-ba77-89830f968c05', 'code': 200}
2026-09-03 06:35:24.055 9 INFO neutron.wsgi [req-6597b4cb-4b14-49f8-bd90-75aaf9f30fd1 req-5513e9fa-8af8-4a35-b66f-b831ab6df9c3 fdb02b87f4934e548c9987db5ee46541 44fcb7bd17d644e38df76f1c5105a03f - - default default] 162.253.55.149 "GET /v2.0/ports?device_id=ff98e391-81a2-461a-8c7e-118bb93c5b96 HTTP/1.1" status: 200 len: 1172 time: 0.0669930 /var/lib/openstack/lib/python3.10/site-packages/pycadf/identifier.py:71: UserWarning: Invalid uuid: neutron. To ensure interoperability, identifiers should be a valid uuid. warnings.warn(('Invalid uuid: %s. To ensure interoperability, '
2026-09-03 06:35:24.152 10 INFO neutron.wsgi [None req-470518de-a927-4ac3-bcef-321d98a19d5f c114b272b82a4dfaabe6359806184a5b 9905f5dc6c104207862d12b1b5976424 - - default default] 10.0.0.234 "POST /v2.0/qos/policies HTTP/1.1" status: 201 len: 558 time: 0.4451818
2026-09-03 06:35:24.166 9 INFO neutron.db.ovn_revision_numbers_db [None req-8fe5edfe-5033-412e-9fe9-c3dda07e105e - - - - - -] Successfully bumped revision number for resource 967f29f3-ad57-4f69-8208-837a1c29df14 (type: ports) to 5
2026-09-03 06:35:24.239 9 INFO neutron.wsgi [None req-8995fdb3-37ca-45bb-b967-79a6faf59922 c114b272b82a4dfaabe6359806184a5b 9905f5dc6c104207862d12b1b5976424 - - default default] 10.0.0.234 "POST /v2.0/qos/policies HTTP/1.1" status: 201 len: 558 time: 0.0801089
2026-09-03 06:35:24.302 10 INFO neutron.wsgi [None req-f3623ad9-1c60-4dd1-a083-419f8cfa4c7e c114b272b82a4dfaabe6359806184a5b 9905f5dc6c104207862d12b1b5976424 - - default default] 10.0.0.234 "POST /v2.0/qos/policies HTTP/1.1" status: 201 len: 558 time: 0.0572958 /var/lib/openstack/lib/python3.10/site-packages/pycadf/identifier.py:71: UserWarning: Invalid uuid: neutron. To ensure interoperability, identifiers should be a valid uuid. warnings.warn(('Invalid uuid: %s. To ensure interoperability, '
2026-09-03 06:35:24.344 9 INFO neutron.wsgi [None req-4721d0f1-7f70-4c7a-9eb0-f3dea9539a5d c114b272b82a4dfaabe6359806184a5b 9905f5dc6c104207862d12b1b5976424 - - default default] 10.0.0.234 "POST /v2.0/qos/policies HTTP/1.1" status: 201 len: 558 time: 0.0375960
2026-09-03 06:35:24.373 9 INFO neutron.wsgi [req-6597b4cb-4b14-49f8-bd90-75aaf9f30fd1 req-b521e8ee-a1e7-4741-82cc-f9a32a0aa211 fdb02b87f4934e548c9987db5ee46541 44fcb7bd17d644e38df76f1c5105a03f - - default default] 162.253.55.149 "DELETE /v2.0/ports/967f29f3-ad57-4f69-8208-837a1c29df14 HTTP/1.1" status: 204 len: 173 time: 0.3111510
2026-09-03 06:35:24.408 10 INFO neutron.wsgi [None req-58e077b4-5a5b-4ee7-83fd-165b8c3969c6 c114b272b82a4dfaabe6359806184a5b 9905f5dc6c104207862d12b1b5976424 - - default default] 10.0.0.234 "POST /v2.0/qos/policies HTTP/1.1" status: 201 len: 558 time: 0.0588663
2026-09-03 06:35:24.449 10 INFO neutron.wsgi [None req-95ac4153-b620-4b9e-8a00-b7751f4ac073 c114b272b82a4dfaabe6359806184a5b 9905f5dc6c104207862d12b1b5976424 - - default default] 10.0.0.234 "PUT /v2.0/policies/81611848-0d5d-4e1c-b6b0-7341dd5b848a/tags HTTP/1.1" status: 200 len: 210 time: 0.0361559
2026-09-03 06:35:24.485 10 INFO neutron.wsgi [None req-ba6d9ace-bc5d-4d83-a513-eb222540ee72 c114b272b82a4dfaabe6359806184a5b 9905f5dc6c104207862d12b1b5976424 - - default default] 10.0.0.234 "PUT /v2.0/policies/f614e3af-89c0-40e4-b5bc-acb487966bc8/tags HTTP/1.1" status: 200 len: 218 time: 0.0306273
2026-09-03 06:35:24.522 10 INFO neutron.wsgi [None req-a3975e96-d43e-4944-abf9-5faeee40e88c c114b272b82a4dfaabe6359806184a5b 9905f5dc6c104207862d12b1b5976424 - - default default] 10.0.0.234 "PUT /v2.0/policies/82f3562c-3899-436d-b070-19e67e4b256b/tags HTTP/1.1" status: 200 len: 227 time: 0.0322042
2026-09-03 06:35:24.556 10 INFO neutron.wsgi [None req-ed2f41d7-1d79-410f-bdc4-a082cc44e304 c114b272b82a4dfaabe6359806184a5b 9905f5dc6c104207862d12b1b5976424 - - default default] 10.0.0.234 "PUT /v2.0/policies/a80c64f7-65b5-47c4-a256-c456ad9424ad/tags HTTP/1.1" status: 200 len: 212 time: 0.0289395
2026-09-03 06:35:24.662 9 INFO neutron.notifiers.nova [-] Nova event matching ['req-e2ba21d4-a920-4256-8d34-6ae36d7c2ff7'] response: {'server_uuid': 'ff98e391-81a2-461a-8c7e-118bb93c5b96', 'name': 'network-vif-unplugged', 'status': 'completed', 'tag': '967f29f3-ad57-4f69-8208-837a1c29df14', 'code': 200}
2026-09-03 06:35:24.662 9 INFO neutron.notifiers.nova [-] Nova event matching ['req-e2ba21d4-a920-4256-8d34-6ae36d7c2ff7'] response: {'server_uuid': 'ff98e391-81a2-461a-8c7e-118bb93c5b96', 'name': 'network-vif-plugged', 'status': 'completed', 'tag': '967f29f3-ad57-4f69-8208-837a1c29df14', 'code': 200}
2026-09-03 06:35:24.662 9 INFO neutron.notifiers.nova [-] Nova event matching ['req-e2ba21d4-a920-4256-8d34-6ae36d7c2ff7'] response: {'server_uuid': 'ff98e391-81a2-461a-8c7e-118bb93c5b96', 'name': 'network-vif-deleted', 'tag': '967f29f3-ad57-4f69-8208-837a1c29df14', 'status': 'completed', 'code': 200}
2026-09-03 06:35:25.104 10 INFO neutron.wsgi [None req-f40c1a7b-536a-4f6f-9e95-c407d373555e fdb02b87f4934e548c9987db5ee46541 44fcb7bd17d644e38df76f1c5105a03f - - default default] 10.0.0.234 "DELETE /v2.0/security-groups/e2cd4067-1a46-4f29-adab-717e0885db6a HTTP/1.1" status: 204 len: 168 time: 0.1908832
2026-09-03 06:35:25.290 9 INFO neutron.wsgi [None req-608698f1-4a15-4c1f-8725-38af077fb4c2 b706e43042534b32bb2c7f7498e88710 a1d9da3708684e3ebe6bb1ea13c80b10 - - default default] 10.0.0.234 "GET /v2.0/qos/policies?tags=red HTTP/1.1" status: 200 len: 1296 time: 0.3302250
2026-09-03 06:35:25.356 9 INFO neutron.wsgi [None req-7f0f8e41-b782-4af8-b5a4-aff5d319a7a2 b706e43042534b32bb2c7f7498e88710 a1d9da3708684e3ebe6bb1ea13c80b10 - - default default] 10.0.0.234 "GET /v2.0/qos/policies?tags=red%2Cblue HTTP/1.1" status: 200 len: 941 time: 0.0617335
2026-09-03 06:35:25.429 10 INFO neutron.wsgi [None req-f260015e-0635-4cc6-be36-910df7ef0350 b706e43042534b32bb2c7f7498e88710 a1d9da3708684e3ebe6bb1ea13c80b10 - - default default] 10.0.0.234 "GET /v2.0/qos/policies?tags-any=blue HTTP/1.1" status: 200 len: 941 time: 0.0675025
2026-09-03 06:35:25.504 10 INFO neutron.wsgi [None req-75c0d880-d74f-4cc6-9426-d27b59ee0dcb b706e43042534b32bb2c7f7498e88710 a1d9da3708684e3ebe6bb1ea13c80b10 - - default default] 10.0.0.234 "GET /v2.0/qos/policies?tags-any=red%2Cblue HTTP/1.1" status: 200 len: 1296 time: 0.0696204
2026-09-03 06:35:25.556 10 INFO neutron.wsgi [None req-53e92ab2-5d87-4354-ae3a-bd397eba0e05 b706e43042534b32bb2c7f7498e88710 a1d9da3708684e3ebe6bb1ea13c80b10 - - default default] 10.0.0.234 "GET /v2.0/qos/policies?not-tags=red HTTP/1.1" status: 200 len: 913 time: 0.0462952
2026-09-03 06:35:25.610 10 INFO neutron.wsgi [None req-0f3977d3-1c18-4d3a-b604-a9942ddcae39 b706e43042534b32bb2c7f7498e88710 a1d9da3708684e3ebe6bb1ea13c80b10 - - default default] 10.0.0.234 "GET /v2.0/qos/policies?not-tags=red%2Cblue HTTP/1.1" status: 200 len: 1268 time: 0.0497093
2026-09-03 06:35:25.667 10 INFO neutron.wsgi [None req-146c186d-63a6-4219-94a5-09e1bc0d9712 b706e43042534b32bb2c7f7498e88710 a1d9da3708684e3ebe6bb1ea13c80b10 - - default default] 10.0.0.234 "GET /v2.0/qos/policies?not-tags-any=blue HTTP/1.1" status: 200 len: 1268 time: 0.0521295
2026-09-03 06:35:25.736 10 INFO neutron.wsgi [None req-6693c9f7-fc82-48a1-8424-307fa3500314 b706e43042534b32bb2c7f7498e88710 a1d9da3708684e3ebe6bb1ea13c80b10 - - default default] 10.0.0.234 "GET /v2.0/qos/policies?not-tags-any=red%2Cblue HTTP/1.1" status: 200 len: 913 time: 0.0617785
2026-09-03 06:35:25.820 10 INFO neutron.wsgi [None req-fb854368-235a-4864-9999-c7d18ca86f6e c114b272b82a4dfaabe6359806184a5b 9905f5dc6c104207862d12b1b5976424 - - default default] 10.0.0.234 "DELETE /v2.0/qos/policies/81611848-0d5d-4e1c-b6b0-7341dd5b848a HTTP/1.1" status: 204 len: 168 time: 0.0776827
2026-09-03 06:35:25.885 9 INFO neutron.wsgi [None req-ab3ca9a8-b57b-43fc-8ce1-3fea33aa8808 fdb02b87f4934e548c9987db5ee46541 44fcb7bd17d644e38df76f1c5105a03f - - default default] 10.0.0.234 "PUT /v2.0/routers/0c0c4fd1-f6d1-40ac-b775-bdb7eed98c1a/remove_router_interface HTTP/1.1" status: 200 len: 503 time: 0.7495627
2026-09-03 06:35:25.932 9 INFO neutron.wsgi [None req-ff632db1-7639-4530-8991-57669c1a7b27 c114b272b82a4dfaabe6359806184a5b 9905f5dc6c104207862d12b1b5976424 - - default default] 10.0.0.234 "DELETE /v2.0/qos/policies/f614e3af-89c0-40e4-b5bc-acb487966bc8 HTTP/1.1" status: 204 len: 168 time: 0.1063681 /var/lib/openstack/lib/python3.10/site-packages/pycadf/identifier.py:71: UserWarning: Invalid uuid: neutron. To ensure interoperability, identifiers should be a valid uuid. warnings.warn(('Invalid uuid: %s. To ensure interoperability, '
2026-09-03 06:35:26.025 9 INFO neutron.wsgi [None req-272f037f-8c39-4913-b7ef-20e4f4274d30 c114b272b82a4dfaabe6359806184a5b 9905f5dc6c104207862d12b1b5976424 - - default default] 10.0.0.234 "DELETE /v2.0/qos/policies/82f3562c-3899-436d-b070-19e67e4b256b HTTP/1.1" status: 204 len: 168 time: 0.0870862
2026-09-03 06:35:26.147 10 INFO neutron.wsgi [None req-9f593e61-bf5b-47b8-b8fb-2507ebfecbbb c114b272b82a4dfaabe6359806184a5b 9905f5dc6c104207862d12b1b5976424 - - default default] 10.0.0.234 "DELETE /v2.0/qos/policies/a80c64f7-65b5-47c4-a256-c456ad9424ad HTTP/1.1" status: 204 len: 168 time: 0.1126943
2026-09-03 06:35:26.189 10 INFO neutron.wsgi [None req-cf330bf4-eec9-491c-b996-eca117d44dae fdb02b87f4934e548c9987db5ee46541 44fcb7bd17d644e38df76f1c5105a03f - - default default] 10.0.0.234 "DELETE /v2.0/subnets/82e318c7-c2a0-44e6-8e44-57bbb9f79b45 HTTP/1.1" status: 204 len: 168 time: 0.2979670
2026-09-03 06:35:26.225 9 INFO neutron.wsgi [None req-b216c904-652b-483b-be0c-b3385eb3e143 c114b272b82a4dfaabe6359806184a5b 9905f5dc6c104207862d12b1b5976424 - - default default] 10.0.0.234 "DELETE /v2.0/qos/policies/2d6e4c4c-b6f9-43a4-8b05-9e97b64b5ad9 HTTP/1.1" status: 204 len: 168 time: 0.0723834
2026-09-03 06:35:26.873 10 INFO neutron.wsgi [None req-349cd3a1-0265-4eac-b064-76b1b960addc fdb02b87f4934e548c9987db5ee46541 44fcb7bd17d644e38df76f1c5105a03f - - default default] 10.0.0.234 "DELETE /v2.0/routers/0c0c4fd1-f6d1-40ac-b775-bdb7eed98c1a HTTP/1.1" status: 204 len: 168 time: 0.6782391
2026-09-03 06:35:27.258 9 INFO neutron.db.ovn_revision_numbers_db [None req-1449ccc2-5fdb-47b7-82fd-f9a8b289a16e 641d77ad130d443cb3e32ba28643beeb 0ed2608e6fc5484f9e46dd884fccf740 - - default default] Successfully bumped revision number for resource c175d542-e715-4587-87f9-bd3e8bb773cb (type: security_groups) to 1
2026-09-03 06:35:27.276 9 INFO neutron.db.ovn_revision_numbers_db [None req-1449ccc2-5fdb-47b7-82fd-f9a8b289a16e 641d77ad130d443cb3e32ba28643beeb 0ed2608e6fc5484f9e46dd884fccf740 - - default default] Successfully bumped revision number for resource 1a303baf-4884-45bc-b5ec-f5c53c8f5614 (type: security_group_rules) to 0
2026-09-03 06:35:27.310 9 INFO neutron.db.ovn_revision_numbers_db [None req-1449ccc2-5fdb-47b7-82fd-f9a8b289a16e 641d77ad130d443cb3e32ba28643beeb 0ed2608e6fc5484f9e46dd884fccf740 - - default default] Successfully bumped revision number for resource 219e6602-08e7-4035-bccf-cec349207d2e (type: security_group_rules) to 0
2026-09-03 06:35:27.335 9 INFO neutron.db.ovn_revision_numbers_db [None req-1449ccc2-5fdb-47b7-82fd-f9a8b289a16e 641d77ad130d443cb3e32ba28643beeb 0ed2608e6fc5484f9e46dd884fccf740 - - default default] Successfully bumped revision number for resource 5f19451d-aea7-42e1-8fb0-48dff50411d3 (type: security_group_rules) to 0
2026-09-03 06:35:27.345 10 INFO neutron.services.segments.plugin [-] Segment 55e89aa4-8181-4b14-bcd3-9178a076a9e9 resource provider aggregate not found
2026-09-03 06:35:27.357 9 INFO neutron.db.ovn_revision_numbers_db [None req-1449ccc2-5fdb-47b7-82fd-f9a8b289a16e 641d77ad130d443cb3e32ba28643beeb 0ed2608e6fc5484f9e46dd884fccf740 - - default default] Successfully bumped revision number for resource 7e0f0c88-bed9-4997-9bce-a617b9c2c9d0 (type: security_group_rules) to 0
2026-09-03 06:35:27.358 10 INFO neutron.services.segments.plugin [-] Segment 55e89aa4-8181-4b14-bcd3-9178a076a9e9 resource provider aggregate not found
2026-09-03 06:35:27.363 10 INFO neutron.services.segments.plugin [-] Segment 55e89aa4-8181-4b14-bcd3-9178a076a9e9 resource provider not found; error: Placement Client Error (4xx): {"errors": [{"status": 404, "title": "Not Found", "detail": "The resource could not be found.\n\n No resource provider with uuid 55e89aa4-8181-4b14-bcd3-9178a076a9e9 found for delete ", "request_id": "req-7b25e297-a0d3-45d0-9390-25ded6f59207"}]}
2026-09-03 06:35:27.380 10 INFO neutron.services.segments.plugin [-] Segment 55e89aa4-8181-4b14-bcd3-9178a076a9e9 resource provider not found; error: Placement Client Error (4xx): {"errors": [{"status": 404, "title": "Not Found", "detail": "The resource could not be found.\n\n No resource provider with uuid 55e89aa4-8181-4b14-bcd3-9178a076a9e9 found for delete ", "request_id": "req-09354c20-52b1-45d1-aaee-3cf8612e4c6b"}]}
2026-09-03 06:35:27.386 9 INFO neutron.wsgi [None req-1449ccc2-5fdb-47b7-82fd-f9a8b289a16e 641d77ad130d443cb3e32ba28643beeb 0ed2608e6fc5484f9e46dd884fccf740 - - default default] 10.0.0.234 "GET /v2.0/security-groups?tenant_id=0fe3170bcfaf4048a27b8e678992c22c&name=default HTTP/1.1" status: 200 len: 2996 time: 0.4606500
2026-09-03 06:35:27.413 10 INFO neutron.wsgi [None req-e199ab93-a384-4ad9-8b79-fc6c9bf0d216 fdb02b87f4934e548c9987db5ee46541 44fcb7bd17d644e38df76f1c5105a03f - - default default] 10.0.0.234 "DELETE /v2.0/networks/1ad14644-2ae9-4322-aad5-233cabcd9320 HTTP/1.1" status: 204 len: 168 time: 0.5344255
2026-09-03 06:35:27.555 9 INFO neutron.wsgi [None req-f94ac186-906d-4558-9861-15d80e81a885 641d77ad130d443cb3e32ba28643beeb 0ed2608e6fc5484f9e46dd884fccf740 - - default default] 10.0.0.234 "DELETE /v2.0/security-groups/c175d542-e715-4587-87f9-bd3e8bb773cb HTTP/1.1" status: 204 len: 168 time: 0.1608629
2026-09-03 06:35:27.640 10 INFO neutron.db.ovn_revision_numbers_db [None req-3c9dab77-6773-4fd7-998d-2da9f43fd7cf 641d77ad130d443cb3e32ba28643beeb 0ed2608e6fc5484f9e46dd884fccf740 - - default default] Successfully bumped revision number for resource c2752dbd-9ea2-4ce8-9e1d-151385d7cb81 (type: security_groups) to 1
2026-09-03 06:35:27.665 10 INFO neutron.db.ovn_revision_numbers_db [None req-3c9dab77-6773-4fd7-998d-2da9f43fd7cf 641d77ad130d443cb3e32ba28643beeb 0ed2608e6fc5484f9e46dd884fccf740 - - default default] Successfully bumped revision number for resource 320be879-2e41-43a4-bea8-475183edab48 (type: security_group_rules) to 0
2026-09-03 06:35:27.680 10 INFO neutron.db.ovn_revision_numbers_db [None req-3c9dab77-6773-4fd7-998d-2da9f43fd7cf 641d77ad130d443cb3e32ba28643beeb 0ed2608e6fc5484f9e46dd884fccf740 - - default default] Successfully bumped revision number for resource 3a6074fd-2609-48d6-a22a-40bf9cd333ff (type: security_group_rules) to 0
2026-09-03 06:35:27.696 10 INFO neutron.db.ovn_revision_numbers_db [None req-3c9dab77-6773-4fd7-998d-2da9f43fd7cf 641d77ad130d443cb3e32ba28643beeb 0ed2608e6fc5484f9e46dd884fccf740 - - default default] Successfully bumped revision number for resource 869db09d-13c1-46da-b956-e78401a66e4a (type: security_group_rules) to 0
2026-09-03 06:35:27.708 10 INFO neutron.db.ovn_revision_numbers_db [None req-3c9dab77-6773-4fd7-998d-2da9f43fd7cf 641d77ad130d443cb3e32ba28643beeb 0ed2608e6fc5484f9e46dd884fccf740 - - default default] Successfully bumped revision number for resource 8e97f241-64cd-4b44-895b-9e9897472df2 (type: security_group_rules) to 0
2026-09-03 06:35:27.729 10 INFO neutron.wsgi [None req-3c9dab77-6773-4fd7-998d-2da9f43fd7cf 641d77ad130d443cb3e32ba28643beeb 0ed2608e6fc5484f9e46dd884fccf740 - - default default] 10.0.0.234 "GET /v2.0/security-groups?tenant_id=37608a6c8afa497bab249c2497fd4c8b&name=default HTTP/1.1" status: 200 len: 2996 time: 0.3553054
2026-09-03 06:35:27.851 9 INFO neutron.db.ovn_revision_numbers_db [None req-bf9e3926-33e6-4180-9e26-ba935cd69a83 641d77ad130d443cb3e32ba28643beeb 0ed2608e6fc5484f9e46dd884fccf740 - - default default] Successfully bumped revision number for resource bb42c1b7-02e2-4244-a6f3-2b42de50b33f (type: security_groups) to 1
2026-09-03 06:35:27.863 9 INFO neutron.db.ovn_revision_numbers_db [None req-bf9e3926-33e6-4180-9e26-ba935cd69a83 641d77ad130d443cb3e32ba28643beeb 0ed2608e6fc5484f9e46dd884fccf740 - - default default] Successfully bumped revision number for resource 447ad9e2-d7da-43fb-a42e-38de6e46a8f7 (type: security_group_rules) to 0
2026-09-03 06:35:27.885 9 INFO neutron.db.ovn_revision_numbers_db [None req-bf9e3926-33e6-4180-9e26-ba935cd69a83 641d77ad130d443cb3e32ba28643beeb 0ed2608e6fc5484f9e46dd884fccf740 - - default default] Successfully bumped revision number for resource 6788adae-2bcb-400f-898c-78d2d7e3c326 (type: security_group_rules) to 0
2026-09-03 06:35:27.898 9 INFO neutron.db.ovn_revision_numbers_db [None req-bf9e3926-33e6-4180-9e26-ba935cd69a83 641d77ad130d443cb3e32ba28643beeb 0ed2608e6fc5484f9e46dd884fccf740 - - default default] Successfully bumped revision number for resource 6b735865-7c67-4e92-aa8a-dcbbe4f7960b (type: security_group_rules) to 0
