2026-09-03 06:33:59.213 9 WARNING neutron.scheduler.dhcp_agent_scheduler [None req-64406739-a9e0-4260-95cf-50a0f8ef5176 641d77ad130d443cb3e32ba28643beeb 0ed2608e6fc5484f9e46dd884fccf740 - - default default] No more DHCP agents
2026-09-03 06:33:59.215 9 WARNING neutron.api.rpc.agentnotifiers.dhcp_rpc_agent_api [None req-64406739-a9e0-4260-95cf-50a0f8ef5176 641d77ad130d443cb3e32ba28643beeb 0ed2608e6fc5484f9e46dd884fccf740 - - default default] Unable to schedule network 43c3821d-cf90-44e8-9d33-7e2853d4c737: no agents available; will retry on subsequent port and subnet creation events.
2026-09-03 06:33:59.231 10 INFO neutron.wsgi [None req-dfdae672-dd13-4702-bb21-db73d9f0dd99 29c6a27568ca46e2b96aefdc54b25b08 d81ad8b908604c0e887a966b839f524f - - default default] 10.0.0.234 "POST /v2.0/networks HTTP/1.1" status: 201 len: 852 time: 0.6568110
2026-09-03 06:33:59.290 9 INFO neutron.db.ovn_revision_numbers_db [None req-64406739-a9e0-4260-95cf-50a0f8ef5176 641d77ad130d443cb3e32ba28643beeb 0ed2608e6fc5484f9e46dd884fccf740 - - default default] Successfully bumped revision number for resource ea6a4c66-cb38-4143-8b8b-50edf441bb51 (type: ports) to 1
2026-09-03 06:33:59.306 9 INFO neutron.wsgi [None req-64406739-a9e0-4260-95cf-50a0f8ef5176 641d77ad130d443cb3e32ba28643beeb 0ed2608e6fc5484f9e46dd884fccf740 - - default default] 10.0.0.234 "POST /v2.0/networks HTTP/1.1" status: 201 len: 942 time: 1.6583745
2026-09-03 06:33:59.377 10 INFO neutron.db.segments_db [None req-957daefc-d3fe-43fd-a45b-8cdbfba5467e 29c6a27568ca46e2b96aefdc54b25b08 d81ad8b908604c0e887a966b839f524f - - default default] Added segment 99b265d1-3b31-43ac-8c86-c73248d50bd2 of type geneve for network ac71b390-6aed-49b5-81a1-198d8b573733
2026-09-03 06:33:59.562 10 WARNING neutron.scheduler.dhcp_agent_scheduler [None req-c53ea296-3a3f-46cf-b7c4-7e19a5cab6f0 641d77ad130d443cb3e32ba28643beeb 0ed2608e6fc5484f9e46dd884fccf740 - - default default] No more DHCP agents
2026-09-03 06:33:59.571 10 WARNING neutron.api.rpc.agentnotifiers.dhcp_rpc_agent_api [None req-c53ea296-3a3f-46cf-b7c4-7e19a5cab6f0 641d77ad130d443cb3e32ba28643beeb 0ed2608e6fc5484f9e46dd884fccf740 - - default default] Unable to schedule network 43c3821d-cf90-44e8-9d33-7e2853d4c737: no agents available; will retry on subsequent port and subnet creation events.
2026-09-03 06:33:59.615 10 INFO neutron.services.segments.plugin [-] Segment a27a0db0-6c2c-45fe-ae08-189c4a9e7e72 resource provider aggregate not found
2026-09-03 06:33:59.620 10 INFO neutron.services.segments.plugin [-] Segment a27a0db0-6c2c-45fe-ae08-189c4a9e7e72 resource provider aggregate not found
2026-09-03 06:33:59.628 10 INFO neutron.db.ovn_revision_numbers_db [None req-957daefc-d3fe-43fd-a45b-8cdbfba5467e 29c6a27568ca46e2b96aefdc54b25b08 d81ad8b908604c0e887a966b839f524f - - default default] Successfully bumped revision number for resource ac71b390-6aed-49b5-81a1-198d8b573733 (type: networks) to 1
2026-09-03 06:33:59.640 10 INFO neutron.services.segments.plugin [-] Segment a27a0db0-6c2c-45fe-ae08-189c4a9e7e72 resource provider not found; error: Placement Client Error (4xx): {"errors": [{"status": 404, "title": "Not Found", "detail": "The resource could not be found.\n\n No resource provider with uuid a27a0db0-6c2c-45fe-ae08-189c4a9e7e72 found for delete ", "request_id": "req-5cbfe06c-ca01-4663-af2c-cb87e0781f5b"}]}
2026-09-03 06:33:59.641 10 INFO neutron.services.segments.plugin [-] Segment a27a0db0-6c2c-45fe-ae08-189c4a9e7e72 resource provider not found; error: Placement Client Error (4xx): {"errors": [{"status": 404, "title": "Not Found", "detail": "The resource could not be found.\n\n No resource provider with uuid a27a0db0-6c2c-45fe-ae08-189c4a9e7e72 found for delete ", "request_id": "req-12e8fa29-e607-42e2-a2e7-5035b0e1d8dd"}]}
2026-09-03 06:33:59.678 10 INFO neutron.wsgi [None req-2e4adb2b-c122-4ce6-a523-9c379dc87e7d 641d77ad130d443cb3e32ba28643beeb 0ed2608e6fc5484f9e46dd884fccf740 - - default default] 10.0.0.234 "DELETE /v2.0/networks/a36af030-eceb-440d-9374-ab5b3b7a168f HTTP/1.1" status: 204 len: 168 time: 0.5342426
2026-09-03 06:33:59.876 9 INFO neutron.wsgi [None req-2fee76b7-dad3-44ae-a87c-569ae480e706 641d77ad130d443cb3e32ba28643beeb 0ed2608e6fc5484f9e46dd884fccf740 - - default default] 10.0.0.234 "GET /v2.0/security-groups?tenant_id=67e778557b79436497c2f035916f2120&name=default HTTP/1.1" status: 200 len: 2996 time: 0.0557256
2026-09-03 06:34:00.047 10 WARNING neutron.scheduler.dhcp_agent_scheduler [None req-957daefc-d3fe-43fd-a45b-8cdbfba5467e 29c6a27568ca46e2b96aefdc54b25b08 d81ad8b908604c0e887a966b839f524f - - default default] No more DHCP agents
2026-09-03 06:34:00.070 10 WARNING neutron.api.rpc.agentnotifiers.dhcp_rpc_agent_api [None req-957daefc-d3fe-43fd-a45b-8cdbfba5467e 29c6a27568ca46e2b96aefdc54b25b08 d81ad8b908604c0e887a966b839f524f - - default default] Unable to schedule network ac71b390-6aed-49b5-81a1-198d8b573733: no agents available; will retry on subsequent port and subnet creation events.
2026-09-03 06:34:00.124 9 INFO neutron.wsgi [None req-d717e14b-81a7-45d8-9823-f8b2736bb158 641d77ad130d443cb3e32ba28643beeb 0ed2608e6fc5484f9e46dd884fccf740 - - default default] 10.0.0.234 "DELETE /v2.0/security-groups/9d4ee9e1-ad3e-4c3a-bfef-daea97375b59 HTTP/1.1" status: 204 len: 168 time: 0.2435377
2026-09-03 06:34:00.197 10 INFO neutron.db.ovn_revision_numbers_db [None req-957daefc-d3fe-43fd-a45b-8cdbfba5467e 29c6a27568ca46e2b96aefdc54b25b08 d81ad8b908604c0e887a966b839f524f - - default default] Successfully bumped revision number for resource 637c8a49-ac67-4974-996c-16486652d821 (type: ports) to 1
2026-09-03 06:34:00.226 10 INFO neutron.wsgi [None req-957daefc-d3fe-43fd-a45b-8cdbfba5467e 29c6a27568ca46e2b96aefdc54b25b08 d81ad8b908604c0e887a966b839f524f - - default default] 10.0.0.234 "POST /v2.0/networks HTTP/1.1" status: 201 len: 852 time: 0.9841597
2026-09-03 06:34:00.356 9 INFO neutron.notifiers.nova [-] Nova event matching ['req-b3bc9e91-c4bf-41e9-958a-aad81e069f74'] response: {'server_uuid': 'a4478535-fc03-4d04-ab23-437855faec0a', 'name': 'network-vif-deleted', 'tag': 'cc5042df-2204-4f82-910a-9c2856814109', 'status': 'completed', 'code': 200}
2026-09-03 06:34:00.372 10 INFO neutron.db.ovn_revision_numbers_db [None req-c53ea296-3a3f-46cf-b7c4-7e19a5cab6f0 641d77ad130d443cb3e32ba28643beeb 0ed2608e6fc5484f9e46dd884fccf740 - - default default] Successfully bumped revision number for resource ea6a4c66-cb38-4143-8b8b-50edf441bb51 (type: ports) to 2
2026-09-03 06:34:00.379 9 INFO neutron.wsgi [None req-43bb454a-c9a3-41f0-be1f-6f10d78bb117 a357efbb47cb4d889246799631821ddb db05283f541540df8d418993d686f38c - - default default] 10.0.0.234 "DELETE /v2.0/security-groups/fb068e7a-5343-45f7-afe4-ae19eb9e85cd HTTP/1.1" status: 204 len: 168 time: 0.1876519
2026-09-03 06:34:00.390 10 INFO neutron.api.v2.resource [None req-a3f11a34-5f58-41e2-94d9-f07328c6484d a357efbb47cb4d889246799631821ddb db05283f541540df8d418993d686f38c - - default default] show failed (client error): The resource could not be found.
2026-09-03 06:34:00.391 10 INFO neutron.wsgi [None req-a3f11a34-5f58-41e2-94d9-f07328c6484d a357efbb47cb4d889246799631821ddb db05283f541540df8d418993d686f38c - - default default] 10.0.0.234 "GET /v2.0/security-groups/fb068e7a-5343-45f7-afe4-ae19eb9e85cd HTTP/1.1" status: 404 len: 347 time: 0.0087810
2026-09-03 06:34:00.458 10 INFO neutron.db.ovn_revision_numbers_db [None req-c53ea296-3a3f-46cf-b7c4-7e19a5cab6f0 641d77ad130d443cb3e32ba28643beeb 0ed2608e6fc5484f9e46dd884fccf740 - - default default] Successfully bumped revision number for resource 13b63812-57b8-4608-9a73-e312115e9489 (type: subnets) to 0
2026-09-03 06:34:00.473 10 INFO neutron.wsgi [None req-c53ea296-3a3f-46cf-b7c4-7e19a5cab6f0 641d77ad130d443cb3e32ba28643beeb 0ed2608e6fc5484f9e46dd884fccf740 - - default default] 10.0.0.234 "POST /v2.0/subnets HTTP/1.1" status: 201 len: 862 time: 1.1615038
2026-09-03 06:34:00.681 10 INFO neutron.wsgi [None req-f20e08ab-c321-4e76-8a39-956909f7f321 a357efbb47cb4d889246799631821ddb db05283f541540df8d418993d686f38c - - default default] 10.0.0.234 "DELETE /v2.0/floatingips/4a2be170-b0bf-41a0-921b-942b8ef08c64 HTTP/1.1" status: 204 len: 168 time: 0.2864969
2026-09-03 06:34:01.005 9 WARNING neutron.scheduler.dhcp_agent_scheduler [None req-ea31bf4a-3a37-4200-8d2d-cd03748354f2 641d77ad130d443cb3e32ba28643beeb 0ed2608e6fc5484f9e46dd884fccf740 - - default default] No more DHCP agents
2026-09-03 06:34:01.013 9 WARNING neutron.api.rpc.agentnotifiers.dhcp_rpc_agent_api [None req-ea31bf4a-3a37-4200-8d2d-cd03748354f2 641d77ad130d443cb3e32ba28643beeb 0ed2608e6fc5484f9e46dd884fccf740 - - default default] Unable to schedule network b7f817bb-0d7a-4e7b-8c68-dd8b3f2c1bb4: no agents available; will retry on subsequent port and subnet creation events.
2026-09-03 06:34:01.191 9 WARNING neutron.scheduler.dhcp_agent_scheduler [None req-21e56bf4-5e4a-4564-9e6f-9fe416b21a91 29c6a27568ca46e2b96aefdc54b25b08 d81ad8b908604c0e887a966b839f524f - - default default] No more DHCP agents
2026-09-03 06:34:01.193 9 WARNING neutron.api.rpc.agentnotifiers.dhcp_rpc_agent_api [None req-21e56bf4-5e4a-4564-9e6f-9fe416b21a91 29c6a27568ca46e2b96aefdc54b25b08 d81ad8b908604c0e887a966b839f524f - - default default] Unable to schedule network 2a7c8a32-69d6-4d02-ad78-1977f0c9411f: no agents available; will retry on subsequent port and subnet creation events.
2026-09-03 06:34:01.223 9 INFO neutron.db.ovn_revision_numbers_db [None req-ea31bf4a-3a37-4200-8d2d-cd03748354f2 641d77ad130d443cb3e32ba28643beeb 0ed2608e6fc5484f9e46dd884fccf740 - - default default] Successfully bumped revision number for resource 5952082f-947d-4189-98c1-5416235f07a6 (type: ports) to 1
2026-09-03 06:34:01.229 9 INFO neutron.db.ovn_revision_numbers_db [None req-21e56bf4-5e4a-4564-9e6f-9fe416b21a91 29c6a27568ca46e2b96aefdc54b25b08 d81ad8b908604c0e887a966b839f524f - - default default] Successfully bumped revision number for resource c32067a0-575d-49f3-853e-dddbf3d3334c (type: subnets) to 0
2026-09-03 06:34:01.268 9 WARNING neutron.scheduler.dhcp_agent_scheduler [None req-21e56bf4-5e4a-4564-9e6f-9fe416b21a91 29c6a27568ca46e2b96aefdc54b25b08 d81ad8b908604c0e887a966b839f524f - - default default] No more DHCP agents
2026-09-03 06:34:01.272 9 WARNING neutron.api.rpc.agentnotifiers.dhcp_rpc_agent_api [None req-21e56bf4-5e4a-4564-9e6f-9fe416b21a91 29c6a27568ca46e2b96aefdc54b25b08 d81ad8b908604c0e887a966b839f524f - - default default] Unable to schedule network ac71b390-6aed-49b5-81a1-198d8b573733: no agents available; will retry on subsequent port and subnet creation events.
2026-09-03 06:34:01.317 9 INFO neutron.db.ovn_revision_numbers_db [None req-21e56bf4-5e4a-4564-9e6f-9fe416b21a91 29c6a27568ca46e2b96aefdc54b25b08 d81ad8b908604c0e887a966b839f524f - - default default] Successfully bumped revision number for resource 11418292-4143-4d1a-9987-64a0d47fab25 (type: subnets) to 0
2026-09-03 06:34:01.333 9 INFO neutron.wsgi [None req-21e56bf4-5e4a-4564-9e6f-9fe416b21a91 29c6a27568ca46e2b96aefdc54b25b08 d81ad8b908604c0e887a966b839f524f - - default default] 10.0.0.234 "POST /v2.0/subnets HTTP/1.1" status: 201 len: 1475 time: 0.6378663
2026-09-03 06:34:01.395 9 INFO neutron.wsgi [None req-6eed48e7-2e70-4d0d-a676-3bb1fca6d88c 29c6a27568ca46e2b96aefdc54b25b08 d81ad8b908604c0e887a966b839f524f - - default default] 10.0.0.234 "GET /v2.0/subnets HTTP/1.1" status: 200 len: 2083 time: 0.0562375
2026-09-03 06:34:01.413 10 INFO neutron.wsgi [None req-a3ee956d-dd7c-48d0-88e0-c970ebbbdad0 641d77ad130d443cb3e32ba28643beeb 0ed2608e6fc5484f9e46dd884fccf740 - - default default] 10.0.0.234 "PUT /v2.0/routers/d276cf74-e5dd-4565-aa1a-8b9d5acf0ddc/remove_router_interface HTTP/1.1" status: 200 len: 503 time: 0.7278750 /var/lib/openstack/lib/python3.10/site-packages/pycadf/identifier.py:71: UserWarning: Invalid uuid: neutron. To ensure interoperability, identifiers should be a valid uuid. warnings.warn(('Invalid uuid: %s. To ensure interoperability, '
2026-09-03 06:34:01.647 9 INFO neutron.wsgi [None req-e6516465-a406-4f9f-b5e4-c654077d436e 29c6a27568ca46e2b96aefdc54b25b08 d81ad8b908604c0e887a966b839f524f - - default default] 10.0.0.234 "DELETE /v2.0/subnets/c32067a0-575d-49f3-853e-dddbf3d3334c HTTP/1.1" status: 204 len: 168 time: 0.2382121
2026-09-03 06:34:01.870 9 INFO neutron.plugins.ml2.drivers.ovn.mech_driver.mech_driver [None req-8fe5edfe-5033-412e-9fe9-c3dda07e105e - - - - - -] OVN reports status up for port: 5952082f-947d-4189-98c1-5416235f07a6
2026-09-03 06:34:01.875 9 INFO neutron.wsgi [None req-d021e79d-f8d6-4652-9c10-204240571807 29c6a27568ca46e2b96aefdc54b25b08 d81ad8b908604c0e887a966b839f524f - - default default] 10.0.0.234 "DELETE /v2.0/subnets/11418292-4143-4d1a-9987-64a0d47fab25 HTTP/1.1" status: 204 len: 168 time: 0.2217991
2026-09-03 06:34:01.880 10 INFO neutron.plugins.ml2.drivers.ovn.mech_driver.ovsdb.ovsdb_monitor [None req-5ee81fcd-d99a-4165-97fe-aa41f412f76c - - - - - -] Router 99a38c77-f6c7-481b-bd1c-5e05924d15ec is bound to host instance
2026-09-03 06:34:01.893 9 INFO neutron.plugins.ml2.plugin [None req-8fe5edfe-5033-412e-9fe9-c3dda07e105e - - - - - -] Attempt 1 to provision port 5952082f-947d-4189-98c1-5416235f07a6
2026-09-03 06:34:01.929 9 INFO neutron.wsgi [None req-3bfad2c3-30fa-4e5b-b25a-11837053f782 29c6a27568ca46e2b96aefdc54b25b08 d81ad8b908604c0e887a966b839f524f - - default default] 10.0.0.234 "GET /v2.0/subnets HTTP/1.1" status: 200 len: 820 time: 0.0475059
2026-09-03 06:34:02.105 10 INFO neutron.wsgi [None req-52cbdcdd-8b70-4ad7-9c0c-50ea2d15ddb0 641d77ad130d443cb3e32ba28643beeb 0ed2608e6fc5484f9e46dd884fccf740 - - default default] 10.0.0.234 "DELETE /v2.0/routers/d276cf74-e5dd-4565-aa1a-8b9d5acf0ddc HTTP/1.1" status: 204 len: 168 time: 0.6878788
2026-09-03 06:34:02.190 9 INFO neutron.db.ovn_revision_numbers_db [None req-ea31bf4a-3a37-4200-8d2d-cd03748354f2 641d77ad130d443cb3e32ba28643beeb 0ed2608e6fc5484f9e46dd884fccf740 - - default default] Successfully bumped revision number for resource 5952082f-947d-4189-98c1-5416235f07a6 (type: router_ports) to 1
2026-09-03 06:34:02.252 9 INFO neutron.db.ovn_revision_numbers_db [None req-ea31bf4a-3a37-4200-8d2d-cd03748354f2 641d77ad130d443cb3e32ba28643beeb 0ed2608e6fc5484f9e46dd884fccf740 - - default default] Successfully bumped revision number for resource 99a38c77-f6c7-481b-bd1c-5e05924d15ec (type: routers) to 2
2026-09-03 06:34:02.264 9 INFO neutron.wsgi [None req-ea31bf4a-3a37-4200-8d2d-cd03748354f2 641d77ad130d443cb3e32ba28643beeb 0ed2608e6fc5484f9e46dd884fccf740 - - default default] 10.0.0.234 "POST /v2.0/routers HTTP/1.1" status: 201 len: 873 time: 1.7866495
2026-09-03 06:34:02.614 9 WARNING neutron.scheduler.dhcp_agent_scheduler [None req-bb0f2481-6eb4-48da-bfa0-800021d46a97 641d77ad130d443cb3e32ba28643beeb 0ed2608e6fc5484f9e46dd884fccf740 - - default default] No more DHCP agents
2026-09-03 06:34:02.617 9 WARNING neutron.api.rpc.agentnotifiers.dhcp_rpc_agent_api [None req-bb0f2481-6eb4-48da-bfa0-800021d46a97 641d77ad130d443cb3e32ba28643beeb 0ed2608e6fc5484f9e46dd884fccf740 - - default default] Unable to schedule network 43c3821d-cf90-44e8-9d33-7e2853d4c737: no agents available; will retry on subsequent port and subnet creation events.
2026-09-03 06:34:02.626 10 INFO neutron.wsgi [None req-6c9d14af-4513-4565-a37a-4ed24ec1f3ce 641d77ad130d443cb3e32ba28643beeb 0ed2608e6fc5484f9e46dd884fccf740 - - default default] 10.0.0.234 "DELETE /v2.0/subnets/3c42f50f-b437-403b-9f06-1de18071b59e HTTP/1.1" status: 204 len: 168 time: 0.5070183
2026-09-03 06:34:02.685 10 INFO neutron.db.ovn_revision_numbers_db [None req-f597c4b2-031c-49e9-9606-42031bd11ae8 641d77ad130d443cb3e32ba28643beeb 0ed2608e6fc5484f9e46dd884fccf740 - - default default] Successfully bumped revision number for resource c47c40d7-d512-4d12-9348-d996cc2910af (type: security_groups) to 1
2026-09-03 06:34:02.707 10 INFO neutron.db.ovn_revision_numbers_db [None req-f597c4b2-031c-49e9-9606-42031bd11ae8 641d77ad130d443cb3e32ba28643beeb 0ed2608e6fc5484f9e46dd884fccf740 - - default default] Successfully bumped revision number for resource 08e940fe-062a-4492-8b31-10c174bc8bd7 (type: security_group_rules) to 0
2026-09-03 06:34:02.742 10 INFO neutron.db.ovn_revision_numbers_db [None req-f597c4b2-031c-49e9-9606-42031bd11ae8 641d77ad130d443cb3e32ba28643beeb 0ed2608e6fc5484f9e46dd884fccf740 - - default default] Successfully bumped revision number for resource aba213a3-b253-4351-beea-cd2da31c4f1f (type: security_group_rules) to 0
2026-09-03 06:34:02.757 10 INFO neutron.services.segments.plugin [-] Segment 99b265d1-3b31-43ac-8c86-c73248d50bd2 resource provider aggregate not found
2026-09-03 06:34:02.763 10 INFO neutron.services.segments.plugin [-] Segment 99b265d1-3b31-43ac-8c86-c73248d50bd2 resource provider aggregate not found
2026-09-03 06:34:02.782 10 INFO neutron.services.segments.plugin [-] Segment 99b265d1-3b31-43ac-8c86-c73248d50bd2 resource provider not found; error: Placement Client Error (4xx): {"errors": [{"status": 404, "title": "Not Found", "detail": "The resource could not be found.\n\n No resource provider with uuid 99b265d1-3b31-43ac-8c86-c73248d50bd2 found for delete ", "request_id": "req-b2e819f0-cd98-4847-995f-5b9fc89eb41c"}]}
2026-09-03 06:34:02.784 10 INFO neutron.db.ovn_revision_numbers_db [None req-f597c4b2-031c-49e9-9606-42031bd11ae8 641d77ad130d443cb3e32ba28643beeb 0ed2608e6fc5484f9e46dd884fccf740 - - default default] Successfully bumped revision number for resource c08deb72-9728-4d52-b074-63f79da31571 (type: security_group_rules) to 0
2026-09-03 06:34:02.801 10 INFO neutron.services.segments.plugin [-] Segment 99b265d1-3b31-43ac-8c86-c73248d50bd2 resource provider not found; error: Placement Client Error (4xx): {"errors": [{"status": 404, "title": "Not Found", "detail": "The resource could not be found.\n\n No resource provider with uuid 99b265d1-3b31-43ac-8c86-c73248d50bd2 found for delete ", "request_id": "req-912433c4-e784-4dbd-be0b-a68ca69aa3b6"}]}
2026-09-03 06:34:02.807 10 INFO neutron.db.ovn_revision_numbers_db [None req-f597c4b2-031c-49e9-9606-42031bd11ae8 641d77ad130d443cb3e32ba28643beeb 0ed2608e6fc5484f9e46dd884fccf740 - - default default] Successfully bumped revision number for resource c6afc125-2dbb-43b2-85d7-5d63b3b57285 (type: security_group_rules) to 0
2026-09-03 06:34:02.819 10 INFO neutron.wsgi [None req-c011b823-3fbc-4158-92ab-7e87c66cf8b5 29c6a27568ca46e2b96aefdc54b25b08 d81ad8b908604c0e887a966b839f524f - - default default] 10.0.0.234 "DELETE /v2.0/networks/ac71b390-6aed-49b5-81a1-198d8b573733 HTTP/1.1" status: 204 len: 168 time: 0.8657398
2026-09-03 06:34:02.820 9 INFO neutron.db.ovn_revision_numbers_db [None req-bb0f2481-6eb4-48da-bfa0-800021d46a97 641d77ad130d443cb3e32ba28643beeb 0ed2608e6fc5484f9e46dd884fccf740 - - default default] Successfully bumped revision number for resource 06f8c08b-795f-41b7-a66e-20251db94e3d (type: ports) to 1
2026-09-03 06:34:02.873 10 INFO neutron.db.segments_db [None req-f597c4b2-031c-49e9-9606-42031bd11ae8 641d77ad130d443cb3e32ba28643beeb 0ed2608e6fc5484f9e46dd884fccf740 - - default default] Added segment a99b4c69-9a21-4c5a-b4b8-3eb7c5a57e8c of type geneve for network 2d8fdb8c-4ffa-4377-b698-86494f51e817
2026-09-03 06:34:02.933 10 INFO neutron.db.ovn_revision_numbers_db [None req-5ee81fcd-d99a-4165-97fe-aa41f412f76c - - - - - -] Successfully bumped revision number for resource 5952082f-947d-4189-98c1-5416235f07a6 (type: ports) to 1
2026-09-03 06:34:03.026 10 INFO neutron.db.ovn_revision_numbers_db [None req-f597c4b2-031c-49e9-9606-42031bd11ae8 641d77ad130d443cb3e32ba28643beeb 0ed2608e6fc5484f9e46dd884fccf740 - - default default] Successfully bumped revision number for resource 2d8fdb8c-4ffa-4377-b698-86494f51e817 (type: networks) to 1
2026-09-03 06:34:03.143 9 INFO neutron.services.segments.plugin [-] Segment 40ea64b1-ee01-4f27-a3b1-74b241484fb1 resource provider aggregate not found
2026-09-03 06:34:03.148 9 INFO neutron.services.segments.plugin [-] Segment 40ea64b1-ee01-4f27-a3b1-74b241484fb1 resource provider aggregate not found
2026-09-03 06:34:03.168 9 INFO neutron.services.segments.plugin [-] Segment 40ea64b1-ee01-4f27-a3b1-74b241484fb1 resource provider not found; error: Placement Client Error (4xx): {"errors": [{"status": 404, "title": "Not Found", "detail": "The resource could not be found.\n\n No resource provider with uuid 40ea64b1-ee01-4f27-a3b1-74b241484fb1 found for delete ", "request_id": "req-596e63db-1285-4840-9985-48c9a88cade9"}]}
2026-09-03 06:34:03.171 9 INFO neutron.services.segments.plugin [-] Segment 40ea64b1-ee01-4f27-a3b1-74b241484fb1 resource provider not found; error: Placement Client Error (4xx): {"errors": [{"status": 404, "title": "Not Found", "detail": "The resource could not be found.\n\n No resource provider with uuid 40ea64b1-ee01-4f27-a3b1-74b241484fb1 found for delete ", "request_id": "req-ca8bfc9f-e981-489a-85bc-4949a102e30c"}]}
2026-09-03 06:34:03.206 9 INFO neutron.wsgi [None req-4251f1bd-d07c-4f01-a8e5-7a20b282cc95 641d77ad130d443cb3e32ba28643beeb 0ed2608e6fc5484f9e46dd884fccf740 - - default default] 10.0.0.234 "DELETE /v2.0/networks/a6b40ed5-4e77-4bd5-b16f-99daad9e7cc6 HTTP/1.1" status: 204 len: 168 time: 0.5739839
2026-09-03 06:34:03.245 10 WARNING neutron.scheduler.dhcp_agent_scheduler [None req-f597c4b2-031c-49e9-9606-42031bd11ae8 641d77ad130d443cb3e32ba28643beeb 0ed2608e6fc5484f9e46dd884fccf740 - - default default] No more DHCP agents
2026-09-03 06:34:03.249 10 WARNING neutron.api.rpc.agentnotifiers.dhcp_rpc_agent_api [None req-f597c4b2-031c-49e9-9606-42031bd11ae8 641d77ad130d443cb3e32ba28643beeb 0ed2608e6fc5484f9e46dd884fccf740 - - default default] Unable to schedule network 2d8fdb8c-4ffa-4377-b698-86494f51e817: no agents available; will retry on subsequent port and subnet creation events.
2026-09-03 06:34:03.327 10 INFO neutron.db.ovn_revision_numbers_db [None req-5ee81fcd-d99a-4165-97fe-aa41f412f76c - - - - - -] Successfully bumped revision number for resource 5952082f-947d-4189-98c1-5416235f07a6 (type: router_ports) to 3
2026-09-03 06:34:03.334 10 INFO neutron.db.ovn_revision_numbers_db [None req-f597c4b2-031c-49e9-9606-42031bd11ae8 641d77ad130d443cb3e32ba28643beeb 0ed2608e6fc5484f9e46dd884fccf740 - - default default] Successfully bumped revision number for resource d4dfdc84-e634-47ed-89fe-1eefb3a1e047 (type: ports) to 1
2026-09-03 06:34:03.359 10 INFO neutron.wsgi [None req-f597c4b2-031c-49e9-9606-42031bd11ae8 641d77ad130d443cb3e32ba28643beeb 0ed2608e6fc5484f9e46dd884fccf740 - - default default] 10.0.0.234 "POST /v2.0/networks HTTP/1.1" status: 201 len: 946 time: 1.3798079
2026-09-03 06:34:03.400 10 INFO neutron.wsgi [None req-78815134-9683-4953-ac3e-fc6467177255 641d77ad130d443cb3e32ba28643beeb 0ed2608e6fc5484f9e46dd884fccf740 - - default default] 10.0.0.234 "GET /v2.0/security-groups?tenant_id=db05283f541540df8d418993d686f38c&name=default HTTP/1.1" status: 200 len: 2996 time: 0.0350294
2026-09-03 06:34:03.486 9 INFO neutron.wsgi [None req-08185e91-6178-4215-9e70-70624d38348a 29c6a27568ca46e2b96aefdc54b25b08 d81ad8b908604c0e887a966b839f524f - - default default] 10.0.0.234 "DELETE /v2.0/networks/2a7c8a32-69d6-4d02-ad78-1977f0c9411f HTTP/1.1" status: 204 len: 168 time: 0.6631138
2026-09-03 06:34:03.519 10 INFO neutron.plugins.ml2.drivers.ovn.mech_driver.mech_driver [None req-e48a7550-56f1-434b-a515-5b82a69dcb49 - - - - - -] OVN reports status up for port: 06f8c08b-795f-41b7-a66e-20251db94e3d
2026-09-03 06:34:03.520 10 INFO neutron.db.ovn_revision_numbers_db [None req-5ee81fcd-d99a-4165-97fe-aa41f412f76c - - - - - -] Successfully bumped revision number for resource 5952082f-947d-4189-98c1-5416235f07a6 (type: ports) to 2
2026-09-03 06:34:03.540 10 INFO neutron.plugins.ml2.plugin [None req-e48a7550-56f1-434b-a515-5b82a69dcb49 - - - - - -] Attempt 1 to provision port 06f8c08b-795f-41b7-a66e-20251db94e3d
2026-09-03 06:34:03.576 9 INFO neutron.db.ovn_revision_numbers_db [None req-bb0f2481-6eb4-48da-bfa0-800021d46a97 641d77ad130d443cb3e32ba28643beeb 0ed2608e6fc5484f9e46dd884fccf740 - - default default] Successfully bumped revision number for resource 06f8c08b-795f-41b7-a66e-20251db94e3d (type: router_ports) to 1
2026-09-03 06:34:03.632 9 WARNING neutron.scheduler.dhcp_agent_scheduler [None req-87e3a18e-9198-4c1a-bdc4-6b7785814900 641d77ad130d443cb3e32ba28643beeb 0ed2608e6fc5484f9e46dd884fccf740 - - default default] No more DHCP agents
2026-09-03 06:34:03.635 9 WARNING neutron.api.rpc.agentnotifiers.dhcp_rpc_agent_api [None req-87e3a18e-9198-4c1a-bdc4-6b7785814900 641d77ad130d443cb3e32ba28643beeb 0ed2608e6fc5484f9e46dd884fccf740 - - default default] Unable to schedule network 2d8fdb8c-4ffa-4377-b698-86494f51e817: no agents available; will retry on subsequent port and subnet creation events.
2026-09-03 06:34:03.768 9 INFO neutron.db.ovn_revision_numbers_db [None req-bb0f2481-6eb4-48da-bfa0-800021d46a97 641d77ad130d443cb3e32ba28643beeb 0ed2608e6fc5484f9e46dd884fccf740 - - default default] Successfully bumped revision number for resource 06f8c08b-795f-41b7-a66e-20251db94e3d (type: ports) to 1
2026-09-03 06:34:03.801 10 INFO neutron.wsgi [None req-8baa2f32-3366-482b-9a9e-f4be9cc7b192 641d77ad130d443cb3e32ba28643beeb 0ed2608e6fc5484f9e46dd884fccf740 - - default default] 10.0.0.234 "DELETE /v2.0/security-groups/87fee22e-cdb4-435f-a7e1-c0c0f7dc07fe HTTP/1.1" status: 204 len: 168 time: 0.3958132
2026-09-03 06:34:03.862 9 WARNING neutron.scheduler.dhcp_agent_scheduler [None req-bb0f2481-6eb4-48da-bfa0-800021d46a97 641d77ad130d443cb3e32ba28643beeb 0ed2608e6fc5484f9e46dd884fccf740 - - default default] No more DHCP agents
2026-09-03 06:34:03.864 9 WARNING neutron.api.rpc.agentnotifiers.dhcp_rpc_agent_api [None req-bb0f2481-6eb4-48da-bfa0-800021d46a97 641d77ad130d443cb3e32ba28643beeb 0ed2608e6fc5484f9e46dd884fccf740 - - default default] Unable to schedule network 43c3821d-cf90-44e8-9d33-7e2853d4c737: no agents available; will retry on subsequent port and subnet creation events.
2026-09-03 06:34:03.912 10 INFO neutron.db.ovn_revision_numbers_db [None req-5ee81fcd-d99a-4165-97fe-aa41f412f76c - - - - - -] Successfully bumped revision number for resource 5952082f-947d-4189-98c1-5416235f07a6 (type: ports) to 4
2026-09-03 06:34:04.073 10 INFO neutron.db.ovn_revision_numbers_db [None req-e48a7550-56f1-434b-a515-5b82a69dcb49 - - - - - -] Successfully bumped revision number for resource 06f8c08b-795f-41b7-a66e-20251db94e3d (type: ports) to 2
2026-09-03 06:34:04.216 9 INFO neutron.db.ovn_revision_numbers_db [None req-87e3a18e-9198-4c1a-bdc4-6b7785814900 641d77ad130d443cb3e32ba28643beeb 0ed2608e6fc5484f9e46dd884fccf740 - - default default] Successfully bumped revision number for resource d4dfdc84-e634-47ed-89fe-1eefb3a1e047 (type: ports) to 2
2026-09-03 06:34:04.266 9 INFO neutron.db.ovn_revision_numbers_db [None req-87e3a18e-9198-4c1a-bdc4-6b7785814900 641d77ad130d443cb3e32ba28643beeb 0ed2608e6fc5484f9e46dd884fccf740 - - default default] Successfully bumped revision number for resource a641b47e-489b-417b-9165-227f95220f62 (type: subnets) to 0
2026-09-03 06:34:04.280 9 INFO neutron.wsgi [None req-87e3a18e-9198-4c1a-bdc4-6b7785814900 641d77ad130d443cb3e32ba28643beeb 0ed2608e6fc5484f9e46dd884fccf740 - - default default] 10.0.0.234 "POST /v2.0/subnets HTTP/1.1" status: 201 len: 866 time: 0.9131348
2026-09-03 06:34:04.334 10 INFO neutron.wsgi [None req-f0a43510-958b-43f0-9bb0-6269174a76a5 29c6a27568ca46e2b96aefdc54b25b08 d81ad8b908604c0e887a966b839f524f - - default default] 10.0.0.234 "DELETE /v2.0/networks/c0e34a2b-5883-4f41-a341-9d3f604495d9 HTTP/1.1" status: 204 len: 168 time: 0.8422325
2026-09-03 06:34:04.460 10 INFO neutron.db.ovn_revision_numbers_db [None req-e48a7550-56f1-434b-a515-5b82a69dcb49 - - - - - -] Successfully bumped revision number for resource 06f8c08b-795f-41b7-a66e-20251db94e3d (type: router_ports) to 2
2026-09-03 06:34:04.518 10 INFO neutron.db.ovn_revision_numbers_db [None req-5ee81fcd-d99a-4165-97fe-aa41f412f76c - - - - - -] Successfully bumped revision number for resource 5952082f-947d-4189-98c1-5416235f07a6 (type: router_ports) to 4
2026-09-03 06:34:04.748 9 INFO neutron.db.ovn_revision_numbers_db [None req-bb0f2481-6eb4-48da-bfa0-800021d46a97 641d77ad130d443cb3e32ba28643beeb 0ed2608e6fc5484f9e46dd884fccf740 - - default default] Successfully bumped revision number for resource 06f8c08b-795f-41b7-a66e-20251db94e3d (type: router_ports) to 2
2026-09-03 06:34:04.750 9 INFO neutron.wsgi [None req-bb0f2481-6eb4-48da-bfa0-800021d46a97 641d77ad130d443cb3e32ba28643beeb 0ed2608e6fc5484f9e46dd884fccf740 - - default default] 10.0.0.234 "PUT /v2.0/routers/99a38c77-f6c7-481b-bd1c-5e05924d15ec/add_router_interface HTTP/1.1" status: 200 len: 503 time: 2.4806702
2026-09-03 06:34:04.772 10 INFO neutron.wsgi [None req-bfa0754b-14c7-4677-bb03-8a87b218bb81 29c6a27568ca46e2b96aefdc54b25b08 d81ad8b908604c0e887a966b839f524f - - default default] 10.0.0.234 "DELETE /v2.0/networks/dc9f524e-0815-4664-b60e-61e9a66ff70d HTTP/1.1" status: 204 len: 168 time: 0.4240978
2026-09-03 06:34:04.796 10 INFO neutron.services.segments.plugin [-] Segment e3534534-9f06-4847-87ae-8cf72e61c806 resource provider aggregate not found
2026-09-03 06:34:04.809 10 INFO neutron.services.segments.plugin [-] Segment e3534534-9f06-4847-87ae-8cf72e61c806 resource provider not found; error: Placement Client Error (4xx): {"errors": [{"status": 404, "title": "Not Found", "detail": "The resource could not be found.\n\n No resource provider with uuid e3534534-9f06-4847-87ae-8cf72e61c806 found for delete ", "request_id": "req-79427eae-0eb2-4847-adbd-61cff32ec7ef"}]}
2026-09-03 06:34:04.815 10 INFO neutron.services.segments.plugin [-] Segment e3534534-9f06-4847-87ae-8cf72e61c806 resource provider aggregate not found
2026-09-03 06:34:04.822 10 INFO neutron.services.segments.plugin [-] Segment 984b42e5-9220-4d28-995a-27931eb0c08c resource provider aggregate not found
2026-09-03 06:34:04.831 10 INFO neutron.services.segments.plugin [-] Segment e3534534-9f06-4847-87ae-8cf72e61c806 resource provider not found; error: Placement Client Error (4xx): {"errors": [{"status": 404, "title": "Not Found", "detail": "The resource could not be found.\n\n No resource provider with uuid e3534534-9f06-4847-87ae-8cf72e61c806 found for delete ", "request_id": "req-b625b3f6-5074-476b-98a2-0aebedb4ebd8"}]}
2026-09-03 06:34:04.836 10 INFO neutron.services.segments.plugin [-] Segment 984b42e5-9220-4d28-995a-27931eb0c08c resource provider not found; error: Placement Client Error (4xx): {"errors": [{"status": 404, "title": "Not Found", "detail": "The resource could not be found.\n\n No resource provider with uuid 984b42e5-9220-4d28-995a-27931eb0c08c found for delete ", "request_id": "req-39c7b0ae-209e-4a71-a2d9-ab6d07b371e1"}]}
2026-09-03 06:34:04.844 10 INFO neutron.services.segments.plugin [-] Segment 984b42e5-9220-4d28-995a-27931eb0c08c resource provider aggregate not found
2026-09-03 06:34:04.859 10 INFO neutron.services.segments.plugin [-] Segment 984b42e5-9220-4d28-995a-27931eb0c08c resource provider not found; error: Placement Client Error (4xx): {"errors": [{"status": 404, "title": "Not Found", "detail": "The resource could not be found.\n\n No resource provider with uuid 984b42e5-9220-4d28-995a-27931eb0c08c found for delete ", "request_id": "req-b7934fa5-b791-4de7-8259-e60b56be8fc9"}]}
2026-09-03 06:34:05.006 9 WARNING neutron.scheduler.dhcp_agent_scheduler [None req-490157c6-930a-483e-ad18-156eb8dec34d 641d77ad130d443cb3e32ba28643beeb 0ed2608e6fc5484f9e46dd884fccf740 - - default default] No more DHCP agents
2026-09-03 06:34:05.009 9 WARNING neutron.api.rpc.agentnotifiers.dhcp_rpc_agent_api [None req-490157c6-930a-483e-ad18-156eb8dec34d 641d77ad130d443cb3e32ba28643beeb 0ed2608e6fc5484f9e46dd884fccf740 - - default default] Unable to schedule network b7f817bb-0d7a-4e7b-8c68-dd8b3f2c1bb4: no agents available; will retry on subsequent port and subnet creation events.
2026-09-03 06:34:05.194 9 INFO neutron.services.segments.plugin [-] Segment 14bf9003-4a32-460c-9333-534cea3825de resource provider aggregate not found
2026-09-03 06:34:05.223 9 INFO neutron.services.segments.plugin [-] Segment 14bf9003-4a32-460c-9333-534cea3825de resource provider not found; error: Placement Client Error (4xx): {"errors": [{"status": 404, "title": "Not Found", "detail": "The resource could not be found.\n\n No resource provider with uuid 14bf9003-4a32-460c-9333-534cea3825de found for delete ", "request_id": "req-cecdecb5-90f5-4e94-8c13-1c0ad537659a"}]}
2026-09-03 06:34:05.224 9 INFO neutron.services.segments.plugin [-] Segment 14bf9003-4a32-460c-9333-534cea3825de resource provider aggregate not found
2026-09-03 06:34:05.252 9 INFO neutron.services.segments.plugin [-] Segment 14bf9003-4a32-460c-9333-534cea3825de resource provider not found; error: Placement Client Error (4xx): {"errors": [{"status": 404, "title": "Not Found", "detail": "The resource could not be found.\n\n No resource provider with uuid 14bf9003-4a32-460c-9333-534cea3825de found for delete ", "request_id": "req-8ccde826-d399-4e68-a4a9-08021b8da516"}]}
2026-09-03 06:34:05.255 9 INFO neutron.db.ovn_revision_numbers_db [None req-490157c6-930a-483e-ad18-156eb8dec34d 641d77ad130d443cb3e32ba28643beeb 0ed2608e6fc5484f9e46dd884fccf740 - - default default] Successfully bumped revision number for resource 87ad0259-caf8-4a34-a433-c9ceecfc4baa (type: ports) to 1
2026-09-03 06:34:05.518 10 INFO neutron.wsgi [None req-3b023826-d075-4d81-b093-063ad6ac0859 641d77ad130d443cb3e32ba28643beeb 0ed2608e6fc5484f9e46dd884fccf740 - - default default] 10.0.0.234 "GET /v2.0/security-groups?tenant_id=d81ad8b908604c0e887a966b839f524f&name=default HTTP/1.1" status: 200 len: 2996 time: 0.2267210
2026-09-03 06:34:05.785 10 INFO neutron.wsgi [None req-174d3258-1bd1-4389-81db-8998bae605ce 641d77ad130d443cb3e32ba28643beeb 0ed2608e6fc5484f9e46dd884fccf740 - - default default] 10.0.0.234 "DELETE /v2.0/security-groups/a68430a1-cc60-4036-b6ee-35de5209bbf3 HTTP/1.1" status: 204 len: 168 time: 0.2622313
2026-09-03 06:34:05.820 9 INFO neutron.plugins.ml2.drivers.ovn.mech_driver.ovsdb.ovsdb_monitor [None req-c626c154-6257-4e4e-9d54-a82f68a3c145 - - - - - -] Router c925dd02-5a93-4b49-acaa-1ccd53d719cc is bound to host instance
2026-09-03 06:34:05.866 9 INFO neutron.db.ovn_revision_numbers_db [None req-490157c6-930a-483e-ad18-156eb8dec34d 641d77ad130d443cb3e32ba28643beeb 0ed2608e6fc5484f9e46dd884fccf740 - - default default] Successfully bumped revision number for resource 87ad0259-caf8-4a34-a433-c9ceecfc4baa (type: router_ports) to 1
2026-09-03 06:34:05.968 9 INFO neutron.db.ovn_revision_numbers_db [None req-490157c6-930a-483e-ad18-156eb8dec34d 641d77ad130d443cb3e32ba28643beeb 0ed2608e6fc5484f9e46dd884fccf740 - - default default] Successfully bumped revision number for resource c925dd02-5a93-4b49-acaa-1ccd53d719cc (type: routers) to 2
2026-09-03 06:34:05.983 9 INFO neutron.wsgi [None req-490157c6-930a-483e-ad18-156eb8dec34d 641d77ad130d443cb3e32ba28643beeb 0ed2608e6fc5484f9e46dd884fccf740 - - default default] 10.0.0.234 "POST /v2.0/routers HTTP/1.1" status: 201 len: 877 time: 1.6944809
2026-09-03 06:34:06.369 9 INFO neutron.db.ovn_revision_numbers_db [None req-c626c154-6257-4e4e-9d54-a82f68a3c145 - - - - - -] Successfully bumped revision number for resource 87ad0259-caf8-4a34-a433-c9ceecfc4baa (type: ports) to 1
2026-09-03 06:34:06.415 10 WARNING neutron.scheduler.dhcp_agent_scheduler [None req-4f837717-6e7c-4b26-8eb5-4becec763e9f 641d77ad130d443cb3e32ba28643beeb 0ed2608e6fc5484f9e46dd884fccf740 - - default default] No more DHCP agents
2026-09-03 06:34:06.417 10 WARNING neutron.api.rpc.agentnotifiers.dhcp_rpc_agent_api [None req-4f837717-6e7c-4b26-8eb5-4becec763e9f 641d77ad130d443cb3e32ba28643beeb 0ed2608e6fc5484f9e46dd884fccf740 - - default default] Unable to schedule network 2d8fdb8c-4ffa-4377-b698-86494f51e817: no agents available; will retry on subsequent port and subnet creation events.
2026-09-03 06:34:06.552 10 INFO neutron.db.ovn_revision_numbers_db [None req-4f837717-6e7c-4b26-8eb5-4becec763e9f 641d77ad130d443cb3e32ba28643beeb 0ed2608e6fc5484f9e46dd884fccf740 - - default default] Successfully bumped revision number for resource 4adfa480-5694-45f1-b2ef-d949c41da912 (type: ports) to 1
2026-09-03 06:34:06.676 9 INFO neutron.db.ovn_revision_numbers_db [None req-c626c154-6257-4e4e-9d54-a82f68a3c145 - - - - - -] Successfully bumped revision number for resource 87ad0259-caf8-4a34-a433-c9ceecfc4baa (type: router_ports) to 3
2026-09-03 06:34:06.827 9 INFO neutron.db.ovn_revision_numbers_db [None req-c626c154-6257-4e4e-9d54-a82f68a3c145 - - - - - -] Successfully bumped revision number for resource 87ad0259-caf8-4a34-a433-c9ceecfc4baa (type: ports) to 2
2026-09-03 06:34:06.940 9 INFO neutron.wsgi [-] 10.0.0.53 "GET / HTTP/1.1" status: 200 len: 246 time: 0.0011511
2026-09-03 06:34:06.947 9 INFO neutron.wsgi [-] 10.0.0.53 "GET / HTTP/1.1" status: 200 len: 246 time: 0.0011008
2026-09-03 06:34:06.952 9 INFO neutron.plugins.ml2.drivers.ovn.mech_driver.mech_driver [None req-8fe5edfe-5033-412e-9fe9-c3dda07e105e - - - - - -] OVN reports status up for port: 4adfa480-5694-45f1-b2ef-d949c41da912
2026-09-03 06:34:06.960 9 INFO neutron.plugins.ml2.plugin [None req-8fe5edfe-5033-412e-9fe9-c3dda07e105e - - - - - -] Attempt 1 to provision port 4adfa480-5694-45f1-b2ef-d949c41da912
2026-09-03 06:34:06.980 10 INFO neutron.db.ovn_revision_numbers_db [None req-4f837717-6e7c-4b26-8eb5-4becec763e9f 641d77ad130d443cb3e32ba28643beeb 0ed2608e6fc5484f9e46dd884fccf740 - - default default] Successfully bumped revision number for resource 4adfa480-5694-45f1-b2ef-d949c41da912 (type: router_ports) to 1
2026-09-03 06:34:07.077 9 INFO neutron.db.ovn_revision_numbers_db [None req-c626c154-6257-4e4e-9d54-a82f68a3c145 - - - - - -] Successfully bumped revision number for resource 87ad0259-caf8-4a34-a433-c9ceecfc4baa (type: ports) to 4
2026-09-03 06:34:07.206 10 INFO neutron.db.ovn_revision_numbers_db [None req-4f837717-6e7c-4b26-8eb5-4becec763e9f 641d77ad130d443cb3e32ba28643beeb 0ed2608e6fc5484f9e46dd884fccf740 - - default default] Successfully bumped revision number for resource 4adfa480-5694-45f1-b2ef-d949c41da912 (type: ports) to 1
2026-09-03 06:34:07.261 10 INFO neutron.wsgi [req-d3ae6dfb-8d74-4899-a9ec-ad9854953e18 req-00c1a662-c699-4fc3-b6ab-b4cb5ef6b401 8384d5301b014d10aae6688f66a86741 a2c77b5088a6447da589fe971ecbb199 - - default default] 10.0.0.94 "GET /v2.0/networks?id=43c3821d-cf90-44e8-9d33-7e2853d4c737 HTTP/1.1" status: 200 len: 871 time: 0.0914731
2026-09-03 06:34:07.277 10 INFO neutron.wsgi [req-d3ae6dfb-8d74-4899-a9ec-ad9854953e18 req-f49f1556-21ef-4a8a-a272-e15e8f29b192 8384d5301b014d10aae6688f66a86741 a2c77b5088a6447da589fe971ecbb199 - - default default] 10.0.0.94 "GET /v2.0/quotas/a2c77b5088a6447da589fe971ecbb199 HTTP/1.1" status: 200 len: 386 time: 0.0098348
2026-09-03 06:34:07.303 10 WARNING neutron.scheduler.dhcp_agent_scheduler [None req-4f837717-6e7c-4b26-8eb5-4becec763e9f 641d77ad130d443cb3e32ba28643beeb 0ed2608e6fc5484f9e46dd884fccf740 - - default default] No more DHCP agents
2026-09-03 06:34:07.305 10 WARNING neutron.api.rpc.agentnotifiers.dhcp_rpc_agent_api [None req-4f837717-6e7c-4b26-8eb5-4becec763e9f 641d77ad130d443cb3e32ba28643beeb 0ed2608e6fc5484f9e46dd884fccf740 - - default default] Unable to schedule network 2d8fdb8c-4ffa-4377-b698-86494f51e817: no agents available; will retry on subsequent port and subnet creation events.
2026-09-03 06:34:07.382 10 INFO neutron.wsgi [req-d3ae6dfb-8d74-4899-a9ec-ad9854953e18 req-6656f268-199e-469f-bd90-e0db8669f794 8384d5301b014d10aae6688f66a86741 a2c77b5088a6447da589fe971ecbb199 - - default default] 10.0.0.94 "GET /v2.0/ports?tenant_id=a2c77b5088a6447da589fe971ecbb199&fields=id HTTP/1.1" status: 200 len: 302 time: 0.0979228
2026-09-03 06:34:07.394 9 INFO neutron.db.ovn_revision_numbers_db [None req-8fe5edfe-5033-412e-9fe9-c3dda07e105e - - - - - -] Successfully bumped revision number for resource 4adfa480-5694-45f1-b2ef-d949c41da912 (type: ports) to 2
2026-09-03 06:34:07.446 10 INFO neutron.wsgi [req-d3ae6dfb-8d74-4899-a9ec-ad9854953e18 req-a534da6c-2661-46fd-a91f-14a44bfb64ab 2739c21e6e074eceb977829f225200cf e7a56a4a3c6e45f1a4f4960960c380de - - bfa1cda75a854b7b896a13bc42399ab6 bfa1cda75a854b7b896a13bc42399ab6] 10.0.0.94 "GET /v2.0/networks/43c3821d-cf90-44e8-9d33-7e2853d4c737?fields=segments HTTP/1.1" status: 200 len: 212 time: 0.0557923
2026-09-03 06:34:07.492 9 INFO neutron.db.ovn_revision_numbers_db [None req-c626c154-6257-4e4e-9d54-a82f68a3c145 - - - - - -] Successfully bumped revision number for resource 87ad0259-caf8-4a34-a433-c9ceecfc4baa (type: router_ports) to 4
2026-09-03 06:34:07.531 10 INFO neutron.wsgi [req-d3ae6dfb-8d74-4899-a9ec-ad9854953e18 req-3a6d913c-52bf-4a54-93d7-e0dabad88897 2739c21e6e074eceb977829f225200cf e7a56a4a3c6e45f1a4f4960960c380de - - bfa1cda75a854b7b896a13bc42399ab6 bfa1cda75a854b7b896a13bc42399ab6] 10.0.0.94 "GET /v2.0/networks/43c3821d-cf90-44e8-9d33-7e2853d4c737?fields=provider%3Aphysical_network&fields=provider%3Anetwork_type HTTP/1.1" status: 200 len: 277 time: 0.0781472
2026-09-03 06:34:07.532 9 INFO neutron.db.ovn_revision_numbers_db [None req-8fe5edfe-5033-412e-9fe9-c3dda07e105e - - - - - -] Successfully bumped revision number for resource 4adfa480-5694-45f1-b2ef-d949c41da912 (type: router_ports) to 2
2026-09-03 06:34:07.704 9 INFO neutron.wsgi [req-b1e84daf-1749-4f50-8c2c-269d46e88b62 req-7c3e7faa-30eb-4f7c-958b-68729301c108 8384d5301b014d10aae6688f66a86741 a2c77b5088a6447da589fe971ecbb199 - - default default] 10.0.0.94 "GET /v2.0/ports?device_id=d75cc015-67b7-4f73-ad88-aea10bc98121 HTTP/1.1" status: 200 len: 210 time: 0.0293171
2026-09-03 06:34:08.096 9 INFO neutron.db.ovn_revision_numbers_db [None req-5c724c37-ba8f-4846-8df9-9082d46b0b78 1b404301de9b4384a6f85eb667214e46 f00b7203cbfc4b8b87368580feeaa6f3 - - default default] Successfully bumped revision number for resource caf7c521-8df5-4b7c-b0ee-fd64cc284032 (type: security_groups) to 1
2026-09-03 06:34:08.110 9 INFO neutron.db.ovn_revision_numbers_db [None req-5c724c37-ba8f-4846-8df9-9082d46b0b78 1b404301de9b4384a6f85eb667214e46 f00b7203cbfc4b8b87368580feeaa6f3 - - default default] Successfully bumped revision number for resource 05374129-9913-417f-9ef2-f20d4571c5a6 (type: security_group_rules) to 0
2026-09-03 06:34:08.124 9 INFO neutron.db.ovn_revision_numbers_db [None req-5c724c37-ba8f-4846-8df9-9082d46b0b78 1b404301de9b4384a6f85eb667214e46 f00b7203cbfc4b8b87368580feeaa6f3 - - default default] Successfully bumped revision number for resource 17334530-f0af-4aa8-8874-ac8ad736d37c (type: security_group_rules) to 0
2026-09-03 06:34:08.141 9 INFO neutron.db.ovn_revision_numbers_db [None req-5c724c37-ba8f-4846-8df9-9082d46b0b78 1b404301de9b4384a6f85eb667214e46 f00b7203cbfc4b8b87368580feeaa6f3 - - default default] Successfully bumped revision number for resource 41f4d189-d76d-4075-b006-f74ae6dcfcee (type: security_group_rules) to 0
2026-09-03 06:34:08.156 9 INFO neutron.db.ovn_revision_numbers_db [None req-5c724c37-ba8f-4846-8df9-9082d46b0b78 1b404301de9b4384a6f85eb667214e46 f00b7203cbfc4b8b87368580feeaa6f3 - - default default] Successfully bumped revision number for resource f66e2ef9-8bc2-437d-8299-3c2bb504d334 (type: security_group_rules) to 0
2026-09-03 06:34:08.210 10 INFO neutron.db.ovn_revision_numbers_db [None req-4f837717-6e7c-4b26-8eb5-4becec763e9f 641d77ad130d443cb3e32ba28643beeb 0ed2608e6fc5484f9e46dd884fccf740 - - default default] Successfully bumped revision number for resource 4adfa480-5694-45f1-b2ef-d949c41da912 (type: router_ports) to 2
2026-09-03 06:34:08.211 9 INFO neutron.db.segments_db [None req-5c724c37-ba8f-4846-8df9-9082d46b0b78 1b404301de9b4384a6f85eb667214e46 f00b7203cbfc4b8b87368580feeaa6f3 - - default default] Added segment a17ea3b4-84ec-4469-86d8-82fa280d2efa of type geneve for network f1bd0076-2fa2-417a-aa07-a7a264d4c2d1
2026-09-03 06:34:08.212 10 INFO neutron.wsgi [None req-4f837717-6e7c-4b26-8eb5-4becec763e9f 641d77ad130d443cb3e32ba28643beeb 0ed2608e6fc5484f9e46dd884fccf740 - - default default] 10.0.0.234 "PUT /v2.0/routers/c925dd02-5a93-4b49-acaa-1ccd53d719cc/add_router_interface HTTP/1.1" status: 200 len: 503 time: 2.2230482
2026-09-03 06:34:08.350 9 INFO neutron.db.ovn_revision_numbers_db [None req-5c724c37-ba8f-4846-8df9-9082d46b0b78 1b404301de9b4384a6f85eb667214e46 f00b7203cbfc4b8b87368580feeaa6f3 - - default default] Successfully bumped revision number for resource f1bd0076-2fa2-417a-aa07-a7a264d4c2d1 (type: networks) to 1
2026-09-03 06:34:08.489 9 WARNING neutron.scheduler.dhcp_agent_scheduler [None req-5c724c37-ba8f-4846-8df9-9082d46b0b78 1b404301de9b4384a6f85eb667214e46 f00b7203cbfc4b8b87368580feeaa6f3 - - default default] No more DHCP agents
2026-09-03 06:34:08.492 9 WARNING neutron.api.rpc.agentnotifiers.dhcp_rpc_agent_api [None req-5c724c37-ba8f-4846-8df9-9082d46b0b78 1b404301de9b4384a6f85eb667214e46 f00b7203cbfc4b8b87368580feeaa6f3 - - default default] Unable to schedule network f1bd0076-2fa2-417a-aa07-a7a264d4c2d1: no agents available; will retry on subsequent port and subnet creation events.
2026-09-03 06:34:08.574 9 INFO neutron.db.ovn_revision_numbers_db [None req-5c724c37-ba8f-4846-8df9-9082d46b0b78 1b404301de9b4384a6f85eb667214e46 f00b7203cbfc4b8b87368580feeaa6f3 - - default default] Successfully bumped revision number for resource f0c44ce2-679c-4f35-8fd6-9252e4cc9a3d (type: ports) to 1
2026-09-03 06:34:08.599 9 INFO neutron.wsgi [None req-5c724c37-ba8f-4846-8df9-9082d46b0b78 1b404301de9b4384a6f85eb667214e46 f00b7203cbfc4b8b87368580feeaa6f3 - - default default] 10.0.0.234 "POST /v2.0/networks HTTP/1.1" status: 201 len: 831 time: 0.8848767
2026-09-03 06:34:08.630 10 INFO neutron.db.ovn_revision_numbers_db [None req-112979ac-0ac1-4614-8304-9217de341f92 641d77ad130d443cb3e32ba28643beeb 0ed2608e6fc5484f9e46dd884fccf740 - - default default] Successfully bumped revision number for resource 1989a57c-7ee6-4a47-98f6-2f0bba81629a (type: security_groups) to 1
2026-09-03 06:34:08.647 10 INFO neutron.db.ovn_revision_numbers_db [None req-112979ac-0ac1-4614-8304-9217de341f92 641d77ad130d443cb3e32ba28643beeb 0ed2608e6fc5484f9e46dd884fccf740 - - default default] Successfully bumped revision number for resource 252e4dd8-9119-4dc0-96c5-7881e12e9001 (type: security_group_rules) to 0
2026-09-03 06:34:08.658 10 INFO neutron.db.ovn_revision_numbers_db [None req-112979ac-0ac1-4614-8304-9217de341f92 641d77ad130d443cb3e32ba28643beeb 0ed2608e6fc5484f9e46dd884fccf740 - - default default] Successfully bumped revision number for resource 2ecb6714-6f3c-4726-86dd-4a1dc147c051 (type: security_group_rules) to 0
2026-09-03 06:34:08.672 10 INFO neutron.db.ovn_revision_numbers_db [None req-112979ac-0ac1-4614-8304-9217de341f92 641d77ad130d443cb3e32ba28643beeb 0ed2608e6fc5484f9e46dd884fccf740 - - default default] Successfully bumped revision number for resource 4099ca41-73de-4ee8-8b07-7e9e17bdd742 (type: security_group_rules) to 0
2026-09-03 06:34:08.691 10 INFO neutron.db.ovn_revision_numbers_db [None req-112979ac-0ac1-4614-8304-9217de341f92 641d77ad130d443cb3e32ba28643beeb 0ed2608e6fc5484f9e46dd884fccf740 - - default default] Successfully bumped revision number for resource 822bc4ee-9240-40d3-b1c3-aa2e159fa8cb (type: security_group_rules) to 0
2026-09-03 06:34:08.710 10 INFO neutron.db.segments_db [None req-f82d0d00-d5e2-4509-95ac-35e585aa093f 1b404301de9b4384a6f85eb667214e46 f00b7203cbfc4b8b87368580feeaa6f3 - - default default] Added segment 3f870c89-bb09-475c-bace-6f74825a21fa of type geneve for network 25f2bdbf-b86d-44ce-8f06-b77204fba3c8
2026-09-03 06:34:08.719 10 INFO neutron.wsgi [None req-112979ac-0ac1-4614-8304-9217de341f92 641d77ad130d443cb3e32ba28643beeb 0ed2608e6fc5484f9e46dd884fccf740 - - default default] 10.0.0.234 "GET /v2.0/security-groups?tenant_id=93540c4f6e72455d8e596da5193a4b37&name=default HTTP/1.1" status: 200 len: 2996 time: 0.3290932
2026-09-03 06:34:08.797 9 INFO neutron.wsgi [req-c7bae5f1-b6a4-4d59-bc7e-a6b5c47445e8 req-2ed52e5d-2ef7-4a8e-be26-f81675c92c17 8384d5301b014d10aae6688f66a86741 a2c77b5088a6447da589fe971ecbb199 - - default default] 10.0.0.94 "GET /v2.0/ports?device_id=d75cc015-67b7-4f73-ad88-aea10bc98121 HTTP/1.1" status: 200 len: 210 time: 0.0275345
2026-09-03 06:34:08.801 9 INFO neutron.wsgi [req-d3ae6dfb-8d74-4899-a9ec-ad9854953e18 req-b4a2169c-cf75-4650-beeb-cb534adb973e 8384d5301b014d10aae6688f66a86741 a2c77b5088a6447da589fe971ecbb199 - - default default] 162.253.55.149 "GET /v2.0/networks?id=43c3821d-cf90-44e8-9d33-7e2853d4c737 HTTP/1.1" status: 200 len: 871 time: 0.1248839
2026-09-03 06:34:08.884 10 INFO neutron.db.ovn_revision_numbers_db [None req-f82d0d00-d5e2-4509-95ac-35e585aa093f 1b404301de9b4384a6f85eb667214e46 f00b7203cbfc4b8b87368580feeaa6f3 - - default default] Successfully bumped revision number for resource 25f2bdbf-b86d-44ce-8f06-b77204fba3c8 (type: networks) to 1
2026-09-03 06:34:09.021 10 INFO neutron.db.ovn_revision_numbers_db [None req-8480df91-b728-4deb-8066-c5e1721cbff7 7e33db00ddc44cf1aae40c3949b7c7c1 51d009dabfcb47fa85282d8a8fac1fb6 - - default default] Successfully bumped revision number for resource e9e08eaa-84e9-490c-aa7f-666ff4ee7892 (type: security_groups) to 1
2026-09-03 06:34:09.043 10 INFO neutron.db.ovn_revision_numbers_db [None req-8480df91-b728-4deb-8066-c5e1721cbff7 7e33db00ddc44cf1aae40c3949b7c7c1 51d009dabfcb47fa85282d8a8fac1fb6 - - default default] Successfully bumped revision number for resource 611694dd-d112-42ff-ba87-8201037a9714 (type: security_group_rules) to 0
2026-09-03 06:34:09.054 10 WARNING neutron.scheduler.dhcp_agent_scheduler [None req-f82d0d00-d5e2-4509-95ac-35e585aa093f 1b404301de9b4384a6f85eb667214e46 f00b7203cbfc4b8b87368580feeaa6f3 - - default default] No more DHCP agents
2026-09-03 06:34:09.056 10 WARNING neutron.api.rpc.agentnotifiers.dhcp_rpc_agent_api [None req-f82d0d00-d5e2-4509-95ac-35e585aa093f 1b404301de9b4384a6f85eb667214e46 f00b7203cbfc4b8b87368580feeaa6f3 - - default default] Unable to schedule network 25f2bdbf-b86d-44ce-8f06-b77204fba3c8: no agents available; will retry on subsequent port and subnet creation events.
