2026-09-03 06:33:01.802 9 INFO neutron.db.ovn_revision_numbers_db [None req-dc8dac1e-2784-4880-ab59-8503e49409c5 641d77ad130d443cb3e32ba28643beeb 0ed2608e6fc5484f9e46dd884fccf740 - - default default] Successfully bumped revision number for resource efd0e5da-d3db-483c-ac47-ebbdecd38692 (type: routers) to 2
2026-09-03 06:33:01.827 9 INFO neutron.wsgi [None req-dc8dac1e-2784-4880-ab59-8503e49409c5 641d77ad130d443cb3e32ba28643beeb 0ed2608e6fc5484f9e46dd884fccf740 - - default default] 10.0.0.234 "POST /v2.0/routers HTTP/1.1" status: 201 len: 881 time: 1.3334534
2026-09-03 06:33:02.202 9 INFO neutron.db.ovn_revision_numbers_db [None req-c626c154-6257-4e4e-9d54-a82f68a3c145 - - - - - -] Successfully bumped revision number for resource f5d2a2a9-994f-48c2-ad18-9c77c3c49c39 (type: ports) to 1
2026-09-03 06:33:02.286 10 INFO neutron.db.ovn_revision_numbers_db [None req-622122e9-89c4-48d4-9fb4-cddf2e317a18 641d77ad130d443cb3e32ba28643beeb 0ed2608e6fc5484f9e46dd884fccf740 - - default default] Successfully bumped revision number for resource 7dd97299-ff7a-4dc7-8b24-aa27f186eb2d (type: router_ports) to 1
2026-09-03 06:33:02.420 9 INFO neutron.db.ovn_revision_numbers_db [None req-c626c154-6257-4e4e-9d54-a82f68a3c145 - - - - - -] Successfully bumped revision number for resource f5d2a2a9-994f-48c2-ad18-9c77c3c49c39 (type: router_ports) to 3
2026-09-03 06:33:02.436 10 INFO neutron.db.ovn_revision_numbers_db [None req-622122e9-89c4-48d4-9fb4-cddf2e317a18 641d77ad130d443cb3e32ba28643beeb 0ed2608e6fc5484f9e46dd884fccf740 - - default default] Successfully bumped revision number for resource 8ff10cc6-bf2a-4630-9ecc-e8ef82f65550 (type: routers) to 2
2026-09-03 06:33:02.463 10 INFO neutron.wsgi [None req-622122e9-89c4-48d4-9fb4-cddf2e317a18 641d77ad130d443cb3e32ba28643beeb 0ed2608e6fc5484f9e46dd884fccf740 - - default default] 10.0.0.234 "POST /v2.0/routers HTTP/1.1" status: 201 len: 878 time: 2.0138032
2026-09-03 06:33:02.495 10 WARNING neutron.scheduler.dhcp_agent_scheduler [None req-a2b5cd57-ab33-4897-ae74-9e4dda1c3f2e 641d77ad130d443cb3e32ba28643beeb 0ed2608e6fc5484f9e46dd884fccf740 - - default default] No more DHCP agents
2026-09-03 06:33:02.506 10 WARNING neutron.api.rpc.agentnotifiers.dhcp_rpc_agent_api [None req-a2b5cd57-ab33-4897-ae74-9e4dda1c3f2e 641d77ad130d443cb3e32ba28643beeb 0ed2608e6fc5484f9e46dd884fccf740 - - default default] Unable to schedule network f407bf7c-6495-49ee-86f8-44b9ee823c61: no agents available; will retry on subsequent port and subnet creation events.
2026-09-03 06:33:02.582 9 INFO neutron.db.ovn_revision_numbers_db [None req-c626c154-6257-4e4e-9d54-a82f68a3c145 - - - - - -] Successfully bumped revision number for resource f5d2a2a9-994f-48c2-ad18-9c77c3c49c39 (type: ports) to 2
2026-09-03 06:33:02.774 10 INFO neutron.db.ovn_revision_numbers_db [None req-5ee81fcd-d99a-4165-97fe-aa41f412f76c - - - - - -] Successfully bumped revision number for resource 80a32d81-5e76-4e97-8239-abd3a27ecc04 (type: ports) to 1
2026-09-03 06:33:02.842 10 WARNING neutron.scheduler.dhcp_agent_scheduler [None req-80ebc232-ba46-4f6c-ada2-c2c7a182c486 641d77ad130d443cb3e32ba28643beeb 0ed2608e6fc5484f9e46dd884fccf740 - - default default] No more DHCP agents
2026-09-03 06:33:02.848 10 INFO neutron.db.ovn_revision_numbers_db [None req-a2b5cd57-ab33-4897-ae74-9e4dda1c3f2e 641d77ad130d443cb3e32ba28643beeb 0ed2608e6fc5484f9e46dd884fccf740 - - default default] Successfully bumped revision number for resource 14f53ed2-8e1e-487e-9d64-b11823f28788 (type: ports) to 1
2026-09-03 06:33:02.849 10 WARNING neutron.api.rpc.agentnotifiers.dhcp_rpc_agent_api [None req-80ebc232-ba46-4f6c-ada2-c2c7a182c486 641d77ad130d443cb3e32ba28643beeb 0ed2608e6fc5484f9e46dd884fccf740 - - default default] Unable to schedule network f71308c8-9dab-4c9e-8a50-91da0aa4672b: no agents available; will retry on subsequent port and subnet creation events.
2026-09-03 06:33:02.851 9 INFO neutron.db.ovn_revision_numbers_db [None req-c626c154-6257-4e4e-9d54-a82f68a3c145 - - - - - -] Successfully bumped revision number for resource f5d2a2a9-994f-48c2-ad18-9c77c3c49c39 (type: ports) to 4
2026-09-03 06:33:03.007 9 WARNING neutron.scheduler.dhcp_agent_scheduler [None req-207d6b70-5005-4f6d-b0ca-1237444559cc 641d77ad130d443cb3e32ba28643beeb 0ed2608e6fc5484f9e46dd884fccf740 - - default default] No more DHCP agents
2026-09-03 06:33:03.012 9 WARNING neutron.api.rpc.agentnotifiers.dhcp_rpc_agent_api [None req-207d6b70-5005-4f6d-b0ca-1237444559cc 641d77ad130d443cb3e32ba28643beeb 0ed2608e6fc5484f9e46dd884fccf740 - - default default] Unable to schedule network 4bd3ff96-a76a-4ff5-9b01-b35f492abfc9: no agents available; will retry on subsequent port and subnet creation events.
2026-09-03 06:33:03.204 10 INFO neutron.db.ovn_revision_numbers_db [None req-80ebc232-ba46-4f6c-ada2-c2c7a182c486 641d77ad130d443cb3e32ba28643beeb 0ed2608e6fc5484f9e46dd884fccf740 - - default default] Successfully bumped revision number for resource 0e777537-d99a-4b8d-8865-1ef97f1f2590 (type: ports) to 1
2026-09-03 06:33:03.211 9 INFO neutron.db.ovn_revision_numbers_db [None req-207d6b70-5005-4f6d-b0ca-1237444559cc 641d77ad130d443cb3e32ba28643beeb 0ed2608e6fc5484f9e46dd884fccf740 - - default default] Successfully bumped revision number for resource 8ee0eade-a7f6-46d2-963f-54974b848d2b (type: ports) to 1
2026-09-03 06:33:03.254 9 INFO neutron.db.ovn_revision_numbers_db [None req-c626c154-6257-4e4e-9d54-a82f68a3c145 - - - - - -] Successfully bumped revision number for resource f5d2a2a9-994f-48c2-ad18-9c77c3c49c39 (type: router_ports) to 4
2026-09-03 06:33:03.380 10 INFO neutron.db.ovn_revision_numbers_db [None req-5ee81fcd-d99a-4165-97fe-aa41f412f76c - - - - - -] Successfully bumped revision number for resource 80a32d81-5e76-4e97-8239-abd3a27ecc04 (type: router_ports) to 3
2026-09-03 06:33:03.584 9 INFO neutron.plugins.ml2.drivers.ovn.mech_driver.mech_driver [None req-8fe5edfe-5033-412e-9fe9-c3dda07e105e - - - - - -] OVN reports status up for port: 8ee0eade-a7f6-46d2-963f-54974b848d2b
2026-09-03 06:33:03.595 9 INFO neutron.plugins.ml2.plugin [None req-8fe5edfe-5033-412e-9fe9-c3dda07e105e - - - - - -] Attempt 1 to provision port 8ee0eade-a7f6-46d2-963f-54974b848d2b
2026-09-03 06:33:03.617 9 INFO neutron.db.ovn_revision_numbers_db [None req-207d6b70-5005-4f6d-b0ca-1237444559cc 641d77ad130d443cb3e32ba28643beeb 0ed2608e6fc5484f9e46dd884fccf740 - - default default] Successfully bumped revision number for resource 8ee0eade-a7f6-46d2-963f-54974b848d2b (type: router_ports) to 1
2026-09-03 06:33:03.680 10 INFO neutron.db.ovn_revision_numbers_db [None req-5ee81fcd-d99a-4165-97fe-aa41f412f76c - - - - - -] Successfully bumped revision number for resource 80a32d81-5e76-4e97-8239-abd3a27ecc04 (type: ports) to 2
2026-09-03 06:33:03.780 10 INFO neutron.db.ovn_revision_numbers_db [None req-a2b5cd57-ab33-4897-ae74-9e4dda1c3f2e 641d77ad130d443cb3e32ba28643beeb 0ed2608e6fc5484f9e46dd884fccf740 - - default default] Successfully bumped revision number for resource 14f53ed2-8e1e-487e-9d64-b11823f28788 (type: router_ports) to 1
2026-09-03 06:33:03.789 9 INFO neutron.db.ovn_revision_numbers_db [None req-207d6b70-5005-4f6d-b0ca-1237444559cc 641d77ad130d443cb3e32ba28643beeb 0ed2608e6fc5484f9e46dd884fccf740 - - default default] Successfully bumped revision number for resource 8ee0eade-a7f6-46d2-963f-54974b848d2b (type: ports) to 1
2026-09-03 06:33:03.997 9 WARNING neutron.scheduler.dhcp_agent_scheduler [None req-207d6b70-5005-4f6d-b0ca-1237444559cc 641d77ad130d443cb3e32ba28643beeb 0ed2608e6fc5484f9e46dd884fccf740 - - default default] No more DHCP agents
2026-09-03 06:33:03.999 9 WARNING neutron.api.rpc.agentnotifiers.dhcp_rpc_agent_api [None req-207d6b70-5005-4f6d-b0ca-1237444559cc 641d77ad130d443cb3e32ba28643beeb 0ed2608e6fc5484f9e46dd884fccf740 - - default default] Unable to schedule network 4bd3ff96-a76a-4ff5-9b01-b35f492abfc9: no agents available; will retry on subsequent port and subnet creation events.
2026-09-03 06:33:04.011 10 INFO neutron.db.ovn_revision_numbers_db [None req-80ebc232-ba46-4f6c-ada2-c2c7a182c486 641d77ad130d443cb3e32ba28643beeb 0ed2608e6fc5484f9e46dd884fccf740 - - default default] Successfully bumped revision number for resource 0e777537-d99a-4b8d-8865-1ef97f1f2590 (type: router_ports) to 1
2026-09-03 06:33:04.049 9 INFO neutron.db.ovn_revision_numbers_db [None req-8fe5edfe-5033-412e-9fe9-c3dda07e105e - - - - - -] Successfully bumped revision number for resource 8ee0eade-a7f6-46d2-963f-54974b848d2b (type: ports) to 2
2026-09-03 06:33:04.051 10 INFO neutron.db.ovn_revision_numbers_db [None req-a2b5cd57-ab33-4897-ae74-9e4dda1c3f2e 641d77ad130d443cb3e32ba28643beeb 0ed2608e6fc5484f9e46dd884fccf740 - - default default] Successfully bumped revision number for resource 14f53ed2-8e1e-487e-9d64-b11823f28788 (type: ports) to 1
2026-09-03 06:33:04.098 10 INFO neutron.db.ovn_revision_numbers_db [None req-5ee81fcd-d99a-4165-97fe-aa41f412f76c - - - - - -] Successfully bumped revision number for resource 80a32d81-5e76-4e97-8239-abd3a27ecc04 (type: ports) to 4
2026-09-03 06:33:04.192 10 WARNING neutron.scheduler.dhcp_agent_scheduler [None req-a2b5cd57-ab33-4897-ae74-9e4dda1c3f2e 641d77ad130d443cb3e32ba28643beeb 0ed2608e6fc5484f9e46dd884fccf740 - - default default] No more DHCP agents
2026-09-03 06:33:04.195 10 WARNING neutron.api.rpc.agentnotifiers.dhcp_rpc_agent_api [None req-a2b5cd57-ab33-4897-ae74-9e4dda1c3f2e 641d77ad130d443cb3e32ba28643beeb 0ed2608e6fc5484f9e46dd884fccf740 - - default default] Unable to schedule network f407bf7c-6495-49ee-86f8-44b9ee823c61: no agents available; will retry on subsequent port and subnet creation events.
2026-09-03 06:33:04.224 10 INFO neutron.db.ovn_revision_numbers_db [None req-80ebc232-ba46-4f6c-ada2-c2c7a182c486 641d77ad130d443cb3e32ba28643beeb 0ed2608e6fc5484f9e46dd884fccf740 - - default default] Successfully bumped revision number for resource 0e777537-d99a-4b8d-8865-1ef97f1f2590 (type: ports) to 1
2026-09-03 06:33:04.261 9 INFO neutron.db.ovn_revision_numbers_db [None req-8fe5edfe-5033-412e-9fe9-c3dda07e105e - - - - - -] Successfully bumped revision number for resource 8ee0eade-a7f6-46d2-963f-54974b848d2b (type: router_ports) to 2
2026-09-03 06:33:04.434 10 WARNING neutron.scheduler.dhcp_agent_scheduler [None req-80ebc232-ba46-4f6c-ada2-c2c7a182c486 641d77ad130d443cb3e32ba28643beeb 0ed2608e6fc5484f9e46dd884fccf740 - - default default] No more DHCP agents
2026-09-03 06:33:04.440 10 WARNING neutron.api.rpc.agentnotifiers.dhcp_rpc_agent_api [None req-80ebc232-ba46-4f6c-ada2-c2c7a182c486 641d77ad130d443cb3e32ba28643beeb 0ed2608e6fc5484f9e46dd884fccf740 - - default default] Unable to schedule network f71308c8-9dab-4c9e-8a50-91da0aa4672b: no agents available; will retry on subsequent port and subnet creation events.
2026-09-03 06:33:04.526 10 INFO neutron.db.ovn_revision_numbers_db [None req-5ee81fcd-d99a-4165-97fe-aa41f412f76c - - - - - -] Successfully bumped revision number for resource 80a32d81-5e76-4e97-8239-abd3a27ecc04 (type: router_ports) to 4
2026-09-03 06:33:04.566 10 INFO neutron.plugins.ml2.drivers.ovn.mech_driver.mech_driver [None req-e48a7550-56f1-434b-a515-5b82a69dcb49 - - - - - -] OVN reports status up for port: 80a32d81-5e76-4e97-8239-abd3a27ecc04
2026-09-03 06:33:04.570 10 INFO neutron.plugins.ml2.drivers.ovn.mech_driver.ovsdb.ovsdb_monitor [None req-5ee81fcd-d99a-4165-97fe-aa41f412f76c - - - - - -] Router 8ff10cc6-bf2a-4630-9ecc-e8ef82f65550 is bound to host instance
2026-09-03 06:33:04.597 10 INFO neutron.plugins.ml2.plugin [None req-e48a7550-56f1-434b-a515-5b82a69dcb49 - - - - - -] Attempt 1 to provision port 80a32d81-5e76-4e97-8239-abd3a27ecc04
2026-09-03 06:33:04.667 9 INFO neutron.db.ovn_revision_numbers_db [None req-207d6b70-5005-4f6d-b0ca-1237444559cc 641d77ad130d443cb3e32ba28643beeb 0ed2608e6fc5484f9e46dd884fccf740 - - default default] Successfully bumped revision number for resource 8ee0eade-a7f6-46d2-963f-54974b848d2b (type: router_ports) to 2
2026-09-03 06:33:04.669 9 INFO neutron.wsgi [None req-207d6b70-5005-4f6d-b0ca-1237444559cc 641d77ad130d443cb3e32ba28643beeb 0ed2608e6fc5484f9e46dd884fccf740 - - default default] 10.0.0.234 "PUT /v2.0/routers/8ff10cc6-bf2a-4630-9ecc-e8ef82f65550/add_router_interface HTTP/1.1" status: 200 len: 503 time: 2.1949599
2026-09-03 06:33:04.785 10 INFO neutron.plugins.ml2.drivers.ovn.mech_driver.mech_driver [None req-e48a7550-56f1-434b-a515-5b82a69dcb49 - - - - - -] OVN reports status up for port: 7dd97299-ff7a-4dc7-8b24-aa27f186eb2d
2026-09-03 06:33:04.812 10 INFO neutron.plugins.ml2.plugin [None req-e48a7550-56f1-434b-a515-5b82a69dcb49 - - - - - -] Attempt 1 to provision port 7dd97299-ff7a-4dc7-8b24-aa27f186eb2d
2026-09-03 06:33:05.450 10 INFO neutron.db.ovn_revision_numbers_db [None req-a2b5cd57-ab33-4897-ae74-9e4dda1c3f2e 641d77ad130d443cb3e32ba28643beeb 0ed2608e6fc5484f9e46dd884fccf740 - - default default] Successfully bumped revision number for resource 14f53ed2-8e1e-487e-9d64-b11823f28788 (type: router_ports) to 1
2026-09-03 06:33:05.451 10 INFO neutron.wsgi [None req-a2b5cd57-ab33-4897-ae74-9e4dda1c3f2e 641d77ad130d443cb3e32ba28643beeb 0ed2608e6fc5484f9e46dd884fccf740 - - default default] 10.0.0.234 "PUT /v2.0/routers/db561524-8587-41c0-ae67-2f2f75e7300d/add_router_interface HTTP/1.1" status: 200 len: 503 time: 3.8475385
2026-09-03 06:33:05.569 10 INFO neutron.db.ovn_revision_numbers_db [None req-80ebc232-ba46-4f6c-ada2-c2c7a182c486 641d77ad130d443cb3e32ba28643beeb 0ed2608e6fc5484f9e46dd884fccf740 - - default default] Successfully bumped revision number for resource 0e777537-d99a-4b8d-8865-1ef97f1f2590 (type: router_ports) to 1
2026-09-03 06:33:05.571 10 INFO neutron.wsgi [None req-80ebc232-ba46-4f6c-ada2-c2c7a182c486 641d77ad130d443cb3e32ba28643beeb 0ed2608e6fc5484f9e46dd884fccf740 - - default default] 10.0.0.234 "PUT /v2.0/routers/efd0e5da-d3db-483c-ac47-ebbdecd38692/add_router_interface HTTP/1.1" status: 200 len: 503 time: 3.7385919
2026-09-03 06:33:05.573 10 INFO neutron.db.ovn_revision_numbers_db [None req-5ee81fcd-d99a-4165-97fe-aa41f412f76c - - - - - -] Successfully bumped revision number for resource 7dd97299-ff7a-4dc7-8b24-aa27f186eb2d (type: ports) to 1
2026-09-03 06:33:05.926 10 INFO neutron.db.ovn_revision_numbers_db [None req-5ee81fcd-d99a-4165-97fe-aa41f412f76c - - - - - -] Successfully bumped revision number for resource 7dd97299-ff7a-4dc7-8b24-aa27f186eb2d (type: router_ports) to 3
2026-09-03 06:33:06.048 10 INFO neutron.db.ovn_revision_numbers_db [None req-5ee81fcd-d99a-4165-97fe-aa41f412f76c - - - - - -] Successfully bumped revision number for resource 7dd97299-ff7a-4dc7-8b24-aa27f186eb2d (type: ports) to 2
2026-09-03 06:33:06.201 9 INFO neutron.db.ovn_revision_numbers_db [None req-1e7ce031-f04c-49cc-a69e-67c9ab26589f e612c8a076d34ee29730d6ba6ebc4e01 1991c629707741cdb2c77c9fa5a42295 - - default default] Successfully bumped revision number for resource 6e6b93c7-54a6-4d83-990c-9c3b9b4c9d34 (type: security_groups) to 1
2026-09-03 06:33:06.224 9 INFO neutron.db.ovn_revision_numbers_db [None req-1e7ce031-f04c-49cc-a69e-67c9ab26589f e612c8a076d34ee29730d6ba6ebc4e01 1991c629707741cdb2c77c9fa5a42295 - - default default] Successfully bumped revision number for resource 9a6f6f30-1c15-4b07-94c0-4efd51c3744e (type: security_group_rules) to 0
2026-09-03 06:33:06.226 9 INFO neutron.db.ovn_revision_numbers_db [req-2f379f77-a11d-4e20-a5bc-c0ceebda5b8a req-b136373e-380c-4227-8fa0-810ec480114a aa61cc09ae5c44d39b5fcaaf5c0f3958 f653a7731a9647bfa96c390ee85bf804 - - default default] Successfully bumped revision number for resource 87311663-f6c3-481c-8526-75d39e87a2b5 (type: security_groups) to 1
2026-09-03 06:33:06.239 9 INFO neutron.db.ovn_revision_numbers_db [None req-1e7ce031-f04c-49cc-a69e-67c9ab26589f e612c8a076d34ee29730d6ba6ebc4e01 1991c629707741cdb2c77c9fa5a42295 - - default default] Successfully bumped revision number for resource b12b1570-d206-4831-98b7-649e94c3273e (type: security_group_rules) to 0
2026-09-03 06:33:06.241 9 INFO neutron.db.ovn_revision_numbers_db [req-2f379f77-a11d-4e20-a5bc-c0ceebda5b8a req-b136373e-380c-4227-8fa0-810ec480114a aa61cc09ae5c44d39b5fcaaf5c0f3958 f653a7731a9647bfa96c390ee85bf804 - - default default] Successfully bumped revision number for resource 482cecd6-22e4-4385-bf40-59e24a5f0e93 (type: security_group_rules) to 0
2026-09-03 06:33:06.266 9 INFO neutron.wsgi [None req-1e7ce031-f04c-49cc-a69e-67c9ab26589f e612c8a076d34ee29730d6ba6ebc4e01 1991c629707741cdb2c77c9fa5a42295 - - default default] 10.0.0.234 "POST /v2.0/security-groups HTTP/1.1" status: 201 len: 1794 time: 0.1878786
2026-09-03 06:33:06.270 9 INFO neutron.db.ovn_revision_numbers_db [req-2f379f77-a11d-4e20-a5bc-c0ceebda5b8a req-b136373e-380c-4227-8fa0-810ec480114a aa61cc09ae5c44d39b5fcaaf5c0f3958 f653a7731a9647bfa96c390ee85bf804 - - default default] Successfully bumped revision number for resource f355fd71-1289-4c95-8657-361695ec95f0 (type: security_group_rules) to 0
2026-09-03 06:33:06.291 9 INFO neutron.wsgi [req-2f379f77-a11d-4e20-a5bc-c0ceebda5b8a req-b136373e-380c-4227-8fa0-810ec480114a aa61cc09ae5c44d39b5fcaaf5c0f3958 f653a7731a9647bfa96c390ee85bf804 - - default default] 10.0.0.94 "POST /v2.0/security-groups HTTP/1.1" status: 201 len: 1821 time: 0.3752134
2026-09-03 06:33:06.341 10 INFO neutron.db.ovn_revision_numbers_db [None req-5ee81fcd-d99a-4165-97fe-aa41f412f76c - - - - - -] Successfully bumped revision number for resource 7dd97299-ff7a-4dc7-8b24-aa27f186eb2d (type: ports) to 4
2026-09-03 06:33:06.413 9 INFO neutron.db.ovn_revision_numbers_db [None req-8e290f98-104b-44b2-a8c0-37980fcd612e e612c8a076d34ee29730d6ba6ebc4e01 1991c629707741cdb2c77c9fa5a42295 - - default default] Successfully bumped revision number for resource de063962-4779-4f79-996f-26e1dc17dd99 (type: security_group_rules) to 0
2026-09-03 06:33:06.431 9 INFO neutron.db.ovn_revision_numbers_db [req-879078b4-863e-414b-97c5-63564e275a6a req-957d37f8-b2a3-4829-bf01-6e657d958ad9 aa61cc09ae5c44d39b5fcaaf5c0f3958 f653a7731a9647bfa96c390ee85bf804 - - default default] Successfully bumped revision number for resource 43c678b4-ab90-414c-97ca-58b7001d9935 (type: security_groups) to 1
2026-09-03 06:33:06.442 9 INFO neutron.wsgi [None req-8e290f98-104b-44b2-a8c0-37980fcd612e e612c8a076d34ee29730d6ba6ebc4e01 1991c629707741cdb2c77c9fa5a42295 - - default default] 10.0.0.234 "POST /v2.0/security-group-rules HTTP/1.1" status: 201 len: 764 time: 0.1689014
2026-09-03 06:33:06.442 9 INFO neutron.db.ovn_revision_numbers_db [req-879078b4-863e-414b-97c5-63564e275a6a req-957d37f8-b2a3-4829-bf01-6e657d958ad9 aa61cc09ae5c44d39b5fcaaf5c0f3958 f653a7731a9647bfa96c390ee85bf804 - - default default] Successfully bumped revision number for resource 08876152-94fd-4033-8026-78507356adb3 (type: security_group_rules) to 0
2026-09-03 06:33:06.454 9 INFO neutron.db.ovn_revision_numbers_db [req-879078b4-863e-414b-97c5-63564e275a6a req-957d37f8-b2a3-4829-bf01-6e657d958ad9 aa61cc09ae5c44d39b5fcaaf5c0f3958 f653a7731a9647bfa96c390ee85bf804 - - default default] Successfully bumped revision number for resource abf7cbaa-ea86-46f5-a2df-1437abe67f49 (type: security_group_rules) to 0
2026-09-03 06:33:06.477 9 INFO neutron.wsgi [req-879078b4-863e-414b-97c5-63564e275a6a req-957d37f8-b2a3-4829-bf01-6e657d958ad9 aa61cc09ae5c44d39b5fcaaf5c0f3958 f653a7731a9647bfa96c390ee85bf804 - - default default] 10.0.0.94 "POST /v2.0/security-groups HTTP/1.1" status: 201 len: 1821 time: 0.1637325
2026-09-03 06:33:06.546 10 INFO neutron.db.ovn_revision_numbers_db [None req-5ee81fcd-d99a-4165-97fe-aa41f412f76c - - - - - -] Successfully bumped revision number for resource 7dd97299-ff7a-4dc7-8b24-aa27f186eb2d (type: router_ports) to 4
2026-09-03 06:33:06.585 9 INFO neutron.db.ovn_revision_numbers_db [None req-72d66864-e5fd-4b65-9743-7ca18434b524 e612c8a076d34ee29730d6ba6ebc4e01 1991c629707741cdb2c77c9fa5a42295 - - default default] Successfully bumped revision number for resource 64a3f9b9-f9fe-4d29-aa20-bffe5a21955e (type: security_group_rules) to 0
2026-09-03 06:33:06.608 9 INFO neutron.wsgi [None req-72d66864-e5fd-4b65-9743-7ca18434b524 e612c8a076d34ee29730d6ba6ebc4e01 1991c629707741cdb2c77c9fa5a42295 - - default default] 10.0.0.234 "POST /v2.0/security-group-rules HTTP/1.1" status: 201 len: 769 time: 0.1505311
2026-09-03 06:33:06.615 9 INFO neutron.db.ovn_revision_numbers_db [req-71fa3d60-8eaf-46f0-ab41-96bcd48a633b req-d046012e-9412-4669-8c8a-5168e4993894 aa61cc09ae5c44d39b5fcaaf5c0f3958 f653a7731a9647bfa96c390ee85bf804 - - default default] Successfully bumped revision number for resource 97e743f6-4e33-40c5-a00b-cfd865c47bd6 (type: security_groups) to 1
2026-09-03 06:33:06.633 9 INFO neutron.db.ovn_revision_numbers_db [req-71fa3d60-8eaf-46f0-ab41-96bcd48a633b req-d046012e-9412-4669-8c8a-5168e4993894 aa61cc09ae5c44d39b5fcaaf5c0f3958 f653a7731a9647bfa96c390ee85bf804 - - default default] Successfully bumped revision number for resource 5179874e-dde8-4b3c-b1ca-e0c047ec2704 (type: security_group_rules) to 0
2026-09-03 06:33:06.743 9 INFO neutron.db.ovn_revision_numbers_db [req-71fa3d60-8eaf-46f0-ab41-96bcd48a633b req-d046012e-9412-4669-8c8a-5168e4993894 aa61cc09ae5c44d39b5fcaaf5c0f3958 f653a7731a9647bfa96c390ee85bf804 - - default default] Successfully bumped revision number for resource dbc85b31-ff43-4cdc-ac06-ec1208602a1a (type: security_group_rules) to 0
2026-09-03 06:33:06.782 9 INFO neutron.wsgi [req-71fa3d60-8eaf-46f0-ab41-96bcd48a633b req-d046012e-9412-4669-8c8a-5168e4993894 aa61cc09ae5c44d39b5fcaaf5c0f3958 f653a7731a9647bfa96c390ee85bf804 - - default default] 10.0.0.94 "POST /v2.0/security-groups HTTP/1.1" status: 201 len: 1819 time: 0.2759013
2026-09-03 06:33:06.858 9 INFO neutron.wsgi [req-c4735965-1b0b-401e-96a2-45d2ffaef425 req-c3639651-30d8-462e-aea2-5c24e54e18cf aa61cc09ae5c44d39b5fcaaf5c0f3958 f653a7731a9647bfa96c390ee85bf804 - - default default] 10.0.0.94 "GET /v2.0/security-groups?tenant_id=f653a7731a9647bfa96c390ee85bf804 HTTP/1.1" status: 200 len: 7789 time: 0.0525539
2026-09-03 06:33:06.920 9 INFO neutron.wsgi [req-c4735965-1b0b-401e-96a2-45d2ffaef425 req-109f752c-ac91-4ae8-aaa8-53400f346f1d aa61cc09ae5c44d39b5fcaaf5c0f3958 f653a7731a9647bfa96c390ee85bf804 - - default default] 10.0.0.94 "GET /v2.0/security-groups/bc60ca8c-a9d4-4348-b29e-10239fd381d3 HTTP/1.1" status: 200 len: 2994 time: 0.0561996
2026-09-03 06:33:06.942 10 INFO neutron.wsgi [-] 10.0.0.53 "GET / HTTP/1.1" status: 200 len: 246 time: 0.0025959
2026-09-03 06:33:06.946 10 INFO neutron.wsgi [-] 10.0.0.53 "GET / HTTP/1.1" status: 200 len: 246 time: 0.0030367
2026-09-03 06:33:07.040 9 INFO neutron.wsgi [req-c4735965-1b0b-401e-96a2-45d2ffaef425 req-ff3cfcb1-4f82-4914-b524-cf4d025d7e68 aa61cc09ae5c44d39b5fcaaf5c0f3958 f653a7731a9647bfa96c390ee85bf804 - - default default] 10.0.0.94 "GET /v2.0/security-groups/bc60ca8c-a9d4-4348-b29e-10239fd381d3 HTTP/1.1" status: 200 len: 2994 time: 0.1118577
2026-09-03 06:33:07.100 10 INFO neutron.db.ovn_revision_numbers_db [req-af2ed661-4519-4c95-a018-1d83b03cf691 req-fd2a039b-7fd9-4317-b394-9d4862f2e5bc 055e6c01ee33401dac95c890b607f175 3460ed45da3f4d75ba996e03f14443ff - - default default] Successfully bumped revision number for resource ed366bd0-4659-4b29-a462-1d64b64fdbc3 (type: security_groups) to 1
2026-09-03 06:33:07.112 10 INFO neutron.db.ovn_revision_numbers_db [req-af2ed661-4519-4c95-a018-1d83b03cf691 req-fd2a039b-7fd9-4317-b394-9d4862f2e5bc 055e6c01ee33401dac95c890b607f175 3460ed45da3f4d75ba996e03f14443ff - - default default] Successfully bumped revision number for resource 43600e42-1934-4445-a253-bc1fc5166137 (type: security_group_rules) to 0
2026-09-03 06:33:07.125 10 INFO neutron.db.ovn_revision_numbers_db [req-af2ed661-4519-4c95-a018-1d83b03cf691 req-fd2a039b-7fd9-4317-b394-9d4862f2e5bc 055e6c01ee33401dac95c890b607f175 3460ed45da3f4d75ba996e03f14443ff - - default default] Successfully bumped revision number for resource 7a6b0e77-da37-4fa6-89c2-d8b005152d9f (type: security_group_rules) to 0
2026-09-03 06:33:07.135 9 WARNING neutron.scheduler.dhcp_agent_scheduler [None req-4f92eac4-8fbc-45aa-b13c-10ce51ac8d39 e612c8a076d34ee29730d6ba6ebc4e01 1991c629707741cdb2c77c9fa5a42295 - - default default] No more DHCP agents
2026-09-03 06:33:07.139 9 WARNING neutron.api.rpc.agentnotifiers.dhcp_rpc_agent_api [None req-4f92eac4-8fbc-45aa-b13c-10ce51ac8d39 e612c8a076d34ee29730d6ba6ebc4e01 1991c629707741cdb2c77c9fa5a42295 - - default default] Unable to schedule network b7f817bb-0d7a-4e7b-8c68-dd8b3f2c1bb4: no agents available; will retry on subsequent port and subnet creation events.
2026-09-03 06:33:07.142 10 INFO neutron.wsgi [req-af2ed661-4519-4c95-a018-1d83b03cf691 req-fd2a039b-7fd9-4317-b394-9d4862f2e5bc 055e6c01ee33401dac95c890b607f175 3460ed45da3f4d75ba996e03f14443ff - - default default] 10.0.0.94 "POST /v2.0/security-groups HTTP/1.1" status: 201 len: 1825 time: 0.4660859
2026-09-03 06:33:07.161 9 INFO neutron.wsgi [req-fd25c2b0-cf8e-4833-8e01-45bef9a6d971 req-4986aed2-0442-4495-925e-c7f82a05caae aa61cc09ae5c44d39b5fcaaf5c0f3958 f653a7731a9647bfa96c390ee85bf804 - - default default] 10.0.0.94 "GET /v2.0/security-groups/87311663-f6c3-481c-8526-75d39e87a2b5 HTTP/1.1" status: 200 len: 1816 time: 0.0828438
2026-09-03 06:33:07.188 10 INFO neutron.wsgi [req-c87f06cb-be9a-49dc-8806-ec3e27f32942 req-cb9257e7-67f4-4caa-bb21-ff54c368a544 055e6c01ee33401dac95c890b607f175 3460ed45da3f4d75ba996e03f14443ff - - default default] 10.0.0.94 "GET /v2.0/security-groups/ed366bd0-4659-4b29-a462-1d64b64fdbc3 HTTP/1.1" status: 200 len: 1820 time: 0.0224941
2026-09-03 06:33:07.288 10 INFO neutron.db.ovn_revision_numbers_db [req-c87f06cb-be9a-49dc-8806-ec3e27f32942 req-cd51fe2c-14f3-4b09-a5e1-2fea0d42ee90 055e6c01ee33401dac95c890b607f175 3460ed45da3f4d75ba996e03f14443ff - - default default] Successfully bumped revision number for resource 0327dadc-07f9-489d-ae53-4d92412e7a52 (type: security_group_rules) to 0
2026-09-03 06:33:07.312 10 INFO neutron.wsgi [req-c87f06cb-be9a-49dc-8806-ec3e27f32942 req-cd51fe2c-14f3-4b09-a5e1-2fea0d42ee90 055e6c01ee33401dac95c890b607f175 3460ed45da3f4d75ba996e03f14443ff - - default default] 10.0.0.94 "POST /v2.0/security-group-rules HTTP/1.1" status: 201 len: 786 time: 0.1185925
2026-09-03 06:33:07.319 9 INFO neutron.wsgi [req-fd25c2b0-cf8e-4833-8e01-45bef9a6d971 req-606c393d-a837-4ff4-bf7e-47d3248b604f aa61cc09ae5c44d39b5fcaaf5c0f3958 f653a7731a9647bfa96c390ee85bf804 - - default default] 10.0.0.94 "DELETE /v2.0/security-groups/87311663-f6c3-481c-8526-75d39e87a2b5 HTTP/1.1" status: 204 len: 173 time: 0.1494250
2026-09-03 06:33:07.351 10 INFO neutron.api.v2.resource [req-e87092aa-f775-42a4-bfa3-3bcedc54bf5c req-e3da3c4c-97a8-4877-b15e-f7694072f67b aa61cc09ae5c44d39b5fcaaf5c0f3958 f653a7731a9647bfa96c390ee85bf804 - - default default] show failed (client error): The resource could not be found.
2026-09-03 06:33:07.352 10 INFO neutron.wsgi [req-e87092aa-f775-42a4-bfa3-3bcedc54bf5c req-e3da3c4c-97a8-4877-b15e-f7694072f67b aa61cc09ae5c44d39b5fcaaf5c0f3958 f653a7731a9647bfa96c390ee85bf804 - - default default] 10.0.0.94 "GET /v2.0/security-groups/87311663-f6c3-481c-8526-75d39e87a2b5 HTTP/1.1" status: 404 len: 352 time: 0.0103664
2026-09-03 06:33:07.402 10 INFO neutron.wsgi [req-adcc22c2-7ec2-4900-b601-99be665756f2 req-e70baa6f-94cc-4e5c-ad97-6c855c1c54b9 aa61cc09ae5c44d39b5fcaaf5c0f3958 f653a7731a9647bfa96c390ee85bf804 - - default default] 10.0.0.94 "GET /v2.0/security-groups/43c678b4-ab90-414c-97ca-58b7001d9935 HTTP/1.1" status: 200 len: 1816 time: 0.0280781
2026-09-03 06:33:07.433 9 INFO neutron.db.ovn_revision_numbers_db [None req-4f92eac4-8fbc-45aa-b13c-10ce51ac8d39 e612c8a076d34ee29730d6ba6ebc4e01 1991c629707741cdb2c77c9fa5a42295 - - default default] Successfully bumped revision number for resource 7e8d9374-ee7d-42a1-9fde-80c3aaf17d5d (type: floatingips) to 0
2026-09-03 06:33:07.447 9 INFO neutron.wsgi [None req-4f92eac4-8fbc-45aa-b13c-10ce51ac8d39 e612c8a076d34ee29730d6ba6ebc4e01 1991c629707741cdb2c77c9fa5a42295 - - default default] 10.0.0.234 "POST /v2.0/floatingips HTTP/1.1" status: 201 len: 751 time: 0.8328316
2026-09-03 06:33:07.485 9 INFO neutron.db.ovn_revision_numbers_db [req-b92d1768-b4e3-4447-ba27-dff983c3671d req-f7be2fd8-620e-423e-bec5-b030506e121c 055e6c01ee33401dac95c890b607f175 3460ed45da3f4d75ba996e03f14443ff - - default default] Successfully bumped revision number for resource a4f3ff2a-bb81-4aae-95fe-4658d6a2d96b (type: security_groups) to 1
2026-09-03 06:33:07.503 9 INFO neutron.db.ovn_revision_numbers_db [req-b92d1768-b4e3-4447-ba27-dff983c3671d req-f7be2fd8-620e-423e-bec5-b030506e121c 055e6c01ee33401dac95c890b607f175 3460ed45da3f4d75ba996e03f14443ff - - default default] Successfully bumped revision number for resource 78a0a77c-7759-4fdc-b60d-5bb54e17f6d3 (type: security_group_rules) to 0
2026-09-03 06:33:07.532 9 INFO neutron.db.ovn_revision_numbers_db [req-b92d1768-b4e3-4447-ba27-dff983c3671d req-f7be2fd8-620e-423e-bec5-b030506e121c 055e6c01ee33401dac95c890b607f175 3460ed45da3f4d75ba996e03f14443ff - - default default] Successfully bumped revision number for resource c4968a3d-c602-4902-8b49-4fff000dbd63 (type: security_group_rules) to 0
2026-09-03 06:33:07.542 10 INFO neutron.db.ovn_revision_numbers_db [None req-36dc8425-d855-4371-848b-b4817d430dbf 641d77ad130d443cb3e32ba28643beeb 0ed2608e6fc5484f9e46dd884fccf740 - - default default] Successfully bumped revision number for resource 52577568-85bd-432e-b915-3a3b26e25215 (type: security_groups) to 1
2026-09-03 06:33:07.554 9 INFO neutron.wsgi [req-b92d1768-b4e3-4447-ba27-dff983c3671d req-f7be2fd8-620e-423e-bec5-b030506e121c 055e6c01ee33401dac95c890b607f175 3460ed45da3f4d75ba996e03f14443ff - - default default] 10.0.0.94 "POST /v2.0/security-groups HTTP/1.1" status: 201 len: 1825 time: 0.2090240
2026-09-03 06:33:07.564 10 INFO neutron.wsgi [req-adcc22c2-7ec2-4900-b601-99be665756f2 req-dece8df3-3440-4631-95b4-5964303afb0f aa61cc09ae5c44d39b5fcaaf5c0f3958 f653a7731a9647bfa96c390ee85bf804 - - default default] 10.0.0.94 "DELETE /v2.0/security-groups/43c678b4-ab90-414c-97ca-58b7001d9935 HTTP/1.1" status: 204 len: 173 time: 0.1500800
2026-09-03 06:33:07.569 10 INFO neutron.db.ovn_revision_numbers_db [None req-36dc8425-d855-4371-848b-b4817d430dbf 641d77ad130d443cb3e32ba28643beeb 0ed2608e6fc5484f9e46dd884fccf740 - - default default] Successfully bumped revision number for resource 28ae4f9a-19d7-4036-8434-8ba517c1ffd9 (type: security_group_rules) to 0
2026-09-03 06:33:07.582 10 INFO neutron.db.ovn_revision_numbers_db [None req-36dc8425-d855-4371-848b-b4817d430dbf 641d77ad130d443cb3e32ba28643beeb 0ed2608e6fc5484f9e46dd884fccf740 - - default default] Successfully bumped revision number for resource 92cf1622-e43a-44b7-995c-e5ec108fc5c7 (type: security_group_rules) to 0
2026-09-03 06:33:07.597 10 INFO neutron.api.v2.resource [req-a89b9a22-9466-4be0-988d-1a40dd2d7730 req-9171c408-d2de-400a-8110-495179f7aa64 aa61cc09ae5c44d39b5fcaaf5c0f3958 f653a7731a9647bfa96c390ee85bf804 - - default default] show failed (client error): The resource could not be found.
2026-09-03 06:33:07.599 10 INFO neutron.wsgi [req-a89b9a22-9466-4be0-988d-1a40dd2d7730 req-9171c408-d2de-400a-8110-495179f7aa64 aa61cc09ae5c44d39b5fcaaf5c0f3958 f653a7731a9647bfa96c390ee85bf804 - - default default] 10.0.0.94 "GET /v2.0/security-groups/43c678b4-ab90-414c-97ca-58b7001d9935 HTTP/1.1" status: 404 len: 352 time: 0.0136061
2026-09-03 06:33:07.600 10 INFO neutron.db.ovn_revision_numbers_db [None req-36dc8425-d855-4371-848b-b4817d430dbf 641d77ad130d443cb3e32ba28643beeb 0ed2608e6fc5484f9e46dd884fccf740 - - default default] Successfully bumped revision number for resource c6bcb253-6b24-4cff-81e5-03d8b626ba71 (type: security_group_rules) to 0
2026-09-03 06:33:07.614 10 INFO neutron.db.ovn_revision_numbers_db [None req-36dc8425-d855-4371-848b-b4817d430dbf 641d77ad130d443cb3e32ba28643beeb 0ed2608e6fc5484f9e46dd884fccf740 - - default default] Successfully bumped revision number for resource e9f66d60-8d2d-49d1-8d2a-3878a18eeefd (type: security_group_rules) to 0
2026-09-03 06:33:07.628 9 INFO neutron.wsgi [req-23ca51c3-5d86-48bc-ab71-3e4a6a8792a6 req-52ef3607-d962-4ba2-9097-7dc1c4b995af 055e6c01ee33401dac95c890b607f175 3460ed45da3f4d75ba996e03f14443ff - - default default] 10.0.0.94 "GET /v2.0/security-groups/a4f3ff2a-bb81-4aae-95fe-4658d6a2d96b HTTP/1.1" status: 200 len: 1820 time: 0.0420158
2026-09-03 06:33:07.639 10 INFO neutron.wsgi [None req-36dc8425-d855-4371-848b-b4817d430dbf 641d77ad130d443cb3e32ba28643beeb 0ed2608e6fc5484f9e46dd884fccf740 - - default default] 10.0.0.234 "GET /v2.0/security-groups?tenant_id=e39c4646ae6945ebaaf0874c70f9c731&name=default HTTP/1.1" status: 200 len: 2996 time: 0.4231191
2026-09-03 06:33:07.660 10 INFO neutron.wsgi [req-00b735b2-c322-4506-85a9-3728f2c68200 req-6b6e4969-456f-4a34-9211-f314932c2ff0 aa61cc09ae5c44d39b5fcaaf5c0f3958 f653a7731a9647bfa96c390ee85bf804 - - default default] 10.0.0.94 "GET /v2.0/security-groups/97e743f6-4e33-40c5-a00b-cfd865c47bd6 HTTP/1.1" status: 200 len: 1814 time: 0.0376246
2026-09-03 06:33:07.743 9 INFO neutron.db.ovn_revision_numbers_db [req-23ca51c3-5d86-48bc-ab71-3e4a6a8792a6 req-bc126cb6-3b2c-4520-90ca-34869397ca0a 055e6c01ee33401dac95c890b607f175 3460ed45da3f4d75ba996e03f14443ff - - default default] Successfully bumped revision number for resource ac80c1c1-f82b-479d-8c9b-9fe07df9cabb (type: security_group_rules) to 0
2026-09-03 06:33:07.774 9 INFO neutron.wsgi [req-23ca51c3-5d86-48bc-ab71-3e4a6a8792a6 req-bc126cb6-3b2c-4520-90ca-34869397ca0a 055e6c01ee33401dac95c890b607f175 3460ed45da3f4d75ba996e03f14443ff - - default default] 10.0.0.94 "POST /v2.0/security-group-rules HTTP/1.1" status: 201 len: 786 time: 0.1388223
2026-09-03 06:33:07.784 10 INFO neutron.wsgi [req-00b735b2-c322-4506-85a9-3728f2c68200 req-994b3131-058d-4961-9d12-7663a277edc8 aa61cc09ae5c44d39b5fcaaf5c0f3958 f653a7731a9647bfa96c390ee85bf804 - - default default] 10.0.0.94 "DELETE /v2.0/security-groups/97e743f6-4e33-40c5-a00b-cfd865c47bd6 HTTP/1.1" status: 204 len: 173 time: 0.1163960
2026-09-03 06:33:07.816 10 INFO neutron.api.v2.resource [req-185bc0ed-efe0-430b-a0e3-5f0eaa6cc573 req-d770cff5-06b2-4ae6-a96e-96e979910335 aa61cc09ae5c44d39b5fcaaf5c0f3958 f653a7731a9647bfa96c390ee85bf804 - - default default] show failed (client error): The resource could not be found.
2026-09-03 06:33:07.817 10 INFO neutron.wsgi [req-185bc0ed-efe0-430b-a0e3-5f0eaa6cc573 req-d770cff5-06b2-4ae6-a96e-96e979910335 aa61cc09ae5c44d39b5fcaaf5c0f3958 f653a7731a9647bfa96c390ee85bf804 - - default default] 10.0.0.94 "GET /v2.0/security-groups/97e743f6-4e33-40c5-a00b-cfd865c47bd6 HTTP/1.1" status: 404 len: 352 time: 0.0110807
2026-09-03 06:33:07.831 10 INFO neutron.wsgi [None req-3521934c-cd9b-47d5-824c-50bee9e41c27 641d77ad130d443cb3e32ba28643beeb 0ed2608e6fc5484f9e46dd884fccf740 - - default default] 10.0.0.234 "DELETE /v2.0/security-groups/52577568-85bd-432e-b915-3a3b26e25215 HTTP/1.1" status: 204 len: 168 time: 0.1869061
2026-09-03 06:33:07.837 9 INFO neutron.wsgi [req-611c0668-80a9-443c-ab59-d8887a03feff req-54cfe4bb-7755-42ed-9b21-442ed63dc179 055e6c01ee33401dac95c890b607f175 3460ed45da3f4d75ba996e03f14443ff - - default default] 10.0.0.94 "GET /v2.0/security-groups/a4f3ff2a-bb81-4aae-95fe-4658d6a2d96b HTTP/1.1" status: 200 len: 2413 time: 0.0319903
2026-09-03 06:33:07.902 10 INFO neutron.wsgi [req-598cea06-75d5-4201-83bf-6ee3f76736a6 req-afdb0c15-cf88-407a-b840-34495f2a30f4 aa61cc09ae5c44d39b5fcaaf5c0f3958 f653a7731a9647bfa96c390ee85bf804 - - default default] 10.0.0.94 "GET /v2.0/security-groups?tenant_id=f653a7731a9647bfa96c390ee85bf804 HTTP/1.1" status: 200 len: 2997 time: 0.0586047
2026-09-03 06:33:07.913 10 INFO neutron.plugins.ml2.drivers.ovn.mech_driver.mech_driver [None req-e48a7550-56f1-434b-a515-5b82a69dcb49 - - - - - -] OVN reports status up for port: 0e777537-d99a-4b8d-8865-1ef97f1f2590
2026-09-03 06:33:07.928 10 INFO neutron.plugins.ml2.plugin [None req-e48a7550-56f1-434b-a515-5b82a69dcb49 - - - - - -] Attempt 1 to provision port 0e777537-d99a-4b8d-8865-1ef97f1f2590
2026-09-03 06:33:07.951 10 INFO neutron.wsgi [req-598cea06-75d5-4201-83bf-6ee3f76736a6 req-cf07c85e-5eb2-481b-9a70-45c3a776e454 aa61cc09ae5c44d39b5fcaaf5c0f3958 f653a7731a9647bfa96c390ee85bf804 - - default default] 10.0.0.94 "GET /v2.0/security-groups/bc60ca8c-a9d4-4348-b29e-10239fd381d3 HTTP/1.1" status: 200 len: 2994 time: 0.0398130
2026-09-03 06:33:07.962 9 INFO neutron.db.ovn_revision_numbers_db [req-611c0668-80a9-443c-ab59-d8887a03feff req-c6a57747-7071-42d0-81dd-af42877d6555 055e6c01ee33401dac95c890b607f175 3460ed45da3f4d75ba996e03f14443ff - - default default] Successfully bumped revision number for resource bf3f0944-8b63-49a6-95e8-a0316e2f184c (type: security_group_rules) to 0
2026-09-03 06:33:07.990 10 INFO neutron.wsgi [req-598cea06-75d5-4201-83bf-6ee3f76736a6 req-06aef004-84c0-4109-a4c0-757f6b814152 aa61cc09ae5c44d39b5fcaaf5c0f3958 f653a7731a9647bfa96c390ee85bf804 - - default default] 10.0.0.94 "GET /v2.0/security-groups/bc60ca8c-a9d4-4348-b29e-10239fd381d3 HTTP/1.1" status: 200 len: 2994 time: 0.0327141
2026-09-03 06:33:07.993 9 INFO neutron.wsgi [req-611c0668-80a9-443c-ab59-d8887a03feff req-c6a57747-7071-42d0-81dd-af42877d6555 055e6c01ee33401dac95c890b607f175 3460ed45da3f4d75ba996e03f14443ff - - default default] 10.0.0.94 "POST /v2.0/security-group-rules HTTP/1.1" status: 201 len: 791 time: 0.1480515
2026-09-03 06:33:08.065 9 INFO neutron.api.v2.resource [req-c2e1f487-163b-4f28-9e08-70bec35d985e req-1a31ed8b-4f24-4090-8039-1b92646c39ff aa61cc09ae5c44d39b5fcaaf5c0f3958 f653a7731a9647bfa96c390ee85bf804 - - default default] show failed (client error): The resource could not be found.
2026-09-03 06:33:08.067 9 INFO neutron.wsgi [req-c2e1f487-163b-4f28-9e08-70bec35d985e req-1a31ed8b-4f24-4090-8039-1b92646c39ff aa61cc09ae5c44d39b5fcaaf5c0f3958 f653a7731a9647bfa96c390ee85bf804 - - default default] 10.0.0.94 "GET /v2.0/security-groups/97e743f6-4e33-40c5-a00b-cfd865c47bd6 HTTP/1.1" status: 404 len: 352 time: 0.0185196
2026-09-03 06:33:08.104 10 INFO neutron.wsgi [req-33c2bd9a-be1d-4f90-88ee-9beabe78d178 req-edeb9264-d35f-4b66-92ff-42f9ff1dfac9 055e6c01ee33401dac95c890b607f175 3460ed45da3f4d75ba996e03f14443ff - - default default] 10.0.0.94 "GET /v2.0/security-groups/a4f3ff2a-bb81-4aae-95fe-4658d6a2d96b HTTP/1.1" status: 200 len: 3011 time: 0.0577030
2026-09-03 06:33:08.111 9 INFO neutron.api.v2.resource [req-76e180bc-b996-4b92-9c26-dd072ad97c15 req-69bcd95d-6785-498d-aaa6-65701353debc aa61cc09ae5c44d39b5fcaaf5c0f3958 f653a7731a9647bfa96c390ee85bf804 - - default default] show failed (client error): The resource could not be found.
2026-09-03 06:33:08.113 9 INFO neutron.wsgi [req-76e180bc-b996-4b92-9c26-dd072ad97c15 req-69bcd95d-6785-498d-aaa6-65701353debc aa61cc09ae5c44d39b5fcaaf5c0f3958 f653a7731a9647bfa96c390ee85bf804 - - default default] 10.0.0.94 "GET /v2.0/security-groups/43c678b4-ab90-414c-97ca-58b7001d9935 HTTP/1.1" status: 404 len: 352 time: 0.0161202
2026-09-03 06:33:08.149 9 INFO neutron.api.v2.resource [req-fc1cc6f3-b340-4f8c-9ddd-79be81c4e756 req-c7b34577-4b14-4c6c-a183-df63afaa40e0 aa61cc09ae5c44d39b5fcaaf5c0f3958 f653a7731a9647bfa96c390ee85bf804 - - default default] show failed (client error): The resource could not be found.
2026-09-03 06:33:08.151 9 INFO neutron.wsgi [req-fc1cc6f3-b340-4f8c-9ddd-79be81c4e756 req-c7b34577-4b14-4c6c-a183-df63afaa40e0 aa61cc09ae5c44d39b5fcaaf5c0f3958 f653a7731a9647bfa96c390ee85bf804 - - default default] 10.0.0.94 "GET /v2.0/security-groups/87311663-f6c3-481c-8526-75d39e87a2b5 HTTP/1.1" status: 404 len: 352 time: 0.0156560
2026-09-03 06:33:08.169 10 INFO neutron.wsgi [req-0a071e1f-53f4-4ebf-a292-0eefda249b59 req-042fa3b4-deca-490c-8b81-9a316eacf7c9 055e6c01ee33401dac95c890b607f175 3460ed45da3f4d75ba996e03f14443ff - - default default] 10.0.0.94 "GET /v2.0/security-group-rules/bf3f0944-8b63-49a6-95e8-a0316e2f184c HTTP/1.1" status: 200 len: 783 time: 0.0279918
2026-09-03 06:33:08.225 10 INFO neutron.wsgi [req-0a071e1f-53f4-4ebf-a292-0eefda249b59 req-830a1d5c-f6cf-4e56-8112-7bc2d24d8e7f 055e6c01ee33401dac95c890b607f175 3460ed45da3f4d75ba996e03f14443ff - - default default] 10.0.0.94 "GET /v2.0/security-groups/a4f3ff2a-bb81-4aae-95fe-4658d6a2d96b HTTP/1.1" status: 200 len: 3011 time: 0.0497017
2026-09-03 06:33:08.227 10 INFO neutron.db.ovn_revision_numbers_db [None req-d2067e90-f126-48fb-b1d1-c9b70dff3def 641d77ad130d443cb3e32ba28643beeb 0ed2608e6fc5484f9e46dd884fccf740 - - default default] Successfully bumped revision number for resource b0083ee9-6e88-4059-ada3-a34cf6380702 (type: security_groups) to 1
2026-09-03 06:33:08.252 10 INFO neutron.db.ovn_revision_numbers_db [None req-d2067e90-f126-48fb-b1d1-c9b70dff3def 641d77ad130d443cb3e32ba28643beeb 0ed2608e6fc5484f9e46dd884fccf740 - - default default] Successfully bumped revision number for resource 8c9198f0-ddc6-442b-89ad-e9540214756d (type: security_group_rules) to 0
2026-09-03 06:33:08.277 10 INFO neutron.db.ovn_revision_numbers_db [None req-d2067e90-f126-48fb-b1d1-c9b70dff3def 641d77ad130d443cb3e32ba28643beeb 0ed2608e6fc5484f9e46dd884fccf740 - - default default] Successfully bumped revision number for resource 97822644-87b0-4c12-9e59-df25b190da72 (type: security_group_rules) to 0
2026-09-03 06:33:08.285 10 INFO neutron.db.ovn_revision_numbers_db [None req-e48a7550-56f1-434b-a515-5b82a69dcb49 - - - - - -] Successfully bumped revision number for resource 0e777537-d99a-4b8d-8865-1ef97f1f2590 (type: ports) to 2
2026-09-03 06:33:08.295 10 INFO neutron.db.ovn_revision_numbers_db [None req-d2067e90-f126-48fb-b1d1-c9b70dff3def 641d77ad130d443cb3e32ba28643beeb 0ed2608e6fc5484f9e46dd884fccf740 - - default default] Successfully bumped revision number for resource 98adb660-4afc-4dec-b377-4bd2946ef01a (type: security_group_rules) to 0
2026-09-03 06:33:08.329 10 INFO neutron.db.ovn_revision_numbers_db [None req-d2067e90-f126-48fb-b1d1-c9b70dff3def 641d77ad130d443cb3e32ba28643beeb 0ed2608e6fc5484f9e46dd884fccf740 - - default default] Successfully bumped revision number for resource be3dadd4-5391-43c4-81cb-1e62ae47abab (type: security_group_rules) to 0
2026-09-03 06:33:08.361 10 INFO neutron.wsgi [None req-d2067e90-f126-48fb-b1d1-c9b70dff3def 641d77ad130d443cb3e32ba28643beeb 0ed2608e6fc5484f9e46dd884fccf740 - - default default] 10.0.0.234 "GET /v2.0/security-groups?tenant_id=13ddbcf5ce0c4c6e879e494ba123c363&name=default HTTP/1.1" status: 200 len: 2996 time: 0.3560057
2026-09-03 06:33:08.428 10 INFO neutron.wsgi [req-0a071e1f-53f4-4ebf-a292-0eefda249b59 req-5bda3ae1-f288-47e6-806b-5b9317569c3b 055e6c01ee33401dac95c890b607f175 3460ed45da3f4d75ba996e03f14443ff - - default default] 10.0.0.94 "DELETE /v2.0/security-group-rules/bf3f0944-8b63-49a6-95e8-a0316e2f184c HTTP/1.1" status: 204 len: 173 time: 0.1953585
2026-09-03 06:33:08.452 10 INFO neutron.db.ovn_revision_numbers_db [None req-e48a7550-56f1-434b-a515-5b82a69dcb49 - - - - - -] Successfully bumped revision number for resource 0e777537-d99a-4b8d-8865-1ef97f1f2590 (type: router_ports) to 2
2026-09-03 06:33:08.539 9 INFO neutron.wsgi [req-e4048224-adde-4c81-bc3e-0ea7f8a23a95 req-e433c670-7532-4ba2-a114-c74b6353106a 055e6c01ee33401dac95c890b607f175 3460ed45da3f4d75ba996e03f14443ff - - default default] 10.0.0.94 "GET /v2.0/security-groups/a4f3ff2a-bb81-4aae-95fe-4658d6a2d96b HTTP/1.1" status: 200 len: 2413 time: 0.0696754
2026-09-03 06:33:08.613 10 INFO neutron.wsgi [None req-ccce2999-c83e-4278-b2c0-0de7d028bd59 641d77ad130d443cb3e32ba28643beeb 0ed2608e6fc5484f9e46dd884fccf740 - - default default] 10.0.0.234 "DELETE /v2.0/security-groups/b0083ee9-6e88-4059-ada3-a34cf6380702 HTTP/1.1" status: 204 len: 168 time: 0.2468007
2026-09-03 06:33:08.766 9 INFO neutron.wsgi [req-e4048224-adde-4c81-bc3e-0ea7f8a23a95 req-6a737e47-7525-4977-890b-99466127ae91 055e6c01ee33401dac95c890b607f175 3460ed45da3f4d75ba996e03f14443ff - - default default] 10.0.0.94 "DELETE /v2.0/security-groups/a4f3ff2a-bb81-4aae-95fe-4658d6a2d96b HTTP/1.1" status: 204 len: 173 time: 0.2160029
2026-09-03 06:33:08.829 10 INFO neutron.wsgi [req-54ad15e0-146d-4f24-8230-7165f4e4c57a req-6ced736c-859c-412f-a386-e104b87cbe60 055e6c01ee33401dac95c890b607f175 3460ed45da3f4d75ba996e03f14443ff - - default default] 10.0.0.94 "GET /v2.0/security-groups/ed366bd0-4659-4b29-a462-1d64b64fdbc3 HTTP/1.1" status: 200 len: 2413 time: 0.0424042
2026-09-03 06:33:08.963 10 INFO neutron.wsgi [req-54ad15e0-146d-4f24-8230-7165f4e4c57a req-9f9a39aa-52b7-424f-8532-ceea66e90a7a 055e6c01ee33401dac95c890b607f175 3460ed45da3f4d75ba996e03f14443ff - - default default] 10.0.0.94 "DELETE /v2.0/security-groups/ed366bd0-4659-4b29-a462-1d64b64fdbc3 HTTP/1.1" status: 204 len: 173 time: 0.1275542
2026-09-03 06:33:09.478 9 WARNING neutron.plugins.ml2.drivers.ovn.mech_driver.ovsdb.ovn_client [None req-8fe5edfe-5033-412e-9fe9-c3dda07e105e - - - - - -] No port found with ID 8ee0eade-a7f6-46d2-963f-54974b848d2b: RuntimeError: No port found with ID 8ee0eade-a7f6-46d2-963f-54974b848d2b
2026-09-03 06:33:09.479 9 INFO neutron.plugins.ml2.drivers.ovn.mech_driver.mech_driver [None req-8fe5edfe-5033-412e-9fe9-c3dda07e105e - - - - - -] OVN reports status up for port: 14f53ed2-8e1e-487e-9d64-b11823f28788
2026-09-03 06:33:09.496 9 INFO neutron.plugins.ml2.plugin [None req-8fe5edfe-5033-412e-9fe9-c3dda07e105e - - - - - -] Attempt 1 to provision port 14f53ed2-8e1e-487e-9d64-b11823f28788
2026-09-03 06:33:09.717 9 INFO neutron.wsgi [None req-865ad050-3c79-4fcc-b751-411fd0979279 641d77ad130d443cb3e32ba28643beeb 0ed2608e6fc5484f9e46dd884fccf740 - - default default] 10.0.0.234 "PUT /v2.0/routers/8ff10cc6-bf2a-4630-9ecc-e8ef82f65550/remove_router_interface HTTP/1.1" status: 200 len: 503 time: 1.5578041
2026-09-03 06:33:09.899 9 INFO neutron.db.ovn_revision_numbers_db [None req-8fe5edfe-5033-412e-9fe9-c3dda07e105e - - - - - -] Successfully bumped revision number for resource 14f53ed2-8e1e-487e-9d64-b11823f28788 (type: ports) to 2
2026-09-03 06:33:10.058 9 INFO neutron.db.ovn_revision_numbers_db [None req-8fe5edfe-5033-412e-9fe9-c3dda07e105e - - - - - -] Successfully bumped revision number for resource 14f53ed2-8e1e-487e-9d64-b11823f28788 (type: router_ports) to 2
2026-09-03 06:33:10.316 9 INFO neutron.wsgi [None req-af8bbc3f-2ad7-4f69-884b-7c3b007eda75 641d77ad130d443cb3e32ba28643beeb 0ed2608e6fc5484f9e46dd884fccf740 - - default default] 10.0.0.234 "PUT /v2.0/routers/efd0e5da-d3db-483c-ac47-ebbdecd38692/remove_router_interface HTTP/1.1" status: 200 len: 503 time: 1.3374903 /var/lib/openstack/lib/python3.10/site-packages/pycadf/identifier.py:71: UserWarning: Invalid uuid: neutron. To ensure interoperability, identifiers should be a valid uuid. warnings.warn(('Invalid uuid: %s. To ensure interoperability, '
2026-09-03 06:33:10.392 10 INFO neutron.wsgi [None req-fed57685-acbb-405d-b980-826207b20dee 641d77ad130d443cb3e32ba28643beeb 0ed2608e6fc5484f9e46dd884fccf740 - - default default] 10.0.0.234 "DELETE /v2.0/routers/8ff10cc6-bf2a-4630-9ecc-e8ef82f65550 HTTP/1.1" status: 204 len: 168 time: 0.6664996
2026-09-03 06:33:10.693 9 INFO neutron.wsgi [None req-3d6ad2ae-8074-4835-8c09-2b1a0a81f5a7 641d77ad130d443cb3e32ba28643beeb 0ed2608e6fc5484f9e46dd884fccf740 - - default default] 10.0.0.234 "DELETE /v2.0/subnets/10f0275a-7bad-4b91-a08f-326344e29174 HTTP/1.1" status: 204 len: 168 time: 0.2959964
2026-09-03 06:33:10.959 9 INFO neutron.wsgi [None req-90e3dd54-0b24-4edc-980f-814092f92046 641d77ad130d443cb3e32ba28643beeb 0ed2608e6fc5484f9e46dd884fccf740 - - default default] 10.0.0.234 "DELETE /v2.0/routers/efd0e5da-d3db-483c-ac47-ebbdecd38692 HTTP/1.1" status: 204 len: 168 time: 0.6367164
2026-09-03 06:33:11.142 10 INFO neutron.wsgi [None req-44e3bbac-1097-4ddd-aabf-d435042036ce 641d77ad130d443cb3e32ba28643beeb 0ed2608e6fc5484f9e46dd884fccf740 - - default default] 10.0.0.234 "DELETE /v2.0/networks/4bd3ff96-a76a-4ff5-9b01-b35f492abfc9 HTTP/1.1" status: 204 len: 168 time: 0.4419112
2026-09-03 06:33:11.180 9 INFO neutron.wsgi [None req-8987ecde-3396-4786-87b5-fc00d0d59f14 641d77ad130d443cb3e32ba28643beeb 0ed2608e6fc5484f9e46dd884fccf740 - - default default] 10.0.0.234 "DELETE /v2.0/subnets/3b79fc0c-4b6b-4eed-b806-eae57d207349 HTTP/1.1" status: 204 len: 168 time: 0.2165661
2026-09-03 06:33:11.313 10 INFO neutron.wsgi [None req-5b6498ee-f0d7-43a6-b792-6d45cc3b3b42 641d77ad130d443cb3e32ba28643beeb 0ed2608e6fc5484f9e46dd884fccf740 - - default default] 10.0.0.234 "GET /v2.0/security-groups?tenant_id=f653a7731a9647bfa96c390ee85bf804&name=default HTTP/1.1" status: 200 len: 2992 time: 0.0347524
2026-09-03 06:33:11.545 10 INFO neutron.wsgi [None req-43b73e4a-7446-475f-bcfa-fee0bca6ece8 641d77ad130d443cb3e32ba28643beeb 0ed2608e6fc5484f9e46dd884fccf740 - - default default] 10.0.0.234 "DELETE /v2.0/security-groups/bc60ca8c-a9d4-4348-b29e-10239fd381d3 HTTP/1.1" status: 204 len: 168 time: 0.2276351
2026-09-03 06:33:11.600 9 INFO neutron.wsgi [None req-ef3da0a7-d483-4291-a23d-e2e26be75d32 641d77ad130d443cb3e32ba28643beeb 0ed2608e6fc5484f9e46dd884fccf740 - - default default] 10.0.0.234 "DELETE /v2.0/networks/f71308c8-9dab-4c9e-8a50-91da0aa4672b HTTP/1.1" status: 204 len: 168 time: 0.4082913
2026-09-03 06:33:11.625 10 INFO neutron.services.segments.plugin [-] Segment 35280877-245f-450f-9a96-c14525543636 resource provider aggregate not found
2026-09-03 06:33:11.635 10 INFO neutron.services.segments.plugin [-] Segment 35280877-245f-450f-9a96-c14525543636 resource provider aggregate not found
2026-09-03 06:33:11.656 10 INFO neutron.services.segments.plugin [-] Segment 35280877-245f-450f-9a96-c14525543636 resource provider not found; error: Placement Client Error (4xx): {"errors": [{"status": 404, "title": "Not Found", "detail": "The resource could not be found.\n\n No resource provider with uuid 35280877-245f-450f-9a96-c14525543636 found for delete ", "request_id": "req-db27690b-d35d-46e9-aecf-c85a6708e52b"}]}
