2026-09-03 06:34:42.783 9 INFO neutron.wsgi [req-64e5f289-378d-4059-93e6-47af60800fa9 req-886ec3c3-18ae-4300-b1f3-dcd179aee65b 2739c21e6e074eceb977829f225200cf e7a56a4a3c6e45f1a4f4960960c380de - - bfa1cda75a854b7b896a13bc42399ab6 bfa1cda75a854b7b896a13bc42399ab6] 162.253.55.149 "GET /v2.0/ports?tenant_id=44fcb7bd17d644e38df76f1c5105a03f&device_id=ff98e391-81a2-461a-8c7e-118bb93c5b96 HTTP/1.1" status: 200 len: 1413 time: 0.0276122
2026-09-03 06:34:42.805 9 WARNING neutron.scheduler.dhcp_agent_scheduler [None req-87f66e7b-02bc-4936-b18f-853477aaeeca 8a7059632caa42ee9027243f1515611f ab6185729993489fa51223322158b2c6 - - default default] No more DHCP agents
2026-09-03 06:34:42.807 9 WARNING neutron.api.rpc.agentnotifiers.dhcp_rpc_agent_api [None req-87f66e7b-02bc-4936-b18f-853477aaeeca 8a7059632caa42ee9027243f1515611f ab6185729993489fa51223322158b2c6 - - default default] Unable to schedule network 1de79bd8-2198-46af-aea3-0603e79132e4: no agents available; will retry on subsequent port and subnet creation events.
2026-09-03 06:34:42.855 9 INFO neutron.wsgi [req-64e5f289-378d-4059-93e6-47af60800fa9 req-d7dd5c70-cdbb-46ba-9b17-eab525f29282 2739c21e6e074eceb977829f225200cf e7a56a4a3c6e45f1a4f4960960c380de - - bfa1cda75a854b7b896a13bc42399ab6 bfa1cda75a854b7b896a13bc42399ab6] 162.253.55.149 "GET /v2.0/networks?id=1ad14644-2ae9-4322-aad5-233cabcd9320 HTTP/1.1" status: 200 len: 956 time: 0.0639267
2026-09-03 06:34:42.901 9 INFO neutron.wsgi [req-64e5f289-378d-4059-93e6-47af60800fa9 req-e353b380-28ee-4991-a70e-ec08a0d46222 2739c21e6e074eceb977829f225200cf e7a56a4a3c6e45f1a4f4960960c380de - - bfa1cda75a854b7b896a13bc42399ab6 bfa1cda75a854b7b896a13bc42399ab6] 162.253.55.149 "GET /v2.0/floatingips?fixed_ip_address=10.100.0.11&port_id=967f29f3-ad57-4f69-8208-837a1c29df14 HTTP/1.1" status: 200 len: 1060 time: 0.0365911
2026-09-03 06:34:42.940 10 INFO neutron.db.ovn_revision_numbers_db [None req-6ddded41-6ad4-491b-95a8-5087c43aef6d a635c3ef5f064841b4a9078c2d9a5978 058adf8f1fe046739d0638728f140773 - - default default] Successfully bumped revision number for resource cdb1afd8-6662-4c52-898d-fb6994754b92 (type: ports) to 2
2026-09-03 06:34:42.943 9 INFO neutron.wsgi [req-64e5f289-378d-4059-93e6-47af60800fa9 req-0b4bf69c-b97b-4c88-801c-0fec908e65a4 2739c21e6e074eceb977829f225200cf e7a56a4a3c6e45f1a4f4960960c380de - - bfa1cda75a854b7b896a13bc42399ab6 bfa1cda75a854b7b896a13bc42399ab6] 162.253.55.149 "GET /v2.0/subnets?id=82e318c7-c2a0-44e6-8e44-57bbb9f79b45 HTTP/1.1" status: 200 len: 853 time: 0.0356758
2026-09-03 06:34:42.947 10 INFO neutron.wsgi [None req-6ddded41-6ad4-491b-95a8-5087c43aef6d a635c3ef5f064841b4a9078c2d9a5978 058adf8f1fe046739d0638728f140773 - - default default] 10.0.0.234 "PUT /v2.0/ports/cdb1afd8-6662-4c52-898d-fb6994754b92 HTTP/1.1" status: 200 len: 946 time: 0.1971507 /var/lib/openstack/lib/python3.10/site-packages/pycadf/identifier.py:71: UserWarning: Invalid uuid: neutron. To ensure interoperability, identifiers should be a valid uuid. warnings.warn(('Invalid uuid: %s. To ensure interoperability, '
2026-09-03 06:34:42.967 9 INFO neutron.wsgi [req-64e5f289-378d-4059-93e6-47af60800fa9 req-62155ca6-daaa-448a-9a8d-8fc1b1dd449d 2739c21e6e074eceb977829f225200cf e7a56a4a3c6e45f1a4f4960960c380de - - bfa1cda75a854b7b896a13bc42399ab6 bfa1cda75a854b7b896a13bc42399ab6] 162.253.55.149 "GET /v2.0/ports?network_id=1ad14644-2ae9-4322-aad5-233cabcd9320&device_owner=network%3Adhcp HTTP/1.1" status: 200 len: 210 time: 0.0180979
2026-09-03 06:34:43.029 9 INFO neutron.db.ovn_revision_numbers_db [None req-87f66e7b-02bc-4936-b18f-853477aaeeca 8a7059632caa42ee9027243f1515611f ab6185729993489fa51223322158b2c6 - - default default] Successfully bumped revision number for resource f8c2ef9c-3b97-4096-a3b0-ec9996502a97 (type: router_ports) to 1
2026-09-03 06:34:43.031 9 INFO neutron.wsgi [None req-87f66e7b-02bc-4936-b18f-853477aaeeca 8a7059632caa42ee9027243f1515611f ab6185729993489fa51223322158b2c6 - - default default] 10.0.0.234 "PUT /v2.0/routers/7536683d-14fd-4fa4-b234-4434628d4e66/add_router_interface HTTP/1.1" status: 200 len: 503 time: 1.5431995
2026-09-03 06:34:43.048 9 INFO neutron.wsgi [req-64e5f289-378d-4059-93e6-47af60800fa9 req-6d178f42-2d55-4617-80ff-1166dca5b7aa 2739c21e6e074eceb977829f225200cf e7a56a4a3c6e45f1a4f4960960c380de - - bfa1cda75a854b7b896a13bc42399ab6 bfa1cda75a854b7b896a13bc42399ab6] 162.253.55.149 "GET /v2.0/networks/1ad14644-2ae9-4322-aad5-233cabcd9320?fields=segments HTTP/1.1" status: 200 len: 212 time: 0.0748656
2026-09-03 06:34:43.121 9 INFO neutron.wsgi [req-64e5f289-378d-4059-93e6-47af60800fa9 req-672cece9-f771-4084-b200-16a63cb5851b 2739c21e6e074eceb977829f225200cf e7a56a4a3c6e45f1a4f4960960c380de - - bfa1cda75a854b7b896a13bc42399ab6 bfa1cda75a854b7b896a13bc42399ab6] 162.253.55.149 "GET /v2.0/networks/1ad14644-2ae9-4322-aad5-233cabcd9320?fields=provider%3Aphysical_network&fields=provider%3Anetwork_type HTTP/1.1" status: 200 len: 277 time: 0.0655632
2026-09-03 06:34:43.143 9 INFO neutron.wsgi [None req-ec7b734c-9e11-4bee-a261-5d25dd9d1325 8a7059632caa42ee9027243f1515611f ab6185729993489fa51223322158b2c6 - - default default] 10.0.0.234 "GET /v2.0/ports/f8c2ef9c-3b97-4096-a3b0-ec9996502a97 HTTP/1.1" status: 200 len: 1135 time: 0.1041269
2026-09-03 06:34:43.173 10 INFO neutron.wsgi [None req-831114b8-e7e2-4fcd-9121-1d1debef2bd0 a635c3ef5f064841b4a9078c2d9a5978 058adf8f1fe046739d0638728f140773 - - default default] 10.0.0.234 "DELETE /v2.0/ports/cdb1afd8-6662-4c52-898d-fb6994754b92 HTTP/1.1" status: 204 len: 168 time: 0.2210951
2026-09-03 06:34:43.178 10 INFO neutron.wsgi [None req-d83ef619-5924-49f2-bd8c-1e5b2d7144d0 8a7059632caa42ee9027243f1515611f ab6185729993489fa51223322158b2c6 - - default default] 10.0.0.234 "GET /v2.0/ports/f8c2ef9c-3b97-4096-a3b0-ec9996502a97 HTTP/1.1" status: 200 len: 1135 time: 0.0270844
2026-09-03 06:34:43.250 9 INFO neutron.wsgi [None req-83cc98e5-78a0-4be5-8c11-b88f412c86e4 a635c3ef5f064841b4a9078c2d9a5978 058adf8f1fe046739d0638728f140773 - - default default] 10.0.0.234 "GET /v2.0/ports HTTP/1.1" status: 200 len: 1732 time: 0.0723891
2026-09-03 06:34:43.267 9 INFO neutron.pecan_wsgi.hooks.translation [None req-23b58e2e-b34f-4ceb-852c-5356b5a718df a635c3ef5f064841b4a9078c2d9a5978 058adf8f1fe046739d0638728f140773 - - default default] GET failed (client error): The resource could not be found.
2026-09-03 06:34:43.268 9 INFO neutron.wsgi [None req-23b58e2e-b34f-4ceb-852c-5356b5a718df a635c3ef5f064841b4a9078c2d9a5978 058adf8f1fe046739d0638728f140773 - - default default] 10.0.0.234 "GET /v2.0/ports/cdb1afd8-6662-4c52-898d-fb6994754b92 HTTP/1.1" status: 404 len: 333 time: 0.0128906
2026-09-03 06:34:43.301 9 INFO neutron.wsgi [None req-6f58a2ea-a126-4c73-a181-f71c8ac2e573 a635c3ef5f064841b4a9078c2d9a5978 058adf8f1fe046739d0638728f140773 - - default default] 10.0.0.234 "GET /v2.0/ports HTTP/1.1" status: 200 len: 1732 time: 0.0263782
2026-09-03 06:34:43.335 9 INFO neutron.wsgi [None req-00b7e74c-4ee6-428b-8139-a5aea2746e9e a635c3ef5f064841b4a9078c2d9a5978 058adf8f1fe046739d0638728f140773 - - default default] 10.0.0.234 "GET /v2.0/ports/59edb7c2-a035-4240-bf22-d4f6cd4c1302 HTTP/1.1" status: 200 len: 972 time: 0.0247526
2026-09-03 06:34:43.354 9 INFO neutron.pecan_wsgi.hooks.translation [None req-d6d17fa1-d656-48bc-8b46-7b630d729fa0 a635c3ef5f064841b4a9078c2d9a5978 058adf8f1fe046739d0638728f140773 - - default default] DELETE failed (client error): The resource could not be found.
2026-09-03 06:34:43.355 9 INFO neutron.wsgi [None req-d6d17fa1-d656-48bc-8b46-7b630d729fa0 a635c3ef5f064841b4a9078c2d9a5978 058adf8f1fe046739d0638728f140773 - - default default] 10.0.0.234 "DELETE /v2.0/ports/bdf3b38e-43c2-4372-869c-841106e465b3 HTTP/1.1" status: 404 len: 333 time: 0.0125794
2026-09-03 06:34:43.370 9 INFO neutron.pecan_wsgi.hooks.translation [None req-b26189e7-cea1-4a45-a1da-f20e97884048 a635c3ef5f064841b4a9078c2d9a5978 058adf8f1fe046739d0638728f140773 - - default default] DELETE failed (client error): The resource could not be found.
2026-09-03 06:34:43.371 9 INFO neutron.wsgi [None req-b26189e7-cea1-4a45-a1da-f20e97884048 a635c3ef5f064841b4a9078c2d9a5978 058adf8f1fe046739d0638728f140773 - - default default] 10.0.0.234 "DELETE /v2.0/subnets/9aaebcbc-90cf-46bc-b1b7-d1f1dfe4e5a2 HTTP/1.1" status: 404 len: 337 time: 0.0121207
2026-09-03 06:34:43.385 9 INFO neutron.pecan_wsgi.hooks.translation [None req-150ac710-fd9a-464d-a051-0829170a8a67 a635c3ef5f064841b4a9078c2d9a5978 058adf8f1fe046739d0638728f140773 - - default default] DELETE failed (client error): The resource could not be found.
2026-09-03 06:34:43.387 9 INFO neutron.wsgi [None req-150ac710-fd9a-464d-a051-0829170a8a67 a635c3ef5f064841b4a9078c2d9a5978 058adf8f1fe046739d0638728f140773 - - default default] 10.0.0.234 "DELETE /v2.0/subnets/0616c437-eb2f-46f2-ac46-efa14abcd12a HTTP/1.1" status: 404 len: 337 time: 0.0116966
2026-09-03 06:34:43.584 9 INFO neutron.wsgi [None req-9f4839bb-aa46-4314-9484-bd94c75a777f a635c3ef5f064841b4a9078c2d9a5978 058adf8f1fe046739d0638728f140773 - - default default] 10.0.0.234 "DELETE /v2.0/ports/59edb7c2-a035-4240-bf22-d4f6cd4c1302 HTTP/1.1" status: 204 len: 168 time: 0.1928115
2026-09-03 06:34:44.123 9 INFO neutron.services.segments.plugin [-] Segment d65a73d7-6318-4740-9efa-d63f6f060fc3 resource provider aggregate not found
2026-09-03 06:34:44.128 9 INFO neutron.services.segments.plugin [-] Segment d65a73d7-6318-4740-9efa-d63f6f060fc3 resource provider aggregate not found
2026-09-03 06:34:44.143 9 INFO neutron.services.segments.plugin [-] Segment d65a73d7-6318-4740-9efa-d63f6f060fc3 resource provider not found; error: Placement Client Error (4xx): {"errors": [{"status": 404, "title": "Not Found", "detail": "The resource could not be found.\n\n No resource provider with uuid d65a73d7-6318-4740-9efa-d63f6f060fc3 found for delete ", "request_id": "req-4f773785-9e8c-458b-b10d-7670afef658f"}]}
2026-09-03 06:34:44.148 9 INFO neutron.services.segments.plugin [-] Segment d65a73d7-6318-4740-9efa-d63f6f060fc3 resource provider not found; error: Placement Client Error (4xx): {"errors": [{"status": 404, "title": "Not Found", "detail": "The resource could not be found.\n\n No resource provider with uuid d65a73d7-6318-4740-9efa-d63f6f060fc3 found for delete ", "request_id": "req-3bf2b710-e6fd-48cd-ab88-a2187438b558"}]}
2026-09-03 06:34:44.178 9 INFO neutron.wsgi [None req-10848a58-6b4f-4375-9a38-a9a65d1e5f04 a635c3ef5f064841b4a9078c2d9a5978 058adf8f1fe046739d0638728f140773 - - default default] 10.0.0.234 "DELETE /v2.0/networks/4b3a26cf-dd80-4baf-b1c8-1f60feadf6db HTTP/1.1" status: 204 len: 168 time: 0.5887804
2026-09-03 06:34:44.268 10 INFO neutron.wsgi [None req-55c0ba58-a7aa-4aac-817f-616db0dae0b0 8a7059632caa42ee9027243f1515611f ab6185729993489fa51223322158b2c6 - - default default] 10.0.0.234 "GET /v2.0/ports/f8c2ef9c-3b97-4096-a3b0-ec9996502a97 HTTP/1.1" status: 200 len: 1135 time: 0.0849929
2026-09-03 06:34:44.764 9 INFO neutron.wsgi [None req-e277b53b-3d25-4a82-b23b-43375cac71d4 641d77ad130d443cb3e32ba28643beeb 0ed2608e6fc5484f9e46dd884fccf740 - - default default] 10.0.0.234 "GET /v2.0/security-groups?tenant_id=058adf8f1fe046739d0638728f140773&name=default HTTP/1.1" status: 200 len: 2996 time: 0.1491945
2026-09-03 06:34:44.931 9 INFO neutron.wsgi [None req-96cf08e1-672e-45da-a1c4-d907b709da05 641d77ad130d443cb3e32ba28643beeb 0ed2608e6fc5484f9e46dd884fccf740 - - default default] 10.0.0.234 "DELETE /v2.0/security-groups/b29541e5-b69e-44e7-95cc-6c12ee859490 HTTP/1.1" status: 204 len: 168 time: 0.1620016
2026-09-03 06:34:45.333 9 INFO neutron.wsgi [None req-4a38ee6a-dc9e-43ed-8173-84255437c609 8a7059632caa42ee9027243f1515611f ab6185729993489fa51223322158b2c6 - - default default] 10.0.0.234 "GET /v2.0/ports/f8c2ef9c-3b97-4096-a3b0-ec9996502a97 HTTP/1.1" status: 200 len: 1135 time: 0.0591583
2026-09-03 06:34:46.253 9 WARNING neutron.plugins.ml2.drivers.ovn.mech_driver.ovsdb.ovn_client [None req-8fe5edfe-5033-412e-9fe9-c3dda07e105e - - - - - -] No hosting information found for port 1dd9bf03-3c02-4bee-ac4b-a10456b2b2fe: RuntimeError: No hosting information found for port 1dd9bf03-3c02-4bee-ac4b-a10456b2b2fe
2026-09-03 06:34:46.285 9 INFO neutron.plugins.ml2.drivers.ovn.mech_driver.mech_driver [None req-8fe5edfe-5033-412e-9fe9-c3dda07e105e - - - - - -] OVN reports status up for port: f8c2ef9c-3b97-4096-a3b0-ec9996502a97
2026-09-03 06:34:46.304 9 INFO neutron.plugins.ml2.plugin [None req-8fe5edfe-5033-412e-9fe9-c3dda07e105e - - - - - -] Attempt 1 to provision port f8c2ef9c-3b97-4096-a3b0-ec9996502a97 /var/lib/openstack/lib/python3.10/site-packages/pycadf/identifier.py:71: UserWarning: Invalid uuid: neutron. To ensure interoperability, identifiers should be a valid uuid. warnings.warn(('Invalid uuid: %s. To ensure interoperability, '
2026-09-03 06:34:46.390 9 INFO neutron.wsgi [None req-f6924a00-4921-4a69-8a87-c12be191186e 8a7059632caa42ee9027243f1515611f ab6185729993489fa51223322158b2c6 - - default default] 10.0.0.234 "GET /v2.0/ports/f8c2ef9c-3b97-4096-a3b0-ec9996502a97 HTTP/1.1" status: 200 len: 1135 time: 0.0507104
2026-09-03 06:34:46.586 9 INFO neutron.db.ovn_revision_numbers_db [None req-8fe5edfe-5033-412e-9fe9-c3dda07e105e - - - - - -] Successfully bumped revision number for resource f8c2ef9c-3b97-4096-a3b0-ec9996502a97 (type: ports) to 2
2026-09-03 06:34:46.687 9 INFO neutron.db.ovn_revision_numbers_db [None req-8fe5edfe-5033-412e-9fe9-c3dda07e105e - - - - - -] Successfully bumped revision number for resource f8c2ef9c-3b97-4096-a3b0-ec9996502a97 (type: router_ports) to 2
2026-09-03 06:34:47.439 9 INFO neutron.wsgi [None req-4fa628d0-0b6f-4423-aad9-e8b4c085b0bd 8a7059632caa42ee9027243f1515611f ab6185729993489fa51223322158b2c6 - - default default] 10.0.0.234 "GET /v2.0/ports/f8c2ef9c-3b97-4096-a3b0-ec9996502a97 HTTP/1.1" status: 200 len: 1137 time: 0.0417149
2026-09-03 06:34:48.181 9 INFO neutron.wsgi [None req-e3323e58-6e15-4b1f-bb8d-a149c31f1794 8a7059632caa42ee9027243f1515611f ab6185729993489fa51223322158b2c6 - - default default] 10.0.0.234 "PUT /v2.0/routers/7536683d-14fd-4fa4-b234-4434628d4e66/remove_router_interface HTTP/1.1" status: 200 len: 503 time: 0.7359014
2026-09-03 06:34:48.313 10 INFO neutron.wsgi [None req-0a1efde1-5e60-4aac-8cb8-52199a34c5c8 8a7059632caa42ee9027243f1515611f ab6185729993489fa51223322158b2c6 - - default default] 10.0.0.234 "GET /v2.0/ports/1dd9bf03-3c02-4bee-ac4b-a10456b2b2fe HTTP/1.1" status: 200 len: 1137 time: 0.1273849
2026-09-03 06:34:49.161 10 INFO neutron.wsgi [None req-d690cb2a-24d6-4b94-b476-8562a74e8bb1 8a7059632caa42ee9027243f1515611f ab6185729993489fa51223322158b2c6 - - default default] 10.0.0.234 "PUT /v2.0/routers/7536683d-14fd-4fa4-b234-4434628d4e66/remove_router_interface HTTP/1.1" status: 200 len: 503 time: 0.8415108 /var/lib/openstack/lib/python3.10/site-packages/pycadf/identifier.py:71: UserWarning: Invalid uuid: neutron. To ensure interoperability, identifiers should be a valid uuid. warnings.warn(('Invalid uuid: %s. To ensure interoperability, '
2026-09-03 06:34:49.197 10 INFO neutron.wsgi [None req-72b1ecf2-2f23-4002-b1c9-6549bc4c47e6 8a7059632caa42ee9027243f1515611f ab6185729993489fa51223322158b2c6 - - default default] 10.0.0.234 "GET /v2.0/ports?device_id=7536683d-14fd-4fa4-b234-4434628d4e66 HTTP/1.1" status: 200 len: 205 time: 0.0193617
2026-09-03 06:34:49.456 10 INFO neutron.wsgi [None req-d3104fef-8e01-4e61-9806-6ed8c35c9f1d 8a7059632caa42ee9027243f1515611f ab6185729993489fa51223322158b2c6 - - default default] 10.0.0.234 "DELETE /v2.0/routers/7536683d-14fd-4fa4-b234-4434628d4e66 HTTP/1.1" status: 204 len: 168 time: 0.2538474
2026-09-03 06:34:49.644 10 INFO neutron.wsgi [None req-71757df8-f549-407a-826a-0c2363449a21 8a7059632caa42ee9027243f1515611f ab6185729993489fa51223322158b2c6 - - default default] 10.0.0.234 "DELETE /v2.0/subnets/766cc3ec-8d66-46fd-b52c-f219cb23dd8e HTTP/1.1" status: 204 len: 168 time: 0.1805196
2026-09-03 06:34:49.806 10 INFO neutron.wsgi [None req-74e6b6f0-834d-42f4-9af1-7b76d9301c07 8a7059632caa42ee9027243f1515611f ab6185729993489fa51223322158b2c6 - - default default] 10.0.0.234 "DELETE /v2.0/subnets/fe5998f7-a047-4c49-be65-316c0073dbb0 HTTP/1.1" status: 204 len: 168 time: 0.1565006
2026-09-03 06:34:50.211 10 INFO neutron.services.segments.plugin [-] Segment 108738e8-1334-4580-9b9d-9dd0a954975e resource provider aggregate not found
2026-09-03 06:34:50.216 10 INFO neutron.services.segments.plugin [-] Segment 108738e8-1334-4580-9b9d-9dd0a954975e resource provider aggregate not found
2026-09-03 06:34:50.228 10 INFO neutron.services.segments.plugin [-] Segment 108738e8-1334-4580-9b9d-9dd0a954975e resource provider not found; error: Placement Client Error (4xx): {"errors": [{"status": 404, "title": "Not Found", "detail": "The resource could not be found.\n\n No resource provider with uuid 108738e8-1334-4580-9b9d-9dd0a954975e found for delete ", "request_id": "req-fbe0d599-2622-4bec-b4f0-5f6e130972a0"}]}
2026-09-03 06:34:50.236 10 INFO neutron.services.segments.plugin [-] Segment 108738e8-1334-4580-9b9d-9dd0a954975e resource provider not found; error: Placement Client Error (4xx): {"errors": [{"status": 404, "title": "Not Found", "detail": "The resource could not be found.\n\n No resource provider with uuid 108738e8-1334-4580-9b9d-9dd0a954975e found for delete ", "request_id": "req-29255e2f-ec83-424d-b0c0-43a34c8c79eb"}]}
2026-09-03 06:34:50.263 10 INFO neutron.wsgi [None req-84eed27f-2beb-48ad-a349-7f70023f0e70 8a7059632caa42ee9027243f1515611f ab6185729993489fa51223322158b2c6 - - default default] 10.0.0.234 "DELETE /v2.0/networks/1de79bd8-2198-46af-aea3-0603e79132e4 HTTP/1.1" status: 204 len: 168 time: 0.4462092 /var/lib/openstack/lib/python3.10/site-packages/pycadf/identifier.py:71: UserWarning: Invalid uuid: neutron. To ensure interoperability, identifiers should be a valid uuid. warnings.warn(('Invalid uuid: %s. To ensure interoperability, '
2026-09-03 06:34:50.644 9 INFO neutron.services.segments.plugin [-] Segment 37746e18-6ea8-4f1d-852f-8318e6bc428c resource provider aggregate not found
2026-09-03 06:34:50.650 9 INFO neutron.services.segments.plugin [-] Segment 37746e18-6ea8-4f1d-852f-8318e6bc428c resource provider aggregate not found
2026-09-03 06:34:50.669 9 INFO neutron.services.segments.plugin [-] Segment 37746e18-6ea8-4f1d-852f-8318e6bc428c resource provider not found; error: Placement Client Error (4xx): {"errors": [{"status": 404, "title": "Not Found", "detail": "The resource could not be found.\n\n No resource provider with uuid 37746e18-6ea8-4f1d-852f-8318e6bc428c found for delete ", "request_id": "req-ceac5435-240f-4530-9156-418cd45551b1"}]}
2026-09-03 06:34:50.674 9 INFO neutron.services.segments.plugin [-] Segment 37746e18-6ea8-4f1d-852f-8318e6bc428c resource provider not found; error: Placement Client Error (4xx): {"errors": [{"status": 404, "title": "Not Found", "detail": "The resource could not be found.\n\n No resource provider with uuid 37746e18-6ea8-4f1d-852f-8318e6bc428c found for delete ", "request_id": "req-f1e75e00-5e71-48d2-9728-05f692e6505a"}]}
2026-09-03 06:34:50.685 9 INFO neutron.wsgi [None req-a30ec134-1e83-40e2-814b-167d0de392ae 8a7059632caa42ee9027243f1515611f ab6185729993489fa51223322158b2c6 - - default default] 10.0.0.234 "DELETE /v2.0/networks/a92c9e1c-63a0-4545-862a-b402150a8ee3 HTTP/1.1" status: 204 len: 168 time: 0.4165602
2026-09-03 06:34:50.780 9 INFO neutron.db.segments_db [None req-0cb8a012-b5ec-4b2a-a587-131aadfe2652 8a7059632caa42ee9027243f1515611f ab6185729993489fa51223322158b2c6 - - default default] Added segment eb0caa50-edcb-439b-b387-2f8e9373e111 of type geneve for network cd043592-3d8d-48ab-a191-bd6e23d870e0
2026-09-03 06:34:50.923 9 INFO neutron.db.ovn_revision_numbers_db [None req-0cb8a012-b5ec-4b2a-a587-131aadfe2652 8a7059632caa42ee9027243f1515611f ab6185729993489fa51223322158b2c6 - - default default] Successfully bumped revision number for resource cd043592-3d8d-48ab-a191-bd6e23d870e0 (type: networks) to 1
2026-09-03 06:34:51.077 9 WARNING neutron.scheduler.dhcp_agent_scheduler [None req-0cb8a012-b5ec-4b2a-a587-131aadfe2652 8a7059632caa42ee9027243f1515611f ab6185729993489fa51223322158b2c6 - - default default] No more DHCP agents
2026-09-03 06:34:51.079 9 WARNING neutron.api.rpc.agentnotifiers.dhcp_rpc_agent_api [None req-0cb8a012-b5ec-4b2a-a587-131aadfe2652 8a7059632caa42ee9027243f1515611f ab6185729993489fa51223322158b2c6 - - default default] Unable to schedule network cd043592-3d8d-48ab-a191-bd6e23d870e0: no agents available; will retry on subsequent port and subnet creation events.
2026-09-03 06:34:51.164 9 INFO neutron.db.ovn_revision_numbers_db [None req-0cb8a012-b5ec-4b2a-a587-131aadfe2652 8a7059632caa42ee9027243f1515611f ab6185729993489fa51223322158b2c6 - - default default] Successfully bumped revision number for resource bdb31334-0d6f-40f7-96ea-043d210cd0a9 (type: ports) to 1
2026-09-03 06:34:51.187 9 INFO neutron.wsgi [None req-0cb8a012-b5ec-4b2a-a587-131aadfe2652 8a7059632caa42ee9027243f1515611f ab6185729993489fa51223322158b2c6 - - default default] 10.0.0.234 "POST /v2.0/networks HTTP/1.1" status: 201 len: 829 time: 0.4951985
2026-09-03 06:34:51.472 9 WARNING neutron.scheduler.dhcp_agent_scheduler [None req-6648f269-a69f-4dc4-a99b-567300de4cec 8a7059632caa42ee9027243f1515611f ab6185729993489fa51223322158b2c6 - - default default] No more DHCP agents
2026-09-03 06:34:51.474 9 WARNING neutron.api.rpc.agentnotifiers.dhcp_rpc_agent_api [None req-6648f269-a69f-4dc4-a99b-567300de4cec 8a7059632caa42ee9027243f1515611f ab6185729993489fa51223322158b2c6 - - default default] Unable to schedule network cd043592-3d8d-48ab-a191-bd6e23d870e0: no agents available; will retry on subsequent port and subnet creation events.
2026-09-03 06:34:51.503 10 INFO neutron.db.ovn_revision_numbers_db [None req-ccfd91ff-262f-443a-8ba8-7f4204082762 641d77ad130d443cb3e32ba28643beeb 0ed2608e6fc5484f9e46dd884fccf740 - - default default] Successfully bumped revision number for resource ef331745-731f-43a9-9556-73b67a24ba6e (type: security_groups) to 1
2026-09-03 06:34:51.516 10 INFO neutron.db.ovn_revision_numbers_db [None req-ccfd91ff-262f-443a-8ba8-7f4204082762 641d77ad130d443cb3e32ba28643beeb 0ed2608e6fc5484f9e46dd884fccf740 - - default default] Successfully bumped revision number for resource 1c73f8dc-d98a-451c-ac10-13dfae780c6f (type: security_group_rules) to 0
2026-09-03 06:34:51.530 10 INFO neutron.db.ovn_revision_numbers_db [None req-ccfd91ff-262f-443a-8ba8-7f4204082762 641d77ad130d443cb3e32ba28643beeb 0ed2608e6fc5484f9e46dd884fccf740 - - default default] Successfully bumped revision number for resource 30f16ff7-9ca5-4a85-8f72-97ce3785cf99 (type: security_group_rules) to 0
2026-09-03 06:34:51.545 10 INFO neutron.db.ovn_revision_numbers_db [None req-ccfd91ff-262f-443a-8ba8-7f4204082762 641d77ad130d443cb3e32ba28643beeb 0ed2608e6fc5484f9e46dd884fccf740 - - default default] Successfully bumped revision number for resource 722c1ac4-ca80-418e-a475-ad0b629a9cf7 (type: security_group_rules) to 0
2026-09-03 06:34:51.565 10 INFO neutron.db.ovn_revision_numbers_db [None req-ccfd91ff-262f-443a-8ba8-7f4204082762 641d77ad130d443cb3e32ba28643beeb 0ed2608e6fc5484f9e46dd884fccf740 - - default default] Successfully bumped revision number for resource f405b4fa-88f5-4128-8842-57afbc4209c6 (type: security_group_rules) to 0
2026-09-03 06:34:51.589 10 INFO neutron.wsgi [None req-ccfd91ff-262f-443a-8ba8-7f4204082762 641d77ad130d443cb3e32ba28643beeb 0ed2608e6fc5484f9e46dd884fccf740 - - default default] 10.0.0.234 "GET /v2.0/security-groups?tenant_id=b9fe6cdc56864c4fae152e01d5ddc392&name=default HTTP/1.1" status: 200 len: 2996 time: 0.4157052
2026-09-03 06:34:51.766 9 INFO neutron.wsgi [req-5e09d1e4-2654-4fb0-a4c7-112a9f8b61db req-c5641d25-4d8e-43ad-be08-167ed1e59290 2739c21e6e074eceb977829f225200cf e7a56a4a3c6e45f1a4f4960960c380de - - bfa1cda75a854b7b896a13bc42399ab6 bfa1cda75a854b7b896a13bc42399ab6] 10.0.0.25 "GET /v2.0/ports?device_id=cd16c54f-ea02-4846-ab3c-8510b5da100f HTTP/1.1" status: 200 len: 1409 time: 0.0504236
2026-09-03 06:34:51.815 10 INFO neutron.wsgi [None req-742bca6e-ccc5-40cd-9472-05b141a4ea82 641d77ad130d443cb3e32ba28643beeb 0ed2608e6fc5484f9e46dd884fccf740 - - default default] 10.0.0.234 "DELETE /v2.0/security-groups/ef331745-731f-43a9-9556-73b67a24ba6e HTTP/1.1" status: 204 len: 168 time: 0.2202327
2026-09-03 06:34:51.824 9 INFO neutron.wsgi [req-5e09d1e4-2654-4fb0-a4c7-112a9f8b61db req-e6eee215-0566-4bf3-8040-8c0736735bdd 2739c21e6e074eceb977829f225200cf e7a56a4a3c6e45f1a4f4960960c380de - - bfa1cda75a854b7b896a13bc42399ab6 bfa1cda75a854b7b896a13bc42399ab6] 10.0.0.25 "GET /v2.0/security-groups?id=e9e08eaa-84e9-490c-aa7f-666ff4ee7892&fields=id&fields=name HTTP/1.1" status: 200 len: 313 time: 0.0522747
2026-09-03 06:34:51.942 10 INFO neutron.wsgi [-] 10.0.0.53 "GET / HTTP/1.1" status: 200 len: 246 time: 0.0024896
2026-09-03 06:34:51.945 10 INFO neutron.wsgi [-] 10.0.0.53 "GET / HTTP/1.1" status: 200 len: 246 time: 0.0020018
2026-09-03 06:34:51.982 9 INFO neutron.db.ovn_revision_numbers_db [None req-6648f269-a69f-4dc4-a99b-567300de4cec 8a7059632caa42ee9027243f1515611f ab6185729993489fa51223322158b2c6 - - default default] Successfully bumped revision number for resource bdb31334-0d6f-40f7-96ea-043d210cd0a9 (type: ports) to 2
2026-09-03 06:34:52.037 9 WARNING neutron.plugins.ml2.drivers.ovn.mech_driver.ovsdb.ovn_client [None req-8fe5edfe-5033-412e-9fe9-c3dda07e105e - - - - - -] No port found with ID f8c2ef9c-3b97-4096-a3b0-ec9996502a97: RuntimeError: No port found with ID f8c2ef9c-3b97-4096-a3b0-ec9996502a97
2026-09-03 06:34:52.038 9 INFO neutron.plugins.ml2.drivers.ovn.mech_driver.mech_driver [None req-8fe5edfe-5033-412e-9fe9-c3dda07e105e - - - - - -] OVN reports status down for port: cdb1afd8-6662-4c52-898d-fb6994754b92
2026-09-03 06:34:52.111 9 INFO neutron.db.ovn_revision_numbers_db [None req-6648f269-a69f-4dc4-a99b-567300de4cec 8a7059632caa42ee9027243f1515611f ab6185729993489fa51223322158b2c6 - - default default] Successfully bumped revision number for resource f40922b6-be11-4867-a5a8-716edf545cc9 (type: subnets) to 0
2026-09-03 06:34:52.138 9 INFO neutron.wsgi [None req-6648f269-a69f-4dc4-a99b-567300de4cec 8a7059632caa42ee9027243f1515611f ab6185729993489fa51223322158b2c6 - - default default] 10.0.0.234 "POST /v2.0/subnets HTTP/1.1" status: 201 len: 801 time: 0.9455557
2026-09-03 06:34:52.244 9 INFO neutron.db.ovn_revision_numbers_db [None req-3f81e7a7-b0f4-4d6a-a2bc-1d9850eec422 641d77ad130d443cb3e32ba28643beeb 0ed2608e6fc5484f9e46dd884fccf740 - - default default] Successfully bumped revision number for resource 595bd9a0-86d0-47dc-8285-924063cac2df (type: security_groups) to 1
2026-09-03 06:34:52.276 9 INFO neutron.db.ovn_revision_numbers_db [None req-3f81e7a7-b0f4-4d6a-a2bc-1d9850eec422 641d77ad130d443cb3e32ba28643beeb 0ed2608e6fc5484f9e46dd884fccf740 - - default default] Successfully bumped revision number for resource 38284d4e-6313-4815-aa86-2927cfa9856f (type: security_group_rules) to 0
2026-09-03 06:34:52.302 9 INFO neutron.db.ovn_revision_numbers_db [None req-3f81e7a7-b0f4-4d6a-a2bc-1d9850eec422 641d77ad130d443cb3e32ba28643beeb 0ed2608e6fc5484f9e46dd884fccf740 - - default default] Successfully bumped revision number for resource 4cbdc690-60b9-4bf5-af3e-1b08718b6209 (type: security_group_rules) to 0
2026-09-03 06:34:52.322 9 INFO neutron.db.ovn_revision_numbers_db [None req-3f81e7a7-b0f4-4d6a-a2bc-1d9850eec422 641d77ad130d443cb3e32ba28643beeb 0ed2608e6fc5484f9e46dd884fccf740 - - default default] Successfully bumped revision number for resource e7066313-017a-48e4-a901-7d42e8a3ff5c (type: security_group_rules) to 0
2026-09-03 06:34:52.324 9 INFO neutron.db.ovn_revision_numbers_db [None req-109d72f0-30d2-4674-b6e7-7f9c8f1704f9 8a7059632caa42ee9027243f1515611f ab6185729993489fa51223322158b2c6 - - default default] Successfully bumped revision number for resource 599bb74f-5174-4d54-a410-4fa739e69277 (type: routers) to 1
2026-09-03 06:34:52.335 9 INFO neutron.db.ovn_revision_numbers_db [None req-3f81e7a7-b0f4-4d6a-a2bc-1d9850eec422 641d77ad130d443cb3e32ba28643beeb 0ed2608e6fc5484f9e46dd884fccf740 - - default default] Successfully bumped revision number for resource fb1bc392-d268-4343-b4f4-0082cab10a73 (type: security_group_rules) to 0
2026-09-03 06:34:52.340 9 INFO neutron.wsgi [None req-109d72f0-30d2-4674-b6e7-7f9c8f1704f9 8a7059632caa42ee9027243f1515611f ab6185729993489fa51223322158b2c6 - - default default] 10.0.0.234 "POST /v2.0/routers HTTP/1.1" status: 201 len: 686 time: 0.1971838
2026-09-03 06:34:52.367 9 INFO neutron.wsgi [None req-3f81e7a7-b0f4-4d6a-a2bc-1d9850eec422 641d77ad130d443cb3e32ba28643beeb 0ed2608e6fc5484f9e46dd884fccf740 - - default default] 10.0.0.234 "GET /v2.0/security-groups?tenant_id=a8a367f932db4af6a7615563e7c4873c&name=default HTTP/1.1" status: 200 len: 2996 time: 0.4010692
2026-09-03 06:34:52.370 10 INFO neutron.wsgi [req-6d872277-3770-4e83-ac5a-2bb48107fcf8 req-14188fb0-23db-44ac-a34d-84dfd42334c4 2739c21e6e074eceb977829f225200cf e7a56a4a3c6e45f1a4f4960960c380de - - bfa1cda75a854b7b896a13bc42399ab6 bfa1cda75a854b7b896a13bc42399ab6] 10.0.0.25 "GET /v2.0/ports?device_id=ff98e391-81a2-461a-8c7e-118bb93c5b96 HTTP/1.1" status: 200 len: 1413 time: 0.3304150
2026-09-03 06:34:52.418 10 INFO neutron.wsgi [req-6d872277-3770-4e83-ac5a-2bb48107fcf8 req-b6e3a26c-429c-4359-a5f2-1b663d3e3369 2739c21e6e074eceb977829f225200cf e7a56a4a3c6e45f1a4f4960960c380de - - bfa1cda75a854b7b896a13bc42399ab6 bfa1cda75a854b7b896a13bc42399ab6] 10.0.0.25 "GET /v2.0/security-groups?id=e2cd4067-1a46-4f29-adab-717e0885db6a&fields=id&fields=name HTTP/1.1" status: 200 len: 313 time: 0.0419178
2026-09-03 06:34:52.601 9 INFO neutron.wsgi [None req-bb1d6462-e213-4350-9c6e-dbf4ce51d56c 641d77ad130d443cb3e32ba28643beeb 0ed2608e6fc5484f9e46dd884fccf740 - - default default] 10.0.0.234 "DELETE /v2.0/security-groups/595bd9a0-86d0-47dc-8285-924063cac2df HTTP/1.1" status: 204 len: 168 time: 0.2288475
2026-09-03 06:34:52.677 9 WARNING neutron.scheduler.dhcp_agent_scheduler [None req-7c39663d-88bc-48a2-a522-f7881a5f76f7 8a7059632caa42ee9027243f1515611f ab6185729993489fa51223322158b2c6 - - default default] No more DHCP agents
2026-09-03 06:34:52.678 9 WARNING neutron.api.rpc.agentnotifiers.dhcp_rpc_agent_api [None req-7c39663d-88bc-48a2-a522-f7881a5f76f7 8a7059632caa42ee9027243f1515611f ab6185729993489fa51223322158b2c6 - - default default] Unable to schedule network cd043592-3d8d-48ab-a191-bd6e23d870e0: no agents available; will retry on subsequent port and subnet creation events.
2026-09-03 06:34:52.839 9 INFO neutron.db.ovn_revision_numbers_db [None req-7c39663d-88bc-48a2-a522-f7881a5f76f7 8a7059632caa42ee9027243f1515611f ab6185729993489fa51223322158b2c6 - - default default] Successfully bumped revision number for resource 7a0cc595-3175-42ab-865b-d0cf9166b36c (type: ports) to 1
2026-09-03 06:34:52.881 9 INFO neutron.wsgi [None req-7c39663d-88bc-48a2-a522-f7881a5f76f7 8a7059632caa42ee9027243f1515611f ab6185729993489fa51223322158b2c6 - - default default] 10.0.0.234 "POST /v2.0/ports HTTP/1.1" status: 201 len: 1147 time: 0.5343618 /var/lib/openstack/lib/python3.10/site-packages/pycadf/identifier.py:71: UserWarning: Invalid uuid: neutron. To ensure interoperability, identifiers should be a valid uuid. warnings.warn(('Invalid uuid: %s. To ensure interoperability, '
2026-09-03 06:34:53.248 9 INFO neutron.plugins.ml2.drivers.ovn.mech_driver.mech_driver [None req-8fe5edfe-5033-412e-9fe9-c3dda07e105e - - - - - -] OVN reports status up for port: 7a0cc595-3175-42ab-865b-d0cf9166b36c
2026-09-03 06:34:53.261 9 INFO neutron.plugins.ml2.plugin [None req-8fe5edfe-5033-412e-9fe9-c3dda07e105e - - - - - -] Attempt 1 to provision port 7a0cc595-3175-42ab-865b-d0cf9166b36c
2026-09-03 06:34:53.278 9 INFO neutron.db.ovn_revision_numbers_db [None req-bb2b5907-5d6a-4be9-a5d9-7fa69175735e 8a7059632caa42ee9027243f1515611f ab6185729993489fa51223322158b2c6 - - default default] Successfully bumped revision number for resource 7a0cc595-3175-42ab-865b-d0cf9166b36c (type: router_ports) to 2
2026-09-03 06:34:53.498 9 INFO neutron.db.ovn_revision_numbers_db [None req-bb2b5907-5d6a-4be9-a5d9-7fa69175735e 8a7059632caa42ee9027243f1515611f ab6185729993489fa51223322158b2c6 - - default default] Successfully bumped revision number for resource 7a0cc595-3175-42ab-865b-d0cf9166b36c (type: ports) to 2
2026-09-03 06:34:53.557 9 INFO neutron.db.ovn_revision_numbers_db [None req-8fe5edfe-5033-412e-9fe9-c3dda07e105e - - - - - -] Successfully bumped revision number for resource 7a0cc595-3175-42ab-865b-d0cf9166b36c (type: ports) to 3
2026-09-03 06:34:53.931 9 INFO neutron.db.ovn_revision_numbers_db [None req-8fe5edfe-5033-412e-9fe9-c3dda07e105e - - - - - -] Successfully bumped revision number for resource 7a0cc595-3175-42ab-865b-d0cf9166b36c (type: router_ports) to 3
2026-09-03 06:34:54.358 9 INFO neutron.db.ovn_revision_numbers_db [None req-bb2b5907-5d6a-4be9-a5d9-7fa69175735e 8a7059632caa42ee9027243f1515611f ab6185729993489fa51223322158b2c6 - - default default] Successfully bumped revision number for resource 7a0cc595-3175-42ab-865b-d0cf9166b36c (type: ports) to 3
2026-09-03 06:34:54.410 9 WARNING neutron.scheduler.dhcp_agent_scheduler [None req-bb2b5907-5d6a-4be9-a5d9-7fa69175735e 8a7059632caa42ee9027243f1515611f ab6185729993489fa51223322158b2c6 - - default default] No more DHCP agents
2026-09-03 06:34:54.411 9 WARNING neutron.api.rpc.agentnotifiers.dhcp_rpc_agent_api [None req-bb2b5907-5d6a-4be9-a5d9-7fa69175735e 8a7059632caa42ee9027243f1515611f ab6185729993489fa51223322158b2c6 - - default default] Unable to schedule network cd043592-3d8d-48ab-a191-bd6e23d870e0: no agents available; will retry on subsequent port and subnet creation events.
2026-09-03 06:34:54.638 9 INFO neutron.db.ovn_revision_numbers_db [None req-bb2b5907-5d6a-4be9-a5d9-7fa69175735e 8a7059632caa42ee9027243f1515611f ab6185729993489fa51223322158b2c6 - - default default] Successfully bumped revision number for resource 7a0cc595-3175-42ab-865b-d0cf9166b36c (type: router_ports) to 3
2026-09-03 06:34:54.640 9 INFO neutron.wsgi [None req-bb2b5907-5d6a-4be9-a5d9-7fa69175735e 8a7059632caa42ee9027243f1515611f ab6185729993489fa51223322158b2c6 - - default default] 10.0.0.234 "PUT /v2.0/routers/599bb74f-5174-4d54-a410-4fa739e69277/add_router_interface HTTP/1.1" status: 200 len: 503 time: 1.7539067 /var/lib/openstack/lib/python3.10/site-packages/pycadf/identifier.py:71: UserWarning: Invalid uuid: neutron. To ensure interoperability, identifiers should be a valid uuid. warnings.warn(('Invalid uuid: %s. To ensure interoperability, '
2026-09-03 06:34:54.671 9 INFO neutron.wsgi [None req-06082262-68aa-4650-bc80-9df5ba5d4007 8a7059632caa42ee9027243f1515611f ab6185729993489fa51223322158b2c6 - - default default] 10.0.0.234 "GET /v2.0/ports/7a0cc595-3175-42ab-865b-d0cf9166b36c HTTP/1.1" status: 200 len: 1205 time: 0.0255499
2026-09-03 06:34:55.245 10 INFO neutron.wsgi [req-9e3e5e94-e23b-4ac8-ba17-e381dc6447e9 req-e0bba9bb-9d4c-40fd-9401-f4056820242f 7e33db00ddc44cf1aae40c3949b7c7c1 51d009dabfcb47fa85282d8a8fac1fb6 - - default default] 10.0.0.94 "GET /v2.0/ports?device_id=cd16c54f-ea02-4846-ab3c-8510b5da100f HTTP/1.1" status: 200 len: 1170 time: 0.0634117
2026-09-03 06:34:55.279 10 INFO neutron.wsgi [req-9e3e5e94-e23b-4ac8-ba17-e381dc6447e9 req-b2193de3-458a-4f94-bd35-c34c04b7d244 7e33db00ddc44cf1aae40c3949b7c7c1 51d009dabfcb47fa85282d8a8fac1fb6 - - default default] 10.0.0.94 "GET /v2.0/security-groups?id=e9e08eaa-84e9-490c-aa7f-666ff4ee7892&fields=id&fields=name HTTP/1.1" status: 200 len: 313 time: 0.0263157
2026-09-03 06:34:55.301 9 INFO neutron.wsgi [None req-3032fdb0-1471-40a7-b00a-fed4e5d8ad09 8a7059632caa42ee9027243f1515611f ab6185729993489fa51223322158b2c6 - - default default] 10.0.0.234 "PUT /v2.0/routers/599bb74f-5174-4d54-a410-4fa739e69277/remove_router_interface HTTP/1.1" status: 200 len: 503 time: 0.6253664
2026-09-03 06:34:55.363 10 INFO neutron.api.v2.resource [None req-51f4088d-94dc-4da5-937f-9544c21b66f7 8a7059632caa42ee9027243f1515611f ab6185729993489fa51223322158b2c6 - - default default] remove_router_interface failed (client error): The resource could not be found.
2026-09-03 06:34:55.364 10 INFO neutron.wsgi [None req-51f4088d-94dc-4da5-937f-9544c21b66f7 8a7059632caa42ee9027243f1515611f ab6185729993489fa51223322158b2c6 - - default default] 10.0.0.234 "PUT /v2.0/routers/599bb74f-5174-4d54-a410-4fa739e69277/remove_router_interface HTTP/1.1" status: 404 len: 398 time: 0.0563104
2026-09-03 06:34:55.387 10 INFO neutron.wsgi [None req-3c388566-4db2-4e0e-a249-f488489f7862 8a7059632caa42ee9027243f1515611f ab6185729993489fa51223322158b2c6 - - default default] 10.0.0.234 "GET /v2.0/ports?device_id=599bb74f-5174-4d54-a410-4fa739e69277 HTTP/1.1" status: 200 len: 205 time: 0.0157163
2026-09-03 06:34:55.500 10 INFO neutron.wsgi [req-2fffc20a-7272-461f-8f00-be169cd94852 req-55f3484d-22fa-4716-aecb-de7ac65f33b3 7e33db00ddc44cf1aae40c3949b7c7c1 51d009dabfcb47fa85282d8a8fac1fb6 - - default default] 10.0.0.94 "GET /v2.0/ports?device_id=cd16c54f-ea02-4846-ab3c-8510b5da100f HTTP/1.1" status: 200 len: 1170 time: 0.0478492
2026-09-03 06:34:55.564 10 INFO neutron.wsgi [req-2fffc20a-7272-461f-8f00-be169cd94852 req-37a0f443-dd46-417b-b1fe-6c48b88c0718 7e33db00ddc44cf1aae40c3949b7c7c1 51d009dabfcb47fa85282d8a8fac1fb6 - - default default] 10.0.0.94 "GET /v2.0/security-groups?id=e9e08eaa-84e9-490c-aa7f-666ff4ee7892&fields=id&fields=name HTTP/1.1" status: 200 len: 313 time: 0.0559747
2026-09-03 06:34:55.580 10 INFO neutron.wsgi [None req-1fd95230-26b4-4b7e-bfde-a5e25e55cd13 8a7059632caa42ee9027243f1515611f ab6185729993489fa51223322158b2c6 - - default default] 10.0.0.234 "DELETE /v2.0/routers/599bb74f-5174-4d54-a410-4fa739e69277 HTTP/1.1" status: 204 len: 168 time: 0.1878622 /var/lib/openstack/lib/python3.10/site-packages/pycadf/identifier.py:71: UserWarning: Invalid uuid: neutron. To ensure interoperability, identifiers should be a valid uuid. warnings.warn(('Invalid uuid: %s. To ensure interoperability, '
2026-09-03 06:34:55.945 9 INFO neutron.wsgi [None req-e8949547-fe15-4886-8ca2-c67cfa37f591 8a7059632caa42ee9027243f1515611f ab6185729993489fa51223322158b2c6 - - default default] 10.0.0.234 "DELETE /v2.0/subnets/f40922b6-be11-4867-a5a8-716edf545cc9 HTTP/1.1" status: 204 len: 168 time: 0.3594568
2026-09-03 06:34:55.950 9 INFO neutron.wsgi [req-82e0816c-1aa0-48e8-b33b-f2fc3cf16c12 req-eedfebda-6414-452f-a325-29e1274a73f4 7e33db00ddc44cf1aae40c3949b7c7c1 51d009dabfcb47fa85282d8a8fac1fb6 - - default default] 162.253.55.149 "GET /v2.0/ports?device_id=cd16c54f-ea02-4846-ab3c-8510b5da100f HTTP/1.1" status: 200 len: 1170 time: 0.1657166
2026-09-03 06:34:56.332 9 INFO neutron.db.l3_db [req-82e0816c-1aa0-48e8-b33b-f2fc3cf16c12 req-8ffc0135-d991-4d97-93a0-4407806e2ba5 7e33db00ddc44cf1aae40c3949b7c7c1 51d009dabfcb47fa85282d8a8fac1fb6 - - default default] Floating IP 4e021888-7bd3-470e-928a-e8ad0b26c540 disassociated. External IP: 10.96.250.220, port: 912c8efe-50f3-43cf-a590-c12a9982da15. /var/lib/openstack/lib/python3.10/site-packages/pycadf/identifier.py:71: UserWarning: Invalid uuid: neutron. To ensure interoperability, identifiers should be a valid uuid. warnings.warn(('Invalid uuid: %s. To ensure interoperability, '
2026-09-03 06:34:56.422 9 INFO neutron.services.segments.plugin [-] Segment eb0caa50-edcb-439b-b387-2f8e9373e111 resource provider aggregate not found
2026-09-03 06:34:56.426 9 INFO neutron.services.segments.plugin [-] Segment eb0caa50-edcb-439b-b387-2f8e9373e111 resource provider aggregate not found
2026-09-03 06:34:56.430 10 INFO neutron.wsgi [None req-15ccde79-a04d-446b-bdfe-2fd133e8ec69 ca15e16cd8614757a77f31313624d6a6 3fd58b232b0c4162afa02f7aa6272ead - - default default] 10.0.0.67 "GET /v2.0/extensions HTTP/1.1" status: 200 len: 16525 time: 0.1697335
2026-09-03 06:34:56.445 9 INFO neutron.services.segments.plugin [-] Segment eb0caa50-edcb-439b-b387-2f8e9373e111 resource provider not found; error: Placement Client Error (4xx): {"errors": [{"status": 404, "title": "Not Found", "detail": "The resource could not be found.\n\n No resource provider with uuid eb0caa50-edcb-439b-b387-2f8e9373e111 found for delete ", "request_id": "req-eabd3e3c-9b4f-4ba4-b9ed-bcac491402f3"}]}
2026-09-03 06:34:56.480 9 INFO neutron.services.segments.plugin [-] Segment eb0caa50-edcb-439b-b387-2f8e9373e111 resource provider not found; error: Placement Client Error (4xx): {"errors": [{"status": 404, "title": "Not Found", "detail": "The resource could not be found.\n\n No resource provider with uuid eb0caa50-edcb-439b-b387-2f8e9373e111 found for delete ", "request_id": "req-e69dad7b-f067-4450-8229-7d09da1389c0"}]}
2026-09-03 06:34:56.497 9 INFO neutron.wsgi [None req-eafde48a-b8a0-4140-88d0-48c49af9f1f3 057efff158a34eab97445d77cc677048 97cf9608cee9411986b25b8007a85b76 - - default default] 10.0.0.234 "GET /v2.0/ports?project_id=44fcb7bd17d644e38df76f1c5105a03f&network_id=1ad14644-2ae9-4322-aad5-233cabcd9320 HTTP/1.1" status: 200 len: 3514 time: 0.0771794
2026-09-03 06:34:56.504 9 INFO neutron.wsgi [None req-57ffe14a-7e17-4f24-ad50-14745bbe648f 8a7059632caa42ee9027243f1515611f ab6185729993489fa51223322158b2c6 - - default default] 10.0.0.234 "DELETE /v2.0/networks/cd043592-3d8d-48ab-a191-bd6e23d870e0 HTTP/1.1" status: 204 len: 168 time: 0.5531828
2026-09-03 06:34:56.572 10 INFO neutron.wsgi [None req-c2ac29ec-f47c-46f2-8282-16cc8870e151 ca15e16cd8614757a77f31313624d6a6 3fd58b232b0c4162afa02f7aa6272ead - - default default] 10.0.0.67 "GET /v2.0/quotas/3fd58b232b0c4162afa02f7aa6272ead/details HTTP/1.1" status: 200 len: 756 time: 0.1189535
2026-09-03 06:34:56.594 9 INFO neutron.wsgi [req-82e0816c-1aa0-48e8-b33b-f2fc3cf16c12 req-8ffc0135-d991-4d97-93a0-4407806e2ba5 7e33db00ddc44cf1aae40c3949b7c7c1 51d009dabfcb47fa85282d8a8fac1fb6 - - default default] 162.253.55.149 "DELETE /v2.0/ports/912c8efe-50f3-43cf-a590-c12a9982da15 HTTP/1.1" status: 204 len: 173 time: 0.6365321
2026-09-03 06:34:56.597 10 INFO neutron.db.segments_db [None req-99349883-2ce3-402b-9ddd-33a944eef3b1 8a7059632caa42ee9027243f1515611f ab6185729993489fa51223322158b2c6 - - default default] Added segment 40d28127-42a7-4160-afd6-1fd5d36f45c8 of type geneve for network d13a9669-6410-4c59-b27c-996e24cee3f4
2026-09-03 06:34:56.631 9 INFO neutron.notifiers.nova [-] Nova event matching ['req-91f386d1-3086-48fc-a8b7-39f5be23c444'] response: {'server_uuid': 'cd16c54f-ea02-4846-ab3c-8510b5da100f', 'name': 'network-vif-deleted', 'tag': '912c8efe-50f3-43cf-a590-c12a9982da15', 'status': 'completed', 'code': 200}
2026-09-03 06:34:56.660 9 INFO neutron.wsgi [req-766ccecf-03bb-402e-a66d-da14c0ee53ef req-3630180e-fbf4-415e-a441-2d085c7efec9 7e33db00ddc44cf1aae40c3949b7c7c1 51d009dabfcb47fa85282d8a8fac1fb6 - - default default] 10.0.0.94 "GET /v2.0/ports?device_id=cd16c54f-ea02-4846-ab3c-8510b5da100f HTTP/1.1" status: 200 len: 210 time: 0.0188451
2026-09-03 06:34:56.714 10 INFO neutron.db.ovn_revision_numbers_db [None req-99349883-2ce3-402b-9ddd-33a944eef3b1 8a7059632caa42ee9027243f1515611f ab6185729993489fa51223322158b2c6 - - default default] Successfully bumped revision number for resource d13a9669-6410-4c59-b27c-996e24cee3f4 (type: networks) to 1
2026-09-03 06:34:56.798 10 INFO neutron.wsgi [None req-3a6a6beb-ba0c-4efd-8641-b9a0d55b0940 057efff158a34eab97445d77cc677048 97cf9608cee9411986b25b8007a85b76 - - default default] 10.0.0.234 "GET /v2.0/subnets?network_id=b7f817bb-0d7a-4e7b-8c68-dd8b3f2c1bb4 HTTP/1.1" status: 200 len: 838 time: 0.0324199
2026-09-03 06:34:56.878 10 WARNING neutron.scheduler.dhcp_agent_scheduler [None req-99349883-2ce3-402b-9ddd-33a944eef3b1 8a7059632caa42ee9027243f1515611f ab6185729993489fa51223322158b2c6 - - default default] No more DHCP agents
2026-09-03 06:34:56.879 10 WARNING neutron.api.rpc.agentnotifiers.dhcp_rpc_agent_api [None req-99349883-2ce3-402b-9ddd-33a944eef3b1 8a7059632caa42ee9027243f1515611f ab6185729993489fa51223322158b2c6 - - default default] Unable to schedule network d13a9669-6410-4c59-b27c-996e24cee3f4: no agents available; will retry on subsequent port and subnet creation events.
2026-09-03 06:34:56.979 10 INFO neutron.db.ovn_revision_numbers_db [None req-99349883-2ce3-402b-9ddd-33a944eef3b1 8a7059632caa42ee9027243f1515611f ab6185729993489fa51223322158b2c6 - - default default] Successfully bumped revision number for resource 4c1024ab-29f7-4342-8fc1-4e9f18fde98b (type: ports) to 1
2026-09-03 06:34:57.003 10 INFO neutron.wsgi [None req-99349883-2ce3-402b-9ddd-33a944eef3b1 8a7059632caa42ee9027243f1515611f ab6185729993489fa51223322158b2c6 - - default default] 10.0.0.234 "POST /v2.0/networks HTTP/1.1" status: 201 len: 829 time: 0.4883130
2026-09-03 06:34:57.080 10 INFO neutron.db.l3_db [None req-830ee005-ebf8-44b7-a501-4eb0d8f41409 fdb02b87f4934e548c9987db5ee46541 44fcb7bd17d644e38df76f1c5105a03f - - default default] Floating IP 16717b1a-896b-4b19-918e-d1bdeb1c7f02 disassociated. External IP: 10.96.250.213, port: 967f29f3-ad57-4f69-8208-837a1c29df14.
2026-09-03 06:34:57.111 10 INFO neutron.db.ovn_revision_numbers_db [None req-830ee005-ebf8-44b7-a501-4eb0d8f41409 fdb02b87f4934e548c9987db5ee46541 44fcb7bd17d644e38df76f1c5105a03f - - default default] Successfully bumped revision number for resource 16717b1a-896b-4b19-918e-d1bdeb1c7f02 (type: floatingips) to 2
2026-09-03 06:34:57.173 10 INFO neutron.wsgi [None req-830ee005-ebf8-44b7-a501-4eb0d8f41409 fdb02b87f4934e548c9987db5ee46541 44fcb7bd17d644e38df76f1c5105a03f - - default default] 10.0.0.234 "PUT /v2.0/floatingips/16717b1a-896b-4b19-918e-d1bdeb1c7f02 HTTP/1.1" status: 200 len: 748 time: 0.2162750
2026-09-03 06:34:57.199 10 INFO neutron.wsgi [None req-6ebb4666-5bdf-46c6-ae5d-fad3354e2d77 fdb02b87f4934e548c9987db5ee46541 44fcb7bd17d644e38df76f1c5105a03f - - default default] 10.0.0.234 "GET /v2.0/floatingips/16717b1a-896b-4b19-918e-d1bdeb1c7f02 HTTP/1.1" status: 200 len: 746 time: 0.0208385
2026-09-03 06:34:57.216 10 INFO neutron.notifiers.nova [-] Nova event matching ['req-5b8a3182-b790-4909-94a0-6095cc9360e1'] response: {'name': 'network-changed', 'server_uuid': 'ff98e391-81a2-461a-8c7e-118bb93c5b96', 'tag': '967f29f3-ad57-4f69-8208-837a1c29df14', 'status': 'completed', 'code': 200}
2026-09-03 06:34:57.278 9 INFO neutron.wsgi [req-08c8ca3f-b8d4-4d95-926c-c94332283bc9 req-3e712845-8724-4970-9504-a6358d7acd91 2739c21e6e074eceb977829f225200cf e7a56a4a3c6e45f1a4f4960960c380de - - bfa1cda75a854b7b896a13bc42399ab6 bfa1cda75a854b7b896a13bc42399ab6] 162.253.55.149 "GET /v2.0/ports?tenant_id=44fcb7bd17d644e38df76f1c5105a03f&device_id=ff98e391-81a2-461a-8c7e-118bb93c5b96 HTTP/1.1" status: 200 len: 1413 time: 0.0358167
2026-09-03 06:34:57.282 9 WARNING neutron.scheduler.dhcp_agent_scheduler [None req-f121d75a-76ef-4ddf-a713-3ad4cab1f7f4 8a7059632caa42ee9027243f1515611f ab6185729993489fa51223322158b2c6 - - default default] No more DHCP agents
2026-09-03 06:34:57.283 9 WARNING neutron.api.rpc.agentnotifiers.dhcp_rpc_agent_api [None req-f121d75a-76ef-4ddf-a713-3ad4cab1f7f4 8a7059632caa42ee9027243f1515611f ab6185729993489fa51223322158b2c6 - - default default] Unable to schedule network d13a9669-6410-4c59-b27c-996e24cee3f4: no agents available; will retry on subsequent port and subnet creation events.
2026-09-03 06:34:57.354 9 INFO neutron.wsgi [req-08c8ca3f-b8d4-4d95-926c-c94332283bc9 req-f51702f2-b129-406d-8dc2-1266b37dc724 2739c21e6e074eceb977829f225200cf e7a56a4a3c6e45f1a4f4960960c380de - - bfa1cda75a854b7b896a13bc42399ab6 bfa1cda75a854b7b896a13bc42399ab6] 162.253.55.149 "GET /v2.0/networks?id=1ad14644-2ae9-4322-aad5-233cabcd9320 HTTP/1.1" status: 200 len: 956 time: 0.0609462
2026-09-03 06:34:57.389 9 INFO neutron.wsgi [req-08c8ca3f-b8d4-4d95-926c-c94332283bc9 req-dbb0b4d9-50d2-4c1a-9725-7c5c1baa5e5a 2739c21e6e074eceb977829f225200cf e7a56a4a3c6e45f1a4f4960960c380de - - bfa1cda75a854b7b896a13bc42399ab6 bfa1cda75a854b7b896a13bc42399ab6] 162.253.55.149 "GET /v2.0/floatingips?fixed_ip_address=10.100.0.11&port_id=967f29f3-ad57-4f69-8208-837a1c29df14 HTTP/1.1" status: 200 len: 217 time: 0.0215158
2026-09-03 06:34:57.435 9 INFO neutron.wsgi [req-08c8ca3f-b8d4-4d95-926c-c94332283bc9 req-f8174dbe-3f1b-4014-a1db-6c9da68ca293 2739c21e6e074eceb977829f225200cf e7a56a4a3c6e45f1a4f4960960c380de - - bfa1cda75a854b7b896a13bc42399ab6 bfa1cda75a854b7b896a13bc42399ab6] 162.253.55.149 "GET /v2.0/subnets?id=82e318c7-c2a0-44e6-8e44-57bbb9f79b45 HTTP/1.1" status: 200 len: 853 time: 0.0353010
2026-09-03 06:34:57.464 9 INFO neutron.wsgi [req-08c8ca3f-b8d4-4d95-926c-c94332283bc9 req-467a51c4-0525-4d95-8308-55b34e90e04f 2739c21e6e074eceb977829f225200cf e7a56a4a3c6e45f1a4f4960960c380de - - bfa1cda75a854b7b896a13bc42399ab6 bfa1cda75a854b7b896a13bc42399ab6] 162.253.55.149 "GET /v2.0/ports?network_id=1ad14644-2ae9-4322-aad5-233cabcd9320&device_owner=network%3Adhcp HTTP/1.1" status: 200 len: 210 time: 0.0169981
2026-09-03 06:34:57.538 9 INFO neutron.wsgi [req-08c8ca3f-b8d4-4d95-926c-c94332283bc9 req-9694c14d-4631-42b9-a0fa-79cd3ba4c34f 2739c21e6e074eceb977829f225200cf e7a56a4a3c6e45f1a4f4960960c380de - - bfa1cda75a854b7b896a13bc42399ab6 bfa1cda75a854b7b896a13bc42399ab6] 162.253.55.149 "GET /v2.0/networks/1ad14644-2ae9-4322-aad5-233cabcd9320?fields=segments HTTP/1.1" status: 200 len: 212 time: 0.0617683
2026-09-03 06:34:57.619 9 INFO neutron.wsgi [req-08c8ca3f-b8d4-4d95-926c-c94332283bc9 req-2176e253-7803-4121-b137-0f7f46c92d52 2739c21e6e074eceb977829f225200cf e7a56a4a3c6e45f1a4f4960960c380de - - bfa1cda75a854b7b896a13bc42399ab6 bfa1cda75a854b7b896a13bc42399ab6] 162.253.55.149 "GET /v2.0/networks/1ad14644-2ae9-4322-aad5-233cabcd9320?fields=provider%3Aphysical_network&fields=provider%3Anetwork_type HTTP/1.1" status: 200 len: 277 time: 0.0672276
2026-09-03 06:34:57.794 9 INFO neutron.db.ovn_revision_numbers_db [None req-f121d75a-76ef-4ddf-a713-3ad4cab1f7f4 8a7059632caa42ee9027243f1515611f ab6185729993489fa51223322158b2c6 - - default default] Successfully bumped revision number for resource 4c1024ab-29f7-4342-8fc1-4e9f18fde98b (type: ports) to 2
