2026-09-03 06:34:57.829 9 INFO neutron.db.ovn_revision_numbers_db [None req-f121d75a-76ef-4ddf-a713-3ad4cab1f7f4 8a7059632caa42ee9027243f1515611f ab6185729993489fa51223322158b2c6 - - default default] Successfully bumped revision number for resource b65f72dc-3d16-49d1-a8dc-5a1f6b226782 (type: subnets) to 0
2026-09-03 06:34:57.847 9 INFO neutron.wsgi [None req-f121d75a-76ef-4ddf-a713-3ad4cab1f7f4 8a7059632caa42ee9027243f1515611f ab6185729993489fa51223322158b2c6 - - default default] 10.0.0.234 "POST /v2.0/subnets HTTP/1.1" status: 201 len: 801 time: 0.8359253
2026-09-03 06:34:57.910 9 INFO neutron.wsgi [None req-8196040b-6985-4472-9e4d-0202d7b0a562 7e33db00ddc44cf1aae40c3949b7c7c1 51d009dabfcb47fa85282d8a8fac1fb6 - - default default] 10.0.0.234 "DELETE /v2.0/security-groups/e9e08eaa-84e9-490c-aa7f-666ff4ee7892 HTTP/1.1" status: 204 len: 168 time: 0.1425343
2026-09-03 06:34:58.283 9 INFO neutron.api.v2.resource [None req-f9ba9833-09ed-4a55-a337-9596a756bf0f 7e33db00ddc44cf1aae40c3949b7c7c1 51d009dabfcb47fa85282d8a8fac1fb6 - - default default] show failed (client error): The resource could not be found.
2026-09-03 06:34:58.284 9 INFO neutron.wsgi [None req-f9ba9833-09ed-4a55-a337-9596a756bf0f 7e33db00ddc44cf1aae40c3949b7c7c1 51d009dabfcb47fa85282d8a8fac1fb6 - - default default] 10.0.0.234 "GET /v2.0/security-groups/e9e08eaa-84e9-490c-aa7f-666ff4ee7892 HTTP/1.1" status: 404 len: 347 time: 0.3568709
2026-09-03 06:34:58.379 9 INFO neutron.db.ovn_revision_numbers_db [None req-5fae9c95-0fd2-4551-9bca-5ee1ea75d8c9 8a7059632caa42ee9027243f1515611f ab6185729993489fa51223322158b2c6 - - default default] Successfully bumped revision number for resource 661d313e-2d81-4d48-8639-c3aa4a1471b5 (type: routers) to 1
2026-09-03 06:34:58.392 9 INFO neutron.wsgi [None req-5fae9c95-0fd2-4551-9bca-5ee1ea75d8c9 8a7059632caa42ee9027243f1515611f ab6185729993489fa51223322158b2c6 - - default default] 10.0.0.234 "POST /v2.0/routers HTTP/1.1" status: 201 len: 686 time: 0.5407336
2026-09-03 06:34:58.442 10 INFO neutron.db.ovn_revision_numbers_db [None req-25b4c4f5-f111-4a7c-b717-393e43ae81c9 fdb02b87f4934e548c9987db5ee46541 44fcb7bd17d644e38df76f1c5105a03f - - default default] Successfully bumped revision number for resource cd09d7a4-129f-4a50-a523-90b41ea0212e (type: security_groups) to 1
2026-09-03 06:34:58.471 10 INFO neutron.db.ovn_revision_numbers_db [None req-25b4c4f5-f111-4a7c-b717-393e43ae81c9 fdb02b87f4934e548c9987db5ee46541 44fcb7bd17d644e38df76f1c5105a03f - - default default] Successfully bumped revision number for resource 12a23173-d698-4331-8a86-c72291a83920 (type: security_group_rules) to 0
2026-09-03 06:34:58.484 10 INFO neutron.db.ovn_revision_numbers_db [None req-25b4c4f5-f111-4a7c-b717-393e43ae81c9 fdb02b87f4934e548c9987db5ee46541 44fcb7bd17d644e38df76f1c5105a03f - - default default] Successfully bumped revision number for resource 90e82845-030b-4c94-9093-99e91d874637 (type: security_group_rules) to 0
2026-09-03 06:34:58.509 10 INFO neutron.wsgi [None req-25b4c4f5-f111-4a7c-b717-393e43ae81c9 fdb02b87f4934e548c9987db5ee46541 44fcb7bd17d644e38df76f1c5105a03f - - default default] 10.0.0.234 "POST /v2.0/security-groups HTTP/1.1" status: 201 len: 1811 time: 0.2218301
2026-09-03 06:34:58.612 9 WARNING neutron.plugins.ml2.drivers.ovn.mech_driver.ovsdb.ovn_client [None req-8fe5edfe-5033-412e-9fe9-c3dda07e105e - - - - - -] No port found with ID 7a0cc595-3175-42ab-865b-d0cf9166b36c: RuntimeError: No port found with ID 7a0cc595-3175-42ab-865b-d0cf9166b36c
2026-09-03 06:34:58.612 9 INFO neutron.plugins.ml2.drivers.ovn.mech_driver.mech_driver [None req-8fe5edfe-5033-412e-9fe9-c3dda07e105e - - - - - -] OVN reports status down for port: 912c8efe-50f3-43cf-a590-c12a9982da15
2026-09-03 06:34:58.677 10 INFO neutron.wsgi [None req-f7a55158-56ae-4a2b-b8e6-a1b0d5b27178 7e33db00ddc44cf1aae40c3949b7c7c1 51d009dabfcb47fa85282d8a8fac1fb6 - - default default] 10.0.0.234 "DELETE /v2.0/floatingips/4e021888-7bd3-470e-928a-e8ad0b26c540 HTTP/1.1" status: 204 len: 168 time: 0.3835244
2026-09-03 06:34:58.685 10 INFO neutron.wsgi [None req-46b4ac19-8f1d-4e63-9867-0deab095e5b2 ca15e16cd8614757a77f31313624d6a6 3fd58b232b0c4162afa02f7aa6272ead - - default default] 10.0.0.67 "GET /v2.0/extensions HTTP/1.1" status: 200 len: 16525 time: 0.0045550 /var/lib/openstack/lib/python3.10/site-packages/pycadf/identifier.py:71: UserWarning: Invalid uuid: neutron. To ensure interoperability, identifiers should be a valid uuid. warnings.warn(('Invalid uuid: %s. To ensure interoperability, '
2026-09-03 06:34:58.742 10 INFO neutron.db.ovn_revision_numbers_db [None req-f59c3ec8-ddc6-4ca4-ba84-c33352c3fa9c fdb02b87f4934e548c9987db5ee46541 44fcb7bd17d644e38df76f1c5105a03f - - default default] Successfully bumped revision number for resource 2e85e2e3-5823-4401-b373-86ae0287b872 (type: security_group_rules) to 0
2026-09-03 06:34:58.780 10 INFO neutron.wsgi [None req-f59c3ec8-ddc6-4ca4-ba84-c33352c3fa9c fdb02b87f4934e548c9987db5ee46541 44fcb7bd17d644e38df76f1c5105a03f - - default default] 10.0.0.234 "POST /v2.0/security-group-rules HTTP/1.1" status: 201 len: 764 time: 0.2639124
2026-09-03 06:34:58.804 9 WARNING neutron.scheduler.dhcp_agent_scheduler [None req-3b1f465b-1512-4baa-bec0-89e43a0180b1 8a7059632caa42ee9027243f1515611f ab6185729993489fa51223322158b2c6 - - default default] No more DHCP agents
2026-09-03 06:34:58.807 9 WARNING neutron.api.rpc.agentnotifiers.dhcp_rpc_agent_api [None req-3b1f465b-1512-4baa-bec0-89e43a0180b1 8a7059632caa42ee9027243f1515611f ab6185729993489fa51223322158b2c6 - - default default] Unable to schedule network d13a9669-6410-4c59-b27c-996e24cee3f4: no agents available; will retry on subsequent port and subnet creation events.
2026-09-03 06:34:58.824 9 INFO neutron.wsgi [None req-96ed5667-c499-4261-8522-3b9b68819bf6 ca15e16cd8614757a77f31313624d6a6 3fd58b232b0c4162afa02f7aa6272ead - - default default] 10.0.0.67 "GET /v2.0/quotas/3fd58b232b0c4162afa02f7aa6272ead/details HTTP/1.1" status: 200 len: 756 time: 0.1124907
2026-09-03 06:34:58.952 9 INFO neutron.db.ovn_revision_numbers_db [None req-3b1f465b-1512-4baa-bec0-89e43a0180b1 8a7059632caa42ee9027243f1515611f ab6185729993489fa51223322158b2c6 - - default default] Successfully bumped revision number for resource b6edf860-cb98-4552-a955-67fca8b9e1b5 (type: ports) to 1
2026-09-03 06:34:58.965 10 INFO neutron.db.ovn_revision_numbers_db [None req-242c86c3-43ba-4e47-9265-1ce3cbf9ffd3 fdb02b87f4934e548c9987db5ee46541 44fcb7bd17d644e38df76f1c5105a03f - - default default] Successfully bumped revision number for resource bfa53cab-340d-47d7-8abb-ad1f7f6a2cb5 (type: security_group_rules) to 0
2026-09-03 06:34:59.017 10 INFO neutron.wsgi [None req-242c86c3-43ba-4e47-9265-1ce3cbf9ffd3 fdb02b87f4934e548c9987db5ee46541 44fcb7bd17d644e38df76f1c5105a03f - - default default] 10.0.0.234 "POST /v2.0/security-group-rules HTTP/1.1" status: 201 len: 763 time: 0.2303579
2026-09-03 06:34:59.194 9 INFO neutron.db.ovn_revision_numbers_db [None req-8935fe4d-708e-478d-9f7d-29403d32f147 fdb02b87f4934e548c9987db5ee46541 44fcb7bd17d644e38df76f1c5105a03f - - default default] Successfully bumped revision number for resource 37c8d60c-de4d-45f4-bce4-5b4529bbde2c (type: security_group_rules) to 0
2026-09-03 06:34:59.230 9 INFO neutron.wsgi [None req-8935fe4d-708e-478d-9f7d-29403d32f147 fdb02b87f4934e548c9987db5ee46541 44fcb7bd17d644e38df76f1c5105a03f - - default default] 10.0.0.234 "POST /v2.0/security-group-rules HTTP/1.1" status: 201 len: 769 time: 0.2062795
2026-09-03 06:34:59.303 10 INFO neutron.plugins.ml2.drivers.ovn.mech_driver.mech_driver [None req-e48a7550-56f1-434b-a515-5b82a69dcb49 - - - - - -] OVN reports status up for port: b6edf860-cb98-4552-a955-67fca8b9e1b5
2026-09-03 06:34:59.317 10 INFO neutron.plugins.ml2.plugin [None req-e48a7550-56f1-434b-a515-5b82a69dcb49 - - - - - -] Attempt 1 to provision port b6edf860-cb98-4552-a955-67fca8b9e1b5
2026-09-03 06:34:59.329 9 INFO neutron.db.ovn_revision_numbers_db [None req-3b1f465b-1512-4baa-bec0-89e43a0180b1 8a7059632caa42ee9027243f1515611f ab6185729993489fa51223322158b2c6 - - default default] Successfully bumped revision number for resource b6edf860-cb98-4552-a955-67fca8b9e1b5 (type: router_ports) to 1
2026-09-03 06:34:59.460 9 INFO neutron.db.ovn_revision_numbers_db [None req-3b1f465b-1512-4baa-bec0-89e43a0180b1 8a7059632caa42ee9027243f1515611f ab6185729993489fa51223322158b2c6 - - default default] Successfully bumped revision number for resource b6edf860-cb98-4552-a955-67fca8b9e1b5 (type: ports) to 1
2026-09-03 06:34:59.511 9 WARNING neutron.scheduler.dhcp_agent_scheduler [None req-3b1f465b-1512-4baa-bec0-89e43a0180b1 8a7059632caa42ee9027243f1515611f ab6185729993489fa51223322158b2c6 - - default default] No more DHCP agents
2026-09-03 06:34:59.512 9 WARNING neutron.api.rpc.agentnotifiers.dhcp_rpc_agent_api [None req-3b1f465b-1512-4baa-bec0-89e43a0180b1 8a7059632caa42ee9027243f1515611f ab6185729993489fa51223322158b2c6 - - default default] Unable to schedule network d13a9669-6410-4c59-b27c-996e24cee3f4: no agents available; will retry on subsequent port and subnet creation events.
2026-09-03 06:34:59.647 9 INFO neutron.db.ovn_revision_numbers_db [None req-3b1f465b-1512-4baa-bec0-89e43a0180b1 8a7059632caa42ee9027243f1515611f ab6185729993489fa51223322158b2c6 - - default default] Successfully bumped revision number for resource b6edf860-cb98-4552-a955-67fca8b9e1b5 (type: router_ports) to 1
2026-09-03 06:34:59.649 9 INFO neutron.wsgi [None req-3b1f465b-1512-4baa-bec0-89e43a0180b1 8a7059632caa42ee9027243f1515611f ab6185729993489fa51223322158b2c6 - - default default] 10.0.0.234 "PUT /v2.0/routers/661d313e-2d81-4d48-8639-c3aa4a1471b5/add_router_interface HTTP/1.1" status: 200 len: 503 time: 1.2525313
2026-09-03 06:34:59.678 9 INFO neutron.wsgi [None req-0acd947b-ebbb-4eb4-a39d-8e0710468068 8a7059632caa42ee9027243f1515611f ab6185729993489fa51223322158b2c6 - - default default] 10.0.0.234 "GET /v2.0/ports/b6edf860-cb98-4552-a955-67fca8b9e1b5 HTTP/1.1" status: 200 len: 1135 time: 0.0222342
2026-09-03 06:34:59.705 9 INFO neutron.wsgi [None req-a939f73b-1cee-4e12-bc40-aab671d38ac8 8a7059632caa42ee9027243f1515611f ab6185729993489fa51223322158b2c6 - - default default] 10.0.0.234 "GET /v2.0/ports/b6edf860-cb98-4552-a955-67fca8b9e1b5 HTTP/1.1" status: 200 len: 1135 time: 0.0219047
2026-09-03 06:34:59.906 10 INFO neutron.db.ovn_revision_numbers_db [None req-b69d12bb-6771-4e66-bce5-b321d20f4ebc fdb02b87f4934e548c9987db5ee46541 44fcb7bd17d644e38df76f1c5105a03f - - default default] Successfully bumped revision number for resource 2d9f3c19-6b7e-4054-8916-e8af02d22c98 (type: security_group_rules) to 0
2026-09-03 06:34:59.949 10 INFO neutron.wsgi [None req-b69d12bb-6771-4e66-bce5-b321d20f4ebc fdb02b87f4934e548c9987db5ee46541 44fcb7bd17d644e38df76f1c5105a03f - - default default] 10.0.0.234 "POST /v2.0/security-group-rules HTTP/1.1" status: 201 len: 768 time: 0.7141960
2026-09-03 06:34:59.992 9 INFO neutron.db.securitygroups_db [None req-03c18aa4-a6fe-4058-bd25-09da7b3ecc7b fdb02b87f4934e548c9987db5ee46541 44fcb7bd17d644e38df76f1c5105a03f - - default default] Project 44fcb7bd17d644e38df76f1c5105a03f added a security group rule with legacy IPv6 ICMP protocol name icmp, ipv6-icmp should be used instead. It was automatically converted.
2026-09-03 06:35:00.158 9 INFO neutron.db.ovn_revision_numbers_db [None req-03c18aa4-a6fe-4058-bd25-09da7b3ecc7b fdb02b87f4934e548c9987db5ee46541 44fcb7bd17d644e38df76f1c5105a03f - - default default] Successfully bumped revision number for resource 48eb18cd-0148-4e62-8bb3-880cf791a915 (type: security_group_rules) to 0
2026-09-03 06:35:00.215 9 INFO neutron.wsgi [None req-03c18aa4-a6fe-4058-bd25-09da7b3ecc7b fdb02b87f4934e548c9987db5ee46541 44fcb7bd17d644e38df76f1c5105a03f - - default default] 10.0.0.234 "POST /v2.0/security-group-rules HTTP/1.1" status: 201 len: 774 time: 0.2592781
2026-09-03 06:35:00.241 10 INFO neutron.db.ovn_revision_numbers_db [None req-e48a7550-56f1-434b-a515-5b82a69dcb49 - - - - - -] Successfully bumped revision number for resource b6edf860-cb98-4552-a955-67fca8b9e1b5 (type: ports) to 2
2026-09-03 06:35:00.243 9 INFO neutron.db.securitygroups_db [None req-ccb1655f-d74d-4327-9237-01df4d4517e6 fdb02b87f4934e548c9987db5ee46541 44fcb7bd17d644e38df76f1c5105a03f - - default default] Project 44fcb7bd17d644e38df76f1c5105a03f added a security group rule with legacy IPv6 ICMP protocol name icmp, ipv6-icmp should be used instead. It was automatically converted.
2026-09-03 06:35:00.363 9 INFO neutron.db.ovn_revision_numbers_db [None req-ccb1655f-d74d-4327-9237-01df4d4517e6 fdb02b87f4934e548c9987db5ee46541 44fcb7bd17d644e38df76f1c5105a03f - - default default] Successfully bumped revision number for resource 4ff0b29a-23de-4809-b82d-3c16291864fe (type: security_group_rules) to 0
2026-09-03 06:35:00.389 10 INFO neutron.db.ovn_revision_numbers_db [None req-e48a7550-56f1-434b-a515-5b82a69dcb49 - - - - - -] Successfully bumped revision number for resource b6edf860-cb98-4552-a955-67fca8b9e1b5 (type: router_ports) to 2
2026-09-03 06:35:00.396 9 INFO neutron.wsgi [None req-ccb1655f-d74d-4327-9237-01df4d4517e6 fdb02b87f4934e548c9987db5ee46541 44fcb7bd17d644e38df76f1c5105a03f - - default default] 10.0.0.234 "POST /v2.0/security-group-rules HTTP/1.1" status: 201 len: 773 time: 0.1762815
2026-09-03 06:35:00.446 10 INFO neutron.wsgi [None req-1327cd24-316d-4a2e-9c97-79a826487eb8 641d77ad130d443cb3e32ba28643beeb 0ed2608e6fc5484f9e46dd884fccf740 - - default default] 10.0.0.234 "PUT /v2.0/routers/c925dd02-5a93-4b49-acaa-1ccd53d719cc/remove_router_interface HTTP/1.1" status: 200 len: 503 time: 1.7643764
2026-09-03 06:35:00.742 9 INFO neutron.wsgi [None req-878a19b1-c9d5-448e-905d-cf8a95b77c9b 8a7059632caa42ee9027243f1515611f ab6185729993489fa51223322158b2c6 - - default default] 10.0.0.234 "GET /v2.0/ports/b6edf860-cb98-4552-a955-67fca8b9e1b5 HTTP/1.1" status: 200 len: 1137 time: 0.0318956 /var/lib/openstack/lib/python3.10/site-packages/pycadf/identifier.py:71: UserWarning: Invalid uuid: neutron. To ensure interoperability, identifiers should be a valid uuid. warnings.warn(('Invalid uuid: %s. To ensure interoperability, '
2026-09-03 06:35:00.984 9 INFO neutron.wsgi [None req-8eb2385e-fc65-4c77-bd4a-8522ce73f01d 641d77ad130d443cb3e32ba28643beeb 0ed2608e6fc5484f9e46dd884fccf740 - - default default] 10.0.0.234 "DELETE /v2.0/routers/c925dd02-5a93-4b49-acaa-1ccd53d719cc HTTP/1.1" status: 204 len: 168 time: 0.5331628
2026-09-03 06:35:01.019 10 INFO neutron.wsgi [None req-91ccfb2f-f07a-4f07-ac88-d3e6869df0b8 fdb02b87f4934e548c9987db5ee46541 44fcb7bd17d644e38df76f1c5105a03f - - default default] 10.0.0.234 "GET /v2.0/networks HTTP/1.1" status: 200 len: 1490 time: 0.2196302
2026-09-03 06:35:01.155 10 INFO neutron.wsgi [req-e80280df-16b2-4ec8-b685-4c91fdb33601 req-22b6d8c0-ad9c-4f02-a812-25796b22bb71 fdb02b87f4934e548c9987db5ee46541 44fcb7bd17d644e38df76f1c5105a03f - - default default] 10.0.0.94 "GET /v2.0/security-groups?name=tempest-secgroup-smoke-1955658865&fields=id&tenant_id=44fcb7bd17d644e38df76f1c5105a03f HTTP/1.1" status: 200 len: 267 time: 0.0501423
2026-09-03 06:35:01.201 9 INFO neutron.wsgi [None req-e79d10b3-dc0b-422b-83f2-c939429404b5 641d77ad130d443cb3e32ba28643beeb 0ed2608e6fc5484f9e46dd884fccf740 - - default default] 10.0.0.234 "DELETE /v2.0/subnets/a641b47e-489b-417b-9165-227f95220f62 HTTP/1.1" status: 204 len: 168 time: 0.2120948
2026-09-03 06:35:01.265 10 INFO neutron.wsgi [req-e80280df-16b2-4ec8-b685-4c91fdb33601 req-c6ddb279-bca7-42a7-9b82-e85b9dec0e6f fdb02b87f4934e548c9987db5ee46541 44fcb7bd17d644e38df76f1c5105a03f - - default default] 10.0.0.94 "GET /v2.0/networks?id=1ad14644-2ae9-4322-aad5-233cabcd9320 HTTP/1.1" status: 200 len: 857 time: 0.1012015
2026-09-03 06:35:01.270 9 INFO neutron.db.ovn_revision_numbers_db [None req-6bef3024-b931-4575-862b-07629c577d9e 641d77ad130d443cb3e32ba28643beeb 0ed2608e6fc5484f9e46dd884fccf740 - - default default] Successfully bumped revision number for resource fa17a17c-24cc-49d4-8682-fc17fb340e1a (type: security_groups) to 1
2026-09-03 06:35:01.290 10 INFO neutron.wsgi [req-e80280df-16b2-4ec8-b685-4c91fdb33601 req-dab08786-df2d-44d2-9b7e-2a211d0337b2 fdb02b87f4934e548c9987db5ee46541 44fcb7bd17d644e38df76f1c5105a03f - - default default] 10.0.0.94 "GET /v2.0/quotas/44fcb7bd17d644e38df76f1c5105a03f HTTP/1.1" status: 200 len: 386 time: 0.0127656
2026-09-03 06:35:01.292 9 INFO neutron.db.ovn_revision_numbers_db [None req-6bef3024-b931-4575-862b-07629c577d9e 641d77ad130d443cb3e32ba28643beeb 0ed2608e6fc5484f9e46dd884fccf740 - - default default] Successfully bumped revision number for resource 3546fb7d-69c1-4c3c-b16a-8bcdb93ac5bd (type: security_group_rules) to 0
2026-09-03 06:35:01.311 9 INFO neutron.db.ovn_revision_numbers_db [None req-6bef3024-b931-4575-862b-07629c577d9e 641d77ad130d443cb3e32ba28643beeb 0ed2608e6fc5484f9e46dd884fccf740 - - default default] Successfully bumped revision number for resource 7044b2a2-3dd1-48a1-8333-2cfa9f01f132 (type: security_group_rules) to 0
2026-09-03 06:35:01.331 9 INFO neutron.db.ovn_revision_numbers_db [None req-6bef3024-b931-4575-862b-07629c577d9e 641d77ad130d443cb3e32ba28643beeb 0ed2608e6fc5484f9e46dd884fccf740 - - default default] Successfully bumped revision number for resource 9d505d0b-280c-44a9-aa82-186a449b2cfe (type: security_group_rules) to 0
2026-09-03 06:35:01.357 9 INFO neutron.db.ovn_revision_numbers_db [None req-6bef3024-b931-4575-862b-07629c577d9e 641d77ad130d443cb3e32ba28643beeb 0ed2608e6fc5484f9e46dd884fccf740 - - default default] Successfully bumped revision number for resource ce9d9b6c-ad32-42cf-bcdc-7d8be526245e (type: security_group_rules) to 0
2026-09-03 06:35:01.391 9 INFO neutron.wsgi [None req-6bef3024-b931-4575-862b-07629c577d9e 641d77ad130d443cb3e32ba28643beeb 0ed2608e6fc5484f9e46dd884fccf740 - - default default] 10.0.0.234 "GET /v2.0/security-groups?tenant_id=3fd58b232b0c4162afa02f7aa6272ead&name=default HTTP/1.1" status: 200 len: 2996 time: 0.2834330
2026-09-03 06:35:01.419 10 INFO neutron.wsgi [req-e80280df-16b2-4ec8-b685-4c91fdb33601 req-58990237-0d04-4cc8-b376-db7672e0b30a fdb02b87f4934e548c9987db5ee46541 44fcb7bd17d644e38df76f1c5105a03f - - default default] 10.0.0.94 "GET /v2.0/ports?tenant_id=44fcb7bd17d644e38df76f1c5105a03f&fields=id HTTP/1.1" status: 200 len: 348 time: 0.1237767
2026-09-03 06:35:01.511 10 INFO neutron.wsgi [req-e80280df-16b2-4ec8-b685-4c91fdb33601 req-e5186731-09b3-48ed-9459-a840899828dd 2739c21e6e074eceb977829f225200cf e7a56a4a3c6e45f1a4f4960960c380de - - bfa1cda75a854b7b896a13bc42399ab6 bfa1cda75a854b7b896a13bc42399ab6] 10.0.0.94 "GET /v2.0/networks/1ad14644-2ae9-4322-aad5-233cabcd9320?fields=segments HTTP/1.1" status: 200 len: 212 time: 0.0706158
2026-09-03 06:35:01.567 9 INFO neutron.wsgi [None req-9336992a-3407-4ff7-ae30-e10cfc2cf6f6 641d77ad130d443cb3e32ba28643beeb 0ed2608e6fc5484f9e46dd884fccf740 - - default default] 10.0.0.234 "DELETE /v2.0/security-groups/fa17a17c-24cc-49d4-8682-fc17fb340e1a HTTP/1.1" status: 204 len: 168 time: 0.1714435
2026-09-03 06:35:01.619 10 INFO neutron.wsgi [req-e80280df-16b2-4ec8-b685-4c91fdb33601 req-5e626719-4f5f-449c-aea0-a3f67968215b 2739c21e6e074eceb977829f225200cf e7a56a4a3c6e45f1a4f4960960c380de - - bfa1cda75a854b7b896a13bc42399ab6 bfa1cda75a854b7b896a13bc42399ab6] 10.0.0.94 "GET /v2.0/networks/1ad14644-2ae9-4322-aad5-233cabcd9320?fields=provider%3Aphysical_network&fields=provider%3Anetwork_type HTTP/1.1" status: 200 len: 277 time: 0.0979044
2026-09-03 06:35:01.672 10 INFO neutron.wsgi [None req-4ec95107-a6ee-4c20-afb1-23d614884910 8a7059632caa42ee9027243f1515611f ab6185729993489fa51223322158b2c6 - - default default] 10.0.0.234 "PUT /v2.0/routers/661d313e-2d81-4d48-8639-c3aa4a1471b5/remove_router_interface HTTP/1.1" status: 200 len: 503 time: 0.9196336 /var/lib/openstack/lib/python3.10/site-packages/pycadf/identifier.py:71: UserWarning: Invalid uuid: neutron. To ensure interoperability, identifiers should be a valid uuid. warnings.warn(('Invalid uuid: %s. To ensure interoperability, '
2026-09-03 06:35:01.700 10 INFO neutron.wsgi [None req-ddc35105-5bc7-4b0a-ba0c-ffa9d056ae07 8a7059632caa42ee9027243f1515611f ab6185729993489fa51223322158b2c6 - - default default] 10.0.0.234 "GET /v2.0/ports?device_id=661d313e-2d81-4d48-8639-c3aa4a1471b5 HTTP/1.1" status: 200 len: 205 time: 0.0227344
2026-09-03 06:35:01.779 10 INFO neutron.services.segments.plugin [-] Segment a99b4c69-9a21-4c5a-b4b8-3eb7c5a57e8c resource provider aggregate not found
2026-09-03 06:35:01.783 9 INFO neutron.wsgi [req-837bfb6d-9b90-4db1-9136-01889c2b8437 req-f9d69f31-d179-4478-89b4-a95abe0c3401 fdb02b87f4934e548c9987db5ee46541 44fcb7bd17d644e38df76f1c5105a03f - - default default] 10.0.0.94 "GET /v2.0/ports?device_id=01fd0372-0319-4748-a6e3-f2185282bdc2 HTTP/1.1" status: 200 len: 210 time: 0.0216148
2026-09-03 06:35:01.789 10 INFO neutron.services.segments.plugin [-] Segment a99b4c69-9a21-4c5a-b4b8-3eb7c5a57e8c resource provider aggregate not found
2026-09-03 06:35:01.801 10 INFO neutron.services.segments.plugin [-] Segment a99b4c69-9a21-4c5a-b4b8-3eb7c5a57e8c resource provider not found; error: Placement Client Error (4xx): {"errors": [{"status": 404, "title": "Not Found", "detail": "The resource could not be found.\n\n No resource provider with uuid a99b4c69-9a21-4c5a-b4b8-3eb7c5a57e8c found for delete ", "request_id": "req-5a7849f0-3171-4bed-be21-e5e2968c2b2f"}]}
2026-09-03 06:35:01.815 10 INFO neutron.services.segments.plugin [-] Segment a99b4c69-9a21-4c5a-b4b8-3eb7c5a57e8c resource provider not found; error: Placement Client Error (4xx): {"errors": [{"status": 404, "title": "Not Found", "detail": "The resource could not be found.\n\n No resource provider with uuid a99b4c69-9a21-4c5a-b4b8-3eb7c5a57e8c found for delete ", "request_id": "req-abeef573-2b11-403f-b090-eb7329438b83"}]}
2026-09-03 06:35:01.840 10 INFO neutron.wsgi [None req-006c7a68-07ae-4a01-84e1-480a5bef9b2c 641d77ad130d443cb3e32ba28643beeb 0ed2608e6fc5484f9e46dd884fccf740 - - default default] 10.0.0.234 "DELETE /v2.0/networks/2d8fdb8c-4ffa-4377-b698-86494f51e817 HTTP/1.1" status: 204 len: 168 time: 0.6323621
2026-09-03 06:35:01.940 9 INFO neutron.wsgi [None req-8015cc21-4a1d-468d-8d57-1a858fd6fbfd 8a7059632caa42ee9027243f1515611f ab6185729993489fa51223322158b2c6 - - default default] 10.0.0.234 "DELETE /v2.0/routers/661d313e-2d81-4d48-8639-c3aa4a1471b5 HTTP/1.1" status: 204 len: 168 time: 0.2356434
2026-09-03 06:35:02.101 9 INFO neutron.wsgi [None req-ea092bb0-05af-45b9-ac39-89860f11671e 641d77ad130d443cb3e32ba28643beeb 0ed2608e6fc5484f9e46dd884fccf740 - - default default] 10.0.0.234 "GET /v2.0/security-groups?tenant_id=51d009dabfcb47fa85282d8a8fac1fb6&name=default HTTP/1.1" status: 200 len: 2996 time: 0.0490999
2026-09-03 06:35:02.193 10 INFO neutron.wsgi [None req-323351a5-acc5-4646-aca5-345d786d3db3 8a7059632caa42ee9027243f1515611f ab6185729993489fa51223322158b2c6 - - default default] 10.0.0.234 "DELETE /v2.0/subnets/b65f72dc-3d16-49d1-a8dc-5a1f6b226782 HTTP/1.1" status: 204 len: 168 time: 0.2481380
2026-09-03 06:35:02.443 9 INFO neutron.wsgi [None req-b72e5c6b-a58b-4917-aae2-48ac5d18141d 641d77ad130d443cb3e32ba28643beeb 0ed2608e6fc5484f9e46dd884fccf740 - - default default] 10.0.0.234 "DELETE /v2.0/security-groups/c47c40d7-d512-4d12-9348-d996cc2910af HTTP/1.1" status: 204 len: 168 time: 0.3374646
2026-09-03 06:35:02.628 10 INFO neutron.wsgi [None req-fba3411a-fc27-4ecb-9b8d-c44dde3199e0 8a7059632caa42ee9027243f1515611f ab6185729993489fa51223322158b2c6 - - default default] 10.0.0.234 "DELETE /v2.0/networks/d13a9669-6410-4c59-b27c-996e24cee3f4 HTTP/1.1" status: 204 len: 168 time: 0.4288919
2026-09-03 06:35:02.801 9 INFO neutron.wsgi [req-e80280df-16b2-4ec8-b685-4c91fdb33601 req-fd2ce041-14eb-4827-b6a9-1ce770f030b7 fdb02b87f4934e548c9987db5ee46541 44fcb7bd17d644e38df76f1c5105a03f - - default default] 162.253.55.149 "GET /v2.0/networks?id=1ad14644-2ae9-4322-aad5-233cabcd9320 HTTP/1.1" status: 200 len: 857 time: 0.1315408
2026-09-03 06:35:02.881 9 INFO neutron.wsgi [req-e80280df-16b2-4ec8-b685-4c91fdb33601 req-93b5f33c-9236-46ab-a577-04bc81b5010c fdb02b87f4934e548c9987db5ee46541 44fcb7bd17d644e38df76f1c5105a03f - - default default] 162.253.55.149 "GET /v2.0/security-groups?fields=id&fields=name&tenant_id=44fcb7bd17d644e38df76f1c5105a03f HTTP/1.1" status: 200 len: 473 time: 0.0741043
2026-09-03 06:35:02.908 10 INFO neutron.wsgi [req-37e321d5-0bd6-44a4-9452-95acf1d22a82 req-b801c1e9-465d-4145-b9ca-0ef6119a39a4 fdb02b87f4934e548c9987db5ee46541 44fcb7bd17d644e38df76f1c5105a03f - - default default] 10.0.0.94 "GET /v2.0/ports?device_id=01fd0372-0319-4748-a6e3-f2185282bdc2 HTTP/1.1" status: 200 len: 210 time: 0.0285821
2026-09-03 06:35:03.254 9 WARNING neutron.scheduler.dhcp_agent_scheduler [None req-3f335375-98c0-4520-8186-657cee60b4c9 8a7059632caa42ee9027243f1515611f ab6185729993489fa51223322158b2c6 - - default default] No more DHCP agents
2026-09-03 06:35:03.258 9 WARNING neutron.api.rpc.agentnotifiers.dhcp_rpc_agent_api [None req-3f335375-98c0-4520-8186-657cee60b4c9 8a7059632caa42ee9027243f1515611f ab6185729993489fa51223322158b2c6 - - default default] Unable to schedule network b7f817bb-0d7a-4e7b-8c68-dd8b3f2c1bb4: no agents available; will retry on subsequent port and subnet creation events.
2026-09-03 06:35:03.340 9 WARNING neutron.scheduler.dhcp_agent_scheduler [req-e80280df-16b2-4ec8-b685-4c91fdb33601 req-239f8185-055b-4d64-9291-f370a79d2d45 fdb02b87f4934e548c9987db5ee46541 44fcb7bd17d644e38df76f1c5105a03f - - default default] No more DHCP agents
2026-09-03 06:35:03.345 9 WARNING neutron.api.rpc.agentnotifiers.dhcp_rpc_agent_api [req-e80280df-16b2-4ec8-b685-4c91fdb33601 req-239f8185-055b-4d64-9291-f370a79d2d45 fdb02b87f4934e548c9987db5ee46541 44fcb7bd17d644e38df76f1c5105a03f - - default default] Unable to schedule network 1ad14644-2ae9-4322-aad5-233cabcd9320: no agents available; will retry on subsequent port and subnet creation events.
2026-09-03 06:35:03.475 9 INFO neutron.db.ovn_revision_numbers_db [None req-3f335375-98c0-4520-8186-657cee60b4c9 8a7059632caa42ee9027243f1515611f ab6185729993489fa51223322158b2c6 - - default default] Successfully bumped revision number for resource e6c572d2-10f2-42e5-81b5-fec6f5a31288 (type: ports) to 1
2026-09-03 06:35:03.563 9 INFO neutron.db.ovn_revision_numbers_db [req-e80280df-16b2-4ec8-b685-4c91fdb33601 req-239f8185-055b-4d64-9291-f370a79d2d45 fdb02b87f4934e548c9987db5ee46541 44fcb7bd17d644e38df76f1c5105a03f - - default default] Successfully bumped revision number for resource 91e09d32-7cc2-4adc-ba77-89830f968c05 (type: ports) to 1
2026-09-03 06:35:03.589 9 INFO neutron.wsgi [req-e80280df-16b2-4ec8-b685-4c91fdb33601 req-239f8185-055b-4d64-9291-f370a79d2d45 fdb02b87f4934e548c9987db5ee46541 44fcb7bd17d644e38df76f1c5105a03f - - default default] 162.253.55.149 "POST /v2.0/ports HTTP/1.1" status: 201 len: 1158 time: 0.6990345 /var/lib/openstack/lib/python3.10/site-packages/pycadf/identifier.py:71: UserWarning: Invalid uuid: neutron. To ensure interoperability, identifiers should be a valid uuid. warnings.warn(('Invalid uuid: %s. To ensure interoperability, '
2026-09-03 06:35:03.828 10 INFO neutron.services.segments.plugin [-] Segment 40d28127-42a7-4160-afd6-1fd5d36f45c8 resource provider aggregate not found
2026-09-03 06:35:03.839 10 INFO neutron.services.segments.plugin [-] Segment 40d28127-42a7-4160-afd6-1fd5d36f45c8 resource provider aggregate not found
2026-09-03 06:35:03.850 10 INFO neutron.services.segments.plugin [-] Segment 40d28127-42a7-4160-afd6-1fd5d36f45c8 resource provider not found; error: Placement Client Error (4xx): {"errors": [{"status": 404, "title": "Not Found", "detail": "The resource could not be found.\n\n No resource provider with uuid 40d28127-42a7-4160-afd6-1fd5d36f45c8 found for delete ", "request_id": "req-bec48e7e-9cb0-47ee-ba76-37517e59ab44"}]}
2026-09-03 06:35:03.861 10 INFO neutron.services.segments.plugin [-] Segment 40d28127-42a7-4160-afd6-1fd5d36f45c8 resource provider not found; error: Placement Client Error (4xx): {"errors": [{"status": 404, "title": "Not Found", "detail": "The resource could not be found.\n\n No resource provider with uuid 40d28127-42a7-4160-afd6-1fd5d36f45c8 found for delete ", "request_id": "req-3be97144-5ab8-4617-ba35-f8473d9ff1d2"}]}
2026-09-03 06:35:04.115 9 INFO neutron.wsgi [req-e4ee37cc-3f65-4d04-ae91-067a4e7a0a31 req-a73041a6-907f-406e-8b84-c655d19b64d0 fdb02b87f4934e548c9987db5ee46541 44fcb7bd17d644e38df76f1c5105a03f - - default default] 10.0.0.94 "GET /v2.0/ports?device_id=01fd0372-0319-4748-a6e3-f2185282bdc2 HTTP/1.1" status: 200 len: 1156 time: 0.1367168
2026-09-03 06:35:04.191 9 INFO neutron.wsgi [req-e4ee37cc-3f65-4d04-ae91-067a4e7a0a31 req-e9b43d60-12ba-4ec1-a804-43274fe48681 fdb02b87f4934e548c9987db5ee46541 44fcb7bd17d644e38df76f1c5105a03f - - default default] 10.0.0.94 "GET /v2.0/security-groups?id=cd09d7a4-129f-4a50-a523-90b41ea0212e&fields=id&fields=name HTTP/1.1" status: 200 len: 313 time: 0.0711806
2026-09-03 06:35:04.319 9 INFO neutron.db.ovn_revision_numbers_db [req-e80280df-16b2-4ec8-b685-4c91fdb33601 req-8da481c1-8dbb-422c-93da-971d1ebd2725 2739c21e6e074eceb977829f225200cf e7a56a4a3c6e45f1a4f4960960c380de - - bfa1cda75a854b7b896a13bc42399ab6 bfa1cda75a854b7b896a13bc42399ab6] Successfully bumped revision number for resource 91e09d32-7cc2-4adc-ba77-89830f968c05 (type: ports) to 2
2026-09-03 06:35:04.397 9 INFO neutron.plugins.ml2.drivers.ovn.mech_driver.mech_driver [None req-8fe5edfe-5033-412e-9fe9-c3dda07e105e - - - - - -] OVN reports status up for port: e6c572d2-10f2-42e5-81b5-fec6f5a31288
2026-09-03 06:35:04.412 9 INFO neutron.plugins.ml2.plugin [None req-8fe5edfe-5033-412e-9fe9-c3dda07e105e - - - - - -] Attempt 1 to provision port e6c572d2-10f2-42e5-81b5-fec6f5a31288
2026-09-03 06:35:04.430 9 INFO neutron.db.ovn_revision_numbers_db [None req-3f335375-98c0-4520-8186-657cee60b4c9 8a7059632caa42ee9027243f1515611f ab6185729993489fa51223322158b2c6 - - default default] Successfully bumped revision number for resource e6c572d2-10f2-42e5-81b5-fec6f5a31288 (type: router_ports) to 1
2026-09-03 06:35:04.537 9 INFO neutron.db.ovn_revision_numbers_db [None req-3f335375-98c0-4520-8186-657cee60b4c9 8a7059632caa42ee9027243f1515611f ab6185729993489fa51223322158b2c6 - - default default] Successfully bumped revision number for resource b6b1dc02-848e-47c6-8eb7-2f7e98226bc2 (type: routers) to 2
2026-09-03 06:35:04.552 9 INFO neutron.wsgi [None req-3f335375-98c0-4520-8186-657cee60b4c9 8a7059632caa42ee9027243f1515611f ab6185729993489fa51223322158b2c6 - - default default] 10.0.0.234 "POST /v2.0/routers HTTP/1.1" status: 201 len: 868 time: 1.9175119
2026-09-03 06:35:04.592 9 INFO neutron.db.ovn_revision_numbers_db [req-e80280df-16b2-4ec8-b685-4c91fdb33601 req-8da481c1-8dbb-422c-93da-971d1ebd2725 2739c21e6e074eceb977829f225200cf e7a56a4a3c6e45f1a4f4960960c380de - - bfa1cda75a854b7b896a13bc42399ab6 bfa1cda75a854b7b896a13bc42399ab6] Successfully bumped revision number for resource 91e09d32-7cc2-4adc-ba77-89830f968c05 (type: ports) to 2
2026-09-03 06:35:04.603 9 INFO neutron.wsgi [req-e80280df-16b2-4ec8-b685-4c91fdb33601 req-8da481c1-8dbb-422c-93da-971d1ebd2725 2739c21e6e074eceb977829f225200cf e7a56a4a3c6e45f1a4f4960960c380de - - bfa1cda75a854b7b896a13bc42399ab6 bfa1cda75a854b7b896a13bc42399ab6] 162.253.55.149 "PUT /v2.0/ports/91e09d32-7cc2-4adc-ba77-89830f968c05 HTTP/1.1" status: 200 len: 1376 time: 1.0042419 /var/lib/openstack/lib/python3.10/site-packages/pycadf/identifier.py:71: UserWarning: Invalid uuid: neutron. To ensure interoperability, identifiers should be a valid uuid. warnings.warn(('Invalid uuid: %s. To ensure interoperability, '
2026-09-03 06:35:04.663 9 INFO neutron.notifiers.nova [-] Nova event matching ['req-d571fe05-8b76-4e77-8486-747fb153992e'] response: {'name': 'network-changed', 'server_uuid': '01fd0372-0319-4748-a6e3-f2185282bdc2', 'tag': '91e09d32-7cc2-4adc-ba77-89830f968c05', 'status': 'completed', 'code': 200}
2026-09-03 06:35:04.667 9 INFO neutron.wsgi [req-e80280df-16b2-4ec8-b685-4c91fdb33601 req-66261901-09df-44e8-afb3-39e72d7ed4f1 2739c21e6e074eceb977829f225200cf e7a56a4a3c6e45f1a4f4960960c380de - - bfa1cda75a854b7b896a13bc42399ab6 bfa1cda75a854b7b896a13bc42399ab6] 162.253.55.149 "GET /v2.0/ports?tenant_id=44fcb7bd17d644e38df76f1c5105a03f&device_id=01fd0372-0319-4748-a6e3-f2185282bdc2 HTTP/1.1" status: 200 len: 1407 time: 0.0326474
2026-09-03 06:35:04.689 10 INFO neutron.wsgi [None req-e7a2760d-af72-4e87-8618-3aebd9325231 8a7059632caa42ee9027243f1515611f ab6185729993489fa51223322158b2c6 - - default default] 10.0.0.234 "GET /v2.0/routers/b6b1dc02-848e-47c6-8eb7-2f7e98226bc2 HTTP/1.1" status: 200 len: 869 time: 0.1306620
2026-09-03 06:35:04.693 9 INFO neutron.wsgi [req-e80280df-16b2-4ec8-b685-4c91fdb33601 req-75fcd9b9-86ee-4438-8c5f-ce15205fba5a 2739c21e6e074eceb977829f225200cf e7a56a4a3c6e45f1a4f4960960c380de - - bfa1cda75a854b7b896a13bc42399ab6 bfa1cda75a854b7b896a13bc42399ab6] 162.253.55.149 "GET /v2.0/floatingips?fixed_ip_address=10.100.0.5&port_id=91e09d32-7cc2-4adc-ba77-89830f968c05 HTTP/1.1" status: 200 len: 217 time: 0.0195134
2026-09-03 06:35:04.787 10 INFO neutron.db.ovn_revision_numbers_db [None req-313fc029-3949-493f-9ca9-27a3edbc687d 641d77ad130d443cb3e32ba28643beeb 0ed2608e6fc5484f9e46dd884fccf740 - - default default] Successfully bumped revision number for resource 8e2c1411-18da-47b3-bc6e-6f66cd3d18fe (type: security_groups) to 1
2026-09-03 06:35:04.801 9 INFO neutron.wsgi [req-e80280df-16b2-4ec8-b685-4c91fdb33601 req-315d9e33-7e5e-493e-a5cf-c5416071263e 2739c21e6e074eceb977829f225200cf e7a56a4a3c6e45f1a4f4960960c380de - - bfa1cda75a854b7b896a13bc42399ab6 bfa1cda75a854b7b896a13bc42399ab6] 162.253.55.149 "GET /v2.0/subnets?id=82e318c7-c2a0-44e6-8e44-57bbb9f79b45 HTTP/1.1" status: 200 len: 853 time: 0.1007628
2026-09-03 06:35:04.809 10 INFO neutron.db.ovn_revision_numbers_db [None req-313fc029-3949-493f-9ca9-27a3edbc687d 641d77ad130d443cb3e32ba28643beeb 0ed2608e6fc5484f9e46dd884fccf740 - - default default] Successfully bumped revision number for resource 02bfadba-a950-42fa-94b4-0b407a37bf19 (type: security_group_rules) to 0
2026-09-03 06:35:04.822 10 INFO neutron.db.ovn_revision_numbers_db [None req-313fc029-3949-493f-9ca9-27a3edbc687d 641d77ad130d443cb3e32ba28643beeb 0ed2608e6fc5484f9e46dd884fccf740 - - default default] Successfully bumped revision number for resource 03adb731-cbf4-4a4d-a34b-544a2d6227cd (type: security_group_rules) to 0
2026-09-03 06:35:04.836 9 INFO neutron.wsgi [req-e80280df-16b2-4ec8-b685-4c91fdb33601 req-17123995-ddd4-49b7-ac4b-5d2abe44161a 2739c21e6e074eceb977829f225200cf e7a56a4a3c6e45f1a4f4960960c380de - - bfa1cda75a854b7b896a13bc42399ab6 bfa1cda75a854b7b896a13bc42399ab6] 162.253.55.149 "GET /v2.0/ports?network_id=1ad14644-2ae9-4322-aad5-233cabcd9320&device_owner=network%3Adhcp HTTP/1.1" status: 200 len: 210 time: 0.0276742
2026-09-03 06:35:04.836 10 INFO neutron.db.ovn_revision_numbers_db [None req-313fc029-3949-493f-9ca9-27a3edbc687d 641d77ad130d443cb3e32ba28643beeb 0ed2608e6fc5484f9e46dd884fccf740 - - default default] Successfully bumped revision number for resource 215235e0-b39e-4501-8a96-67354a2db311 (type: security_group_rules) to 0
2026-09-03 06:35:04.856 10 INFO neutron.db.ovn_revision_numbers_db [None req-313fc029-3949-493f-9ca9-27a3edbc687d 641d77ad130d443cb3e32ba28643beeb 0ed2608e6fc5484f9e46dd884fccf740 - - default default] Successfully bumped revision number for resource 41093e5c-df5a-4f7a-8d2d-89051d02332d (type: security_group_rules) to 0
2026-09-03 06:35:04.872 9 INFO neutron.wsgi [None req-20b70071-c30b-4600-a20a-01fcdc9329a5 8a7059632caa42ee9027243f1515611f ab6185729993489fa51223322158b2c6 - - default default] 10.0.0.234 "GET /v2.0/routers HTTP/1.1" status: 200 len: 872 time: 0.1770070
2026-09-03 06:35:04.899 9 INFO neutron.wsgi [req-e80280df-16b2-4ec8-b685-4c91fdb33601 req-aea90228-ede5-4cc1-aedd-cf9d3c27b168 2739c21e6e074eceb977829f225200cf e7a56a4a3c6e45f1a4f4960960c380de - - bfa1cda75a854b7b896a13bc42399ab6 bfa1cda75a854b7b896a13bc42399ab6] 162.253.55.149 "GET /v2.0/networks/1ad14644-2ae9-4322-aad5-233cabcd9320?fields=segments HTTP/1.1" status: 200 len: 212 time: 0.0568683
2026-09-03 06:35:04.922 10 INFO neutron.db.segments_db [None req-313fc029-3949-493f-9ca9-27a3edbc687d 641d77ad130d443cb3e32ba28643beeb 0ed2608e6fc5484f9e46dd884fccf740 - - default default] Added segment b68bca93-1199-45ae-ba6c-1c25e74973be of type geneve for network 511b769c-db5f-421e-bbd3-037e2dd1a957
2026-09-03 06:35:04.950 9 INFO neutron.wsgi [req-e80280df-16b2-4ec8-b685-4c91fdb33601 req-cee5d1c8-0efd-4455-9ca8-7afc054f2368 2739c21e6e074eceb977829f225200cf e7a56a4a3c6e45f1a4f4960960c380de - - bfa1cda75a854b7b896a13bc42399ab6 bfa1cda75a854b7b896a13bc42399ab6] 162.253.55.149 "GET /v2.0/networks/1ad14644-2ae9-4322-aad5-233cabcd9320?fields=provider%3Aphysical_network&fields=provider%3Anetwork_type HTTP/1.1" status: 200 len: 277 time: 0.0435104
2026-09-03 06:35:05.032 9 INFO neutron.wsgi [req-218968e6-25dc-44bf-84d3-5f37ff2146e9 req-3696ddd8-0589-4b5d-8a29-2e957259e2c5 2739c21e6e074eceb977829f225200cf e7a56a4a3c6e45f1a4f4960960c380de - - bfa1cda75a854b7b896a13bc42399ab6 bfa1cda75a854b7b896a13bc42399ab6] 162.253.55.149 "GET /v2.0/ports?tenant_id=44fcb7bd17d644e38df76f1c5105a03f&device_id=01fd0372-0319-4748-a6e3-f2185282bdc2 HTTP/1.1" status: 200 len: 1407 time: 0.0489857
2026-09-03 06:35:05.113 9 INFO neutron.wsgi [req-218968e6-25dc-44bf-84d3-5f37ff2146e9 req-f9008aab-d0c7-4395-bf8d-9fcbab622eec 2739c21e6e074eceb977829f225200cf e7a56a4a3c6e45f1a4f4960960c380de - - bfa1cda75a854b7b896a13bc42399ab6 bfa1cda75a854b7b896a13bc42399ab6] 162.253.55.149 "GET /v2.0/networks?id=1ad14644-2ae9-4322-aad5-233cabcd9320 HTTP/1.1" status: 200 len: 956 time: 0.0700853
2026-09-03 06:35:05.152 9 INFO neutron.wsgi [req-218968e6-25dc-44bf-84d3-5f37ff2146e9 req-6d3d779e-cf9c-4920-a9d3-83b32edaea68 2739c21e6e074eceb977829f225200cf e7a56a4a3c6e45f1a4f4960960c380de - - bfa1cda75a854b7b896a13bc42399ab6 bfa1cda75a854b7b896a13bc42399ab6] 162.253.55.149 "GET /v2.0/floatingips?fixed_ip_address=10.100.0.5&port_id=91e09d32-7cc2-4adc-ba77-89830f968c05 HTTP/1.1" status: 200 len: 217 time: 0.0302851
2026-09-03 06:35:05.200 9 INFO neutron.wsgi [req-218968e6-25dc-44bf-84d3-5f37ff2146e9 req-99512764-913c-4a20-a546-5730c8a2a166 2739c21e6e074eceb977829f225200cf e7a56a4a3c6e45f1a4f4960960c380de - - bfa1cda75a854b7b896a13bc42399ab6 bfa1cda75a854b7b896a13bc42399ab6] 162.253.55.149 "GET /v2.0/subnets?id=82e318c7-c2a0-44e6-8e44-57bbb9f79b45 HTTP/1.1" status: 200 len: 853 time: 0.0360415
2026-09-03 06:35:05.225 9 INFO neutron.wsgi [req-218968e6-25dc-44bf-84d3-5f37ff2146e9 req-04017d44-ea09-4df4-b3ca-1400ca0d7d2b 2739c21e6e074eceb977829f225200cf e7a56a4a3c6e45f1a4f4960960c380de - - bfa1cda75a854b7b896a13bc42399ab6 bfa1cda75a854b7b896a13bc42399ab6] 162.253.55.149 "GET /v2.0/ports?network_id=1ad14644-2ae9-4322-aad5-233cabcd9320&device_owner=network%3Adhcp HTTP/1.1" status: 200 len: 210 time: 0.0185075
2026-09-03 06:35:05.291 9 INFO neutron.wsgi [req-e4a867a8-afa9-42f1-9881-452ee15a50a4 req-1e95b4f1-c58b-4162-9a47-b4ba5b34f364 fdb02b87f4934e548c9987db5ee46541 44fcb7bd17d644e38df76f1c5105a03f - - default default] 10.0.0.94 "GET /v2.0/ports?device_id=01fd0372-0319-4748-a6e3-f2185282bdc2 HTTP/1.1" status: 200 len: 1168 time: 0.0462656
2026-09-03 06:35:05.315 10 INFO neutron.db.ovn_revision_numbers_db [None req-313fc029-3949-493f-9ca9-27a3edbc687d 641d77ad130d443cb3e32ba28643beeb 0ed2608e6fc5484f9e46dd884fccf740 - - default default] Successfully bumped revision number for resource 511b769c-db5f-421e-bbd3-037e2dd1a957 (type: networks) to 1
2026-09-03 06:35:05.316 9 INFO neutron.wsgi [req-218968e6-25dc-44bf-84d3-5f37ff2146e9 req-0e098d82-6f4b-419b-833f-703d4d441985 2739c21e6e074eceb977829f225200cf e7a56a4a3c6e45f1a4f4960960c380de - - bfa1cda75a854b7b896a13bc42399ab6 bfa1cda75a854b7b896a13bc42399ab6] 162.253.55.149 "GET /v2.0/networks/1ad14644-2ae9-4322-aad5-233cabcd9320?fields=segments HTTP/1.1" status: 200 len: 212 time: 0.0844245
2026-09-03 06:35:05.345 9 INFO neutron.wsgi [req-e4a867a8-afa9-42f1-9881-452ee15a50a4 req-17b0f03b-6a46-4a2e-ae0a-67193c4c0aa5 fdb02b87f4934e548c9987db5ee46541 44fcb7bd17d644e38df76f1c5105a03f - - default default] 10.0.0.94 "GET /v2.0/security-groups?id=cd09d7a4-129f-4a50-a523-90b41ea0212e&fields=id&fields=name HTTP/1.1" status: 200 len: 313 time: 0.0501907
2026-09-03 06:35:05.379 9 INFO neutron.wsgi [req-218968e6-25dc-44bf-84d3-5f37ff2146e9 req-c650341c-8aba-4ac2-81e3-a982f5a5396a 2739c21e6e074eceb977829f225200cf e7a56a4a3c6e45f1a4f4960960c380de - - bfa1cda75a854b7b896a13bc42399ab6 bfa1cda75a854b7b896a13bc42399ab6] 162.253.55.149 "GET /v2.0/networks/1ad14644-2ae9-4322-aad5-233cabcd9320?fields=provider%3Aphysical_network&fields=provider%3Anetwork_type HTTP/1.1" status: 200 len: 277 time: 0.0557642
2026-09-03 06:35:05.521 10 WARNING neutron.scheduler.dhcp_agent_scheduler [None req-313fc029-3949-493f-9ca9-27a3edbc687d 641d77ad130d443cb3e32ba28643beeb 0ed2608e6fc5484f9e46dd884fccf740 - - default default] No more DHCP agents
2026-09-03 06:35:05.530 10 WARNING neutron.api.rpc.agentnotifiers.dhcp_rpc_agent_api [None req-313fc029-3949-493f-9ca9-27a3edbc687d 641d77ad130d443cb3e32ba28643beeb 0ed2608e6fc5484f9e46dd884fccf740 - - default default] Unable to schedule network 511b769c-db5f-421e-bbd3-037e2dd1a957: no agents available; will retry on subsequent port and subnet creation events.
2026-09-03 06:35:05.576 10 INFO neutron.db.ovn_revision_numbers_db [None req-dcc0ef26-f6ab-445b-8916-cf95eab25688 8a7059632caa42ee9027243f1515611f ab6185729993489fa51223322158b2c6 - - default default] Successfully bumped revision number for resource b6b1dc02-848e-47c6-8eb7-2f7e98226bc2 (type: routers) to 3
2026-09-03 06:35:05.579 10 INFO neutron.wsgi [None req-dcc0ef26-f6ab-445b-8916-cf95eab25688 8a7059632caa42ee9027243f1515611f ab6185729993489fa51223322158b2c6 - - default default] 10.0.0.234 "PUT /v2.0/routers/b6b1dc02-848e-47c6-8eb7-2f7e98226bc2 HTTP/1.1" status: 200 len: 876 time: 0.7002683
2026-09-03 06:35:05.611 10 INFO neutron.db.ovn_revision_numbers_db [None req-313fc029-3949-493f-9ca9-27a3edbc687d 641d77ad130d443cb3e32ba28643beeb 0ed2608e6fc5484f9e46dd884fccf740 - - default default] Successfully bumped revision number for resource 1bf9ab44-be4b-4712-a3fd-da2913f8b065 (type: ports) to 1
2026-09-03 06:35:05.629 10 INFO neutron.wsgi [None req-313fc029-3949-493f-9ca9-27a3edbc687d 641d77ad130d443cb3e32ba28643beeb 0ed2608e6fc5484f9e46dd884fccf740 - - default default] 10.0.0.234 "POST /v2.0/networks HTTP/1.1" status: 201 len: 947 time: 1.2638474
2026-09-03 06:35:05.630 10 WARNING neutron.plugins.ml2.drivers.ovn.mech_driver.ovsdb.ovn_client [None req-e48a7550-56f1-434b-a515-5b82a69dcb49 - - - - - -] No port found with ID b6edf860-cb98-4552-a955-67fca8b9e1b5: RuntimeError: No port found with ID b6edf860-cb98-4552-a955-67fca8b9e1b5
2026-09-03 06:35:05.630 10 INFO neutron.plugins.ml2.drivers.ovn.mech_driver.mech_driver [None req-e48a7550-56f1-434b-a515-5b82a69dcb49 - - - - - -] OVN reports status up for port: 91e09d32-7cc2-4adc-ba77-89830f968c05
2026-09-03 06:35:05.645 10 INFO neutron.plugins.ml2.plugin [None req-e48a7550-56f1-434b-a515-5b82a69dcb49 - - - - - -] Attempt 1 to provision port 91e09d32-7cc2-4adc-ba77-89830f968c05
2026-09-03 06:35:05.684 9 INFO neutron.wsgi [None req-542343ff-d800-4489-8729-2bff76f3e0e4 8a7059632caa42ee9027243f1515611f ab6185729993489fa51223322158b2c6 - - default default] 10.0.0.234 "GET /v2.0/routers/b6b1dc02-848e-47c6-8eb7-2f7e98226bc2 HTTP/1.1" status: 200 len: 876 time: 0.0860558
2026-09-03 06:35:05.708 9 INFO neutron.wsgi [None req-12f3d8b5-e9e0-4425-b526-4ceb33d6a9c9 8a7059632caa42ee9027243f1515611f ab6185729993489fa51223322158b2c6 - - default default] 10.0.0.234 "GET /v2.0/ports?device_id=b6b1dc02-848e-47c6-8eb7-2f7e98226bc2 HTTP/1.1" status: 200 len: 205 time: 0.0193775
2026-09-03 06:35:05.779 10 INFO neutron.notifiers.nova [-] Nova event matching ['req-0844b0c8-7b7e-4028-8bf1-1c751a1de7c5'] response: {'server_uuid': '01fd0372-0319-4748-a6e3-f2185282bdc2', 'name': 'network-vif-plugged', 'status': 'completed', 'tag': '91e09d32-7cc2-4adc-ba77-89830f968c05', 'code': 200}
2026-09-03 06:35:05.822 10 WARNING neutron.scheduler.dhcp_agent_scheduler [None req-23a9f4eb-c4aa-48dd-9271-0fa9f4f5f0c6 641d77ad130d443cb3e32ba28643beeb 0ed2608e6fc5484f9e46dd884fccf740 - - default default] No more DHCP agents
2026-09-03 06:35:05.829 10 WARNING neutron.api.rpc.agentnotifiers.dhcp_rpc_agent_api [None req-23a9f4eb-c4aa-48dd-9271-0fa9f4f5f0c6 641d77ad130d443cb3e32ba28643beeb 0ed2608e6fc5484f9e46dd884fccf740 - - default default] Unable to schedule network 511b769c-db5f-421e-bbd3-037e2dd1a957: no agents available; will retry on subsequent port and subnet creation events.
2026-09-03 06:35:06.039 10 INFO neutron.db.ovn_revision_numbers_db [None req-e48a7550-56f1-434b-a515-5b82a69dcb49 - - - - - -] Successfully bumped revision number for resource 91e09d32-7cc2-4adc-ba77-89830f968c05 (type: ports) to 4
2026-09-03 06:35:06.337 10 INFO neutron.db.ovn_revision_numbers_db [None req-23a9f4eb-c4aa-48dd-9271-0fa9f4f5f0c6 641d77ad130d443cb3e32ba28643beeb 0ed2608e6fc5484f9e46dd884fccf740 - - default default] Successfully bumped revision number for resource 1bf9ab44-be4b-4712-a3fd-da2913f8b065 (type: ports) to 2
2026-09-03 06:35:06.363 10 INFO neutron.db.ovn_revision_numbers_db [None req-23a9f4eb-c4aa-48dd-9271-0fa9f4f5f0c6 641d77ad130d443cb3e32ba28643beeb 0ed2608e6fc5484f9e46dd884fccf740 - - default default] Successfully bumped revision number for resource 2417a34e-d226-40d7-abe0-2f633da9ce2a (type: subnets) to 0
2026-09-03 06:35:06.373 10 INFO neutron.wsgi [None req-23a9f4eb-c4aa-48dd-9271-0fa9f4f5f0c6 641d77ad130d443cb3e32ba28643beeb 0ed2608e6fc5484f9e46dd884fccf740 - - default default] 10.0.0.234 "POST /v2.0/subnets HTTP/1.1" status: 201 len: 867 time: 0.7388785 /var/lib/openstack/lib/python3.10/site-packages/pycadf/identifier.py:71: UserWarning: Invalid uuid: neutron. To ensure interoperability, identifiers should be a valid uuid. warnings.warn(('Invalid uuid: %s. To ensure interoperability, '
2026-09-03 06:35:06.501 9 INFO neutron.wsgi [req-db84ed3f-efde-4e3f-ae04-78414821d867 req-5f8087a3-c3d0-481f-b0cb-e19f66bf4c1e fdb02b87f4934e548c9987db5ee46541 44fcb7bd17d644e38df76f1c5105a03f - - default default] 10.0.0.94 "GET /v2.0/ports?device_id=01fd0372-0319-4748-a6e3-f2185282bdc2 HTTP/1.1" status: 200 len: 1170 time: 0.0613446
2026-09-03 06:35:06.601 9 INFO neutron.wsgi [req-db84ed3f-efde-4e3f-ae04-78414821d867 req-3bf26ff2-cfde-4b91-8537-e05a579a418b fdb02b87f4934e548c9987db5ee46541 44fcb7bd17d644e38df76f1c5105a03f - - default default] 10.0.0.94 "GET /v2.0/security-groups?id=cd09d7a4-129f-4a50-a523-90b41ea0212e&fields=id&fields=name HTTP/1.1" status: 200 len: 313 time: 0.0832617
2026-09-03 06:35:06.611 9 INFO neutron.db.ovn_revision_numbers_db [None req-49dc6fb7-656f-427e-b02d-05e18b8b1e16 dc956a15aa6b47c3bc4a698fb57b7903 150c225b9be548dbb1380514b40e818f - - default default] Successfully bumped revision number for resource 1099cba8-3b1a-46a5-a7a7-d6d03afe973e (type: security_groups) to 1
2026-09-03 06:35:06.614 9 INFO neutron.wsgi [None req-5b0473ea-7e12-47df-93de-6c13adf49469 8a7059632caa42ee9027243f1515611f ab6185729993489fa51223322158b2c6 - - default default] 10.0.0.234 "DELETE /v2.0/routers/b6b1dc02-848e-47c6-8eb7-2f7e98226bc2 HTTP/1.1" status: 204 len: 168 time: 0.9017808
2026-09-03 06:35:06.623 9 INFO neutron.db.ovn_revision_numbers_db [None req-49dc6fb7-656f-427e-b02d-05e18b8b1e16 dc956a15aa6b47c3bc4a698fb57b7903 150c225b9be548dbb1380514b40e818f - - default default] Successfully bumped revision number for resource 3d423be0-5054-4cd9-9a1e-79fda1040aa3 (type: security_group_rules) to 0
2026-09-03 06:35:06.641 9 INFO neutron.db.ovn_revision_numbers_db [None req-49dc6fb7-656f-427e-b02d-05e18b8b1e16 dc956a15aa6b47c3bc4a698fb57b7903 150c225b9be548dbb1380514b40e818f - - default default] Successfully bumped revision number for resource 44aa280b-2f39-47ab-8f95-1e0a43de001c (type: security_group_rules) to 0
2026-09-03 06:35:06.644 10 INFO neutron.wsgi [None req-01504fd4-3a18-4183-9a81-7a511ce996c2 8a7059632caa42ee9027243f1515611f ab6185729993489fa51223322158b2c6 - - default default] 10.0.0.234 "GET /v2.0/ports?device_id=b6b1dc02-848e-47c6-8eb7-2f7e98226bc2 HTTP/1.1" status: 200 len: 205 time: 0.0219405
2026-09-03 06:35:06.670 9 INFO neutron.api.v2.resource [None req-5b1b0bac-269b-4c43-9af7-7d9426d689b7 8a7059632caa42ee9027243f1515611f ab6185729993489fa51223322158b2c6 - - default default] delete failed (client error): The resource could not be found.
2026-09-03 06:35:06.671 9 INFO neutron.wsgi [None req-5b1b0bac-269b-4c43-9af7-7d9426d689b7 8a7059632caa42ee9027243f1515611f ab6185729993489fa51223322158b2c6 - - default default] 10.0.0.234 "DELETE /v2.0/routers/b6b1dc02-848e-47c6-8eb7-2f7e98226bc2 HTTP/1.1" status: 404 len: 336 time: 0.0199265
2026-09-03 06:35:06.673 9 INFO neutron.db.ovn_revision_numbers_db [None req-49dc6fb7-656f-427e-b02d-05e18b8b1e16 dc956a15aa6b47c3bc4a698fb57b7903 150c225b9be548dbb1380514b40e818f - - default default] Successfully bumped revision number for resource 58f18e4e-ee6c-44a7-8ffc-cd968ae0287a (type: security_group_rules) to 0
2026-09-03 06:35:06.685 9 INFO neutron.db.ovn_revision_numbers_db [None req-49dc6fb7-656f-427e-b02d-05e18b8b1e16 dc956a15aa6b47c3bc4a698fb57b7903 150c225b9be548dbb1380514b40e818f - - default default] Successfully bumped revision number for resource 8ab12ff1-f757-42d9-8d8f-05f857e89113 (type: security_group_rules) to 0
2026-09-03 06:35:06.695 10 INFO neutron.wsgi [None req-34e21ff0-9f2f-4545-82c2-544a9cd9b2c8 8a7059632caa42ee9027243f1515611f ab6185729993489fa51223322158b2c6 - - default default] 10.0.0.234 "GET /v2.0/ports?device_id=661d313e-2d81-4d48-8639-c3aa4a1471b5 HTTP/1.1" status: 200 len: 205 time: 0.0182757
2026-09-03 06:35:06.722 10 INFO neutron.api.v2.resource [None req-1b0d3b7e-17f3-45c8-b379-51a7cd766b1e 8a7059632caa42ee9027243f1515611f ab6185729993489fa51223322158b2c6 - - default default] delete failed (client error): The resource could not be found.
