2026-09-03 06:33:27.131 9 INFO neutron.wsgi [req-49184c62-208f-4e0f-9fc6-0a5f9bd7b3d5 req-d2a91f65-d924-45af-831f-6131c3cfcd16 ad7ecdeb295647d88e9c40dde1564b95 67e778557b79436497c2f035916f2120 - - default default] 162.253.55.149 "POST /v2.0/ports HTTP/1.1" status: 201 len: 1162 time: 1.2057266 /var/lib/openstack/lib/python3.10/site-packages/pycadf/identifier.py:71: UserWarning: Invalid uuid: neutron. To ensure interoperability, identifiers should be a valid uuid. warnings.warn(('Invalid uuid: %s. To ensure interoperability, '
2026-09-03 06:33:27.224 9 INFO neutron.wsgi [req-e2c7c4b2-3736-4afa-88f4-45214425e5f8 req-455ea299-a7d7-4887-8ffb-70e684d2f731 ad7ecdeb295647d88e9c40dde1564b95 67e778557b79436497c2f035916f2120 - - default default] 10.0.0.94 "GET /v2.0/ports?device_id=fd1a628a-b96a-4c8b-9c55-5873ab904e45 HTTP/1.1" status: 200 len: 1160 time: 0.0858295 /var/lib/openstack/lib/python3.10/site-packages/pycadf/identifier.py:71: UserWarning: Invalid uuid: neutron. To ensure interoperability, identifiers should be a valid uuid. warnings.warn(('Invalid uuid: %s. To ensure interoperability, '
2026-09-03 06:33:27.302 9 INFO neutron.wsgi [req-e2c7c4b2-3736-4afa-88f4-45214425e5f8 req-227a7650-bb7b-4f75-98c5-41a6995755c6 ad7ecdeb295647d88e9c40dde1564b95 67e778557b79436497c2f035916f2120 - - default default] 10.0.0.94 "GET /v2.0/security-groups?id=65d22861-4f01-4380-a1f2-07552fca45c6&fields=id&fields=name HTTP/1.1" status: 200 len: 313 time: 0.0692263
2026-09-03 06:33:27.375 9 INFO neutron.db.ovn_revision_numbers_db [req-22139716-afac-4354-a76c-d66a6e4dc47c req-b7ff8266-63df-42b4-8949-b73ab7c98eb8 2739c21e6e074eceb977829f225200cf e7a56a4a3c6e45f1a4f4960960c380de - - bfa1cda75a854b7b896a13bc42399ab6 bfa1cda75a854b7b896a13bc42399ab6] Successfully bumped revision number for resource db382458-dab7-4eef-8ba8-735485287a39 (type: ports) to 2
2026-09-03 06:33:27.404 9 INFO neutron.db.ovn_revision_numbers_db [None req-d78b07ce-edfb-42ce-8b91-3f3188364cbf e612c8a076d34ee29730d6ba6ebc4e01 1991c629707741cdb2c77c9fa5a42295 - - default default] Successfully bumped revision number for resource 7e8d9374-ee7d-42a1-9fde-80c3aaf17d5d (type: floatingips) to 1
2026-09-03 06:33:27.417 9 INFO neutron.wsgi [req-22139716-afac-4354-a76c-d66a6e4dc47c req-b7ff8266-63df-42b4-8949-b73ab7c98eb8 2739c21e6e074eceb977829f225200cf e7a56a4a3c6e45f1a4f4960960c380de - - bfa1cda75a854b7b896a13bc42399ab6 bfa1cda75a854b7b896a13bc42399ab6] 162.253.55.149 "PUT /v2.0/ports/db382458-dab7-4eef-8ba8-735485287a39 HTTP/1.1" status: 200 len: 1380 time: 1.4984841
2026-09-03 06:33:27.586 9 INFO neutron.notifiers.nova [-] Nova event matching ['req-b74d4cfd-8323-425d-8bf4-9f5d0da0b7c6'] response: {'name': 'network-changed', 'server_uuid': 'e0f7afd3-03ec-4ab5-85ff-2e445deff4d9', 'tag': 'db382458-dab7-4eef-8ba8-735485287a39', 'status': 'completed', 'code': 200}
2026-09-03 06:33:27.642 9 INFO neutron.wsgi [req-22139716-afac-4354-a76c-d66a6e4dc47c req-6e7c3ecb-5196-4d46-90b9-52bcb56f76f8 2739c21e6e074eceb977829f225200cf e7a56a4a3c6e45f1a4f4960960c380de - - bfa1cda75a854b7b896a13bc42399ab6 bfa1cda75a854b7b896a13bc42399ab6] 162.253.55.149 "GET /v2.0/ports?tenant_id=394b1015cfc349719a32b11cdba8294d&device_id=e0f7afd3-03ec-4ab5-85ff-2e445deff4d9 HTTP/1.1" status: 200 len: 1411 time: 0.0554664
2026-09-03 06:33:27.649 9 INFO neutron.wsgi [req-04405b23-0e90-4791-9e1c-2d053aa0e239 req-c6b161cf-a9cd-4285-ac43-c7d233e6d938 b59d8c29712c4159a5433f1f6ae67ec9 394b1015cfc349719a32b11cdba8294d - - default default] 10.0.0.94 "GET /v2.0/ports?device_id=e0f7afd3-03ec-4ab5-85ff-2e445deff4d9 HTTP/1.1" status: 200 len: 1172 time: 0.0620975
2026-09-03 06:33:27.693 9 INFO neutron.wsgi [req-22139716-afac-4354-a76c-d66a6e4dc47c req-d2198959-2c82-4082-abbf-076b5420fd11 2739c21e6e074eceb977829f225200cf e7a56a4a3c6e45f1a4f4960960c380de - - bfa1cda75a854b7b896a13bc42399ab6 bfa1cda75a854b7b896a13bc42399ab6] 162.253.55.149 "GET /v2.0/floatingips?fixed_ip_address=10.100.0.14&port_id=db382458-dab7-4eef-8ba8-735485287a39 HTTP/1.1" status: 200 len: 217 time: 0.0403423
2026-09-03 06:33:27.715 10 INFO neutron.notifiers.nova [-] Nova event matching ['req-4475ec4e-715d-4832-82bb-28c0e820c284'] response: {'server_uuid': 'df4b7f3f-7f0f-4db8-9461-1328b417f241', 'name': 'network-vif-plugged', 'status': 'completed', 'tag': 'd77993f1-a771-4edb-a650-63a97dafc246', 'code': 200}
2026-09-03 06:33:27.734 9 INFO neutron.db.ovn_revision_numbers_db [None req-d78b07ce-edfb-42ce-8b91-3f3188364cbf e612c8a076d34ee29730d6ba6ebc4e01 1991c629707741cdb2c77c9fa5a42295 - - default default] Successfully bumped revision number for resource 7e8d9374-ee7d-42a1-9fde-80c3aaf17d5d (type: floatingips) to 2
2026-09-03 06:33:27.744 9 INFO neutron.wsgi [req-04405b23-0e90-4791-9e1c-2d053aa0e239 req-b3c26de1-f5f8-4a2d-b247-e3f2e7fe3635 b59d8c29712c4159a5433f1f6ae67ec9 394b1015cfc349719a32b11cdba8294d - - default default] 10.0.0.94 "GET /v2.0/security-groups?id=417dcf11-ff38-4f90-b016-4ef63c80a795&fields=id&fields=name HTTP/1.1" status: 200 len: 313 time: 0.0874746
2026-09-03 06:33:27.768 9 INFO neutron.wsgi [req-22139716-afac-4354-a76c-d66a6e4dc47c req-d53df9b5-d027-4aa7-b7ab-0abd175bfac4 2739c21e6e074eceb977829f225200cf e7a56a4a3c6e45f1a4f4960960c380de - - bfa1cda75a854b7b896a13bc42399ab6 bfa1cda75a854b7b896a13bc42399ab6] 162.253.55.149 "GET /v2.0/subnets?id=f3e164f1-45cb-4bd4-98ae-3fe8f8590e6e HTTP/1.1" status: 200 len: 863 time: 0.0670753
2026-09-03 06:33:27.771 9 INFO neutron.wsgi [None req-d78b07ce-edfb-42ce-8b91-3f3188364cbf e612c8a076d34ee29730d6ba6ebc4e01 1991c629707741cdb2c77c9fa5a42295 - - default default] 10.0.0.234 "PUT /v2.0/floatingips/7e8d9374-ee7d-42a1-9fde-80c3aaf17d5d HTTP/1.1" status: 200 len: 1049 time: 1.3821774 /var/lib/openstack/lib/python3.10/site-packages/pycadf/identifier.py:71: UserWarning: Invalid uuid: neutron. To ensure interoperability, identifiers should be a valid uuid. warnings.warn(('Invalid uuid: %s. To ensure interoperability, '
2026-09-03 06:33:27.800 9 INFO neutron.wsgi [req-22139716-afac-4354-a76c-d66a6e4dc47c req-d017618c-2801-4bb0-b69a-f44c6479b92d 2739c21e6e074eceb977829f225200cf e7a56a4a3c6e45f1a4f4960960c380de - - bfa1cda75a854b7b896a13bc42399ab6 bfa1cda75a854b7b896a13bc42399ab6] 162.253.55.149 "GET /v2.0/ports?network_id=b6f7b00c-e2b1-45fa-bfff-a45704f73214&device_owner=network%3Adhcp HTTP/1.1" status: 200 len: 210 time: 0.0238850 /var/lib/openstack/lib/python3.10/site-packages/pycadf/identifier.py:71: UserWarning: Invalid uuid: neutron. To ensure interoperability, identifiers should be a valid uuid. warnings.warn(('Invalid uuid: %s. To ensure interoperability, '
2026-09-03 06:33:27.869 9 INFO neutron.wsgi [req-22139716-afac-4354-a76c-d66a6e4dc47c req-be123887-d33f-4241-a1be-683d75ea8ec8 2739c21e6e074eceb977829f225200cf e7a56a4a3c6e45f1a4f4960960c380de - - bfa1cda75a854b7b896a13bc42399ab6 bfa1cda75a854b7b896a13bc42399ab6] 162.253.55.149 "GET /v2.0/networks/b6f7b00c-e2b1-45fa-bfff-a45704f73214?fields=segments HTTP/1.1" status: 200 len: 212 time: 0.0610337
2026-09-03 06:33:27.921 9 INFO neutron.db.ovn_revision_numbers_db [req-49184c62-208f-4e0f-9fc6-0a5f9bd7b3d5 req-5234be2d-1c3f-4b24-b423-7bb02d0b8c31 2739c21e6e074eceb977829f225200cf e7a56a4a3c6e45f1a4f4960960c380de - - bfa1cda75a854b7b896a13bc42399ab6 bfa1cda75a854b7b896a13bc42399ab6] Successfully bumped revision number for resource 42fe16fd-dd8d-4ffa-9f55-8d7c52d975f7 (type: ports) to 2
2026-09-03 06:33:27.935 9 INFO neutron.wsgi [req-22139716-afac-4354-a76c-d66a6e4dc47c req-a9837d55-edac-46df-94cd-e8af3b90ab75 2739c21e6e074eceb977829f225200cf e7a56a4a3c6e45f1a4f4960960c380de - - bfa1cda75a854b7b896a13bc42399ab6 bfa1cda75a854b7b896a13bc42399ab6] 162.253.55.149 "GET /v2.0/networks/b6f7b00c-e2b1-45fa-bfff-a45704f73214?fields=provider%3Aphysical_network&fields=provider%3Anetwork_type HTTP/1.1" status: 200 len: 277 time: 0.0505612
2026-09-03 06:33:27.954 10 INFO neutron.wsgi [req-64f5175d-b374-49db-ab5f-80fd94d028b5 req-db6a4f5a-6af8-4ba4-98d5-c351ddc27307 e612c8a076d34ee29730d6ba6ebc4e01 1991c629707741cdb2c77c9fa5a42295 - - default default] 10.0.0.94 "GET /v2.0/ports?device_id=df4b7f3f-7f0f-4db8-9461-1328b417f241 HTTP/1.1" status: 200 len: 1170 time: 0.1288016
2026-09-03 06:33:28.013 10 INFO neutron.wsgi [req-64f5175d-b374-49db-ab5f-80fd94d028b5 req-f9eca271-b285-42f6-9da7-5e795f8a7dc5 e612c8a076d34ee29730d6ba6ebc4e01 1991c629707741cdb2c77c9fa5a42295 - - default default] 10.0.0.94 "GET /v2.0/security-groups?id=6e6b93c7-54a6-4d83-990c-9c3b9b4c9d34&fields=id&fields=name HTTP/1.1" status: 200 len: 313 time: 0.0540309
2026-09-03 06:33:28.027 9 INFO neutron.wsgi [req-101503a6-ca46-474b-b4a9-31d2b99c2fea req-c908ecbb-7ba5-4310-b566-208c5681e465 2739c21e6e074eceb977829f225200cf e7a56a4a3c6e45f1a4f4960960c380de - - bfa1cda75a854b7b896a13bc42399ab6 bfa1cda75a854b7b896a13bc42399ab6] 162.253.55.149 "GET /v2.0/ports?tenant_id=394b1015cfc349719a32b11cdba8294d&device_id=e0f7afd3-03ec-4ab5-85ff-2e445deff4d9 HTTP/1.1" status: 200 len: 1411 time: 0.0432539
2026-09-03 06:33:28.044 10 INFO neutron.db.ovn_revision_numbers_db [None req-04721f29-8477-4e7f-a830-fe654683f2c6 18201195a23a4714a8131034e6c3e8f3 11de812343b7445aaeeae02e65f92f66 - - default default] Successfully bumped revision number for resource bcadbea9-35aa-4e0f-b9a9-aef569935b7b (type: security_groups) to 1
2026-09-03 06:33:28.072 10 INFO neutron.db.ovn_revision_numbers_db [None req-04721f29-8477-4e7f-a830-fe654683f2c6 18201195a23a4714a8131034e6c3e8f3 11de812343b7445aaeeae02e65f92f66 - - default default] Successfully bumped revision number for resource 0e5bfc31-8767-4c8a-80ba-e751b3a0a064 (type: security_group_rules) to 0
2026-09-03 06:33:28.086 10 INFO neutron.db.ovn_revision_numbers_db [None req-04721f29-8477-4e7f-a830-fe654683f2c6 18201195a23a4714a8131034e6c3e8f3 11de812343b7445aaeeae02e65f92f66 - - default default] Successfully bumped revision number for resource 7a848f57-e887-48db-855f-43594238c3bb (type: security_group_rules) to 0
2026-09-03 06:33:28.098 10 INFO neutron.db.ovn_revision_numbers_db [None req-04721f29-8477-4e7f-a830-fe654683f2c6 18201195a23a4714a8131034e6c3e8f3 11de812343b7445aaeeae02e65f92f66 - - default default] Successfully bumped revision number for resource aaef25ef-151c-4bca-9e67-fc3749ef163d (type: security_group_rules) to 0
2026-09-03 06:33:28.110 10 INFO neutron.db.ovn_revision_numbers_db [None req-04721f29-8477-4e7f-a830-fe654683f2c6 18201195a23a4714a8131034e6c3e8f3 11de812343b7445aaeeae02e65f92f66 - - default default] Successfully bumped revision number for resource face769f-42b8-467e-afa6-d39c06e12c22 (type: security_group_rules) to 0
2026-09-03 06:33:28.118 9 INFO neutron.wsgi [req-101503a6-ca46-474b-b4a9-31d2b99c2fea req-7f95ef14-494c-4356-91c9-0b81bbe6fd0c 2739c21e6e074eceb977829f225200cf e7a56a4a3c6e45f1a4f4960960c380de - - bfa1cda75a854b7b896a13bc42399ab6 bfa1cda75a854b7b896a13bc42399ab6] 162.253.55.149 "GET /v2.0/networks?id=b6f7b00c-e2b1-45fa-bfff-a45704f73214 HTTP/1.1" status: 200 len: 968 time: 0.0846095 /var/lib/openstack/lib/python3.10/site-packages/pycadf/identifier.py:71: UserWarning: Invalid uuid: neutron. To ensure interoperability, identifiers should be a valid uuid. warnings.warn(('Invalid uuid: %s. To ensure interoperability, '
2026-09-03 06:33:28.157 10 INFO neutron.db.segments_db [None req-04721f29-8477-4e7f-a830-fe654683f2c6 18201195a23a4714a8131034e6c3e8f3 11de812343b7445aaeeae02e65f92f66 - - default default] Added segment eb5bb6a0-2f25-481b-962f-c843dbb40844 of type geneve for network 401f1801-96b8-4d18-86a9-05ac16ad77e9
2026-09-03 06:33:28.160 9 INFO neutron.wsgi [req-101503a6-ca46-474b-b4a9-31d2b99c2fea req-7ffae7e1-102b-43fc-af63-0b94f9d3cd37 2739c21e6e074eceb977829f225200cf e7a56a4a3c6e45f1a4f4960960c380de - - bfa1cda75a854b7b896a13bc42399ab6 bfa1cda75a854b7b896a13bc42399ab6] 162.253.55.149 "GET /v2.0/floatingips?fixed_ip_address=10.100.0.14&port_id=db382458-dab7-4eef-8ba8-735485287a39 HTTP/1.1" status: 200 len: 217 time: 0.0245206
2026-09-03 06:33:28.206 9 INFO neutron.db.ovn_revision_numbers_db [req-49184c62-208f-4e0f-9fc6-0a5f9bd7b3d5 req-5234be2d-1c3f-4b24-b423-7bb02d0b8c31 2739c21e6e074eceb977829f225200cf e7a56a4a3c6e45f1a4f4960960c380de - - bfa1cda75a854b7b896a13bc42399ab6 bfa1cda75a854b7b896a13bc42399ab6] Successfully bumped revision number for resource 42fe16fd-dd8d-4ffa-9f55-8d7c52d975f7 (type: ports) to 2
2026-09-03 06:33:28.215 9 INFO neutron.wsgi [req-101503a6-ca46-474b-b4a9-31d2b99c2fea req-1bfa27ec-f1a3-41bd-a310-0bc784390d39 2739c21e6e074eceb977829f225200cf e7a56a4a3c6e45f1a4f4960960c380de - - bfa1cda75a854b7b896a13bc42399ab6 bfa1cda75a854b7b896a13bc42399ab6] 162.253.55.149 "GET /v2.0/subnets?id=f3e164f1-45cb-4bd4-98ae-3fe8f8590e6e HTTP/1.1" status: 200 len: 863 time: 0.0249326
2026-09-03 06:33:28.223 9 INFO neutron.wsgi [req-49184c62-208f-4e0f-9fc6-0a5f9bd7b3d5 req-5234be2d-1c3f-4b24-b423-7bb02d0b8c31 2739c21e6e074eceb977829f225200cf e7a56a4a3c6e45f1a4f4960960c380de - - bfa1cda75a854b7b896a13bc42399ab6 bfa1cda75a854b7b896a13bc42399ab6] 162.253.55.149 "PUT /v2.0/ports/42fe16fd-dd8d-4ffa-9f55-8d7c52d975f7 HTTP/1.1" status: 200 len: 1380 time: 1.0716019
2026-09-03 06:33:28.238 9 INFO neutron.wsgi [req-101503a6-ca46-474b-b4a9-31d2b99c2fea req-24f0b8b9-3dae-401f-9aab-d9960595afb7 2739c21e6e074eceb977829f225200cf e7a56a4a3c6e45f1a4f4960960c380de - - bfa1cda75a854b7b896a13bc42399ab6 bfa1cda75a854b7b896a13bc42399ab6] 162.253.55.149 "GET /v2.0/ports?network_id=b6f7b00c-e2b1-45fa-bfff-a45704f73214&device_owner=network%3Adhcp HTTP/1.1" status: 200 len: 210 time: 0.0143139
2026-09-03 06:33:28.299 10 INFO neutron.db.ovn_revision_numbers_db [None req-04721f29-8477-4e7f-a830-fe654683f2c6 18201195a23a4714a8131034e6c3e8f3 11de812343b7445aaeeae02e65f92f66 - - default default] Successfully bumped revision number for resource 401f1801-96b8-4d18-86a9-05ac16ad77e9 (type: networks) to 1
2026-09-03 06:33:28.304 9 INFO neutron.wsgi [req-101503a6-ca46-474b-b4a9-31d2b99c2fea req-3a88f89a-2d17-4165-bdea-f8d3213c8709 2739c21e6e074eceb977829f225200cf e7a56a4a3c6e45f1a4f4960960c380de - - bfa1cda75a854b7b896a13bc42399ab6 bfa1cda75a854b7b896a13bc42399ab6] 162.253.55.149 "GET /v2.0/networks/b6f7b00c-e2b1-45fa-bfff-a45704f73214?fields=segments HTTP/1.1" status: 200 len: 212 time: 0.0465629
2026-09-03 06:33:28.367 9 INFO neutron.wsgi [req-49184c62-208f-4e0f-9fc6-0a5f9bd7b3d5 req-53aa98d7-ffa6-499d-9309-d8ace41148d9 2739c21e6e074eceb977829f225200cf e7a56a4a3c6e45f1a4f4960960c380de - - bfa1cda75a854b7b896a13bc42399ab6 bfa1cda75a854b7b896a13bc42399ab6] 162.253.55.149 "GET /v2.0/ports?tenant_id=67e778557b79436497c2f035916f2120&device_id=fd1a628a-b96a-4c8b-9c55-5873ab904e45 HTTP/1.1" status: 200 len: 1411 time: 0.0305247
2026-09-03 06:33:28.375 9 INFO neutron.wsgi [req-101503a6-ca46-474b-b4a9-31d2b99c2fea req-2166ade2-917c-44dc-9dfa-f656d8778f9d 2739c21e6e074eceb977829f225200cf e7a56a4a3c6e45f1a4f4960960c380de - - bfa1cda75a854b7b896a13bc42399ab6 bfa1cda75a854b7b896a13bc42399ab6] 162.253.55.149 "GET /v2.0/networks/b6f7b00c-e2b1-45fa-bfff-a45704f73214?fields=provider%3Aphysical_network&fields=provider%3Anetwork_type HTTP/1.1" status: 200 len: 277 time: 0.0650098
2026-09-03 06:33:28.401 9 INFO neutron.wsgi [req-49184c62-208f-4e0f-9fc6-0a5f9bd7b3d5 req-7bea4c21-34b9-4cba-b3af-f8ffeffa070c 2739c21e6e074eceb977829f225200cf e7a56a4a3c6e45f1a4f4960960c380de - - bfa1cda75a854b7b896a13bc42399ab6 bfa1cda75a854b7b896a13bc42399ab6] 162.253.55.149 "GET /v2.0/floatingips?fixed_ip_address=10.100.0.10&port_id=42fe16fd-dd8d-4ffa-9f55-8d7c52d975f7 HTTP/1.1" status: 200 len: 217 time: 0.0187984
2026-09-03 06:33:28.435 9 INFO neutron.wsgi [req-49184c62-208f-4e0f-9fc6-0a5f9bd7b3d5 req-d39888ab-b57b-449d-8094-da126981b20a 2739c21e6e074eceb977829f225200cf e7a56a4a3c6e45f1a4f4960960c380de - - bfa1cda75a854b7b896a13bc42399ab6 bfa1cda75a854b7b896a13bc42399ab6] 162.253.55.149 "GET /v2.0/subnets?id=1ddec441-f8c9-4530-a39c-9e7be9f253ec HTTP/1.1" status: 200 len: 877 time: 0.0261636
2026-09-03 06:33:28.443 9 INFO neutron.wsgi [req-4b4d77bf-de24-4110-85ef-e77fa30f8d7a req-98ebe4f8-1d1d-4109-997e-c7efa8689a5d ad7ecdeb295647d88e9c40dde1564b95 67e778557b79436497c2f035916f2120 - - default default] 10.0.0.94 "GET /v2.0/ports?device_id=fd1a628a-b96a-4c8b-9c55-5873ab904e45 HTTP/1.1" status: 200 len: 1172 time: 0.0596817
2026-09-03 06:33:28.474 9 INFO neutron.wsgi [req-49184c62-208f-4e0f-9fc6-0a5f9bd7b3d5 req-54616269-b57a-4c5d-bef8-c5bb54b10cf1 2739c21e6e074eceb977829f225200cf e7a56a4a3c6e45f1a4f4960960c380de - - bfa1cda75a854b7b896a13bc42399ab6 bfa1cda75a854b7b896a13bc42399ab6] 162.253.55.149 "GET /v2.0/ports?network_id=a36af030-eceb-440d-9374-ab5b3b7a168f&device_owner=network%3Adhcp HTTP/1.1" status: 200 len: 210 time: 0.0258892
2026-09-03 06:33:28.501 9 INFO neutron.wsgi [req-4b4d77bf-de24-4110-85ef-e77fa30f8d7a req-12261fef-6634-48c2-b95e-12685458ff17 ad7ecdeb295647d88e9c40dde1564b95 67e778557b79436497c2f035916f2120 - - default default] 10.0.0.94 "GET /v2.0/security-groups?id=65d22861-4f01-4380-a1f2-07552fca45c6&fields=id&fields=name HTTP/1.1" status: 200 len: 313 time: 0.0451450
2026-09-03 06:33:28.517 10 INFO neutron.plugins.ml2.drivers.ovn.mech_driver.mech_driver [None req-e48a7550-56f1-434b-a515-5b82a69dcb49 - - - - - -] OVN reports status down for port: d77993f1-a771-4edb-a650-63a97dafc246
2026-09-03 06:33:28.533 9 INFO neutron.wsgi [req-49184c62-208f-4e0f-9fc6-0a5f9bd7b3d5 req-d57ba7aa-11b6-4efb-91bd-5171499319cc 2739c21e6e074eceb977829f225200cf e7a56a4a3c6e45f1a4f4960960c380de - - bfa1cda75a854b7b896a13bc42399ab6 bfa1cda75a854b7b896a13bc42399ab6] 162.253.55.149 "GET /v2.0/networks/a36af030-eceb-440d-9374-ab5b3b7a168f?fields=segments HTTP/1.1" status: 200 len: 212 time: 0.0519404
2026-09-03 06:33:28.558 10 INFO neutron.wsgi [req-320c0b1e-3938-49e8-a33f-55f6aa9db165 req-9b9ad921-8fca-489c-861b-977f70fd7afc e612c8a076d34ee29730d6ba6ebc4e01 1991c629707741cdb2c77c9fa5a42295 - - default default] 10.0.0.94 "GET /v2.0/ports?device_id=df4b7f3f-7f0f-4db8-9461-1328b417f241 HTTP/1.1" status: 200 len: 1170 time: 0.1835535
2026-09-03 06:33:28.596 9 INFO neutron.wsgi [req-49184c62-208f-4e0f-9fc6-0a5f9bd7b3d5 req-6c9eba9a-3f1d-488e-af73-73893bd70a7c 2739c21e6e074eceb977829f225200cf e7a56a4a3c6e45f1a4f4960960c380de - - bfa1cda75a854b7b896a13bc42399ab6 bfa1cda75a854b7b896a13bc42399ab6] 162.253.55.149 "GET /v2.0/networks/a36af030-eceb-440d-9374-ab5b3b7a168f?fields=provider%3Aphysical_network&fields=provider%3Anetwork_type HTTP/1.1" status: 200 len: 277 time: 0.0581131
2026-09-03 06:33:28.620 9 INFO neutron.plugins.ml2.drivers.ovn.mech_driver.mech_driver [None req-8fe5edfe-5033-412e-9fe9-c3dda07e105e - - - - - -] OVN reports status up for port: db382458-dab7-4eef-8ba8-735485287a39
2026-09-03 06:33:28.637 10 INFO neutron.wsgi [req-320c0b1e-3938-49e8-a33f-55f6aa9db165 req-2cd95e88-8183-48af-90c2-5aca0a7216f7 e612c8a076d34ee29730d6ba6ebc4e01 1991c629707741cdb2c77c9fa5a42295 - - default default] 10.0.0.94 "GET /v2.0/security-groups?id=6e6b93c7-54a6-4d83-990c-9c3b9b4c9d34&fields=id&fields=name HTTP/1.1" status: 200 len: 313 time: 0.0724509
2026-09-03 06:33:28.653 9 INFO neutron.plugins.ml2.plugin [None req-8fe5edfe-5033-412e-9fe9-c3dda07e105e - - - - - -] Attempt 1 to provision port db382458-dab7-4eef-8ba8-735485287a39
2026-09-03 06:33:28.660 10 WARNING neutron.scheduler.dhcp_agent_scheduler [None req-04721f29-8477-4e7f-a830-fe654683f2c6 18201195a23a4714a8131034e6c3e8f3 11de812343b7445aaeeae02e65f92f66 - - default default] No more DHCP agents
2026-09-03 06:33:28.663 10 WARNING neutron.api.rpc.agentnotifiers.dhcp_rpc_agent_api [None req-04721f29-8477-4e7f-a830-fe654683f2c6 18201195a23a4714a8131034e6c3e8f3 11de812343b7445aaeeae02e65f92f66 - - default default] Unable to schedule network 401f1801-96b8-4d18-86a9-05ac16ad77e9: no agents available; will retry on subsequent port and subnet creation events.
2026-09-03 06:33:28.766 10 INFO neutron.db.ovn_revision_numbers_db [None req-04721f29-8477-4e7f-a830-fe654683f2c6 18201195a23a4714a8131034e6c3e8f3 11de812343b7445aaeeae02e65f92f66 - - default default] Successfully bumped revision number for resource 2ebcb31f-32f2-43cc-9be2-e1fda166a7df (type: ports) to 1
2026-09-03 06:33:28.792 10 INFO neutron.wsgi [None req-04721f29-8477-4e7f-a830-fe654683f2c6 18201195a23a4714a8131034e6c3e8f3 11de812343b7445aaeeae02e65f92f66 - - default default] 10.0.0.234 "POST /v2.0/networks HTTP/1.1" status: 201 len: 842 time: 1.1659088
2026-09-03 06:33:28.818 9 INFO neutron.wsgi [req-3ffd9647-46cf-4418-a724-783033151c5b req-6d3114f3-9489-4a48-a66f-b8bcd8454ea7 e612c8a076d34ee29730d6ba6ebc4e01 1991c629707741cdb2c77c9fa5a42295 - - default default] 162.253.55.149 "GET /v2.0/ports?device_id=df4b7f3f-7f0f-4db8-9461-1328b417f241 HTTP/1.1" status: 200 len: 1168 time: 0.0373631
2026-09-03 06:33:28.947 10 INFO neutron.db.ovn_revision_numbers_db [None req-e48a7550-56f1-434b-a515-5b82a69dcb49 - - - - - -] Successfully bumped revision number for resource d77993f1-a771-4edb-a650-63a97dafc246 (type: ports) to 5
2026-09-03 06:33:28.973 10 INFO neutron.plugins.ml2.drivers.ovn.mech_driver.mech_driver [None req-e48a7550-56f1-434b-a515-5b82a69dcb49 - - - - - -] OVN reports status up for port: 42fe16fd-dd8d-4ffa-9f55-8d7c52d975f7
2026-09-03 06:33:28.996 9 INFO neutron.wsgi [req-8f197b54-9fc6-4b7b-b92d-dedd41fbc875 req-09b64ba3-d9ad-43a1-bfaa-be52fe2c4fcb b59d8c29712c4159a5433f1f6ae67ec9 394b1015cfc349719a32b11cdba8294d - - default default] 10.0.0.94 "GET /v2.0/ports?device_id=e0f7afd3-03ec-4ab5-85ff-2e445deff4d9 HTTP/1.1" status: 200 len: 1174 time: 0.1478353
2026-09-03 06:33:29.022 10 INFO neutron.plugins.ml2.plugin [None req-e48a7550-56f1-434b-a515-5b82a69dcb49 - - - - - -] Attempt 1 to provision port 42fe16fd-dd8d-4ffa-9f55-8d7c52d975f7
2026-09-03 06:33:29.103 9 INFO neutron.wsgi [req-8f197b54-9fc6-4b7b-b92d-dedd41fbc875 req-b86eaac8-1ac6-42f9-9ece-ff1689a2422c b59d8c29712c4159a5433f1f6ae67ec9 394b1015cfc349719a32b11cdba8294d - - default default] 10.0.0.94 "GET /v2.0/security-groups?id=417dcf11-ff38-4f90-b016-4ef63c80a795&fields=id&fields=name HTTP/1.1" status: 200 len: 313 time: 0.0981460
2026-09-03 06:33:29.104 10 WARNING neutron.scheduler.dhcp_agent_scheduler [None req-47aadea8-0491-4fd4-b83e-ad64f27efeb3 18201195a23a4714a8131034e6c3e8f3 11de812343b7445aaeeae02e65f92f66 - - default default] No more DHCP agents
2026-09-03 06:33:29.107 10 WARNING neutron.api.rpc.agentnotifiers.dhcp_rpc_agent_api [None req-47aadea8-0491-4fd4-b83e-ad64f27efeb3 18201195a23a4714a8131034e6c3e8f3 11de812343b7445aaeeae02e65f92f66 - - default default] Unable to schedule network 401f1801-96b8-4d18-86a9-05ac16ad77e9: no agents available; will retry on subsequent port and subnet creation events.
2026-09-03 06:33:29.206 10 INFO neutron.db.ovn_revision_numbers_db [None req-47aadea8-0491-4fd4-b83e-ad64f27efeb3 18201195a23a4714a8131034e6c3e8f3 11de812343b7445aaeeae02e65f92f66 - - default default] Successfully bumped revision number for resource a051e3dd-f388-4cdd-b333-88e9b8e38b36 (type: ports) to 1
2026-09-03 06:33:29.231 10 INFO neutron.wsgi [None req-47aadea8-0491-4fd4-b83e-ad64f27efeb3 18201195a23a4714a8131034e6c3e8f3 11de812343b7445aaeeae02e65f92f66 - - default default] 10.0.0.234 "POST /v2.0/ports HTTP/1.1" status: 201 len: 973 time: 0.4333937 /var/lib/openstack/lib/python3.10/site-packages/pycadf/identifier.py:71: UserWarning: Invalid uuid: neutron. To ensure interoperability, identifiers should be a valid uuid. warnings.warn(('Invalid uuid: %s. To ensure interoperability, '
2026-09-03 06:33:29.352 9 INFO neutron.db.ovn_revision_numbers_db [None req-8fe5edfe-5033-412e-9fe9-c3dda07e105e - - - - - -] Successfully bumped revision number for resource db382458-dab7-4eef-8ba8-735485287a39 (type: ports) to 4
2026-09-03 06:33:29.354 10 INFO neutron.db.segments_db [None req-8a790e31-3ec6-45b3-a4ef-a1f5368afa51 18201195a23a4714a8131034e6c3e8f3 11de812343b7445aaeeae02e65f92f66 - - default default] Added segment 452fe5c9-8da3-4a2c-8d79-341c7c9efb22 of type geneve for network bb0587f3-1de1-41a1-bac6-7f51f54504a7
2026-09-03 06:33:29.357 10 INFO neutron.db.ovn_revision_numbers_db [None req-e48a7550-56f1-434b-a515-5b82a69dcb49 - - - - - -] Successfully bumped revision number for resource 42fe16fd-dd8d-4ffa-9f55-8d7c52d975f7 (type: ports) to 4
2026-09-03 06:33:29.458 9 INFO neutron.db.l3_db [req-3ffd9647-46cf-4418-a724-783033151c5b req-33170e4f-03ab-4ab6-81ab-441c77ec0e22 e612c8a076d34ee29730d6ba6ebc4e01 1991c629707741cdb2c77c9fa5a42295 - - default default] Floating IP 7e8d9374-ee7d-42a1-9fde-80c3aaf17d5d disassociated. External IP: 10.96.250.208, port: d77993f1-a771-4edb-a650-63a97dafc246.
2026-09-03 06:33:29.526 10 INFO neutron.db.ovn_revision_numbers_db [None req-8a790e31-3ec6-45b3-a4ef-a1f5368afa51 18201195a23a4714a8131034e6c3e8f3 11de812343b7445aaeeae02e65f92f66 - - default default] Successfully bumped revision number for resource bb0587f3-1de1-41a1-bac6-7f51f54504a7 (type: networks) to 1 /var/lib/openstack/lib/python3.10/site-packages/pycadf/identifier.py:71: UserWarning: Invalid uuid: neutron. To ensure interoperability, identifiers should be a valid uuid. warnings.warn(('Invalid uuid: %s. To ensure interoperability, '
2026-09-03 06:33:29.643 9 INFO neutron.wsgi [req-3ffd9647-46cf-4418-a724-783033151c5b req-33170e4f-03ab-4ab6-81ab-441c77ec0e22 e612c8a076d34ee29730d6ba6ebc4e01 1991c629707741cdb2c77c9fa5a42295 - - default default] 162.253.55.149 "DELETE /v2.0/ports/d77993f1-a771-4edb-a650-63a97dafc246 HTTP/1.1" status: 204 len: 173 time: 0.8179095
2026-09-03 06:33:29.646 9 INFO neutron.notifiers.nova [-] Nova event matching ['req-ccb90287-e1e2-4c28-a270-32cb57c8a2d5'] response: {'name': 'network-changed', 'server_uuid': 'df4b7f3f-7f0f-4db8-9461-1328b417f241', 'tag': 'd77993f1-a771-4edb-a650-63a97dafc246', 'status': 'completed', 'code': 200}
2026-09-03 06:33:29.647 9 INFO neutron.notifiers.nova [-] Nova event matching ['req-ccb90287-e1e2-4c28-a270-32cb57c8a2d5'] response: {'name': 'network-changed', 'server_uuid': 'fd1a628a-b96a-4c8b-9c55-5873ab904e45', 'tag': '42fe16fd-dd8d-4ffa-9f55-8d7c52d975f7', 'status': 'completed', 'code': 200}
2026-09-03 06:33:29.647 9 INFO neutron.notifiers.nova [-] Nova event matching ['req-ccb90287-e1e2-4c28-a270-32cb57c8a2d5'] response: {'server_uuid': 'e0f7afd3-03ec-4ab5-85ff-2e445deff4d9', 'name': 'network-vif-plugged', 'status': 'completed', 'tag': 'db382458-dab7-4eef-8ba8-735485287a39', 'code': 200}
2026-09-03 06:33:29.647 9 INFO neutron.notifiers.nova [-] Nova event matching ['req-ccb90287-e1e2-4c28-a270-32cb57c8a2d5'] response: {'server_uuid': 'e0f7afd3-03ec-4ab5-85ff-2e445deff4d9', 'name': 'network-vif-plugged', 'status': 'completed', 'tag': 'db382458-dab7-4eef-8ba8-735485287a39', 'code': 200}
2026-09-03 06:33:29.673 10 INFO neutron.wsgi [req-ef6f5f40-1f92-4131-a023-0f361af76b92 req-edd1f186-96d7-4604-905a-c74039aa9d55 ad7ecdeb295647d88e9c40dde1564b95 67e778557b79436497c2f035916f2120 - - default default] 10.0.0.94 "GET /v2.0/ports?device_id=fd1a628a-b96a-4c8b-9c55-5873ab904e45 HTTP/1.1" status: 200 len: 1174 time: 0.1046205 /var/lib/openstack/lib/python3.10/site-packages/pycadf/identifier.py:71: UserWarning: Invalid uuid: neutron. To ensure interoperability, identifiers should be a valid uuid. warnings.warn(('Invalid uuid: %s. To ensure interoperability, '
2026-09-03 06:33:29.723 9 INFO neutron.wsgi [req-dc0aec36-355e-419e-8891-71cbf05242d2 req-d4d01eec-ba5f-47e4-a782-73d344c921b9 2739c21e6e074eceb977829f225200cf e7a56a4a3c6e45f1a4f4960960c380de - - bfa1cda75a854b7b896a13bc42399ab6 bfa1cda75a854b7b896a13bc42399ab6] 162.253.55.149 "GET /v2.0/ports?tenant_id=1991c629707741cdb2c77c9fa5a42295&device_id=df4b7f3f-7f0f-4db8-9461-1328b417f241 HTTP/1.1" status: 200 len: 210 time: 0.0450592
2026-09-03 06:33:29.747 10 WARNING neutron.scheduler.dhcp_agent_scheduler [None req-8a790e31-3ec6-45b3-a4ef-a1f5368afa51 18201195a23a4714a8131034e6c3e8f3 11de812343b7445aaeeae02e65f92f66 - - default default] No more DHCP agents
2026-09-03 06:33:29.749 10 WARNING neutron.api.rpc.agentnotifiers.dhcp_rpc_agent_api [None req-8a790e31-3ec6-45b3-a4ef-a1f5368afa51 18201195a23a4714a8131034e6c3e8f3 11de812343b7445aaeeae02e65f92f66 - - default default] Unable to schedule network bb0587f3-1de1-41a1-bac6-7f51f54504a7: no agents available; will retry on subsequent port and subnet creation events.
2026-09-03 06:33:29.761 9 INFO neutron.wsgi [req-b35f437a-d25e-4371-b471-eaa19f2ef4a0 req-27936858-d44d-43e7-8b3b-727d1a996226 e612c8a076d34ee29730d6ba6ebc4e01 1991c629707741cdb2c77c9fa5a42295 - - default default] 10.0.0.94 "GET /v2.0/ports?device_id=df4b7f3f-7f0f-4db8-9461-1328b417f241 HTTP/1.1" status: 200 len: 210 time: 0.0366070
2026-09-03 06:33:29.781 10 INFO neutron.wsgi [req-ef6f5f40-1f92-4131-a023-0f361af76b92 req-35feb533-12a2-45a9-913a-8550c528aa56 ad7ecdeb295647d88e9c40dde1564b95 67e778557b79436497c2f035916f2120 - - default default] 10.0.0.94 "GET /v2.0/security-groups?id=65d22861-4f01-4380-a1f2-07552fca45c6&fields=id&fields=name HTTP/1.1" status: 200 len: 313 time: 0.0985932
2026-09-03 06:33:29.803 10 INFO neutron.notifiers.nova [-] Nova event matching ['req-b98a8496-924f-43bd-aae8-035e5707734b'] response: {'server_uuid': 'df4b7f3f-7f0f-4db8-9461-1328b417f241', 'name': 'network-vif-unplugged', 'status': 'completed', 'tag': 'd77993f1-a771-4edb-a650-63a97dafc246', 'code': 200}
2026-09-03 06:33:29.803 10 INFO neutron.notifiers.nova [-] Nova event matching ['req-b98a8496-924f-43bd-aae8-035e5707734b'] response: {'server_uuid': 'df4b7f3f-7f0f-4db8-9461-1328b417f241', 'name': 'network-vif-plugged', 'status': 'completed', 'tag': 'd77993f1-a771-4edb-a650-63a97dafc246', 'code': 200}
2026-09-03 06:33:29.803 10 INFO neutron.notifiers.nova [-] Nova event matching ['req-b98a8496-924f-43bd-aae8-035e5707734b'] response: {'server_uuid': 'fd1a628a-b96a-4c8b-9c55-5873ab904e45', 'name': 'network-vif-plugged', 'status': 'completed', 'tag': '42fe16fd-dd8d-4ffa-9f55-8d7c52d975f7', 'code': 200}
2026-09-03 06:33:29.803 10 INFO neutron.notifiers.nova [-] Nova event matching ['req-b98a8496-924f-43bd-aae8-035e5707734b'] response: {'server_uuid': 'fd1a628a-b96a-4c8b-9c55-5873ab904e45', 'name': 'network-vif-plugged', 'status': 'completed', 'tag': '42fe16fd-dd8d-4ffa-9f55-8d7c52d975f7', 'code': 200}
2026-09-03 06:33:29.809 9 INFO neutron.wsgi [req-dc0aec36-355e-419e-8891-71cbf05242d2 req-68fc4c4b-10b0-497e-a6b7-fa8380ab9fcb 2739c21e6e074eceb977829f225200cf e7a56a4a3c6e45f1a4f4960960c380de - - bfa1cda75a854b7b896a13bc42399ab6 bfa1cda75a854b7b896a13bc42399ab6] 162.253.55.149 "GET /v2.0/ports?tenant_id=67e778557b79436497c2f035916f2120&device_id=fd1a628a-b96a-4c8b-9c55-5873ab904e45 HTTP/1.1" status: 200 len: 1413 time: 0.0475438
2026-09-03 06:33:29.850 10 INFO neutron.db.ovn_revision_numbers_db [None req-8a790e31-3ec6-45b3-a4ef-a1f5368afa51 18201195a23a4714a8131034e6c3e8f3 11de812343b7445aaeeae02e65f92f66 - - default default] Successfully bumped revision number for resource 049cda53-9872-4495-9f3c-17c24578a9b3 (type: ports) to 1
2026-09-03 06:33:29.880 9 INFO neutron.wsgi [req-dc0aec36-355e-419e-8891-71cbf05242d2 req-9aaeb97f-b0dd-4f84-88d3-a2a48ce3f60a 2739c21e6e074eceb977829f225200cf e7a56a4a3c6e45f1a4f4960960c380de - - bfa1cda75a854b7b896a13bc42399ab6 bfa1cda75a854b7b896a13bc42399ab6] 162.253.55.149 "GET /v2.0/networks?id=a36af030-eceb-440d-9374-ab5b3b7a168f HTTP/1.1" status: 200 len: 982 time: 0.0621810
2026-09-03 06:33:29.880 10 INFO neutron.wsgi [None req-8a790e31-3ec6-45b3-a4ef-a1f5368afa51 18201195a23a4714a8131034e6c3e8f3 11de812343b7445aaeeae02e65f92f66 - - default default] 10.0.0.234 "POST /v2.0/networks HTTP/1.1" status: 201 len: 831 time: 0.6408660
2026-09-03 06:33:29.927 9 INFO neutron.wsgi [req-dc0aec36-355e-419e-8891-71cbf05242d2 req-4cb0496a-c4f0-4b10-9aa2-f55f53e81aa0 2739c21e6e074eceb977829f225200cf e7a56a4a3c6e45f1a4f4960960c380de - - bfa1cda75a854b7b896a13bc42399ab6 bfa1cda75a854b7b896a13bc42399ab6] 162.253.55.149 "GET /v2.0/floatingips?fixed_ip_address=10.100.0.10&port_id=42fe16fd-dd8d-4ffa-9f55-8d7c52d975f7 HTTP/1.1" status: 200 len: 217 time: 0.0329742
2026-09-03 06:33:29.969 9 INFO neutron.wsgi [req-dc0aec36-355e-419e-8891-71cbf05242d2 req-0b64a54e-e6b8-4692-b85a-ee535be98de7 2739c21e6e074eceb977829f225200cf e7a56a4a3c6e45f1a4f4960960c380de - - bfa1cda75a854b7b896a13bc42399ab6 bfa1cda75a854b7b896a13bc42399ab6] 162.253.55.149 "GET /v2.0/subnets?id=1ddec441-f8c9-4530-a39c-9e7be9f253ec HTTP/1.1" status: 200 len: 877 time: 0.0292642
2026-09-03 06:33:30.044 9 INFO neutron.wsgi [req-dc0aec36-355e-419e-8891-71cbf05242d2 req-1bef436e-f972-496e-96d2-75ed483a85be 2739c21e6e074eceb977829f225200cf e7a56a4a3c6e45f1a4f4960960c380de - - bfa1cda75a854b7b896a13bc42399ab6 bfa1cda75a854b7b896a13bc42399ab6] 162.253.55.149 "GET /v2.0/ports?network_id=a36af030-eceb-440d-9374-ab5b3b7a168f&device_owner=network%3Adhcp HTTP/1.1" status: 200 len: 210 time: 0.0639319
2026-09-03 06:33:30.185 9 INFO neutron.wsgi [req-dc0aec36-355e-419e-8891-71cbf05242d2 req-0ef006d7-6776-4483-886a-a2dcf002d6b2 2739c21e6e074eceb977829f225200cf e7a56a4a3c6e45f1a4f4960960c380de - - bfa1cda75a854b7b896a13bc42399ab6 bfa1cda75a854b7b896a13bc42399ab6] 162.253.55.149 "GET /v2.0/networks/a36af030-eceb-440d-9374-ab5b3b7a168f?fields=segments HTTP/1.1" status: 200 len: 212 time: 0.1274726
2026-09-03 06:33:30.241 10 INFO neutron.wsgi [req-cb5c4f24-b04e-4286-83c7-84896d91017b req-8f2f60ce-3623-45d7-8ec5-0ef1c748ffcc b59d8c29712c4159a5433f1f6ae67ec9 394b1015cfc349719a32b11cdba8294d - - default default] 10.0.0.94 "GET /v2.0/ports?device_id=e0f7afd3-03ec-4ab5-85ff-2e445deff4d9 HTTP/1.1" status: 200 len: 1174 time: 0.0605202
2026-09-03 06:33:30.266 9 INFO neutron.wsgi [req-dc0aec36-355e-419e-8891-71cbf05242d2 req-ca111536-a1a4-459e-ade5-0eecbef66635 2739c21e6e074eceb977829f225200cf e7a56a4a3c6e45f1a4f4960960c380de - - bfa1cda75a854b7b896a13bc42399ab6 bfa1cda75a854b7b896a13bc42399ab6] 162.253.55.149 "GET /v2.0/networks/a36af030-eceb-440d-9374-ab5b3b7a168f?fields=provider%3Aphysical_network&fields=provider%3Anetwork_type HTTP/1.1" status: 200 len: 277 time: 0.0740073
2026-09-03 06:33:30.291 10 INFO neutron.wsgi [req-cb5c4f24-b04e-4286-83c7-84896d91017b req-0261caab-29e4-4c98-8710-d48c9a11a46e b59d8c29712c4159a5433f1f6ae67ec9 394b1015cfc349719a32b11cdba8294d - - default default] 10.0.0.94 "GET /v2.0/security-groups?id=417dcf11-ff38-4f90-b016-4ef63c80a795&fields=id&fields=name HTTP/1.1" status: 200 len: 313 time: 0.0453875
2026-09-03 06:33:30.301 9 WARNING neutron.scheduler.dhcp_agent_scheduler [None req-77e8e3db-9d20-443a-9cb4-b2ce27757a36 18201195a23a4714a8131034e6c3e8f3 11de812343b7445aaeeae02e65f92f66 - - default default] No more DHCP agents
2026-09-03 06:33:30.303 9 WARNING neutron.api.rpc.agentnotifiers.dhcp_rpc_agent_api [None req-77e8e3db-9d20-443a-9cb4-b2ce27757a36 18201195a23a4714a8131034e6c3e8f3 11de812343b7445aaeeae02e65f92f66 - - default default] Unable to schedule network bb0587f3-1de1-41a1-bac6-7f51f54504a7: no agents available; will retry on subsequent port and subnet creation events.
2026-09-03 06:33:30.739 9 INFO neutron.db.ovn_revision_numbers_db [None req-77e8e3db-9d20-443a-9cb4-b2ce27757a36 18201195a23a4714a8131034e6c3e8f3 11de812343b7445aaeeae02e65f92f66 - - default default] Successfully bumped revision number for resource 049cda53-9872-4495-9f3c-17c24578a9b3 (type: ports) to 2
2026-09-03 06:33:30.777 9 INFO neutron.db.ovn_revision_numbers_db [None req-77e8e3db-9d20-443a-9cb4-b2ce27757a36 18201195a23a4714a8131034e6c3e8f3 11de812343b7445aaeeae02e65f92f66 - - default default] Successfully bumped revision number for resource fc8eea7a-3f49-41d3-9ac0-a6227ea09b00 (type: subnets) to 0
2026-09-03 06:33:30.789 9 INFO neutron.wsgi [None req-77e8e3db-9d20-443a-9cb4-b2ce27757a36 18201195a23a4714a8131034e6c3e8f3 11de812343b7445aaeeae02e65f92f66 - - default default] 10.0.0.234 "POST /v2.0/subnets HTTP/1.1" status: 201 len: 801 time: 0.9026103
2026-09-03 06:33:30.973 9 INFO neutron.wsgi [req-418bc4fb-8dba-48d5-aa64-3738387bf5b5 req-132c0320-faac-415a-9ecc-35133f606a23 ad7ecdeb295647d88e9c40dde1564b95 67e778557b79436497c2f035916f2120 - - default default] 10.0.0.94 "GET /v2.0/ports?device_id=fd1a628a-b96a-4c8b-9c55-5873ab904e45 HTTP/1.1" status: 200 len: 1174 time: 0.1215644
2026-09-03 06:33:31.032 9 INFO neutron.wsgi [req-418bc4fb-8dba-48d5-aa64-3738387bf5b5 req-eeda1f32-cbc6-4670-b5fb-076d86df50f4 ad7ecdeb295647d88e9c40dde1564b95 67e778557b79436497c2f035916f2120 - - default default] 10.0.0.94 "GET /v2.0/security-groups?id=65d22861-4f01-4380-a1f2-07552fca45c6&fields=id&fields=name HTTP/1.1" status: 200 len: 313 time: 0.0517523
2026-09-03 06:33:31.058 9 INFO neutron.wsgi [None req-59bf6d9d-9ffd-4122-9a89-92ffd2be2e3a e612c8a076d34ee29730d6ba6ebc4e01 1991c629707741cdb2c77c9fa5a42295 - - default default] 10.0.0.234 "DELETE /v2.0/security-groups/6e6b93c7-54a6-4d83-990c-9c3b9b4c9d34 HTTP/1.1" status: 204 len: 168 time: 0.2085347
2026-09-03 06:33:31.089 10 INFO neutron.api.v2.resource [None req-75b9ad97-18ba-4d33-8e74-53fb35fd096b e612c8a076d34ee29730d6ba6ebc4e01 1991c629707741cdb2c77c9fa5a42295 - - default default] show failed (client error): The resource could not be found.
2026-09-03 06:33:31.090 10 INFO neutron.wsgi [None req-75b9ad97-18ba-4d33-8e74-53fb35fd096b e612c8a076d34ee29730d6ba6ebc4e01 1991c629707741cdb2c77c9fa5a42295 - - default default] 10.0.0.234 "GET /v2.0/security-groups/6e6b93c7-54a6-4d83-990c-9c3b9b4c9d34 HTTP/1.1" status: 404 len: 347 time: 0.0253925
2026-09-03 06:33:31.183 10 INFO neutron.wsgi [req-11ba4ff2-3eb9-4b1f-8981-cb4fea96767a req-3bba8b35-ee5c-4455-a0f0-1ec24b26b78f ad7ecdeb295647d88e9c40dde1564b95 67e778557b79436497c2f035916f2120 - - default default] 10.0.0.94 "GET /v2.0/ports?device_id=fd1a628a-b96a-4c8b-9c55-5873ab904e45 HTTP/1.1" status: 200 len: 1174 time: 0.0424104
2026-09-03 06:33:31.258 9 WARNING neutron.scheduler.dhcp_agent_scheduler [None req-920cb9ec-85f1-4bcd-934a-1503fd33d099 18201195a23a4714a8131034e6c3e8f3 11de812343b7445aaeeae02e65f92f66 - - default default] No more DHCP agents
2026-09-03 06:33:31.262 9 WARNING neutron.api.rpc.agentnotifiers.dhcp_rpc_agent_api [None req-920cb9ec-85f1-4bcd-934a-1503fd33d099 18201195a23a4714a8131034e6c3e8f3 11de812343b7445aaeeae02e65f92f66 - - default default] Unable to schedule network bb0587f3-1de1-41a1-bac6-7f51f54504a7: no agents available; will retry on subsequent port and subnet creation events. /var/lib/openstack/lib/python3.10/site-packages/pycadf/identifier.py:71: UserWarning: Invalid uuid: neutron. To ensure interoperability, identifiers should be a valid uuid. warnings.warn(('Invalid uuid: %s. To ensure interoperability, '
2026-09-03 06:33:31.422 9 INFO neutron.wsgi [req-e885beee-85ac-42ef-9340-a4fdb0547d86 req-dc681a00-0de4-4903-b630-1924bccb3deb b59d8c29712c4159a5433f1f6ae67ec9 394b1015cfc349719a32b11cdba8294d - - default default] 10.0.0.94 "GET /v2.0/ports?device_id=e0f7afd3-03ec-4ab5-85ff-2e445deff4d9 HTTP/1.1" status: 200 len: 1174 time: 0.0350413
2026-09-03 06:33:31.435 9 INFO neutron.db.ovn_revision_numbers_db [None req-920cb9ec-85f1-4bcd-934a-1503fd33d099 18201195a23a4714a8131034e6c3e8f3 11de812343b7445aaeeae02e65f92f66 - - default default] Successfully bumped revision number for resource c181e16b-296a-4938-874d-a39aa6bc7121 (type: ports) to 1
2026-09-03 06:33:31.463 9 INFO neutron.wsgi [None req-920cb9ec-85f1-4bcd-934a-1503fd33d099 18201195a23a4714a8131034e6c3e8f3 11de812343b7445aaeeae02e65f92f66 - - default default] 10.0.0.234 "POST /v2.0/ports HTTP/1.1" status: 201 len: 1153 time: 0.6691208
2026-09-03 06:33:31.470 9 INFO neutron.wsgi [req-e885beee-85ac-42ef-9340-a4fdb0547d86 req-404bb0ca-bf47-4d24-9900-f55b4580dd8d b59d8c29712c4159a5433f1f6ae67ec9 394b1015cfc349719a32b11cdba8294d - - default default] 10.0.0.94 "GET /v2.0/security-groups?id=417dcf11-ff38-4f90-b016-4ef63c80a795&fields=id&fields=name HTTP/1.1" status: 200 len: 313 time: 0.0397301
2026-09-03 06:33:31.701 9 INFO neutron.notifiers.nova [-] Nova event matching ['req-98cb6c32-fd0c-493e-90d1-b2c01f83bb46'] response: {'server_uuid': 'df4b7f3f-7f0f-4db8-9461-1328b417f241', 'name': 'network-vif-deleted', 'tag': 'd77993f1-a771-4edb-a650-63a97dafc246', 'status': 'completed', 'code': 200}
2026-09-03 06:33:31.723 9 INFO neutron.wsgi [None req-1c574f80-e128-4940-9abf-9b16787a0e26 18201195a23a4714a8131034e6c3e8f3 11de812343b7445aaeeae02e65f92f66 - - default default] 10.0.0.234 "DELETE /v2.0/ports/c181e16b-296a-4938-874d-a39aa6bc7121 HTTP/1.1" status: 204 len: 168 time: 0.2556508
2026-09-03 06:33:31.746 9 INFO neutron.pecan_wsgi.hooks.translation [None req-621bfe03-d484-4b50-a690-b1630f87df98 18201195a23a4714a8131034e6c3e8f3 11de812343b7445aaeeae02e65f92f66 - - default default] DELETE failed (client error): The resource could not be found.
2026-09-03 06:33:31.748 9 INFO neutron.wsgi [None req-621bfe03-d484-4b50-a690-b1630f87df98 18201195a23a4714a8131034e6c3e8f3 11de812343b7445aaeeae02e65f92f66 - - default default] 10.0.0.234 "DELETE /v2.0/ports/c181e16b-296a-4938-874d-a39aa6bc7121 HTTP/1.1" status: 404 len: 333 time: 0.0145764
2026-09-03 06:33:31.763 9 INFO neutron.pecan_wsgi.hooks.translation [None req-6eba040f-210e-4093-bd4f-82776b26e933 18201195a23a4714a8131034e6c3e8f3 11de812343b7445aaeeae02e65f92f66 - - default default] GET failed (client error): The resource could not be found.
2026-09-03 06:33:31.764 9 INFO neutron.wsgi [None req-6eba040f-210e-4093-bd4f-82776b26e933 18201195a23a4714a8131034e6c3e8f3 11de812343b7445aaeeae02e65f92f66 - - default default] 10.0.0.234 "GET /v2.0/ports/c181e16b-296a-4938-874d-a39aa6bc7121 HTTP/1.1" status: 404 len: 333 time: 0.0116403
2026-09-03 06:33:31.806 10 INFO neutron.wsgi [req-0742cd5e-dc85-405e-a4cf-6919c5cb431e req-3ccc219b-2b5e-45f0-a7e8-8f9585293c9d b59d8c29712c4159a5433f1f6ae67ec9 394b1015cfc349719a32b11cdba8294d - - default default] 10.0.0.94 "GET /v2.0/ports?device_id=e0f7afd3-03ec-4ab5-85ff-2e445deff4d9 HTTP/1.1" status: 200 len: 1174 time: 0.2403350
2026-09-03 06:33:31.866 10 INFO neutron.db.l3_db [None req-27d74cfb-8ea1-45f1-afa2-ecc88674e7a0 ad7ecdeb295647d88e9c40dde1564b95 67e778557b79436497c2f035916f2120 - - default default] Floating IP bdea18e6-9fdd-41c4-88ac-7cb3fad2fc3a associated. External IP: 10.96.250.206, port: 42fe16fd-dd8d-4ffa-9f55-8d7c52d975f7.
2026-09-03 06:33:31.985 10 INFO neutron.wsgi [None req-283ad39f-0cee-40a8-a14b-b8ed8240aed9 e612c8a076d34ee29730d6ba6ebc4e01 1991c629707741cdb2c77c9fa5a42295 - - default default] 10.0.0.234 "DELETE /v2.0/floatingips/7e8d9374-ee7d-42a1-9fde-80c3aaf17d5d HTTP/1.1" status: 204 len: 168 time: 0.8861010
2026-09-03 06:33:32.120 10 INFO neutron.db.ovn_revision_numbers_db [None req-27d74cfb-8ea1-45f1-afa2-ecc88674e7a0 ad7ecdeb295647d88e9c40dde1564b95 67e778557b79436497c2f035916f2120 - - default default] Successfully bumped revision number for resource bdea18e6-9fdd-41c4-88ac-7cb3fad2fc3a (type: floatingips) to 1
2026-09-03 06:33:32.176 9 INFO neutron.wsgi [None req-b3706ac7-ece3-4dc7-8ce8-f886df29b102 18201195a23a4714a8131034e6c3e8f3 11de812343b7445aaeeae02e65f92f66 - - default default] 10.0.0.234 "DELETE /v2.0/subnets/fc8eea7a-3f49-41d3-9ac0-a6227ea09b00 HTTP/1.1" status: 204 len: 168 time: 0.4091899
2026-09-03 06:33:32.178 9 INFO neutron.db.l3_db [None req-dd99781a-317d-4dad-a0a2-f8f55842078d b59d8c29712c4159a5433f1f6ae67ec9 394b1015cfc349719a32b11cdba8294d - - default default] Floating IP 6a47220b-7bf0-4504-a8f0-088b6e85f854 associated. External IP: 10.96.250.204, port: db382458-dab7-4eef-8ba8-735485287a39.
2026-09-03 06:33:32.384 10 INFO neutron.db.ovn_revision_numbers_db [None req-27d74cfb-8ea1-45f1-afa2-ecc88674e7a0 ad7ecdeb295647d88e9c40dde1564b95 67e778557b79436497c2f035916f2120 - - default default] Successfully bumped revision number for resource bdea18e6-9fdd-41c4-88ac-7cb3fad2fc3a (type: floatingips) to 2
2026-09-03 06:33:32.434 10 INFO neutron.wsgi [None req-27d74cfb-8ea1-45f1-afa2-ecc88674e7a0 ad7ecdeb295647d88e9c40dde1564b95 67e778557b79436497c2f035916f2120 - - default default] 10.0.0.234 "PUT /v2.0/floatingips/bdea18e6-9fdd-41c4-88ac-7cb3fad2fc3a HTTP/1.1" status: 200 len: 1050 time: 1.2360237
2026-09-03 06:33:32.490 10 INFO neutron.notifiers.nova [-] Nova event matching ['req-72ff23d2-7942-4290-826d-1da7ca8b8e85'] response: {'name': 'network-changed', 'server_uuid': 'fd1a628a-b96a-4c8b-9c55-5873ab904e45', 'tag': '42fe16fd-dd8d-4ffa-9f55-8d7c52d975f7', 'status': 'completed', 'code': 200}
2026-09-03 06:33:32.549 9 INFO neutron.db.ovn_revision_numbers_db [None req-dd99781a-317d-4dad-a0a2-f8f55842078d b59d8c29712c4159a5433f1f6ae67ec9 394b1015cfc349719a32b11cdba8294d - - default default] Successfully bumped revision number for resource 6a47220b-7bf0-4504-a8f0-088b6e85f854 (type: floatingips) to 1
2026-09-03 06:33:32.572 9 INFO neutron.wsgi [req-2ffb5c3b-12b6-4248-ac40-7ec24b122814 req-f68a326b-f875-4b45-b00b-966a69724586 ad7ecdeb295647d88e9c40dde1564b95 67e778557b79436497c2f035916f2120 - - default default] 10.0.0.94 "GET /v2.0/ports?device_id=fd1a628a-b96a-4c8b-9c55-5873ab904e45 HTTP/1.1" status: 200 len: 1174 time: 0.0705714
2026-09-03 06:33:32.575 9 INFO neutron.wsgi [req-1b39b315-775b-41c8-a681-4f91b5948607 req-b710a07a-1638-42d8-b56f-8d9d7be6f9bd 2739c21e6e074eceb977829f225200cf e7a56a4a3c6e45f1a4f4960960c380de - - bfa1cda75a854b7b896a13bc42399ab6 bfa1cda75a854b7b896a13bc42399ab6] 162.253.55.149 "GET /v2.0/ports?tenant_id=67e778557b79436497c2f035916f2120&device_id=fd1a628a-b96a-4c8b-9c55-5873ab904e45 HTTP/1.1" status: 200 len: 1413 time: 0.0573382
2026-09-03 06:33:32.676 9 INFO neutron.wsgi [req-2ffb5c3b-12b6-4248-ac40-7ec24b122814 req-5a37b509-49f1-43db-b603-72e877b03e95 ad7ecdeb295647d88e9c40dde1564b95 67e778557b79436497c2f035916f2120 - - default default] 10.0.0.94 "GET /v2.0/security-groups?id=65d22861-4f01-4380-a1f2-07552fca45c6&fields=id&fields=name HTTP/1.1" status: 200 len: 313 time: 0.0930331
2026-09-03 06:33:32.703 9 INFO neutron.wsgi [req-1b39b315-775b-41c8-a681-4f91b5948607 req-938e16ed-178b-470a-b1c3-a4ea2a160f5e 2739c21e6e074eceb977829f225200cf e7a56a4a3c6e45f1a4f4960960c380de - - bfa1cda75a854b7b896a13bc42399ab6 bfa1cda75a854b7b896a13bc42399ab6] 162.253.55.149 "GET /v2.0/networks?id=a36af030-eceb-440d-9374-ab5b3b7a168f HTTP/1.1" status: 200 len: 982 time: 0.1139410
2026-09-03 06:33:32.784 9 INFO neutron.db.ovn_revision_numbers_db [None req-dd99781a-317d-4dad-a0a2-f8f55842078d b59d8c29712c4159a5433f1f6ae67ec9 394b1015cfc349719a32b11cdba8294d - - default default] Successfully bumped revision number for resource 6a47220b-7bf0-4504-a8f0-088b6e85f854 (type: floatingips) to 2
2026-09-03 06:33:32.791 9 INFO neutron.wsgi [req-1b39b315-775b-41c8-a681-4f91b5948607 req-467739ed-af87-4af6-b3dc-ca1a03e8dfb3 2739c21e6e074eceb977829f225200cf e7a56a4a3c6e45f1a4f4960960c380de - - bfa1cda75a854b7b896a13bc42399ab6 bfa1cda75a854b7b896a13bc42399ab6] 162.253.55.149 "GET /v2.0/floatingips?fixed_ip_address=10.100.0.10&port_id=42fe16fd-dd8d-4ffa-9f55-8d7c52d975f7 HTTP/1.1" status: 200 len: 1060 time: 0.0746770
2026-09-03 06:33:32.829 9 INFO neutron.wsgi [None req-dd99781a-317d-4dad-a0a2-f8f55842078d b59d8c29712c4159a5433f1f6ae67ec9 394b1015cfc349719a32b11cdba8294d - - default default] 10.0.0.234 "PUT /v2.0/floatingips/6a47220b-7bf0-4504-a8f0-088b6e85f854 HTTP/1.1" status: 200 len: 1050 time: 1.0134435
2026-09-03 06:33:32.867 9 INFO neutron.wsgi [req-1b39b315-775b-41c8-a681-4f91b5948607 req-30ca7494-ccc5-483d-90bb-94586d1e4c13 2739c21e6e074eceb977829f225200cf e7a56a4a3c6e45f1a4f4960960c380de - - bfa1cda75a854b7b896a13bc42399ab6 bfa1cda75a854b7b896a13bc42399ab6] 162.253.55.149 "GET /v2.0/subnets?id=1ddec441-f8c9-4530-a39c-9e7be9f253ec HTTP/1.1" status: 200 len: 877 time: 0.0673122
2026-09-03 06:33:32.871 9 INFO neutron.services.segments.plugin [-] Segment 452fe5c9-8da3-4a2c-8d79-341c7c9efb22 resource provider aggregate not found
2026-09-03 06:33:32.883 9 INFO neutron.services.segments.plugin [-] Segment 452fe5c9-8da3-4a2c-8d79-341c7c9efb22 resource provider aggregate not found /var/lib/openstack/lib/python3.10/site-packages/pycadf/identifier.py:71: UserWarning: Invalid uuid: neutron. To ensure interoperability, identifiers should be a valid uuid. warnings.warn(('Invalid uuid: %s. To ensure interoperability, '
2026-09-03 06:33:32.915 9 INFO neutron.services.segments.plugin [-] Segment 452fe5c9-8da3-4a2c-8d79-341c7c9efb22 resource provider not found; error: Placement Client Error (4xx): {"errors": [{"status": 404, "title": "Not Found", "detail": "The resource could not be found.\n\n No resource provider with uuid 452fe5c9-8da3-4a2c-8d79-341c7c9efb22 found for delete ", "request_id": "req-13d5ce5e-dcc9-4e00-ae0f-66022bcee9ca"}]}
2026-09-03 06:33:32.916 9 INFO neutron.services.segments.plugin [-] Segment 452fe5c9-8da3-4a2c-8d79-341c7c9efb22 resource provider not found; error: Placement Client Error (4xx): {"errors": [{"status": 404, "title": "Not Found", "detail": "The resource could not be found.\n\n No resource provider with uuid 452fe5c9-8da3-4a2c-8d79-341c7c9efb22 found for delete ", "request_id": "req-6ccee2e5-f163-4cb4-adb4-1d4128e58aa9"}]}
2026-09-03 06:33:32.922 9 INFO neutron.wsgi [req-1b39b315-775b-41c8-a681-4f91b5948607 req-ecc6b930-1e78-4244-b642-c76e7183b7a2 2739c21e6e074eceb977829f225200cf e7a56a4a3c6e45f1a4f4960960c380de - - bfa1cda75a854b7b896a13bc42399ab6 bfa1cda75a854b7b896a13bc42399ab6] 162.253.55.149 "GET /v2.0/ports?network_id=a36af030-eceb-440d-9374-ab5b3b7a168f&device_owner=network%3Adhcp HTTP/1.1" status: 200 len: 210 time: 0.0399830
2026-09-03 06:33:32.958 10 INFO neutron.wsgi [req-952c7bb1-f4cf-4d71-abb6-92b6d1e5ad7c req-215d973a-da7d-4c95-b637-07474fc90085 b59d8c29712c4159a5433f1f6ae67ec9 394b1015cfc349719a32b11cdba8294d - - default default] 10.0.0.94 "GET /v2.0/ports?device_id=e0f7afd3-03ec-4ab5-85ff-2e445deff4d9 HTTP/1.1" status: 200 len: 1174 time: 0.0504010
2026-09-03 06:33:32.972 9 INFO neutron.wsgi [None req-4050fd2b-59a7-4333-b795-7aa7c2fa7392 18201195a23a4714a8131034e6c3e8f3 11de812343b7445aaeeae02e65f92f66 - - default default] 10.0.0.234 "DELETE /v2.0/networks/bb0587f3-1de1-41a1-bac6-7f51f54504a7 HTTP/1.1" status: 204 len: 168 time: 0.7900255
