Jun 10 18:08:14.322925 np0000179644 devstack@neutron-api.service[103612]: DEBUG neutron_lib.callbacks.manager [None req-6e03ff6d-a993-497c-860d-8a78272daef2 admin admin] Publish callbacks ['neutron.objects.securitygroup.RbacNeutronDbObjectMixin.validate_rbac_policy_change-1624851599069', 'neutron.objects.address_group.RbacNeutronDbObjectMixin.validate_rbac_policy_change-1624851376038', 'neutron.objects.network.RbacNeutronDbObjectMixin.validate_rbac_policy_change-1624851764040', 'neutron.objects.qos.policy.RbacNeutronDbObjectMixin.validate_rbac_policy_change-1624851756312', 'neutron.objects.subnetpool.RbacNeutronDbObjectMixin.validate_rbac_policy_change-1624851759173', 'neutron.objects.address_scope.RbacNeutronDbObjectMixin.validate_rbac_policy_change-1624851759444', 'neutron.plugins.ml2.plugin.External_net_db_mixin._process_ext_policy_create-174572', 'neutron.plugins.ml2.plugin.NeutronDbPluginV2.validate_network_rbac_policy_change-186840'] for rbac-policy (None), before_create {{(pid=103612) _notify_loop /opt/stack/data/venv/lib/python3.12/site-packages/neutron_lib/callbacks/manager.py:184}}
Jun 10 18:08:14.372861 np0000179644 devstack@neutron-api.service[103612]: DEBUG neutron_lib.callbacks.manager [None req-6e03ff6d-a993-497c-860d-8a78272daef2 admin admin] Publish callbacks [] for subnetpool (None), before_response {{(pid=103612) _notify_loop /opt/stack/data/venv/lib/python3.12/site-packages/neutron_lib/callbacks/manager.py:184}}
Jun 10 18:08:14.373540 np0000179644 devstack@neutron-api.service[103612]: [pid: 103612|app: 0|req: 1/3] 199.204.45.157 () {68 vars in 1367 bytes} [Wed Jun 10 18:08:13 2026] POST /networking/v2.0/subnetpools => generated 533 bytes in 517 msecs (HTTP/1.1 201) 4 headers in 162 bytes (1 switches on core 0)
Jun 10 18:08:14.690581 np0000179644 devstack@neutron-api.service[103608]: DEBUG neutron.api.v2.base [None req-f7853931-db24-4853-8d26-63174c6b285f admin admin] Request body: {'subnetpool': {'prefixes': ['fd3c:50cf:df22::/56'], 'default_prefixlen': 64, 'name': 'shared-default-subnetpool-v6', 'is_default': True, 'shared': True}} {{(pid=103608) prepare_request_body /opt/stack/neutron/neutron/api/v2/base.py:727}}
Jun 10 18:08:14.864610 np0000179644 devstack@neutron-api.service[103608]: DEBUG neutron.policy [None req-f7853931-db24-4853-8d26-63174c6b285f admin admin] Loaded default policies from ['neutron'] under neutron.policies entry points {{(pid=103608) register_rules /opt/stack/neutron/neutron/policy.py:65}}
Jun 10 18:08:15.013567 np0000179644 devstack@neutron-api.service[103608]: DEBUG neutron_lib.callbacks.manager [None req-f7853931-db24-4853-8d26-63174c6b285f admin admin] Publish callbacks ['neutron.objects.securitygroup.RbacNeutronDbObjectMixin.validate_rbac_policy_change-1624851602727', 'neutron.objects.address_group.RbacNeutronDbObjectMixin.validate_rbac_policy_change-1624851380923', 'neutron.objects.network.RbacNeutronDbObjectMixin.validate_rbac_policy_change-1624851762018', 'neutron.objects.qos.policy.RbacNeutronDbObjectMixin.validate_rbac_policy_change-1624851764325', 'neutron.objects.subnetpool.RbacNeutronDbObjectMixin.validate_rbac_policy_change-1624851748129', 'neutron.objects.address_scope.RbacNeutronDbObjectMixin.validate_rbac_policy_change-1624851802708', 'neutron.plugins.ml2.plugin.External_net_db_mixin._process_ext_policy_create-510459', 'neutron.plugins.ml2.plugin.NeutronDbPluginV2.validate_network_rbac_policy_change-402823'] for rbac-policy (None), before_create {{(pid=103608) _notify_loop /opt/stack/data/venv/lib/python3.12/site-packages/neutron_lib/callbacks/manager.py:184}}
Jun 10 18:08:15.060062 np0000179644 devstack@neutron-api.service[103608]: DEBUG neutron_lib.callbacks.manager [None req-f7853931-db24-4853-8d26-63174c6b285f admin admin] Publish callbacks [] for subnetpool (None), before_response {{(pid=103608) _notify_loop /opt/stack/data/venv/lib/python3.12/site-packages/neutron_lib/callbacks/manager.py:184}}
Jun 10 18:08:15.060773 np0000179644 devstack@neutron-api.service[103608]: [pid: 103608|app: 0|req: 1/4] 199.204.45.157 () {68 vars in 1367 bytes} [Wed Jun 10 18:08:14 2026] POST /networking/v2.0/subnetpools => generated 543 bytes in 481 msecs (HTTP/1.1 201) 4 headers in 162 bytes (1 switches on core 0)
Jun 10 18:08:15.477368 np0000179644 devstack@neutron-api.service[103609]: DEBUG neutron.api.v2.base [None req-38d21497-3ee4-4ab4-b789-523f553b74c9 admin admin] Request body: {'network': {'admin_state_up': True, 'name': 'private'}} {{(pid=103609) prepare_request_body /opt/stack/neutron/neutron/api/v2/base.py:727}}
Jun 10 18:08:15.511528 np0000179644 devstack@neutron-api.service[103609]: DEBUG neutron.pecan_wsgi.hooks.quota_enforcement [None req-38d21497-3ee4-4ab4-b789-523f553b74c9 admin admin] Made reservation on behalf of 40dd9cd85db54d57b6f6c609a1960ca7 for: {'network': 1} {{(pid=103609) before /opt/stack/neutron/neutron/pecan_wsgi/hooks/quota_enforcement.py:66}}
Jun 10 18:08:15.685504 np0000179644 devstack@neutron-api.service[103609]: DEBUG neutron.policy [None req-38d21497-3ee4-4ab4-b789-523f553b74c9 admin admin] Loaded default policies from ['neutron'] under neutron.policies entry points {{(pid=103609) register_rules /opt/stack/neutron/neutron/policy.py:65}}
Jun 10 18:08:15.782082 np0000179644 devstack@neutron-api.service[103609]: DEBUG neutron_lib.callbacks.manager [None req-38d21497-3ee4-4ab4-b789-523f553b74c9 admin admin] Publish callbacks ['neutron.plugins.ml2.plugin.SecurityGroupDbMixin._ensure_default_security_group_handler-177262'] for network (None), before_create {{(pid=103609) _notify_loop /opt/stack/data/venv/lib/python3.12/site-packages/neutron_lib/callbacks/manager.py:184}}
Jun 10 18:08:15.802870 np0000179644 devstack@neutron-api.service[103609]: DEBUG neutron_lib.callbacks.manager [None req-38d21497-3ee4-4ab4-b789-523f553b74c9 admin admin] Publish callbacks [] for security_group (None), before_create {{(pid=103609) _notify_loop /opt/stack/data/venv/lib/python3.12/site-packages/neutron_lib/callbacks/manager.py:184}}
Jun 10 18:08:15.895678 np0000179644 devstack@neutron-api.service[103609]: DEBUG neutron_lib.callbacks.manager [None req-38d21497-3ee4-4ab4-b789-523f553b74c9 admin admin] Publish callbacks ['neutron.plugins.ml2.drivers.ovn.mech_driver.mech_driver.OVNMechanismDriver._create_security_group_precommit-8353258'] for security_group (683c4979-42db-4eab-a806-89f27ac7f1f6), precommit_create {{(pid=103609) _notify_loop /opt/stack/data/venv/lib/python3.12/site-packages/neutron_lib/callbacks/manager.py:184}}
Jun 10 18:08:15.895896 np0000179644 devstack@neutron-api.service[103609]: DEBUG neutron.db.ovn_revision_numbers_db [None req-38d21497-3ee4-4ab4-b789-523f553b74c9 admin admin] create_initial_revision uuid=683c4979-42db-4eab-a806-89f27ac7f1f6, type=security_groups, rev=-1 {{(pid=103609) create_initial_revision /opt/stack/neutron/neutron/db/ovn_revision_numbers_db.py:98}}
Jun 10 18:08:15.898207 np0000179644 devstack@neutron-api.service[103609]: DEBUG neutron.db.ovn_revision_numbers_db [None req-38d21497-3ee4-4ab4-b789-523f553b74c9 admin admin] create_initial_revision uuid=1b68ffcd-01b0-4127-894a-e8097b28b0f9, type=security_group_rules, rev=-1 {{(pid=103609) create_initial_revision /opt/stack/neutron/neutron/db/ovn_revision_numbers_db.py:98}}
Jun 10 18:08:15.899361 np0000179644 devstack@neutron-api.service[103609]: DEBUG neutron.db.ovn_revision_numbers_db [None req-38d21497-3ee4-4ab4-b789-523f553b74c9 admin admin] create_initial_revision uuid=6089dba7-a202-43ca-8578-7774db9f0666, type=security_group_rules, rev=-1 {{(pid=103609) create_initial_revision /opt/stack/neutron/neutron/db/ovn_revision_numbers_db.py:98}}
Jun 10 18:08:15.900459 np0000179644 devstack@neutron-api.service[103609]: DEBUG neutron.db.ovn_revision_numbers_db [None req-38d21497-3ee4-4ab4-b789-523f553b74c9 admin admin] create_initial_revision uuid=ac59ec2e-bb67-48be-b929-95458ba47f40, type=security_group_rules, rev=-1 {{(pid=103609) create_initial_revision /opt/stack/neutron/neutron/db/ovn_revision_numbers_db.py:98}}
Jun 10 18:08:15.901906 np0000179644 devstack@neutron-api.service[103609]: DEBUG neutron.db.ovn_revision_numbers_db [None req-38d21497-3ee4-4ab4-b789-523f553b74c9 admin admin] create_initial_revision uuid=f09827e4-7004-4a65-befe-aea8a784264e, type=security_group_rules, rev=-1 {{(pid=103609) create_initial_revision /opt/stack/neutron/neutron/db/ovn_revision_numbers_db.py:98}}
Jun 10 18:08:15.909524 np0000179644 devstack@neutron-api.service[103609]: DEBUG neutron_lib.callbacks.manager [None req-38d21497-3ee4-4ab4-b789-523f553b74c9 admin admin] Publish callbacks ['neutron.plugins.ml2.drivers.ovn.mech_driver.mech_driver.OVNMechanismDriver._create_security_group-8353248', 'neutron.plugins.ml2.ovo_rpc._ObjectChangeHandler.handle_event-6649049'] for security_group (683c4979-42db-4eab-a806-89f27ac7f1f6), after_create {{(pid=103609) _notify_loop /opt/stack/data/venv/lib/python3.12/site-packages/neutron_lib/callbacks/manager.py:184}}
Jun 10 18:08:15.910976 np0000179644 devstack@neutron-api.service[103609]: DEBUG ovsdbapp.backend.ovs_idl.transaction [-] Running txn n=1 command(idx=0): PgAddCommand(_result=None, name=pg_683c4979_42db_4eab_a806_89f27ac7f1f6, may_exist=False, columns={'acls': [], 'external_ids': {'neutron:security_group_id': '683c4979-42db-4eab-a806-89f27ac7f1f6'}}) {{(pid=103609) do_commit /opt/stack/data/venv/lib/python3.12/site-packages/ovsdbapp/backend/ovs_idl/transaction.py:89}}
Jun 10 18:08:15.913122 np0000179644 devstack@neutron-api.service[103609]: DEBUG ovsdbapp.backend.ovs_idl.transaction [-] Running txn n=1 command(idx=1): PgAclAddCommand(_result=None, entity=pg_683c4979_42db_4eab_a806_89f27ac7f1f6, direction=to-lport, priority=1002, match=outport == @pg_683c4979_42db_4eab_a806_89f27ac7f1f6 && ip6 && ip6.src == $pg_683c4979_42db_4eab_a806_89f27ac7f1f6_ip6, action=allow-related, log=False, may_exist=True, severity=[], name=[], meter=[], external_ids={'neutron:security_group_rule_id': '1b68ffcd-01b0-4127-894a-e8097b28b0f9'}) {{(pid=103609) do_commit /opt/stack/data/venv/lib/python3.12/site-packages/ovsdbapp/backend/ovs_idl/transaction.py:89}}
Jun 10 18:08:15.913773 np0000179644 devstack@neutron-api.service[103609]: DEBUG ovsdbapp.backend.ovs_idl.transaction [-] Running txn n=1 command(idx=2): PgAclAddCommand(_result=None, entity=pg_683c4979_42db_4eab_a806_89f27ac7f1f6, direction=from-lport, priority=1002, match=inport == @pg_683c4979_42db_4eab_a806_89f27ac7f1f6 && ip6, action=allow-related, log=False, may_exist=True, severity=[], name=[], meter=[], external_ids={'neutron:security_group_rule_id': '6089dba7-a202-43ca-8578-7774db9f0666'}) {{(pid=103609) do_commit /opt/stack/data/venv/lib/python3.12/site-packages/ovsdbapp/backend/ovs_idl/transaction.py:89}}
Jun 10 18:08:15.914304 np0000179644 devstack@neutron-api.service[103609]: DEBUG ovsdbapp.backend.ovs_idl.transaction [-] Running txn n=1 command(idx=3): PgAclAddCommand(_result=None, entity=pg_683c4979_42db_4eab_a806_89f27ac7f1f6, direction=from-lport, priority=1002, match=inport == @pg_683c4979_42db_4eab_a806_89f27ac7f1f6 && ip4, action=allow-related, log=False, may_exist=True, severity=[], name=[], meter=[], external_ids={'neutron:security_group_rule_id': 'ac59ec2e-bb67-48be-b929-95458ba47f40'}) {{(pid=103609) do_commit /opt/stack/data/venv/lib/python3.12/site-packages/ovsdbapp/backend/ovs_idl/transaction.py:89}}
Jun 10 18:08:15.914735 np0000179644 devstack@neutron-api.service[103609]: DEBUG ovsdbapp.backend.ovs_idl.transaction [-] Running txn n=1 command(idx=4): PgAclAddCommand(_result=None, entity=pg_683c4979_42db_4eab_a806_89f27ac7f1f6, direction=to-lport, priority=1002, match=outport == @pg_683c4979_42db_4eab_a806_89f27ac7f1f6 && ip4 && ip4.src == $pg_683c4979_42db_4eab_a806_89f27ac7f1f6_ip4, action=allow-related, log=False, may_exist=True, severity=[], name=[], meter=[], external_ids={'neutron:security_group_rule_id': 'f09827e4-7004-4a65-befe-aea8a784264e'}) {{(pid=103609) do_commit /opt/stack/data/venv/lib/python3.12/site-packages/ovsdbapp/backend/ovs_idl/transaction.py:89}}
Jun 10 18:08:15.921098 np0000179644 devstack@neutron-api.service[103609]: DEBUG neutron.plugins.ml2.drivers.ovn.mech_driver.ovsdb.ovsdb_monitor [-] Hash Ring: Node f70fbe665dc856ba933bcd54ad6b101d (host: np0000179644) handling event "create" for row 4f15cb95-8648-44ea-a4cb-88e1fe201061 (table: ACL) {{(pid=103609) notify /opt/stack/neutron/neutron/plugins/ml2/drivers/ovn/mech_driver/ovsdb/ovsdb_monitor.py:1015}}
Jun 10 18:08:15.923885 np0000179644 devstack@neutron-api.service[103611]: DEBUG neutron.plugins.ml2.drivers.ovn.mech_driver.ovsdb.ovsdb_monitor [-] Hash Ring: Node e3c7ab747554578eb64b12fc3a1cdef5 (host: np0000179644) handling event "create" for row 4f15cb95-8648-44ea-a4cb-88e1fe201061 (table: ACL) {{(pid=103611) notify /opt/stack/neutron/neutron/plugins/ml2/drivers/ovn/mech_driver/ovsdb/ovsdb_monitor.py:1015}}
Jun 10 18:08:15.924284 np0000179644 devstack@neutron-api.service[103611]: DEBUG neutron.plugins.ml2.drivers.ovn.mech_driver.ovsdb.ovsdb_monitor [-] Hash Ring: Node e3c7ab747554578eb64b12fc3a1cdef5 (host: np0000179644) handling event "create" for row 5f313af0-b81a-4268-bc04-0b24905a0657 (table: ACL) {{(pid=103611) notify /opt/stack/neutron/neutron/plugins/ml2/drivers/ovn/mech_driver/ovsdb/ovsdb_monitor.py:1015}}
Jun 10 18:08:15.924481 np0000179644 devstack@neutron-api.service[103611]: DEBUG neutron.plugins.ml2.drivers.ovn.mech_driver.ovsdb.ovsdb_monitor [-] Hash Ring: Node e3c7ab747554578eb64b12fc3a1cdef5 (host: np0000179644) handling event "create" for row 8636dc3e-7f57-4a74-82bb-41d498b83be7 (table: ACL) {{(pid=103611) notify /opt/stack/neutron/neutron/plugins/ml2/drivers/ovn/mech_driver/ovsdb/ovsdb_monitor.py:1015}}
Jun 10 18:08:15.924799 np0000179644 devstack@neutron-api.service[103611]: DEBUG neutron.plugins.ml2.drivers.ovn.mech_driver.ovsdb.ovsdb_monitor [-] Hash Ring: Node e3c7ab747554578eb64b12fc3a1cdef5 (host: np0000179644) handling event "create" for row e111950c-b90c-4c2e-966d-ae302db9c895 (table: ACL) {{(pid=103611) notify /opt/stack/neutron/neutron/plugins/ml2/drivers/ovn/mech_driver/ovsdb/ovsdb_monitor.py:1015}}
Jun 10 18:08:15.925176 np0000179644 devstack@neutron-api.service[103611]: DEBUG neutron.plugins.ml2.drivers.ovn.mech_driver.ovsdb.ovsdb_monitor [-] Hash Ring: Node e3c7ab747554578eb64b12fc3a1cdef5 (host: np0000179644) handling event "create" for row d9cbbc56-6d19-41e7-b09b-be7b029dedd2 (table: Port_Group) {{(pid=103611) notify /opt/stack/neutron/neutron/plugins/ml2/drivers/ovn/mech_driver/ovsdb/ovsdb_monitor.py:1015}}
Jun 10 18:08:15.925991 np0000179644 devstack@neutron-api.service[103612]: DEBUG neutron.plugins.ml2.drivers.ovn.mech_driver.ovsdb.ovsdb_monitor [-] Hash Ring: Node 0ce4c52c14215c02a2350307cb65684b (host: np0000179644) handling event "create" for row e111950c-b90c-4c2e-966d-ae302db9c895 (table: ACL) {{(pid=103612) notify /opt/stack/neutron/neutron/plugins/ml2/drivers/ovn/mech_driver/ovsdb/ovsdb_monitor.py:1015}}
Jun 10 18:08:15.926471 np0000179644 devstack@neutron-api.service[103612]: DEBUG neutron.plugins.ml2.drivers.ovn.mech_driver.ovsdb.ovsdb_monitor [-] Hash Ring: Node 0ce4c52c14215c02a2350307cb65684b (host: np0000179644) handling event "create" for row d9cbbc56-6d19-41e7-b09b-be7b029dedd2 (table: Port_Group) {{(pid=103612) notify /opt/stack/neutron/neutron/plugins/ml2/drivers/ovn/mech_driver/ovsdb/ovsdb_monitor.py:1015}}
Jun 10 18:08:15.948266 np0000179644 devstack@neutron-api.service[103609]: INFO neutron.db.ovn_revision_numbers_db [None req-38d21497-3ee4-4ab4-b789-523f553b74c9 admin admin] Successfully bumped revision number for resource 683c4979-42db-4eab-a806-89f27ac7f1f6 (type: security_groups) to 1
Jun 10 18:08:15.966029 np0000179644 devstack@neutron-api.service[103609]: INFO neutron.db.ovn_revision_numbers_db [None req-38d21497-3ee4-4ab4-b789-523f553b74c9 admin admin] Successfully bumped revision number for resource 1b68ffcd-01b0-4127-894a-e8097b28b0f9 (type: security_group_rules) to 0
Jun 10 18:08:15.978407 np0000179644 devstack@neutron-api.service[103609]: INFO neutron.db.ovn_revision_numbers_db [None req-38d21497-3ee4-4ab4-b789-523f553b74c9 admin admin] Successfully bumped revision number for resource 6089dba7-a202-43ca-8578-7774db9f0666 (type: security_group_rules) to 0
Jun 10 18:08:15.991448 np0000179644 devstack@neutron-api.service[103609]: INFO neutron.db.ovn_revision_numbers_db [None req-38d21497-3ee4-4ab4-b789-523f553b74c9 admin admin] Successfully bumped revision number for resource ac59ec2e-bb67-48be-b929-95458ba47f40 (type: security_group_rules) to 0
Jun 10 18:08:16.004404 np0000179644 devstack@neutron-api.service[103609]: INFO neutron.db.ovn_revision_numbers_db [None req-38d21497-3ee4-4ab4-b789-523f553b74c9 admin admin] Successfully bumped revision number for resource f09827e4-7004-4a65-befe-aea8a784264e (type: security_group_rules) to 0
Jun 10 18:08:16.029398 np0000179644 devstack@neutron-api.service[103609]: DEBUG neutron.api.rpc.handlers.resources_rpc [None req-38d21497-3ee4-4ab4-b789-523f553b74c9 admin admin] Pushing event updated for resources: {'SecurityGroup': ['ID=683c4979-42db-4eab-a806-89f27ac7f1f6,revision_number=1']} {{(pid=103609) push /opt/stack/neutron/neutron/api/rpc/handlers/resources_rpc.py:237}}
Jun 10 18:08:16.037804 np0000179644 devstack@neutron-api.service[103609]: DEBUG ovsdbapp.backend.ovs_idl.transaction [-] Running txn n=1 command(idx=0): CheckLivenessCommand(_result=None) {{(pid=103609) do_commit /opt/stack/data/venv/lib/python3.12/site-packages/ovsdbapp/backend/ovs_idl/transaction.py:89}}
Jun 10 18:08:16.081326 np0000179644 devstack@neutron-api.service[103609]: DEBUG neutron.plugins.ml2.drivers.ovn.mech_driver.ovsdb.ovsdb_monitor [-] Hash Ring: Node f70fbe665dc856ba933bcd54ad6b101d (host: np0000179644) handling event "update" for row 7ab792cf-53e5-46ac-a099-0d74564ac49e (table: NB_Global) {{(pid=103609) notify /opt/stack/neutron/neutron/plugins/ml2/drivers/ovn/mech_driver/ovsdb/ovsdb_monitor.py:1015}}
Jun 10 18:08:16.082218 np0000179644 devstack@neutron-api.service[103611]: DEBUG neutron.plugins.ml2.drivers.ovn.mech_driver.ovsdb.ovsdb_monitor [-] Hash Ring: Node e3c7ab747554578eb64b12fc3a1cdef5 (host: np0000179644) handling event "update" for row 7ab792cf-53e5-46ac-a099-0d74564ac49e (table: NB_Global) {{(pid=103611) notify /opt/stack/neutron/neutron/plugins/ml2/drivers/ovn/mech_driver/ovsdb/ovsdb_monitor.py:1015}}
Jun 10 18:08:16.083560 np0000179644 devstack@neutron-api.service[103611]: DEBUG neutron.plugins.ml2.drivers.ovn.mech_driver.ovsdb.ovsdb_monitor [-] Hash Ring: Node e3c7ab747554578eb64b12fc3a1cdef5 (host: np0000179644) handling event "update" for row 7ab792cf-53e5-46ac-a099-0d74564ac49e (table: NB_Global) {{(pid=103611) notify /opt/stack/neutron/neutron/plugins/ml2/drivers/ovn/mech_driver/ovsdb/ovsdb_monitor.py:1015}}
Jun 10 18:08:16.086054 np0000179644 devstack@neutron-api.service[103611]: DEBUG neutron.plugins.ml2.drivers.ovn.mech_driver.ovsdb.ovsdb_monitor [-] Hash Ring: Node e3c7ab747554578eb64b12fc3a1cdef5 (host: np0000179644) handling event "update" for row 7ab792cf-53e5-46ac-a099-0d74564ac49e (table: NB_Global) {{(pid=103611) notify /opt/stack/neutron/neutron/plugins/ml2/drivers/ovn/mech_driver/ovsdb/ovsdb_monitor.py:1015}}
Jun 10 18:08:16.087163 np0000179644 devstack@neutron-api.service[103609]: DEBUG neutron.api.rpc.callbacks.version_manager [None req-38d21497-3ee4-4ab4-b789-523f553b74c9 admin admin] Tracked resource versions report:
Jun 10 18:08:16.087163 np0000179644 devstack@neutron-api.service[103609]: pushed versions:
Jun 10 18:08:16.087163 np0000179644 devstack@neutron-api.service[103609]: { 'AddressGroup': {'1.2'},
Jun 10 18:08:16.087163 np0000179644 devstack@neutron-api.service[103609]: 'Agent': {'1.1'},
Jun 10 18:08:16.087163 np0000179644 devstack@neutron-api.service[103609]: 'ConntrackHelper': {'1.0'},
Jun 10 18:08:16.087163 np0000179644 devstack@neutron-api.service[103609]: 'LocalIPAssociation': {'1.0'},
Jun 10 18:08:16.087163 np0000179644 devstack@neutron-api.service[103609]: 'Log': {'1.0'},
Jun 10 18:08:16.087163 np0000179644 devstack@neutron-api.service[103609]: 'NDPProxy': {'1.0'},
Jun 10 18:08:16.087163 np0000179644 devstack@neutron-api.service[103609]: 'Network': {'1.3'},
Jun 10 18:08:16.087163 np0000179644 devstack@neutron-api.service[103609]: 'Port': {'1.11'},
Jun 10 18:08:16.087163 np0000179644 devstack@neutron-api.service[103609]: 'PortForwarding': {'1.3'},
Jun 10 18:08:16.087163 np0000179644 devstack@neutron-api.service[103609]: 'QosPolicy': {'1.10'},
Jun 10 18:08:16.087163 np0000179644 devstack@neutron-api.service[103609]: 'SecurityGroup': {'1.6'},
Jun 10 18:08:16.087163 np0000179644 devstack@neutron-api.service[103609]: 'SecurityGroupRule': {'1.3'},
Jun 10 18:08:16.087163 np0000179644 devstack@neutron-api.service[103609]: 'SubPort': {'1.0'},
Jun 10 18:08:16.087163 np0000179644 devstack@neutron-api.service[103609]: 'Subnet': {'1.2'},
Jun 10 18:08:16.087163 np0000179644 devstack@neutron-api.service[103609]: 'Trunk': {'1.1'}}
Jun 10 18:08:16.087163 np0000179644 devstack@neutron-api.service[103609]: consumer versions:
Jun 10 18:08:16.087163 np0000179644 devstack@neutron-api.service[103609]: {}
Jun 10 18:08:16.087163 np0000179644 devstack@neutron-api.service[103609]: {{(pid=103609) report /opt/stack/neutron/neutron/api/rpc/callbacks/version_manager.py:183}}
Jun 10 18:08:16.088810 np0000179644 devstack@neutron-api.service[103612]: DEBUG neutron.plugins.ml2.drivers.ovn.mech_driver.ovsdb.ovsdb_monitor [-] ChassisAgentWriteEvent : Matched Chassis_Private, update, None None {{(pid=103612) matches /opt/stack/neutron/neutron/plugins/ml2/drivers/ovn/mech_driver/ovsdb/ovsdb_monitor.py:64}}
Jun 10 18:08:16.089082 np0000179644 devstack@neutron-api.service[103611]: DEBUG neutron.plugins.ml2.drivers.ovn.mech_driver.ovsdb.ovsdb_monitor [-] ChassisAgentWriteEvent : Matched Chassis_Private, update, None None {{(pid=103611) matches /opt/stack/neutron/neutron/plugins/ml2/drivers/ovn/mech_driver/ovsdb/ovsdb_monitor.py:64}}
Jun 10 18:08:16.089240 np0000179644 devstack@neutron-api.service[103612]: DEBUG neutron.plugins.ml2.drivers.ovn.mech_driver.ovsdb.ovsdb_monitor [-] Hash Ring: Node 0ce4c52c14215c02a2350307cb65684b (host: np0000179644) handling event "update" for row 397efe7d-d731-4e1d-b89e-a4b2831cee9f (table: Chassis_Private) {{(pid=103612) notify /opt/stack/neutron/neutron/plugins/ml2/drivers/ovn/mech_driver/ovsdb/ovsdb_monitor.py:1015}}
Jun 10 18:08:16.089466 np0000179644 devstack@neutron-api.service[103608]: DEBUG neutron.plugins.ml2.drivers.ovn.mech_driver.ovsdb.ovsdb_monitor [-] ChassisAgentWriteEvent : Matched Chassis_Private, update, None None {{(pid=103608) matches /opt/stack/neutron/neutron/plugins/ml2/drivers/ovn/mech_driver/ovsdb/ovsdb_monitor.py:64}}
Jun 10 18:08:16.090106 np0000179644 devstack@neutron-api.service[103611]: DEBUG neutron.plugins.ml2.drivers.ovn.mech_driver.ovsdb.ovsdb_monitor [-] Hash Ring: Node e3c7ab747554578eb64b12fc3a1cdef5 (host: np0000179644) handling event "update" for row 7ab792cf-53e5-46ac-a099-0d74564ac49e (table: NB_Global) {{(pid=103611) notify /opt/stack/neutron/neutron/plugins/ml2/drivers/ovn/mech_driver/ovsdb/ovsdb_monitor.py:1015}}
Jun 10 18:08:16.091979 np0000179644 devstack@neutron-api.service[103612]: DEBUG neutron.plugins.ml2.drivers.ovn.mech_driver.ovsdb.ovsdb_monitor [-] ChassisOVNAgentWriteEvent : Matched Chassis_Private, update, None None {{(pid=103612) matches /opt/stack/neutron/neutron/plugins/ml2/drivers/ovn/mech_driver/ovsdb/ovsdb_monitor.py:64}}
Jun 10 18:08:16.092196 np0000179644 devstack@neutron-api.service[103608]: DEBUG neutron.plugins.ml2.drivers.ovn.mech_driver.ovsdb.ovsdb_monitor [-] ChassisOVNAgentWriteEvent : Matched Chassis_Private, update, None None {{(pid=103608) matches /opt/stack/neutron/neutron/plugins/ml2/drivers/ovn/mech_driver/ovsdb/ovsdb_monitor.py:64}}
Jun 10 18:08:16.092350 np0000179644 devstack@neutron-api.service[103612]: DEBUG neutron.plugins.ml2.drivers.ovn.mech_driver.ovsdb.ovsdb_monitor [-] Hash Ring: Node 0ce4c52c14215c02a2350307cb65684b (host: np0000179644) handling event "update" for row 397efe7d-d731-4e1d-b89e-a4b2831cee9f (table: Chassis_Private) {{(pid=103612) notify /opt/stack/neutron/neutron/plugins/ml2/drivers/ovn/mech_driver/ovsdb/ovsdb_monitor.py:1015}}
Jun 10 18:08:16.092838 np0000179644 devstack@neutron-api.service[103611]: DEBUG neutron.common.ovn.hash_ring_manager [-] Allow caching, nodes 4>=4 {{(pid=103611) _wait_startup_before_caching /opt/stack/neutron/neutron/common/ovn/hash_ring_manager.py:65}}
Jun 10 18:08:16.093003 np0000179644 devstack@neutron-api.service[103611]: DEBUG neutron.plugins.ml2.drivers.ovn.mech_driver.ovsdb.ovsdb_monitor [-] Hash Ring: Node e3c7ab747554578eb64b12fc3a1cdef5 (host: np0000179644) handling event "update" for row 397efe7d-d731-4e1d-b89e-a4b2831cee9f (table: Chassis_Private) {{(pid=103611) notify /opt/stack/neutron/neutron/plugins/ml2/drivers/ovn/mech_driver/ovsdb/ovsdb_monitor.py:1015}}
Jun 10 18:08:16.093156 np0000179644 devstack@neutron-api.service[103609]: DEBUG neutron.plugins.ml2.drivers.ovn.mech_driver.ovsdb.ovsdb_monitor [-] Hash Ring: Node f70fbe665dc856ba933bcd54ad6b101d (host: np0000179644) handling event "update" for row 7ab792cf-53e5-46ac-a099-0d74564ac49e (table: NB_Global) {{(pid=103609) notify /opt/stack/neutron/neutron/plugins/ml2/drivers/ovn/mech_driver/ovsdb/ovsdb_monitor.py:1015}}
Jun 10 18:08:16.094605 np0000179644 devstack@neutron-api.service[103611]: DEBUG neutron.plugins.ml2.drivers.ovn.mech_driver.ovsdb.ovsdb_monitor [-] ChassisOVNAgentWriteEvent : Matched Chassis_Private, update, None None {{(pid=103611) matches /opt/stack/neutron/neutron/plugins/ml2/drivers/ovn/mech_driver/ovsdb/ovsdb_monitor.py:64}}
Jun 10 18:08:16.094833 np0000179644 devstack@neutron-api.service[103609]: DEBUG neutron.plugins.ml2.drivers.ovn.mech_driver.ovsdb.ovsdb_monitor [-] ChassisAgentWriteEvent : Matched Chassis_Private, update, None None {{(pid=103609) matches /opt/stack/neutron/neutron/plugins/ml2/drivers/ovn/mech_driver/ovsdb/ovsdb_monitor.py:64}}
Jun 10 18:08:16.094935 np0000179644 devstack@neutron-api.service[103611]: DEBUG neutron.plugins.ml2.drivers.ovn.mech_driver.ovsdb.ovsdb_monitor [-] Hash Ring: Node e3c7ab747554578eb64b12fc3a1cdef5 (host: np0000179644) handling event "update" for row 397efe7d-d731-4e1d-b89e-a4b2831cee9f (table: Chassis_Private) {{(pid=103611) notify /opt/stack/neutron/neutron/plugins/ml2/drivers/ovn/mech_driver/ovsdb/ovsdb_monitor.py:1015}}
Jun 10 18:08:16.096236 np0000179644 devstack@neutron-api.service[103609]: DEBUG neutron.plugins.ml2.drivers.ovn.mech_driver.ovsdb.ovsdb_monitor [-] Hash Ring: Node f70fbe665dc856ba933bcd54ad6b101d (host: np0000179644) handling event "update" for row 7ab792cf-53e5-46ac-a099-0d74564ac49e (table: NB_Global) {{(pid=103609) notify /opt/stack/neutron/neutron/plugins/ml2/drivers/ovn/mech_driver/ovsdb/ovsdb_monitor.py:1015}}
Jun 10 18:08:16.098256 np0000179644 devstack@neutron-api.service[103609]: DEBUG neutron.plugins.ml2.drivers.ovn.mech_driver.ovsdb.ovsdb_monitor [-] ChassisOVNAgentWriteEvent : Matched Chassis_Private, update, None None {{(pid=103609) matches /opt/stack/neutron/neutron/plugins/ml2/drivers/ovn/mech_driver/ovsdb/ovsdb_monitor.py:64}}
Jun 10 18:08:16.100862 np0000179644 devstack@neutron-api.service[103609]: DEBUG neutron.plugins.ml2.drivers.ovn.mech_driver.ovsdb.ovsdb_monitor [-] Hash Ring: Node f70fbe665dc856ba933bcd54ad6b101d (host: np0000179644) handling event "update" for row 7ab792cf-53e5-46ac-a099-0d74564ac49e (table: NB_Global) {{(pid=103609) notify /opt/stack/neutron/neutron/plugins/ml2/drivers/ovn/mech_driver/ovsdb/ovsdb_monitor.py:1015}}
Jun 10 18:08:16.153207 np0000179644 devstack@neutron-api.service[103609]: DEBUG neutron.plugins.ml2.drivers.helpers [None req-38d21497-3ee4-4ab4-b789-523f553b74c9 admin admin] geneve segment allocate from pool success with {'geneve_vni': 11991} {{(pid=103609) allocate_partially_specified_segment /opt/stack/neutron/neutron/plugins/ml2/drivers/helpers.py:142}}
Jun 10 18:08:16.166333 np0000179644 devstack@neutron-api.service[103609]: DEBUG neutron_lib.callbacks.manager [None req-38d21497-3ee4-4ab4-b789-523f553b74c9 admin admin] Publish callbacks ['neutron.services.segments.db._add_segment_host_mapping_for_segment-8141400255278', 'neutron.plugins.ml2.plugin.Ml2Plugin._handle_segment_change-444660'] for segment (7cbfcf84-d2e7-418e-ab5b-830b5b17d724), precommit_create {{(pid=103609) _notify_loop /opt/stack/data/venv/lib/python3.12/site-packages/neutron_lib/callbacks/manager.py:184}}
Jun 10 18:08:16.166579 np0000179644 devstack@neutron-api.service[103609]: INFO neutron.db.segments_db [None req-38d21497-3ee4-4ab4-b789-523f553b74c9 admin admin] Added segment 7cbfcf84-d2e7-418e-ab5b-830b5b17d724 of type geneve for network 9c007383-4599-4f3f-a2bf-36d08e3eb9a3
Jun 10 18:08:16.213446 np0000179644 devstack@neutron-api.service[103609]: DEBUG neutron_lib.callbacks.manager [None req-38d21497-3ee4-4ab4-b789-523f553b74c9 admin admin] Publish callbacks ['neutron.services.auto_allocate.db._ensure_external_network_default_value_callback-8141398924922'] for network (9c007383-4599-4f3f-a2bf-36d08e3eb9a3), precommit_create {{(pid=103609) _notify_loop /opt/stack/data/venv/lib/python3.12/site-packages/neutron_lib/callbacks/manager.py:184}}
Jun 10 18:08:16.232532 np0000179644 devstack@neutron-api.service[103609]: DEBUG neutron.plugins.ml2.drivers.ovn.mech_driver.mech_driver [None req-38d21497-3ee4-4ab4-b789-523f553b74c9 admin admin] Validating network segment with type geneve, segmentation ID 11991, physical network None {{(pid=103609) _validate_network_segments /opt/stack/neutron/neutron/plugins/ml2/drivers/ovn/mech_driver/mech_driver.py:643}}
Jun 10 18:08:16.232730 np0000179644 devstack@neutron-api.service[103609]: DEBUG neutron.db.ovn_revision_numbers_db [None req-38d21497-3ee4-4ab4-b789-523f553b74c9 admin admin] create_initial_revision uuid=9c007383-4599-4f3f-a2bf-36d08e3eb9a3, type=networks, rev=-1 {{(pid=103609) create_initial_revision /opt/stack/neutron/neutron/db/ovn_revision_numbers_db.py:98}}
Jun 10 18:08:16.252564 np0000179644 devstack@neutron-api.service[103609]: DEBUG neutron_lib.callbacks.manager [None req-38d21497-3ee4-4ab4-b789-523f553b74c9 admin admin] Publish callbacks ['neutron.plugins.ml2.ovo_rpc._ObjectChangeHandler.handle_event-6649326'] for network (9c007383-4599-4f3f-a2bf-36d08e3eb9a3), after_create {{(pid=103609) _notify_loop /opt/stack/data/venv/lib/python3.12/site-packages/neutron_lib/callbacks/manager.py:184}}
Jun 10 18:08:16.303608 np0000179644 devstack@neutron-api.service[103609]: DEBUG neutron.api.rpc.handlers.resources_rpc [None req-38d21497-3ee4-4ab4-b789-523f553b74c9 admin admin] Pushing event updated for resources: {'Network': ['ID=9c007383-4599-4f3f-a2bf-36d08e3eb9a3,revision_number=1']} {{(pid=103609) push /opt/stack/neutron/neutron/api/rpc/handlers/resources_rpc.py:237}}
Jun 10 18:08:16.315033 np0000179644 devstack@neutron-api.service[103609]: DEBUG ovsdbapp.backend.ovs_idl.transaction [-] Running txn n=1 command(idx=0): AddNetworkCommand(_result=None, network_uuid=9c007383-4599-4f3f-a2bf-36d08e3eb9a3, may_exist=True, columns={'external_ids': {'neutron:network_name': 'private', 'neutron:mtu': '1372', 'neutron:revision_number': '1', 'neutron:availability_zone_hints': '', 'neutron:provnet-network-type': 'geneve'}, 'other_config': {'mcast_snoop': 'false', 'mcast_flood_unregistered': 'false', 'vlan-passthru': 'false'}}) {{(pid=103609) do_commit /opt/stack/data/venv/lib/python3.12/site-packages/ovsdbapp/backend/ovs_idl/transaction.py:89}}
Jun 10 18:08:16.315897 np0000179644 devstack@neutron-api.service[103609]: DEBUG neutron.common.ovn.utils [-] OVS persist_uuid supported=True {{(pid=103609) ovs_persist_uuid_supported /opt/stack/neutron/neutron/common/ovn/utils.py:1544}}
Jun 10 18:08:16.320542 np0000179644 devstack@neutron-api.service[103611]: DEBUG neutron.plugins.ml2.drivers.ovn.mech_driver.ovsdb.ovsdb_monitor [-] Hash Ring: Node e3c7ab747554578eb64b12fc3a1cdef5 (host: np0000179644) handling event "create" for row 9c007383-4599-4f3f-a2bf-36d08e3eb9a3 (table: Logical_Switch) {{(pid=103611) notify /opt/stack/neutron/neutron/plugins/ml2/drivers/ovn/mech_driver/ovsdb/ovsdb_monitor.py:1015}}
Jun 10 18:08:16.323513 np0000179644 devstack@neutron-api.service[103608]: DEBUG neutron.plugins.ml2.drivers.ovn.mech_driver.ovsdb.ovsdb_monitor [-] Hash Ring: Node 8f034e7426ce5d378dfb182f2651064e (host: np0000179644) handling event "create" for row 9c007383-4599-4f3f-a2bf-36d08e3eb9a3 (table: Logical_Switch) {{(pid=103608) notify /opt/stack/neutron/neutron/plugins/ml2/drivers/ovn/mech_driver/ovsdb/ovsdb_monitor.py:1015}}
Jun 10 18:08:16.326053 np0000179644 devstack@neutron-api.service[103611]: DEBUG neutron.plugins.ml2.drivers.ovn.mech_driver.ovsdb.ovsdb_monitor [-] Hash Ring: Node e3c7ab747554578eb64b12fc3a1cdef5 (host: np0000179644) handling event "create" for row 6709fb1f-3470-4877-877a-82f475d1387b (table: Datapath_Binding) {{(pid=103611) notify /opt/stack/neutron/neutron/plugins/ml2/drivers/ovn/mech_driver/ovsdb/ovsdb_monitor.py:1015}}
Jun 10 18:08:16.333693 np0000179644 devstack@neutron-api.service[103609]: DEBUG neutron.plugins.ml2.drivers.ovn.mech_driver.ovsdb.ovsdb_monitor [-] Hash Ring: Node f70fbe665dc856ba933bcd54ad6b101d (host: np0000179644) handling event "create" for row 6709fb1f-3470-4877-877a-82f475d1387b (table: Datapath_Binding) {{(pid=103609) notify /opt/stack/neutron/neutron/plugins/ml2/drivers/ovn/mech_driver/ovsdb/ovsdb_monitor.py:1015}}
Jun 10 18:08:16.378516 np0000179644 devstack@neutron-api.service[103609]: INFO neutron.db.ovn_revision_numbers_db [None req-38d21497-3ee4-4ab4-b789-523f553b74c9 admin admin] Successfully bumped revision number for resource 9c007383-4599-4f3f-a2bf-36d08e3eb9a3 (type: networks) to 1
Jun 10 18:08:16.448622 np0000179644 devstack@neutron-api.service[103609]: DEBUG neutron_lib.callbacks.manager [None req-38d21497-3ee4-4ab4-b789-523f553b74c9 admin admin] Publish callbacks ['neutron.plugins.ml2.plugin.SecurityGroupDbMixin._ensure_default_security_group_handler-177262'] for port (None), before_create {{(pid=103609) _notify_loop /opt/stack/data/venv/lib/python3.12/site-packages/neutron_lib/callbacks/manager.py:184}}
Jun 10 18:08:16.726251 np0000179644 devstack@neutron-api.service[103609]: DEBUG neutron_lib.callbacks.manager [None req-38d21497-3ee4-4ab4-b789-523f553b74c9 admin admin] Publish callbacks ['neutron.plugins.ml2.drivers.ovn.mech_driver.mech_driver.OVNMechanismDriver._validate_allowed_address_pairs-8353170'] for allowed_address_pair (199752d0-176e-4715-977b-9da1d6413dd8), before_create {{(pid=103609) _notify_loop /opt/stack/data/venv/lib/python3.12/site-packages/neutron_lib/callbacks/manager.py:184}}
Jun 10 18:08:16.727035 np0000179644 devstack@neutron-api.service[103609]: DEBUG neutron_lib.callbacks.manager [None req-38d21497-3ee4-4ab4-b789-523f553b74c9 admin admin] Publish callbacks [] for port (199752d0-176e-4715-977b-9da1d6413dd8), precommit_create {{(pid=103609) _notify_loop /opt/stack/data/venv/lib/python3.12/site-packages/neutron_lib/callbacks/manager.py:184}}
Jun 10 18:08:16.727035 np0000179644 devstack@neutron-api.service[103609]: DEBUG neutron.plugins.ml2.drivers.ovn.mech_driver.mech_driver [None req-38d21497-3ee4-4ab4-b789-523f553b74c9 admin admin] No provisioning block for port 199752d0-176e-4715-977b-9da1d6413dd8 since it does not have a host {{(pid=103609) _is_port_provisioning_required /opt/stack/neutron/neutron/plugins/ml2/drivers/ovn/mech_driver/mech_driver.py:896}}
Jun 10 18:08:16.727035 np0000179644 devstack@neutron-api.service[103609]: DEBUG neutron.db.ovn_revision_numbers_db [None req-38d21497-3ee4-4ab4-b789-523f553b74c9 admin admin] create_initial_revision uuid=199752d0-176e-4715-977b-9da1d6413dd8, type=ports, rev=-1 {{(pid=103609) create_initial_revision /opt/stack/neutron/neutron/db/ovn_revision_numbers_db.py:98}}
Jun 10 18:08:16.788405 np0000179644 devstack@neutron-api.service[103609]: DEBUG neutron_lib.callbacks.manager [None req-38d21497-3ee4-4ab4-b789-523f553b74c9 admin admin] Publish callbacks ['neutron.plugins.ml2.ovo_rpc._ObjectChangeHandler.handle_event-6649319'] for port (199752d0-176e-4715-977b-9da1d6413dd8), after_create {{(pid=103609) _notify_loop /opt/stack/data/venv/lib/python3.12/site-packages/neutron_lib/callbacks/manager.py:184}}
Jun 10 18:08:16.848205 np0000179644 devstack@neutron-api.service[103609]: DEBUG neutron.api.rpc.handlers.resources_rpc [None req-38d21497-3ee4-4ab4-b789-523f553b74c9 admin admin] Pushing event updated for resources: {'Port': ['ID=199752d0-176e-4715-977b-9da1d6413dd8,revision_number=1']} {{(pid=103609) push /opt/stack/neutron/neutron/api/rpc/handlers/resources_rpc.py:237}}
Jun 10 18:08:16.888530 np0000179644 devstack@neutron-api.service[103609]: DEBUG neutron.plugins.ml2.drivers.ovn.mech_driver.ovsdb.commands [None req-38d21497-3ee4-4ab4-b789-523f553b74c9 admin admin] Converting tag [] to a tag_request {{(pid=103609) _tag_column_to_tag_request /opt/stack/neutron/neutron/plugins/ml2/drivers/ovn/mech_driver/ovsdb/commands.py:205}}
Jun 10 18:08:16.889957 np0000179644 devstack@neutron-api.service[103609]: DEBUG ovsdbapp.backend.ovs_idl.transaction [-] Running txn n=1 command(idx=0): AddLSwitchPortCommand(_result=None, lport=199752d0-176e-4715-977b-9da1d6413dd8, lswitch=neutron-9c007383-4599-4f3f-a2bf-36d08e3eb9a3, may_exist=True, network_uuid=9c007383-4599-4f3f-a2bf-36d08e3eb9a3, columns={'addresses': ['fa:16:3e:73:5a:1a'], 'external_ids': {'neutron:port_name': '', 'neutron:device_id': 'ovnmeta-9c007383-4599-4f3f-a2bf-36d08e3eb9a3', 'neutron:project_id': '40dd9cd85db54d57b6f6c609a1960ca7', 'neutron:cidrs': '', 'neutron:device_owner': 'network:distributed', 'neutron:subnet_pool_addr_scope4': '', 'neutron:subnet_pool_addr_scope6': '', 'neutron:network_name': 'neutron-9c007383-4599-4f3f-a2bf-36d08e3eb9a3', 'neutron:security_group_ids': '', 'neutron:revision_number': '1', 'neutron:vnic_type': 'normal', 'neutron:port_capabilities': '', 'neutron:mtu': '1372'}, 'parent_name': [], 'enabled': True, 'options': {}, 'type': 'localport', 'port_security': [], 'dhcpv4_options': [], 'dhcpv6_options': [], 'tag_request': []}) {{(pid=103609) do_commit /opt/stack/data/venv/lib/python3.12/site-packages/ovsdbapp/backend/ovs_idl/transaction.py:89}}
Jun 10 18:08:16.890757 np0000179644 devstack@neutron-api.service[103609]: DEBUG ovsdbapp.backend.ovs_idl.transaction [-] Running txn n=1 command(idx=1): QoSDelCommand(_result=None, switch=neutron-9c007383-4599-4f3f-a2bf-36d08e3eb9a3, conditions=[('direction', '=', 'to-lport'), ('priority', '=', 2002), ('match', '=', 'outport == "199752d0-176e-4715-977b-9da1d6413dd8"')], if_exists=True) {{(pid=103609) do_commit /opt/stack/data/venv/lib/python3.12/site-packages/ovsdbapp/backend/ovs_idl/transaction.py:89}}
Jun 10 18:08:16.891045 np0000179644 devstack@neutron-api.service[103609]: DEBUG ovsdbapp.backend.ovs_idl.transaction [-] Running txn n=1 command(idx=2): QoSDelCommand(_result=None, switch=neutron-9c007383-4599-4f3f-a2bf-36d08e3eb9a3, conditions=[('direction', '=', 'from-lport'), ('priority', '=', 2002), ('match', '=', 'inport == "199752d0-176e-4715-977b-9da1d6413dd8"')], if_exists=True) {{(pid=103609) do_commit /opt/stack/data/venv/lib/python3.12/site-packages/ovsdbapp/backend/ovs_idl/transaction.py:89}}
Jun 10 18:08:16.896658 np0000179644 devstack@neutron-api.service[103611]: DEBUG neutron.plugins.ml2.drivers.ovn.mech_driver.ovsdb.ovsdb_monitor [-] Hash Ring: Node e3c7ab747554578eb64b12fc3a1cdef5 (host: np0000179644) handling event "update" for row 9c007383-4599-4f3f-a2bf-36d08e3eb9a3 (table: Logical_Switch) {{(pid=103611) notify /opt/stack/neutron/neutron/plugins/ml2/drivers/ovn/mech_driver/ovsdb/ovsdb_monitor.py:1015}}
Jun 10 18:08:16.896940 np0000179644 devstack@neutron-api.service[103608]: DEBUG neutron.plugins.ml2.drivers.ovn.mech_driver.ovsdb.ovsdb_monitor [-] Hash Ring: Node 8f034e7426ce5d378dfb182f2651064e (host: np0000179644) handling event "update" for row 9c007383-4599-4f3f-a2bf-36d08e3eb9a3 (table: Logical_Switch) {{(pid=103608) notify /opt/stack/neutron/neutron/plugins/ml2/drivers/ovn/mech_driver/ovsdb/ovsdb_monitor.py:1015}}
Jun 10 18:08:16.897038 np0000179644 devstack@neutron-api.service[103611]: DEBUG neutron.plugins.ml2.drivers.ovn.mech_driver.ovsdb.ovsdb_monitor [-] Hash Ring: Node e3c7ab747554578eb64b12fc3a1cdef5 (host: np0000179644) handling event "create" for row 67edafce-f2f8-45a4-90e4-2d7afcac1304 (table: Logical_Switch_Port) {{(pid=103611) notify /opt/stack/neutron/neutron/plugins/ml2/drivers/ovn/mech_driver/ovsdb/ovsdb_monitor.py:1015}}
Jun 10 18:08:16.897146 np0000179644 devstack@neutron-api.service[103612]: DEBUG neutron.plugins.ml2.drivers.ovn.mech_driver.ovsdb.ovsdb_monitor [-] Hash Ring: Node 0ce4c52c14215c02a2350307cb65684b (host: np0000179644) handling event "create" for row 67edafce-f2f8-45a4-90e4-2d7afcac1304 (table: Logical_Switch_Port) {{(pid=103612) notify /opt/stack/neutron/neutron/plugins/ml2/drivers/ovn/mech_driver/ovsdb/ovsdb_monitor.py:1015}}
Jun 10 18:08:16.899251 np0000179644 devstack@neutron-api.service[103612]: DEBUG ovsdbapp.backend.ovs_idl.event [-] Matched CREATE: LogicalSwitchPortCreateEvent(events=('create',), table='Logical_Switch_Port', conditions=[], old_conditions=None), priority=20 to row=Logical_Switch_Port(uuid=67edafce-f2f8-45a4-90e4-2d7afcac1304, addresses=['fa:16:3e:73:5a:1a'], dhcpv4_options=[], dhcpv6_options=[], dynamic_addresses=[], enabled=True, external_ids={'neutron:cidrs': '', 'neutron:device_id': 'ovnmeta-9c007383-4599-4f3f-a2bf-36d08e3eb9a3', 'neutron:device_owner': 'network:distributed', 'neutron:mtu': '1372', 'neutron:network_name': 'neutron-9c007383-4599-4f3f-a2bf-36d08e3eb9a3', 'neutron:port_capabilities': '', 'neutron:port_name': '', 'neutron:project_id': '40dd9cd85db54d57b6f6c609a1960ca7', 'neutron:revision_number': '1', 'neutron:security_group_ids': '', 'neutron:subnet_pool_addr_scope4': '', 'neutron:subnet_pool_addr_scope6': '', 'neutron:vnic_type': 'normal'}, ha_chassis_group=[], mirror_rules=[], name='199752d0-176e-4715-977b-9da1d6413dd8', options={}, parent_name=[], port_security=[], tag=[], tag_request=[], type='localport', up=[]) old= {{(pid=103612) matches /opt/stack/data/venv/lib/python3.12/site-packages/ovsdbapp/backend/ovs_idl/event.py:55}}
Jun 10 18:08:16.899363 np0000179644 devstack@neutron-api.service[103611]: DEBUG ovsdbapp.backend.ovs_idl.event [-] Matched CREATE: LogicalSwitchPortCreateEvent(events=('create',), table='Logical_Switch_Port', conditions=[], old_conditions=None), priority=20 to row=Logical_Switch_Port(uuid=67edafce-f2f8-45a4-90e4-2d7afcac1304, addresses=['fa:16:3e:73:5a:1a'], dhcpv4_options=[], dhcpv6_options=[], dynamic_addresses=[], enabled=True, external_ids={'neutron:cidrs': '', 'neutron:device_id': 'ovnmeta-9c007383-4599-4f3f-a2bf-36d08e3eb9a3', 'neutron:device_owner': 'network:distributed', 'neutron:mtu': '1372', 'neutron:network_name': 'neutron-9c007383-4599-4f3f-a2bf-36d08e3eb9a3', 'neutron:port_capabilities': '', 'neutron:port_name': '', 'neutron:project_id': '40dd9cd85db54d57b6f6c609a1960ca7', 'neutron:revision_number': '1', 'neutron:security_group_ids': '', 'neutron:subnet_pool_addr_scope4': '', 'neutron:subnet_pool_addr_scope6': '', 'neutron:vnic_type': 'normal'}, ha_chassis_group=[], mirror_rules=[], name='199752d0-176e-4715-977b-9da1d6413dd8', options={}, parent_name=[], port_security=[], tag=[], tag_request=[], type='localport', up=[]) old= {{(pid=103611) matches /opt/stack/data/venv/lib/python3.12/site-packages/ovsdbapp/backend/ovs_idl/event.py:55}}
Jun 10 18:08:16.900219 np0000179644 devstack@neutron-api.service[103608]: DEBUG neutron.plugins.ml2.drivers.ovn.mech_driver.ovsdb.ovsdb_monitor [-] Hash Ring: Node 8f034e7426ce5d378dfb182f2651064e (host: np0000179644) handling event "create" for row 244ccba6-7b3d-4b88-bf64-aa4eefabee83 (table: Port_Binding) {{(pid=103608) notify /opt/stack/neutron/neutron/plugins/ml2/drivers/ovn/mech_driver/ovsdb/ovsdb_monitor.py:1015}}
Jun 10 18:08:16.901588 np0000179644 devstack@neutron-api.service[103612]: INFO neutron.plugins.ml2.drivers.ovn.mech_driver.mech_driver [-] OVN reports status down for port: 199752d0-176e-4715-977b-9da1d6413dd8
Jun 10 18:08:16.901650 np0000179644 devstack@neutron-api.service[103611]: INFO neutron.plugins.ml2.drivers.ovn.mech_driver.mech_driver [-] OVN reports status down for port: 199752d0-176e-4715-977b-9da1d6413dd8
Jun 10 18:08:16.902242 np0000179644 devstack@neutron-api.service[103611]: DEBUG neutron.plugins.ml2.drivers.ovn.mech_driver.ovsdb.ovsdb_monitor [-] Hash Ring: Node e3c7ab747554578eb64b12fc3a1cdef5 (host: np0000179644) handling event "update" for row 67edafce-f2f8-45a4-90e4-2d7afcac1304 (table: Logical_Switch_Port) {{(pid=103611) notify /opt/stack/neutron/neutron/plugins/ml2/drivers/ovn/mech_driver/ovsdb/ovsdb_monitor.py:1015}}
Jun 10 18:08:16.904548 np0000179644 devstack@neutron-api.service[103612]: DEBUG neutron.plugins.ml2.drivers.ovn.mech_driver.ovsdb.ovsdb_monitor [-] Hash Ring: Node 0ce4c52c14215c02a2350307cb65684b (host: np0000179644) handling event "update" for row 67edafce-f2f8-45a4-90e4-2d7afcac1304 (table: Logical_Switch_Port) {{(pid=103612) notify /opt/stack/neutron/neutron/plugins/ml2/drivers/ovn/mech_driver/ovsdb/ovsdb_monitor.py:1015}}
Jun 10 18:08:16.908805 np0000179644 devstack@neutron-api.service[103611]: DEBUG neutron.plugins.ml2.drivers.ovn.mech_driver.ovsdb.ovsdb_monitor [-] Hash Ring: Node e3c7ab747554578eb64b12fc3a1cdef5 (host: np0000179644) handling event "create" for row 244ccba6-7b3d-4b88-bf64-aa4eefabee83 (table: Port_Binding) {{(pid=103611) notify /opt/stack/neutron/neutron/plugins/ml2/drivers/ovn/mech_driver/ovsdb/ovsdb_monitor.py:1015}}
Jun 10 18:08:16.952665 np0000179644 devstack@neutron-api.service[103609]: INFO neutron.db.ovn_revision_numbers_db [None req-38d21497-3ee4-4ab4-b789-523f553b74c9 admin admin] Successfully bumped revision number for resource 199752d0-176e-4715-977b-9da1d6413dd8 (type: ports) to 1
Jun 10 18:08:16.959969 np0000179644 devstack@neutron-api.service[103609]: DEBUG neutron.pecan_wsgi.hooks.policy_enforcement [None req-38d21497-3ee4-4ab4-b789-523f553b74c9 admin admin] Attributes excluded by policy engine: ['standard_attr_id'] {{(pid=103609) _exclude_attributes_by_policy /opt/stack/neutron/neutron/pecan_wsgi/hooks/policy_enforcement.py:256}}
Jun 10 18:08:16.960323 np0000179644 devstack@neutron-api.service[103609]: DEBUG neutron_lib.callbacks.manager [None req-38d21497-3ee4-4ab4-b789-523f553b74c9 admin admin] Publish callbacks [] for network (None), before_response {{(pid=103609) _notify_loop /opt/stack/data/venv/lib/python3.12/site-packages/neutron_lib/callbacks/manager.py:184}}
Jun 10 18:08:16.980287 np0000179644 devstack@neutron-api.service[103609]: [pid: 103609|app: 0|req: 1/5] 199.204.45.157 () {68 vars in 1357 bytes} [Wed Jun 10 18:08:15 2026] POST /networking/v2.0/networks => generated 681 bytes in 1623 msecs (HTTP/1.1 201) 4 headers in 162 bytes (1 switches on core 0)
Jun 10 18:08:16.990522 np0000179644 devstack@neutron-api.service[103612]: DEBUG neutron.db.provisioning_blocks [None req-beeb01a4-cf72-4471-b32c-24b456ed8261 None None] Transition to ACTIVE for port object 199752d0-176e-4715-977b-9da1d6413dd8 will not be triggered until provisioned by entity L2. {{(pid=103612) add_provisioning_component /opt/stack/neutron/neutron/db/provisioning_blocks.py:74}}
Jun 10 18:08:16.998237 np0000179644 devstack@neutron-api.service[103611]: DEBUG neutron_lib.db.api [None req-036718e2-7d1e-40fb-84f5-1ae86e610463 None None] Retry wrapper got retriable exception: Failed to create a duplicate ProvisioningBlock: for attribute(s) ['provisioningblocks.PRIMARY'] with value(s) 14-L2 {{(pid=103611) wrapped /opt/stack/data/venv/lib/python3.12/site-packages/neutron_lib/db/api.py:185}}
Jun 10 18:08:16.998723 np0000179644 devstack@neutron-api.service[103611]: DEBUG oslo_db.api [None req-036718e2-7d1e-40fb-84f5-1ae86e610463 None None] Performing DB retry for function neutron.db.provisioning_blocks.add_provisioning_component {{(pid=103611) wrapper /opt/stack/data/venv/lib/python3.12/site-packages/oslo_db/api.py:155}}
Jun 10 18:08:17.044805 np0000179644 devstack@neutron-api.service[103612]: DEBUG neutron.plugins.ml2.plugin [None req-beeb01a4-cf72-4471-b32c-24b456ed8261 None None] Current status of the port 199752d0-176e-4715-977b-9da1d6413dd8 is: DOWN; New status is: DOWN {{(pid=103612) _update_individual_port_db_status /opt/stack/neutron/neutron/plugins/ml2/plugin.py:2470}}
Jun 10 18:08:17.045726 np0000179644 devstack@neutron-api.service[103612]: INFO neutron.plugins.ml2.drivers.ovn.mech_driver.ovsdb.extensions.qos [None req-beeb01a4-cf72-4471-b32c-24b456ed8261 None None] Starting OVNClientQosExtension
Jun 10 18:08:17.045907 np0000179644 devstack@neutron-api.service[103612]: INFO neutron.plugins.ml2.drivers.ovn.mech_driver.ovsdb.extensions.placement [None req-beeb01a4-cf72-4471-b32c-24b456ed8261 None None] Starting OVNClientPlacementExtension
Jun 10 18:08:17.048872 np0000179644 devstack@neutron-api.service[103612]: DEBUG ovsdbapp.backend.ovs_idl.transaction [-] Running txn n=1 command(idx=0): DbRemoveCommand(_result=None, table=Logical_Switch_Port, record=199752d0-176e-4715-977b-9da1d6413dd8, column=external_ids, values=('neutron:host_id',), keyvalues={}, if_exists=True) {{(pid=103612) do_commit /opt/stack/data/venv/lib/python3.12/site-packages/ovsdbapp/backend/ovs_idl/transaction.py:89}}
Jun 10 18:08:17.542488 np0000179644 devstack@neutron-api.service[103611]: DEBUG neutron.db.provisioning_blocks [None req-036718e2-7d1e-40fb-84f5-1ae86e610463 None None] Ignored duplicate provisioning block setup for port 199752d0-176e-4715-977b-9da1d6413dd8 by entity L2. {{(pid=103611) add_provisioning_component /opt/stack/neutron/neutron/db/provisioning_blocks.py:69}}
