2026-04-21 18:53:51.958 9 INFO neutron.wsgi [req-72556e38-3dfe-4e1a-b216-f865bb7e375e req-d36ebeb4-5bb3-4390-8ba4-54357d29f441 f19f6d36e50548f684f50bd68339797b 5b06fc6a46de4cb0ab2f43d7bb4218e3 - - default default] 10.0.0.199 "GET /v2.0/quotas/5b06fc6a46de4cb0ab2f43d7bb4218e3 HTTP/1.1" status: 200 len: 386 time: 0.0120864
2026-04-21 18:53:52.071 9 INFO neutron.wsgi [req-72556e38-3dfe-4e1a-b216-f865bb7e375e req-42de1664-f7cb-4877-8a45-77306912b12f f19f6d36e50548f684f50bd68339797b 5b06fc6a46de4cb0ab2f43d7bb4218e3 - - default default] 10.0.0.199 "GET /v2.0/ports?tenant_id=5b06fc6a46de4cb0ab2f43d7bb4218e3&fields=id HTTP/1.1" status: 200 len: 302 time: 0.1032083
2026-04-21 18:53:52.146 9 INFO neutron.wsgi [req-72556e38-3dfe-4e1a-b216-f865bb7e375e req-803fb849-f665-474d-b35d-37be97d7ddd4 19b1c5d616224567a5f8865c16c248fd 890b6f60173f4f5e8db97dd9f780ce83 - - 31cd863d39cd4bd491f608bd169b5836 31cd863d39cd4bd491f608bd169b5836] 10.0.0.199 "GET /v2.0/networks/3d7cac99-6342-4970-a274-ed4844109d71?fields=segments HTTP/1.1" status: 200 len: 212 time: 0.0606217
2026-04-21 18:53:52.205 9 INFO neutron.wsgi [req-72556e38-3dfe-4e1a-b216-f865bb7e375e req-f5ec5fbc-5c14-44e1-9a95-61b2dc6e5971 19b1c5d616224567a5f8865c16c248fd 890b6f60173f4f5e8db97dd9f780ce83 - - 31cd863d39cd4bd491f608bd169b5836 31cd863d39cd4bd491f608bd169b5836] 10.0.0.199 "GET /v2.0/networks/3d7cac99-6342-4970-a274-ed4844109d71?fields=provider%3Aphysical_network&fields=provider%3Anetwork_type HTTP/1.1" status: 200 len: 277 time: 0.0502834
2026-04-21 18:53:52.350 10 INFO neutron.wsgi [req-57fe2445-f4ff-49a8-8bdd-739f0d08df50 req-7b0d0f74-b9cd-4f07-857c-8ff42f445d01 f19f6d36e50548f684f50bd68339797b 5b06fc6a46de4cb0ab2f43d7bb4218e3 - - default default] 10.0.0.199 "GET /v2.0/ports?device_id=47051a30-3815-40ef-96d9-be4f7bcc5aae HTTP/1.1" status: 200 len: 210 time: 0.0214229
2026-04-21 18:53:52.500 10 WARNING neutron.plugins.ml2.drivers.ovn.mech_driver.ovsdb.ovn_client [None req-dceb0b9a-9d10-4954-b485-41370f18b3a0 - - - - - -] No hosting information found for port c62d9113-9271-499a-b229-7fca0546a664: RuntimeError: No hosting information found for port c62d9113-9271-499a-b229-7fca0546a664
2026-04-21 18:53:52.501 10 INFO neutron.plugins.ml2.drivers.ovn.mech_driver.mech_driver [None req-dceb0b9a-9d10-4954-b485-41370f18b3a0 - - - - - -] OVN reports status up for port: f0826e9f-04dd-4add-8867-17583e088277
2026-04-21 18:53:52.513 10 INFO neutron.plugins.ml2.plugin [None req-dceb0b9a-9d10-4954-b485-41370f18b3a0 - - - - - -] Attempt 1 to provision port f0826e9f-04dd-4add-8867-17583e088277
2026-04-21 18:53:52.619 10 INFO neutron.plugins.ml2.drivers.ovn.mech_driver.mech_driver [None req-dceb0b9a-9d10-4954-b485-41370f18b3a0 - - - - - -] OVN reports status up for port: 75957c65-7505-4583-bf16-c535e8bcd0a7
2026-04-21 18:53:52.629 10 INFO neutron.plugins.ml2.plugin [None req-dceb0b9a-9d10-4954-b485-41370f18b3a0 - - - - - -] Attempt 1 to provision port 75957c65-7505-4583-bf16-c535e8bcd0a7
2026-04-21 18:53:52.747 9 INFO neutron.wsgi [req-b8d765ac-1d7c-4be6-9130-a6efbf0453a3 req-5f326435-a91b-4443-a335-780f085f7604 9b5876969c614bd790e441a74f91c513 f77e5251175e4d6d979ede1bebb53a77 - - default default] 199.204.45.223 "GET /v2.0/networks?id=4c8b885a-c087-4087-9a1e-5fd5bc94f329 HTTP/1.1" status: 200 len: 875 time: 0.0946736
2026-04-21 18:53:52.824 9 INFO neutron.wsgi [req-7998a009-edc1-4906-9d75-70f72a03520c req-e866e39e-efca-43d3-9165-02f4d70058c3 9b5876969c614bd790e441a74f91c513 f77e5251175e4d6d979ede1bebb53a77 - - default default] 10.0.0.199 "GET /v2.0/ports?device_id=2b1820d2-585f-4a71-bf51-cdb913b9e749 HTTP/1.1" status: 200 len: 210 time: 0.0300331
2026-04-21 18:53:52.829 9 INFO neutron.wsgi [req-b8d765ac-1d7c-4be6-9130-a6efbf0453a3 req-1c2bc35d-8aba-49b8-9f9f-2c571ba63050 9b5876969c614bd790e441a74f91c513 f77e5251175e4d6d979ede1bebb53a77 - - default default] 199.204.45.223 "GET /v2.0/security-groups?fields=id&fields=name&tenant_id=f77e5251175e4d6d979ede1bebb53a77 HTTP/1.1" status: 200 len: 380 time: 0.0746083
2026-04-21 18:53:52.998 10 INFO neutron.db.ovn_revision_numbers_db [None req-dceb0b9a-9d10-4954-b485-41370f18b3a0 - - - - - -] Successfully bumped revision number for resource 75957c65-7505-4583-bf16-c535e8bcd0a7 (type: ports) to 2
2026-04-21 18:53:53.120 10 INFO neutron.db.ovn_revision_numbers_db [None req-dceb0b9a-9d10-4954-b485-41370f18b3a0 - - - - - -] Successfully bumped revision number for resource 75957c65-7505-4583-bf16-c535e8bcd0a7 (type: router_ports) to 2
2026-04-21 18:53:53.193 9 WARNING neutron.scheduler.dhcp_agent_scheduler [req-b8d765ac-1d7c-4be6-9130-a6efbf0453a3 req-cad5409c-411b-4d96-b8d3-48dcde19e75c 9b5876969c614bd790e441a74f91c513 f77e5251175e4d6d979ede1bebb53a77 - - default default] No more DHCP agents
2026-04-21 18:53:53.195 9 WARNING neutron.api.rpc.agentnotifiers.dhcp_rpc_agent_api [req-b8d765ac-1d7c-4be6-9130-a6efbf0453a3 req-cad5409c-411b-4d96-b8d3-48dcde19e75c 9b5876969c614bd790e441a74f91c513 f77e5251175e4d6d979ede1bebb53a77 - - default default] Unable to schedule network 4c8b885a-c087-4087-9a1e-5fd5bc94f329: no agents available; will retry on subsequent port and subnet creation events.
2026-04-21 18:53:53.378 9 INFO neutron.db.ovn_revision_numbers_db [req-b8d765ac-1d7c-4be6-9130-a6efbf0453a3 req-cad5409c-411b-4d96-b8d3-48dcde19e75c 9b5876969c614bd790e441a74f91c513 f77e5251175e4d6d979ede1bebb53a77 - - default default] Successfully bumped revision number for resource ac26dd1e-1c2e-45a5-80a2-ae6e4fadb96b (type: ports) to 1
2026-04-21 18:53:53.422 9 INFO neutron.wsgi [req-b8d765ac-1d7c-4be6-9130-a6efbf0453a3 req-cad5409c-411b-4d96-b8d3-48dcde19e75c 9b5876969c614bd790e441a74f91c513 f77e5251175e4d6d979ede1bebb53a77 - - default default] 199.204.45.223 "POST /v2.0/ports HTTP/1.1" status: 201 len: 1162 time: 0.5830834 /var/lib/openstack/lib/python3.10/site-packages/pycadf/identifier.py:71: UserWarning: Invalid uuid: neutron. To ensure interoperability, identifiers should be a valid uuid. warnings.warn(('Invalid uuid: %s. To ensure interoperability, '
2026-04-21 18:53:53.462 10 INFO neutron.wsgi [req-eb6f7e18-4f01-43b5-8c1a-6ae9fd7666a9 req-240790bf-cbc2-4bd3-a192-be5531c9395b f19f6d36e50548f684f50bd68339797b 5b06fc6a46de4cb0ab2f43d7bb4218e3 - - default default] 10.0.0.199 "GET /v2.0/ports?device_id=47051a30-3815-40ef-96d9-be4f7bcc5aae HTTP/1.1" status: 200 len: 210 time: 0.0267377
2026-04-21 18:53:53.505 10 INFO neutron.wsgi [req-72556e38-3dfe-4e1a-b216-f865bb7e375e req-b08b89bc-fef0-4ffe-8741-1a4d99786e42 f19f6d36e50548f684f50bd68339797b 5b06fc6a46de4cb0ab2f43d7bb4218e3 - - default default] 199.204.45.223 "GET /v2.0/networks?id=3d7cac99-6342-4970-a274-ed4844109d71 HTTP/1.1" status: 200 len: 869 time: 0.1155584
2026-04-21 18:53:53.559 10 INFO neutron.wsgi [req-72556e38-3dfe-4e1a-b216-f865bb7e375e req-9875cbf3-eed3-4440-b232-0e8d565e8105 f19f6d36e50548f684f50bd68339797b 5b06fc6a46de4cb0ab2f43d7bb4218e3 - - default default] 199.204.45.223 "GET /v2.0/security-groups?fields=id&fields=name&tenant_id=5b06fc6a46de4cb0ab2f43d7bb4218e3 HTTP/1.1" status: 200 len: 380 time: 0.0452013
2026-04-21 18:53:53.886 9 INFO neutron.wsgi [req-908b6ad3-3b1d-4c62-9348-5081354bbc40 req-7f97a3e6-8287-4da0-82b8-7497f302b772 19b1c5d616224567a5f8865c16c248fd 890b6f60173f4f5e8db97dd9f780ce83 - - 31cd863d39cd4bd491f608bd169b5836 31cd863d39cd4bd491f608bd169b5836] 10.0.0.208 "GET /v2.0/ports?device_id=dec5179f-9079-433f-b77d-a2c73e0d711b HTTP/1.1" status: 200 len: 1413 time: 0.3304267 /var/lib/openstack/lib/python3.10/site-packages/pycadf/identifier.py:71: UserWarning: Invalid uuid: neutron. To ensure interoperability, identifiers should be a valid uuid. warnings.warn(('Invalid uuid: %s. To ensure interoperability, '
2026-04-21 18:53:53.929 10 WARNING neutron.scheduler.dhcp_agent_scheduler [req-72556e38-3dfe-4e1a-b216-f865bb7e375e req-15fabc28-ea3d-456f-9a15-69c4e7b9c9b2 f19f6d36e50548f684f50bd68339797b 5b06fc6a46de4cb0ab2f43d7bb4218e3 - - default default] No more DHCP agents
2026-04-21 18:53:53.934 10 WARNING neutron.api.rpc.agentnotifiers.dhcp_rpc_agent_api [req-72556e38-3dfe-4e1a-b216-f865bb7e375e req-15fabc28-ea3d-456f-9a15-69c4e7b9c9b2 f19f6d36e50548f684f50bd68339797b 5b06fc6a46de4cb0ab2f43d7bb4218e3 - - default default] Unable to schedule network 3d7cac99-6342-4970-a274-ed4844109d71: no agents available; will retry on subsequent port and subnet creation events.
2026-04-21 18:53:53.963 9 INFO neutron.wsgi [req-908b6ad3-3b1d-4c62-9348-5081354bbc40 req-a7d505c7-a73e-4662-a5ec-6c317df21386 19b1c5d616224567a5f8865c16c248fd 890b6f60173f4f5e8db97dd9f780ce83 - - 31cd863d39cd4bd491f608bd169b5836 31cd863d39cd4bd491f608bd169b5836] 10.0.0.208 "GET /v2.0/security-groups?id=2435734e-d040-4341-a027-49714eb08c3c&fields=id&fields=name HTTP/1.1" status: 200 len: 313 time: 0.0721350
2026-04-21 18:53:53.968 9 INFO neutron.wsgi [req-0f978690-a5a7-40ae-92f2-8cfce848e494 req-73bbb0c7-c1c9-44a5-b738-e1e6c2a94907 9b5876969c614bd790e441a74f91c513 f77e5251175e4d6d979ede1bebb53a77 - - default default] 10.0.0.199 "GET /v2.0/ports?device_id=2b1820d2-585f-4a71-bf51-cdb913b9e749 HTTP/1.1" status: 200 len: 1172 time: 0.0543334
2026-04-21 18:53:54.040 9 INFO neutron.wsgi [req-0f978690-a5a7-40ae-92f2-8cfce848e494 req-8eec6bad-bfcd-4c21-b932-7e6a6d21a8da 9b5876969c614bd790e441a74f91c513 f77e5251175e4d6d979ede1bebb53a77 - - default default] 10.0.0.199 "GET /v2.0/security-groups?id=3adae08f-fa34-4e16-a85b-e99085630a7f&fields=id&fields=name HTTP/1.1" status: 200 len: 313 time: 0.0598447
2026-04-21 18:53:54.076 9 INFO neutron.wsgi [req-52f55659-e514-48a7-a8eb-d85eeb0a4e90 req-309da37a-2b53-4fcd-9ef2-5ac76145e552 19b1c5d616224567a5f8865c16c248fd 890b6f60173f4f5e8db97dd9f780ce83 - - 31cd863d39cd4bd491f608bd169b5836 31cd863d39cd4bd491f608bd169b5836] 10.0.0.208 "GET /v2.0/ports?device_id=26dafc27-7925-42c6-bc55-9ef2043c5487 HTTP/1.1" status: 200 len: 1409 time: 0.1710081
2026-04-21 18:53:54.084 9 INFO neutron.db.ovn_revision_numbers_db [req-b8d765ac-1d7c-4be6-9130-a6efbf0453a3 req-25ae2f88-c99e-4920-b81a-b33e11d8367f 19b1c5d616224567a5f8865c16c248fd 890b6f60173f4f5e8db97dd9f780ce83 - - 31cd863d39cd4bd491f608bd169b5836 31cd863d39cd4bd491f608bd169b5836] Successfully bumped revision number for resource ac26dd1e-1c2e-45a5-80a2-ae6e4fadb96b (type: ports) to 2
2026-04-21 18:53:54.128 9 INFO neutron.wsgi [req-52f55659-e514-48a7-a8eb-d85eeb0a4e90 req-f5df1cc0-3a98-4efa-8acc-78ddc2098d48 19b1c5d616224567a5f8865c16c248fd 890b6f60173f4f5e8db97dd9f780ce83 - - 31cd863d39cd4bd491f608bd169b5836 31cd863d39cd4bd491f608bd169b5836] 10.0.0.208 "GET /v2.0/security-groups?id=8448fd06-9f4d-4ec0-a178-c419b05cca43&fields=id&fields=name HTTP/1.1" status: 200 len: 313 time: 0.0440483
2026-04-21 18:53:54.133 10 INFO neutron.db.ovn_revision_numbers_db [req-72556e38-3dfe-4e1a-b216-f865bb7e375e req-15fabc28-ea3d-456f-9a15-69c4e7b9c9b2 f19f6d36e50548f684f50bd68339797b 5b06fc6a46de4cb0ab2f43d7bb4218e3 - - default default] Successfully bumped revision number for resource 21cdfe5c-ca13-4d37-99ea-0a2a380ca90c (type: ports) to 1
2026-04-21 18:53:54.157 10 INFO neutron.wsgi [req-72556e38-3dfe-4e1a-b216-f865bb7e375e req-15fabc28-ea3d-456f-9a15-69c4e7b9c9b2 f19f6d36e50548f684f50bd68339797b 5b06fc6a46de4cb0ab2f43d7bb4218e3 - - default default] 199.204.45.223 "POST /v2.0/ports HTTP/1.1" status: 201 len: 1158 time: 0.5869548 /var/lib/openstack/lib/python3.10/site-packages/pycadf/identifier.py:71: UserWarning: Invalid uuid: neutron. To ensure interoperability, identifiers should be a valid uuid. warnings.warn(('Invalid uuid: %s. To ensure interoperability, '
2026-04-21 18:53:54.311 9 INFO neutron.db.ovn_revision_numbers_db [req-b8d765ac-1d7c-4be6-9130-a6efbf0453a3 req-25ae2f88-c99e-4920-b81a-b33e11d8367f 19b1c5d616224567a5f8865c16c248fd 890b6f60173f4f5e8db97dd9f780ce83 - - 31cd863d39cd4bd491f608bd169b5836 31cd863d39cd4bd491f608bd169b5836] Successfully bumped revision number for resource ac26dd1e-1c2e-45a5-80a2-ae6e4fadb96b (type: ports) to 2
2026-04-21 18:53:54.327 9 INFO neutron.wsgi [req-b8d765ac-1d7c-4be6-9130-a6efbf0453a3 req-25ae2f88-c99e-4920-b81a-b33e11d8367f 19b1c5d616224567a5f8865c16c248fd 890b6f60173f4f5e8db97dd9f780ce83 - - 31cd863d39cd4bd491f608bd169b5836 31cd863d39cd4bd491f608bd169b5836] 199.204.45.223 "PUT /v2.0/ports/ac26dd1e-1c2e-45a5-80a2-ae6e4fadb96b HTTP/1.1" status: 200 len: 1380 time: 0.8967423
2026-04-21 18:53:54.365 9 INFO neutron.notifiers.nova [-] Nova event matching ['req-978addbe-a8bd-4abf-90bb-f5a5e3c99cb8'] response: {'name': 'network-changed', 'server_uuid': '2b1820d2-585f-4a71-bf51-cdb913b9e749', 'tag': 'ac26dd1e-1c2e-45a5-80a2-ae6e4fadb96b', 'status': 'completed', 'code': 200} /var/lib/openstack/lib/python3.10/site-packages/pycadf/identifier.py:71: UserWarning: Invalid uuid: neutron. To ensure interoperability, identifiers should be a valid uuid. warnings.warn(('Invalid uuid: %s. To ensure interoperability, '
2026-04-21 18:53:54.406 9 INFO neutron.wsgi [req-b8d765ac-1d7c-4be6-9130-a6efbf0453a3 req-a3e36a34-2754-4227-a3e5-61a8e98d969b 19b1c5d616224567a5f8865c16c248fd 890b6f60173f4f5e8db97dd9f780ce83 - - 31cd863d39cd4bd491f608bd169b5836 31cd863d39cd4bd491f608bd169b5836] 199.204.45.223 "GET /v2.0/ports?tenant_id=f77e5251175e4d6d979ede1bebb53a77&device_id=2b1820d2-585f-4a71-bf51-cdb913b9e749 HTTP/1.1" status: 200 len: 1411 time: 0.0369058
2026-04-21 18:53:54.438 9 INFO neutron.wsgi [req-b8d765ac-1d7c-4be6-9130-a6efbf0453a3 req-0db7360a-a1bf-4d8c-b843-44ae16f5b283 19b1c5d616224567a5f8865c16c248fd 890b6f60173f4f5e8db97dd9f780ce83 - - 31cd863d39cd4bd491f608bd169b5836 31cd863d39cd4bd491f608bd169b5836] 199.204.45.223 "GET /v2.0/floatingips?fixed_ip_address=10.100.0.14&port_id=ac26dd1e-1c2e-45a5-80a2-ae6e4fadb96b HTTP/1.1" status: 200 len: 217 time: 0.0218673
2026-04-21 18:53:54.480 9 INFO neutron.wsgi [req-b8d765ac-1d7c-4be6-9130-a6efbf0453a3 req-dfcb2400-e31d-43d7-b227-b9af34494f79 19b1c5d616224567a5f8865c16c248fd 890b6f60173f4f5e8db97dd9f780ce83 - - 31cd863d39cd4bd491f608bd169b5836 31cd863d39cd4bd491f608bd169b5836] 199.204.45.223 "GET /v2.0/subnets?id=9830f26a-44b6-4944-821b-f2d1deeb236a HTTP/1.1" status: 200 len: 869 time: 0.0351751
2026-04-21 18:53:54.505 9 INFO neutron.wsgi [req-b8d765ac-1d7c-4be6-9130-a6efbf0453a3 req-05211327-ad88-470a-9bce-eb889d1f9eec 19b1c5d616224567a5f8865c16c248fd 890b6f60173f4f5e8db97dd9f780ce83 - - 31cd863d39cd4bd491f608bd169b5836 31cd863d39cd4bd491f608bd169b5836] 199.204.45.223 "GET /v2.0/ports?network_id=4c8b885a-c087-4087-9a1e-5fd5bc94f329&device_owner=network%3Adhcp HTTP/1.1" status: 200 len: 210 time: 0.0181861
2026-04-21 18:53:54.567 9 INFO neutron.wsgi [req-4472f63a-5b9c-4cdc-bb87-a8e9f0bdae85 req-08a5a3b1-3e73-4d16-b8e2-6b154648a237 f19f6d36e50548f684f50bd68339797b 5b06fc6a46de4cb0ab2f43d7bb4218e3 - - default default] 10.0.0.199 "GET /v2.0/ports?device_id=47051a30-3815-40ef-96d9-be4f7bcc5aae HTTP/1.1" status: 200 len: 1168 time: 0.0401578
2026-04-21 18:53:54.580 10 INFO neutron.db.ovn_revision_numbers_db [req-72556e38-3dfe-4e1a-b216-f865bb7e375e req-dde1d248-46ca-4b76-aafc-f530c52debcc 19b1c5d616224567a5f8865c16c248fd 890b6f60173f4f5e8db97dd9f780ce83 - - 31cd863d39cd4bd491f608bd169b5836 31cd863d39cd4bd491f608bd169b5836] Successfully bumped revision number for resource 21cdfe5c-ca13-4d37-99ea-0a2a380ca90c (type: ports) to 2
2026-04-21 18:53:54.592 9 INFO neutron.wsgi [req-b8d765ac-1d7c-4be6-9130-a6efbf0453a3 req-71a7306a-0e5d-40ac-8f11-623aec885590 19b1c5d616224567a5f8865c16c248fd 890b6f60173f4f5e8db97dd9f780ce83 - - 31cd863d39cd4bd491f608bd169b5836 31cd863d39cd4bd491f608bd169b5836] 199.204.45.223 "GET /v2.0/networks/4c8b885a-c087-4087-9a1e-5fd5bc94f329?fields=segments HTTP/1.1" status: 200 len: 212 time: 0.0833287
2026-04-21 18:53:54.618 9 INFO neutron.wsgi [req-4472f63a-5b9c-4cdc-bb87-a8e9f0bdae85 req-3b590bab-0b9a-4d5d-aca4-f0f78d9edee4 f19f6d36e50548f684f50bd68339797b 5b06fc6a46de4cb0ab2f43d7bb4218e3 - - default default] 10.0.0.199 "GET /v2.0/security-groups?id=7d9726eb-98bf-412e-8db8-1b387cf5f999&fields=id&fields=name HTTP/1.1" status: 200 len: 313 time: 0.0442252
2026-04-21 18:53:54.678 9 INFO neutron.wsgi [req-b8d765ac-1d7c-4be6-9130-a6efbf0453a3 req-6e496423-5334-420a-a02d-7e63a37170f8 19b1c5d616224567a5f8865c16c248fd 890b6f60173f4f5e8db97dd9f780ce83 - - 31cd863d39cd4bd491f608bd169b5836 31cd863d39cd4bd491f608bd169b5836] 199.204.45.223 "GET /v2.0/networks/4c8b885a-c087-4087-9a1e-5fd5bc94f329?fields=provider%3Aphysical_network&fields=provider%3Anetwork_type HTTP/1.1" status: 200 len: 277 time: 0.0797551
2026-04-21 18:53:54.770 9 INFO neutron.wsgi [req-18205ed6-d31b-4640-adeb-90cd5b783f5d req-2ab254d5-6dae-4cf2-a816-f9cd8c01ba2f 19b1c5d616224567a5f8865c16c248fd 890b6f60173f4f5e8db97dd9f780ce83 - - 31cd863d39cd4bd491f608bd169b5836 31cd863d39cd4bd491f608bd169b5836] 199.204.45.223 "GET /v2.0/ports?tenant_id=f77e5251175e4d6d979ede1bebb53a77&device_id=2b1820d2-585f-4a71-bf51-cdb913b9e749 HTTP/1.1" status: 200 len: 1411 time: 0.0459459
2026-04-21 18:53:54.773 10 INFO neutron.db.ovn_revision_numbers_db [req-72556e38-3dfe-4e1a-b216-f865bb7e375e req-dde1d248-46ca-4b76-aafc-f530c52debcc 19b1c5d616224567a5f8865c16c248fd 890b6f60173f4f5e8db97dd9f780ce83 - - 31cd863d39cd4bd491f608bd169b5836 31cd863d39cd4bd491f608bd169b5836] Successfully bumped revision number for resource 21cdfe5c-ca13-4d37-99ea-0a2a380ca90c (type: ports) to 2
2026-04-21 18:53:54.799 10 INFO neutron.wsgi [req-72556e38-3dfe-4e1a-b216-f865bb7e375e req-dde1d248-46ca-4b76-aafc-f530c52debcc 19b1c5d616224567a5f8865c16c248fd 890b6f60173f4f5e8db97dd9f780ce83 - - 31cd863d39cd4bd491f608bd169b5836 31cd863d39cd4bd491f608bd169b5836] 199.204.45.223 "PUT /v2.0/ports/21cdfe5c-ca13-4d37-99ea-0a2a380ca90c HTTP/1.1" status: 200 len: 1376 time: 0.6339173
2026-04-21 18:53:54.839 9 INFO neutron.wsgi [req-18205ed6-d31b-4640-adeb-90cd5b783f5d req-2b1183fd-d282-4b31-9713-16313c4144dd 19b1c5d616224567a5f8865c16c248fd 890b6f60173f4f5e8db97dd9f780ce83 - - 31cd863d39cd4bd491f608bd169b5836 31cd863d39cd4bd491f608bd169b5836] 199.204.45.223 "GET /v2.0/networks?id=4c8b885a-c087-4087-9a1e-5fd5bc94f329 HTTP/1.1" status: 200 len: 974 time: 0.0654862
2026-04-21 18:53:54.857 10 INFO neutron.notifiers.nova [-] Nova event matching ['req-540ccf43-31f3-4a33-9caf-ec62f5512476'] response: {'name': 'network-changed', 'server_uuid': '47051a30-3815-40ef-96d9-be4f7bcc5aae', 'tag': '21cdfe5c-ca13-4d37-99ea-0a2a380ca90c', 'status': 'completed', 'code': 200} /var/lib/openstack/lib/python3.10/site-packages/pycadf/identifier.py:71: UserWarning: Invalid uuid: neutron. To ensure interoperability, identifiers should be a valid uuid. warnings.warn(('Invalid uuid: %s. To ensure interoperability, '
2026-04-21 18:53:54.882 9 INFO neutron.plugins.ml2.drivers.ovn.mech_driver.mech_driver [None req-34452092-acb4-4111-9eef-15ca9638616d - - - - - -] OVN reports status up for port: ac26dd1e-1c2e-45a5-80a2-ae6e4fadb96b
2026-04-21 18:53:54.885 9 INFO neutron.wsgi [req-18205ed6-d31b-4640-adeb-90cd5b783f5d req-2f588540-aa13-439d-8e51-b49d48cfc5f6 19b1c5d616224567a5f8865c16c248fd 890b6f60173f4f5e8db97dd9f780ce83 - - 31cd863d39cd4bd491f608bd169b5836 31cd863d39cd4bd491f608bd169b5836] 199.204.45.223 "GET /v2.0/floatingips?fixed_ip_address=10.100.0.14&port_id=ac26dd1e-1c2e-45a5-80a2-ae6e4fadb96b HTTP/1.1" status: 200 len: 217 time: 0.0345569
2026-04-21 18:53:54.895 10 INFO neutron.wsgi [req-72556e38-3dfe-4e1a-b216-f865bb7e375e req-a85383fd-a0ac-4879-b36b-1f0c5b1b40e4 19b1c5d616224567a5f8865c16c248fd 890b6f60173f4f5e8db97dd9f780ce83 - - 31cd863d39cd4bd491f608bd169b5836 31cd863d39cd4bd491f608bd169b5836] 199.204.45.223 "GET /v2.0/ports?tenant_id=5b06fc6a46de4cb0ab2f43d7bb4218e3&device_id=47051a30-3815-40ef-96d9-be4f7bcc5aae HTTP/1.1" status: 200 len: 1407 time: 0.0412114
2026-04-21 18:53:54.922 9 INFO neutron.plugins.ml2.plugin [None req-34452092-acb4-4111-9eef-15ca9638616d - - - - - -] Attempt 1 to provision port ac26dd1e-1c2e-45a5-80a2-ae6e4fadb96b
2026-04-21 18:53:54.929 10 INFO neutron.wsgi [req-72556e38-3dfe-4e1a-b216-f865bb7e375e req-e21b7b41-c23c-4068-9c3a-547b9a336577 19b1c5d616224567a5f8865c16c248fd 890b6f60173f4f5e8db97dd9f780ce83 - - 31cd863d39cd4bd491f608bd169b5836 31cd863d39cd4bd491f608bd169b5836] 199.204.45.223 "GET /v2.0/floatingips?fixed_ip_address=10.100.0.9&port_id=21cdfe5c-ca13-4d37-99ea-0a2a380ca90c HTTP/1.1" status: 200 len: 217 time: 0.0271115
2026-04-21 18:53:54.942 9 INFO neutron.wsgi [req-18205ed6-d31b-4640-adeb-90cd5b783f5d req-ac9a89b7-1f19-42f5-b6c1-a1fdc8a36e69 19b1c5d616224567a5f8865c16c248fd 890b6f60173f4f5e8db97dd9f780ce83 - - 31cd863d39cd4bd491f608bd169b5836 31cd863d39cd4bd491f608bd169b5836] 199.204.45.223 "GET /v2.0/subnets?id=9830f26a-44b6-4944-821b-f2d1deeb236a HTTP/1.1" status: 200 len: 869 time: 0.0487254
2026-04-21 18:53:54.968 10 INFO neutron.wsgi [req-72556e38-3dfe-4e1a-b216-f865bb7e375e req-6f94725f-107a-4453-a945-e288f4acd1da 19b1c5d616224567a5f8865c16c248fd 890b6f60173f4f5e8db97dd9f780ce83 - - 31cd863d39cd4bd491f608bd169b5836 31cd863d39cd4bd491f608bd169b5836] 199.204.45.223 "GET /v2.0/subnets?id=79a8bd8c-4916-43e9-9908-7c1b3891af4d HTTP/1.1" status: 200 len: 863 time: 0.0316479
2026-04-21 18:53:54.977 9 INFO neutron.wsgi [req-18205ed6-d31b-4640-adeb-90cd5b783f5d req-01e7aba3-8311-4c2c-b587-78f544c8e7fa 19b1c5d616224567a5f8865c16c248fd 890b6f60173f4f5e8db97dd9f780ce83 - - 31cd863d39cd4bd491f608bd169b5836 31cd863d39cd4bd491f608bd169b5836] 199.204.45.223 "GET /v2.0/ports?network_id=4c8b885a-c087-4087-9a1e-5fd5bc94f329&device_owner=network%3Adhcp HTTP/1.1" status: 200 len: 210 time: 0.0227401
2026-04-21 18:53:54.997 10 INFO neutron.wsgi [req-72556e38-3dfe-4e1a-b216-f865bb7e375e req-38d46e27-e614-4cf6-a35f-b8cf13374e14 19b1c5d616224567a5f8865c16c248fd 890b6f60173f4f5e8db97dd9f780ce83 - - 31cd863d39cd4bd491f608bd169b5836 31cd863d39cd4bd491f608bd169b5836] 199.204.45.223 "GET /v2.0/ports?network_id=3d7cac99-6342-4970-a274-ed4844109d71&device_owner=network%3Adhcp HTTP/1.1" status: 200 len: 210 time: 0.0214908
2026-04-21 18:53:55.056 9 INFO neutron.wsgi [req-18205ed6-d31b-4640-adeb-90cd5b783f5d req-c54699ab-ad7b-45c2-b351-79babf7df00d 19b1c5d616224567a5f8865c16c248fd 890b6f60173f4f5e8db97dd9f780ce83 - - 31cd863d39cd4bd491f608bd169b5836 31cd863d39cd4bd491f608bd169b5836] 199.204.45.223 "GET /v2.0/networks/4c8b885a-c087-4087-9a1e-5fd5bc94f329?fields=segments HTTP/1.1" status: 200 len: 212 time: 0.0749598
2026-04-21 18:53:55.076 10 INFO neutron.wsgi [req-72556e38-3dfe-4e1a-b216-f865bb7e375e req-7d45420a-57c1-4f4d-910d-dd5662817c5e 19b1c5d616224567a5f8865c16c248fd 890b6f60173f4f5e8db97dd9f780ce83 - - 31cd863d39cd4bd491f608bd169b5836 31cd863d39cd4bd491f608bd169b5836] 199.204.45.223 "GET /v2.0/networks/3d7cac99-6342-4970-a274-ed4844109d71?fields=segments HTTP/1.1" status: 200 len: 212 time: 0.0726945
2026-04-21 18:53:55.159 10 INFO neutron.wsgi [req-72556e38-3dfe-4e1a-b216-f865bb7e375e req-7d8b65d9-3d76-4aa2-8478-6a795beaa537 19b1c5d616224567a5f8865c16c248fd 890b6f60173f4f5e8db97dd9f780ce83 - - 31cd863d39cd4bd491f608bd169b5836 31cd863d39cd4bd491f608bd169b5836] 199.204.45.223 "GET /v2.0/networks/3d7cac99-6342-4970-a274-ed4844109d71?fields=provider%3Aphysical_network&fields=provider%3Anetwork_type HTTP/1.1" status: 200 len: 277 time: 0.0747356
2026-04-21 18:53:55.165 9 INFO neutron.wsgi [req-18205ed6-d31b-4640-adeb-90cd5b783f5d req-9e47aada-b536-4285-9d1b-14ed877d6342 19b1c5d616224567a5f8865c16c248fd 890b6f60173f4f5e8db97dd9f780ce83 - - 31cd863d39cd4bd491f608bd169b5836 31cd863d39cd4bd491f608bd169b5836] 199.204.45.223 "GET /v2.0/networks/4c8b885a-c087-4087-9a1e-5fd5bc94f329?fields=provider%3Aphysical_network&fields=provider%3Anetwork_type HTTP/1.1" status: 200 len: 277 time: 0.1023462
2026-04-21 18:53:55.173 9 INFO neutron.wsgi [req-39859e49-3d7e-480b-bf18-315f8e16c25e req-c69ade15-45b1-4b83-8adf-2505beb36d8a 9b5876969c614bd790e441a74f91c513 f77e5251175e4d6d979ede1bebb53a77 - - default default] 10.0.0.199 "GET /v2.0/ports?device_id=2b1820d2-585f-4a71-bf51-cdb913b9e749 HTTP/1.1" status: 200 len: 1174 time: 0.0490847
2026-04-21 18:53:55.222 9 INFO neutron.wsgi [req-39859e49-3d7e-480b-bf18-315f8e16c25e req-cfb55878-7c84-4962-a69f-983656863488 9b5876969c614bd790e441a74f91c513 f77e5251175e4d6d979ede1bebb53a77 - - default default] 10.0.0.199 "GET /v2.0/security-groups?id=3adae08f-fa34-4e16-a85b-e99085630a7f&fields=id&fields=name HTTP/1.1" status: 200 len: 313 time: 0.0441628
2026-04-21 18:53:55.240 9 INFO neutron.wsgi [req-1bdd203c-1d45-48f1-bcc4-4140f7328b02 req-bec6298a-d6d1-4ed0-8d15-1a778e7a5ca9 19b1c5d616224567a5f8865c16c248fd 890b6f60173f4f5e8db97dd9f780ce83 - - 31cd863d39cd4bd491f608bd169b5836 31cd863d39cd4bd491f608bd169b5836] 199.204.45.223 "GET /v2.0/ports?tenant_id=5b06fc6a46de4cb0ab2f43d7bb4218e3&device_id=47051a30-3815-40ef-96d9-be4f7bcc5aae HTTP/1.1" status: 200 len: 1407 time: 0.0321827
2026-04-21 18:53:55.336 9 INFO neutron.wsgi [req-1bdd203c-1d45-48f1-bcc4-4140f7328b02 req-b994401e-c9a8-407e-8fff-abf70f27138c 19b1c5d616224567a5f8865c16c248fd 890b6f60173f4f5e8db97dd9f780ce83 - - 31cd863d39cd4bd491f608bd169b5836 31cd863d39cd4bd491f608bd169b5836] 199.204.45.223 "GET /v2.0/networks?id=3d7cac99-6342-4970-a274-ed4844109d71 HTTP/1.1" status: 200 len: 968 time: 0.0873325
2026-04-21 18:53:55.339 9 INFO neutron.db.ovn_revision_numbers_db [None req-34452092-acb4-4111-9eef-15ca9638616d - - - - - -] Successfully bumped revision number for resource ac26dd1e-1c2e-45a5-80a2-ae6e4fadb96b (type: ports) to 4
2026-04-21 18:53:55.379 9 INFO neutron.wsgi [req-1bdd203c-1d45-48f1-bcc4-4140f7328b02 req-c4ffd606-4279-4489-a870-ac8ceb8b246e 19b1c5d616224567a5f8865c16c248fd 890b6f60173f4f5e8db97dd9f780ce83 - - 31cd863d39cd4bd491f608bd169b5836 31cd863d39cd4bd491f608bd169b5836] 199.204.45.223 "GET /v2.0/floatingips?fixed_ip_address=10.100.0.9&port_id=21cdfe5c-ca13-4d37-99ea-0a2a380ca90c HTTP/1.1" status: 200 len: 217 time: 0.0348313 /var/lib/openstack/lib/python3.10/site-packages/pycadf/identifier.py:71: UserWarning: Invalid uuid: neutron. To ensure interoperability, identifiers should be a valid uuid. warnings.warn(('Invalid uuid: %s. To ensure interoperability, '
2026-04-21 18:53:55.420 9 INFO neutron.wsgi [req-1bdd203c-1d45-48f1-bcc4-4140f7328b02 req-1ffc8112-8ff5-403b-9ff3-5eadd05e1c51 19b1c5d616224567a5f8865c16c248fd 890b6f60173f4f5e8db97dd9f780ce83 - - 31cd863d39cd4bd491f608bd169b5836 31cd863d39cd4bd491f608bd169b5836] 199.204.45.223 "GET /v2.0/subnets?id=79a8bd8c-4916-43e9-9908-7c1b3891af4d HTTP/1.1" status: 200 len: 863 time: 0.0306666
2026-04-21 18:53:55.428 9 INFO neutron.plugins.ml2.drivers.ovn.mech_driver.mech_driver [None req-34452092-acb4-4111-9eef-15ca9638616d - - - - - -] OVN reports status up for port: 21cdfe5c-ca13-4d37-99ea-0a2a380ca90c
2026-04-21 18:53:55.451 9 INFO neutron.wsgi [req-1bdd203c-1d45-48f1-bcc4-4140f7328b02 req-5e9d951b-187a-4fec-ac9d-d4d2026b6f59 19b1c5d616224567a5f8865c16c248fd 890b6f60173f4f5e8db97dd9f780ce83 - - 31cd863d39cd4bd491f608bd169b5836 31cd863d39cd4bd491f608bd169b5836] 199.204.45.223 "GET /v2.0/ports?network_id=3d7cac99-6342-4970-a274-ed4844109d71&device_owner=network%3Adhcp HTTP/1.1" status: 200 len: 210 time: 0.0199451
2026-04-21 18:53:55.453 9 INFO neutron.plugins.ml2.plugin [None req-34452092-acb4-4111-9eef-15ca9638616d - - - - - -] Attempt 1 to provision port 21cdfe5c-ca13-4d37-99ea-0a2a380ca90c
2026-04-21 18:53:55.524 9 INFO neutron.wsgi [req-1bdd203c-1d45-48f1-bcc4-4140f7328b02 req-445dc729-0f1b-4e4d-94b2-69153a29f46f 19b1c5d616224567a5f8865c16c248fd 890b6f60173f4f5e8db97dd9f780ce83 - - 31cd863d39cd4bd491f608bd169b5836 31cd863d39cd4bd491f608bd169b5836] 199.204.45.223 "GET /v2.0/networks/3d7cac99-6342-4970-a274-ed4844109d71?fields=segments HTTP/1.1" status: 200 len: 212 time: 0.0637574
2026-04-21 18:53:55.613 9 INFO neutron.wsgi [req-1bdd203c-1d45-48f1-bcc4-4140f7328b02 req-ae190d4c-dd25-4459-91e5-d42b619f9cb9 19b1c5d616224567a5f8865c16c248fd 890b6f60173f4f5e8db97dd9f780ce83 - - 31cd863d39cd4bd491f608bd169b5836 31cd863d39cd4bd491f608bd169b5836] 199.204.45.223 "GET /v2.0/networks/3d7cac99-6342-4970-a274-ed4844109d71?fields=provider%3Aphysical_network&fields=provider%3Anetwork_type HTTP/1.1" status: 200 len: 277 time: 0.0810215
2026-04-21 18:53:55.769 9 INFO neutron.db.ovn_revision_numbers_db [None req-34452092-acb4-4111-9eef-15ca9638616d - - - - - -] Successfully bumped revision number for resource 21cdfe5c-ca13-4d37-99ea-0a2a380ca90c (type: ports) to 4
2026-04-21 18:53:55.804 10 INFO neutron.wsgi [req-cdcc4894-940d-455d-8d28-58edb736eff8 req-df0b7b1a-65c8-4b39-a813-3f18f070e31d f19f6d36e50548f684f50bd68339797b 5b06fc6a46de4cb0ab2f43d7bb4218e3 - - default default] 10.0.0.199 "GET /v2.0/ports?device_id=47051a30-3815-40ef-96d9-be4f7bcc5aae HTTP/1.1" status: 200 len: 1170 time: 0.1107950
2026-04-21 18:53:55.861 10 INFO neutron.wsgi [req-cdcc4894-940d-455d-8d28-58edb736eff8 req-8a74c3db-2a6c-430f-a3ec-afc8019e54f5 f19f6d36e50548f684f50bd68339797b 5b06fc6a46de4cb0ab2f43d7bb4218e3 - - default default] 10.0.0.199 "GET /v2.0/security-groups?id=7d9726eb-98bf-412e-8db8-1b387cf5f999&fields=id&fields=name HTTP/1.1" status: 200 len: 313 time: 0.0469456 /var/lib/openstack/lib/python3.10/site-packages/pycadf/identifier.py:71: UserWarning: Invalid uuid: neutron. To ensure interoperability, identifiers should be a valid uuid. warnings.warn(('Invalid uuid: %s. To ensure interoperability, '
2026-04-21 18:53:55.984 9 INFO neutron.wsgi [req-560911da-4449-4c03-94f5-045769c0ae50 req-d8e57dc3-4159-4bc0-af94-1fbe7059ec21 19b1c5d616224567a5f8865c16c248fd 890b6f60173f4f5e8db97dd9f780ce83 - - 31cd863d39cd4bd491f608bd169b5836 31cd863d39cd4bd491f608bd169b5836] 199.204.45.223 "GET /v2.0/ports?device_id=26dafc27-7925-42c6-bc55-9ef2043c5487&fields=binding%3Ahost_id&fields=binding%3Avif_type HTTP/1.1" status: 200 len: 265 time: 0.0344746
2026-04-21 18:53:56.162 9 INFO neutron.wsgi [req-560911da-4449-4c03-94f5-045769c0ae50 req-19d06587-82ce-4ae0-b813-6affb69e8f7c 19b1c5d616224567a5f8865c16c248fd 890b6f60173f4f5e8db97dd9f780ce83 - - 31cd863d39cd4bd491f608bd169b5836 31cd863d39cd4bd491f608bd169b5836] 199.204.45.223 "GET /v2.0/ports?tenant_id=e32114965b4840efa09072f014297b37&device_id=26dafc27-7925-42c6-bc55-9ef2043c5487 HTTP/1.1" status: 200 len: 1409 time: 0.0333502
2026-04-21 18:53:56.246 9 INFO neutron.wsgi [req-560911da-4449-4c03-94f5-045769c0ae50 req-60985f62-8c0a-485a-a3c2-c95283c8adfb 19b1c5d616224567a5f8865c16c248fd 890b6f60173f4f5e8db97dd9f780ce83 - - 31cd863d39cd4bd491f608bd169b5836 31cd863d39cd4bd491f608bd169b5836] 199.204.45.223 "GET /v2.0/networks?id=ef92f355-6197-45c4-9011-db2cb63a20e5 HTTP/1.1" status: 200 len: 972 time: 0.0651951
2026-04-21 18:53:56.308 9 INFO neutron.wsgi [req-560911da-4449-4c03-94f5-045769c0ae50 req-ec53c251-4008-439a-a62c-70da83a75d57 19b1c5d616224567a5f8865c16c248fd 890b6f60173f4f5e8db97dd9f780ce83 - - 31cd863d39cd4bd491f608bd169b5836 31cd863d39cd4bd491f608bd169b5836] 199.204.45.223 "GET /v2.0/floatingips?fixed_ip_address=10.100.0.3&port_id=36e6ed3d-efba-4b12-ac10-568c388ec336 HTTP/1.1" status: 200 len: 1059 time: 0.0544293
2026-04-21 18:53:56.334 9 INFO neutron.wsgi [req-a0c0356a-636d-4752-ae4b-651d6b4cbb32 req-57d6b866-4eb8-4be0-a5de-172658bc9327 9b5876969c614bd790e441a74f91c513 f77e5251175e4d6d979ede1bebb53a77 - - default default] 10.0.0.199 "GET /v2.0/ports?device_id=2b1820d2-585f-4a71-bf51-cdb913b9e749 HTTP/1.1" status: 200 len: 1174 time: 0.0495048
2026-04-21 18:53:56.378 9 INFO neutron.wsgi [req-560911da-4449-4c03-94f5-045769c0ae50 req-95f96c12-eb1d-4f8b-86de-48240a4426af 19b1c5d616224567a5f8865c16c248fd 890b6f60173f4f5e8db97dd9f780ce83 - - 31cd863d39cd4bd491f608bd169b5836 31cd863d39cd4bd491f608bd169b5836] 199.204.45.223 "GET /v2.0/subnets?id=64cf19f7-e7a8-4576-936b-690dac570536 HTTP/1.1" status: 200 len: 869 time: 0.0605795
2026-04-21 18:53:56.408 9 INFO neutron.wsgi [req-a0c0356a-636d-4752-ae4b-651d6b4cbb32 req-af7772f0-a288-46ab-a5ad-6547a2221df8 9b5876969c614bd790e441a74f91c513 f77e5251175e4d6d979ede1bebb53a77 - - default default] 10.0.0.199 "GET /v2.0/security-groups?id=3adae08f-fa34-4e16-a85b-e99085630a7f&fields=id&fields=name HTTP/1.1" status: 200 len: 313 time: 0.0640497
2026-04-21 18:53:56.410 9 INFO neutron.notifiers.nova [-] Nova event matching ['req-7d319026-307c-409d-aad5-402fea5e19a7'] response: {'server_uuid': '2b1820d2-585f-4a71-bf51-cdb913b9e749', 'name': 'network-vif-plugged', 'status': 'completed', 'tag': 'ac26dd1e-1c2e-45a5-80a2-ae6e4fadb96b', 'code': 200}
2026-04-21 18:53:56.410 9 INFO neutron.notifiers.nova [-] Nova event matching ['req-7d319026-307c-409d-aad5-402fea5e19a7'] response: {'server_uuid': '2b1820d2-585f-4a71-bf51-cdb913b9e749', 'name': 'network-vif-plugged', 'status': 'completed', 'tag': 'ac26dd1e-1c2e-45a5-80a2-ae6e4fadb96b', 'code': 200}
2026-04-21 18:53:56.412 9 INFO neutron.notifiers.nova [-] Nova event matching ['req-7d319026-307c-409d-aad5-402fea5e19a7'] response: {'server_uuid': '47051a30-3815-40ef-96d9-be4f7bcc5aae', 'name': 'network-vif-plugged', 'status': 'completed', 'tag': '21cdfe5c-ca13-4d37-99ea-0a2a380ca90c', 'code': 200}
2026-04-21 18:53:56.412 9 INFO neutron.notifiers.nova [-] Nova event matching ['req-7d319026-307c-409d-aad5-402fea5e19a7'] response: {'server_uuid': '47051a30-3815-40ef-96d9-be4f7bcc5aae', 'name': 'network-vif-plugged', 'status': 'completed', 'tag': '21cdfe5c-ca13-4d37-99ea-0a2a380ca90c', 'code': 200}
2026-04-21 18:53:56.418 9 INFO neutron.wsgi [req-560911da-4449-4c03-94f5-045769c0ae50 req-7041d545-e376-4fe7-a731-644fc512c4f4 19b1c5d616224567a5f8865c16c248fd 890b6f60173f4f5e8db97dd9f780ce83 - - 31cd863d39cd4bd491f608bd169b5836 31cd863d39cd4bd491f608bd169b5836] 199.204.45.223 "GET /v2.0/ports?network_id=ef92f355-6197-45c4-9011-db2cb63a20e5&device_owner=network%3Adhcp HTTP/1.1" status: 200 len: 210 time: 0.0329573
2026-04-21 18:53:56.487 9 INFO neutron.wsgi [req-560911da-4449-4c03-94f5-045769c0ae50 req-9a244bc1-ba36-4396-983e-0108f449c4c7 19b1c5d616224567a5f8865c16c248fd 890b6f60173f4f5e8db97dd9f780ce83 - - 31cd863d39cd4bd491f608bd169b5836 31cd863d39cd4bd491f608bd169b5836] 199.204.45.223 "GET /v2.0/networks/ef92f355-6197-45c4-9011-db2cb63a20e5?fields=segments HTTP/1.1" status: 200 len: 212 time: 0.0623569
2026-04-21 18:53:56.553 9 INFO neutron.wsgi [req-560911da-4449-4c03-94f5-045769c0ae50 req-f4dcd098-f5b6-4022-88c5-1c24eea10962 19b1c5d616224567a5f8865c16c248fd 890b6f60173f4f5e8db97dd9f780ce83 - - 31cd863d39cd4bd491f608bd169b5836 31cd863d39cd4bd491f608bd169b5836] 199.204.45.223 "GET /v2.0/networks/ef92f355-6197-45c4-9011-db2cb63a20e5?fields=provider%3Aphysical_network&fields=provider%3Anetwork_type HTTP/1.1" status: 200 len: 277 time: 0.0554924
2026-04-21 18:53:56.972 10 INFO neutron.wsgi [req-890a927c-3fa8-4cbd-bdfa-5d0f39bab132 req-f6b907e4-61ac-4ea6-9700-b73f4b1f25a5 f19f6d36e50548f684f50bd68339797b 5b06fc6a46de4cb0ab2f43d7bb4218e3 - - default default] 10.0.0.199 "GET /v2.0/ports?device_id=47051a30-3815-40ef-96d9-be4f7bcc5aae HTTP/1.1" status: 200 len: 1170 time: 0.0422440
2026-04-21 18:53:57.040 10 INFO neutron.wsgi [req-890a927c-3fa8-4cbd-bdfa-5d0f39bab132 req-e6851ac2-5c5c-4668-b421-1284d6c21c64 f19f6d36e50548f684f50bd68339797b 5b06fc6a46de4cb0ab2f43d7bb4218e3 - - default default] 10.0.0.199 "GET /v2.0/security-groups?id=7d9726eb-98bf-412e-8db8-1b387cf5f999&fields=id&fields=name HTTP/1.1" status: 200 len: 313 time: 0.0595562
2026-04-21 18:53:57.197 9 INFO neutron.wsgi [req-d1efc862-a86f-462e-8606-fcddd4dd7483 req-4a8bd217-89f6-4983-8063-9cf99c2ddee4 f19f6d36e50548f684f50bd68339797b 5b06fc6a46de4cb0ab2f43d7bb4218e3 - - default default] 10.0.0.199 "GET /v2.0/ports?device_id=47051a30-3815-40ef-96d9-be4f7bcc5aae HTTP/1.1" status: 200 len: 1170 time: 0.0955710
2026-04-21 18:53:57.416 9 INFO neutron.db.l3_db [None req-02f71217-d8f4-46ef-99ca-a895e4712105 f19f6d36e50548f684f50bd68339797b 5b06fc6a46de4cb0ab2f43d7bb4218e3 - - default default] Floating IP 7bb19257-ec28-455c-aae9-09019c9277cf associated. External IP: 10.96.250.203, port: 21cdfe5c-ca13-4d37-99ea-0a2a380ca90c.
2026-04-21 18:53:57.593 10 INFO neutron.wsgi [req-62fc220d-65e1-4223-8a05-6800acc03d1e req-7b20aca9-701e-4c4e-971e-3410b7f09c08 9b5876969c614bd790e441a74f91c513 f77e5251175e4d6d979ede1bebb53a77 - - default default] 10.0.0.199 "GET /v2.0/ports?device_id=2b1820d2-585f-4a71-bf51-cdb913b9e749 HTTP/1.1" status: 200 len: 1174 time: 0.1064730
2026-04-21 18:53:57.647 10 INFO neutron.wsgi [req-62fc220d-65e1-4223-8a05-6800acc03d1e req-190427c8-732b-4db7-8473-fe6e6e61fe66 9b5876969c614bd790e441a74f91c513 f77e5251175e4d6d979ede1bebb53a77 - - default default] 10.0.0.199 "GET /v2.0/security-groups?id=3adae08f-fa34-4e16-a85b-e99085630a7f&fields=id&fields=name HTTP/1.1" status: 200 len: 313 time: 0.0464149
2026-04-21 18:53:57.662 9 INFO neutron.db.ovn_revision_numbers_db [None req-02f71217-d8f4-46ef-99ca-a895e4712105 f19f6d36e50548f684f50bd68339797b 5b06fc6a46de4cb0ab2f43d7bb4218e3 - - default default] Successfully bumped revision number for resource 7bb19257-ec28-455c-aae9-09019c9277cf (type: floatingips) to 1 /var/lib/openstack/lib/python3.10/site-packages/pycadf/identifier.py:71: UserWarning: Invalid uuid: neutron. To ensure interoperability, identifiers should be a valid uuid. warnings.warn(('Invalid uuid: %s. To ensure interoperability, '
2026-04-21 18:53:57.836 9 INFO neutron.db.ovn_revision_numbers_db [None req-02f71217-d8f4-46ef-99ca-a895e4712105 f19f6d36e50548f684f50bd68339797b 5b06fc6a46de4cb0ab2f43d7bb4218e3 - - default default] Successfully bumped revision number for resource 7bb19257-ec28-455c-aae9-09019c9277cf (type: floatingips) to 2
2026-04-21 18:53:57.843 9 INFO neutron.wsgi [req-9c31dff5-308a-43a9-8a43-2a1fee9b1dc6 req-06642575-f582-4621-9daa-792f788bcff6 9b5876969c614bd790e441a74f91c513 f77e5251175e4d6d979ede1bebb53a77 - - default default] 10.0.0.199 "GET /v2.0/ports?device_id=2b1820d2-585f-4a71-bf51-cdb913b9e749 HTTP/1.1" status: 200 len: 1174 time: 0.1252730
2026-04-21 18:53:57.860 9 INFO neutron.wsgi [None req-02f71217-d8f4-46ef-99ca-a895e4712105 f19f6d36e50548f684f50bd68339797b 5b06fc6a46de4cb0ab2f43d7bb4218e3 - - default default] 10.0.0.30 "PUT /v2.0/floatingips/7bb19257-ec28-455c-aae9-09019c9277cf HTTP/1.1" status: 200 len: 1049 time: 0.6494484
2026-04-21 18:53:58.004 9 INFO neutron.wsgi [req-bc8c1581-7be5-4e1c-9585-1a7f80471a84 req-7207f5f1-7995-4241-9ea1-dc397bcd27fe f19f6d36e50548f684f50bd68339797b 5b06fc6a46de4cb0ab2f43d7bb4218e3 - - default default] 10.0.0.199 "GET /v2.0/ports?device_id=47051a30-3815-40ef-96d9-be4f7bcc5aae HTTP/1.1" status: 200 len: 1170 time: 0.0549295
2026-04-21 18:53:58.004 10 INFO neutron.wsgi [req-840209d1-d2be-4ff9-80c0-63bf10acd888 req-f862cd88-70d4-400d-a96b-2fdb28e8c707 d3b6d4d53672473eb7c75993d4d66652 e32114965b4840efa09072f014297b37 - - default default] 10.0.0.199 "GET /v2.0/ports?device_id=26dafc27-7925-42c6-bc55-9ef2043c5487 HTTP/1.1" status: 200 len: 1170 time: 0.2475603
2026-04-21 18:53:58.051 10 INFO neutron.wsgi [req-840209d1-d2be-4ff9-80c0-63bf10acd888 req-90c884c4-1afe-44c0-b4b3-e980bf00b87f d3b6d4d53672473eb7c75993d4d66652 e32114965b4840efa09072f014297b37 - - default default] 10.0.0.199 "GET /v2.0/security-groups?id=8448fd06-9f4d-4ec0-a178-c419b05cca43&fields=id&fields=name HTTP/1.1" status: 200 len: 313 time: 0.0380597
2026-04-21 18:53:58.149 10 INFO neutron.wsgi [req-18c2c976-50a9-467f-8d25-8a7dc36aa32b req-1c8b69e1-b363-4328-9299-942fe8e38b6b d3b6d4d53672473eb7c75993d4d66652 e32114965b4840efa09072f014297b37 - - default default] 10.0.0.199 "GET /v2.0/ports?device_id=26dafc27-7925-42c6-bc55-9ef2043c5487 HTTP/1.1" status: 200 len: 1170 time: 0.0332534
2026-04-21 18:53:58.204 10 INFO neutron.wsgi [req-18c2c976-50a9-467f-8d25-8a7dc36aa32b req-85356585-e335-459e-927d-9ce5a86f31f8 d3b6d4d53672473eb7c75993d4d66652 e32114965b4840efa09072f014297b37 - - default default] 10.0.0.199 "GET /v2.0/security-groups?id=8448fd06-9f4d-4ec0-a178-c419b05cca43&fields=id&fields=name HTTP/1.1" status: 200 len: 313 time: 0.0481868
2026-04-21 18:53:58.354 10 INFO neutron.wsgi [req-43e9822e-7792-4d22-a5cd-26b8ab1bf3b3 req-c3340576-5ba5-4b5e-8857-4dae714be005 9085c87053a3411bb3492c1a7d0bd413 eb8a7269c23041869067e9b2b0797f55 - - default default] 10.0.0.199 "GET /v2.0/ports?device_id=dec5179f-9079-433f-b77d-a2c73e0d711b HTTP/1.1" status: 200 len: 1174 time: 0.0894814
2026-04-21 18:53:58.425 10 WARNING neutron.plugins.ml2.drivers.ovn.mech_driver.ovsdb.ovn_client [None req-dceb0b9a-9d10-4954-b485-41370f18b3a0 - - - - - -] No hosting information found for port 75957c65-7505-4583-bf16-c535e8bcd0a7: RuntimeError: No hosting information found for port 75957c65-7505-4583-bf16-c535e8bcd0a7
2026-04-21 18:53:58.426 9 INFO neutron.wsgi [req-bc8c1581-7be5-4e1c-9585-1a7f80471a84 req-d8ac3a1d-a023-435d-8141-e6b37a1311e0 f19f6d36e50548f684f50bd68339797b 5b06fc6a46de4cb0ab2f43d7bb4218e3 - - default default] 10.0.0.199 "GET /v2.0/security-groups?id=7d9726eb-98bf-412e-8db8-1b387cf5f999&fields=id&fields=name HTTP/1.1" status: 200 len: 313 time: 0.4078140
2026-04-21 18:53:58.456 10 INFO neutron.wsgi [req-b5ec07c6-e984-4cac-8177-75f2eb283e2b req-13dbfa78-94bc-4924-9aff-cdcaee40876e 9085c87053a3411bb3492c1a7d0bd413 eb8a7269c23041869067e9b2b0797f55 - - default default] 10.0.0.199 "GET /v2.0/ports/6021316a-a031-4f63-8c55-75f2354b3b1c HTTP/1.1" status: 200 len: 1171 time: 0.0502627
2026-04-21 18:53:58.466 9 INFO neutron.notifiers.nova [-] Nova event matching ['req-b3c6a05e-01e2-44d0-ab4c-a2db92549949'] response: {'name': 'network-changed', 'server_uuid': '47051a30-3815-40ef-96d9-be4f7bcc5aae', 'tag': '21cdfe5c-ca13-4d37-99ea-0a2a380ca90c', 'status': 'completed', 'code': 200}
2026-04-21 18:53:58.494 9 INFO neutron.db.l3_db [None req-9b1c117b-0cc5-4724-9abc-000037f35dd6 9b5876969c614bd790e441a74f91c513 f77e5251175e4d6d979ede1bebb53a77 - - default default] Floating IP ed978784-1371-4dd3-8a99-1c9b3c4b172a associated. External IP: 10.96.250.210, port: ac26dd1e-1c2e-45a5-80a2-ae6e4fadb96b.
2026-04-21 18:53:58.539 9 INFO neutron.wsgi [req-9329876d-07a8-4f0b-b97d-c64f55e8f888 req-27528f14-4194-431d-8af2-d32504b0566c 19b1c5d616224567a5f8865c16c248fd 890b6f60173f4f5e8db97dd9f780ce83 - - 31cd863d39cd4bd491f608bd169b5836 31cd863d39cd4bd491f608bd169b5836] 199.204.45.223 "GET /v2.0/ports?tenant_id=5b06fc6a46de4cb0ab2f43d7bb4218e3&device_id=47051a30-3815-40ef-96d9-be4f7bcc5aae HTTP/1.1" status: 200 len: 1409 time: 0.0556753
2026-04-21 18:53:58.643 10 INFO neutron.wsgi [req-2b524d36-0dc2-4fe8-95a2-eb0e8e6772a8 req-e00eaa68-848d-4aa1-9719-12b074b8f3ac 19b1c5d616224567a5f8865c16c248fd 890b6f60173f4f5e8db97dd9f780ce83 - - 31cd863d39cd4bd491f608bd169b5836 31cd863d39cd4bd491f608bd169b5836] 199.204.45.223 "GET /v2.0/ports?tenant_id=e32114965b4840efa09072f014297b37&device_id=26dafc27-7925-42c6-bc55-9ef2043c5487 HTTP/1.1" status: 200 len: 1409 time: 0.0343072
2026-04-21 18:53:58.678 9 INFO neutron.wsgi [req-9329876d-07a8-4f0b-b97d-c64f55e8f888 req-ca3de368-aeee-4ab1-bbc6-597151ea5bd2 19b1c5d616224567a5f8865c16c248fd 890b6f60173f4f5e8db97dd9f780ce83 - - 31cd863d39cd4bd491f608bd169b5836 31cd863d39cd4bd491f608bd169b5836] 199.204.45.223 "GET /v2.0/networks?id=3d7cac99-6342-4970-a274-ed4844109d71 HTTP/1.1" status: 200 len: 968 time: 0.1297917
2026-04-21 18:53:58.749 10 INFO neutron.wsgi [req-2b524d36-0dc2-4fe8-95a2-eb0e8e6772a8 req-bf070f2f-8171-4303-9b83-d8365e3a9fc5 19b1c5d616224567a5f8865c16c248fd 890b6f60173f4f5e8db97dd9f780ce83 - - 31cd863d39cd4bd491f608bd169b5836 31cd863d39cd4bd491f608bd169b5836] 199.204.45.223 "GET /v2.0/networks?id=ef92f355-6197-45c4-9011-db2cb63a20e5 HTTP/1.1" status: 200 len: 972 time: 0.0957882
2026-04-21 18:53:58.825 10 INFO neutron.wsgi [req-2b524d36-0dc2-4fe8-95a2-eb0e8e6772a8 req-0e8eaa56-ee5c-425d-9e94-7da8b89280d7 19b1c5d616224567a5f8865c16c248fd 890b6f60173f4f5e8db97dd9f780ce83 - - 31cd863d39cd4bd491f608bd169b5836 31cd863d39cd4bd491f608bd169b5836] 199.204.45.223 "GET /v2.0/floatingips?fixed_ip_address=10.100.0.3&port_id=36e6ed3d-efba-4b12-ac10-568c388ec336 HTTP/1.1" status: 200 len: 1059 time: 0.0696704
2026-04-21 18:53:58.844 9 INFO neutron.wsgi [req-9329876d-07a8-4f0b-b97d-c64f55e8f888 req-b6914611-449c-41f4-b0f9-e3227c6a0922 19b1c5d616224567a5f8865c16c248fd 890b6f60173f4f5e8db97dd9f780ce83 - - 31cd863d39cd4bd491f608bd169b5836 31cd863d39cd4bd491f608bd169b5836] 199.204.45.223 "GET /v2.0/floatingips?fixed_ip_address=10.100.0.9&port_id=21cdfe5c-ca13-4d37-99ea-0a2a380ca90c HTTP/1.1" status: 200 len: 1059 time: 0.1515925
2026-04-21 18:53:58.866 9 INFO neutron.wsgi [req-fe261dd3-8c9a-429f-a1db-028f0ef37d2c req-49a78222-67e8-41a4-a547-189c1d9b823f d3b6d4d53672473eb7c75993d4d66652 e32114965b4840efa09072f014297b37 - - default default] 10.0.0.199 "GET /v2.0/ports?device_id=26dafc27-7925-42c6-bc55-9ef2043c5487 HTTP/1.1" status: 200 len: 1170 time: 0.2557449 /var/lib/openstack/lib/python3.10/site-packages/pycadf/identifier.py:71: UserWarning: Invalid uuid: neutron. To ensure interoperability, identifiers should be a valid uuid. warnings.warn(('Invalid uuid: %s. To ensure interoperability, '
2026-04-21 18:53:58.879 9 INFO neutron.plugins.ml2.drivers.ovn.mech_driver.mech_driver [None req-34452092-acb4-4111-9eef-15ca9638616d - - - - - -] OVN reports status down for port: 21cdfe5c-ca13-4d37-99ea-0a2a380ca90c
2026-04-21 18:53:58.902 10 INFO neutron.wsgi [req-2b524d36-0dc2-4fe8-95a2-eb0e8e6772a8 req-457d49a3-fe71-43e6-92c7-6a88777659d3 19b1c5d616224567a5f8865c16c248fd 890b6f60173f4f5e8db97dd9f780ce83 - - 31cd863d39cd4bd491f608bd169b5836 31cd863d39cd4bd491f608bd169b5836] 199.204.45.223 "GET /v2.0/subnets?id=64cf19f7-e7a8-4576-936b-690dac570536 HTTP/1.1" status: 200 len: 869 time: 0.0665536
2026-04-21 18:53:58.915 9 INFO neutron.wsgi [req-d3d16232-2481-4a3e-858f-61dde46722a9 req-ab3b937f-d692-4f6f-a47c-9e21f220fd65 9085c87053a3411bb3492c1a7d0bd413 eb8a7269c23041869067e9b2b0797f55 - - default default] 199.204.45.223 "GET /v2.0/subnets?network_id=4ce2d5bd-7090-4d74-834d-53fcf8f8ac8d HTTP/1.1" status: 200 len: 858 time: 0.2016914
2026-04-21 18:53:58.969 10 INFO neutron.wsgi [req-2b524d36-0dc2-4fe8-95a2-eb0e8e6772a8 req-6c618415-1bc8-4da7-bbde-2025b20debf1 19b1c5d616224567a5f8865c16c248fd 890b6f60173f4f5e8db97dd9f780ce83 - - 31cd863d39cd4bd491f608bd169b5836 31cd863d39cd4bd491f608bd169b5836] 199.204.45.223 "GET /v2.0/ports?network_id=ef92f355-6197-45c4-9011-db2cb63a20e5&device_owner=network%3Adhcp HTTP/1.1" status: 200 len: 210 time: 0.0604718
2026-04-21 18:53:58.974 10 INFO neutron.wsgi [req-a2307ed8-0488-4211-b148-864edde34641 req-60c8c04e-8e52-49f0-bedf-dbf4d34a5e2e f19f6d36e50548f684f50bd68339797b 5b06fc6a46de4cb0ab2f43d7bb4218e3 - - default default] 10.0.0.199 "GET /v2.0/ports?device_id=47051a30-3815-40ef-96d9-be4f7bcc5aae HTTP/1.1" status: 200 len: 1170 time: 0.1095695
2026-04-21 18:53:58.998 9 INFO neutron.wsgi [req-9329876d-07a8-4f0b-b97d-c64f55e8f888 req-7f2948c9-5b68-4ab2-875b-20000ad9639d 19b1c5d616224567a5f8865c16c248fd 890b6f60173f4f5e8db97dd9f780ce83 - - 31cd863d39cd4bd491f608bd169b5836 31cd863d39cd4bd491f608bd169b5836] 199.204.45.223 "GET /v2.0/subnets?id=79a8bd8c-4916-43e9-9908-7c1b3891af4d HTTP/1.1" status: 200 len: 863 time: 0.1388135
2026-04-21 18:53:59.019 9 INFO neutron.db.ovn_revision_numbers_db [None req-9b1c117b-0cc5-4724-9abc-000037f35dd6 9b5876969c614bd790e441a74f91c513 f77e5251175e4d6d979ede1bebb53a77 - - default default] Successfully bumped revision number for resource ed978784-1371-4dd3-8a99-1c9b3c4b172a (type: floatingips) to 1
2026-04-21 18:53:59.024 9 INFO neutron.wsgi [req-fe261dd3-8c9a-429f-a1db-028f0ef37d2c req-a396fb60-a8cb-4f07-bbf3-ac4cda5c274a d3b6d4d53672473eb7c75993d4d66652 e32114965b4840efa09072f014297b37 - - default default] 10.0.0.199 "GET /v2.0/security-groups?id=8448fd06-9f4d-4ec0-a178-c419b05cca43&fields=id&fields=name HTTP/1.1" status: 200 len: 313 time: 0.1412327
2026-04-21 18:53:59.048 10 INFO neutron.wsgi [req-a2307ed8-0488-4211-b148-864edde34641 req-62dcf2bc-d937-4eba-bef3-daea590c6ded f19f6d36e50548f684f50bd68339797b 5b06fc6a46de4cb0ab2f43d7bb4218e3 - - default default] 10.0.0.199 "GET /v2.0/security-groups?id=7d9726eb-98bf-412e-8db8-1b387cf5f999&fields=id&fields=name HTTP/1.1" status: 200 len: 313 time: 0.0649896
2026-04-21 18:53:59.051 9 INFO neutron.wsgi [req-9329876d-07a8-4f0b-b97d-c64f55e8f888 req-b52c4ee1-5a65-4260-9e96-759dba937c6b 19b1c5d616224567a5f8865c16c248fd 890b6f60173f4f5e8db97dd9f780ce83 - - 31cd863d39cd4bd491f608bd169b5836 31cd863d39cd4bd491f608bd169b5836] 199.204.45.223 "GET /v2.0/ports?network_id=3d7cac99-6342-4970-a274-ed4844109d71&device_owner=network%3Adhcp HTTP/1.1" status: 200 len: 210 time: 0.0432012
2026-04-21 18:53:59.089 10 INFO neutron.wsgi [req-2b524d36-0dc2-4fe8-95a2-eb0e8e6772a8 req-e19c0efb-823b-47d8-ab8f-5de75e1c8be2 19b1c5d616224567a5f8865c16c248fd 890b6f60173f4f5e8db97dd9f780ce83 - - 31cd863d39cd4bd491f608bd169b5836 31cd863d39cd4bd491f608bd169b5836] 199.204.45.223 "GET /v2.0/networks/ef92f355-6197-45c4-9011-db2cb63a20e5?fields=segments HTTP/1.1" status: 200 len: 212 time: 0.1115196
2026-04-21 18:53:59.151 10 INFO neutron.wsgi [req-2b524d36-0dc2-4fe8-95a2-eb0e8e6772a8 req-f2fc25ec-6db4-47e2-95d6-5b3acfac4dc0 19b1c5d616224567a5f8865c16c248fd 890b6f60173f4f5e8db97dd9f780ce83 - - 31cd863d39cd4bd491f608bd169b5836 31cd863d39cd4bd491f608bd169b5836] 199.204.45.223 "GET /v2.0/networks/ef92f355-6197-45c4-9011-db2cb63a20e5?fields=provider%3Aphysical_network&fields=provider%3Anetwork_type HTTP/1.1" status: 200 len: 277 time: 0.0563757
2026-04-21 18:53:59.169 9 INFO neutron.wsgi [req-d3d16232-2481-4a3e-858f-61dde46722a9 req-510dc88f-79d2-4b82-ac13-425510c339ba 9085c87053a3411bb3492c1a7d0bd413 eb8a7269c23041869067e9b2b0797f55 - - default default] 199.204.45.223 "GET /v2.0/ports?device_id=dec5179f-9079-433f-b77d-a2c73e0d711b&device_owner=compute%3Anova&network_id=4ce2d5bd-7090-4d74-834d-53fcf8f8ac8d HTTP/1.1" status: 200 len: 1174 time: 0.2410362
2026-04-21 18:53:59.228 10 INFO neutron.wsgi [req-2f327de7-348b-459c-a1f9-de33b46777e0 req-3b9629e4-0e91-450b-84d8-78bc9ab54b8c f19f6d36e50548f684f50bd68339797b 5b06fc6a46de4cb0ab2f43d7bb4218e3 - - default default] 199.204.45.223 "GET /v2.0/ports?device_id=47051a30-3815-40ef-96d9-be4f7bcc5aae HTTP/1.1" status: 200 len: 1168 time: 0.0414784
