2026-04-21 18:54:54.855 10 INFO neutron.db.ovn_revision_numbers_db [None req-df1df830-354d-406c-88fa-96622ee8c078 51210ff2caf348aba1d48e099831e1e5 efd7ca4470e34576a1ec1caacfc6fb6a - - default default] Successfully bumped revision number for resource aeed23c7-09c2-469e-9a31-f1646cc175de (type: networks) to 1
2026-04-21 18:54:54.882 10 INFO neutron.wsgi [None req-8450ef20-acb9-40e2-a2a3-5b8b0f8eb2a6 a560f7a31fa043c4b572983d0d7da060 a91cf072be544a80af3de4efd64dfaf0 - - default default] 10.0.0.30 "DELETE /v2.0/routers/56e2d6b1-1c5a-49ab-843d-8e4f6e40842e HTTP/1.1" status: 204 len: 168 time: 0.5534565
2026-04-21 18:54:54.963 10 INFO neutron.wsgi [None req-cb367f3f-8425-4255-9652-f2263d541d14 bfab3c41c9f843259b1e99d9f9e40bf9 fc73f2b01a3646a7b6860c8422d9f3f9 - - default default] 10.0.0.30 "GET /v2.0/networks/ff53780a-f249-411a-b19c-65e644148edc HTTP/1.1" status: 200 len: 866 time: 0.1097770
2026-04-21 18:54:55.042 10 INFO neutron.wsgi [None req-23f3e0bc-dcc0-4251-a791-50fc0921ed27 bfab3c41c9f843259b1e99d9f9e40bf9 fc73f2b01a3646a7b6860c8422d9f3f9 - - default default] 10.0.0.30 "GET /v2.0/subnets/56e429f4-60a4-4457-9c6c-7686a2c2f5b6 HTTP/1.1" status: 200 len: 843 time: 0.0677369
2026-04-21 18:54:55.079 10 INFO neutron.pecan_wsgi.hooks.translation [None req-d30360aa-456b-40ce-aa29-8eda728cb26d bfab3c41c9f843259b1e99d9f9e40bf9 fc73f2b01a3646a7b6860c8422d9f3f9 - - default default] DELETE failed (client error): The resource could not be found.
2026-04-21 18:54:55.082 10 INFO neutron.wsgi [None req-d30360aa-456b-40ce-aa29-8eda728cb26d bfab3c41c9f843259b1e99d9f9e40bf9 fc73f2b01a3646a7b6860c8422d9f3f9 - - default default] 10.0.0.30 "DELETE /v2.0/subnets/7a878836-3fa0-41e5-aac9-25d1437137a7 HTTP/1.1" status: 404 len: 337 time: 0.0317705
2026-04-21 18:54:55.111 10 INFO neutron.pecan_wsgi.hooks.translation [None req-6df5db0c-1020-4777-8d06-602439a151fd bfab3c41c9f843259b1e99d9f9e40bf9 fc73f2b01a3646a7b6860c8422d9f3f9 - - default default] DELETE failed (client error): The resource could not be found.
2026-04-21 18:54:55.113 10 INFO neutron.wsgi [None req-6df5db0c-1020-4777-8d06-602439a151fd bfab3c41c9f843259b1e99d9f9e40bf9 fc73f2b01a3646a7b6860c8422d9f3f9 - - default default] 10.0.0.30 "DELETE /v2.0/networks/052a3778-3083-4406-b610-0acd0b8b4d71 HTTP/1.1" status: 404 len: 339 time: 0.0257773
2026-04-21 18:54:55.163 10 WARNING neutron.scheduler.dhcp_agent_scheduler [None req-df1df830-354d-406c-88fa-96622ee8c078 51210ff2caf348aba1d48e099831e1e5 efd7ca4470e34576a1ec1caacfc6fb6a - - default default] No more DHCP agents
2026-04-21 18:54:55.171 10 WARNING neutron.api.rpc.agentnotifiers.dhcp_rpc_agent_api [None req-df1df830-354d-406c-88fa-96622ee8c078 51210ff2caf348aba1d48e099831e1e5 efd7ca4470e34576a1ec1caacfc6fb6a - - default default] Unable to schedule network aeed23c7-09c2-469e-9a31-f1646cc175de: no agents available; will retry on subsequent port and subnet creation events.
2026-04-21 18:54:55.234 10 INFO neutron.wsgi [None req-d5b6f6d1-ce00-4261-8aa0-c83a388642df a560f7a31fa043c4b572983d0d7da060 a91cf072be544a80af3de4efd64dfaf0 - - default default] 10.0.0.30 "DELETE /v2.0/subnets/10b0de80-ede8-46df-9d9f-8f20139dd546 HTTP/1.1" status: 204 len: 168 time: 0.3429942
2026-04-21 18:54:55.332 10 INFO neutron.db.ovn_revision_numbers_db [None req-df1df830-354d-406c-88fa-96622ee8c078 51210ff2caf348aba1d48e099831e1e5 efd7ca4470e34576a1ec1caacfc6fb6a - - default default] Successfully bumped revision number for resource 2438b2d6-d47d-4189-88b4-6d8aa2eb735b (type: ports) to 1
2026-04-21 18:54:55.431 10 INFO neutron.wsgi [None req-19d9782e-1d14-4253-9fb2-e2157775ea4d bfab3c41c9f843259b1e99d9f9e40bf9 fc73f2b01a3646a7b6860c8422d9f3f9 - - default default] 10.0.0.30 "DELETE /v2.0/subnets/56e429f4-60a4-4457-9c6c-7686a2c2f5b6 HTTP/1.1" status: 204 len: 168 time: 0.3137383
2026-04-21 18:54:55.431 9 INFO neutron.wsgi [None req-561910ec-1c32-413a-8c5e-f3f8d01e591e e0485c9aab5b4908a0298db2633dcd2b 523c342a98024c48a1ce0cda37582ced - - default default] 10.0.0.30 "DELETE /v2.0/security-groups/395ed615-0fc2-4638-a693-57edc49d89fa HTTP/1.1" status: 204 len: 168 time: 0.6165667
2026-04-21 18:54:55.441 10 INFO neutron.db.ovn_revision_numbers_db [None req-df1df830-354d-406c-88fa-96622ee8c078 51210ff2caf348aba1d48e099831e1e5 efd7ca4470e34576a1ec1caacfc6fb6a - - default default] Successfully bumped revision number for resource 05e2bcd6-e723-411f-8005-e5b357029e39 (type: networks) to 1
2026-04-21 18:54:55.677 10 WARNING neutron.scheduler.dhcp_agent_scheduler [None req-df1df830-354d-406c-88fa-96622ee8c078 51210ff2caf348aba1d48e099831e1e5 efd7ca4470e34576a1ec1caacfc6fb6a - - default default] No more DHCP agents
2026-04-21 18:54:55.681 10 WARNING neutron.api.rpc.agentnotifiers.dhcp_rpc_agent_api [None req-df1df830-354d-406c-88fa-96622ee8c078 51210ff2caf348aba1d48e099831e1e5 efd7ca4470e34576a1ec1caacfc6fb6a - - default default] Unable to schedule network 05e2bcd6-e723-411f-8005-e5b357029e39: no agents available; will retry on subsequent port and subnet creation events.
2026-04-21 18:54:55.777 10 INFO neutron.services.segments.plugin [-] Segment 6549d453-c347-4c6c-b58f-79ff14a9b5f3 resource provider aggregate not found
2026-04-21 18:54:55.783 10 INFO neutron.services.segments.plugin [-] Segment 6549d453-c347-4c6c-b58f-79ff14a9b5f3 resource provider aggregate not found
2026-04-21 18:54:55.799 10 INFO neutron.services.segments.plugin [-] Segment 6549d453-c347-4c6c-b58f-79ff14a9b5f3 resource provider not found; error: Placement Client Error (4xx): {"errors": [{"status": 404, "title": "Not Found", "detail": "The resource could not be found.\n\n No resource provider with uuid 6549d453-c347-4c6c-b58f-79ff14a9b5f3 found for delete ", "request_id": "req-806e71c3-812f-409b-9366-c2e62ffe7f30"}]}
2026-04-21 18:54:55.800 10 INFO neutron.services.segments.plugin [-] Segment 6549d453-c347-4c6c-b58f-79ff14a9b5f3 resource provider not found; error: Placement Client Error (4xx): {"errors": [{"status": 404, "title": "Not Found", "detail": "The resource could not be found.\n\n No resource provider with uuid 6549d453-c347-4c6c-b58f-79ff14a9b5f3 found for delete ", "request_id": "req-2c1e7de6-8c81-45f7-b5e1-57c6b49a0d71"}]}
2026-04-21 18:54:55.801 10 INFO neutron.db.ovn_revision_numbers_db [None req-df1df830-354d-406c-88fa-96622ee8c078 51210ff2caf348aba1d48e099831e1e5 efd7ca4470e34576a1ec1caacfc6fb6a - - default default] Successfully bumped revision number for resource 82040d52-7981-4487-a615-978f8be741c1 (type: ports) to 1
2026-04-21 18:54:55.828 10 INFO neutron.wsgi [None req-df1df830-354d-406c-88fa-96622ee8c078 51210ff2caf348aba1d48e099831e1e5 efd7ca4470e34576a1ec1caacfc6fb6a - - default default] 10.0.0.30 "POST /v2.0/networks HTTP/1.1" status: 201 len: 1444 time: 2.4174764
2026-04-21 18:54:55.839 10 INFO neutron.wsgi [None req-2f4f94a3-36f9-439a-9bed-ab0652d66972 a560f7a31fa043c4b572983d0d7da060 a91cf072be544a80af3de4efd64dfaf0 - - default default] 10.0.0.30 "DELETE /v2.0/networks/7e63b15f-01b6-4043-9907-0edf5ff01214 HTTP/1.1" status: 204 len: 168 time: 0.5962512
2026-04-21 18:54:55.888 9 INFO neutron.wsgi [None req-b2fce38d-9db9-4e33-ab96-29c18ed73fc4 bfab3c41c9f843259b1e99d9f9e40bf9 fc73f2b01a3646a7b6860c8422d9f3f9 - - default default] 10.0.0.30 "DELETE /v2.0/networks/ff53780a-f249-411a-b19c-65e644148edc HTTP/1.1" status: 204 len: 168 time: 0.4514196
2026-04-21 18:54:55.926 9 INFO neutron.wsgi [None req-48f2c334-3197-4504-9329-3343b76ed399 51210ff2caf348aba1d48e099831e1e5 efd7ca4470e34576a1ec1caacfc6fb6a - - default default] 10.0.0.30 "GET /v2.0/networks HTTP/1.1" status: 200 len: 2050 time: 0.0918541
2026-04-21 18:54:56.047 9 INFO neutron.services.segments.plugin [-] Segment 617f9b7d-eaf7-4bf0-87a0-bb62b732f682 resource provider aggregate not found
2026-04-21 18:54:56.058 9 INFO neutron.services.segments.plugin [-] Segment 617f9b7d-eaf7-4bf0-87a0-bb62b732f682 resource provider aggregate not found
2026-04-21 18:54:56.063 9 INFO neutron.services.segments.plugin [-] Segment 617f9b7d-eaf7-4bf0-87a0-bb62b732f682 resource provider not found; error: Placement Client Error (4xx): {"errors": [{"status": 404, "title": "Not Found", "detail": "The resource could not be found.\n\n No resource provider with uuid 617f9b7d-eaf7-4bf0-87a0-bb62b732f682 found for delete ", "request_id": "req-cb14d72b-b2fc-4bae-9792-cf6b78740f1e"}]}
2026-04-21 18:54:56.077 9 INFO neutron.services.segments.plugin [-] Segment 617f9b7d-eaf7-4bf0-87a0-bb62b732f682 resource provider not found; error: Placement Client Error (4xx): {"errors": [{"status": 404, "title": "Not Found", "detail": "The resource could not be found.\n\n No resource provider with uuid 617f9b7d-eaf7-4bf0-87a0-bb62b732f682 found for delete ", "request_id": "req-20713026-f19a-4cbe-b8c3-09406149646a"}]}
2026-04-21 18:54:56.300 10 WARNING neutron.scheduler.dhcp_agent_scheduler [None req-8f31958e-3b9d-4231-925a-4160629654ba a560f7a31fa043c4b572983d0d7da060 a91cf072be544a80af3de4efd64dfaf0 - - default default] No more DHCP agents
2026-04-21 18:54:56.302 10 WARNING neutron.api.rpc.agentnotifiers.dhcp_rpc_agent_api [None req-8f31958e-3b9d-4231-925a-4160629654ba a560f7a31fa043c4b572983d0d7da060 a91cf072be544a80af3de4efd64dfaf0 - - default default] Unable to schedule network e417b651-0188-41d9-b617-5b39c0cfe9cd: no agents available; will retry on subsequent port and subnet creation events.
2026-04-21 18:54:56.396 9 INFO neutron.wsgi [None req-d71ef7eb-e18f-4976-8242-962c0f03e2e8 51210ff2caf348aba1d48e099831e1e5 efd7ca4470e34576a1ec1caacfc6fb6a - - default default] 10.0.0.30 "DELETE /v2.0/networks/aeed23c7-09c2-469e-9a31-f1646cc175de HTTP/1.1" status: 204 len: 168 time: 0.4641793
2026-04-21 18:54:56.464 10 INFO neutron.db.ovn_revision_numbers_db [None req-8f31958e-3b9d-4231-925a-4160629654ba a560f7a31fa043c4b572983d0d7da060 a91cf072be544a80af3de4efd64dfaf0 - - default default] Successfully bumped revision number for resource 6ae47b10-dfc9-4dc5-b375-7d7ba2f01a6a (type: ports) to 1
2026-04-21 18:54:56.617 9 INFO neutron.wsgi [None req-dd11d4f9-82bc-40d0-8dd8-aa193b37926a e0485c9aab5b4908a0298db2633dcd2b 523c342a98024c48a1ce0cda37582ced - - default default] 10.0.0.30 "GET /v2.0/security-groups?tenant_id=fc73f2b01a3646a7b6860c8422d9f3f9&name=default HTTP/1.1" status: 200 len: 2996 time: 0.1959343
2026-04-21 18:54:56.826 9 INFO neutron.wsgi [None req-c2283887-4b5a-4209-8783-fec9d3201ac3 e0485c9aab5b4908a0298db2633dcd2b 523c342a98024c48a1ce0cda37582ced - - default default] 10.0.0.30 "DELETE /v2.0/security-groups/c8ed5fb4-9651-4ac2-a645-d4cdd59b19b9 HTTP/1.1" status: 204 len: 168 time: 0.2025547
2026-04-21 18:54:57.098 10 INFO neutron.wsgi [None req-78000650-edb4-4051-93ec-b71efc3c44a7 51210ff2caf348aba1d48e099831e1e5 efd7ca4470e34576a1ec1caacfc6fb6a - - default default] 10.0.0.30 "DELETE /v2.0/networks/05e2bcd6-e723-411f-8005-e5b357029e39 HTTP/1.1" status: 204 len: 168 time: 0.6940186
2026-04-21 18:54:57.193 10 INFO neutron.wsgi [None req-68518c66-d6ab-4f8c-83c0-f1b798a3217c 51210ff2caf348aba1d48e099831e1e5 efd7ca4470e34576a1ec1caacfc6fb6a - - default default] 10.0.0.30 "GET /v2.0/networks HTTP/1.1" status: 200 len: 845 time: 0.0908689
2026-04-21 18:54:57.286 9 INFO neutron.db.segments_db [None req-b3119965-773a-4dfc-9420-cd566e7901a6 51210ff2caf348aba1d48e099831e1e5 efd7ca4470e34576a1ec1caacfc6fb6a - - default default] Added segment 52a2655a-c2ad-4b51-bb26-062ee15cb712 of type geneve for network 22b643af-f597-4bda-b115-a33761291497
2026-04-21 18:54:57.378 10 INFO neutron.db.ovn_revision_numbers_db [None req-8f31958e-3b9d-4231-925a-4160629654ba a560f7a31fa043c4b572983d0d7da060 a91cf072be544a80af3de4efd64dfaf0 - - default default] Successfully bumped revision number for resource 6ae47b10-dfc9-4dc5-b375-7d7ba2f01a6a (type: router_ports) to 1
2026-04-21 18:54:57.416 9 INFO neutron.db.ovn_revision_numbers_db [None req-b3119965-773a-4dfc-9420-cd566e7901a6 51210ff2caf348aba1d48e099831e1e5 efd7ca4470e34576a1ec1caacfc6fb6a - - default default] Successfully bumped revision number for resource 22b643af-f597-4bda-b115-a33761291497 (type: networks) to 1
2026-04-21 18:54:57.464 10 INFO neutron.db.ovn_revision_numbers_db [None req-8f31958e-3b9d-4231-925a-4160629654ba a560f7a31fa043c4b572983d0d7da060 a91cf072be544a80af3de4efd64dfaf0 - - default default] Successfully bumped revision number for resource 654c1c62-69c0-4300-b9f4-ac3f06a347bb (type: routers) to 2
2026-04-21 18:54:57.485 10 INFO neutron.wsgi [None req-8f31958e-3b9d-4231-925a-4160629654ba a560f7a31fa043c4b572983d0d7da060 a91cf072be544a80af3de4efd64dfaf0 - - default default] 10.0.0.30 "POST /v2.0/routers HTTP/1.1" status: 201 len: 872 time: 1.6380095
2026-04-21 18:54:57.583 10 INFO neutron.wsgi [None req-d67346cc-0181-43a5-b94d-23a1dacf41d2 a560f7a31fa043c4b572983d0d7da060 a91cf072be544a80af3de4efd64dfaf0 - - default default] 10.0.0.30 "GET /v2.0/routers/654c1c62-69c0-4300-b9f4-ac3f06a347bb HTTP/1.1" status: 200 len: 873 time: 0.0877447
2026-04-21 18:54:57.675 9 WARNING neutron.scheduler.dhcp_agent_scheduler [None req-b3119965-773a-4dfc-9420-cd566e7901a6 51210ff2caf348aba1d48e099831e1e5 efd7ca4470e34576a1ec1caacfc6fb6a - - default default] No more DHCP agents
2026-04-21 18:54:57.677 9 WARNING neutron.api.rpc.agentnotifiers.dhcp_rpc_agent_api [None req-b3119965-773a-4dfc-9420-cd566e7901a6 51210ff2caf348aba1d48e099831e1e5 efd7ca4470e34576a1ec1caacfc6fb6a - - default default] Unable to schedule network 22b643af-f597-4bda-b115-a33761291497: no agents available; will retry on subsequent port and subnet creation events.
2026-04-21 18:54:57.714 10 INFO neutron.wsgi [None req-3f2bb409-c653-46a5-b49a-51c7ef568fe2 a560f7a31fa043c4b572983d0d7da060 a91cf072be544a80af3de4efd64dfaf0 - - default default] 10.0.0.30 "GET /v2.0/routers HTTP/1.1" status: 200 len: 876 time: 0.1221035
2026-04-21 18:54:57.765 9 INFO neutron.db.ovn_revision_numbers_db [None req-b3119965-773a-4dfc-9420-cd566e7901a6 51210ff2caf348aba1d48e099831e1e5 efd7ca4470e34576a1ec1caacfc6fb6a - - default default] Successfully bumped revision number for resource 3869dba4-496f-40be-b2d1-19942c474ee1 (type: ports) to 1
2026-04-21 18:54:57.788 9 INFO neutron.wsgi [None req-b3119965-773a-4dfc-9420-cd566e7901a6 51210ff2caf348aba1d48e099831e1e5 efd7ca4470e34576a1ec1caacfc6fb6a - - default default] 10.0.0.30 "POST /v2.0/networks HTTP/1.1" status: 201 len: 852 time: 0.5856521
2026-04-21 18:54:57.848 10 INFO neutron.services.segments.plugin [-] Segment 064c47e7-af15-4b64-ba54-b84d4dac4798 resource provider aggregate not found
2026-04-21 18:54:57.853 10 INFO neutron.services.segments.plugin [-] Segment 064c47e7-af15-4b64-ba54-b84d4dac4798 resource provider aggregate not found
2026-04-21 18:54:57.872 10 INFO neutron.services.segments.plugin [-] Segment 064c47e7-af15-4b64-ba54-b84d4dac4798 resource provider not found; error: Placement Client Error (4xx): {"errors": [{"status": 404, "title": "Not Found", "detail": "The resource could not be found.\n\n No resource provider with uuid 064c47e7-af15-4b64-ba54-b84d4dac4798 found for delete ", "request_id": "req-34054533-7651-4310-9566-2eaab241bc60"}]}
2026-04-21 18:54:57.876 10 INFO neutron.services.segments.plugin [-] Segment 064c47e7-af15-4b64-ba54-b84d4dac4798 resource provider not found; error: Placement Client Error (4xx): {"errors": [{"status": 404, "title": "Not Found", "detail": "The resource could not be found.\n\n No resource provider with uuid 064c47e7-af15-4b64-ba54-b84d4dac4798 found for delete ", "request_id": "req-72761ee6-f62a-4762-8dcd-aa7c6e3ba47f"}]}
2026-04-21 18:54:57.950 10 INFO neutron.db.segments_db [None req-275fdb5c-7ca6-4512-b602-049c97018854 51210ff2caf348aba1d48e099831e1e5 efd7ca4470e34576a1ec1caacfc6fb6a - - default default] Added segment 131defcc-5e2e-43e4-a922-fc70a4cba32b of type geneve for network 8752ca23-6949-4b28-8c4d-eb0200de179b
2026-04-21 18:54:58.092 9 INFO neutron.services.segments.plugin [-] Segment 2934abe6-31b0-417c-a345-74a85f1338db resource provider aggregate not found
2026-04-21 18:54:58.108 9 INFO neutron.services.segments.plugin [-] Segment 2934abe6-31b0-417c-a345-74a85f1338db resource provider aggregate not found
2026-04-21 18:54:58.117 9 INFO neutron.services.segments.plugin [-] Segment 2934abe6-31b0-417c-a345-74a85f1338db resource provider not found; error: Placement Client Error (4xx): {"errors": [{"status": 404, "title": "Not Found", "detail": "The resource could not be found.\n\n No resource provider with uuid 2934abe6-31b0-417c-a345-74a85f1338db found for delete ", "request_id": "req-00ecc471-d439-4a57-8355-50d9a1c1035e"}]}
2026-04-21 18:54:58.127 9 INFO neutron.services.segments.plugin [-] Segment 2934abe6-31b0-417c-a345-74a85f1338db resource provider not found; error: Placement Client Error (4xx): {"errors": [{"status": 404, "title": "Not Found", "detail": "The resource could not be found.\n\n No resource provider with uuid 2934abe6-31b0-417c-a345-74a85f1338db found for delete ", "request_id": "req-f3fa82e8-b85f-4a17-972b-9f287436c4cf"}]}
2026-04-21 18:54:58.152 10 INFO neutron.db.ovn_revision_numbers_db [None req-275fdb5c-7ca6-4512-b602-049c97018854 51210ff2caf348aba1d48e099831e1e5 efd7ca4470e34576a1ec1caacfc6fb6a - - default default] Successfully bumped revision number for resource 8752ca23-6949-4b28-8c4d-eb0200de179b (type: networks) to 1
2026-04-21 18:54:58.562 10 WARNING neutron.plugins.ml2.drivers.ovn.mech_driver.ovsdb.ovn_client [None req-dceb0b9a-9d10-4954-b485-41370f18b3a0 - - - - - -] No port found with ID 0129f050-1e7c-48ff-a830-936a476a118e: RuntimeError: No port found with ID 0129f050-1e7c-48ff-a830-936a476a118e
2026-04-21 18:54:58.562 10 INFO neutron.plugins.ml2.drivers.ovn.mech_driver.mech_driver [None req-dceb0b9a-9d10-4954-b485-41370f18b3a0 - - - - - -] OVN reports status up for port: 6ae47b10-dfc9-4dc5-b375-7d7ba2f01a6a
2026-04-21 18:54:58.579 10 INFO neutron.plugins.ml2.plugin [None req-dceb0b9a-9d10-4954-b485-41370f18b3a0 - - - - - -] Attempt 1 to provision port 6ae47b10-dfc9-4dc5-b375-7d7ba2f01a6a
2026-04-21 18:54:58.721 10 INFO neutron.db.ovn_revision_numbers_db [None req-a1e78fac-3572-4281-995c-dbfa30902067 a560f7a31fa043c4b572983d0d7da060 a91cf072be544a80af3de4efd64dfaf0 - - default default] Successfully bumped revision number for resource 654c1c62-69c0-4300-b9f4-ac3f06a347bb (type: routers) to 3
2026-04-21 18:54:58.724 10 INFO neutron.wsgi [None req-a1e78fac-3572-4281-995c-dbfa30902067 a560f7a31fa043c4b572983d0d7da060 a91cf072be544a80af3de4efd64dfaf0 - - default default] 10.0.0.30 "PUT /v2.0/routers/654c1c62-69c0-4300-b9f4-ac3f06a347bb HTTP/1.1" status: 200 len: 880 time: 1.0045142
2026-04-21 18:54:58.788 10 WARNING neutron.scheduler.dhcp_agent_scheduler [None req-275fdb5c-7ca6-4512-b602-049c97018854 51210ff2caf348aba1d48e099831e1e5 efd7ca4470e34576a1ec1caacfc6fb6a - - default default] No more DHCP agents
2026-04-21 18:54:58.790 10 WARNING neutron.api.rpc.agentnotifiers.dhcp_rpc_agent_api [None req-275fdb5c-7ca6-4512-b602-049c97018854 51210ff2caf348aba1d48e099831e1e5 efd7ca4470e34576a1ec1caacfc6fb6a - - default default] Unable to schedule network 8752ca23-6949-4b28-8c4d-eb0200de179b: no agents available; will retry on subsequent port and subnet creation events.
2026-04-21 18:54:58.803 9 INFO neutron.wsgi [None req-bcfa2ea2-aca2-46a9-bdfc-54287e6fd2ff a560f7a31fa043c4b572983d0d7da060 a91cf072be544a80af3de4efd64dfaf0 - - default default] 10.0.0.30 "GET /v2.0/routers/654c1c62-69c0-4300-b9f4-ac3f06a347bb HTTP/1.1" status: 200 len: 880 time: 0.0724335
2026-04-21 18:54:58.831 10 INFO neutron.wsgi [None req-3654fd0f-48ad-40f6-9088-2a5fa7e3182b a560f7a31fa043c4b572983d0d7da060 a91cf072be544a80af3de4efd64dfaf0 - - default default] 10.0.0.30 "GET /v2.0/ports?device_id=654c1c62-69c0-4300-b9f4-ac3f06a347bb HTTP/1.1" status: 200 len: 205 time: 0.0219681
2026-04-21 18:54:58.871 10 INFO neutron.db.ovn_revision_numbers_db [None req-275fdb5c-7ca6-4512-b602-049c97018854 51210ff2caf348aba1d48e099831e1e5 efd7ca4470e34576a1ec1caacfc6fb6a - - default default] Successfully bumped revision number for resource 979fc4a2-8bbf-46fd-b719-4199c31daabd (type: ports) to 1
2026-04-21 18:54:58.893 10 INFO neutron.wsgi [None req-275fdb5c-7ca6-4512-b602-049c97018854 51210ff2caf348aba1d48e099831e1e5 efd7ca4470e34576a1ec1caacfc6fb6a - - default default] 10.0.0.30 "POST /v2.0/networks HTTP/1.1" status: 201 len: 853 time: 1.0969512
2026-04-21 18:54:58.959 9 INFO neutron.db.ovn_revision_numbers_db [None req-f0471495-5e37-4d19-98ba-2252057f6da2 69250e5e03dd4c58a7318259e32ecc14 402c26e94928475487aa700f72996c52 - - default default] Successfully bumped revision number for resource 904fec4a-c5e0-4dfc-bb64-32c4fb75b208 (type: security_groups) to 1
2026-04-21 18:54:58.997 9 INFO neutron.db.ovn_revision_numbers_db [None req-f0471495-5e37-4d19-98ba-2252057f6da2 69250e5e03dd4c58a7318259e32ecc14 402c26e94928475487aa700f72996c52 - - default default] Successfully bumped revision number for resource 49080a8c-3435-45f6-ae31-1f2b59bb3f66 (type: security_group_rules) to 0
2026-04-21 18:54:59.034 9 INFO neutron.db.ovn_revision_numbers_db [None req-f0471495-5e37-4d19-98ba-2252057f6da2 69250e5e03dd4c58a7318259e32ecc14 402c26e94928475487aa700f72996c52 - - default default] Successfully bumped revision number for resource 57721f8d-ebf0-4684-a037-108b833d572c (type: security_group_rules) to 0
2026-04-21 18:54:59.063 9 INFO neutron.db.ovn_revision_numbers_db [None req-f0471495-5e37-4d19-98ba-2252057f6da2 69250e5e03dd4c58a7318259e32ecc14 402c26e94928475487aa700f72996c52 - - default default] Successfully bumped revision number for resource 6b7d3164-ebe6-4c68-822e-fc6743fda29d (type: security_group_rules) to 0
2026-04-21 18:54:59.091 9 INFO neutron.db.ovn_revision_numbers_db [None req-f0471495-5e37-4d19-98ba-2252057f6da2 69250e5e03dd4c58a7318259e32ecc14 402c26e94928475487aa700f72996c52 - - default default] Successfully bumped revision number for resource 8a163d0f-e2b0-4b78-800f-3eeb3de47fe0 (type: security_group_rules) to 0
2026-04-21 18:54:59.148 9 INFO neutron.db.segments_db [None req-f0471495-5e37-4d19-98ba-2252057f6da2 69250e5e03dd4c58a7318259e32ecc14 402c26e94928475487aa700f72996c52 - - default default] Added segment fdbbd1b7-fc8f-4143-a58a-ef83113f7ed0 of type geneve for network 1ecd305e-bab4-46c0-8a25-82eadc80f177
2026-04-21 18:54:59.398 9 INFO neutron.db.ovn_revision_numbers_db [None req-f0471495-5e37-4d19-98ba-2252057f6da2 69250e5e03dd4c58a7318259e32ecc14 402c26e94928475487aa700f72996c52 - - default default] Successfully bumped revision number for resource 1ecd305e-bab4-46c0-8a25-82eadc80f177 (type: networks) to 1
2026-04-21 18:54:59.692 9 WARNING neutron.scheduler.dhcp_agent_scheduler [None req-f0471495-5e37-4d19-98ba-2252057f6da2 69250e5e03dd4c58a7318259e32ecc14 402c26e94928475487aa700f72996c52 - - default default] No more DHCP agents
2026-04-21 18:54:59.696 9 WARNING neutron.api.rpc.agentnotifiers.dhcp_rpc_agent_api [None req-f0471495-5e37-4d19-98ba-2252057f6da2 69250e5e03dd4c58a7318259e32ecc14 402c26e94928475487aa700f72996c52 - - default default] Unable to schedule network 1ecd305e-bab4-46c0-8a25-82eadc80f177: no agents available; will retry on subsequent port and subnet creation events.
2026-04-21 18:54:59.751 9 WARNING neutron.scheduler.dhcp_agent_scheduler [None req-801c5a0a-e753-4798-89b3-1d8b57bf1f9c 51210ff2caf348aba1d48e099831e1e5 efd7ca4470e34576a1ec1caacfc6fb6a - - default default] No more DHCP agents
2026-04-21 18:54:59.766 9 WARNING neutron.api.rpc.agentnotifiers.dhcp_rpc_agent_api [None req-801c5a0a-e753-4798-89b3-1d8b57bf1f9c 51210ff2caf348aba1d48e099831e1e5 efd7ca4470e34576a1ec1caacfc6fb6a - - default default] Unable to schedule network 22b643af-f597-4bda-b115-a33761291497: no agents available; will retry on subsequent port and subnet creation events.
2026-04-21 18:54:59.856 9 INFO neutron.db.ovn_revision_numbers_db [None req-f0471495-5e37-4d19-98ba-2252057f6da2 69250e5e03dd4c58a7318259e32ecc14 402c26e94928475487aa700f72996c52 - - default default] Successfully bumped revision number for resource 14d66a21-50c0-4efd-96d7-3b392769b8df (type: ports) to 1
2026-04-21 18:54:59.871 9 INFO neutron.wsgi [None req-cf36b0c6-62b7-4576-b325-69949db07633 a560f7a31fa043c4b572983d0d7da060 a91cf072be544a80af3de4efd64dfaf0 - - default default] 10.0.0.30 "DELETE /v2.0/routers/654c1c62-69c0-4300-b9f4-ac3f06a347bb HTTP/1.1" status: 204 len: 168 time: 1.0314572
2026-04-21 18:54:59.889 9 INFO neutron.wsgi [None req-f0471495-5e37-4d19-98ba-2252057f6da2 69250e5e03dd4c58a7318259e32ecc14 402c26e94928475487aa700f72996c52 - - default default] 10.0.0.30 "POST /v2.0/networks HTTP/1.1" status: 201 len: 842 time: 1.2980819
2026-04-21 18:54:59.890 9 INFO neutron.db.ovn_revision_numbers_db [None req-801c5a0a-e753-4798-89b3-1d8b57bf1f9c 51210ff2caf348aba1d48e099831e1e5 efd7ca4470e34576a1ec1caacfc6fb6a - - default default] Successfully bumped revision number for resource 5c856857-5f3d-4041-a481-56c769e0dc85 (type: ports) to 1
2026-04-21 18:54:59.908 10 INFO neutron.wsgi [None req-a20d39f2-01b2-40b0-bbb6-1b4817c7e8dd a560f7a31fa043c4b572983d0d7da060 a91cf072be544a80af3de4efd64dfaf0 - - default default] 10.0.0.30 "GET /v2.0/ports?device_id=654c1c62-69c0-4300-b9f4-ac3f06a347bb HTTP/1.1" status: 200 len: 205 time: 0.0284903 /var/lib/openstack/lib/python3.10/site-packages/pycadf/identifier.py:71: UserWarning: Invalid uuid: neutron. To ensure interoperability, identifiers should be a valid uuid. warnings.warn(('Invalid uuid: %s. To ensure interoperability, '
2026-04-21 18:54:59.930 9 WARNING neutron.scheduler.dhcp_agent_scheduler [None req-801c5a0a-e753-4798-89b3-1d8b57bf1f9c 51210ff2caf348aba1d48e099831e1e5 efd7ca4470e34576a1ec1caacfc6fb6a - - default default] No more DHCP agents
2026-04-21 18:54:59.935 9 WARNING neutron.api.rpc.agentnotifiers.dhcp_rpc_agent_api [None req-801c5a0a-e753-4798-89b3-1d8b57bf1f9c 51210ff2caf348aba1d48e099831e1e5 efd7ca4470e34576a1ec1caacfc6fb6a - - default default] Unable to schedule network 8752ca23-6949-4b28-8c4d-eb0200de179b: no agents available; will retry on subsequent port and subnet creation events.
2026-04-21 18:54:59.940 10 INFO neutron.api.v2.resource [None req-9dddb9e3-bfec-49e7-b528-659994f6b077 a560f7a31fa043c4b572983d0d7da060 a91cf072be544a80af3de4efd64dfaf0 - - default default] delete failed (client error): The resource could not be found.
2026-04-21 18:54:59.941 10 INFO neutron.wsgi [None req-9dddb9e3-bfec-49e7-b528-659994f6b077 a560f7a31fa043c4b572983d0d7da060 a91cf072be544a80af3de4efd64dfaf0 - - default default] 10.0.0.30 "DELETE /v2.0/routers/654c1c62-69c0-4300-b9f4-ac3f06a347bb HTTP/1.1" status: 404 len: 336 time: 0.0286515
2026-04-21 18:54:59.971 10 INFO neutron.wsgi [None req-fd0e4351-f9b5-4654-b6da-4410a3603fa5 a560f7a31fa043c4b572983d0d7da060 a91cf072be544a80af3de4efd64dfaf0 - - default default] 10.0.0.30 "GET /v2.0/ports?device_id=56e2d6b1-1c5a-49ab-843d-8e4f6e40842e HTTP/1.1" status: 200 len: 205 time: 0.0232863
2026-04-21 18:54:59.998 10 INFO neutron.api.v2.resource [None req-8d0425ce-5b35-42da-a1dc-303dea39d767 a560f7a31fa043c4b572983d0d7da060 a91cf072be544a80af3de4efd64dfaf0 - - default default] delete failed (client error): The resource could not be found.
2026-04-21 18:54:59.999 10 INFO neutron.wsgi [None req-8d0425ce-5b35-42da-a1dc-303dea39d767 a560f7a31fa043c4b572983d0d7da060 a91cf072be544a80af3de4efd64dfaf0 - - default default] 10.0.0.30 "DELETE /v2.0/routers/56e2d6b1-1c5a-49ab-843d-8e4f6e40842e HTTP/1.1" status: 404 len: 336 time: 0.0216062
2026-04-21 18:55:00.029 10 INFO neutron.pecan_wsgi.hooks.translation [None req-ba7352f5-4b27-4d61-ba23-7acf359e776d a560f7a31fa043c4b572983d0d7da060 a91cf072be544a80af3de4efd64dfaf0 - - default default] DELETE failed (client error): The resource could not be found.
2026-04-21 18:55:00.031 10 INFO neutron.wsgi [None req-ba7352f5-4b27-4d61-ba23-7acf359e776d a560f7a31fa043c4b572983d0d7da060 a91cf072be544a80af3de4efd64dfaf0 - - default default] 10.0.0.30 "DELETE /v2.0/subnets/10b0de80-ede8-46df-9d9f-8f20139dd546 HTTP/1.1" status: 404 len: 337 time: 0.0209048
2026-04-21 18:55:00.052 9 INFO neutron.db.ovn_revision_numbers_db [None req-801c5a0a-e753-4798-89b3-1d8b57bf1f9c 51210ff2caf348aba1d48e099831e1e5 efd7ca4470e34576a1ec1caacfc6fb6a - - default default] Successfully bumped revision number for resource ca49cb4b-08f0-4c0b-9b1c-7db2e3ddad6f (type: ports) to 1
2026-04-21 18:55:00.061 10 INFO neutron.wsgi [None req-8abb808a-7397-4f90-acb1-3dd6b1070c17 a560f7a31fa043c4b572983d0d7da060 a91cf072be544a80af3de4efd64dfaf0 - - default default] 10.0.0.30 "GET /v2.0/ports?device_id=f6a9f38f-19bd-4fc4-ad3a-3aa74bab17d6 HTTP/1.1" status: 200 len: 205 time: 0.0251248
2026-04-21 18:55:00.086 9 INFO neutron.wsgi [None req-801c5a0a-e753-4798-89b3-1d8b57bf1f9c 51210ff2caf348aba1d48e099831e1e5 efd7ca4470e34576a1ec1caacfc6fb6a - - default default] 10.0.0.30 "POST /v2.0/ports HTTP/1.1" status: 201 len: 1706 time: 1.1756716
2026-04-21 18:55:00.085 10 INFO neutron.api.v2.resource [None req-c197e3d2-7e31-42fd-8f67-41d3d3aeaf9a a560f7a31fa043c4b572983d0d7da060 a91cf072be544a80af3de4efd64dfaf0 - - default default] delete failed (client error): The resource could not be found.
2026-04-21 18:55:00.087 10 INFO neutron.wsgi [None req-c197e3d2-7e31-42fd-8f67-41d3d3aeaf9a a560f7a31fa043c4b572983d0d7da060 a91cf072be544a80af3de4efd64dfaf0 - - default default] 10.0.0.30 "DELETE /v2.0/routers/f6a9f38f-19bd-4fc4-ad3a-3aa74bab17d6 HTTP/1.1" status: 404 len: 336 time: 0.0223331 /var/lib/openstack/lib/python3.10/site-packages/pycadf/identifier.py:71: UserWarning: Invalid uuid: neutron. To ensure interoperability, identifiers should be a valid uuid. warnings.warn(('Invalid uuid: %s. To ensure interoperability, '
2026-04-21 18:55:00.112 9 INFO neutron.pecan_wsgi.hooks.translation [None req-11db0183-ed0b-479a-aeb7-f9623c06ab71 a560f7a31fa043c4b572983d0d7da060 a91cf072be544a80af3de4efd64dfaf0 - - default default] DELETE failed (client error): The resource could not be found.
2026-04-21 18:55:00.115 9 INFO neutron.wsgi [None req-11db0183-ed0b-479a-aeb7-f9623c06ab71 a560f7a31fa043c4b572983d0d7da060 a91cf072be544a80af3de4efd64dfaf0 - - default default] 10.0.0.30 "DELETE /v2.0/subnets/d2521e76-3f31-4a4b-a6a7-3c6379226099 HTTP/1.1" status: 404 len: 337 time: 0.0209968
2026-04-21 18:55:00.153 10 INFO neutron.wsgi [None req-547eb339-fd83-46db-8020-06fc9bbc48ac a560f7a31fa043c4b572983d0d7da060 a91cf072be544a80af3de4efd64dfaf0 - - default default] 10.0.0.30 "GET /v2.0/ports?device_id=444d5f60-5db2-4089-ae97-838407d1ca6d HTTP/1.1" status: 200 len: 205 time: 0.0319774
2026-04-21 18:55:00.188 10 INFO neutron.api.v2.resource [None req-e9b824d4-4c8e-450e-8fd8-391e9b8a5139 a560f7a31fa043c4b572983d0d7da060 a91cf072be544a80af3de4efd64dfaf0 - - default default] delete failed (client error): The resource could not be found.
2026-04-21 18:55:00.190 10 INFO neutron.wsgi [None req-e9b824d4-4c8e-450e-8fd8-391e9b8a5139 a560f7a31fa043c4b572983d0d7da060 a91cf072be544a80af3de4efd64dfaf0 - - default default] 10.0.0.30 "DELETE /v2.0/routers/444d5f60-5db2-4089-ae97-838407d1ca6d HTTP/1.1" status: 404 len: 336 time: 0.0291545
2026-04-21 18:55:00.222 9 WARNING neutron.scheduler.dhcp_agent_scheduler [None req-16cf6268-9e23-4213-8fe2-2417d5706c02 69250e5e03dd4c58a7318259e32ecc14 402c26e94928475487aa700f72996c52 - - default default] No more DHCP agents
2026-04-21 18:55:00.224 10 INFO neutron.pecan_wsgi.hooks.translation [None req-d4339fca-a41d-44c3-9bc8-163437076fa5 a560f7a31fa043c4b572983d0d7da060 a91cf072be544a80af3de4efd64dfaf0 - - default default] DELETE failed (client error): The resource could not be found.
2026-04-21 18:55:00.226 10 INFO neutron.wsgi [None req-d4339fca-a41d-44c3-9bc8-163437076fa5 a560f7a31fa043c4b572983d0d7da060 a91cf072be544a80af3de4efd64dfaf0 - - default default] 10.0.0.30 "DELETE /v2.0/subnets/3cc51b7c-dc8d-4310-8668-42adcb2732e5 HTTP/1.1" status: 404 len: 337 time: 0.0208094
2026-04-21 18:55:00.234 9 WARNING neutron.api.rpc.agentnotifiers.dhcp_rpc_agent_api [None req-16cf6268-9e23-4213-8fe2-2417d5706c02 69250e5e03dd4c58a7318259e32ecc14 402c26e94928475487aa700f72996c52 - - default default] Unable to schedule network 1ecd305e-bab4-46c0-8a25-82eadc80f177: no agents available; will retry on subsequent port and subnet creation events.
2026-04-21 18:55:00.257 10 INFO neutron.pecan_wsgi.hooks.translation [None req-88d95775-9e3b-4079-978f-230b6f362f53 a560f7a31fa043c4b572983d0d7da060 a91cf072be544a80af3de4efd64dfaf0 - - default default] DELETE failed (client error): The resource could not be found.
2026-04-21 18:55:00.259 10 INFO neutron.wsgi [None req-88d95775-9e3b-4079-978f-230b6f362f53 a560f7a31fa043c4b572983d0d7da060 a91cf072be544a80af3de4efd64dfaf0 - - default default] 10.0.0.30 "DELETE /v2.0/subnets/e10f808d-315c-4217-b346-d3aea80143a6 HTTP/1.1" status: 404 len: 337 time: 0.0200543
2026-04-21 18:55:00.315 10 INFO neutron.wsgi [None req-7aedf073-ad3f-40c6-8dcb-42965e8986b7 51210ff2caf348aba1d48e099831e1e5 efd7ca4470e34576a1ec1caacfc6fb6a - - default default] 10.0.0.30 "GET /v2.0/ports HTTP/1.1" status: 200 len: 3213 time: 0.2239516
2026-04-21 18:55:00.566 10 INFO neutron.wsgi [None req-ffed9294-a004-45c8-82cb-602dd075dab8 51210ff2caf348aba1d48e099831e1e5 efd7ca4470e34576a1ec1caacfc6fb6a - - default default] 10.0.0.30 "DELETE /v2.0/ports/5c856857-5f3d-4041-a481-56c769e0dc85 HTTP/1.1" status: 204 len: 168 time: 0.2451890
2026-04-21 18:55:00.820 9 INFO neutron.db.ovn_revision_numbers_db [None req-16cf6268-9e23-4213-8fe2-2417d5706c02 69250e5e03dd4c58a7318259e32ecc14 402c26e94928475487aa700f72996c52 - - default default] Successfully bumped revision number for resource 14d66a21-50c0-4efd-96d7-3b392769b8df (type: ports) to 2
2026-04-21 18:55:00.850 10 INFO neutron.wsgi [None req-d8baa438-fb18-43a9-bf51-0f2af183e554 51210ff2caf348aba1d48e099831e1e5 efd7ca4470e34576a1ec1caacfc6fb6a - - default default] 10.0.0.30 "DELETE /v2.0/ports/ca49cb4b-08f0-4c0b-9b1c-7db2e3ddad6f HTTP/1.1" status: 204 len: 168 time: 0.2784798
2026-04-21 18:55:00.869 9 INFO neutron.db.ovn_revision_numbers_db [None req-16cf6268-9e23-4213-8fe2-2417d5706c02 69250e5e03dd4c58a7318259e32ecc14 402c26e94928475487aa700f72996c52 - - default default] Successfully bumped revision number for resource c74e4fcf-3d15-4fcb-a03f-03d6c2c875a5 (type: subnets) to 0
2026-04-21 18:55:00.898 9 INFO neutron.wsgi [None req-16cf6268-9e23-4213-8fe2-2417d5706c02 69250e5e03dd4c58a7318259e32ecc14 402c26e94928475487aa700f72996c52 - - default default] 10.0.0.30 "POST /v2.0/subnets HTTP/1.1" status: 201 len: 816 time: 0.9829121
2026-04-21 18:55:00.914 10 INFO neutron.wsgi [None req-70d60780-ec70-4327-81f9-4e1415b9fea1 51210ff2caf348aba1d48e099831e1e5 efd7ca4470e34576a1ec1caacfc6fb6a - - default default] 10.0.0.30 "GET /v2.0/ports HTTP/1.1" status: 200 len: 1718 time: 0.0531578
2026-04-21 18:55:00.920 10 INFO neutron.db.ovn_revision_numbers_db [None req-b7e2eb65-a379-46ed-94ab-d1c6c803bf9f e0485c9aab5b4908a0298db2633dcd2b 523c342a98024c48a1ce0cda37582ced - - default default] Successfully bumped revision number for resource 2ede4f84-2a76-4b85-89e1-24a8d231a488 (type: security_groups) to 1
2026-04-21 18:55:00.922 9 INFO neutron.wsgi [None req-e59701a3-c1b3-4682-9646-91c8057b73d6 e0485c9aab5b4908a0298db2633dcd2b 523c342a98024c48a1ce0cda37582ced - - default default] 10.0.0.30 "GET /v2.0/security-groups?tenant_id=a91cf072be544a80af3de4efd64dfaf0&name=default HTTP/1.1" status: 200 len: 2996 time: 0.2022312
2026-04-21 18:55:00.949 10 INFO neutron.db.ovn_revision_numbers_db [None req-b7e2eb65-a379-46ed-94ab-d1c6c803bf9f e0485c9aab5b4908a0298db2633dcd2b 523c342a98024c48a1ce0cda37582ced - - default default] Successfully bumped revision number for resource 07cedb89-6607-47d4-9bad-a16dddf59f35 (type: security_group_rules) to 0
2026-04-21 18:55:00.964 10 INFO neutron.db.ovn_revision_numbers_db [None req-b7e2eb65-a379-46ed-94ab-d1c6c803bf9f e0485c9aab5b4908a0298db2633dcd2b 523c342a98024c48a1ce0cda37582ced - - default default] Successfully bumped revision number for resource 19614ac5-53fc-42af-a2a2-119ceec413a5 (type: security_group_rules) to 0
2026-04-21 18:55:00.990 10 INFO neutron.db.ovn_revision_numbers_db [None req-b7e2eb65-a379-46ed-94ab-d1c6c803bf9f e0485c9aab5b4908a0298db2633dcd2b 523c342a98024c48a1ce0cda37582ced - - default default] Successfully bumped revision number for resource 1c506455-9fab-4747-8510-cda35a3cec29 (type: security_group_rules) to 0
2026-04-21 18:55:01.018 10 INFO neutron.db.ovn_revision_numbers_db [None req-b7e2eb65-a379-46ed-94ab-d1c6c803bf9f e0485c9aab5b4908a0298db2633dcd2b 523c342a98024c48a1ce0cda37582ced - - default default] Successfully bumped revision number for resource ccf31ccc-df39-4895-b99c-e77a9760f24b (type: security_group_rules) to 0
2026-04-21 18:55:01.047 10 INFO neutron.db.segments_db [None req-7ed0f389-d6eb-464b-9213-4f7daa0253d5 51210ff2caf348aba1d48e099831e1e5 efd7ca4470e34576a1ec1caacfc6fb6a - - default default] Added segment 72ad1fd4-c993-4dd4-b5a3-9fd8f603c079 of type geneve for network 48b189f0-d35d-425d-8deb-5ea74578a469
2026-04-21 18:55:01.055 10 INFO neutron.wsgi [None req-b7e2eb65-a379-46ed-94ab-d1c6c803bf9f e0485c9aab5b4908a0298db2633dcd2b 523c342a98024c48a1ce0cda37582ced - - default default] 10.0.0.30 "GET /v2.0/security-groups?tenant_id=2d20693617d249e9a097a155b2322020&name=default HTTP/1.1" status: 200 len: 2996 time: 0.6669717
2026-04-21 18:55:01.244 10 INFO neutron.db.ovn_revision_numbers_db [None req-7ed0f389-d6eb-464b-9213-4f7daa0253d5 51210ff2caf348aba1d48e099831e1e5 efd7ca4470e34576a1ec1caacfc6fb6a - - default default] Successfully bumped revision number for resource 48b189f0-d35d-425d-8deb-5ea74578a469 (type: networks) to 1
2026-04-21 18:55:01.314 9 INFO neutron.db.segments_db [None req-78346871-f878-49af-982c-b308dca86b39 69250e5e03dd4c58a7318259e32ecc14 402c26e94928475487aa700f72996c52 - - default default] Added segment f9a0d2dd-433f-4d1c-8c59-ebae41c2877a of type geneve for network 0058f24e-9665-4c9d-90b3-2f353f05e40f
2026-04-21 18:55:01.428 10 INFO neutron.wsgi [None req-79dba34d-f2aa-4aea-82fa-cb680548e9d6 e0485c9aab5b4908a0298db2633dcd2b 523c342a98024c48a1ce0cda37582ced - - default default] 10.0.0.30 "DELETE /v2.0/security-groups/2ede4f84-2a76-4b85-89e1-24a8d231a488 HTTP/1.1" status: 204 len: 168 time: 0.3613534
2026-04-21 18:55:01.464 10 WARNING neutron.scheduler.dhcp_agent_scheduler [None req-7ed0f389-d6eb-464b-9213-4f7daa0253d5 51210ff2caf348aba1d48e099831e1e5 efd7ca4470e34576a1ec1caacfc6fb6a - - default default] No more DHCP agents
2026-04-21 18:55:01.466 10 WARNING neutron.api.rpc.agentnotifiers.dhcp_rpc_agent_api [None req-7ed0f389-d6eb-464b-9213-4f7daa0253d5 51210ff2caf348aba1d48e099831e1e5 efd7ca4470e34576a1ec1caacfc6fb6a - - default default] Unable to schedule network 48b189f0-d35d-425d-8deb-5ea74578a469: no agents available; will retry on subsequent port and subnet creation events.
2026-04-21 18:55:01.474 9 INFO neutron.wsgi [None req-7c6c95de-840f-4088-8f39-34dc4d5d8d6a e0485c9aab5b4908a0298db2633dcd2b 523c342a98024c48a1ce0cda37582ced - - default default] 10.0.0.30 "DELETE /v2.0/security-groups/40110d48-104e-47d3-a985-f9e6d460e744 HTTP/1.1" status: 204 len: 168 time: 0.5443969
2026-04-21 18:55:01.475 9 INFO neutron.db.ovn_revision_numbers_db [None req-78346871-f878-49af-982c-b308dca86b39 69250e5e03dd4c58a7318259e32ecc14 402c26e94928475487aa700f72996c52 - - default default] Successfully bumped revision number for resource 0058f24e-9665-4c9d-90b3-2f353f05e40f (type: networks) to 1
2026-04-21 18:55:01.563 10 INFO neutron.db.ovn_revision_numbers_db [None req-7ed0f389-d6eb-464b-9213-4f7daa0253d5 51210ff2caf348aba1d48e099831e1e5 efd7ca4470e34576a1ec1caacfc6fb6a - - default default] Successfully bumped revision number for resource d4384191-55cc-4685-b267-b320eb9ae247 (type: ports) to 1
2026-04-21 18:55:01.592 10 INFO neutron.wsgi [None req-7ed0f389-d6eb-464b-9213-4f7daa0253d5 51210ff2caf348aba1d48e099831e1e5 efd7ca4470e34576a1ec1caacfc6fb6a - - default default] 10.0.0.30 "POST /v2.0/networks HTTP/1.1" status: 201 len: 852 time: 0.6683598
2026-04-21 18:55:01.623 9 WARNING neutron.scheduler.dhcp_agent_scheduler [None req-78346871-f878-49af-982c-b308dca86b39 69250e5e03dd4c58a7318259e32ecc14 402c26e94928475487aa700f72996c52 - - default default] No more DHCP agents
2026-04-21 18:55:01.626 9 WARNING neutron.api.rpc.agentnotifiers.dhcp_rpc_agent_api [None req-78346871-f878-49af-982c-b308dca86b39 69250e5e03dd4c58a7318259e32ecc14 402c26e94928475487aa700f72996c52 - - default default] Unable to schedule network 0058f24e-9665-4c9d-90b3-2f353f05e40f: no agents available; will retry on subsequent port and subnet creation events.
2026-04-21 18:55:01.668 10 INFO neutron.db.ovn_revision_numbers_db [None req-d5574144-a948-4115-b2f5-312b7179da48 e0485c9aab5b4908a0298db2633dcd2b 523c342a98024c48a1ce0cda37582ced - - default default] Successfully bumped revision number for resource 3681aa84-572e-4561-9739-e3ca75fe036f (type: security_groups) to 1
2026-04-21 18:55:01.696 10 INFO neutron.db.segments_db [None req-343383a0-db98-4c89-b77e-8f680e25a130 51210ff2caf348aba1d48e099831e1e5 efd7ca4470e34576a1ec1caacfc6fb6a - - default default] Added segment 187063d6-8ba3-4f41-8707-e5391c678b18 of type geneve for network ea8277a8-3396-433a-9bb4-f490e1f3b2e1
2026-04-21 18:55:01.697 10 INFO neutron.db.ovn_revision_numbers_db [None req-d5574144-a948-4115-b2f5-312b7179da48 e0485c9aab5b4908a0298db2633dcd2b 523c342a98024c48a1ce0cda37582ced - - default default] Successfully bumped revision number for resource 388a1847-61e2-4f35-91a3-e63aa39dcb0c (type: security_group_rules) to 0
2026-04-21 18:55:01.711 9 INFO neutron.db.ovn_revision_numbers_db [None req-78346871-f878-49af-982c-b308dca86b39 69250e5e03dd4c58a7318259e32ecc14 402c26e94928475487aa700f72996c52 - - default default] Successfully bumped revision number for resource ab3fc0f3-9631-46af-add6-93bc362090af (type: ports) to 1
2026-04-21 18:55:01.724 10 INFO neutron.db.ovn_revision_numbers_db [None req-d5574144-a948-4115-b2f5-312b7179da48 e0485c9aab5b4908a0298db2633dcd2b 523c342a98024c48a1ce0cda37582ced - - default default] Successfully bumped revision number for resource 647a16c7-863f-4509-90d2-5c28ad700e25 (type: security_group_rules) to 0
2026-04-21 18:55:01.743 9 INFO neutron.wsgi [None req-78346871-f878-49af-982c-b308dca86b39 69250e5e03dd4c58a7318259e32ecc14 402c26e94928475487aa700f72996c52 - - default default] 10.0.0.30 "POST /v2.0/networks HTTP/1.1" status: 201 len: 843 time: 0.8393700
2026-04-21 18:55:01.754 10 INFO neutron.db.ovn_revision_numbers_db [None req-d5574144-a948-4115-b2f5-312b7179da48 e0485c9aab5b4908a0298db2633dcd2b 523c342a98024c48a1ce0cda37582ced - - default default] Successfully bumped revision number for resource a5db0213-6eef-454c-956f-d5f8d2bb69d5 (type: security_group_rules) to 0
2026-04-21 18:55:01.780 10 INFO neutron.db.ovn_revision_numbers_db [None req-d5574144-a948-4115-b2f5-312b7179da48 e0485c9aab5b4908a0298db2633dcd2b 523c342a98024c48a1ce0cda37582ced - - default default] Successfully bumped revision number for resource f14b7f4e-7cd4-4f0d-b4f5-a8ffb96f32d9 (type: security_group_rules) to 0
2026-04-21 18:55:01.827 10 INFO neutron.wsgi [None req-d5574144-a948-4115-b2f5-312b7179da48 e0485c9aab5b4908a0298db2633dcd2b 523c342a98024c48a1ce0cda37582ced - - default default] 10.0.0.30 "GET /v2.0/security-groups?tenant_id=a7749b087acb4d2d8ca0b4094ae68209&name=default HTTP/1.1" status: 200 len: 2996 time: 0.2999501
2026-04-21 18:55:01.862 10 INFO neutron.db.ovn_revision_numbers_db [None req-343383a0-db98-4c89-b77e-8f680e25a130 51210ff2caf348aba1d48e099831e1e5 efd7ca4470e34576a1ec1caacfc6fb6a - - default default] Successfully bumped revision number for resource ea8277a8-3396-433a-9bb4-f490e1f3b2e1 (type: networks) to 1
2026-04-21 18:55:01.980 9 INFO neutron.db.ovn_revision_numbers_db [None req-e549e2c8-505c-4deb-927d-9fd516d47bd4 69250e5e03dd4c58a7318259e32ecc14 402c26e94928475487aa700f72996c52 - - default default] Successfully bumped revision number for resource 0058f24e-9665-4c9d-90b3-2f353f05e40f (type: networks) to 2
2026-04-21 18:55:01.983 9 INFO neutron.wsgi [None req-e549e2c8-505c-4deb-927d-9fd516d47bd4 69250e5e03dd4c58a7318259e32ecc14 402c26e94928475487aa700f72996c52 - - default default] 10.0.0.30 "PUT /v2.0/networks/0058f24e-9665-4c9d-90b3-2f353f05e40f HTTP/1.1" status: 200 len: 792 time: 0.2338929
2026-04-21 18:55:02.057 10 WARNING neutron.scheduler.dhcp_agent_scheduler [None req-343383a0-db98-4c89-b77e-8f680e25a130 51210ff2caf348aba1d48e099831e1e5 efd7ca4470e34576a1ec1caacfc6fb6a - - default default] No more DHCP agents
2026-04-21 18:55:02.059 10 WARNING neutron.api.rpc.agentnotifiers.dhcp_rpc_agent_api [None req-343383a0-db98-4c89-b77e-8f680e25a130 51210ff2caf348aba1d48e099831e1e5 efd7ca4470e34576a1ec1caacfc6fb6a - - default default] Unable to schedule network ea8277a8-3396-433a-9bb4-f490e1f3b2e1: no agents available; will retry on subsequent port and subnet creation events.
2026-04-21 18:55:02.145 10 INFO neutron.db.ovn_revision_numbers_db [None req-343383a0-db98-4c89-b77e-8f680e25a130 51210ff2caf348aba1d48e099831e1e5 efd7ca4470e34576a1ec1caacfc6fb6a - - default default] Successfully bumped revision number for resource d414eca9-c398-4c0a-9bfc-4ea9c27a0a38 (type: ports) to 1
2026-04-21 18:55:02.148 9 INFO neutron.wsgi [None req-abe337e8-fcba-4cc2-a492-1ea5c709bc81 e0485c9aab5b4908a0298db2633dcd2b 523c342a98024c48a1ce0cda37582ced - - default default] 10.0.0.30 "DELETE /v2.0/security-groups/3681aa84-572e-4561-9739-e3ca75fe036f HTTP/1.1" status: 204 len: 168 time: 0.3136590
2026-04-21 18:55:02.188 10 INFO neutron.wsgi [None req-343383a0-db98-4c89-b77e-8f680e25a130 51210ff2caf348aba1d48e099831e1e5 efd7ca4470e34576a1ec1caacfc6fb6a - - default default] 10.0.0.30 "POST /v2.0/networks HTTP/1.1" status: 201 len: 853 time: 0.5912566
2026-04-21 18:55:02.233 9 WARNING neutron.scheduler.dhcp_agent_scheduler [None req-444c8025-30a2-4b29-b65b-0735f2cfaab7 69250e5e03dd4c58a7318259e32ecc14 402c26e94928475487aa700f72996c52 - - default default] No more DHCP agents
2026-04-21 18:55:02.235 9 WARNING neutron.api.rpc.agentnotifiers.dhcp_rpc_agent_api [None req-444c8025-30a2-4b29-b65b-0735f2cfaab7 69250e5e03dd4c58a7318259e32ecc14 402c26e94928475487aa700f72996c52 - - default default] Unable to schedule network 0058f24e-9665-4c9d-90b3-2f353f05e40f: no agents available; will retry on subsequent port and subnet creation events.
2026-04-21 18:55:02.424 9 INFO neutron.wsgi [-] 10.0.0.27 "GET / HTTP/1.1" status: 200 len: 246 time: 0.0015171
2026-04-21 18:55:02.426 10 INFO neutron.wsgi [-] 10.0.0.27 "GET / HTTP/1.1" status: 200 len: 246 time: 0.0032525
2026-04-21 18:55:02.717 9 INFO neutron.db.ovn_revision_numbers_db [None req-444c8025-30a2-4b29-b65b-0735f2cfaab7 69250e5e03dd4c58a7318259e32ecc14 402c26e94928475487aa700f72996c52 - - default default] Successfully bumped revision number for resource ab3fc0f3-9631-46af-add6-93bc362090af (type: ports) to 2
2026-04-21 18:55:02.753 9 INFO neutron.db.ovn_revision_numbers_db [None req-444c8025-30a2-4b29-b65b-0735f2cfaab7 69250e5e03dd4c58a7318259e32ecc14 402c26e94928475487aa700f72996c52 - - default default] Successfully bumped revision number for resource ccef63aa-f736-4dd7-9880-a18cbcb40395 (type: subnets) to 0
2026-04-21 18:55:02.767 9 INFO neutron.wsgi [None req-444c8025-30a2-4b29-b65b-0735f2cfaab7 69250e5e03dd4c58a7318259e32ecc14 402c26e94928475487aa700f72996c52 - - default default] 10.0.0.30 "POST /v2.0/subnets HTTP/1.1" status: 201 len: 801 time: 0.7758203
2026-04-21 18:55:03.062 9 INFO neutron.db.ovn_revision_numbers_db [None req-24354648-c3fd-4f63-8ba3-8157600fa95f 69250e5e03dd4c58a7318259e32ecc14 402c26e94928475487aa700f72996c52 - - default default] Successfully bumped revision number for resource ccef63aa-f736-4dd7-9880-a18cbcb40395 (type: subnets) to 1
2026-04-21 18:55:03.065 9 INFO neutron.wsgi [None req-24354648-c3fd-4f63-8ba3-8157600fa95f 69250e5e03dd4c58a7318259e32ecc14 402c26e94928475487aa700f72996c52 - - default default] 10.0.0.30 "PUT /v2.0/subnets/ccef63aa-f736-4dd7-9880-a18cbcb40395 HTTP/1.1" status: 200 len: 806 time: 0.2926013
2026-04-21 18:55:03.109 10 WARNING neutron.scheduler.dhcp_agent_scheduler [None req-08ceeabf-fc5a-49f9-a730-1a853c3eb9da 51210ff2caf348aba1d48e099831e1e5 efd7ca4470e34576a1ec1caacfc6fb6a - - default default] No more DHCP agents
2026-04-21 18:55:03.111 10 WARNING neutron.api.rpc.agentnotifiers.dhcp_rpc_agent_api [None req-08ceeabf-fc5a-49f9-a730-1a853c3eb9da 51210ff2caf348aba1d48e099831e1e5 efd7ca4470e34576a1ec1caacfc6fb6a - - default default] Unable to schedule network 48b189f0-d35d-425d-8deb-5ea74578a469: no agents available; will retry on subsequent port and subnet creation events.
2026-04-21 18:55:03.142 10 INFO neutron.db.ovn_revision_numbers_db [None req-08ceeabf-fc5a-49f9-a730-1a853c3eb9da 51210ff2caf348aba1d48e099831e1e5 efd7ca4470e34576a1ec1caacfc6fb6a - - default default] Successfully bumped revision number for resource 7b700bb5-2cd1-46d1-8146-21f341eb2387 (type: subnets) to 0
2026-04-21 18:55:03.165 10 WARNING neutron.scheduler.dhcp_agent_scheduler [None req-08ceeabf-fc5a-49f9-a730-1a853c3eb9da 51210ff2caf348aba1d48e099831e1e5 efd7ca4470e34576a1ec1caacfc6fb6a - - default default] No more DHCP agents
2026-04-21 18:55:03.166 10 WARNING neutron.api.rpc.agentnotifiers.dhcp_rpc_agent_api [None req-08ceeabf-fc5a-49f9-a730-1a853c3eb9da 51210ff2caf348aba1d48e099831e1e5 efd7ca4470e34576a1ec1caacfc6fb6a - - default default] Unable to schedule network ea8277a8-3396-433a-9bb4-f490e1f3b2e1: no agents available; will retry on subsequent port and subnet creation events.
2026-04-21 18:55:03.207 10 INFO neutron.db.ovn_revision_numbers_db [None req-08ceeabf-fc5a-49f9-a730-1a853c3eb9da 51210ff2caf348aba1d48e099831e1e5 efd7ca4470e34576a1ec1caacfc6fb6a - - default default] Successfully bumped revision number for resource fd1d2fbe-2489-44d2-b2e3-cabc3471eee4 (type: subnets) to 0
2026-04-21 18:55:03.226 10 INFO neutron.wsgi [None req-08ceeabf-fc5a-49f9-a730-1a853c3eb9da 51210ff2caf348aba1d48e099831e1e5 efd7ca4470e34576a1ec1caacfc6fb6a - - default default] 10.0.0.30 "POST /v2.0/subnets HTTP/1.1" status: 201 len: 1475 time: 0.5747108
