2026-04-21 18:55:27.750 9 INFO neutron.wsgi [None req-ca7eb183-d986-48b9-a260-920657f0f16d e0485c9aab5b4908a0298db2633dcd2b 523c342a98024c48a1ce0cda37582ced - - default default] 10.0.0.30 "DELETE /v2.0/security-groups/6a5b98da-3a55-4f2f-9fd6-678ce95afac7 HTTP/1.1" status: 204 len: 168 time: 0.4614379
2026-04-21 18:55:27.853 9 WARNING neutron.scheduler.dhcp_agent_scheduler [None req-7fb8b1b3-8344-4d8f-bc3c-5b0801b80cf1 b32f588970c24b3c9e853eb873cfa8e0 6d48c33bdf7142e0b02e60d858fa9f5e - - default default] No more DHCP agents
2026-04-21 18:55:27.856 9 WARNING neutron.api.rpc.agentnotifiers.dhcp_rpc_agent_api [None req-7fb8b1b3-8344-4d8f-bc3c-5b0801b80cf1 b32f588970c24b3c9e853eb873cfa8e0 6d48c33bdf7142e0b02e60d858fa9f5e - - default default] Unable to schedule network 84f32623-5153-44cd-9324-6791a84284b4: no agents available; will retry on subsequent port and subnet creation events.
2026-04-21 18:55:27.870 9 WARNING neutron.scheduler.dhcp_agent_scheduler [None req-c8ac1652-1301-418b-b8ed-615c9b939707 594ed79f4c544fbf953799530d60e639 1c5ee89523db4694a5e7ab8034db32ef - - default default] No more DHCP agents
2026-04-21 18:55:27.875 9 WARNING neutron.api.rpc.agentnotifiers.dhcp_rpc_agent_api [None req-c8ac1652-1301-418b-b8ed-615c9b939707 594ed79f4c544fbf953799530d60e639 1c5ee89523db4694a5e7ab8034db32ef - - default default] Unable to schedule network 090c0cbf-7776-4e3b-a650-113b38553a8c: no agents available; will retry on subsequent port and subnet creation events.
2026-04-21 18:55:27.933 9 INFO neutron.db.ovn_revision_numbers_db [None req-c8ac1652-1301-418b-b8ed-615c9b939707 594ed79f4c544fbf953799530d60e639 1c5ee89523db4694a5e7ab8034db32ef - - default default] Successfully bumped revision number for resource 5e6dfeca-36c5-4c38-93c1-ee6bf16b4a0a (type: subnets) to 0
2026-04-21 18:55:27.961 9 INFO neutron.wsgi [None req-c8ac1652-1301-418b-b8ed-615c9b939707 594ed79f4c544fbf953799530d60e639 1c5ee89523db4694a5e7ab8034db32ef - - default default] 10.0.0.30 "POST /v2.0/subnets HTTP/1.1" status: 201 len: 802 time: 0.4558933
2026-04-21 18:55:28.021 10 INFO neutron.wsgi [None req-db930779-d6b1-46a1-8445-841acf6c7810 e0485c9aab5b4908a0298db2633dcd2b 523c342a98024c48a1ce0cda37582ced - - default default] 10.0.0.30 "DELETE /v2.0/routers/005a4551-ab1e-4be3-8e68-21fdcfb150a2 HTTP/1.1" status: 204 len: 168 time: 1.0058968
2026-04-21 18:55:28.238 10 INFO neutron.wsgi [None req-259bf0f1-ac24-49c6-ab3b-49f2142da163 e0485c9aab5b4908a0298db2633dcd2b 523c342a98024c48a1ce0cda37582ced - - default default] 10.0.0.30 "DELETE /v2.0/subnets/3688ef4d-21d4-4277-a14b-cb1bbd98b848 HTTP/1.1" status: 204 len: 168 time: 0.2123039
2026-04-21 18:55:28.515 9 INFO neutron.db.ovn_revision_numbers_db [None req-7fb8b1b3-8344-4d8f-bc3c-5b0801b80cf1 b32f588970c24b3c9e853eb873cfa8e0 6d48c33bdf7142e0b02e60d858fa9f5e - - default default] Successfully bumped revision number for resource 11e888db-81ea-4755-b4ef-44fe9e0a9e0c (type: ports) to 2
2026-04-21 18:55:28.547 9 WARNING neutron.scheduler.dhcp_agent_scheduler [None req-cbac8389-4fdd-4cb6-8478-9665c881560b 594ed79f4c544fbf953799530d60e639 1c5ee89523db4694a5e7ab8034db32ef - - default default] No more DHCP agents
2026-04-21 18:55:28.552 9 WARNING neutron.api.rpc.agentnotifiers.dhcp_rpc_agent_api [None req-cbac8389-4fdd-4cb6-8478-9665c881560b 594ed79f4c544fbf953799530d60e639 1c5ee89523db4694a5e7ab8034db32ef - - default default] Unable to schedule network e417b651-0188-41d9-b617-5b39c0cfe9cd: no agents available; will retry on subsequent port and subnet creation events.
2026-04-21 18:55:28.566 9 INFO neutron.db.ovn_revision_numbers_db [None req-7fb8b1b3-8344-4d8f-bc3c-5b0801b80cf1 b32f588970c24b3c9e853eb873cfa8e0 6d48c33bdf7142e0b02e60d858fa9f5e - - default default] Successfully bumped revision number for resource 001dc4e0-a3c8-4eb5-a31b-cd770e0874f8 (type: subnets) to 0
2026-04-21 18:55:28.585 9 INFO neutron.wsgi [None req-7fb8b1b3-8344-4d8f-bc3c-5b0801b80cf1 b32f588970c24b3c9e853eb873cfa8e0 6d48c33bdf7142e0b02e60d858fa9f5e - - default default] 10.0.0.30 "POST /v2.0/subnets HTTP/1.1" status: 201 len: 801 time: 1.1254771
2026-04-21 18:55:28.606 10 INFO neutron.services.segments.plugin [-] Segment 6ac2a737-402d-43a0-bfd5-cf75ad17dd53 resource provider aggregate not found
2026-04-21 18:55:28.613 10 INFO neutron.services.segments.plugin [-] Segment 6ac2a737-402d-43a0-bfd5-cf75ad17dd53 resource provider aggregate not found
2026-04-21 18:55:28.631 10 INFO neutron.services.segments.plugin [-] Segment 6ac2a737-402d-43a0-bfd5-cf75ad17dd53 resource provider not found; error: Placement Client Error (4xx): {"errors": [{"status": 404, "title": "Not Found", "detail": "The resource could not be found.\n\n No resource provider with uuid 6ac2a737-402d-43a0-bfd5-cf75ad17dd53 found for delete ", "request_id": "req-6a9adaf1-e5fa-49c9-8a0c-6fb8398fcc99"}]}
2026-04-21 18:55:28.632 10 INFO neutron.services.segments.plugin [-] Segment 6ac2a737-402d-43a0-bfd5-cf75ad17dd53 resource provider not found; error: Placement Client Error (4xx): {"errors": [{"status": 404, "title": "Not Found", "detail": "The resource could not be found.\n\n No resource provider with uuid 6ac2a737-402d-43a0-bfd5-cf75ad17dd53 found for delete ", "request_id": "req-873cdff2-14e3-40bb-be8b-37a73771353c"}]}
2026-04-21 18:55:28.654 10 INFO neutron.wsgi [None req-91ad10c0-29d5-4445-903b-f0dda0c24ecc e0485c9aab5b4908a0298db2633dcd2b 523c342a98024c48a1ce0cda37582ced - - default default] 10.0.0.30 "DELETE /v2.0/networks/7ea94c9f-8eb7-4eb4-83fb-54adf3167c43 HTTP/1.1" status: 204 len: 168 time: 0.4110484
2026-04-21 18:55:28.807 9 INFO neutron.db.ovn_revision_numbers_db [None req-8973625b-a334-4952-a833-755bd5a6dca3 b32f588970c24b3c9e853eb873cfa8e0 6d48c33bdf7142e0b02e60d858fa9f5e - - default default] Successfully bumped revision number for resource 43b90985-d915-44d7-a986-052816852cb5 (type: routers) to 1
2026-04-21 18:55:28.809 9 INFO neutron.db.ovn_revision_numbers_db [None req-cbac8389-4fdd-4cb6-8478-9665c881560b 594ed79f4c544fbf953799530d60e639 1c5ee89523db4694a5e7ab8034db32ef - - default default] Successfully bumped revision number for resource 15939c49-e7f3-413c-9c2d-009cd6371dcf (type: ports) to 1
2026-04-21 18:55:28.831 9 INFO neutron.wsgi [None req-8973625b-a334-4952-a833-755bd5a6dca3 b32f588970c24b3c9e853eb873cfa8e0 6d48c33bdf7142e0b02e60d858fa9f5e - - default default] 10.0.0.30 "POST /v2.0/routers HTTP/1.1" status: 201 len: 686 time: 0.2409050
2026-04-21 18:55:28.942 10 INFO neutron.wsgi [None req-cd0e526f-0169-4c0b-8746-d4dde6b6e1ea e0485c9aab5b4908a0298db2633dcd2b 523c342a98024c48a1ce0cda37582ced - - default default] 10.0.0.30 "GET /v2.0/security-groups?tenant_id=15fbfa23deb44ba9871f7dbfcc492d8b&name=default HTTP/1.1" status: 200 len: 2996 time: 0.0782406
2026-04-21 18:55:29.239 10 INFO neutron.wsgi [None req-70b1d529-daf0-408d-baa2-1396d9c263c1 e0485c9aab5b4908a0298db2633dcd2b 523c342a98024c48a1ce0cda37582ced - - default default] 10.0.0.30 "DELETE /v2.0/security-groups/723eff2b-3b27-47ca-83f7-4479638e2be7 HTTP/1.1" status: 204 len: 168 time: 0.2911818
2026-04-21 18:55:29.251 10 WARNING neutron.scheduler.dhcp_agent_scheduler [None req-0f02b15c-703f-4a20-8c3a-0686e242abcc b32f588970c24b3c9e853eb873cfa8e0 6d48c33bdf7142e0b02e60d858fa9f5e - - default default] No more DHCP agents
2026-04-21 18:55:29.252 10 WARNING neutron.api.rpc.agentnotifiers.dhcp_rpc_agent_api [None req-0f02b15c-703f-4a20-8c3a-0686e242abcc b32f588970c24b3c9e853eb873cfa8e0 6d48c33bdf7142e0b02e60d858fa9f5e - - default default] Unable to schedule network 84f32623-5153-44cd-9324-6791a84284b4: no agents available; will retry on subsequent port and subnet creation events.
2026-04-21 18:55:29.453 9 INFO neutron.plugins.ml2.drivers.ovn.mech_driver.mech_driver [None req-34452092-acb4-4111-9eef-15ca9638616d - - - - - -] OVN reports status up for port: 15939c49-e7f3-413c-9c2d-009cd6371dcf
2026-04-21 18:55:29.467 10 INFO neutron.db.ovn_revision_numbers_db [None req-0f02b15c-703f-4a20-8c3a-0686e242abcc b32f588970c24b3c9e853eb873cfa8e0 6d48c33bdf7142e0b02e60d858fa9f5e - - default default] Successfully bumped revision number for resource fbde0bad-06c9-41f4-bddf-7652ac5e93e6 (type: ports) to 1
2026-04-21 18:55:29.469 9 INFO neutron.plugins.ml2.plugin [None req-34452092-acb4-4111-9eef-15ca9638616d - - - - - -] Attempt 1 to provision port 15939c49-e7f3-413c-9c2d-009cd6371dcf
2026-04-21 18:55:29.492 10 INFO neutron.wsgi [None req-0f02b15c-703f-4a20-8c3a-0686e242abcc b32f588970c24b3c9e853eb873cfa8e0 6d48c33bdf7142e0b02e60d858fa9f5e - - default default] 10.0.0.30 "POST /v2.0/ports HTTP/1.1" status: 201 len: 1151 time: 0.6546068
2026-04-21 18:55:29.493 9 INFO neutron.db.ovn_revision_numbers_db [None req-cbac8389-4fdd-4cb6-8478-9665c881560b 594ed79f4c544fbf953799530d60e639 1c5ee89523db4694a5e7ab8034db32ef - - default default] Successfully bumped revision number for resource 15939c49-e7f3-413c-9c2d-009cd6371dcf (type: router_ports) to 1 /var/lib/openstack/lib/python3.10/site-packages/pycadf/identifier.py:71: UserWarning: Invalid uuid: neutron. To ensure interoperability, identifiers should be a valid uuid. warnings.warn(('Invalid uuid: %s. To ensure interoperability, '
2026-04-21 18:55:29.916 9 INFO neutron.db.ovn_revision_numbers_db [None req-cbac8389-4fdd-4cb6-8478-9665c881560b 594ed79f4c544fbf953799530d60e639 1c5ee89523db4694a5e7ab8034db32ef - - default default] Successfully bumped revision number for resource 56d85a6e-f2fa-4842-93b5-79f5c845fb24 (type: routers) to 2
2026-04-21 18:55:29.922 10 INFO neutron.plugins.ml2.drivers.ovn.mech_driver.mech_driver [None req-dceb0b9a-9d10-4954-b485-41370f18b3a0 - - - - - -] OVN reports status up for port: fbde0bad-06c9-41f4-bddf-7652ac5e93e6
2026-04-21 18:55:29.936 9 INFO neutron.wsgi [None req-cbac8389-4fdd-4cb6-8478-9665c881560b 594ed79f4c544fbf953799530d60e639 1c5ee89523db4694a5e7ab8034db32ef - - default default] 10.0.0.30 "POST /v2.0/routers HTTP/1.1" status: 201 len: 875 time: 1.9693744
2026-04-21 18:55:29.943 10 INFO neutron.plugins.ml2.plugin [None req-dceb0b9a-9d10-4954-b485-41370f18b3a0 - - - - - -] Attempt 1 to provision port fbde0bad-06c9-41f4-bddf-7652ac5e93e6
2026-04-21 18:55:29.963 10 INFO neutron.db.ovn_revision_numbers_db [None req-1717e42c-8947-40e2-a8c6-cbfdbd95dda5 b32f588970c24b3c9e853eb873cfa8e0 6d48c33bdf7142e0b02e60d858fa9f5e - - default default] Successfully bumped revision number for resource fbde0bad-06c9-41f4-bddf-7652ac5e93e6 (type: router_ports) to 2
2026-04-21 18:55:30.270 10 INFO neutron.db.ovn_revision_numbers_db [None req-1717e42c-8947-40e2-a8c6-cbfdbd95dda5 b32f588970c24b3c9e853eb873cfa8e0 6d48c33bdf7142e0b02e60d858fa9f5e - - default default] Successfully bumped revision number for resource fbde0bad-06c9-41f4-bddf-7652ac5e93e6 (type: ports) to 2
2026-04-21 18:55:30.389 10 INFO neutron.db.ovn_revision_numbers_db [None req-dceb0b9a-9d10-4954-b485-41370f18b3a0 - - - - - -] Successfully bumped revision number for resource fbde0bad-06c9-41f4-bddf-7652ac5e93e6 (type: ports) to 3
2026-04-21 18:55:30.479 9 WARNING neutron.scheduler.dhcp_agent_scheduler [None req-b8b50d0a-5778-4747-a226-95807fbc882d 594ed79f4c544fbf953799530d60e639 1c5ee89523db4694a5e7ab8034db32ef - - default default] No more DHCP agents
2026-04-21 18:55:30.480 9 WARNING neutron.api.rpc.agentnotifiers.dhcp_rpc_agent_api [None req-b8b50d0a-5778-4747-a226-95807fbc882d 594ed79f4c544fbf953799530d60e639 1c5ee89523db4694a5e7ab8034db32ef - - default default] Unable to schedule network 090c0cbf-7776-4e3b-a650-113b38553a8c: no agents available; will retry on subsequent port and subnet creation events.
2026-04-21 18:55:30.621 10 INFO neutron.db.ovn_revision_numbers_db [None req-dceb0b9a-9d10-4954-b485-41370f18b3a0 - - - - - -] Successfully bumped revision number for resource fbde0bad-06c9-41f4-bddf-7652ac5e93e6 (type: router_ports) to 3
2026-04-21 18:55:30.670 9 INFO neutron.db.ovn_revision_numbers_db [None req-b8b50d0a-5778-4747-a226-95807fbc882d 594ed79f4c544fbf953799530d60e639 1c5ee89523db4694a5e7ab8034db32ef - - default default] Successfully bumped revision number for resource 9df0516c-52a0-401d-b525-1fe58cd858b2 (type: ports) to 1
2026-04-21 18:55:31.034 10 INFO neutron.db.ovn_revision_numbers_db [None req-1717e42c-8947-40e2-a8c6-cbfdbd95dda5 b32f588970c24b3c9e853eb873cfa8e0 6d48c33bdf7142e0b02e60d858fa9f5e - - default default] Successfully bumped revision number for resource fbde0bad-06c9-41f4-bddf-7652ac5e93e6 (type: ports) to 3
2026-04-21 18:55:31.100 10 WARNING neutron.scheduler.dhcp_agent_scheduler [None req-1717e42c-8947-40e2-a8c6-cbfdbd95dda5 b32f588970c24b3c9e853eb873cfa8e0 6d48c33bdf7142e0b02e60d858fa9f5e - - default default] No more DHCP agents
2026-04-21 18:55:31.101 10 WARNING neutron.api.rpc.agentnotifiers.dhcp_rpc_agent_api [None req-1717e42c-8947-40e2-a8c6-cbfdbd95dda5 b32f588970c24b3c9e853eb873cfa8e0 6d48c33bdf7142e0b02e60d858fa9f5e - - default default] Unable to schedule network 84f32623-5153-44cd-9324-6791a84284b4: no agents available; will retry on subsequent port and subnet creation events.
2026-04-21 18:55:31.184 9 INFO neutron.db.ovn_revision_numbers_db [None req-b8b50d0a-5778-4747-a226-95807fbc882d 594ed79f4c544fbf953799530d60e639 1c5ee89523db4694a5e7ab8034db32ef - - default default] Successfully bumped revision number for resource 9df0516c-52a0-401d-b525-1fe58cd858b2 (type: router_ports) to 1 /var/lib/openstack/lib/python3.10/site-packages/pycadf/identifier.py:71: UserWarning: Invalid uuid: neutron. To ensure interoperability, identifiers should be a valid uuid. warnings.warn(('Invalid uuid: %s. To ensure interoperability, '
2026-04-21 18:55:31.281 10 INFO neutron.db.ovn_revision_numbers_db [None req-1717e42c-8947-40e2-a8c6-cbfdbd95dda5 b32f588970c24b3c9e853eb873cfa8e0 6d48c33bdf7142e0b02e60d858fa9f5e - - default default] Successfully bumped revision number for resource fbde0bad-06c9-41f4-bddf-7652ac5e93e6 (type: router_ports) to 3
2026-04-21 18:55:31.283 10 INFO neutron.wsgi [None req-1717e42c-8947-40e2-a8c6-cbfdbd95dda5 b32f588970c24b3c9e853eb873cfa8e0 6d48c33bdf7142e0b02e60d858fa9f5e - - default default] 10.0.0.30 "PUT /v2.0/routers/43b90985-d915-44d7-a986-052816852cb5/add_router_interface HTTP/1.1" status: 200 len: 503 time: 1.7849658
2026-04-21 18:55:31.326 10 INFO neutron.db.ovn_revision_numbers_db [None req-ce9f3f32-40fd-4f98-aa58-dd312efc33e9 e0485c9aab5b4908a0298db2633dcd2b 523c342a98024c48a1ce0cda37582ced - - default default] Successfully bumped revision number for resource 8398f395-ad1b-4371-a026-d2840bec8aab (type: security_groups) to 1
2026-04-21 18:55:31.352 10 INFO neutron.db.ovn_revision_numbers_db [None req-ce9f3f32-40fd-4f98-aa58-dd312efc33e9 e0485c9aab5b4908a0298db2633dcd2b 523c342a98024c48a1ce0cda37582ced - - default default] Successfully bumped revision number for resource 293594cb-9515-49a5-8380-f3e89e9f944e (type: security_group_rules) to 0
2026-04-21 18:55:31.356 9 INFO neutron.db.ovn_revision_numbers_db [None req-b8b50d0a-5778-4747-a226-95807fbc882d 594ed79f4c544fbf953799530d60e639 1c5ee89523db4694a5e7ab8034db32ef - - default default] Successfully bumped revision number for resource 9df0516c-52a0-401d-b525-1fe58cd858b2 (type: ports) to 1
2026-04-21 18:55:31.366 10 INFO neutron.db.ovn_revision_numbers_db [None req-ce9f3f32-40fd-4f98-aa58-dd312efc33e9 e0485c9aab5b4908a0298db2633dcd2b 523c342a98024c48a1ce0cda37582ced - - default default] Successfully bumped revision number for resource 38a9a0e0-6f9f-45fe-ba58-ec288c0202e6 (type: security_group_rules) to 0
2026-04-21 18:55:31.376 10 INFO neutron.wsgi [None req-554afdb1-64cc-4c8d-ab97-690942221e74 b32f588970c24b3c9e853eb873cfa8e0 6d48c33bdf7142e0b02e60d858fa9f5e - - default default] 10.0.0.30 "GET /v2.0/ports/fbde0bad-06c9-41f4-bddf-7652ac5e93e6 HTTP/1.1" status: 200 len: 1209 time: 0.0851610
2026-04-21 18:55:31.390 10 INFO neutron.db.ovn_revision_numbers_db [None req-ce9f3f32-40fd-4f98-aa58-dd312efc33e9 e0485c9aab5b4908a0298db2633dcd2b 523c342a98024c48a1ce0cda37582ced - - default default] Successfully bumped revision number for resource 5bf81802-680e-4e9e-87ec-1ad3fa527c44 (type: security_group_rules) to 0
2026-04-21 18:55:31.421 9 WARNING neutron.scheduler.dhcp_agent_scheduler [None req-b8b50d0a-5778-4747-a226-95807fbc882d 594ed79f4c544fbf953799530d60e639 1c5ee89523db4694a5e7ab8034db32ef - - default default] No more DHCP agents
2026-04-21 18:55:31.423 9 WARNING neutron.api.rpc.agentnotifiers.dhcp_rpc_agent_api [None req-b8b50d0a-5778-4747-a226-95807fbc882d 594ed79f4c544fbf953799530d60e639 1c5ee89523db4694a5e7ab8034db32ef - - default default] Unable to schedule network 090c0cbf-7776-4e3b-a650-113b38553a8c: no agents available; will retry on subsequent port and subnet creation events.
2026-04-21 18:55:31.424 10 INFO neutron.db.ovn_revision_numbers_db [None req-ce9f3f32-40fd-4f98-aa58-dd312efc33e9 e0485c9aab5b4908a0298db2633dcd2b 523c342a98024c48a1ce0cda37582ced - - default default] Successfully bumped revision number for resource dded1b14-07cf-425f-a07c-530266e63872 (type: security_group_rules) to 0
2026-04-21 18:55:31.451 10 INFO neutron.wsgi [None req-ce9f3f32-40fd-4f98-aa58-dd312efc33e9 e0485c9aab5b4908a0298db2633dcd2b 523c342a98024c48a1ce0cda37582ced - - default default] 10.0.0.30 "GET /v2.0/security-groups?tenant_id=e67ab3ffb66546a784da2864bd793812&name=default HTTP/1.1" status: 200 len: 2996 time: 0.4440434
2026-04-21 18:55:31.785 9 INFO neutron.db.ovn_revision_numbers_db [None req-b8b50d0a-5778-4747-a226-95807fbc882d 594ed79f4c544fbf953799530d60e639 1c5ee89523db4694a5e7ab8034db32ef - - default default] Successfully bumped revision number for resource 9df0516c-52a0-401d-b525-1fe58cd858b2 (type: router_ports) to 1
2026-04-21 18:55:31.788 9 INFO neutron.wsgi [None req-b8b50d0a-5778-4747-a226-95807fbc882d 594ed79f4c544fbf953799530d60e639 1c5ee89523db4694a5e7ab8034db32ef - - default default] 10.0.0.30 "PUT /v2.0/routers/56d85a6e-f2fa-4842-93b5-79f5c845fb24/add_router_interface HTTP/1.1" status: 200 len: 503 time: 1.8431025
2026-04-21 18:55:31.955 10 INFO neutron.wsgi [None req-b0c2b65f-5417-4e2d-9320-33cd6266db4e e0485c9aab5b4908a0298db2633dcd2b 523c342a98024c48a1ce0cda37582ced - - default default] 10.0.0.30 "DELETE /v2.0/security-groups/8398f395-ad1b-4371-a026-d2840bec8aab HTTP/1.1" status: 204 len: 168 time: 0.4964612
2026-04-21 18:55:32.142 9 WARNING neutron.scheduler.dhcp_agent_scheduler [None req-1404e97c-1ab0-4e6e-b81c-24e775d41c18 594ed79f4c544fbf953799530d60e639 1c5ee89523db4694a5e7ab8034db32ef - - default default] No more DHCP agents
2026-04-21 18:55:32.144 9 WARNING neutron.api.rpc.agentnotifiers.dhcp_rpc_agent_api [None req-1404e97c-1ab0-4e6e-b81c-24e775d41c18 594ed79f4c544fbf953799530d60e639 1c5ee89523db4694a5e7ab8034db32ef - - default default] Unable to schedule network 090c0cbf-7776-4e3b-a650-113b38553a8c: no agents available; will retry on subsequent port and subnet creation events.
2026-04-21 18:55:32.260 10 INFO neutron.wsgi [None req-93d13cd7-a579-4ddf-9817-44d854f287b4 b32f588970c24b3c9e853eb873cfa8e0 6d48c33bdf7142e0b02e60d858fa9f5e - - default default] 10.0.0.30 "PUT /v2.0/routers/43b90985-d915-44d7-a986-052816852cb5/remove_router_interface HTTP/1.1" status: 200 len: 503 time: 0.8774071 /var/lib/openstack/lib/python3.10/site-packages/pycadf/identifier.py:71: UserWarning: Invalid uuid: neutron. To ensure interoperability, identifiers should be a valid uuid. warnings.warn(('Invalid uuid: %s. To ensure interoperability, '
2026-04-21 18:55:32.343 9 INFO neutron.api.v2.resource [None req-435e3807-33b4-46d6-9642-abbea973df27 b32f588970c24b3c9e853eb873cfa8e0 6d48c33bdf7142e0b02e60d858fa9f5e - - default default] remove_router_interface failed (client error): The resource could not be found.
2026-04-21 18:55:32.345 9 INFO neutron.wsgi [None req-435e3807-33b4-46d6-9642-abbea973df27 b32f588970c24b3c9e853eb873cfa8e0 6d48c33bdf7142e0b02e60d858fa9f5e - - default default] 10.0.0.30 "PUT /v2.0/routers/43b90985-d915-44d7-a986-052816852cb5/remove_router_interface HTTP/1.1" status: 404 len: 398 time: 0.0792999 /var/lib/openstack/lib/python3.10/site-packages/pycadf/identifier.py:71: UserWarning: Invalid uuid: neutron. To ensure interoperability, identifiers should be a valid uuid. warnings.warn(('Invalid uuid: %s. To ensure interoperability, '
2026-04-21 18:55:32.380 10 INFO neutron.wsgi [None req-2d91f4c1-ad9a-4e36-b1d7-a8b7c4b7120a b32f588970c24b3c9e853eb873cfa8e0 6d48c33bdf7142e0b02e60d858fa9f5e - - default default] 10.0.0.30 "GET /v2.0/ports?device_id=43b90985-d915-44d7-a986-052816852cb5 HTTP/1.1" status: 200 len: 205 time: 0.0268049
2026-04-21 18:55:32.406 9 INFO neutron.db.ovn_revision_numbers_db [None req-1404e97c-1ab0-4e6e-b81c-24e775d41c18 594ed79f4c544fbf953799530d60e639 1c5ee89523db4694a5e7ab8034db32ef - - default default] Successfully bumped revision number for resource ba2b877e-e64c-4f50-b916-3f8436bfd069 (type: ports) to 1
2026-04-21 18:55:32.422 10 INFO neutron.wsgi [-] 10.0.0.27 "GET / HTTP/1.1" status: 200 len: 246 time: 0.0012095
2026-04-21 18:55:32.423 9 INFO neutron.wsgi [-] 10.0.0.27 "GET / HTTP/1.1" status: 200 len: 246 time: 0.0017996
2026-04-21 18:55:32.437 9 INFO neutron.wsgi [None req-1404e97c-1ab0-4e6e-b81c-24e775d41c18 594ed79f4c544fbf953799530d60e639 1c5ee89523db4694a5e7ab8034db32ef - - default default] 10.0.0.30 "POST /v2.0/ports HTTP/1.1" status: 201 len: 1157 time: 0.6436079
2026-04-21 18:55:32.661 10 INFO neutron.wsgi [None req-70febdbf-0fc8-4687-a129-d5e273ab18d4 b32f588970c24b3c9e853eb873cfa8e0 6d48c33bdf7142e0b02e60d858fa9f5e - - default default] 10.0.0.30 "DELETE /v2.0/routers/43b90985-d915-44d7-a986-052816852cb5 HTTP/1.1" status: 204 len: 168 time: 0.2728679
2026-04-21 18:55:32.959 10 WARNING neutron.scheduler.dhcp_agent_scheduler [None req-99737d32-442b-445b-af7c-72b080a0c052 594ed79f4c544fbf953799530d60e639 1c5ee89523db4694a5e7ab8034db32ef - - default default] No more DHCP agents
2026-04-21 18:55:32.965 10 WARNING neutron.api.rpc.agentnotifiers.dhcp_rpc_agent_api [None req-99737d32-442b-445b-af7c-72b080a0c052 594ed79f4c544fbf953799530d60e639 1c5ee89523db4694a5e7ab8034db32ef - - default default] Unable to schedule network 090c0cbf-7776-4e3b-a650-113b38553a8c: no agents available; will retry on subsequent port and subnet creation events.
2026-04-21 18:55:32.978 10 INFO neutron.wsgi [None req-b1f16f38-9af5-4338-bcea-01b3a1e6fcf7 b32f588970c24b3c9e853eb873cfa8e0 6d48c33bdf7142e0b02e60d858fa9f5e - - default default] 10.0.0.30 "DELETE /v2.0/subnets/001dc4e0-a3c8-4eb5-a31b-cd770e0874f8 HTTP/1.1" status: 204 len: 168 time: 0.3108625
2026-04-21 18:55:33.148 10 INFO neutron.db.ovn_revision_numbers_db [None req-99737d32-442b-445b-af7c-72b080a0c052 594ed79f4c544fbf953799530d60e639 1c5ee89523db4694a5e7ab8034db32ef - - default default] Successfully bumped revision number for resource 1684bdcf-cacb-48f0-9272-b100c32a505e (type: ports) to 1
2026-04-21 18:55:33.172 10 INFO neutron.wsgi [None req-99737d32-442b-445b-af7c-72b080a0c052 594ed79f4c544fbf953799530d60e639 1c5ee89523db4694a5e7ab8034db32ef - - default default] 10.0.0.30 "POST /v2.0/ports HTTP/1.1" status: 201 len: 1157 time: 0.7296853 /var/lib/openstack/lib/python3.10/site-packages/pycadf/identifier.py:71: UserWarning: Invalid uuid: neutron. To ensure interoperability, identifiers should be a valid uuid. warnings.warn(('Invalid uuid: %s. To ensure interoperability, '
2026-04-21 18:55:33.368 9 INFO neutron.services.segments.plugin [-] Segment 0d93e7c8-a45a-4373-a490-b698be555b97 resource provider aggregate not found
2026-04-21 18:55:33.373 9 INFO neutron.services.segments.plugin [-] Segment 0d93e7c8-a45a-4373-a490-b698be555b97 resource provider aggregate not found
2026-04-21 18:55:33.389 9 INFO neutron.services.segments.plugin [-] Segment 0d93e7c8-a45a-4373-a490-b698be555b97 resource provider not found; error: Placement Client Error (4xx): {"errors": [{"status": 404, "title": "Not Found", "detail": "The resource could not be found.\n\n No resource provider with uuid 0d93e7c8-a45a-4373-a490-b698be555b97 found for delete ", "request_id": "req-5f076dd1-c045-4f0d-8be1-b36c8df09e73"}]}
2026-04-21 18:55:33.391 9 INFO neutron.services.segments.plugin [-] Segment 0d93e7c8-a45a-4373-a490-b698be555b97 resource provider not found; error: Placement Client Error (4xx): {"errors": [{"status": 404, "title": "Not Found", "detail": "The resource could not be found.\n\n No resource provider with uuid 0d93e7c8-a45a-4373-a490-b698be555b97 found for delete ", "request_id": "req-281fde12-a3aa-4540-b288-945238a98511"}]}
2026-04-21 18:55:33.410 9 INFO neutron.wsgi [None req-27a07298-9544-42ed-aa51-86594d10b9fe b32f588970c24b3c9e853eb873cfa8e0 6d48c33bdf7142e0b02e60d858fa9f5e - - default default] 10.0.0.30 "DELETE /v2.0/networks/84f32623-5153-44cd-9324-6791a84284b4 HTTP/1.1" status: 204 len: 168 time: 0.4245210
2026-04-21 18:55:33.462 10 WARNING neutron.scheduler.dhcp_agent_scheduler [None req-f2fdac49-91ef-444f-b962-c45da5e7280b 594ed79f4c544fbf953799530d60e639 1c5ee89523db4694a5e7ab8034db32ef - - default default] No more DHCP agents
2026-04-21 18:55:33.464 10 WARNING neutron.api.rpc.agentnotifiers.dhcp_rpc_agent_api [None req-f2fdac49-91ef-444f-b962-c45da5e7280b 594ed79f4c544fbf953799530d60e639 1c5ee89523db4694a5e7ab8034db32ef - - default default] Unable to schedule network e417b651-0188-41d9-b617-5b39c0cfe9cd: no agents available; will retry on subsequent port and subnet creation events.
2026-04-21 18:55:33.498 9 INFO neutron.db.segments_db [None req-41ddd382-e15c-4f86-bc41-19677719880a b32f588970c24b3c9e853eb873cfa8e0 6d48c33bdf7142e0b02e60d858fa9f5e - - default default] Added segment 5a02c944-6e3c-4fd9-aca9-a60fc8d31c42 of type geneve for network 659dcc4e-c80f-4a0b-9737-10d9f32c8510
2026-04-21 18:55:33.624 9 INFO neutron.db.ovn_revision_numbers_db [None req-41ddd382-e15c-4f86-bc41-19677719880a b32f588970c24b3c9e853eb873cfa8e0 6d48c33bdf7142e0b02e60d858fa9f5e - - default default] Successfully bumped revision number for resource 659dcc4e-c80f-4a0b-9737-10d9f32c8510 (type: networks) to 1
2026-04-21 18:55:33.804 9 WARNING neutron.scheduler.dhcp_agent_scheduler [None req-41ddd382-e15c-4f86-bc41-19677719880a b32f588970c24b3c9e853eb873cfa8e0 6d48c33bdf7142e0b02e60d858fa9f5e - - default default] No more DHCP agents
2026-04-21 18:55:33.807 9 WARNING neutron.api.rpc.agentnotifiers.dhcp_rpc_agent_api [None req-41ddd382-e15c-4f86-bc41-19677719880a b32f588970c24b3c9e853eb873cfa8e0 6d48c33bdf7142e0b02e60d858fa9f5e - - default default] Unable to schedule network 659dcc4e-c80f-4a0b-9737-10d9f32c8510: no agents available; will retry on subsequent port and subnet creation events.
2026-04-21 18:55:33.904 9 INFO neutron.db.ovn_revision_numbers_db [None req-41ddd382-e15c-4f86-bc41-19677719880a b32f588970c24b3c9e853eb873cfa8e0 6d48c33bdf7142e0b02e60d858fa9f5e - - default default] Successfully bumped revision number for resource 8f2a69b2-7a49-468e-83ef-1b9af7b28eb8 (type: ports) to 1
2026-04-21 18:55:33.905 10 INFO neutron.db.l3_db [None req-f2fdac49-91ef-444f-b962-c45da5e7280b 594ed79f4c544fbf953799530d60e639 1c5ee89523db4694a5e7ab8034db32ef - - default default] Floating IP 5cbfe37d-c3c1-423f-8f1d-7c6ab64034da associated. External IP: 10.96.250.206, port: 1684bdcf-cacb-48f0-9272-b100c32a505e.
2026-04-21 18:55:33.923 9 INFO neutron.wsgi [None req-41ddd382-e15c-4f86-bc41-19677719880a b32f588970c24b3c9e853eb873cfa8e0 6d48c33bdf7142e0b02e60d858fa9f5e - - default default] 10.0.0.30 "POST /v2.0/networks HTTP/1.1" status: 201 len: 828 time: 0.5016391
2026-04-21 18:55:34.095 10 INFO neutron.db.ovn_revision_numbers_db [None req-f2fdac49-91ef-444f-b962-c45da5e7280b 594ed79f4c544fbf953799530d60e639 1c5ee89523db4694a5e7ab8034db32ef - - default default] Successfully bumped revision number for resource 5cbfe37d-c3c1-423f-8f1d-7c6ab64034da (type: floatingips) to 0
2026-04-21 18:55:34.149 9 WARNING neutron.scheduler.dhcp_agent_scheduler [None req-4add8cc8-0b69-421e-b095-2cf2fa89b447 b32f588970c24b3c9e853eb873cfa8e0 6d48c33bdf7142e0b02e60d858fa9f5e - - default default] No more DHCP agents
2026-04-21 18:55:34.151 9 WARNING neutron.api.rpc.agentnotifiers.dhcp_rpc_agent_api [None req-4add8cc8-0b69-421e-b095-2cf2fa89b447 b32f588970c24b3c9e853eb873cfa8e0 6d48c33bdf7142e0b02e60d858fa9f5e - - default default] Unable to schedule network 659dcc4e-c80f-4a0b-9737-10d9f32c8510: no agents available; will retry on subsequent port and subnet creation events.
2026-04-21 18:55:34.218 10 INFO neutron.db.ovn_revision_numbers_db [None req-f2fdac49-91ef-444f-b962-c45da5e7280b 594ed79f4c544fbf953799530d60e639 1c5ee89523db4694a5e7ab8034db32ef - - default default] Successfully bumped revision number for resource 5cbfe37d-c3c1-423f-8f1d-7c6ab64034da (type: floatingips) to 1
2026-04-21 18:55:34.251 10 INFO neutron.wsgi [None req-f2fdac49-91ef-444f-b962-c45da5e7280b 594ed79f4c544fbf953799530d60e639 1c5ee89523db4694a5e7ab8034db32ef - - default default] 10.0.0.30 "POST /v2.0/floatingips HTTP/1.1" status: 201 len: 1041 time: 1.0725350
2026-04-21 18:55:34.382 10 INFO neutron.db.l3_db [None req-97aa3c6e-5414-486f-a077-00a96dcb9d81 594ed79f4c544fbf953799530d60e639 1c5ee89523db4694a5e7ab8034db32ef - - default default] Floating IP 5cbfe37d-c3c1-423f-8f1d-7c6ab64034da disassociated. External IP: 10.96.250.206, port: 1684bdcf-cacb-48f0-9272-b100c32a505e.
2026-04-21 18:55:34.539 10 INFO neutron.db.ovn_revision_numbers_db [None req-97aa3c6e-5414-486f-a077-00a96dcb9d81 594ed79f4c544fbf953799530d60e639 1c5ee89523db4694a5e7ab8034db32ef - - default default] Successfully bumped revision number for resource 5cbfe37d-c3c1-423f-8f1d-7c6ab64034da (type: floatingips) to 2
2026-04-21 18:55:34.612 10 INFO neutron.wsgi [None req-97aa3c6e-5414-486f-a077-00a96dcb9d81 594ed79f4c544fbf953799530d60e639 1c5ee89523db4694a5e7ab8034db32ef - - default default] 10.0.0.30 "PUT /v2.0/floatingips/5cbfe37d-c3c1-423f-8f1d-7c6ab64034da HTTP/1.1" status: 200 len: 748 time: 0.3542240
2026-04-21 18:55:34.780 9 WARNING neutron.plugins.ml2.drivers.ovn.mech_driver.ovsdb.ovn_client [None req-34452092-acb4-4111-9eef-15ca9638616d - - - - - -] No hosting information found for port 15939c49-e7f3-413c-9c2d-009cd6371dcf: RuntimeError: No hosting information found for port 15939c49-e7f3-413c-9c2d-009cd6371dcf
2026-04-21 18:55:34.874 9 INFO neutron.db.ovn_revision_numbers_db [None req-4add8cc8-0b69-421e-b095-2cf2fa89b447 b32f588970c24b3c9e853eb873cfa8e0 6d48c33bdf7142e0b02e60d858fa9f5e - - default default] Successfully bumped revision number for resource 8f2a69b2-7a49-468e-83ef-1b9af7b28eb8 (type: ports) to 2
2026-04-21 18:55:34.899 10 INFO neutron.wsgi [None req-b5f5f232-b89e-484d-99d8-0d9a77905d56 594ed79f4c544fbf953799530d60e639 1c5ee89523db4694a5e7ab8034db32ef - - default default] 10.0.0.30 "DELETE /v2.0/floatingips/5cbfe37d-c3c1-423f-8f1d-7c6ab64034da HTTP/1.1" status: 204 len: 168 time: 0.2751892
2026-04-21 18:55:34.911 9 INFO neutron.db.ovn_revision_numbers_db [None req-4add8cc8-0b69-421e-b095-2cf2fa89b447 b32f588970c24b3c9e853eb873cfa8e0 6d48c33bdf7142e0b02e60d858fa9f5e - - default default] Successfully bumped revision number for resource 34b56659-3460-4a71-a735-d550debe351e (type: subnets) to 0
2026-04-21 18:55:34.933 9 INFO neutron.wsgi [None req-4add8cc8-0b69-421e-b095-2cf2fa89b447 b32f588970c24b3c9e853eb873cfa8e0 6d48c33bdf7142e0b02e60d858fa9f5e - - default default] 10.0.0.30 "POST /v2.0/subnets HTTP/1.1" status: 201 len: 801 time: 1.0041664 /var/lib/openstack/lib/python3.10/site-packages/pycadf/identifier.py:71: UserWarning: Invalid uuid: neutron. To ensure interoperability, identifiers should be a valid uuid. warnings.warn(('Invalid uuid: %s. To ensure interoperability, '
2026-04-21 18:55:35.102 9 INFO neutron.db.ovn_revision_numbers_db [None req-89071fb0-0fb2-4559-b2ca-713aadcbfa74 b32f588970c24b3c9e853eb873cfa8e0 6d48c33bdf7142e0b02e60d858fa9f5e - - default default] Successfully bumped revision number for resource 6cb244e0-cb78-4c7d-baf6-86a4df95d5cb (type: routers) to 1
2026-04-21 18:55:35.120 9 INFO neutron.wsgi [None req-89071fb0-0fb2-4559-b2ca-713aadcbfa74 b32f588970c24b3c9e853eb873cfa8e0 6d48c33bdf7142e0b02e60d858fa9f5e - - default default] 10.0.0.30 "POST /v2.0/routers HTTP/1.1" status: 201 len: 687 time: 0.1815946
2026-04-21 18:55:35.143 10 WARNING neutron.scheduler.dhcp_agent_scheduler [None req-c089cdbf-af73-467f-a00a-e58d103a6c1e 594ed79f4c544fbf953799530d60e639 1c5ee89523db4694a5e7ab8034db32ef - - default default] No more DHCP agents
2026-04-21 18:55:35.146 10 WARNING neutron.api.rpc.agentnotifiers.dhcp_rpc_agent_api [None req-c089cdbf-af73-467f-a00a-e58d103a6c1e 594ed79f4c544fbf953799530d60e639 1c5ee89523db4694a5e7ab8034db32ef - - default default] Unable to schedule network e417b651-0188-41d9-b617-5b39c0cfe9cd: no agents available; will retry on subsequent port and subnet creation events.
2026-04-21 18:55:35.252 10 WARNING neutron.plugins.ml2.drivers.ovn.mech_driver.ovsdb.ovn_client [None req-dceb0b9a-9d10-4954-b485-41370f18b3a0 - - - - - -] No port found with ID fbde0bad-06c9-41f4-bddf-7652ac5e93e6: RuntimeError: No port found with ID fbde0bad-06c9-41f4-bddf-7652ac5e93e6
2026-04-21 18:55:35.253 10 INFO neutron.plugins.ml2.drivers.ovn.mech_driver.mech_driver [None req-dceb0b9a-9d10-4954-b485-41370f18b3a0 - - - - - -] OVN reports status up for port: 9df0516c-52a0-401d-b525-1fe58cd858b2
2026-04-21 18:55:35.264 10 INFO neutron.plugins.ml2.plugin [None req-dceb0b9a-9d10-4954-b485-41370f18b3a0 - - - - - -] Attempt 1 to provision port 9df0516c-52a0-401d-b525-1fe58cd858b2
2026-04-21 18:55:35.582 9 WARNING neutron.scheduler.dhcp_agent_scheduler [None req-7cfdf694-880c-49fd-b5c1-ff69f3770743 b32f588970c24b3c9e853eb873cfa8e0 6d48c33bdf7142e0b02e60d858fa9f5e - - default default] No more DHCP agents
2026-04-21 18:55:35.584 9 WARNING neutron.api.rpc.agentnotifiers.dhcp_rpc_agent_api [None req-7cfdf694-880c-49fd-b5c1-ff69f3770743 b32f588970c24b3c9e853eb873cfa8e0 6d48c33bdf7142e0b02e60d858fa9f5e - - default default] Unable to schedule network 659dcc4e-c80f-4a0b-9737-10d9f32c8510: no agents available; will retry on subsequent port and subnet creation events.
2026-04-21 18:55:35.880 10 INFO neutron.db.l3_db [None req-c089cdbf-af73-467f-a00a-e58d103a6c1e 594ed79f4c544fbf953799530d60e639 1c5ee89523db4694a5e7ab8034db32ef - - default default] Floating IP ae346014-cab5-4e9b-8903-0a88946c2121 associated. External IP: 10.96.250.214, port: ba2b877e-e64c-4f50-b916-3f8436bfd069.
2026-04-21 18:55:35.909 10 INFO neutron.db.ovn_revision_numbers_db [None req-dceb0b9a-9d10-4954-b485-41370f18b3a0 - - - - - -] Successfully bumped revision number for resource 9df0516c-52a0-401d-b525-1fe58cd858b2 (type: ports) to 2
2026-04-21 18:55:36.073 10 INFO neutron.db.ovn_revision_numbers_db [None req-dceb0b9a-9d10-4954-b485-41370f18b3a0 - - - - - -] Successfully bumped revision number for resource 9df0516c-52a0-401d-b525-1fe58cd858b2 (type: router_ports) to 2
2026-04-21 18:55:36.075 9 INFO neutron.db.ovn_revision_numbers_db [None req-7cfdf694-880c-49fd-b5c1-ff69f3770743 b32f588970c24b3c9e853eb873cfa8e0 6d48c33bdf7142e0b02e60d858fa9f5e - - default default] Successfully bumped revision number for resource 82454f03-7cd0-418c-858d-bee65198ecfb (type: ports) to 1
2026-04-21 18:55:36.125 10 INFO neutron.db.ovn_revision_numbers_db [None req-c089cdbf-af73-467f-a00a-e58d103a6c1e 594ed79f4c544fbf953799530d60e639 1c5ee89523db4694a5e7ab8034db32ef - - default default] Successfully bumped revision number for resource ae346014-cab5-4e9b-8903-0a88946c2121 (type: floatingips) to 0
2026-04-21 18:55:36.226 10 INFO neutron.db.ovn_revision_numbers_db [None req-c089cdbf-af73-467f-a00a-e58d103a6c1e 594ed79f4c544fbf953799530d60e639 1c5ee89523db4694a5e7ab8034db32ef - - default default] Successfully bumped revision number for resource ae346014-cab5-4e9b-8903-0a88946c2121 (type: floatingips) to 1
2026-04-21 18:55:36.264 10 INFO neutron.wsgi [None req-c089cdbf-af73-467f-a00a-e58d103a6c1e 594ed79f4c544fbf953799530d60e639 1c5ee89523db4694a5e7ab8034db32ef - - default default] 10.0.0.30 "POST /v2.0/floatingips HTTP/1.1" status: 201 len: 1041 time: 1.3581660
2026-04-21 18:55:36.313 9 INFO neutron.wsgi [None req-92cb36fa-2723-4953-b7e6-d5ee18731838 594ed79f4c544fbf953799530d60e639 1c5ee89523db4694a5e7ab8034db32ef - - default default] 10.0.0.30 "GET /v2.0/floatingips/ae346014-cab5-4e9b-8903-0a88946c2121 HTTP/1.1" status: 200 len: 1038 time: 0.0437205
2026-04-21 18:55:36.384 10 INFO neutron.wsgi [None req-a6eaf93d-099d-4d45-8bc2-16739abd5c46 594ed79f4c544fbf953799530d60e639 1c5ee89523db4694a5e7ab8034db32ef - - default default] 10.0.0.30 "GET /v2.0/floatingips HTTP/1.1" status: 200 len: 1041 time: 0.0669918
2026-04-21 18:55:36.438 10 INFO neutron.db.ovn_revision_numbers_db [None req-eb888f02-fa8b-435c-bb7a-fc1f41eae055 b266b1904e094af0931038a760054e48 bed853b4399a4bebba698a13b9620d0d - - default default] Successfully bumped revision number for resource 52d9b8da-80b8-42aa-9003-a6ca50f6e735 (type: security_groups) to 1
2026-04-21 18:55:36.451 10 INFO neutron.db.ovn_revision_numbers_db [None req-eb888f02-fa8b-435c-bb7a-fc1f41eae055 b266b1904e094af0931038a760054e48 bed853b4399a4bebba698a13b9620d0d - - default default] Successfully bumped revision number for resource 8e1cac21-8b09-456d-b49a-f883195240db (type: security_group_rules) to 0
2026-04-21 18:55:36.464 10 INFO neutron.db.ovn_revision_numbers_db [None req-eb888f02-fa8b-435c-bb7a-fc1f41eae055 b266b1904e094af0931038a760054e48 bed853b4399a4bebba698a13b9620d0d - - default default] Successfully bumped revision number for resource c049659e-dc2a-4184-b32a-ee697ee35a25 (type: security_group_rules) to 0
2026-04-21 18:55:36.477 10 INFO neutron.db.ovn_revision_numbers_db [None req-eb888f02-fa8b-435c-bb7a-fc1f41eae055 b266b1904e094af0931038a760054e48 bed853b4399a4bebba698a13b9620d0d - - default default] Successfully bumped revision number for resource c8eab195-9a1e-4baa-8528-b777273c7626 (type: security_group_rules) to 0
2026-04-21 18:55:36.490 10 INFO neutron.db.ovn_revision_numbers_db [None req-eb888f02-fa8b-435c-bb7a-fc1f41eae055 b266b1904e094af0931038a760054e48 bed853b4399a4bebba698a13b9620d0d - - default default] Successfully bumped revision number for resource fa9118ac-561b-42d2-85ab-b43b4434551d (type: security_group_rules) to 0
2026-04-21 18:55:36.536 10 INFO neutron.db.segments_db [None req-eb888f02-fa8b-435c-bb7a-fc1f41eae055 b266b1904e094af0931038a760054e48 bed853b4399a4bebba698a13b9620d0d - - default default] Added segment 9f7470b8-ec00-4de0-ad8f-85b85d5ac2ee of type geneve for network c18c6990-40ca-4ce0-b504-11f8137ad955
2026-04-21 18:55:36.601 9 INFO neutron.db.ovn_revision_numbers_db [None req-7cfdf694-880c-49fd-b5c1-ff69f3770743 b32f588970c24b3c9e853eb873cfa8e0 6d48c33bdf7142e0b02e60d858fa9f5e - - default default] Successfully bumped revision number for resource 82454f03-7cd0-418c-858d-bee65198ecfb (type: router_ports) to 1
2026-04-21 18:55:36.684 10 INFO neutron.db.ovn_revision_numbers_db [None req-eb888f02-fa8b-435c-bb7a-fc1f41eae055 b266b1904e094af0931038a760054e48 bed853b4399a4bebba698a13b9620d0d - - default default] Successfully bumped revision number for resource c18c6990-40ca-4ce0-b504-11f8137ad955 (type: networks) to 1
2026-04-21 18:55:36.764 9 INFO neutron.db.l3_db [None req-842bbc72-e95c-496c-b40b-d0045399686d 594ed79f4c544fbf953799530d60e639 1c5ee89523db4694a5e7ab8034db32ef - - default default] Floating IP ae346014-cab5-4e9b-8903-0a88946c2121 associated. External IP: 10.96.250.214, port: ba2b877e-e64c-4f50-b916-3f8436bfd069.
2026-04-21 18:55:36.845 9 INFO neutron.db.ovn_revision_numbers_db [None req-7cfdf694-880c-49fd-b5c1-ff69f3770743 b32f588970c24b3c9e853eb873cfa8e0 6d48c33bdf7142e0b02e60d858fa9f5e - - default default] Successfully bumped revision number for resource 82454f03-7cd0-418c-858d-bee65198ecfb (type: ports) to 1
2026-04-21 18:55:36.889 10 WARNING neutron.scheduler.dhcp_agent_scheduler [None req-eb888f02-fa8b-435c-bb7a-fc1f41eae055 b266b1904e094af0931038a760054e48 bed853b4399a4bebba698a13b9620d0d - - default default] No more DHCP agents
2026-04-21 18:55:36.891 10 WARNING neutron.api.rpc.agentnotifiers.dhcp_rpc_agent_api [None req-eb888f02-fa8b-435c-bb7a-fc1f41eae055 b266b1904e094af0931038a760054e48 bed853b4399a4bebba698a13b9620d0d - - default default] Unable to schedule network c18c6990-40ca-4ce0-b504-11f8137ad955: no agents available; will retry on subsequent port and subnet creation events.
2026-04-21 18:55:36.984 9 WARNING neutron.scheduler.dhcp_agent_scheduler [None req-7cfdf694-880c-49fd-b5c1-ff69f3770743 b32f588970c24b3c9e853eb873cfa8e0 6d48c33bdf7142e0b02e60d858fa9f5e - - default default] No more DHCP agents
2026-04-21 18:55:36.986 9 WARNING neutron.api.rpc.agentnotifiers.dhcp_rpc_agent_api [None req-7cfdf694-880c-49fd-b5c1-ff69f3770743 b32f588970c24b3c9e853eb873cfa8e0 6d48c33bdf7142e0b02e60d858fa9f5e - - default default] Unable to schedule network 659dcc4e-c80f-4a0b-9737-10d9f32c8510: no agents available; will retry on subsequent port and subnet creation events.
2026-04-21 18:55:36.995 10 INFO neutron.db.ovn_revision_numbers_db [None req-eb888f02-fa8b-435c-bb7a-fc1f41eae055 b266b1904e094af0931038a760054e48 bed853b4399a4bebba698a13b9620d0d - - default default] Successfully bumped revision number for resource 30ba3cce-517a-460f-a9a8-804c05de15a7 (type: ports) to 1
2026-04-21 18:55:37.018 10 INFO neutron.wsgi [None req-eb888f02-fa8b-435c-bb7a-fc1f41eae055 b266b1904e094af0931038a760054e48 bed853b4399a4bebba698a13b9620d0d - - default default] 10.0.0.30 "POST /v2.0/networks HTTP/1.1" status: 201 len: 831 time: 0.9002643
2026-04-21 18:55:37.024 9 INFO neutron.db.ovn_revision_numbers_db [None req-842bbc72-e95c-496c-b40b-d0045399686d 594ed79f4c544fbf953799530d60e639 1c5ee89523db4694a5e7ab8034db32ef - - default default] Successfully bumped revision number for resource ae346014-cab5-4e9b-8903-0a88946c2121 (type: floatingips) to 2
2026-04-21 18:55:37.160 9 INFO neutron.db.ovn_revision_numbers_db [None req-842bbc72-e95c-496c-b40b-d0045399686d 594ed79f4c544fbf953799530d60e639 1c5ee89523db4694a5e7ab8034db32ef - - default default] Successfully bumped revision number for resource ae346014-cab5-4e9b-8903-0a88946c2121 (type: floatingips) to 2
2026-04-21 18:55:37.215 9 INFO neutron.db.ovn_revision_numbers_db [None req-7cfdf694-880c-49fd-b5c1-ff69f3770743 b32f588970c24b3c9e853eb873cfa8e0 6d48c33bdf7142e0b02e60d858fa9f5e - - default default] Successfully bumped revision number for resource 82454f03-7cd0-418c-858d-bee65198ecfb (type: router_ports) to 1
2026-04-21 18:55:37.218 9 INFO neutron.wsgi [None req-7cfdf694-880c-49fd-b5c1-ff69f3770743 b32f588970c24b3c9e853eb873cfa8e0 6d48c33bdf7142e0b02e60d858fa9f5e - - default default] 10.0.0.30 "PUT /v2.0/routers/6cb244e0-cb78-4c7d-baf6-86a4df95d5cb/add_router_interface HTTP/1.1" status: 200 len: 503 time: 2.0925159
2026-04-21 18:55:37.220 9 INFO neutron.wsgi [None req-842bbc72-e95c-496c-b40b-d0045399686d 594ed79f4c544fbf953799530d60e639 1c5ee89523db4694a5e7ab8034db32ef - - default default] 10.0.0.30 "PUT /v2.0/floatingips/ae346014-cab5-4e9b-8903-0a88946c2121 HTTP/1.1" status: 200 len: 1038 time: 0.8297257 /var/lib/openstack/lib/python3.10/site-packages/pycadf/identifier.py:71: UserWarning: Invalid uuid: neutron. To ensure interoperability, identifiers should be a valid uuid. warnings.warn(('Invalid uuid: %s. To ensure interoperability, '
2026-04-21 18:55:37.280 9 INFO neutron.wsgi [None req-e2cc4af7-6b34-4294-8e19-dcb997726bc6 b32f588970c24b3c9e853eb873cfa8e0 6d48c33bdf7142e0b02e60d858fa9f5e - - default default] 10.0.0.30 "GET /v2.0/ports/82454f03-7cd0-418c-858d-bee65198ecfb HTTP/1.1" status: 200 len: 1135 time: 0.0551052 /var/lib/openstack/lib/python3.10/site-packages/pycadf/identifier.py:71: UserWarning: Invalid uuid: neutron. To ensure interoperability, identifiers should be a valid uuid. warnings.warn(('Invalid uuid: %s. To ensure interoperability, '
2026-04-21 18:55:37.293 10 WARNING neutron.scheduler.dhcp_agent_scheduler [None req-70216e19-4ce5-4a7b-9fd7-db3409ac2a92 b266b1904e094af0931038a760054e48 bed853b4399a4bebba698a13b9620d0d - - default default] No more DHCP agents
2026-04-21 18:55:37.301 10 WARNING neutron.api.rpc.agentnotifiers.dhcp_rpc_agent_api [None req-70216e19-4ce5-4a7b-9fd7-db3409ac2a92 b266b1904e094af0931038a760054e48 bed853b4399a4bebba698a13b9620d0d - - default default] Unable to schedule network c18c6990-40ca-4ce0-b504-11f8137ad955: no agents available; will retry on subsequent port and subnet creation events.
2026-04-21 18:55:37.389 9 INFO neutron.db.l3_db [None req-93b410af-d619-4eba-9bb1-c2da340269e0 594ed79f4c544fbf953799530d60e639 1c5ee89523db4694a5e7ab8034db32ef - - default default] Floating IP ae346014-cab5-4e9b-8903-0a88946c2121 disassociated. External IP: 10.96.250.214, port: 1684bdcf-cacb-48f0-9272-b100c32a505e.
2026-04-21 18:55:37.391 10 INFO neutron.wsgi [None req-7ddfdddd-cd99-44e1-8ad0-94093802b5b2 b32f588970c24b3c9e853eb873cfa8e0 6d48c33bdf7142e0b02e60d858fa9f5e - - default default] 10.0.0.30 "GET /v2.0/ports/82454f03-7cd0-418c-858d-bee65198ecfb HTTP/1.1" status: 200 len: 1135 time: 0.1067786
2026-04-21 18:55:37.401 10 INFO neutron.db.ovn_revision_numbers_db [None req-70216e19-4ce5-4a7b-9fd7-db3409ac2a92 b266b1904e094af0931038a760054e48 bed853b4399a4bebba698a13b9620d0d - - default default] Successfully bumped revision number for resource a34d26a4-8e94-4577-b1ef-474f64f701a0 (type: ports) to 1
2026-04-21 18:55:37.422 10 INFO neutron.wsgi [None req-70216e19-4ce5-4a7b-9fd7-db3409ac2a92 b266b1904e094af0931038a760054e48 bed853b4399a4bebba698a13b9620d0d - - default default] 10.0.0.30 "POST /v2.0/ports HTTP/1.1" status: 201 len: 942 time: 0.3978252 /var/lib/openstack/lib/python3.10/site-packages/pycadf/identifier.py:71: UserWarning: Invalid uuid: neutron. To ensure interoperability, identifiers should be a valid uuid. warnings.warn(('Invalid uuid: %s. To ensure interoperability, '
2026-04-21 18:55:37.458 9 INFO neutron.db.ovn_revision_numbers_db [None req-93b410af-d619-4eba-9bb1-c2da340269e0 594ed79f4c544fbf953799530d60e639 1c5ee89523db4694a5e7ab8034db32ef - - default default] Successfully bumped revision number for resource ae346014-cab5-4e9b-8903-0a88946c2121 (type: floatingips) to 3
2026-04-21 18:55:37.515 10 INFO neutron.db.segments_db [None req-e651fc32-ab8c-4659-adc7-f5ebf3a20165 b266b1904e094af0931038a760054e48 bed853b4399a4bebba698a13b9620d0d - - default default] Added segment fa720707-ae4f-4e65-8dc4-2577a0f38ed4 of type geneve for network 1038bcb0-977a-4841-9ce1-d2253a9b4363
2026-04-21 18:55:37.535 9 INFO neutron.wsgi [None req-93b410af-d619-4eba-9bb1-c2da340269e0 594ed79f4c544fbf953799530d60e639 1c5ee89523db4694a5e7ab8034db32ef - - default default] 10.0.0.30 "PUT /v2.0/floatingips/ae346014-cab5-4e9b-8903-0a88946c2121 HTTP/1.1" status: 200 len: 748 time: 0.3095460 /var/lib/openstack/lib/python3.10/site-packages/pycadf/identifier.py:71: UserWarning: Invalid uuid: neutron. To ensure interoperability, identifiers should be a valid uuid. warnings.warn(('Invalid uuid: %s. To ensure interoperability, '
2026-04-21 18:55:37.697 10 INFO neutron.db.ovn_revision_numbers_db [None req-e651fc32-ab8c-4659-adc7-f5ebf3a20165 b266b1904e094af0931038a760054e48 bed853b4399a4bebba698a13b9620d0d - - default default] Successfully bumped revision number for resource 1038bcb0-977a-4841-9ce1-d2253a9b4363 (type: networks) to 1
2026-04-21 18:55:37.801 9 INFO neutron.wsgi [None req-bd848948-2404-4b82-94da-2a109077931e 594ed79f4c544fbf953799530d60e639 1c5ee89523db4694a5e7ab8034db32ef - - default default] 10.0.0.30 "DELETE /v2.0/floatingips/ae346014-cab5-4e9b-8903-0a88946c2121 HTTP/1.1" status: 204 len: 168 time: 0.2589779
2026-04-21 18:55:37.828 9 INFO neutron.api.v2.resource [None req-923a0b44-66ef-4dcb-b8dc-79806fae7b70 594ed79f4c544fbf953799530d60e639 1c5ee89523db4694a5e7ab8034db32ef - - default default] delete failed (client error): The resource could not be found.
2026-04-21 18:55:37.829 9 INFO neutron.wsgi [None req-923a0b44-66ef-4dcb-b8dc-79806fae7b70 594ed79f4c544fbf953799530d60e639 1c5ee89523db4694a5e7ab8034db32ef - - default default] 10.0.0.30 "DELETE /v2.0/floatingips/ae346014-cab5-4e9b-8903-0a88946c2121 HTTP/1.1" status: 404 len: 345 time: 0.0231500
2026-04-21 18:55:37.894 10 WARNING neutron.scheduler.dhcp_agent_scheduler [None req-e651fc32-ab8c-4659-adc7-f5ebf3a20165 b266b1904e094af0931038a760054e48 bed853b4399a4bebba698a13b9620d0d - - default default] No more DHCP agents
2026-04-21 18:55:37.898 10 WARNING neutron.api.rpc.agentnotifiers.dhcp_rpc_agent_api [None req-e651fc32-ab8c-4659-adc7-f5ebf3a20165 b266b1904e094af0931038a760054e48 bed853b4399a4bebba698a13b9620d0d - - default default] Unable to schedule network 1038bcb0-977a-4841-9ce1-d2253a9b4363: no agents available; will retry on subsequent port and subnet creation events.
2026-04-21 18:55:37.998 10 INFO neutron.db.ovn_revision_numbers_db [None req-e651fc32-ab8c-4659-adc7-f5ebf3a20165 b266b1904e094af0931038a760054e48 bed853b4399a4bebba698a13b9620d0d - - default default] Successfully bumped revision number for resource 8101287b-af54-4b4a-9de5-b0a92e2c465f (type: ports) to 1
2026-04-21 18:55:38.022 10 INFO neutron.wsgi [None req-e651fc32-ab8c-4659-adc7-f5ebf3a20165 b266b1904e094af0931038a760054e48 bed853b4399a4bebba698a13b9620d0d - - default default] 10.0.0.30 "POST /v2.0/networks HTTP/1.1" status: 201 len: 830 time: 0.5946498
2026-04-21 18:55:38.157 9 INFO neutron.wsgi [None req-9f4fb8d2-377b-4a2c-ab2a-ca8075b6be51 594ed79f4c544fbf953799530d60e639 1c5ee89523db4694a5e7ab8034db32ef - - default default] 10.0.0.30 "DELETE /v2.0/ports/1684bdcf-cacb-48f0-9272-b100c32a505e HTTP/1.1" status: 204 len: 168 time: 0.3190489
2026-04-21 18:55:38.292 10 WARNING neutron.scheduler.dhcp_agent_scheduler [None req-0941f4a8-38a4-42cd-9363-2351d3f8feb0 b266b1904e094af0931038a760054e48 bed853b4399a4bebba698a13b9620d0d - - default default] No more DHCP agents
2026-04-21 18:55:38.294 10 WARNING neutron.api.rpc.agentnotifiers.dhcp_rpc_agent_api [None req-0941f4a8-38a4-42cd-9363-2351d3f8feb0 b266b1904e094af0931038a760054e48 bed853b4399a4bebba698a13b9620d0d - - default default] Unable to schedule network 1038bcb0-977a-4841-9ce1-d2253a9b4363: no agents available; will retry on subsequent port and subnet creation events.
