2026-04-21 18:55:21.838 10 INFO neutron.wsgi [None req-00b25949-591f-4425-acd5-b23374aa89f9 92de9862807740b08d7bcafbf06cfcfc faf431d458f84c2b89053d28b3049af4 - - default default] 10.0.0.30 "GET /v2.0/extensions/address-scope HTTP/1.1" status: 200 len: 357 time: 0.0045259
2026-04-21 18:55:21.845 10 INFO neutron.wsgi [None req-df7f3c45-a1e0-44f3-aa98-72f4ad3cd603 92de9862807740b08d7bcafbf06cfcfc faf431d458f84c2b89053d28b3049af4 - - default default] 10.0.0.30 "GET /v2.0/extensions/agent HTTP/1.1" status: 200 len: 347 time: 0.0031548
2026-04-21 18:55:21.858 10 INFO neutron.wsgi [None req-8193cfa8-8894-48b5-aeeb-4ac848529728 92de9862807740b08d7bcafbf06cfcfc faf431d458f84c2b89053d28b3049af4 - - default default] 10.0.0.30 "GET /v2.0/extensions/allowed-address-pairs HTTP/1.1" status: 200 len: 378 time: 0.0087495
2026-04-21 18:55:21.874 10 INFO neutron.wsgi [None req-aa023b6b-7975-44cf-9c82-5fd42dab66ab 92de9862807740b08d7bcafbf06cfcfc faf431d458f84c2b89053d28b3049af4 - - default default] 10.0.0.30 "GET /v2.0/extensions/auto-allocated-topology HTTP/1.1" status: 200 len: 394 time: 0.0074453
2026-04-21 18:55:21.887 9 INFO neutron.wsgi [req-4cf4c64c-48d9-4931-af51-f698a66266f8 req-e657e176-ef2f-469e-8e16-ff98119e5abf 19b1c5d616224567a5f8865c16c248fd 890b6f60173f4f5e8db97dd9f780ce83 - - 31cd863d39cd4bd491f608bd169b5836 31cd863d39cd4bd491f608bd169b5836] 199.204.45.223 "GET /v2.0/networks/7ea94c9f-8eb7-4eb4-83fb-54adf3167c43?fields=provider%3Aphysical_network&fields=provider%3Anetwork_type HTTP/1.1" status: 200 len: 277 time: 0.0719717
2026-04-21 18:55:21.891 10 INFO neutron.wsgi [None req-373f796a-9726-45ed-8d2d-c64aa171b313 92de9862807740b08d7bcafbf06cfcfc faf431d458f84c2b89053d28b3049af4 - - default default] 10.0.0.30 "GET /v2.0/extensions/availability_zone HTTP/1.1" status: 200 len: 372 time: 0.0084882
2026-04-21 18:55:21.901 9 INFO neutron.wsgi [None req-803bf7a7-e921-4777-a86c-f9c0013df3e1 92de9862807740b08d7bcafbf06cfcfc faf431d458f84c2b89053d28b3049af4 - - default default] 10.0.0.30 "GET /v2.0/extensions/default-subnetpools HTTP/1.1" status: 200 len: 405 time: 0.0053220
2026-04-21 18:55:21.915 9 INFO neutron.wsgi [None req-e55928be-a577-4ef4-9932-75bb22f0e4a8 92de9862807740b08d7bcafbf06cfcfc faf431d458f84c2b89053d28b3049af4 - - default default] 10.0.0.30 "GET /v2.0/extensions/dhcp_agent_scheduler HTTP/1.1" status: 200 len: 381 time: 0.0106022
2026-04-21 18:55:21.926 9 INFO neutron.wsgi [None req-21475d11-f3ac-4708-b0cb-7c547dd7df08 92de9862807740b08d7bcafbf06cfcfc faf431d458f84c2b89053d28b3049af4 - - default default] 10.0.0.30 "GET /v2.0/extensions/dns-integration HTTP/1.1" status: 200 len: 366 time: 0.0039611
2026-04-21 18:55:21.933 9 INFO neutron.wsgi [None req-6a7b0e1b-49b1-4443-b6b7-652b9b70adf1 92de9862807740b08d7bcafbf06cfcfc faf431d458f84c2b89053d28b3049af4 - - default default] 10.0.0.30 "GET /v2.0/extensions/dns-domain-ports HTTP/1.1" status: 200 len: 399 time: 0.0029042
2026-04-21 18:55:21.939 10 INFO neutron.wsgi [req-5ce56885-8599-4312-bc1c-2d52121739b2 req-d8648b55-b796-4407-a257-f3ab86dc24a9 063628d5eb1c4d85956d8632e8deff62 15fbfa23deb44ba9871f7dbfcc492d8b - - default default] 10.0.0.199 "GET /v2.0/ports?device_id=0f5f0a27-056a-4ebe-a87c-b7089c0be9e7 HTTP/1.1" status: 200 len: 1172 time: 0.0389967
2026-04-21 18:55:21.944 10 INFO neutron.wsgi [None req-2c369825-7606-4542-a7ae-2bd0c068077d 92de9862807740b08d7bcafbf06cfcfc faf431d458f84c2b89053d28b3049af4 - - default default] 10.0.0.30 "GET /v2.0/extensions/dns-integration-domain-keywords HTTP/1.1" status: 200 len: 477 time: 0.0040643
2026-04-21 18:55:21.954 9 INFO neutron.wsgi [None req-20cca798-6566-4557-b6f3-2795974f62a7 92de9862807740b08d7bcafbf06cfcfc faf431d458f84c2b89053d28b3049af4 - - default default] 10.0.0.30 "GET /v2.0/extensions/external-net HTTP/1.1" status: 200 len: 394 time: 0.0043497
2026-04-21 18:55:21.969 10 INFO neutron.wsgi [None req-4e5e00d0-7c90-4e62-a975-463cbe0ca8d0 92de9862807740b08d7bcafbf06cfcfc faf431d458f84c2b89053d28b3049af4 - - default default] 10.0.0.30 "GET /v2.0/extensions/extra_dhcp_opt HTTP/1.1" status: 200 len: 498 time: 0.0088830
2026-04-21 18:55:21.970 9 INFO neutron.wsgi [req-4f7ece11-3df8-414b-b316-dcb2700bee41 req-7a082b46-0bc3-4529-8833-eaf4fd7468e2 19b1c5d616224567a5f8865c16c248fd 890b6f60173f4f5e8db97dd9f780ce83 - - 31cd863d39cd4bd491f608bd169b5836 31cd863d39cd4bd491f608bd169b5836] 199.204.45.223 "GET /v2.0/ports?tenant_id=15fbfa23deb44ba9871f7dbfcc492d8b&device_id=0f5f0a27-056a-4ebe-a87c-b7089c0be9e7 HTTP/1.1" status: 200 len: 1411 time: 0.0349660
2026-04-21 18:55:21.979 10 INFO neutron.wsgi [None req-107fc78e-fcd7-4c02-94e2-6e425ab7e91f 92de9862807740b08d7bcafbf06cfcfc faf431d458f84c2b89053d28b3049af4 - - default default] 10.0.0.30 "GET /v2.0/extensions/extraroute HTTP/1.1" status: 200 len: 375 time: 0.0042870
2026-04-21 18:55:21.989 10 INFO neutron.wsgi [None req-9003824b-9533-43bc-83a0-2630f521dc30 92de9862807740b08d7bcafbf06cfcfc faf431d458f84c2b89053d28b3049af4 - - default default] 10.0.0.30 "GET /v2.0/extensions/filter-validation HTTP/1.1" status: 200 len: 392 time: 0.0059607
2026-04-21 18:55:22.000 10 INFO neutron.wsgi [None req-ce9d9590-c3b1-4952-a094-5fda25d84b6c 92de9862807740b08d7bcafbf06cfcfc faf431d458f84c2b89053d28b3049af4 - - default default] 10.0.0.30 "GET /v2.0/extensions/floating-ip-port-forwarding-detail HTTP/1.1" status: 200 len: 465 time: 0.0058920
2026-04-21 18:55:22.007 10 INFO neutron.wsgi [req-5ce56885-8599-4312-bc1c-2d52121739b2 req-5765b310-bb2a-4f40-8a17-90106ef83620 063628d5eb1c4d85956d8632e8deff62 15fbfa23deb44ba9871f7dbfcc492d8b - - default default] 10.0.0.199 "GET /v2.0/security-groups?id=723eff2b-3b27-47ca-83f7-4479638e2be7&fields=id&fields=name HTTP/1.1" status: 200 len: 286 time: 0.0623786
2026-04-21 18:55:22.013 10 INFO neutron.wsgi [None req-d69bafbb-e1af-42cf-8ea7-59cc931356e3 92de9862807740b08d7bcafbf06cfcfc faf431d458f84c2b89053d28b3049af4 - - default default] 10.0.0.30 "GET /v2.0/extensions/fip-port-details HTTP/1.1" status: 200 len: 406 time: 0.0042026
2026-04-21 18:55:22.027 9 INFO neutron.wsgi [None req-749c72dc-c03e-4862-bcd1-681d5e05f829 92de9862807740b08d7bcafbf06cfcfc faf431d458f84c2b89053d28b3049af4 - - default default] 10.0.0.30 "GET /v2.0/extensions/flavors HTTP/1.1" status: 200 len: 387 time: 0.0050309
2026-04-21 18:55:22.037 9 INFO neutron.wsgi [None req-ccbef3d5-052c-4a22-9caf-a9a9fb3822aa 92de9862807740b08d7bcafbf06cfcfc faf431d458f84c2b89053d28b3049af4 - - default default] 10.0.0.30 "GET /v2.0/extensions/floatingip-pools HTTP/1.1" status: 200 len: 382 time: 0.0050137
2026-04-21 18:55:22.049 10 INFO neutron.wsgi [None req-f9593772-d847-48b4-8504-6d163983093c 92de9862807740b08d7bcafbf06cfcfc faf431d458f84c2b89053d28b3049af4 - - default default] 10.0.0.30 "GET /v2.0/extensions/ip_allocation HTTP/1.1" status: 200 len: 356 time: 0.0070355
2026-04-21 18:55:22.057 9 INFO neutron.wsgi [None req-9623cc4b-8620-4223-88dc-2b139f6a8771 92de9862807740b08d7bcafbf06cfcfc faf431d458f84c2b89053d28b3049af4 - - default default] 10.0.0.30 "GET /v2.0/extensions/l2_adjacency HTTP/1.1" status: 200 len: 372 time: 0.0045805
2026-04-21 18:55:22.067 10 INFO neutron.wsgi [None req-f719c3f1-2fda-4ef4-8bbc-adddae6c74a4 92de9862807740b08d7bcafbf06cfcfc faf431d458f84c2b89053d28b3049af4 - - default default] 10.0.0.30 "GET /v2.0/extensions/router HTTP/1.1" status: 200 len: 450 time: 0.0055015
2026-04-21 18:55:22.070 9 INFO neutron.wsgi [req-4f7ece11-3df8-414b-b316-dcb2700bee41 req-78105142-e124-4e3e-9fe7-1e86edf4bfdb 19b1c5d616224567a5f8865c16c248fd 890b6f60173f4f5e8db97dd9f780ce83 - - 31cd863d39cd4bd491f608bd169b5836 31cd863d39cd4bd491f608bd169b5836] 199.204.45.223 "GET /v2.0/networks?id=7ea94c9f-8eb7-4eb4-83fb-54adf3167c43 HTTP/1.1" status: 200 len: 969 time: 0.0931568
2026-04-21 18:55:22.084 9 INFO neutron.wsgi [None req-40e1368f-6d18-45ab-8f51-381fce0c99b5 92de9862807740b08d7bcafbf06cfcfc faf431d458f84c2b89053d28b3049af4 - - default default] 10.0.0.30 "GET /v2.0/extensions/ext-gw-mode HTTP/1.1" status: 200 len: 462 time: 0.0131795
2026-04-21 18:55:22.089 9 INFO neutron.db.ovn_revision_numbers_db [None req-34452092-acb4-4111-9eef-15ca9638616d - - - - - -] Successfully bumped revision number for resource a8fe000d-7f34-42d9-aef1-7d805efff2cf (type: ports) to 2
2026-04-21 18:55:22.097 10 INFO neutron.wsgi [None req-3d56958b-77bd-4b34-931e-d91c8a7eb957 92de9862807740b08d7bcafbf06cfcfc faf431d458f84c2b89053d28b3049af4 - - default default] 10.0.0.30 "GET /v2.0/extensions/logging HTTP/1.1" status: 200 len: 407 time: 0.0078151
2026-04-21 18:55:22.110 10 INFO neutron.wsgi [None req-1fb4521d-2b8f-4b32-b813-9d5fbc1aab65 92de9862807740b08d7bcafbf06cfcfc faf431d458f84c2b89053d28b3049af4 - - default default] 10.0.0.30 "GET /v2.0/extensions/multi-provider HTTP/1.1" status: 200 len: 406 time: 0.0063426
2026-04-21 18:55:22.120 9 INFO neutron.wsgi [req-4f7ece11-3df8-414b-b316-dcb2700bee41 req-42d68477-97fe-4909-aa81-4929a0b34767 19b1c5d616224567a5f8865c16c248fd 890b6f60173f4f5e8db97dd9f780ce83 - - 31cd863d39cd4bd491f608bd169b5836 31cd863d39cd4bd491f608bd169b5836] 199.204.45.223 "GET /v2.0/floatingips?fixed_ip_address=10.100.0.11&port_id=bdb2e5de-1375-488e-a644-a8ccda511679 HTTP/1.1" status: 200 len: 217 time: 0.0345817
2026-04-21 18:55:22.128 10 INFO neutron.wsgi [None req-83cd7e29-dc26-4971-bf05-5dcce9b9eea6 92de9862807740b08d7bcafbf06cfcfc faf431d458f84c2b89053d28b3049af4 - - default default] 10.0.0.30 "GET /v2.0/extensions/net-mtu HTTP/1.1" status: 200 len: 370 time: 0.0093718
2026-04-21 18:55:22.128 10 INFO neutron.plugins.ml2.drivers.ovn.mech_driver.mech_driver [None req-dceb0b9a-9d10-4954-b485-41370f18b3a0 - - - - - -] OVN reports status up for port: bdb2e5de-1375-488e-a644-a8ccda511679
2026-04-21 18:55:22.139 10 INFO neutron.wsgi [None req-13ede3bb-18c5-4f4f-a913-fccbc448f8e1 92de9862807740b08d7bcafbf06cfcfc faf431d458f84c2b89053d28b3049af4 - - default default] 10.0.0.30 "GET /v2.0/extensions/net-mtu-writable HTTP/1.1" status: 200 len: 401 time: 0.0058420
2026-04-21 18:55:22.147 10 INFO neutron.wsgi [None req-f3d4510d-c8e3-4916-9e34-e267971a8b3e 92de9862807740b08d7bcafbf06cfcfc faf431d458f84c2b89053d28b3049af4 - - default default] 10.0.0.30 "GET /v2.0/extensions/network_availability_zone HTTP/1.1" status: 200 len: 394 time: 0.0037935
2026-04-21 18:55:22.157 10 INFO neutron.wsgi [None req-afda6199-b8bb-4a65-8a81-8aeebfdace16 92de9862807740b08d7bcafbf06cfcfc faf431d458f84c2b89053d28b3049af4 - - default default] 10.0.0.30 "GET /v2.0/extensions/network-ip-availability HTTP/1.1" status: 200 len: 410 time: 0.0060225
2026-04-21 18:55:22.158 10 INFO neutron.plugins.ml2.plugin [None req-dceb0b9a-9d10-4954-b485-41370f18b3a0 - - - - - -] Attempt 1 to provision port bdb2e5de-1375-488e-a644-a8ccda511679
2026-04-21 18:55:22.173 9 INFO neutron.wsgi [None req-8d03ce3c-cb18-484c-b7a1-dd3d0e34c809 92de9862807740b08d7bcafbf06cfcfc faf431d458f84c2b89053d28b3049af4 - - default default] 10.0.0.30 "GET /v2.0/extensions/pagination HTTP/1.1" status: 200 len: 386 time: 0.0068622
2026-04-21 18:55:22.184 10 INFO neutron.wsgi [None req-4627405d-c185-4717-8e2e-bbc6aa85d6ef 92de9862807740b08d7bcafbf06cfcfc faf431d458f84c2b89053d28b3049af4 - - default default] 10.0.0.30 "GET /v2.0/extensions/port-device-profile HTTP/1.1" status: 200 len: 383 time: 0.0064394
2026-04-21 18:55:22.201 9 INFO neutron.wsgi [None req-2710c3a3-ccb1-4aef-8fe1-419774aa6b1b 92de9862807740b08d7bcafbf06cfcfc faf431d458f84c2b89053d28b3049af4 - - default default] 10.0.0.30 "GET /v2.0/extensions/port-mac-address-regenerate HTTP/1.1" status: 200 len: 403 time: 0.0063045
2026-04-21 18:55:22.204 9 INFO neutron.wsgi [req-4f7ece11-3df8-414b-b316-dcb2700bee41 req-41120492-5f98-4bf9-9c58-f67676579236 19b1c5d616224567a5f8865c16c248fd 890b6f60173f4f5e8db97dd9f780ce83 - - 31cd863d39cd4bd491f608bd169b5836 31cd863d39cd4bd491f608bd169b5836] 199.204.45.223 "GET /v2.0/subnets?id=3688ef4d-21d4-4277-a14b-cb1bbd98b848 HTTP/1.1" status: 200 len: 865 time: 0.0608733
2026-04-21 18:55:22.218 10 INFO neutron.wsgi [None req-cf5a4203-ff16-40c7-84b7-5faae03cc2f3 92de9862807740b08d7bcafbf06cfcfc faf431d458f84c2b89053d28b3049af4 - - default default] 10.0.0.30 "GET /v2.0/extensions/port-numa-affinity-policy HTTP/1.1" status: 200 len: 392 time: 0.0065963
2026-04-21 18:55:22.229 10 INFO neutron.wsgi [None req-9e2fdefa-178b-4f93-8bf6-70636b96a742 92de9862807740b08d7bcafbf06cfcfc faf431d458f84c2b89053d28b3049af4 - - default default] 10.0.0.30 "GET /v2.0/extensions/port-resource-request HTTP/1.1" status: 200 len: 379 time: 0.0054255
2026-04-21 18:55:22.243 9 INFO neutron.wsgi [None req-9b0c0215-0eee-405c-ab1b-930794796e68 92de9862807740b08d7bcafbf06cfcfc faf431d458f84c2b89053d28b3049af4 - - default default] 10.0.0.30 "GET /v2.0/extensions/port-resource-request-groups HTTP/1.1" status: 200 len: 465 time: 0.0094016
2026-04-21 18:55:22.247 9 INFO neutron.wsgi [req-4f7ece11-3df8-414b-b316-dcb2700bee41 req-b762fecd-1914-4bf9-ad3f-e32fdc3c3daf 19b1c5d616224567a5f8865c16c248fd 890b6f60173f4f5e8db97dd9f780ce83 - - 31cd863d39cd4bd491f608bd169b5836 31cd863d39cd4bd491f608bd169b5836] 199.204.45.223 "GET /v2.0/ports?network_id=7ea94c9f-8eb7-4eb4-83fb-54adf3167c43&device_owner=network%3Adhcp HTTP/1.1" status: 200 len: 210 time: 0.0260339
2026-04-21 18:55:22.258 9 INFO neutron.wsgi [None req-1b22dde8-951e-416e-a060-6afbfe270d3b 92de9862807740b08d7bcafbf06cfcfc faf431d458f84c2b89053d28b3049af4 - - default default] 10.0.0.30 "GET /v2.0/extensions/binding HTTP/1.1" status: 200 len: 387 time: 0.0084724
2026-04-21 18:55:22.288 10 INFO neutron.wsgi [None req-80ccb7e9-16d7-46f0-94a6-3761eeeb827b 92de9862807740b08d7bcafbf06cfcfc faf431d458f84c2b89053d28b3049af4 - - default default] 10.0.0.30 "GET /v2.0/extensions/binding-extended HTTP/1.1" status: 200 len: 406 time: 0.0097764
2026-04-21 18:55:22.306 10 INFO neutron.wsgi [None req-043b9619-6abf-4ef8-b5b8-1c25ee849b86 92de9862807740b08d7bcafbf06cfcfc faf431d458f84c2b89053d28b3049af4 - - default default] 10.0.0.30 "GET /v2.0/extensions/port-security HTTP/1.1" status: 200 len: 354 time: 0.0083530
2026-04-21 18:55:22.323 10 INFO neutron.wsgi [None req-2aaf17b2-3ef7-45d5-b5a5-4aff16e7a4ee 92de9862807740b08d7bcafbf06cfcfc faf431d458f84c2b89053d28b3049af4 - - default default] 10.0.0.30 "GET /v2.0/extensions/project-id HTTP/1.1" status: 200 len: 398 time: 0.0125351
2026-04-21 18:55:22.332 10 INFO neutron.db.ovn_revision_numbers_db [None req-ca4fd950-4378-4f0d-8af8-e28bba1d29c4 e0485c9aab5b4908a0298db2633dcd2b 523c342a98024c48a1ce0cda37582ced - - default default] Successfully bumped revision number for resource 7d6d06fd-23bd-4208-9e3e-2d02af80aa9c (type: security_groups) to 1
2026-04-21 18:55:22.342 9 INFO neutron.wsgi [req-4f7ece11-3df8-414b-b316-dcb2700bee41 req-a1b18080-99ce-4039-a35a-41cc42b2398c 19b1c5d616224567a5f8865c16c248fd 890b6f60173f4f5e8db97dd9f780ce83 - - 31cd863d39cd4bd491f608bd169b5836 31cd863d39cd4bd491f608bd169b5836] 199.204.45.223 "GET /v2.0/networks/7ea94c9f-8eb7-4eb4-83fb-54adf3167c43?fields=segments HTTP/1.1" status: 200 len: 212 time: 0.0816672
2026-04-21 18:55:22.345 10 INFO neutron.wsgi [None req-d934b4d6-2ede-43c6-873d-b9b52ad4da04 92de9862807740b08d7bcafbf06cfcfc faf431d458f84c2b89053d28b3049af4 - - default default] 10.0.0.30 "GET /v2.0/extensions/provider HTTP/1.1" status: 200 len: 385 time: 0.0099003
2026-04-21 18:55:22.347 9 INFO neutron.db.ovn_revision_numbers_db [None req-34452092-acb4-4111-9eef-15ca9638616d - - - - - -] Successfully bumped revision number for resource a8fe000d-7f34-42d9-aef1-7d805efff2cf (type: router_ports) to 2
2026-04-21 18:55:22.361 10 INFO neutron.db.ovn_revision_numbers_db [None req-ca4fd950-4378-4f0d-8af8-e28bba1d29c4 e0485c9aab5b4908a0298db2633dcd2b 523c342a98024c48a1ce0cda37582ced - - default default] Successfully bumped revision number for resource 31029048-f312-4d85-9927-b72605c41803 (type: security_group_rules) to 0
2026-04-21 18:55:22.363 10 INFO neutron.notifiers.nova [-] Nova event matching ['req-3370e841-90fa-4311-b022-a800f860f332'] response: {'server_uuid': '0f5f0a27-056a-4ebe-a87c-b7089c0be9e7', 'name': 'network-vif-plugged', 'status': 'completed', 'tag': 'bdb2e5de-1375-488e-a644-a8ccda511679', 'code': 200}
2026-04-21 18:55:22.378 9 INFO neutron.wsgi [None req-cc4f9896-8408-46b4-ac33-e21d8ef9bf38 92de9862807740b08d7bcafbf06cfcfc faf431d458f84c2b89053d28b3049af4 - - default default] 10.0.0.30 "GET /v2.0/extensions/qos HTTP/1.1" status: 200 len: 360 time: 0.0260499
2026-04-21 18:55:22.392 10 INFO neutron.wsgi [None req-6dcb0302-5776-4627-a16b-b99dee079876 92de9862807740b08d7bcafbf06cfcfc faf431d458f84c2b89053d28b3049af4 - - default default] 10.0.0.30 "GET /v2.0/extensions/qos-bw-limit-direction HTTP/1.1" status: 200 len: 452 time: 0.0078456
2026-04-21 18:55:22.396 10 INFO neutron.db.ovn_revision_numbers_db [None req-ca4fd950-4378-4f0d-8af8-e28bba1d29c4 e0485c9aab5b4908a0298db2633dcd2b 523c342a98024c48a1ce0cda37582ced - - default default] Successfully bumped revision number for resource 442c7d52-d6bf-4e2d-a468-d3b792d3a593 (type: security_group_rules) to 0
2026-04-21 18:55:22.407 10 INFO neutron.wsgi [None req-f6a26700-718e-41c6-bcf8-d379a52ca490 92de9862807740b08d7bcafbf06cfcfc faf431d458f84c2b89053d28b3049af4 - - default default] 10.0.0.30 "GET /v2.0/extensions/qos-bw-minimum-ingress HTTP/1.1" status: 200 len: 445 time: 0.0076988
2026-04-21 18:55:22.424 10 INFO neutron.wsgi [None req-db33e0d4-a287-4d29-b95c-a30ea3f1eac1 92de9862807740b08d7bcafbf06cfcfc faf431d458f84c2b89053d28b3049af4 - - default default] 10.0.0.30 "GET /v2.0/extensions/qos-default HTTP/1.1" status: 200 len: 377 time: 0.0094497
2026-04-21 18:55:22.435 10 INFO neutron.wsgi [None req-cc28aad2-d069-41a0-b0bd-e0e8d0513a7d 92de9862807740b08d7bcafbf06cfcfc faf431d458f84c2b89053d28b3049af4 - - default default] 10.0.0.30 "GET /v2.0/extensions/qos-fip HTTP/1.1" status: 200 len: 372 time: 0.0067294
2026-04-21 18:55:22.435 9 INFO neutron.wsgi [req-4f7ece11-3df8-414b-b316-dcb2700bee41 req-e468bcc0-483f-4de8-a381-7cb1f1398b1a 19b1c5d616224567a5f8865c16c248fd 890b6f60173f4f5e8db97dd9f780ce83 - - 31cd863d39cd4bd491f608bd169b5836 31cd863d39cd4bd491f608bd169b5836] 199.204.45.223 "GET /v2.0/networks/7ea94c9f-8eb7-4eb4-83fb-54adf3167c43?fields=provider%3Aphysical_network&fields=provider%3Anetwork_type HTTP/1.1" status: 200 len: 277 time: 0.0859416
2026-04-21 18:55:22.437 10 INFO neutron.db.ovn_revision_numbers_db [None req-ca4fd950-4378-4f0d-8af8-e28bba1d29c4 e0485c9aab5b4908a0298db2633dcd2b 523c342a98024c48a1ce0cda37582ced - - default default] Successfully bumped revision number for resource df8c4ea5-2add-43c0-b778-5e23f31c2610 (type: security_group_rules) to 0
2026-04-21 18:55:22.442 9 INFO neutron.wsgi [None req-2151b6a9-b0e7-4533-83c6-31f2e78e693e 92de9862807740b08d7bcafbf06cfcfc faf431d458f84c2b89053d28b3049af4 - - default default] 10.0.0.30 "GET /v2.0/extensions/qos-gateway-ip HTTP/1.1" status: 200 len: 391 time: 0.0036485
2026-04-21 18:55:22.457 9 INFO neutron.wsgi [None req-892f6cef-d3ca-4122-a7ed-bdbdcdaaa643 92de9862807740b08d7bcafbf06cfcfc faf431d458f84c2b89053d28b3049af4 - - default default] 10.0.0.30 "GET /v2.0/extensions/qos-port-network-policy HTTP/1.1" status: 200 len: 403 time: 0.0036173
2026-04-21 18:55:22.465 9 INFO neutron.wsgi [None req-6cd48cce-59e7-4c51-a2d6-9a4d9bf73920 92de9862807740b08d7bcafbf06cfcfc faf431d458f84c2b89053d28b3049af4 - - default default] 10.0.0.30 "GET /v2.0/extensions/qos-pps-minimum HTTP/1.1" status: 200 len: 397 time: 0.0037572
2026-04-21 18:55:22.474 9 INFO neutron.wsgi [None req-ee047b5f-1bc5-4a53-968c-9560b726eef7 92de9862807740b08d7bcafbf06cfcfc faf431d458f84c2b89053d28b3049af4 - - default default] 10.0.0.30 "GET /v2.0/extensions/qos-pps-minimum-rule-alias HTTP/1.1" status: 200 len: 471 time: 0.0029662
2026-04-21 18:55:22.483 10 INFO neutron.db.ovn_revision_numbers_db [None req-ca4fd950-4378-4f0d-8af8-e28bba1d29c4 e0485c9aab5b4908a0298db2633dcd2b 523c342a98024c48a1ce0cda37582ced - - default default] Successfully bumped revision number for resource e4fdb392-a99a-4632-8f6e-ab720499a4c2 (type: security_group_rules) to 0
2026-04-21 18:55:22.487 9 INFO neutron.wsgi [None req-b149a5d5-a621-4c19-9555-6f0538c38abb 92de9862807740b08d7bcafbf06cfcfc faf431d458f84c2b89053d28b3049af4 - - default default] 10.0.0.30 "GET /v2.0/extensions/qos-pps HTTP/1.1" status: 200 len: 389 time: 0.0029964
2026-04-21 18:55:22.494 9 INFO neutron.wsgi [None req-057ee59d-94b6-431d-b673-5a8585d1fc86 92de9862807740b08d7bcafbf06cfcfc faf431d458f84c2b89053d28b3049af4 - - default default] 10.0.0.30 "GET /v2.0/extensions/qos-rule-type-details HTTP/1.1" status: 200 len: 423 time: 0.0027726
2026-04-21 18:55:22.505 9 INFO neutron.wsgi [None req-3a755272-4a43-408a-a5cd-3bdccd4c98d5 92de9862807740b08d7bcafbf06cfcfc faf431d458f84c2b89053d28b3049af4 - - default default] 10.0.0.30 "GET /v2.0/extensions/qos-rule-type-filter HTTP/1.1" status: 200 len: 567 time: 0.0029442
2026-04-21 18:55:22.513 9 INFO neutron.wsgi [None req-d7ccd7c3-05ab-4477-9912-709fcbed4746 92de9862807740b08d7bcafbf06cfcfc faf431d458f84c2b89053d28b3049af4 - - default default] 10.0.0.30 "GET /v2.0/extensions/qos-rules-alias HTTP/1.1" status: 200 len: 448 time: 0.0040994
2026-04-21 18:55:22.520 9 INFO neutron.wsgi [None req-fee3c0c8-ccc6-4c59-8f25-f11997fb7f44 92de9862807740b08d7bcafbf06cfcfc faf431d458f84c2b89053d28b3049af4 - - default default] 10.0.0.30 "GET /v2.0/extensions/quota-check-limit HTTP/1.1" status: 200 len: 420 time: 0.0027785
2026-04-21 18:55:22.525 10 INFO neutron.wsgi [None req-ca4fd950-4378-4f0d-8af8-e28bba1d29c4 e0485c9aab5b4908a0298db2633dcd2b 523c342a98024c48a1ce0cda37582ced - - default default] 10.0.0.30 "GET /v2.0/security-groups?tenant_id=8119f67a679a4020a3b10f867aaa5844&name=default HTTP/1.1" status: 200 len: 2996 time: 0.4960492
2026-04-21 18:55:22.526 9 INFO neutron.wsgi [None req-61ca2123-7179-4cb5-afba-2e6ac619e4ed 92de9862807740b08d7bcafbf06cfcfc faf431d458f84c2b89053d28b3049af4 - - default default] 10.0.0.30 "GET /v2.0/extensions/quotas HTTP/1.1" status: 200 len: 386 time: 0.0026774
2026-04-21 18:55:22.539 9 INFO neutron.wsgi [None req-4097f45c-8349-4367-a30f-f6631e9e908f 92de9862807740b08d7bcafbf06cfcfc faf431d458f84c2b89053d28b3049af4 - - default default] 10.0.0.30 "GET /v2.0/extensions/quota_details HTTP/1.1" status: 200 len: 407 time: 0.0070717
2026-04-21 18:55:22.552 10 INFO neutron.wsgi [None req-80524767-3ef3-4c16-a171-4b64f1bc286a 92de9862807740b08d7bcafbf06cfcfc faf431d458f84c2b89053d28b3049af4 - - default default] 10.0.0.30 "GET /v2.0/extensions/rbac-policies HTTP/1.1" status: 200 len: 417 time: 0.0077624
2026-04-21 18:55:22.561 9 INFO neutron.wsgi [None req-dc1164fa-9b12-4e62-98b4-b1c87b729384 92de9862807740b08d7bcafbf06cfcfc faf431d458f84c2b89053d28b3049af4 - - default default] 10.0.0.30 "GET /v2.0/extensions/rbac-address-scope HTTP/1.1" status: 200 len: 384 time: 0.0039167
2026-04-21 18:55:22.575 9 INFO neutron.wsgi [None req-2dd8ee7f-3b48-409d-b3de-a10384b749fc 92de9862807740b08d7bcafbf06cfcfc faf431d458f84c2b89053d28b3049af4 - - default default] 10.0.0.30 "GET /v2.0/extensions/rbac-security-groups HTTP/1.1" status: 200 len: 404 time: 0.0087001
2026-04-21 18:55:22.588 9 INFO neutron.wsgi [None req-a4f651cc-7c28-4e71-9c60-f4d333650747 92de9862807740b08d7bcafbf06cfcfc faf431d458f84c2b89053d28b3049af4 - - default default] 10.0.0.30 "GET /v2.0/extensions/revision-if-match HTTP/1.1" status: 200 len: 441 time: 0.0056231
2026-04-21 18:55:22.596 9 INFO neutron.wsgi [None req-2a2a02ee-0d76-447c-84bc-490ebe48b321 92de9862807740b08d7bcafbf06cfcfc faf431d458f84c2b89053d28b3049af4 - - default default] 10.0.0.30 "GET /v2.0/extensions/standard-attr-revisions HTTP/1.1" status: 200 len: 423 time: 0.0037222
2026-04-21 18:55:22.596 10 INFO neutron.wsgi [None req-d1d70eec-a4c1-4b74-a983-b7c088c62b6c b32f588970c24b3c9e853eb873cfa8e0 6d48c33bdf7142e0b02e60d858fa9f5e - - default default] 10.0.0.30 "GET /v2.0/ports/a8fe000d-7f34-42d9-aef1-7d805efff2cf HTTP/1.1" status: 200 len: 1137 time: 0.1576331
2026-04-21 18:55:22.612 9 INFO neutron.wsgi [None req-ae477297-1fa6-4f0a-ad1b-b11bd54b50bd 92de9862807740b08d7bcafbf06cfcfc faf431d458f84c2b89053d28b3049af4 - - default default] 10.0.0.30 "GET /v2.0/extensions/router_availability_zone HTTP/1.1" status: 200 len: 391 time: 0.0071237
2026-04-21 18:55:22.622 9 INFO neutron.wsgi [None req-de5e9a9b-02ea-442e-845b-90261467d9f1 92de9862807740b08d7bcafbf06cfcfc faf431d458f84c2b89053d28b3049af4 - - default default] 10.0.0.30 "GET /v2.0/extensions/security-groups-normalized-cidr HTTP/1.1" status: 200 len: 445 time: 0.0052257
2026-04-21 18:55:22.635 10 INFO neutron.wsgi [None req-74ebc7f1-5a29-4a89-b4f9-e56f3ad88455 92de9862807740b08d7bcafbf06cfcfc faf431d458f84c2b89053d28b3049af4 - - default default] 10.0.0.30 "GET /v2.0/extensions/security-groups-remote-address-group HTTP/1.1" status: 200 len: 448 time: 0.0076034
2026-04-21 18:55:22.650 9 INFO neutron.wsgi [None req-1678493b-1865-4f35-b7d3-35bd2c923a46 92de9862807740b08d7bcafbf06cfcfc faf431d458f84c2b89053d28b3049af4 - - default default] 10.0.0.30 "GET /v2.0/extensions/security-groups-shared-filtering HTTP/1.1" status: 200 len: 435 time: 0.0043819
2026-04-21 18:55:22.663 9 INFO neutron.wsgi [None req-b16e59f7-bb78-43b5-b957-7137e00e92ab 92de9862807740b08d7bcafbf06cfcfc faf431d458f84c2b89053d28b3049af4 - - default default] 10.0.0.30 "GET /v2.0/extensions/security-group HTTP/1.1" status: 200 len: 364 time: 0.0039713
2026-04-21 18:55:22.674 9 INFO neutron.wsgi [None req-a467f505-f395-486d-bba9-2de8df04cd6d 92de9862807740b08d7bcafbf06cfcfc faf431d458f84c2b89053d28b3049af4 - - default default] 10.0.0.30 "GET /v2.0/extensions/segment HTTP/1.1" status: 200 len: 339 time: 0.0053227
2026-04-21 18:55:22.680 9 INFO neutron.wsgi [None req-c96e827a-46ff-4bcb-9507-20ca8d3cc955 92de9862807740b08d7bcafbf06cfcfc faf431d458f84c2b89053d28b3049af4 - - default default] 10.0.0.30 "GET /v2.0/extensions/segments-peer-subnet-host-routes HTTP/1.1" status: 200 len: 427 time: 0.0030637
2026-04-21 18:55:22.689 9 INFO neutron.wsgi [None req-57cae5e5-d473-4c4c-a4cd-02cda8a112a1 92de9862807740b08d7bcafbf06cfcfc faf431d458f84c2b89053d28b3049af4 - - default default] 10.0.0.30 "GET /v2.0/extensions/service-type HTTP/1.1" status: 200 len: 415 time: 0.0037889
2026-04-21 18:55:22.700 10 INFO neutron.wsgi [None req-b557e70b-7f51-4929-98cc-39641fc71d37 92de9862807740b08d7bcafbf06cfcfc faf431d458f84c2b89053d28b3049af4 - - default default] 10.0.0.30 "GET /v2.0/extensions/sorting HTTP/1.1" status: 200 len: 377 time: 0.0064201
2026-04-21 18:55:22.702 10 INFO neutron.db.ovn_revision_numbers_db [None req-dceb0b9a-9d10-4954-b485-41370f18b3a0 - - - - - -] Successfully bumped revision number for resource bdb2e5de-1375-488e-a644-a8ccda511679 (type: ports) to 4
2026-04-21 18:55:22.707 10 INFO neutron.wsgi [None req-d965e8f9-783b-4a51-8497-d1c7a9013a06 92de9862807740b08d7bcafbf06cfcfc faf431d458f84c2b89053d28b3049af4 - - default default] 10.0.0.30 "GET /v2.0/extensions/standard-attr-segment HTTP/1.1" status: 200 len: 406 time: 0.0035200
2026-04-21 18:55:22.722 10 INFO neutron.wsgi [None req-66fa75f4-2ca1-4347-b8be-384bb8ec48d3 92de9862807740b08d7bcafbf06cfcfc faf431d458f84c2b89053d28b3049af4 - - default default] 10.0.0.30 "GET /v2.0/extensions/standard-attr-description HTTP/1.1" status: 200 len: 408 time: 0.0078275
2026-04-21 18:55:22.732 9 INFO neutron.wsgi [None req-d20065dc-af19-405e-bd03-10d4f37f7c7c 92de9862807740b08d7bcafbf06cfcfc faf431d458f84c2b89053d28b3049af4 - - default default] 10.0.0.30 "GET /v2.0/extensions/stateful-security-group HTTP/1.1" status: 200 len: 402 time: 0.0047755
2026-04-21 18:55:22.739 9 INFO neutron.wsgi [None req-d6d6219e-2df6-4c98-ba1e-a87a34b75f3d 92de9862807740b08d7bcafbf06cfcfc faf431d458f84c2b89053d28b3049af4 - - default default] 10.0.0.30 "GET /v2.0/extensions/subnet-dns-publish-fixed-ip HTTP/1.1" status: 200 len: 421 time: 0.0045891
2026-04-21 18:55:22.752 9 INFO neutron.wsgi [None req-e201b5a5-c8e8-4f47-a621-ec0b30558009 92de9862807740b08d7bcafbf06cfcfc faf431d458f84c2b89053d28b3049af4 - - default default] 10.0.0.30 "GET /v2.0/extensions/subnet-segmentid-writable HTTP/1.1" status: 200 len: 421 time: 0.0039768
2026-04-21 18:55:22.760 9 INFO neutron.wsgi [None req-87964a9f-3b8b-47d5-99b8-4c9e6f8f57de 92de9862807740b08d7bcafbf06cfcfc faf431d458f84c2b89053d28b3049af4 - - default default] 10.0.0.30 "GET /v2.0/extensions/subnet-service-types HTTP/1.1" status: 200 len: 400 time: 0.0046191
2026-04-21 18:55:22.783 10 INFO neutron.wsgi [None req-d9c70bee-8de0-4205-876a-b03506d74fb6 92de9862807740b08d7bcafbf06cfcfc faf431d458f84c2b89053d28b3049af4 - - default default] 10.0.0.30 "GET /v2.0/extensions/subnet_allocation HTTP/1.1" status: 200 len: 388 time: 0.0070319
2026-04-21 18:55:22.792 9 INFO neutron.wsgi [None req-f0775dd2-bd80-48ed-888e-528b57ccf638 92de9862807740b08d7bcafbf06cfcfc faf431d458f84c2b89053d28b3049af4 - - default default] 10.0.0.30 "GET /v2.0/extensions/subnetpool-prefix-ops HTTP/1.1" status: 200 len: 418 time: 0.0048645
2026-04-21 18:55:22.799 9 INFO neutron.wsgi [None req-6247d1e6-ba2b-48a2-8989-77e99da6350e 92de9862807740b08d7bcafbf06cfcfc faf431d458f84c2b89053d28b3049af4 - - default default] 10.0.0.30 "GET /v2.0/extensions/standard-attr-tag HTTP/1.1" status: 200 len: 537 time: 0.0038204
2026-04-21 18:55:22.808 9 INFO neutron.wsgi [None req-63c05d5c-7c04-45a9-9b85-afc604d9d281 92de9862807740b08d7bcafbf06cfcfc faf431d458f84c2b89053d28b3049af4 - - default default] 10.0.0.30 "GET /v2.0/extensions/standard-attr-timestamp HTTP/1.1" status: 200 len: 449 time: 0.0045381
2026-04-21 18:55:22.810 9 INFO neutron.wsgi [None req-d8427c3a-2334-4eaf-89e9-50cfca99879c e0485c9aab5b4908a0298db2633dcd2b 523c342a98024c48a1ce0cda37582ced - - default default] 10.0.0.30 "DELETE /v2.0/security-groups/7d6d06fd-23bd-4208-9e3e-2d02af80aa9c HTTP/1.1" status: 204 len: 168 time: 0.2701597
2026-04-21 18:55:22.815 9 INFO neutron.wsgi [None req-81267f5b-6550-4e26-a908-2ae31b020982 92de9862807740b08d7bcafbf06cfcfc faf431d458f84c2b89053d28b3049af4 - - default default] 10.0.0.30 "GET /v2.0/extensions/trunk HTTP/1.1" status: 200 len: 358 time: 0.0040181
2026-04-21 18:55:22.820 9 INFO neutron.wsgi [None req-9c3d21dc-7098-498d-948d-f4a628a1d270 92de9862807740b08d7bcafbf06cfcfc faf431d458f84c2b89053d28b3049af4 - - default default] 10.0.0.30 "GET /v2.0/extensions/trunk-details HTTP/1.1" status: 200 len: 362 time: 0.0028760 /var/lib/openstack/lib/python3.10/site-packages/pycadf/identifier.py:71: UserWarning: Invalid uuid: neutron. To ensure interoperability, identifiers should be a valid uuid. warnings.warn(('Invalid uuid: %s. To ensure interoperability, '
2026-04-21 18:55:23.117 10 INFO neutron.wsgi [req-e1f3e23a-d25f-4a90-888b-1836fb6eed25 req-9fc8cde1-da19-4c92-9be0-f64d08057633 063628d5eb1c4d85956d8632e8deff62 15fbfa23deb44ba9871f7dbfcc492d8b - - default default] 10.0.0.199 "GET /v2.0/ports?device_id=0f5f0a27-056a-4ebe-a87c-b7089c0be9e7 HTTP/1.1" status: 200 len: 1174 time: 0.0472593
2026-04-21 18:55:23.180 10 INFO neutron.wsgi [req-e1f3e23a-d25f-4a90-888b-1836fb6eed25 req-7d8fcfe3-94ae-4c01-ba10-d28051864248 063628d5eb1c4d85956d8632e8deff62 15fbfa23deb44ba9871f7dbfcc492d8b - - default default] 10.0.0.199 "GET /v2.0/security-groups?id=723eff2b-3b27-47ca-83f7-4479638e2be7&fields=id&fields=name HTTP/1.1" status: 200 len: 286 time: 0.0550668
2026-04-21 18:55:23.409 10 INFO neutron.wsgi [None req-0baff64d-769a-4559-a506-f7d37b2b015e b32f588970c24b3c9e853eb873cfa8e0 6d48c33bdf7142e0b02e60d858fa9f5e - - default default] 10.0.0.30 "PUT /v2.0/routers/ef74ad17-2023-4243-95f9-40dfefe6431f/remove_router_interface HTTP/1.1" status: 200 len: 503 time: 0.8076494
2026-04-21 18:55:23.505 9 INFO neutron.wsgi [None req-27cce126-f95a-4d13-96c2-86cf2a1ed1f1 b32f588970c24b3c9e853eb873cfa8e0 6d48c33bdf7142e0b02e60d858fa9f5e - - default default] 10.0.0.30 "GET /v2.0/ports/01b853bb-548f-409c-b14b-b76a23c5542c HTTP/1.1" status: 200 len: 1137 time: 0.0909741 /var/lib/openstack/lib/python3.10/site-packages/pycadf/identifier.py:71: UserWarning: Invalid uuid: neutron. To ensure interoperability, identifiers should be a valid uuid. warnings.warn(('Invalid uuid: %s. To ensure interoperability, '
2026-04-21 18:55:23.620 9 INFO neutron.db.ovn_revision_numbers_db [None req-866f0d33-870e-49bc-8239-3cb407f18901 e0485c9aab5b4908a0298db2633dcd2b 523c342a98024c48a1ce0cda37582ced - - default default] Successfully bumped revision number for resource 8efcff6f-1464-4738-bd37-ed18cc971fd0 (type: security_groups) to 1
2026-04-21 18:55:23.648 9 INFO neutron.db.ovn_revision_numbers_db [None req-866f0d33-870e-49bc-8239-3cb407f18901 e0485c9aab5b4908a0298db2633dcd2b 523c342a98024c48a1ce0cda37582ced - - default default] Successfully bumped revision number for resource 03ff8606-050f-4ae7-b175-c4ae6e270401 (type: security_group_rules) to 0
2026-04-21 18:55:23.664 10 INFO neutron.plugins.ml2.drivers.ovn.mech_driver.mech_driver [None req-dceb0b9a-9d10-4954-b485-41370f18b3a0 - - - - - -] OVN reports status down for port: bdb2e5de-1375-488e-a644-a8ccda511679
2026-04-21 18:55:23.669 9 INFO neutron.db.ovn_revision_numbers_db [None req-866f0d33-870e-49bc-8239-3cb407f18901 e0485c9aab5b4908a0298db2633dcd2b 523c342a98024c48a1ce0cda37582ced - - default default] Successfully bumped revision number for resource 54fbf6f8-3235-4afb-ae85-7f999684befa (type: security_group_rules) to 0
2026-04-21 18:55:23.696 9 INFO neutron.db.ovn_revision_numbers_db [None req-866f0d33-870e-49bc-8239-3cb407f18901 e0485c9aab5b4908a0298db2633dcd2b 523c342a98024c48a1ce0cda37582ced - - default default] Successfully bumped revision number for resource 901f17c7-35cb-4d87-97a8-c0db7449ff97 (type: security_group_rules) to 0
2026-04-21 18:55:23.701 10 INFO neutron.wsgi [req-8f00497c-19eb-4dda-8c2b-9cf9a6868bbb req-e5361757-395c-4599-b61b-db0736f0313f 063628d5eb1c4d85956d8632e8deff62 15fbfa23deb44ba9871f7dbfcc492d8b - - default default] 10.0.0.199 "GET /v2.0/ports?device_id=0f5f0a27-056a-4ebe-a87c-b7089c0be9e7 HTTP/1.1" status: 200 len: 1174 time: 0.0580959
2026-04-21 18:55:23.721 9 INFO neutron.db.ovn_revision_numbers_db [None req-866f0d33-870e-49bc-8239-3cb407f18901 e0485c9aab5b4908a0298db2633dcd2b 523c342a98024c48a1ce0cda37582ced - - default default] Successfully bumped revision number for resource cd72c362-fff3-49ba-9c32-7ece87b93be2 (type: security_group_rules) to 0
2026-04-21 18:55:23.744 9 INFO neutron.wsgi [None req-866f0d33-870e-49bc-8239-3cb407f18901 e0485c9aab5b4908a0298db2633dcd2b 523c342a98024c48a1ce0cda37582ced - - default default] 10.0.0.30 "GET /v2.0/security-groups?tenant_id=faf431d458f84c2b89053d28b3049af4&name=default HTTP/1.1" status: 200 len: 2996 time: 0.4267478
2026-04-21 18:55:23.769 10 INFO neutron.wsgi [req-8f00497c-19eb-4dda-8c2b-9cf9a6868bbb req-202b632b-d4aa-4602-af70-af87c4b84ef5 063628d5eb1c4d85956d8632e8deff62 15fbfa23deb44ba9871f7dbfcc492d8b - - default default] 10.0.0.199 "GET /v2.0/security-groups?id=723eff2b-3b27-47ca-83f7-4479638e2be7&fields=id&fields=name HTTP/1.1" status: 200 len: 286 time: 0.0539005
2026-04-21 18:55:24.004 9 INFO neutron.wsgi [None req-c32b701f-7d45-4f03-a0d4-295adc0fdd3f e0485c9aab5b4908a0298db2633dcd2b 523c342a98024c48a1ce0cda37582ced - - default default] 10.0.0.30 "DELETE /v2.0/security-groups/8efcff6f-1464-4738-bd37-ed18cc971fd0 HTTP/1.1" status: 204 len: 168 time: 0.2540982
2026-04-21 18:55:24.062 9 INFO neutron.wsgi [req-a9ad078a-da4b-478b-ad8d-f28f09ed3023 req-f5d6b240-4558-4ac4-8ab5-eb8bc56dbf56 063628d5eb1c4d85956d8632e8deff62 15fbfa23deb44ba9871f7dbfcc492d8b - - default default] 199.204.45.223 "GET /v2.0/ports?device_id=0f5f0a27-056a-4ebe-a87c-b7089c0be9e7 HTTP/1.1" status: 200 len: 1172 time: 0.1135833
2026-04-21 18:55:24.090 10 INFO neutron.db.ovn_revision_numbers_db [None req-dceb0b9a-9d10-4954-b485-41370f18b3a0 - - - - - -] Successfully bumped revision number for resource bdb2e5de-1375-488e-a644-a8ccda511679 (type: ports) to 5
2026-04-21 18:55:24.374 9 INFO neutron.wsgi [req-a9ad078a-da4b-478b-ad8d-f28f09ed3023 req-07152bb0-33e2-41cb-8562-0fa2c41b70d8 063628d5eb1c4d85956d8632e8deff62 15fbfa23deb44ba9871f7dbfcc492d8b - - default default] 199.204.45.223 "DELETE /v2.0/ports/bdb2e5de-1375-488e-a644-a8ccda511679 HTTP/1.1" status: 204 len: 173 time: 0.3079119
2026-04-21 18:55:24.401 10 INFO neutron.wsgi [None req-82698142-599e-44ec-ae82-66431335a0d9 b32f588970c24b3c9e853eb873cfa8e0 6d48c33bdf7142e0b02e60d858fa9f5e - - default default] 10.0.0.30 "PUT /v2.0/routers/ef74ad17-2023-4243-95f9-40dfefe6431f/remove_router_interface HTTP/1.1" status: 200 len: 503 time: 0.8883665 /var/lib/openstack/lib/python3.10/site-packages/pycadf/identifier.py:71: UserWarning: Invalid uuid: neutron. To ensure interoperability, identifiers should be a valid uuid. warnings.warn(('Invalid uuid: %s. To ensure interoperability, '
2026-04-21 18:55:24.432 9 INFO neutron.notifiers.nova [-] Nova event matching ['req-047d81cb-691e-484e-bb70-84f448683ac4'] response: {'server_uuid': '0f5f0a27-056a-4ebe-a87c-b7089c0be9e7', 'name': 'network-vif-deleted', 'tag': 'bdb2e5de-1375-488e-a644-a8ccda511679', 'status': 'completed', 'code': 200}
2026-04-21 18:55:24.451 10 INFO neutron.wsgi [None req-ea940a3f-0ac5-4780-abb3-035a0bd5bdcf b32f588970c24b3c9e853eb873cfa8e0 6d48c33bdf7142e0b02e60d858fa9f5e - - default default] 10.0.0.30 "GET /v2.0/ports?device_id=ef74ad17-2023-4243-95f9-40dfefe6431f HTTP/1.1" status: 200 len: 205 time: 0.0379963
2026-04-21 18:55:24.456 10 INFO neutron.notifiers.nova [-] Nova event matching ['req-5fe63b83-a942-4f58-bca4-078547e0922a'] response: {'server_uuid': '0f5f0a27-056a-4ebe-a87c-b7089c0be9e7', 'name': 'network-vif-plugged', 'status': 'completed', 'tag': 'bdb2e5de-1375-488e-a644-a8ccda511679', 'code': 200}
2026-04-21 18:55:24.456 10 INFO neutron.notifiers.nova [-] Nova event matching ['req-5fe63b83-a942-4f58-bca4-078547e0922a'] response: {'server_uuid': '0f5f0a27-056a-4ebe-a87c-b7089c0be9e7', 'name': 'network-vif-unplugged', 'status': 'completed', 'tag': 'bdb2e5de-1375-488e-a644-a8ccda511679', 'code': 200}
2026-04-21 18:55:24.456 10 INFO neutron.notifiers.nova [-] Nova event matching ['req-5fe63b83-a942-4f58-bca4-078547e0922a'] response: {'server_uuid': '0f5f0a27-056a-4ebe-a87c-b7089c0be9e7', 'name': 'network-vif-plugged', 'status': 'completed', 'tag': 'bdb2e5de-1375-488e-a644-a8ccda511679', 'code': 200}
2026-04-21 18:55:24.708 9 INFO neutron.wsgi [None req-050551ac-78a7-42e2-8f62-a7065a46ec4e b32f588970c24b3c9e853eb873cfa8e0 6d48c33bdf7142e0b02e60d858fa9f5e - - default default] 10.0.0.30 "DELETE /v2.0/routers/ef74ad17-2023-4243-95f9-40dfefe6431f HTTP/1.1" status: 204 len: 168 time: 0.2472925
2026-04-21 18:55:24.955 9 INFO neutron.wsgi [None req-9f787a5a-1ada-42f5-897f-7fb75566aac6 b32f588970c24b3c9e853eb873cfa8e0 6d48c33bdf7142e0b02e60d858fa9f5e - - default default] 10.0.0.30 "DELETE /v2.0/subnets/416148c9-fc34-4845-ab1d-f066b0e452c1 HTTP/1.1" status: 204 len: 168 time: 0.2346461
2026-04-21 18:55:25.229 9 INFO neutron.wsgi [None req-4d6d0a95-603a-4fe5-9bc9-1aa39d8cd26b b32f588970c24b3c9e853eb873cfa8e0 6d48c33bdf7142e0b02e60d858fa9f5e - - default default] 10.0.0.30 "DELETE /v2.0/subnets/008b644c-7198-4fb7-9644-7f087e421cf8 HTTP/1.1" status: 204 len: 168 time: 0.2675216
2026-04-21 18:55:25.610 9 INFO neutron.services.segments.plugin [-] Segment 4849fefd-7937-4986-9877-b6b9f0e6d9c9 resource provider aggregate not found
2026-04-21 18:55:25.617 9 INFO neutron.services.segments.plugin [-] Segment 4849fefd-7937-4986-9877-b6b9f0e6d9c9 resource provider aggregate not found
2026-04-21 18:55:25.641 9 INFO neutron.services.segments.plugin [-] Segment 4849fefd-7937-4986-9877-b6b9f0e6d9c9 resource provider not found; error: Placement Client Error (4xx): {"errors": [{"status": 404, "title": "Not Found", "detail": "The resource could not be found.\n\n No resource provider with uuid 4849fefd-7937-4986-9877-b6b9f0e6d9c9 found for delete ", "request_id": "req-1f08648a-1c81-45a0-aed9-d33e6b794bee"}]}
2026-04-21 18:55:25.642 9 INFO neutron.services.segments.plugin [-] Segment 4849fefd-7937-4986-9877-b6b9f0e6d9c9 resource provider not found; error: Placement Client Error (4xx): {"errors": [{"status": 404, "title": "Not Found", "detail": "The resource could not be found.\n\n No resource provider with uuid 4849fefd-7937-4986-9877-b6b9f0e6d9c9 found for delete ", "request_id": "req-38e5de4a-c374-4490-aad0-800bcceb1b26"}]}
2026-04-21 18:55:25.653 9 INFO neutron.wsgi [None req-12f20359-6081-403f-be30-35937bce3856 b32f588970c24b3c9e853eb873cfa8e0 6d48c33bdf7142e0b02e60d858fa9f5e - - default default] 10.0.0.30 "DELETE /v2.0/networks/4dd55e91-e7dc-4cb3-a075-55482229fab7 HTTP/1.1" status: 204 len: 168 time: 0.4170759
2026-04-21 18:55:26.083 10 INFO neutron.services.segments.plugin [-] Segment dab0f2c2-ff34-42c4-b1da-148920a42459 resource provider aggregate not found
2026-04-21 18:55:26.089 10 INFO neutron.services.segments.plugin [-] Segment dab0f2c2-ff34-42c4-b1da-148920a42459 resource provider aggregate not found
2026-04-21 18:55:26.118 10 INFO neutron.services.segments.plugin [-] Segment dab0f2c2-ff34-42c4-b1da-148920a42459 resource provider not found; error: Placement Client Error (4xx): {"errors": [{"status": 404, "title": "Not Found", "detail": "The resource could not be found.\n\n No resource provider with uuid dab0f2c2-ff34-42c4-b1da-148920a42459 found for delete ", "request_id": "req-2ef6196c-6f80-4a9b-8578-9c4b0d6efd14"}]}
2026-04-21 18:55:26.119 10 INFO neutron.services.segments.plugin [-] Segment dab0f2c2-ff34-42c4-b1da-148920a42459 resource provider not found; error: Placement Client Error (4xx): {"errors": [{"status": 404, "title": "Not Found", "detail": "The resource could not be found.\n\n No resource provider with uuid dab0f2c2-ff34-42c4-b1da-148920a42459 found for delete ", "request_id": "req-2fa58e2f-130f-4313-8d95-167a2340db33"}]}
2026-04-21 18:55:26.151 9 INFO neutron.db.ovn_revision_numbers_db [None req-d4660eff-a8f7-4a47-9d7a-e9d65234c42c 594ed79f4c544fbf953799530d60e639 1c5ee89523db4694a5e7ab8034db32ef - - default default] Successfully bumped revision number for resource 802c675f-0e25-4f3b-8c7d-c43962414846 (type: security_groups) to 1
2026-04-21 18:55:26.153 10 INFO neutron.wsgi [None req-12d8bbd8-3af5-4c7b-be1e-539f3f0c9618 b32f588970c24b3c9e853eb873cfa8e0 6d48c33bdf7142e0b02e60d858fa9f5e - - default default] 10.0.0.30 "DELETE /v2.0/networks/274ea932-9807-4ea4-890f-9e035aee0088 HTTP/1.1" status: 204 len: 168 time: 0.4919374
2026-04-21 18:55:26.185 9 INFO neutron.db.ovn_revision_numbers_db [None req-d4660eff-a8f7-4a47-9d7a-e9d65234c42c 594ed79f4c544fbf953799530d60e639 1c5ee89523db4694a5e7ab8034db32ef - - default default] Successfully bumped revision number for resource 1695bef7-59fe-40ea-9cc1-b8d344cb2a87 (type: security_group_rules) to 0
2026-04-21 18:55:26.203 9 INFO neutron.db.ovn_revision_numbers_db [None req-d4660eff-a8f7-4a47-9d7a-e9d65234c42c 594ed79f4c544fbf953799530d60e639 1c5ee89523db4694a5e7ab8034db32ef - - default default] Successfully bumped revision number for resource 53d8a9ef-59d0-42b6-9e2a-db0e19c80e7c (type: security_group_rules) to 0
2026-04-21 18:55:26.216 9 INFO neutron.db.ovn_revision_numbers_db [None req-d4660eff-a8f7-4a47-9d7a-e9d65234c42c 594ed79f4c544fbf953799530d60e639 1c5ee89523db4694a5e7ab8034db32ef - - default default] Successfully bumped revision number for resource 89aa5081-c4cd-4eb6-8f41-2c95f37f0520 (type: security_group_rules) to 0
2026-04-21 18:55:26.229 9 INFO neutron.db.ovn_revision_numbers_db [None req-d4660eff-a8f7-4a47-9d7a-e9d65234c42c 594ed79f4c544fbf953799530d60e639 1c5ee89523db4694a5e7ab8034db32ef - - default default] Successfully bumped revision number for resource f1591635-77e3-4843-8c6d-b4ebf6349e38 (type: security_group_rules) to 0
2026-04-21 18:55:26.258 9 INFO neutron.db.segments_db [None req-afcee192-f513-4c9b-b353-95ca9b138976 b32f588970c24b3c9e853eb873cfa8e0 6d48c33bdf7142e0b02e60d858fa9f5e - - default default] Added segment 0d93e7c8-a45a-4373-a490-b698be555b97 of type geneve for network 84f32623-5153-44cd-9324-6791a84284b4
2026-04-21 18:55:26.291 9 INFO neutron.db.segments_db [None req-d4660eff-a8f7-4a47-9d7a-e9d65234c42c 594ed79f4c544fbf953799530d60e639 1c5ee89523db4694a5e7ab8034db32ef - - default default] Added segment b7f9bbc9-f34a-49e1-94be-7dc0365f724f of type geneve for network 090c0cbf-7776-4e3b-a650-113b38553a8c
2026-04-21 18:55:26.496 9 INFO neutron.db.ovn_revision_numbers_db [None req-afcee192-f513-4c9b-b353-95ca9b138976 b32f588970c24b3c9e853eb873cfa8e0 6d48c33bdf7142e0b02e60d858fa9f5e - - default default] Successfully bumped revision number for resource 84f32623-5153-44cd-9324-6791a84284b4 (type: networks) to 1
2026-04-21 18:55:26.549 9 INFO neutron.db.ovn_revision_numbers_db [None req-d4660eff-a8f7-4a47-9d7a-e9d65234c42c 594ed79f4c544fbf953799530d60e639 1c5ee89523db4694a5e7ab8034db32ef - - default default] Successfully bumped revision number for resource 090c0cbf-7776-4e3b-a650-113b38553a8c (type: networks) to 1
2026-04-21 18:55:26.656 9 INFO neutron.db.ovn_revision_numbers_db [None req-3983b602-8bdb-48bd-bbb5-00190c8aa867 e0485c9aab5b4908a0298db2633dcd2b 523c342a98024c48a1ce0cda37582ced - - default default] Successfully bumped revision number for resource 6a5b98da-3a55-4f2f-9fd6-678ce95afac7 (type: security_groups) to 1
2026-04-21 18:55:26.728 9 INFO neutron.db.ovn_revision_numbers_db [None req-3983b602-8bdb-48bd-bbb5-00190c8aa867 e0485c9aab5b4908a0298db2633dcd2b 523c342a98024c48a1ce0cda37582ced - - default default] Successfully bumped revision number for resource 3c6f175a-664b-40d8-9c46-4ef7772d7668 (type: security_group_rules) to 0
2026-04-21 18:55:27.009 10 INFO neutron.wsgi [None req-32582fb3-542d-4537-87d4-9550361b110b e0485c9aab5b4908a0298db2633dcd2b 523c342a98024c48a1ce0cda37582ced - - default default] 10.0.0.30 "PUT /v2.0/routers/005a4551-ab1e-4be3-8e68-21fdcfb150a2/remove_router_interface HTTP/1.1" status: 200 len: 503 time: 0.9826322 /var/lib/openstack/lib/python3.10/site-packages/pycadf/identifier.py:71: UserWarning: Invalid uuid: neutron. To ensure interoperability, identifiers should be a valid uuid. warnings.warn(('Invalid uuid: %s. To ensure interoperability, '
2026-04-21 18:55:27.160 9 INFO neutron.db.ovn_revision_numbers_db [None req-3983b602-8bdb-48bd-bbb5-00190c8aa867 e0485c9aab5b4908a0298db2633dcd2b 523c342a98024c48a1ce0cda37582ced - - default default] Successfully bumped revision number for resource cb62f2fe-95ef-4ce3-ae07-e78a7dc6395c (type: security_group_rules) to 0
2026-04-21 18:55:27.196 9 INFO neutron.db.ovn_revision_numbers_db [None req-3983b602-8bdb-48bd-bbb5-00190c8aa867 e0485c9aab5b4908a0298db2633dcd2b 523c342a98024c48a1ce0cda37582ced - - default default] Successfully bumped revision number for resource cc2d8145-7270-49bf-b5f3-56df88efa0b5 (type: security_group_rules) to 0
2026-04-21 18:55:27.210 9 WARNING neutron.scheduler.dhcp_agent_scheduler [None req-afcee192-f513-4c9b-b353-95ca9b138976 b32f588970c24b3c9e853eb873cfa8e0 6d48c33bdf7142e0b02e60d858fa9f5e - - default default] No more DHCP agents
2026-04-21 18:55:27.220 9 WARNING neutron.api.rpc.agentnotifiers.dhcp_rpc_agent_api [None req-afcee192-f513-4c9b-b353-95ca9b138976 b32f588970c24b3c9e853eb873cfa8e0 6d48c33bdf7142e0b02e60d858fa9f5e - - default default] Unable to schedule network 84f32623-5153-44cd-9324-6791a84284b4: no agents available; will retry on subsequent port and subnet creation events.
2026-04-21 18:55:27.223 9 INFO neutron.db.ovn_revision_numbers_db [None req-3983b602-8bdb-48bd-bbb5-00190c8aa867 e0485c9aab5b4908a0298db2633dcd2b 523c342a98024c48a1ce0cda37582ced - - default default] Successfully bumped revision number for resource d7c3a6a2-be40-4757-a142-197352d310f6 (type: security_group_rules) to 0
2026-04-21 18:55:27.250 9 WARNING neutron.plugins.ml2.drivers.ovn.mech_driver.ovsdb.ovn_client [None req-34452092-acb4-4111-9eef-15ca9638616d - - - - - -] No port found with ID a8fe000d-7f34-42d9-aef1-7d805efff2cf: RuntimeError: No port found with ID a8fe000d-7f34-42d9-aef1-7d805efff2cf
2026-04-21 18:55:27.281 9 INFO neutron.wsgi [None req-3983b602-8bdb-48bd-bbb5-00190c8aa867 e0485c9aab5b4908a0298db2633dcd2b 523c342a98024c48a1ce0cda37582ced - - default default] 10.0.0.30 "GET /v2.0/security-groups?tenant_id=3e13f697188e448f971bf052c19332b6&name=default HTTP/1.1" status: 200 len: 2996 time: 1.0275180
2026-04-21 18:55:27.306 9 WARNING neutron.scheduler.dhcp_agent_scheduler [None req-d4660eff-a8f7-4a47-9d7a-e9d65234c42c 594ed79f4c544fbf953799530d60e639 1c5ee89523db4694a5e7ab8034db32ef - - default default] No more DHCP agents
2026-04-21 18:55:27.325 9 WARNING neutron.api.rpc.agentnotifiers.dhcp_rpc_agent_api [None req-d4660eff-a8f7-4a47-9d7a-e9d65234c42c 594ed79f4c544fbf953799530d60e639 1c5ee89523db4694a5e7ab8034db32ef - - default default] Unable to schedule network 090c0cbf-7776-4e3b-a650-113b38553a8c: no agents available; will retry on subsequent port and subnet creation events.
2026-04-21 18:55:27.416 9 INFO neutron.db.ovn_revision_numbers_db [None req-afcee192-f513-4c9b-b353-95ca9b138976 b32f588970c24b3c9e853eb873cfa8e0 6d48c33bdf7142e0b02e60d858fa9f5e - - default default] Successfully bumped revision number for resource 11e888db-81ea-4755-b4ef-44fe9e0a9e0c (type: ports) to 1
2026-04-21 18:55:27.455 9 INFO neutron.wsgi [None req-afcee192-f513-4c9b-b353-95ca9b138976 b32f588970c24b3c9e853eb873cfa8e0 6d48c33bdf7142e0b02e60d858fa9f5e - - default default] 10.0.0.30 "POST /v2.0/networks HTTP/1.1" status: 201 len: 829 time: 1.2894702
2026-04-21 18:55:27.461 9 INFO neutron.db.ovn_revision_numbers_db [None req-d4660eff-a8f7-4a47-9d7a-e9d65234c42c 594ed79f4c544fbf953799530d60e639 1c5ee89523db4694a5e7ab8034db32ef - - default default] Successfully bumped revision number for resource 666b45ec-3ad0-486f-a391-abef5d4c276b (type: ports) to 1
2026-04-21 18:55:27.499 9 INFO neutron.wsgi [None req-d4660eff-a8f7-4a47-9d7a-e9d65234c42c 594ed79f4c544fbf953799530d60e639 1c5ee89523db4694a5e7ab8034db32ef - - default default] 10.0.0.30 "POST /v2.0/networks HTTP/1.1" status: 201 len: 849 time: 1.6650493
