2026-04-21 18:56:41.382 9 INFO neutron.wsgi [None req-2175c8c2-e4fb-4256-a013-d1cec63b0107 067f5f282fc044c6a76fc15a134f0a96 19377f9dbd724b29b198cf94408c4727 - - default default] 10.0.0.30 "DELETE /v2.0/security-groups/2bfdfff3-7f77-427b-87b6-69f0b2066005 HTTP/1.1" status: 204 len: 168 time: 0.6825423 /var/lib/openstack/lib/python3.10/site-packages/pycadf/identifier.py:71: UserWarning: Invalid uuid: neutron. To ensure interoperability, identifiers should be a valid uuid. warnings.warn(('Invalid uuid: %s. To ensure interoperability, '
2026-04-21 18:56:41.450 10 INFO neutron.db.ovn_revision_numbers_db [None req-bc969d30-60b1-4b4c-9964-9eac81dd98e0 a7280e6e22074ff5854129d72d343d41 0ef3c2296f7f4633911292cdad25edc7 - - default default] Successfully bumped revision number for resource 4e4ea1ac-cb8c-430b-abc0-db8ada0e76ad (type: floatingips) to 2
2026-04-21 18:56:41.491 10 INFO neutron.wsgi [None req-bc969d30-60b1-4b4c-9964-9eac81dd98e0 a7280e6e22074ff5854129d72d343d41 0ef3c2296f7f4633911292cdad25edc7 - - default default] 10.0.0.30 "PUT /v2.0/floatingips/4e4ea1ac-cb8c-430b-abc0-db8ada0e76ad HTTP/1.1" status: 200 len: 1049 time: 0.6199875
2026-04-21 18:56:41.557 10 INFO neutron.wsgi [None req-7506dded-0c68-45dd-8e3f-f46e6969fd2a 067f5f282fc044c6a76fc15a134f0a96 19377f9dbd724b29b198cf94408c4727 - - default default] 10.0.0.30 "DELETE /v2.0/security-groups/3cf61a5c-8175-4027-8dd4-35fb8e82f6cf HTTP/1.1" status: 204 len: 168 time: 0.1623921
2026-04-21 18:56:41.691 10 INFO neutron.wsgi [None req-25aea70b-552e-4630-9df0-2138b6e43dab 067f5f282fc044c6a76fc15a134f0a96 19377f9dbd724b29b198cf94408c4727 - - default default] 10.0.0.30 "DELETE /v2.0/security-groups/15ff6fd7-adf8-450a-a6f3-70efbe8c4d42 HTTP/1.1" status: 204 len: 168 time: 0.1280699
2026-04-21 18:56:41.814 9 INFO neutron.wsgi [req-1a8c0dfb-55a4-4c50-8957-dd2af9867534 req-2c23babd-06c6-495a-b850-0475d3f93dec 220376d2830641d0a34a924704bdbdc9 594f5a9f377841b2be0ec10225c3811d - - default default] 10.0.0.199 "GET /v2.0/ports?device_id=d035c48d-9b9d-424b-8a31-06eebf2f2b9c HTTP/1.1" status: 200 len: 1170 time: 0.0501466
2026-04-21 18:56:41.851 10 INFO neutron.wsgi [None req-8c743046-846c-4ced-8f16-3d99ff964b7c 067f5f282fc044c6a76fc15a134f0a96 19377f9dbd724b29b198cf94408c4727 - - default default] 10.0.0.30 "DELETE /v2.0/security-groups/104f2fe4-4303-4701-ae4f-2290502406be HTTP/1.1" status: 204 len: 168 time: 0.1546612
2026-04-21 18:56:41.864 9 INFO neutron.wsgi [req-1a8c0dfb-55a4-4c50-8957-dd2af9867534 req-d64ae679-5384-448f-aad4-2db28edd5f48 220376d2830641d0a34a924704bdbdc9 594f5a9f377841b2be0ec10225c3811d - - default default] 10.0.0.199 "GET /v2.0/security-groups?id=c071f029-bc56-4871-85d7-f8304dff0e44&fields=id&fields=name HTTP/1.1" status: 200 len: 313 time: 0.0384459
2026-04-21 18:56:42.127 10 INFO neutron.wsgi [req-f50a4d76-f8ab-431a-b8b2-4e3c2c83eab0 req-a8d5d7e1-d837-4000-a647-a89b3818309a 220376d2830641d0a34a924704bdbdc9 594f5a9f377841b2be0ec10225c3811d - - default default] 10.0.0.199 "GET /v2.0/ports?device_id=d035c48d-9b9d-424b-8a31-06eebf2f2b9c HTTP/1.1" status: 200 len: 1170 time: 0.0387776
2026-04-21 18:56:42.178 10 INFO neutron.wsgi [req-f50a4d76-f8ab-431a-b8b2-4e3c2c83eab0 req-0352133a-2f72-4a4d-9289-5835b2cb3cda 220376d2830641d0a34a924704bdbdc9 594f5a9f377841b2be0ec10225c3811d - - default default] 10.0.0.199 "GET /v2.0/security-groups?id=c071f029-bc56-4871-85d7-f8304dff0e44&fields=id&fields=name HTTP/1.1" status: 200 len: 313 time: 0.0432334
2026-04-21 18:56:42.254 10 INFO neutron.wsgi [None req-f646516c-c6d5-4784-ac7b-63a604e9c24d 8e046bb8756b40d39cf569bd439b534f 17c4683c4e954b5e873ef71e4f12e55f - - default default] 10.0.0.30 "GET /v2.0/ports?device_id=d035c48d-9b9d-424b-8a31-06eebf2f2b9c HTTP/1.1" status: 200 len: 1404 time: 0.0455513
2026-04-21 18:56:42.301 10 INFO neutron.notifiers.nova [-] Nova event matching ['req-73351bd1-bd28-4ca3-8c05-2eb1ad30a920'] response: {'name': 'network-changed', 'server_uuid': '37e9fbe3-9737-4dfc-83c0-d68cd99961de', 'tag': 'e928e8b8-2fa7-43a9-a56b-250559bfe6f8', 'status': 'completed', 'code': 200}
2026-04-21 18:56:42.405 9 INFO neutron.wsgi [req-7450caf7-653d-489f-86ad-2212af965349 req-d68ff4cd-2483-41da-a9bd-a35a90805869 19b1c5d616224567a5f8865c16c248fd 890b6f60173f4f5e8db97dd9f780ce83 - - 31cd863d39cd4bd491f608bd169b5836 31cd863d39cd4bd491f608bd169b5836] 199.204.45.223 "GET /v2.0/ports?tenant_id=0ef3c2296f7f4633911292cdad25edc7&device_id=37e9fbe3-9737-4dfc-83c0-d68cd99961de HTTP/1.1" status: 200 len: 1448 time: 0.0780857
2026-04-21 18:56:42.522 9 INFO neutron.wsgi [req-7450caf7-653d-489f-86ad-2212af965349 req-fae0d242-52f1-490f-ab9b-b1b226a79bdd 19b1c5d616224567a5f8865c16c248fd 890b6f60173f4f5e8db97dd9f780ce83 - - 31cd863d39cd4bd491f608bd169b5836 31cd863d39cd4bd491f608bd169b5836] 199.204.45.223 "GET /v2.0/networks?id=ee468ea7-1a6f-4e05-a117-c9a5ebdf4588 HTTP/1.1" status: 200 len: 971 time: 0.1109765
2026-04-21 18:56:42.586 9 INFO neutron.db.l3_db [None req-d1e2a8d8-b844-4779-9f3c-d9c92652b232 220376d2830641d0a34a924704bdbdc9 594f5a9f377841b2be0ec10225c3811d - - default default] Floating IP 96b43dcd-7c55-43e9-8caa-c7c12c3fe95d associated. External IP: 10.96.250.211, port: 6dbe0fbd-87e7-4b84-8c84-35ab3c345390.
2026-04-21 18:56:42.614 9 INFO neutron.wsgi [req-7450caf7-653d-489f-86ad-2212af965349 req-fbc31324-7301-48a3-a14b-8d54116817ec 19b1c5d616224567a5f8865c16c248fd 890b6f60173f4f5e8db97dd9f780ce83 - - 31cd863d39cd4bd491f608bd169b5836 31cd863d39cd4bd491f608bd169b5836] 199.204.45.223 "GET /v2.0/floatingips?fixed_ip_address=10.100.0.5&port_id=e928e8b8-2fa7-43a9-a56b-250559bfe6f8 HTTP/1.1" status: 200 len: 1059 time: 0.0757475
2026-04-21 18:56:42.662 9 INFO neutron.wsgi [req-7450caf7-653d-489f-86ad-2212af965349 req-b0d69cf8-cbcb-4ff9-be21-c0605f7fedcf 19b1c5d616224567a5f8865c16c248fd 890b6f60173f4f5e8db97dd9f780ce83 - - 31cd863d39cd4bd491f608bd169b5836 31cd863d39cd4bd491f608bd169b5836] 199.204.45.223 "GET /v2.0/subnets?id=3e071d00-8dbe-40a8-8ac1-3d9d3c52a554 HTTP/1.1" status: 200 len: 866 time: 0.0401325
2026-04-21 18:56:42.711 9 INFO neutron.wsgi [req-7450caf7-653d-489f-86ad-2212af965349 req-3453b8fb-918c-4478-bfe9-f8b2b740a2f5 19b1c5d616224567a5f8865c16c248fd 890b6f60173f4f5e8db97dd9f780ce83 - - 31cd863d39cd4bd491f608bd169b5836 31cd863d39cd4bd491f608bd169b5836] 199.204.45.223 "GET /v2.0/ports?network_id=ee468ea7-1a6f-4e05-a117-c9a5ebdf4588&device_owner=network%3Adhcp HTTP/1.1" status: 200 len: 210 time: 0.0335929
2026-04-21 18:56:42.817 9 INFO neutron.wsgi [req-7450caf7-653d-489f-86ad-2212af965349 req-6546e3fe-9d03-4077-94bb-544f1a13776f 19b1c5d616224567a5f8865c16c248fd 890b6f60173f4f5e8db97dd9f780ce83 - - 31cd863d39cd4bd491f608bd169b5836 31cd863d39cd4bd491f608bd169b5836] 199.204.45.223 "GET /v2.0/networks/ee468ea7-1a6f-4e05-a117-c9a5ebdf4588?fields=segments HTTP/1.1" status: 200 len: 212 time: 0.0980222
2026-04-21 18:56:42.874 9 INFO neutron.db.ovn_revision_numbers_db [None req-d1e2a8d8-b844-4779-9f3c-d9c92652b232 220376d2830641d0a34a924704bdbdc9 594f5a9f377841b2be0ec10225c3811d - - default default] Successfully bumped revision number for resource 96b43dcd-7c55-43e9-8caa-c7c12c3fe95d (type: floatingips) to 4
2026-04-21 18:56:42.937 9 INFO neutron.wsgi [req-7450caf7-653d-489f-86ad-2212af965349 req-b8429c59-118f-499a-b471-91247a2d4ec6 19b1c5d616224567a5f8865c16c248fd 890b6f60173f4f5e8db97dd9f780ce83 - - 31cd863d39cd4bd491f608bd169b5836 31cd863d39cd4bd491f608bd169b5836] 199.204.45.223 "GET /v2.0/networks/ee468ea7-1a6f-4e05-a117-c9a5ebdf4588?fields=provider%3Aphysical_network&fields=provider%3Anetwork_type HTTP/1.1" status: 200 len: 277 time: 0.1094270
2026-04-21 18:56:43.034 9 INFO neutron.db.ovn_revision_numbers_db [None req-d1e2a8d8-b844-4779-9f3c-d9c92652b232 220376d2830641d0a34a924704bdbdc9 594f5a9f377841b2be0ec10225c3811d - - default default] Successfully bumped revision number for resource 96b43dcd-7c55-43e9-8caa-c7c12c3fe95d (type: floatingips) to 5
2026-04-21 18:56:43.060 9 INFO neutron.wsgi [None req-d1e2a8d8-b844-4779-9f3c-d9c92652b232 220376d2830641d0a34a924704bdbdc9 594f5a9f377841b2be0ec10225c3811d - - default default] 10.0.0.30 "PUT /v2.0/floatingips/96b43dcd-7c55-43e9-8caa-c7c12c3fe95d HTTP/1.1" status: 200 len: 1049 time: 0.7982557 /var/lib/openstack/lib/python3.10/site-packages/pycadf/identifier.py:71: UserWarning: Invalid uuid: neutron. To ensure interoperability, identifiers should be a valid uuid. warnings.warn(('Invalid uuid: %s. To ensure interoperability, '
2026-04-21 18:56:43.097 9 INFO neutron.notifiers.nova [-] Nova event matching ['req-0a8439bf-f8f9-4574-aa9e-521c97c07bd2'] response: {'name': 'network-changed', 'server_uuid': 'd035c48d-9b9d-424b-8a31-06eebf2f2b9c', 'tag': '6dbe0fbd-87e7-4b84-8c84-35ab3c345390', 'status': 'completed', 'code': 200}
2026-04-21 18:56:43.121 10 INFO neutron.wsgi [None req-feb5162c-b991-4ff3-adcf-20467209f13b 220376d2830641d0a34a924704bdbdc9 594f5a9f377841b2be0ec10225c3811d - - default default] 10.0.0.30 "GET /v2.0/floatingips/96b43dcd-7c55-43e9-8caa-c7c12c3fe95d HTTP/1.1" status: 200 len: 1051 time: 0.0561047
2026-04-21 18:56:43.175 9 INFO neutron.wsgi [req-888af50d-2758-41dd-bdd7-20042ad1a3ff req-566237c3-f73a-4004-bdf1-a2249188875f 19b1c5d616224567a5f8865c16c248fd 890b6f60173f4f5e8db97dd9f780ce83 - - 31cd863d39cd4bd491f608bd169b5836 31cd863d39cd4bd491f608bd169b5836] 199.204.45.223 "GET /v2.0/ports?tenant_id=594f5a9f377841b2be0ec10225c3811d&device_id=d035c48d-9b9d-424b-8a31-06eebf2f2b9c HTTP/1.1" status: 200 len: 1409 time: 0.0528262
2026-04-21 18:56:43.240 9 INFO neutron.db.ovn_revision_numbers_db [None req-2df3b94d-056e-4158-a0e3-0c8e46bd2e00 e0485c9aab5b4908a0298db2633dcd2b 523c342a98024c48a1ce0cda37582ced - - default default] Successfully bumped revision number for resource 9cf7b995-724c-42df-b384-1e4627ddcb26 (type: security_groups) to 1
2026-04-21 18:56:43.260 9 INFO neutron.db.ovn_revision_numbers_db [None req-2df3b94d-056e-4158-a0e3-0c8e46bd2e00 e0485c9aab5b4908a0298db2633dcd2b 523c342a98024c48a1ce0cda37582ced - - default default] Successfully bumped revision number for resource 26bacece-fb04-4399-b3cb-7c5bb6fccb36 (type: security_group_rules) to 0
2026-04-21 18:56:43.263 9 INFO neutron.wsgi [req-888af50d-2758-41dd-bdd7-20042ad1a3ff req-f6e3de95-aec8-4be0-981a-0400094f1d95 19b1c5d616224567a5f8865c16c248fd 890b6f60173f4f5e8db97dd9f780ce83 - - 31cd863d39cd4bd491f608bd169b5836 31cd863d39cd4bd491f608bd169b5836] 199.204.45.223 "GET /v2.0/networks?id=8ae3b959-9f41-4de3-bbb9-b439064e2717 HTTP/1.1" status: 200 len: 959 time: 0.0757458
2026-04-21 18:56:43.280 9 INFO neutron.db.ovn_revision_numbers_db [None req-2df3b94d-056e-4158-a0e3-0c8e46bd2e00 e0485c9aab5b4908a0298db2633dcd2b 523c342a98024c48a1ce0cda37582ced - - default default] Successfully bumped revision number for resource 2b45fb4d-2391-4937-a1a6-b607e98529f8 (type: security_group_rules) to 0
2026-04-21 18:56:43.310 9 INFO neutron.db.ovn_revision_numbers_db [None req-2df3b94d-056e-4158-a0e3-0c8e46bd2e00 e0485c9aab5b4908a0298db2633dcd2b 523c342a98024c48a1ce0cda37582ced - - default default] Successfully bumped revision number for resource 7eadecda-107d-47a5-bb70-b722a9d6c538 (type: security_group_rules) to 0
2026-04-21 18:56:43.319 9 INFO neutron.wsgi [req-888af50d-2758-41dd-bdd7-20042ad1a3ff req-7203f818-73b7-4cd9-8d52-9c479ae4fe49 19b1c5d616224567a5f8865c16c248fd 890b6f60173f4f5e8db97dd9f780ce83 - - 31cd863d39cd4bd491f608bd169b5836 31cd863d39cd4bd491f608bd169b5836] 199.204.45.223 "GET /v2.0/floatingips?fixed_ip_address=10.100.0.4&port_id=6dbe0fbd-87e7-4b84-8c84-35ab3c345390 HTTP/1.1" status: 200 len: 1059 time: 0.0460970
2026-04-21 18:56:43.335 9 INFO neutron.db.ovn_revision_numbers_db [None req-2df3b94d-056e-4158-a0e3-0c8e46bd2e00 e0485c9aab5b4908a0298db2633dcd2b 523c342a98024c48a1ce0cda37582ced - - default default] Successfully bumped revision number for resource ea7683ad-86ab-4d72-a55a-c88e55f4e619 (type: security_group_rules) to 0
2026-04-21 18:56:43.373 9 INFO neutron.wsgi [None req-2df3b94d-056e-4158-a0e3-0c8e46bd2e00 e0485c9aab5b4908a0298db2633dcd2b 523c342a98024c48a1ce0cda37582ced - - default default] 10.0.0.30 "GET /v2.0/security-groups?tenant_id=e5e070c2fef047729c4b5290a83406c2&name=default HTTP/1.1" status: 200 len: 2996 time: 0.5337746
2026-04-21 18:56:43.393 9 INFO neutron.wsgi [req-888af50d-2758-41dd-bdd7-20042ad1a3ff req-22f22ae0-5a4b-4ea5-beca-9961fedbfe9b 19b1c5d616224567a5f8865c16c248fd 890b6f60173f4f5e8db97dd9f780ce83 - - 31cd863d39cd4bd491f608bd169b5836 31cd863d39cd4bd491f608bd169b5836] 199.204.45.223 "GET /v2.0/subnets?id=1e825a8c-693c-41cf-84ba-8464491769a1 HTTP/1.1" status: 200 len: 852 time: 0.0658252
2026-04-21 18:56:43.424 9 INFO neutron.wsgi [req-888af50d-2758-41dd-bdd7-20042ad1a3ff req-86d0d478-83df-4a5a-88ac-9282a3462c47 19b1c5d616224567a5f8865c16c248fd 890b6f60173f4f5e8db97dd9f780ce83 - - 31cd863d39cd4bd491f608bd169b5836 31cd863d39cd4bd491f608bd169b5836] 199.204.45.223 "GET /v2.0/ports?network_id=8ae3b959-9f41-4de3-bbb9-b439064e2717&device_owner=network%3Adhcp HTTP/1.1" status: 200 len: 210 time: 0.0233204
2026-04-21 18:56:43.488 9 INFO neutron.wsgi [req-888af50d-2758-41dd-bdd7-20042ad1a3ff req-a2cccc8b-9c69-41e3-8806-748ee95041a1 19b1c5d616224567a5f8865c16c248fd 890b6f60173f4f5e8db97dd9f780ce83 - - 31cd863d39cd4bd491f608bd169b5836 31cd863d39cd4bd491f608bd169b5836] 199.204.45.223 "GET /v2.0/networks/8ae3b959-9f41-4de3-bbb9-b439064e2717?fields=segments HTTP/1.1" status: 200 len: 212 time: 0.0538433
2026-04-21 18:56:43.545 9 INFO neutron.wsgi [req-888af50d-2758-41dd-bdd7-20042ad1a3ff req-0d4c8560-7aaf-490f-8c1c-ad1b0d73af90 19b1c5d616224567a5f8865c16c248fd 890b6f60173f4f5e8db97dd9f780ce83 - - 31cd863d39cd4bd491f608bd169b5836 31cd863d39cd4bd491f608bd169b5836] 199.204.45.223 "GET /v2.0/networks/8ae3b959-9f41-4de3-bbb9-b439064e2717?fields=provider%3Aphysical_network&fields=provider%3Anetwork_type HTTP/1.1" status: 200 len: 277 time: 0.0504739
2026-04-21 18:56:43.624 10 INFO neutron.wsgi [None req-e94d58a6-7ecc-4946-a348-12a723daac21 e0485c9aab5b4908a0298db2633dcd2b 523c342a98024c48a1ce0cda37582ced - - default default] 10.0.0.30 "DELETE /v2.0/security-groups/9cf7b995-724c-42df-b384-1e4627ddcb26 HTTP/1.1" status: 204 len: 168 time: 0.2453544
2026-04-21 18:56:43.775 10 INFO neutron.wsgi [None req-8c28e242-10ae-4389-8ec5-5522fa852df7 e0485c9aab5b4908a0298db2633dcd2b 523c342a98024c48a1ce0cda37582ced - - default default] 10.0.0.30 "GET /v2.0/security-groups?tenant_id=19377f9dbd724b29b198cf94408c4727&name=default HTTP/1.1" status: 200 len: 2996 time: 0.0405231
2026-04-21 18:56:44.028 10 INFO neutron.wsgi [None req-01b280a3-4f46-4bc4-aade-34f339f2bda0 e0485c9aab5b4908a0298db2633dcd2b 523c342a98024c48a1ce0cda37582ced - - default default] 10.0.0.30 "DELETE /v2.0/security-groups/1624396e-5e2b-41ab-9e54-f24ee651cc5c HTTP/1.1" status: 204 len: 168 time: 0.2490594
2026-04-21 18:56:44.320 9 INFO neutron.db.ovn_revision_numbers_db [None req-07cb0507-6248-4432-a94d-49704bf310ea e0485c9aab5b4908a0298db2633dcd2b 523c342a98024c48a1ce0cda37582ced - - default default] Successfully bumped revision number for resource 9014b5f7-bf4d-4bd9-8708-5aef91195117 (type: security_groups) to 1
2026-04-21 18:56:44.341 9 INFO neutron.db.ovn_revision_numbers_db [None req-07cb0507-6248-4432-a94d-49704bf310ea e0485c9aab5b4908a0298db2633dcd2b 523c342a98024c48a1ce0cda37582ced - - default default] Successfully bumped revision number for resource 4ff48183-8a41-40b2-84b1-41bf4e7430ee (type: security_group_rules) to 0
2026-04-21 18:56:44.358 9 INFO neutron.db.ovn_revision_numbers_db [None req-07cb0507-6248-4432-a94d-49704bf310ea e0485c9aab5b4908a0298db2633dcd2b 523c342a98024c48a1ce0cda37582ced - - default default] Successfully bumped revision number for resource 8eda7ca8-bfc4-49aa-99f7-108ae6e6454b (type: security_group_rules) to 0
2026-04-21 18:56:44.383 9 INFO neutron.db.ovn_revision_numbers_db [None req-07cb0507-6248-4432-a94d-49704bf310ea e0485c9aab5b4908a0298db2633dcd2b 523c342a98024c48a1ce0cda37582ced - - default default] Successfully bumped revision number for resource 9dfba5d1-15ec-46c5-bd74-f15194b76a6a (type: security_group_rules) to 0
2026-04-21 18:56:44.408 9 INFO neutron.db.ovn_revision_numbers_db [None req-07cb0507-6248-4432-a94d-49704bf310ea e0485c9aab5b4908a0298db2633dcd2b 523c342a98024c48a1ce0cda37582ced - - default default] Successfully bumped revision number for resource f9d1e568-98a2-4934-88cf-fbd9f64eedac (type: security_group_rules) to 0
2026-04-21 18:56:44.430 9 INFO neutron.wsgi [None req-07cb0507-6248-4432-a94d-49704bf310ea e0485c9aab5b4908a0298db2633dcd2b 523c342a98024c48a1ce0cda37582ced - - default default] 10.0.0.30 "GET /v2.0/security-groups?tenant_id=2ff3f7d9cf094d0a9c1d0af62515c524&name=default HTTP/1.1" status: 200 len: 2996 time: 0.2284024
2026-04-21 18:56:44.643 9 INFO neutron.wsgi [None req-cd5cf145-b1d4-4bbc-a23c-00d23df828c6 e0485c9aab5b4908a0298db2633dcd2b 523c342a98024c48a1ce0cda37582ced - - default default] 10.0.0.30 "DELETE /v2.0/security-groups/9014b5f7-bf4d-4bd9-8708-5aef91195117 HTTP/1.1" status: 204 len: 168 time: 0.2072279
2026-04-21 18:56:47.424 9 INFO neutron.wsgi [-] 10.0.0.27 "GET / HTTP/1.1" status: 200 len: 246 time: 0.0028026
2026-04-21 18:56:47.427 10 INFO neutron.wsgi [-] 10.0.0.27 "GET / HTTP/1.1" status: 200 len: 246 time: 0.0054910
2026-04-21 18:56:49.450 10 INFO neutron.db.ovn_revision_numbers_db [None req-971be2b7-8a8d-49c8-b99d-4a96cd835b66 a26e48de12104deb9ed661254c2f4b2d 3494f1e7f5404417b79905b6bd029c9a - - default default] Successfully bumped revision number for resource 7821075a-a406-43dc-bb6f-6ada1df3e96e (type: security_groups) to 1
2026-04-21 18:56:49.464 10 INFO neutron.db.ovn_revision_numbers_db [None req-971be2b7-8a8d-49c8-b99d-4a96cd835b66 a26e48de12104deb9ed661254c2f4b2d 3494f1e7f5404417b79905b6bd029c9a - - default default] Successfully bumped revision number for resource 27cd4f2b-2a65-4ae7-bbf9-6f3a9a671d06 (type: security_group_rules) to 0
2026-04-21 18:56:49.478 10 INFO neutron.db.ovn_revision_numbers_db [None req-971be2b7-8a8d-49c8-b99d-4a96cd835b66 a26e48de12104deb9ed661254c2f4b2d 3494f1e7f5404417b79905b6bd029c9a - - default default] Successfully bumped revision number for resource 3ae68a0c-0a33-46d3-b08e-6f725758db37 (type: security_group_rules) to 0
2026-04-21 18:56:49.491 10 INFO neutron.db.ovn_revision_numbers_db [None req-971be2b7-8a8d-49c8-b99d-4a96cd835b66 a26e48de12104deb9ed661254c2f4b2d 3494f1e7f5404417b79905b6bd029c9a - - default default] Successfully bumped revision number for resource 6fad002e-930d-4f73-afc9-60ddc7c0e989 (type: security_group_rules) to 0
2026-04-21 18:56:49.508 10 INFO neutron.db.ovn_revision_numbers_db [None req-971be2b7-8a8d-49c8-b99d-4a96cd835b66 a26e48de12104deb9ed661254c2f4b2d 3494f1e7f5404417b79905b6bd029c9a - - default default] Successfully bumped revision number for resource a7e29358-e456-4fdb-a0dd-998eeb43da06 (type: security_group_rules) to 0
2026-04-21 18:56:49.559 10 INFO neutron.db.segments_db [None req-971be2b7-8a8d-49c8-b99d-4a96cd835b66 a26e48de12104deb9ed661254c2f4b2d 3494f1e7f5404417b79905b6bd029c9a - - default default] Added segment cbec6bcc-5295-4fe5-bd0e-44a22794904c of type geneve for network f58b0b41-8157-4bdf-8023-766092f0ca4f
2026-04-21 18:56:49.732 10 INFO neutron.db.ovn_revision_numbers_db [None req-971be2b7-8a8d-49c8-b99d-4a96cd835b66 a26e48de12104deb9ed661254c2f4b2d 3494f1e7f5404417b79905b6bd029c9a - - default default] Successfully bumped revision number for resource f58b0b41-8157-4bdf-8023-766092f0ca4f (type: networks) to 1
2026-04-21 18:56:49.890 10 WARNING neutron.scheduler.dhcp_agent_scheduler [None req-971be2b7-8a8d-49c8-b99d-4a96cd835b66 a26e48de12104deb9ed661254c2f4b2d 3494f1e7f5404417b79905b6bd029c9a - - default default] No more DHCP agents
2026-04-21 18:56:49.892 10 WARNING neutron.api.rpc.agentnotifiers.dhcp_rpc_agent_api [None req-971be2b7-8a8d-49c8-b99d-4a96cd835b66 a26e48de12104deb9ed661254c2f4b2d 3494f1e7f5404417b79905b6bd029c9a - - default default] Unable to schedule network f58b0b41-8157-4bdf-8023-766092f0ca4f: no agents available; will retry on subsequent port and subnet creation events.
2026-04-21 18:56:49.971 10 INFO neutron.db.ovn_revision_numbers_db [None req-971be2b7-8a8d-49c8-b99d-4a96cd835b66 a26e48de12104deb9ed661254c2f4b2d 3494f1e7f5404417b79905b6bd029c9a - - default default] Successfully bumped revision number for resource 7f98cd83-3b2a-4296-8adb-34c07bd3ffcb (type: ports) to 1
2026-04-21 18:56:49.994 10 INFO neutron.wsgi [None req-971be2b7-8a8d-49c8-b99d-4a96cd835b66 a26e48de12104deb9ed661254c2f4b2d 3494f1e7f5404417b79905b6bd029c9a - - default default] 10.0.0.30 "POST /v2.0/networks HTTP/1.1" status: 201 len: 831 time: 0.8873498
2026-04-21 18:56:50.725 10 WARNING neutron.scheduler.dhcp_agent_scheduler [None req-a9f1d174-a359-4d4b-b46b-23a866d26eb9 a26e48de12104deb9ed661254c2f4b2d 3494f1e7f5404417b79905b6bd029c9a - - default default] No more DHCP agents
2026-04-21 18:56:50.728 10 WARNING neutron.api.rpc.agentnotifiers.dhcp_rpc_agent_api [None req-a9f1d174-a359-4d4b-b46b-23a866d26eb9 a26e48de12104deb9ed661254c2f4b2d 3494f1e7f5404417b79905b6bd029c9a - - default default] Unable to schedule network f58b0b41-8157-4bdf-8023-766092f0ca4f: no agents available; will retry on subsequent port and subnet creation events.
2026-04-21 18:56:51.222 10 INFO neutron.db.ovn_revision_numbers_db [None req-a9f1d174-a359-4d4b-b46b-23a866d26eb9 a26e48de12104deb9ed661254c2f4b2d 3494f1e7f5404417b79905b6bd029c9a - - default default] Successfully bumped revision number for resource 7f98cd83-3b2a-4296-8adb-34c07bd3ffcb (type: ports) to 2
2026-04-21 18:56:51.263 10 INFO neutron.db.ovn_revision_numbers_db [None req-a9f1d174-a359-4d4b-b46b-23a866d26eb9 a26e48de12104deb9ed661254c2f4b2d 3494f1e7f5404417b79905b6bd029c9a - - default default] Successfully bumped revision number for resource 8914b034-429b-42a5-9d52-ad7b176fd16b (type: subnets) to 0
2026-04-21 18:56:51.287 10 INFO neutron.wsgi [None req-a9f1d174-a359-4d4b-b46b-23a866d26eb9 a26e48de12104deb9ed661254c2f4b2d 3494f1e7f5404417b79905b6bd029c9a - - default default] 10.0.0.30 "POST /v2.0/subnets HTTP/1.1" status: 201 len: 801 time: 1.2867379
2026-04-21 18:56:51.369 10 INFO neutron.db.segments_db [None req-37b128d2-afcf-4c50-bd1d-acca7af8f2a6 a26e48de12104deb9ed661254c2f4b2d 3494f1e7f5404417b79905b6bd029c9a - - default default] Added segment 775558ac-7f5a-451c-bd65-1c85e71c6174 of type geneve for network 911b211d-377e-490b-a6c3-18751427f71b
2026-04-21 18:56:51.537 10 INFO neutron.db.ovn_revision_numbers_db [None req-37b128d2-afcf-4c50-bd1d-acca7af8f2a6 a26e48de12104deb9ed661254c2f4b2d 3494f1e7f5404417b79905b6bd029c9a - - default default] Successfully bumped revision number for resource 911b211d-377e-490b-a6c3-18751427f71b (type: networks) to 1
2026-04-21 18:56:51.732 10 WARNING neutron.scheduler.dhcp_agent_scheduler [None req-37b128d2-afcf-4c50-bd1d-acca7af8f2a6 a26e48de12104deb9ed661254c2f4b2d 3494f1e7f5404417b79905b6bd029c9a - - default default] No more DHCP agents
2026-04-21 18:56:51.734 10 WARNING neutron.api.rpc.agentnotifiers.dhcp_rpc_agent_api [None req-37b128d2-afcf-4c50-bd1d-acca7af8f2a6 a26e48de12104deb9ed661254c2f4b2d 3494f1e7f5404417b79905b6bd029c9a - - default default] Unable to schedule network 911b211d-377e-490b-a6c3-18751427f71b: no agents available; will retry on subsequent port and subnet creation events.
2026-04-21 18:56:51.822 10 INFO neutron.db.ovn_revision_numbers_db [None req-37b128d2-afcf-4c50-bd1d-acca7af8f2a6 a26e48de12104deb9ed661254c2f4b2d 3494f1e7f5404417b79905b6bd029c9a - - default default] Successfully bumped revision number for resource acd0ad60-6829-4a50-8dcd-8ed85631d4b4 (type: ports) to 1
2026-04-21 18:56:51.844 10 INFO neutron.wsgi [None req-37b128d2-afcf-4c50-bd1d-acca7af8f2a6 a26e48de12104deb9ed661254c2f4b2d 3494f1e7f5404417b79905b6bd029c9a - - default default] 10.0.0.30 "POST /v2.0/networks HTTP/1.1" status: 201 len: 831 time: 0.5509791
2026-04-21 18:56:52.111 10 WARNING neutron.scheduler.dhcp_agent_scheduler [None req-e2305c90-67ca-41fd-8b5d-3fd59fae9ebb a26e48de12104deb9ed661254c2f4b2d 3494f1e7f5404417b79905b6bd029c9a - - default default] No more DHCP agents
2026-04-21 18:56:52.115 10 WARNING neutron.api.rpc.agentnotifiers.dhcp_rpc_agent_api [None req-e2305c90-67ca-41fd-8b5d-3fd59fae9ebb a26e48de12104deb9ed661254c2f4b2d 3494f1e7f5404417b79905b6bd029c9a - - default default] Unable to schedule network 911b211d-377e-490b-a6c3-18751427f71b: no agents available; will retry on subsequent port and subnet creation events.
2026-04-21 18:56:52.665 10 INFO neutron.db.ovn_revision_numbers_db [None req-e2305c90-67ca-41fd-8b5d-3fd59fae9ebb a26e48de12104deb9ed661254c2f4b2d 3494f1e7f5404417b79905b6bd029c9a - - default default] Successfully bumped revision number for resource acd0ad60-6829-4a50-8dcd-8ed85631d4b4 (type: ports) to 2
2026-04-21 18:56:52.705 10 INFO neutron.db.ovn_revision_numbers_db [None req-e2305c90-67ca-41fd-8b5d-3fd59fae9ebb a26e48de12104deb9ed661254c2f4b2d 3494f1e7f5404417b79905b6bd029c9a - - default default] Successfully bumped revision number for resource e90e7ffd-1e43-4b7a-a077-5d8c9693511a (type: subnets) to 0
2026-04-21 18:56:52.725 10 INFO neutron.wsgi [None req-e2305c90-67ca-41fd-8b5d-3fd59fae9ebb a26e48de12104deb9ed661254c2f4b2d 3494f1e7f5404417b79905b6bd029c9a - - default default] 10.0.0.30 "POST /v2.0/subnets HTTP/1.1" status: 201 len: 804 time: 0.8750727
2026-04-21 18:56:52.760 9 INFO neutron.wsgi [req-76526964-dd1b-41c1-8fd7-cbbfaf7dac2b req-d5e84760-2bc0-4be4-bf3b-92b11f591d05 19b1c5d616224567a5f8865c16c248fd 890b6f60173f4f5e8db97dd9f780ce83 - - 31cd863d39cd4bd491f608bd169b5836 31cd863d39cd4bd491f608bd169b5836] 10.0.0.208 "GET /v2.0/ports?device_id=d035c48d-9b9d-424b-8a31-06eebf2f2b9c HTTP/1.1" status: 200 len: 1409 time: 0.0321047
2026-04-21 18:56:52.807 9 INFO neutron.wsgi [req-76526964-dd1b-41c1-8fd7-cbbfaf7dac2b req-8d0ceba5-85f3-4231-bbef-805eef701a60 19b1c5d616224567a5f8865c16c248fd 890b6f60173f4f5e8db97dd9f780ce83 - - 31cd863d39cd4bd491f608bd169b5836 31cd863d39cd4bd491f608bd169b5836] 10.0.0.208 "GET /v2.0/security-groups?id=c071f029-bc56-4871-85d7-f8304dff0e44&fields=id&fields=name HTTP/1.1" status: 200 len: 313 time: 0.0388725
2026-04-21 18:56:52.824 10 INFO neutron.db.segments_db [None req-f7edadfd-852c-463a-86a0-333838269694 a26e48de12104deb9ed661254c2f4b2d 3494f1e7f5404417b79905b6bd029c9a - - default default] Added segment 4ce3b63e-13b3-42c2-9a3b-315ec7c57322 of type geneve for network d712b80b-c5de-44b5-aca7-69ce224f832b
2026-04-21 18:56:52.992 10 INFO neutron.db.ovn_revision_numbers_db [None req-f7edadfd-852c-463a-86a0-333838269694 a26e48de12104deb9ed661254c2f4b2d 3494f1e7f5404417b79905b6bd029c9a - - default default] Successfully bumped revision number for resource d712b80b-c5de-44b5-aca7-69ce224f832b (type: networks) to 1
2026-04-21 18:56:53.196 10 WARNING neutron.scheduler.dhcp_agent_scheduler [None req-f7edadfd-852c-463a-86a0-333838269694 a26e48de12104deb9ed661254c2f4b2d 3494f1e7f5404417b79905b6bd029c9a - - default default] No more DHCP agents
2026-04-21 18:56:53.200 10 WARNING neutron.api.rpc.agentnotifiers.dhcp_rpc_agent_api [None req-f7edadfd-852c-463a-86a0-333838269694 a26e48de12104deb9ed661254c2f4b2d 3494f1e7f5404417b79905b6bd029c9a - - default default] Unable to schedule network d712b80b-c5de-44b5-aca7-69ce224f832b: no agents available; will retry on subsequent port and subnet creation events.
2026-04-21 18:56:53.291 10 INFO neutron.db.ovn_revision_numbers_db [None req-f7edadfd-852c-463a-86a0-333838269694 a26e48de12104deb9ed661254c2f4b2d 3494f1e7f5404417b79905b6bd029c9a - - default default] Successfully bumped revision number for resource 723dbcdb-9856-4d91-9871-b22c858ba1a4 (type: ports) to 1
2026-04-21 18:56:53.315 10 INFO neutron.wsgi [None req-f7edadfd-852c-463a-86a0-333838269694 a26e48de12104deb9ed661254c2f4b2d 3494f1e7f5404417b79905b6bd029c9a - - default default] 10.0.0.30 "POST /v2.0/networks HTTP/1.1" status: 201 len: 830 time: 0.5847721
2026-04-21 18:56:53.606 10 WARNING neutron.scheduler.dhcp_agent_scheduler [None req-477a31ad-4698-48f8-9a4f-2de4a0d23fc4 a26e48de12104deb9ed661254c2f4b2d 3494f1e7f5404417b79905b6bd029c9a - - default default] No more DHCP agents
2026-04-21 18:56:53.609 10 WARNING neutron.api.rpc.agentnotifiers.dhcp_rpc_agent_api [None req-477a31ad-4698-48f8-9a4f-2de4a0d23fc4 a26e48de12104deb9ed661254c2f4b2d 3494f1e7f5404417b79905b6bd029c9a - - default default] Unable to schedule network d712b80b-c5de-44b5-aca7-69ce224f832b: no agents available; will retry on subsequent port and subnet creation events.
2026-04-21 18:56:54.091 10 INFO neutron.plugins.ml2.drivers.ovn.mech_driver.mech_driver [None req-dceb0b9a-9d10-4954-b485-41370f18b3a0 - - - - - -] OVN reports status down for port: 6dbe0fbd-87e7-4b84-8c84-35ab3c345390
2026-04-21 18:56:54.118 10 INFO neutron.db.ovn_revision_numbers_db [None req-477a31ad-4698-48f8-9a4f-2de4a0d23fc4 a26e48de12104deb9ed661254c2f4b2d 3494f1e7f5404417b79905b6bd029c9a - - default default] Successfully bumped revision number for resource 723dbcdb-9856-4d91-9871-b22c858ba1a4 (type: ports) to 2
2026-04-21 18:56:54.160 10 INFO neutron.wsgi [req-44af0d09-97e4-43f1-b19d-841a5fde21bc req-91b38f53-0acf-44fd-9e37-e757100ea1d3 220376d2830641d0a34a924704bdbdc9 594f5a9f377841b2be0ec10225c3811d - - default default] 10.0.0.199 "GET /v2.0/ports?device_id=d035c48d-9b9d-424b-8a31-06eebf2f2b9c HTTP/1.1" status: 200 len: 1170 time: 0.1301470
2026-04-21 18:56:54.176 10 INFO neutron.db.ovn_revision_numbers_db [None req-477a31ad-4698-48f8-9a4f-2de4a0d23fc4 a26e48de12104deb9ed661254c2f4b2d 3494f1e7f5404417b79905b6bd029c9a - - default default] Successfully bumped revision number for resource 5630a6aa-eadf-4f6e-9642-5e6927c8e5e7 (type: subnets) to 0
2026-04-21 18:56:54.202 10 INFO neutron.wsgi [None req-477a31ad-4698-48f8-9a4f-2de4a0d23fc4 a26e48de12104deb9ed661254c2f4b2d 3494f1e7f5404417b79905b6bd029c9a - - default default] 10.0.0.30 "POST /v2.0/subnets HTTP/1.1" status: 201 len: 804 time: 0.8814533
2026-04-21 18:56:54.223 10 INFO neutron.wsgi [req-44af0d09-97e4-43f1-b19d-841a5fde21bc req-c511089a-5476-49ac-903e-2981c5014dd4 220376d2830641d0a34a924704bdbdc9 594f5a9f377841b2be0ec10225c3811d - - default default] 10.0.0.199 "GET /v2.0/security-groups?id=c071f029-bc56-4871-85d7-f8304dff0e44&fields=id&fields=name HTTP/1.1" status: 200 len: 313 time: 0.0491333
2026-04-21 18:56:54.282 10 INFO neutron.notifiers.nova [-] Nova event matching ['req-8935b22c-ac47-4242-b0d5-2895c3e9ddb5'] response: {'server_uuid': 'd035c48d-9b9d-424b-8a31-06eebf2f2b9c', 'name': 'network-vif-unplugged', 'status': 'completed', 'tag': '6dbe0fbd-87e7-4b84-8c84-35ab3c345390', 'code': 200}
2026-04-21 18:56:54.306 9 INFO neutron.db.segments_db [None req-a259682e-a88a-4551-ac51-0827bac54f7d a26e48de12104deb9ed661254c2f4b2d 3494f1e7f5404417b79905b6bd029c9a - - default default] Added segment 83ce4a2e-dbc5-4ab7-b426-f5bd63f49db9 of type geneve for network e68af17d-5ab7-4788-929e-9d73e5a7f1b3
2026-04-21 18:56:54.442 10 INFO neutron.db.ovn_revision_numbers_db [None req-dceb0b9a-9d10-4954-b485-41370f18b3a0 - - - - - -] Successfully bumped revision number for resource 6dbe0fbd-87e7-4b84-8c84-35ab3c345390 (type: ports) to 5
2026-04-21 18:56:54.504 9 INFO neutron.wsgi [req-20260777-7cfc-43b4-8369-c87f99d67368 req-543d0811-2f69-45d2-8d47-e18d8e295350 220376d2830641d0a34a924704bdbdc9 594f5a9f377841b2be0ec10225c3811d - - default default] 199.204.45.223 "GET /v2.0/ports?device_id=d035c48d-9b9d-424b-8a31-06eebf2f2b9c HTTP/1.1" status: 200 len: 1168 time: 0.1287427
2026-04-21 18:56:54.517 9 INFO neutron.db.ovn_revision_numbers_db [None req-a259682e-a88a-4551-ac51-0827bac54f7d a26e48de12104deb9ed661254c2f4b2d 3494f1e7f5404417b79905b6bd029c9a - - default default] Successfully bumped revision number for resource e68af17d-5ab7-4788-929e-9d73e5a7f1b3 (type: networks) to 1
2026-04-21 18:56:54.810 9 WARNING neutron.scheduler.dhcp_agent_scheduler [None req-a259682e-a88a-4551-ac51-0827bac54f7d a26e48de12104deb9ed661254c2f4b2d 3494f1e7f5404417b79905b6bd029c9a - - default default] No more DHCP agents
2026-04-21 18:56:54.821 9 WARNING neutron.api.rpc.agentnotifiers.dhcp_rpc_agent_api [None req-a259682e-a88a-4551-ac51-0827bac54f7d a26e48de12104deb9ed661254c2f4b2d 3494f1e7f5404417b79905b6bd029c9a - - default default] Unable to schedule network e68af17d-5ab7-4788-929e-9d73e5a7f1b3: no agents available; will retry on subsequent port and subnet creation events.
2026-04-21 18:56:54.945 9 INFO neutron.db.ovn_revision_numbers_db [None req-a259682e-a88a-4551-ac51-0827bac54f7d a26e48de12104deb9ed661254c2f4b2d 3494f1e7f5404417b79905b6bd029c9a - - default default] Successfully bumped revision number for resource a676815e-053a-4300-8380-55b4c4a4db46 (type: ports) to 1
2026-04-21 18:56:54.963 9 INFO neutron.db.l3_db [req-20260777-7cfc-43b4-8369-c87f99d67368 req-149d8eca-161a-4d97-b87d-3c94bc71bf42 220376d2830641d0a34a924704bdbdc9 594f5a9f377841b2be0ec10225c3811d - - default default] Floating IP 96b43dcd-7c55-43e9-8caa-c7c12c3fe95d disassociated. External IP: 10.96.250.211, port: 6dbe0fbd-87e7-4b84-8c84-35ab3c345390.
2026-04-21 18:56:54.977 9 INFO neutron.wsgi [None req-a259682e-a88a-4551-ac51-0827bac54f7d a26e48de12104deb9ed661254c2f4b2d 3494f1e7f5404417b79905b6bd029c9a - - default default] 10.0.0.30 "POST /v2.0/networks HTTP/1.1" status: 201 len: 829 time: 0.7679522
2026-04-21 18:56:55.231 9 INFO neutron.wsgi [req-20260777-7cfc-43b4-8369-c87f99d67368 req-149d8eca-161a-4d97-b87d-3c94bc71bf42 220376d2830641d0a34a924704bdbdc9 594f5a9f377841b2be0ec10225c3811d - - default default] 199.204.45.223 "DELETE /v2.0/ports/6dbe0fbd-87e7-4b84-8c84-35ab3c345390 HTTP/1.1" status: 204 len: 173 time: 0.7215993
2026-04-21 18:56:55.271 9 INFO neutron.notifiers.nova [-] Nova event matching ['req-53ce136e-aa12-434a-8c98-25d6ef56b5b0'] response: {'server_uuid': 'd035c48d-9b9d-424b-8a31-06eebf2f2b9c', 'name': 'network-vif-deleted', 'tag': '6dbe0fbd-87e7-4b84-8c84-35ab3c345390', 'status': 'completed', 'code': 200}
2026-04-21 18:56:55.330 9 WARNING neutron.scheduler.dhcp_agent_scheduler [None req-d692478e-f065-42e0-acb5-d7c7786b38b2 a26e48de12104deb9ed661254c2f4b2d 3494f1e7f5404417b79905b6bd029c9a - - default default] No more DHCP agents
2026-04-21 18:56:55.333 9 INFO neutron.wsgi [req-701b999b-b42e-4dfc-aaff-52c3b9b9dbd8 req-4d39177b-3dd9-4263-a22c-69f9b3200082 220376d2830641d0a34a924704bdbdc9 594f5a9f377841b2be0ec10225c3811d - - default default] 10.0.0.199 "GET /v2.0/ports?device_id=d035c48d-9b9d-424b-8a31-06eebf2f2b9c HTTP/1.1" status: 200 len: 210 time: 0.0292704
2026-04-21 18:56:55.334 9 WARNING neutron.api.rpc.agentnotifiers.dhcp_rpc_agent_api [None req-d692478e-f065-42e0-acb5-d7c7786b38b2 a26e48de12104deb9ed661254c2f4b2d 3494f1e7f5404417b79905b6bd029c9a - - default default] Unable to schedule network e68af17d-5ab7-4788-929e-9d73e5a7f1b3: no agents available; will retry on subsequent port and subnet creation events.
2026-04-21 18:56:55.857 9 INFO neutron.db.ovn_revision_numbers_db [None req-d692478e-f065-42e0-acb5-d7c7786b38b2 a26e48de12104deb9ed661254c2f4b2d 3494f1e7f5404417b79905b6bd029c9a - - default default] Successfully bumped revision number for resource a676815e-053a-4300-8380-55b4c4a4db46 (type: ports) to 2
2026-04-21 18:56:55.896 9 INFO neutron.db.ovn_revision_numbers_db [None req-d692478e-f065-42e0-acb5-d7c7786b38b2 a26e48de12104deb9ed661254c2f4b2d 3494f1e7f5404417b79905b6bd029c9a - - default default] Successfully bumped revision number for resource 3c0d30ff-6063-44e3-8c32-d4bd07a78d85 (type: subnets) to 0
2026-04-21 18:56:55.914 9 INFO neutron.wsgi [None req-d692478e-f065-42e0-acb5-d7c7786b38b2 a26e48de12104deb9ed661254c2f4b2d 3494f1e7f5404417b79905b6bd029c9a - - default default] 10.0.0.30 "POST /v2.0/subnets HTTP/1.1" status: 201 len: 804 time: 0.9204359
2026-04-21 18:56:56.014 9 INFO neutron.db.segments_db [None req-57a5038c-d03a-4de6-bf7b-35a8ede6f836 a26e48de12104deb9ed661254c2f4b2d 3494f1e7f5404417b79905b6bd029c9a - - default default] Added segment 08c99226-729c-486c-8811-89aa600a2108 of type geneve for network ce612b5b-4fdb-41d7-8caf-d89ef141cefe
2026-04-21 18:56:56.165 9 INFO neutron.db.ovn_revision_numbers_db [None req-57a5038c-d03a-4de6-bf7b-35a8ede6f836 a26e48de12104deb9ed661254c2f4b2d 3494f1e7f5404417b79905b6bd029c9a - - default default] Successfully bumped revision number for resource ce612b5b-4fdb-41d7-8caf-d89ef141cefe (type: networks) to 1
2026-04-21 18:56:56.325 10 INFO neutron.notifiers.nova [-] Nova event matching ['req-992aaac8-e0f1-440b-9ac9-ac0c55b6126d'] response: {'server_uuid': 'd035c48d-9b9d-424b-8a31-06eebf2f2b9c', 'name': 'network-vif-plugged', 'status': 'completed', 'tag': '6dbe0fbd-87e7-4b84-8c84-35ab3c345390', 'code': 200}
2026-04-21 18:56:56.375 9 WARNING neutron.scheduler.dhcp_agent_scheduler [None req-57a5038c-d03a-4de6-bf7b-35a8ede6f836 a26e48de12104deb9ed661254c2f4b2d 3494f1e7f5404417b79905b6bd029c9a - - default default] No more DHCP agents /var/lib/openstack/lib/python3.10/site-packages/pycadf/identifier.py:71: UserWarning: Invalid uuid: neutron. To ensure interoperability, identifiers should be a valid uuid. warnings.warn(('Invalid uuid: %s. To ensure interoperability, '
2026-04-21 18:56:56.572 10 INFO neutron.wsgi [None req-d0c56409-a640-4c6e-836a-3ae4a1301123 220376d2830641d0a34a924704bdbdc9 594f5a9f377841b2be0ec10225c3811d - - default default] 10.0.0.30 "DELETE /v2.0/security-groups/c071f029-bc56-4871-85d7-f8304dff0e44 HTTP/1.1" status: 204 len: 168 time: 0.1707051
2026-04-21 18:56:56.816 9 WARNING neutron.api.rpc.agentnotifiers.dhcp_rpc_agent_api [None req-57a5038c-d03a-4de6-bf7b-35a8ede6f836 a26e48de12104deb9ed661254c2f4b2d 3494f1e7f5404417b79905b6bd029c9a - - default default] Unable to schedule network ce612b5b-4fdb-41d7-8caf-d89ef141cefe: no agents available; will retry on subsequent port and subnet creation events.
2026-04-21 18:56:56.896 9 INFO neutron.db.ovn_revision_numbers_db [None req-57a5038c-d03a-4de6-bf7b-35a8ede6f836 a26e48de12104deb9ed661254c2f4b2d 3494f1e7f5404417b79905b6bd029c9a - - default default] Successfully bumped revision number for resource b0186200-51d6-4c3b-949f-e3a37ca0517f (type: ports) to 1
2026-04-21 18:56:56.920 9 INFO neutron.wsgi [None req-57a5038c-d03a-4de6-bf7b-35a8ede6f836 a26e48de12104deb9ed661254c2f4b2d 3494f1e7f5404417b79905b6bd029c9a - - default default] 10.0.0.30 "POST /v2.0/networks HTTP/1.1" status: 201 len: 831 time: 0.9995325
2026-04-21 18:56:56.959 10 INFO neutron.wsgi [None req-58e88322-ca9c-4ad7-a529-d37ae75e1506 220376d2830641d0a34a924704bdbdc9 594f5a9f377841b2be0ec10225c3811d - - default default] 10.0.0.30 "DELETE /v2.0/floatingips/96b43dcd-7c55-43e9-8caa-c7c12c3fe95d HTTP/1.1" status: 204 len: 168 time: 0.3527594
2026-04-21 18:56:57.098 9 INFO neutron.wsgi [req-7cad22d8-15e1-4186-ad5f-7170b70238a1 req-de8ef93a-3e29-41e0-99aa-5e0775324f5a a7280e6e22074ff5854129d72d343d41 0ef3c2296f7f4633911292cdad25edc7 - - default default] 10.0.0.199 "GET /v2.0/ports?device_id=37e9fbe3-9737-4dfc-83c0-d68cd99961de HTTP/1.1" status: 200 len: 1210 time: 0.0946174
2026-04-21 18:56:57.150 10 INFO neutron.wsgi [req-606c0dc3-52fd-4dcf-ae57-6adcfb2dd6f5 req-6400d418-cb3d-4431-859e-b2b224b2f4f4 220376d2830641d0a34a924704bdbdc9 594f5a9f377841b2be0ec10225c3811d - - default default] 10.0.0.199 "GET /v2.0/ports?device_id=2f4ff533-b959-4b95-9527-9b2dd159bd67 HTTP/1.1" status: 200 len: 1174 time: 0.0481591
2026-04-21 18:56:57.154 10 INFO neutron.plugins.ml2.drivers.ovn.mech_driver.mech_driver [None req-dceb0b9a-9d10-4954-b485-41370f18b3a0 - - - - - -] OVN reports status down for port: 0dfc09cb-f4ea-49b7-b9e5-61c0aea86569
2026-04-21 18:56:57.163 9 INFO neutron.wsgi [req-7cad22d8-15e1-4186-ad5f-7170b70238a1 req-44be3504-f213-47ce-b119-f630aaee5da4 a7280e6e22074ff5854129d72d343d41 0ef3c2296f7f4633911292cdad25edc7 - - default default] 10.0.0.199 "GET /v2.0/security-groups?id=616ba8da-7a85-4cbe-aec8-9edef441cfac&id=987d24d3-665a-4dd1-b192-f026ef16569f&fields=id&fields=name HTTP/1.1" status: 200 len: 406 time: 0.0554082
2026-04-21 18:56:57.237 10 WARNING neutron.scheduler.dhcp_agent_scheduler [None req-0bcc6987-509f-4758-9af6-aba828ab9365 a26e48de12104deb9ed661254c2f4b2d 3494f1e7f5404417b79905b6bd029c9a - - default default] No more DHCP agents
2026-04-21 18:56:57.245 10 WARNING neutron.api.rpc.agentnotifiers.dhcp_rpc_agent_api [None req-0bcc6987-509f-4758-9af6-aba828ab9365 a26e48de12104deb9ed661254c2f4b2d 3494f1e7f5404417b79905b6bd029c9a - - default default] Unable to schedule network ce612b5b-4fdb-41d7-8caf-d89ef141cefe: no agents available; will retry on subsequent port and subnet creation events.
2026-04-21 18:56:57.251 10 INFO neutron.wsgi [req-606c0dc3-52fd-4dcf-ae57-6adcfb2dd6f5 req-9feff51c-0c29-4bd6-ac11-642946202133 220376d2830641d0a34a924704bdbdc9 594f5a9f377841b2be0ec10225c3811d - - default default] 10.0.0.199 "GET /v2.0/security-groups?id=4b964011-82df-447a-82a4-1e1ae654087f&fields=id&fields=name HTTP/1.1" status: 200 len: 313 time: 0.0929532
2026-04-21 18:56:57.438 10 INFO neutron.wsgi [None req-99b1c010-31e9-447b-a882-b14085876a2d 8724c2e368df4b1181aa0433434fd05f 6dedc123880145d4b9458a9746d194f1 - - default default] 10.0.0.30 "GET /v2.0/ports?device_id=37e9fbe3-9737-4dfc-83c0-d68cd99961de HTTP/1.1" status: 200 len: 1443 time: 0.2425249
2026-04-21 18:56:57.532 9 INFO neutron.wsgi [None req-f4d1e58a-734a-4fb1-9104-c130f719e848 a7280e6e22074ff5854129d72d343d41 0ef3c2296f7f4633911292cdad25edc7 - - default default] 10.0.0.30 "GET /v2.0/floatingips?floating_network_id=e417b651-0188-41d9-b617-5b39c0cfe9cd&port_id=e928e8b8-2fa7-43a9-a56b-250559bfe6f8 HTTP/1.1" status: 200 len: 1054 time: 0.0823474
2026-04-21 18:56:57.536 9 INFO neutron.wsgi [req-f917dde6-bd02-4e57-9ef9-4f726e8f49ca req-ab5b74f3-27a5-4b94-afea-6cfa4cc9731a 220376d2830641d0a34a924704bdbdc9 594f5a9f377841b2be0ec10225c3811d - - default default] 199.204.45.223 "GET /v2.0/ports?device_id=2f4ff533-b959-4b95-9527-9b2dd159bd67 HTTP/1.1" status: 200 len: 1172 time: 0.0482104
2026-04-21 18:56:57.721 10 INFO neutron.db.ovn_revision_numbers_db [None req-dceb0b9a-9d10-4954-b485-41370f18b3a0 - - - - - -] Successfully bumped revision number for resource 0dfc09cb-f4ea-49b7-b9e5-61c0aea86569 (type: ports) to 5
2026-04-21 18:56:57.800 9 INFO neutron.wsgi [req-c55629a1-7f1f-4a5e-996b-dda11f9a95b7 req-d10620d7-51db-43d8-b0f0-e213faf7fade 19b1c5d616224567a5f8865c16c248fd 890b6f60173f4f5e8db97dd9f780ce83 - - 31cd863d39cd4bd491f608bd169b5836 31cd863d39cd4bd491f608bd169b5836] 10.0.0.208 "GET /v2.0/ports?device_id=37e9fbe3-9737-4dfc-83c0-d68cd99961de HTTP/1.1" status: 200 len: 1448 time: 0.0389609
2026-04-21 18:56:57.857 9 INFO neutron.wsgi [req-f917dde6-bd02-4e57-9ef9-4f726e8f49ca req-3a1149d6-1e6e-42d2-a884-cf1d1c1f97e2 220376d2830641d0a34a924704bdbdc9 594f5a9f377841b2be0ec10225c3811d - - default default] 199.204.45.223 "DELETE /v2.0/ports/0dfc09cb-f4ea-49b7-b9e5-61c0aea86569 HTTP/1.1" status: 204 len: 173 time: 0.3140354
2026-04-21 18:56:57.871 9 INFO neutron.wsgi [req-c55629a1-7f1f-4a5e-996b-dda11f9a95b7 req-2b3c9f67-f0c9-495c-9d9c-e402b3a466cc 19b1c5d616224567a5f8865c16c248fd 890b6f60173f4f5e8db97dd9f780ce83 - - 31cd863d39cd4bd491f608bd169b5836 31cd863d39cd4bd491f608bd169b5836] 10.0.0.208 "GET /v2.0/security-groups?id=987d24d3-665a-4dd1-b192-f026ef16569f&id=616ba8da-7a85-4cbe-aec8-9edef441cfac&fields=id&fields=name HTTP/1.1" status: 200 len: 406 time: 0.0632658
2026-04-21 18:56:57.892 9 INFO neutron.notifiers.nova [-] Nova event matching ['req-0787b4ba-b565-4170-b617-19b1f5e2d8c2'] response: {'server_uuid': '2f4ff533-b959-4b95-9527-9b2dd159bd67', 'name': 'network-vif-deleted', 'tag': '0dfc09cb-f4ea-49b7-b9e5-61c0aea86569', 'status': 'completed', 'code': 200}
2026-04-21 18:56:58.024 10 INFO neutron.db.ovn_revision_numbers_db [None req-0bcc6987-509f-4758-9af6-aba828ab9365 a26e48de12104deb9ed661254c2f4b2d 3494f1e7f5404417b79905b6bd029c9a - - default default] Successfully bumped revision number for resource b0186200-51d6-4c3b-949f-e3a37ca0517f (type: ports) to 2
2026-04-21 18:56:58.357 10 INFO neutron.db.ovn_revision_numbers_db [None req-0bcc6987-509f-4758-9af6-aba828ab9365 a26e48de12104deb9ed661254c2f4b2d 3494f1e7f5404417b79905b6bd029c9a - - default default] Successfully bumped revision number for resource 5b11eac5-b9f6-4978-9f1e-f06e0ba21861 (type: subnets) to 0
2026-04-21 18:56:58.368 10 INFO neutron.notifiers.nova [-] Nova event matching ['req-6a403a51-7796-4154-8bba-b06de1bb8605'] response: {'server_uuid': '2f4ff533-b959-4b95-9527-9b2dd159bd67', 'name': 'network-vif-unplugged', 'status': 'completed', 'tag': '0dfc09cb-f4ea-49b7-b9e5-61c0aea86569', 'code': 200}
2026-04-21 18:56:58.368 10 INFO neutron.notifiers.nova [-] Nova event matching ['req-6a403a51-7796-4154-8bba-b06de1bb8605'] response: {'server_uuid': '2f4ff533-b959-4b95-9527-9b2dd159bd67', 'name': 'network-vif-plugged', 'status': 'completed', 'tag': '0dfc09cb-f4ea-49b7-b9e5-61c0aea86569', 'code': 200}
2026-04-21 18:56:58.372 10 INFO neutron.wsgi [None req-0bcc6987-509f-4758-9af6-aba828ab9365 a26e48de12104deb9ed661254c2f4b2d 3494f1e7f5404417b79905b6bd029c9a - - default default] 10.0.0.30 "POST /v2.0/subnets HTTP/1.1" status: 201 len: 804 time: 1.4456203
2026-04-21 18:56:58.437 9 INFO neutron.wsgi [None req-b9594c85-726d-467f-aeff-26f3d0244266 a26e48de12104deb9ed661254c2f4b2d 3494f1e7f5404417b79905b6bd029c9a - - default default] 10.0.0.30 "PUT /v2.0/subnets/8914b034-429b-42a5-9d52-ad7b176fd16b/tags HTTP/1.1" status: 200 len: 210 time: 0.0611720 /var/lib/openstack/lib/python3.10/site-packages/pycadf/identifier.py:71: UserWarning: Invalid uuid: neutron. To ensure interoperability, identifiers should be a valid uuid. warnings.warn(('Invalid uuid: %s. To ensure interoperability, '
2026-04-21 18:56:58.511 10 INFO neutron.wsgi [None req-39bec2f9-7fc3-4836-aad9-b3446b5a840b a26e48de12104deb9ed661254c2f4b2d 3494f1e7f5404417b79905b6bd029c9a - - default default] 10.0.0.30 "PUT /v2.0/subnets/e90e7ffd-1e43-4b7a-a077-5d8c9693511a/tags HTTP/1.1" status: 200 len: 218 time: 0.0671494
2026-04-21 18:56:58.512 9 INFO neutron.wsgi [None req-0287e518-ccc4-413c-a108-4b74a597adb0 220376d2830641d0a34a924704bdbdc9 594f5a9f377841b2be0ec10225c3811d - - default default] 10.0.0.30 "DELETE /v2.0/security-groups/4b964011-82df-447a-82a4-1e1ae654087f HTTP/1.1" status: 204 len: 168 time: 0.1981895
2026-04-21 18:56:58.565 9 INFO neutron.wsgi [None req-d5d20470-fb22-4051-9cea-fb5b392bfb32 a26e48de12104deb9ed661254c2f4b2d 3494f1e7f5404417b79905b6bd029c9a - - default default] 10.0.0.30 "PUT /v2.0/subnets/5630a6aa-eadf-4f6e-9642-5e6927c8e5e7/tags HTTP/1.1" status: 200 len: 227 time: 0.0475011
2026-04-21 18:56:58.651 9 INFO neutron.wsgi [None req-ba4f0693-10d5-47c2-8cff-a0030dc129de a26e48de12104deb9ed661254c2f4b2d 3494f1e7f5404417b79905b6bd029c9a - - default default] 10.0.0.30 "PUT /v2.0/subnets/3c0d30ff-6063-44e3-8c32-d4bd07a78d85/tags HTTP/1.1" status: 200 len: 212 time: 0.0664601
2026-04-21 18:56:58.740 9 INFO neutron.wsgi [None req-4893b4e2-04e8-4ea5-8dc7-0e132ec558b0 a26e48de12104deb9ed661254c2f4b2d 3494f1e7f5404417b79905b6bd029c9a - - default default] 10.0.0.30 "GET /v2.0/subnets?tags=red HTTP/1.1" status: 200 len: 2027 time: 0.0800083
2026-04-21 18:56:58.813 9 INFO neutron.wsgi [None req-33910544-4d4f-4463-9602-46b3f0196ff3 a26e48de12104deb9ed661254c2f4b2d 3494f1e7f5404417b79905b6bd029c9a - - default default] 10.0.0.30 "GET /v2.0/subnets?tags=red%2Cblue HTTP/1.1" status: 200 len: 1430 time: 0.0687070
2026-04-21 18:56:58.868 9 INFO neutron.wsgi [None req-cbc979b3-5506-4999-858d-23141ae0127b a26e48de12104deb9ed661254c2f4b2d 3494f1e7f5404417b79905b6bd029c9a - - default default] 10.0.0.30 "GET /v2.0/subnets?tags-any=blue HTTP/1.1" status: 200 len: 1430 time: 0.0463014
2026-04-21 18:56:58.917 9 INFO neutron.wsgi [None req-1cdfb5f1-3b35-4cfa-8e15-92efb136d937 a26e48de12104deb9ed661254c2f4b2d 3494f1e7f5404417b79905b6bd029c9a - - default default] 10.0.0.30 "GET /v2.0/subnets?tags-any=red%2Cblue HTTP/1.1" status: 200 len: 2027 time: 0.0429780
2026-04-21 18:56:58.977 9 INFO neutron.wsgi [None req-2f3c1d28-8df6-4b18-863f-e157183bfc36 a26e48de12104deb9ed661254c2f4b2d 3494f1e7f5404417b79905b6bd029c9a - - default default] 10.0.0.30 "GET /v2.0/subnets?not-tags=red HTTP/1.1" status: 200 len: 2018 time: 0.0539644
2026-04-21 18:56:59.040 9 INFO neutron.wsgi [None req-dbb5cca6-0f32-45f1-b7dd-a2fe32525187 a26e48de12104deb9ed661254c2f4b2d 3494f1e7f5404417b79905b6bd029c9a - - default default] 10.0.0.30 "GET /v2.0/subnets?not-tags=red%2Cblue HTTP/1.1" status: 200 len: 2615 time: 0.0573761
2026-04-21 18:56:59.093 9 INFO neutron.wsgi [None req-76715c6e-ee98-46b1-824d-4d27425005b4 a26e48de12104deb9ed661254c2f4b2d 3494f1e7f5404417b79905b6bd029c9a - - default default] 10.0.0.30 "GET /v2.0/subnets?not-tags-any=blue HTTP/1.1" status: 200 len: 2615 time: 0.0486255
2026-04-21 18:56:59.137 9 INFO neutron.wsgi [None req-78194406-f9f1-4ccd-8f85-e53d7d24dc95 a26e48de12104deb9ed661254c2f4b2d 3494f1e7f5404417b79905b6bd029c9a - - default default] 10.0.0.30 "GET /v2.0/subnets?not-tags-any=red%2Cblue HTTP/1.1" status: 200 len: 2018 time: 0.0340407
2026-04-21 18:56:59.342 9 INFO neutron.wsgi [None req-e4426b3f-dd99-4be9-af70-905a5dcdd7ed a26e48de12104deb9ed661254c2f4b2d 3494f1e7f5404417b79905b6bd029c9a - - default default] 10.0.0.30 "DELETE /v2.0/subnets/8914b034-429b-42a5-9d52-ad7b176fd16b HTTP/1.1" status: 204 len: 168 time: 0.1968188
2026-04-21 18:56:59.537 10 INFO neutron.wsgi [None req-3de1b297-90db-45ab-9f53-b1a9ef368cef 220376d2830641d0a34a924704bdbdc9 594f5a9f377841b2be0ec10225c3811d - - default default] 10.0.0.30 "PUT /v2.0/routers/a8738547-d173-41df-9a73-72974acecb98/remove_router_interface HTTP/1.1" status: 200 len: 503 time: 0.9877784
