2026-04-21 18:58:28.680 9 INFO neutron.wsgi [None req-7d42f239-ae84-4b13-9bb8-14000c966c20 4f2fb697c7134179835bda478f0b75e3 d59273a8abd34b62b56ca1ea556f0415 - - default default] 10.0.0.30 "POST /v2.0/security-group-rules HTTP/1.1" status: 201 len: 764 time: 0.1763196
2026-04-21 18:58:28.830 9 INFO neutron.db.ovn_revision_numbers_db [None req-76e6c1cc-2c5b-46a1-941d-62f6431d297d 4f2fb697c7134179835bda478f0b75e3 d59273a8abd34b62b56ca1ea556f0415 - - default default] Successfully bumped revision number for resource da5691ef-91b3-46dd-b7aa-7f58fd256ae7 (type: security_group_rules) to 0
2026-04-21 18:58:28.857 9 INFO neutron.wsgi [None req-76e6c1cc-2c5b-46a1-941d-62f6431d297d 4f2fb697c7134179835bda478f0b75e3 d59273a8abd34b62b56ca1ea556f0415 - - default default] 10.0.0.30 "POST /v2.0/security-group-rules HTTP/1.1" status: 201 len: 766 time: 0.1711121
2026-04-21 18:58:29.040 9 INFO neutron.db.ovn_revision_numbers_db [None req-031353fe-8a68-475a-81cc-e239272b439c 4f2fb697c7134179835bda478f0b75e3 d59273a8abd34b62b56ca1ea556f0415 - - default default] Successfully bumped revision number for resource e05d430b-88e9-4da2-91cf-9f4cbe2beaf7 (type: security_group_rules) to 0
2026-04-21 18:58:29.067 9 INFO neutron.wsgi [None req-031353fe-8a68-475a-81cc-e239272b439c 4f2fb697c7134179835bda478f0b75e3 d59273a8abd34b62b56ca1ea556f0415 - - default default] 10.0.0.30 "POST /v2.0/security-group-rules HTTP/1.1" status: 201 len: 768 time: 0.2036872
2026-04-21 18:58:29.117 10 WARNING neutron.plugins.ml2.drivers.ovn.mech_driver.ovsdb.ovn_client [None req-dceb0b9a-9d10-4954-b485-41370f18b3a0 - - - - - -] No hosting information found for port 93b872c3-d6d3-4c2c-becf-6e985d460b73: RuntimeError: No hosting information found for port 93b872c3-d6d3-4c2c-becf-6e985d460b73
2026-04-21 18:58:29.117 10 INFO neutron.plugins.ml2.drivers.ovn.mech_driver.mech_driver [None req-dceb0b9a-9d10-4954-b485-41370f18b3a0 - - - - - -] OVN reports status up for port: c2d12c44-ef21-430e-9008-0062f605b251
2026-04-21 18:58:29.124 10 INFO neutron.plugins.ml2.plugin [None req-dceb0b9a-9d10-4954-b485-41370f18b3a0 - - - - - -] Attempt 1 to provision port c2d12c44-ef21-430e-9008-0062f605b251
2026-04-21 18:58:29.196 9 INFO neutron.db.ovn_revision_numbers_db [None req-257d39fd-f19d-4da8-b676-4add962a4527 4f2fb697c7134179835bda478f0b75e3 d59273a8abd34b62b56ca1ea556f0415 - - default default] Successfully bumped revision number for resource 97d1e65c-221d-4fee-8e5f-d6d11d84a436 (type: security_group_rules) to 0
2026-04-21 18:58:29.225 9 INFO neutron.wsgi [None req-257d39fd-f19d-4da8-b676-4add962a4527 4f2fb697c7134179835bda478f0b75e3 d59273a8abd34b62b56ca1ea556f0415 - - default default] 10.0.0.30 "POST /v2.0/security-group-rules HTTP/1.1" status: 201 len: 764 time: 0.1525412
2026-04-21 18:58:29.399 10 INFO neutron.db.ovn_revision_numbers_db [None req-dceb0b9a-9d10-4954-b485-41370f18b3a0 - - - - - -] Successfully bumped revision number for resource c2d12c44-ef21-430e-9008-0062f605b251 (type: ports) to 2
2026-04-21 18:58:29.523 10 INFO neutron.db.ovn_revision_numbers_db [None req-dceb0b9a-9d10-4954-b485-41370f18b3a0 - - - - - -] Successfully bumped revision number for resource c2d12c44-ef21-430e-9008-0062f605b251 (type: router_ports) to 2
2026-04-21 18:58:29.743 9 INFO neutron.wsgi [req-60965945-9ee1-4c63-a971-443721b5017e req-8d6d4eb2-29f6-4533-b96a-43031960bfd9 4f2fb697c7134179835bda478f0b75e3 d59273a8abd34b62b56ca1ea556f0415 - - default default] 10.0.0.199 "GET /v2.0/security-groups?name=tempest-lb_member_SG-352337048&fields=id&tenant_id=d59273a8abd34b62b56ca1ea556f0415 HTTP/1.1" status: 200 len: 267 time: 0.0525854
2026-04-21 18:58:29.840 9 INFO neutron.wsgi [req-60965945-9ee1-4c63-a971-443721b5017e req-cd99f862-bfb0-4bb8-91d4-6994639db1a8 4f2fb697c7134179835bda478f0b75e3 d59273a8abd34b62b56ca1ea556f0415 - - default default] 10.0.0.199 "GET /v2.0/networks?id=24578f07-d956-471d-8ce9-91eb799a3f28 HTTP/1.1" status: 200 len: 904 time: 0.0881574
2026-04-21 18:58:29.869 9 INFO neutron.wsgi [req-60965945-9ee1-4c63-a971-443721b5017e req-93c0d76f-5e87-4bb7-96aa-4d2a42293dfd 4f2fb697c7134179835bda478f0b75e3 d59273a8abd34b62b56ca1ea556f0415 - - default default] 10.0.0.199 "GET /v2.0/quotas/d59273a8abd34b62b56ca1ea556f0415 HTTP/1.1" status: 200 len: 386 time: 0.0182610
2026-04-21 18:58:30.021 9 WARNING neutron.plugins.ml2.drivers.ovn.mech_driver.ovsdb.ovn_client [None req-34452092-acb4-4111-9eef-15ca9638616d - - - - - -] No hosting information found for port 220d6acd-a45e-4d5f-a34d-ca3d24267143: RuntimeError: No hosting information found for port 220d6acd-a45e-4d5f-a34d-ca3d24267143
2026-04-21 18:58:30.144 9 INFO neutron.wsgi [req-60965945-9ee1-4c63-a971-443721b5017e req-b8fdbffe-1263-42e5-87da-9159a0068ecc 4f2fb697c7134179835bda478f0b75e3 d59273a8abd34b62b56ca1ea556f0415 - - default default] 10.0.0.199 "GET /v2.0/ports?tenant_id=d59273a8abd34b62b56ca1ea556f0415&fields=id HTTP/1.1" status: 200 len: 486 time: 0.2674620
2026-04-21 18:58:30.225 9 INFO neutron.wsgi [req-60965945-9ee1-4c63-a971-443721b5017e req-30d8a210-5b40-4b26-a97d-d6e1ed99bf63 19b1c5d616224567a5f8865c16c248fd 890b6f60173f4f5e8db97dd9f780ce83 - - 31cd863d39cd4bd491f608bd169b5836 31cd863d39cd4bd491f608bd169b5836] 10.0.0.199 "GET /v2.0/networks/24578f07-d956-471d-8ce9-91eb799a3f28?fields=segments HTTP/1.1" status: 200 len: 212 time: 0.0628302
2026-04-21 18:58:30.303 9 INFO neutron.wsgi [req-60965945-9ee1-4c63-a971-443721b5017e req-8af79040-5f37-4b44-aa17-74f8454b431a 19b1c5d616224567a5f8865c16c248fd 890b6f60173f4f5e8db97dd9f780ce83 - - 31cd863d39cd4bd491f608bd169b5836 31cd863d39cd4bd491f608bd169b5836] 10.0.0.199 "GET /v2.0/networks/24578f07-d956-471d-8ce9-91eb799a3f28?fields=provider%3Aphysical_network&fields=provider%3Anetwork_type HTTP/1.1" status: 200 len: 277 time: 0.0702462
2026-04-21 18:58:30.505 10 INFO neutron.wsgi [req-c8bc21bd-9c56-4aee-a06a-36c5f943cfbe req-4807f46d-08af-4e44-859e-ad5e2c74421e 4f2fb697c7134179835bda478f0b75e3 d59273a8abd34b62b56ca1ea556f0415 - - default default] 10.0.0.199 "GET /v2.0/ports?device_id=a7f2c4b0-2c8c-4e7d-9359-72a68ef765f5 HTTP/1.1" status: 200 len: 210 time: 0.0935810
2026-04-21 18:58:31.135 9 INFO neutron.wsgi [req-60965945-9ee1-4c63-a971-443721b5017e req-fb47fda0-3152-4ea3-bb4a-cafe3a57fc54 4f2fb697c7134179835bda478f0b75e3 d59273a8abd34b62b56ca1ea556f0415 - - default default] 199.204.45.223 "GET /v2.0/networks?id=24578f07-d956-471d-8ce9-91eb799a3f28 HTTP/1.1" status: 200 len: 904 time: 0.0706499
2026-04-21 18:58:31.211 9 INFO neutron.wsgi [req-60965945-9ee1-4c63-a971-443721b5017e req-64586231-31ba-4fc3-ad66-827221702bbe 4f2fb697c7134179835bda478f0b75e3 d59273a8abd34b62b56ca1ea556f0415 - - default default] 199.204.45.223 "GET /v2.0/security-groups?fields=id&fields=name&tenant_id=d59273a8abd34b62b56ca1ea556f0415 HTTP/1.1" status: 200 len: 377 time: 0.0701621
2026-04-21 18:58:31.640 9 WARNING neutron.scheduler.dhcp_agent_scheduler [req-60965945-9ee1-4c63-a971-443721b5017e req-e417ec89-b3b6-4608-a1d3-078746c9d9e8 4f2fb697c7134179835bda478f0b75e3 d59273a8abd34b62b56ca1ea556f0415 - - default default] No more DHCP agents
2026-04-21 18:58:31.642 9 WARNING neutron.api.rpc.agentnotifiers.dhcp_rpc_agent_api [req-60965945-9ee1-4c63-a971-443721b5017e req-e417ec89-b3b6-4608-a1d3-078746c9d9e8 4f2fb697c7134179835bda478f0b75e3 d59273a8abd34b62b56ca1ea556f0415 - - default default] Unable to schedule network 24578f07-d956-471d-8ce9-91eb799a3f28: no agents available; will retry on subsequent port and subnet creation events.
2026-04-21 18:58:31.807 9 INFO neutron.db.ovn_revision_numbers_db [req-60965945-9ee1-4c63-a971-443721b5017e req-e417ec89-b3b6-4608-a1d3-078746c9d9e8 4f2fb697c7134179835bda478f0b75e3 d59273a8abd34b62b56ca1ea556f0415 - - default default] Successfully bumped revision number for resource 883d8cf9-542b-4902-9e35-f17ed4c86aff (type: ports) to 1
2026-04-21 18:58:31.834 9 INFO neutron.wsgi [req-60965945-9ee1-4c63-a971-443721b5017e req-e417ec89-b3b6-4608-a1d3-078746c9d9e8 4f2fb697c7134179835bda478f0b75e3 d59273a8abd34b62b56ca1ea556f0415 - - default default] 199.204.45.223 "POST /v2.0/ports HTTP/1.1" status: 201 len: 1384 time: 0.6177797 /var/lib/openstack/lib/python3.10/site-packages/pycadf/identifier.py:71: UserWarning: Invalid uuid: neutron. To ensure interoperability, identifiers should be a valid uuid. warnings.warn(('Invalid uuid: %s. To ensure interoperability, '
2026-04-21 18:58:32.231 9 INFO neutron.db.ovn_revision_numbers_db [req-60965945-9ee1-4c63-a971-443721b5017e req-bd801404-beff-4801-8712-38df5ebf0b60 19b1c5d616224567a5f8865c16c248fd 890b6f60173f4f5e8db97dd9f780ce83 - - 31cd863d39cd4bd491f608bd169b5836 31cd863d39cd4bd491f608bd169b5836] Successfully bumped revision number for resource 883d8cf9-542b-4902-9e35-f17ed4c86aff (type: ports) to 2
2026-04-21 18:58:32.423 9 INFO neutron.wsgi [-] 10.0.0.27 "GET / HTTP/1.1" status: 200 len: 246 time: 0.0012965
2026-04-21 18:58:32.425 9 INFO neutron.wsgi [-] 10.0.0.27 "GET / HTTP/1.1" status: 200 len: 246 time: 0.0008590
2026-04-21 18:58:32.436 9 INFO neutron.db.ovn_revision_numbers_db [req-60965945-9ee1-4c63-a971-443721b5017e req-bd801404-beff-4801-8712-38df5ebf0b60 19b1c5d616224567a5f8865c16c248fd 890b6f60173f4f5e8db97dd9f780ce83 - - 31cd863d39cd4bd491f608bd169b5836 31cd863d39cd4bd491f608bd169b5836] Successfully bumped revision number for resource 883d8cf9-542b-4902-9e35-f17ed4c86aff (type: ports) to 2
2026-04-21 18:58:32.450 9 INFO neutron.wsgi [req-60965945-9ee1-4c63-a971-443721b5017e req-bd801404-beff-4801-8712-38df5ebf0b60 19b1c5d616224567a5f8865c16c248fd 890b6f60173f4f5e8db97dd9f780ce83 - - 31cd863d39cd4bd491f608bd169b5836 31cd863d39cd4bd491f608bd169b5836] 199.204.45.223 "PUT /v2.0/ports/883d8cf9-542b-4902-9e35-f17ed4c86aff HTTP/1.1" status: 200 len: 1601 time: 0.6053579
2026-04-21 18:58:32.490 9 INFO neutron.notifiers.nova [-] Nova event matching ['req-ad9a257d-7fd5-4093-bbd0-40f1ff22fffd'] response: {'name': 'network-changed', 'server_uuid': 'a7f2c4b0-2c8c-4e7d-9359-72a68ef765f5', 'tag': '883d8cf9-542b-4902-9e35-f17ed4c86aff', 'status': 'completed', 'code': 200} /var/lib/openstack/lib/python3.10/site-packages/pycadf/identifier.py:71: UserWarning: Invalid uuid: neutron. To ensure interoperability, identifiers should be a valid uuid. warnings.warn(('Invalid uuid: %s. To ensure interoperability, '
2026-04-21 18:58:32.520 9 INFO neutron.wsgi [req-60965945-9ee1-4c63-a971-443721b5017e req-31b6d6a3-fefd-4e68-9afa-f45be39377ba 19b1c5d616224567a5f8865c16c248fd 890b6f60173f4f5e8db97dd9f780ce83 - - 31cd863d39cd4bd491f608bd169b5836 31cd863d39cd4bd491f608bd169b5836] 199.204.45.223 "GET /v2.0/ports?tenant_id=d59273a8abd34b62b56ca1ea556f0415&device_id=a7f2c4b0-2c8c-4e7d-9359-72a68ef765f5 HTTP/1.1" status: 200 len: 1632 time: 0.0343099
2026-04-21 18:58:32.821 9 INFO neutron.wsgi [req-60965945-9ee1-4c63-a971-443721b5017e req-57fa10d1-37a9-41d2-be07-410fa3394ed1 19b1c5d616224567a5f8865c16c248fd 890b6f60173f4f5e8db97dd9f780ce83 - - 31cd863d39cd4bd491f608bd169b5836 31cd863d39cd4bd491f608bd169b5836] 199.204.45.223 "GET /v2.0/floatingips?fixed_ip_address=10.2.1.105&port_id=883d8cf9-542b-4902-9e35-f17ed4c86aff HTTP/1.1" status: 200 len: 217 time: 0.2930670
2026-04-21 18:58:32.848 9 INFO neutron.wsgi [req-60965945-9ee1-4c63-a971-443721b5017e req-9fb20b53-35ef-4502-9d00-d625a6967018 19b1c5d616224567a5f8865c16c248fd 890b6f60173f4f5e8db97dd9f780ce83 - - 31cd863d39cd4bd491f608bd169b5836 31cd863d39cd4bd491f608bd169b5836] 199.204.45.223 "GET /v2.0/floatingips?fixed_ip_address=fd7b%3Af9f7%3Afff%3A4eca%3A%3A56&port_id=883d8cf9-542b-4902-9e35-f17ed4c86aff HTTP/1.1" status: 200 len: 217 time: 0.0195763
2026-04-21 18:58:32.900 9 INFO neutron.wsgi [req-60965945-9ee1-4c63-a971-443721b5017e req-33ed4866-23e5-4682-94b2-2659fc033772 19b1c5d616224567a5f8865c16c248fd 890b6f60173f4f5e8db97dd9f780ce83 - - 31cd863d39cd4bd491f608bd169b5836 31cd863d39cd4bd491f608bd169b5836] 199.204.45.223 "GET /v2.0/subnets?id=5f971655-476f-4afa-8f5b-ce5d6b6ff6ab&id=b520ea75-7904-4b66-8c4d-eaf673118cab HTTP/1.1" status: 200 len: 1562 time: 0.0449276
2026-04-21 18:58:32.928 9 INFO neutron.wsgi [req-60965945-9ee1-4c63-a971-443721b5017e req-2ddf4732-eb44-4bba-887c-6e1222f2c067 19b1c5d616224567a5f8865c16c248fd 890b6f60173f4f5e8db97dd9f780ce83 - - 31cd863d39cd4bd491f608bd169b5836 31cd863d39cd4bd491f608bd169b5836] 199.204.45.223 "GET /v2.0/ports?network_id=24578f07-d956-471d-8ce9-91eb799a3f28&device_owner=network%3Adhcp HTTP/1.1" status: 200 len: 210 time: 0.0206268
2026-04-21 18:58:32.956 9 INFO neutron.wsgi [req-60965945-9ee1-4c63-a971-443721b5017e req-37d5c236-134b-4096-b3ec-234decfc0dac 19b1c5d616224567a5f8865c16c248fd 890b6f60173f4f5e8db97dd9f780ce83 - - 31cd863d39cd4bd491f608bd169b5836 31cd863d39cd4bd491f608bd169b5836] 199.204.45.223 "GET /v2.0/ports?network_id=24578f07-d956-471d-8ce9-91eb799a3f28&device_owner=network%3Adhcp HTTP/1.1" status: 200 len: 210 time: 0.0196030
2026-04-21 18:58:33.022 9 INFO neutron.wsgi [req-60965945-9ee1-4c63-a971-443721b5017e req-2652cc34-8710-432d-ad5c-60d989cc05af 19b1c5d616224567a5f8865c16c248fd 890b6f60173f4f5e8db97dd9f780ce83 - - 31cd863d39cd4bd491f608bd169b5836 31cd863d39cd4bd491f608bd169b5836] 199.204.45.223 "GET /v2.0/networks/24578f07-d956-471d-8ce9-91eb799a3f28?fields=segments HTTP/1.1" status: 200 len: 212 time: 0.0597908
2026-04-21 18:58:33.088 9 INFO neutron.wsgi [req-60965945-9ee1-4c63-a971-443721b5017e req-6f3d6db8-fac2-479d-aa61-03fb494999ed 19b1c5d616224567a5f8865c16c248fd 890b6f60173f4f5e8db97dd9f780ce83 - - 31cd863d39cd4bd491f608bd169b5836 31cd863d39cd4bd491f608bd169b5836] 199.204.45.223 "GET /v2.0/networks/24578f07-d956-471d-8ce9-91eb799a3f28?fields=provider%3Aphysical_network&fields=provider%3Anetwork_type HTTP/1.1" status: 200 len: 277 time: 0.0573802
2026-04-21 18:58:33.195 9 INFO neutron.wsgi [req-49f2f4a3-79ed-4c38-9efc-c0f48d9a60f6 req-3c2ce81f-7852-4498-b424-a2779bed591c 19b1c5d616224567a5f8865c16c248fd 890b6f60173f4f5e8db97dd9f780ce83 - - 31cd863d39cd4bd491f608bd169b5836 31cd863d39cd4bd491f608bd169b5836] 199.204.45.223 "GET /v2.0/ports?tenant_id=d59273a8abd34b62b56ca1ea556f0415&device_id=a7f2c4b0-2c8c-4e7d-9359-72a68ef765f5 HTTP/1.1" status: 200 len: 1632 time: 0.0400276
2026-04-21 18:58:33.249 9 INFO neutron.wsgi [req-49f2f4a3-79ed-4c38-9efc-c0f48d9a60f6 req-46331e26-3598-4cd0-af73-7f873090bda7 19b1c5d616224567a5f8865c16c248fd 890b6f60173f4f5e8db97dd9f780ce83 - - 31cd863d39cd4bd491f608bd169b5836 31cd863d39cd4bd491f608bd169b5836] 199.204.45.223 "GET /v2.0/networks?id=24578f07-d956-471d-8ce9-91eb799a3f28 HTTP/1.1" status: 200 len: 1003 time: 0.0491331
2026-04-21 18:58:33.286 9 INFO neutron.wsgi [req-49f2f4a3-79ed-4c38-9efc-c0f48d9a60f6 req-1ac47c8d-b482-43f2-a5f0-5199948708ea 19b1c5d616224567a5f8865c16c248fd 890b6f60173f4f5e8db97dd9f780ce83 - - 31cd863d39cd4bd491f608bd169b5836 31cd863d39cd4bd491f608bd169b5836] 199.204.45.223 "GET /v2.0/floatingips?fixed_ip_address=10.2.1.105&port_id=883d8cf9-542b-4902-9e35-f17ed4c86aff HTTP/1.1" status: 200 len: 217 time: 0.0312552
2026-04-21 18:58:33.321 9 INFO neutron.plugins.ml2.drivers.ovn.mech_driver.mech_driver [None req-34452092-acb4-4111-9eef-15ca9638616d - - - - - -] OVN reports status up for port: 883d8cf9-542b-4902-9e35-f17ed4c86aff
2026-04-21 18:58:33.324 9 INFO neutron.wsgi [req-49f2f4a3-79ed-4c38-9efc-c0f48d9a60f6 req-8a7f6c1a-bdf1-4054-9937-141b4c081fd0 19b1c5d616224567a5f8865c16c248fd 890b6f60173f4f5e8db97dd9f780ce83 - - 31cd863d39cd4bd491f608bd169b5836 31cd863d39cd4bd491f608bd169b5836] 199.204.45.223 "GET /v2.0/floatingips?fixed_ip_address=fd7b%3Af9f7%3Afff%3A4eca%3A%3A56&port_id=883d8cf9-542b-4902-9e35-f17ed4c86aff HTTP/1.1" status: 200 len: 217 time: 0.0307202
2026-04-21 18:58:33.331 9 INFO neutron.plugins.ml2.plugin [None req-34452092-acb4-4111-9eef-15ca9638616d - - - - - -] Attempt 1 to provision port 883d8cf9-542b-4902-9e35-f17ed4c86aff
2026-04-21 18:58:33.370 9 INFO neutron.wsgi [req-49f2f4a3-79ed-4c38-9efc-c0f48d9a60f6 req-7d1300f5-5717-4cb4-9ee3-b9fe9944255a 19b1c5d616224567a5f8865c16c248fd 890b6f60173f4f5e8db97dd9f780ce83 - - 31cd863d39cd4bd491f608bd169b5836 31cd863d39cd4bd491f608bd169b5836] 199.204.45.223 "GET /v2.0/subnets?id=5f971655-476f-4afa-8f5b-ce5d6b6ff6ab&id=b520ea75-7904-4b66-8c4d-eaf673118cab HTTP/1.1" status: 200 len: 1562 time: 0.0384934
2026-04-21 18:58:33.411 9 INFO neutron.wsgi [req-49f2f4a3-79ed-4c38-9efc-c0f48d9a60f6 req-5342d8d7-7c64-4565-bfda-419cf09bf65f 19b1c5d616224567a5f8865c16c248fd 890b6f60173f4f5e8db97dd9f780ce83 - - 31cd863d39cd4bd491f608bd169b5836 31cd863d39cd4bd491f608bd169b5836] 199.204.45.223 "GET /v2.0/ports?network_id=24578f07-d956-471d-8ce9-91eb799a3f28&device_owner=network%3Adhcp HTTP/1.1" status: 200 len: 210 time: 0.0324595
2026-04-21 18:58:33.439 9 INFO neutron.wsgi [req-49f2f4a3-79ed-4c38-9efc-c0f48d9a60f6 req-2780829f-ab11-4290-bc26-c38e83098c30 19b1c5d616224567a5f8865c16c248fd 890b6f60173f4f5e8db97dd9f780ce83 - - 31cd863d39cd4bd491f608bd169b5836 31cd863d39cd4bd491f608bd169b5836] 199.204.45.223 "GET /v2.0/ports?network_id=24578f07-d956-471d-8ce9-91eb799a3f28&device_owner=network%3Adhcp HTTP/1.1" status: 200 len: 210 time: 0.0230725
2026-04-21 18:58:33.517 9 INFO neutron.wsgi [req-49f2f4a3-79ed-4c38-9efc-c0f48d9a60f6 req-1950094c-5045-412a-bb72-4d19d9f7f456 19b1c5d616224567a5f8865c16c248fd 890b6f60173f4f5e8db97dd9f780ce83 - - 31cd863d39cd4bd491f608bd169b5836 31cd863d39cd4bd491f608bd169b5836] 199.204.45.223 "GET /v2.0/networks/24578f07-d956-471d-8ce9-91eb799a3f28?fields=segments HTTP/1.1" status: 200 len: 212 time: 0.0724745
2026-04-21 18:58:33.597 9 INFO neutron.wsgi [req-49f2f4a3-79ed-4c38-9efc-c0f48d9a60f6 req-e843454e-a498-441e-ac22-71dcc0f5a4c9 19b1c5d616224567a5f8865c16c248fd 890b6f60173f4f5e8db97dd9f780ce83 - - 31cd863d39cd4bd491f608bd169b5836 31cd863d39cd4bd491f608bd169b5836] 199.204.45.223 "GET /v2.0/networks/24578f07-d956-471d-8ce9-91eb799a3f28?fields=provider%3Aphysical_network&fields=provider%3Anetwork_type HTTP/1.1" status: 200 len: 277 time: 0.0719943
2026-04-21 18:58:33.697 9 INFO neutron.db.ovn_revision_numbers_db [None req-34452092-acb4-4111-9eef-15ca9638616d - - - - - -] Successfully bumped revision number for resource 883d8cf9-542b-4902-9e35-f17ed4c86aff (type: ports) to 4
2026-04-21 18:58:34.537 9 INFO neutron.notifiers.nova [-] Nova event matching ['req-0eaa4ff9-0d07-41c4-802a-cf4fd8b73c73'] response: {'server_uuid': 'a7f2c4b0-2c8c-4e7d-9359-72a68ef765f5', 'name': 'network-vif-plugged', 'status': 'completed', 'tag': '883d8cf9-542b-4902-9e35-f17ed4c86aff', 'code': 200}
2026-04-21 18:58:34.537 9 INFO neutron.notifiers.nova [-] Nova event matching ['req-0eaa4ff9-0d07-41c4-802a-cf4fd8b73c73'] response: {'server_uuid': 'a7f2c4b0-2c8c-4e7d-9359-72a68ef765f5', 'name': 'network-vif-plugged', 'status': 'completed', 'tag': '883d8cf9-542b-4902-9e35-f17ed4c86aff', 'code': 200}
2026-04-21 18:58:35.030 10 WARNING neutron.plugins.ml2.drivers.ovn.mech_driver.ovsdb.ovn_client [None req-dceb0b9a-9d10-4954-b485-41370f18b3a0 - - - - - -] No hosting information found for port c2d12c44-ef21-430e-9008-0062f605b251: RuntimeError: No hosting information found for port c2d12c44-ef21-430e-9008-0062f605b251 /var/lib/openstack/lib/python3.10/site-packages/pycadf/identifier.py:71: UserWarning: Invalid uuid: neutron. To ensure interoperability, identifiers should be a valid uuid. warnings.warn(('Invalid uuid: %s. To ensure interoperability, '
2026-04-21 18:58:35.685 9 INFO neutron.wsgi [req-dc792a47-2fe2-4227-b9b5-9452b4c667aa req-ed697a4f-9a20-465a-b6c7-1d6b3f1f06c3 4f2fb697c7134179835bda478f0b75e3 d59273a8abd34b62b56ca1ea556f0415 - - default default] 10.0.0.199 "GET /v2.0/ports?device_id=a7f2c4b0-2c8c-4e7d-9359-72a68ef765f5 HTTP/1.1" status: 200 len: 1396 time: 0.1086257
2026-04-21 18:58:35.742 9 INFO neutron.wsgi [req-dc792a47-2fe2-4227-b9b5-9452b4c667aa req-61f67a4a-0890-4ba5-b1a2-b751ff7a21ad 4f2fb697c7134179835bda478f0b75e3 d59273a8abd34b62b56ca1ea556f0415 - - default default] 10.0.0.199 "GET /v2.0/security-groups?id=63314c2c-6fcf-4f34-8046-698bfd4e7054&fields=id&fields=name HTTP/1.1" status: 200 len: 310 time: 0.0496058
2026-04-21 18:58:35.831 9 INFO neutron.wsgi [None req-5491efd2-89a7-41f8-94c0-455534b478f7 4f2fb697c7134179835bda478f0b75e3 d59273a8abd34b62b56ca1ea556f0415 - - default default] 10.0.0.30 "GET /v2.0/ports?network_id=24578f07-d956-471d-8ce9-91eb799a3f28&mac_address=fa%3A16%3A3e%3A8e%3Adf%3Aeb HTTP/1.1" status: 200 len: 1391 time: 0.0608177
2026-04-21 18:58:36.112 9 WARNING neutron.scheduler.dhcp_agent_scheduler [None req-0931d080-891a-413b-807f-42047d678151 4f2fb697c7134179835bda478f0b75e3 d59273a8abd34b62b56ca1ea556f0415 - - default default] No more DHCP agents
2026-04-21 18:58:36.115 9 WARNING neutron.api.rpc.agentnotifiers.dhcp_rpc_agent_api [None req-0931d080-891a-413b-807f-42047d678151 4f2fb697c7134179835bda478f0b75e3 d59273a8abd34b62b56ca1ea556f0415 - - default default] Unable to schedule network e417b651-0188-41d9-b617-5b39c0cfe9cd: no agents available; will retry on subsequent port and subnet creation events.
2026-04-21 18:58:36.489 9 INFO neutron.db.l3_db [None req-0931d080-891a-413b-807f-42047d678151 4f2fb697c7134179835bda478f0b75e3 d59273a8abd34b62b56ca1ea556f0415 - - default default] Floating IP 5821c938-9c28-470e-8b81-5c17547fe387 associated. External IP: 10.96.250.206, port: 883d8cf9-542b-4902-9e35-f17ed4c86aff.
2026-04-21 18:58:36.705 9 INFO neutron.db.ovn_revision_numbers_db [None req-0931d080-891a-413b-807f-42047d678151 4f2fb697c7134179835bda478f0b75e3 d59273a8abd34b62b56ca1ea556f0415 - - default default] Successfully bumped revision number for resource 5821c938-9c28-470e-8b81-5c17547fe387 (type: floatingips) to 0
2026-04-21 18:58:36.830 9 INFO neutron.db.ovn_revision_numbers_db [None req-0931d080-891a-413b-807f-42047d678151 4f2fb697c7134179835bda478f0b75e3 d59273a8abd34b62b56ca1ea556f0415 - - default default] Successfully bumped revision number for resource 5821c938-9c28-470e-8b81-5c17547fe387 (type: floatingips) to 1
2026-04-21 18:58:36.871 9 INFO neutron.wsgi [None req-0931d080-891a-413b-807f-42047d678151 4f2fb697c7134179835bda478f0b75e3 d59273a8abd34b62b56ca1ea556f0415 - - default default] 10.0.0.30 "POST /v2.0/floatingips HTTP/1.1" status: 201 len: 1054 time: 1.0336335
2026-04-21 18:58:36.909 9 INFO neutron.notifiers.nova [-] Nova event matching ['req-a8335ddd-6e38-468e-913d-2cb79113504b'] response: {'name': 'network-changed', 'server_uuid': 'a7f2c4b0-2c8c-4e7d-9359-72a68ef765f5', 'tag': '883d8cf9-542b-4902-9e35-f17ed4c86aff', 'status': 'completed', 'code': 200}
2026-04-21 18:58:37.008 10 INFO neutron.wsgi [req-ce7f38ed-e66c-4264-9b3d-aff1615bbdfc req-aa6d9d06-f18f-4329-8887-a4b71c4ecaa9 4f2fb697c7134179835bda478f0b75e3 d59273a8abd34b62b56ca1ea556f0415 - - default default] 10.0.0.199 "GET /v2.0/security-groups?name=tempest-lb_member_SG-352337048&fields=id&tenant_id=d59273a8abd34b62b56ca1ea556f0415 HTTP/1.1" status: 200 len: 267 time: 0.0528407 /var/lib/openstack/lib/python3.10/site-packages/pycadf/identifier.py:71: UserWarning: Invalid uuid: neutron. To ensure interoperability, identifiers should be a valid uuid. warnings.warn(('Invalid uuid: %s. To ensure interoperability, '
2026-04-21 18:58:37.085 9 INFO neutron.wsgi [req-f767c152-d678-47a0-8ebf-b6a384c17a12 req-33701c30-79d7-4e64-9636-901e320e3bea 19b1c5d616224567a5f8865c16c248fd 890b6f60173f4f5e8db97dd9f780ce83 - - 31cd863d39cd4bd491f608bd169b5836 31cd863d39cd4bd491f608bd169b5836] 199.204.45.223 "GET /v2.0/ports?tenant_id=d59273a8abd34b62b56ca1ea556f0415&device_id=a7f2c4b0-2c8c-4e7d-9359-72a68ef765f5 HTTP/1.1" status: 200 len: 1634 time: 0.1516359
2026-04-21 18:58:37.132 10 INFO neutron.wsgi [req-ce7f38ed-e66c-4264-9b3d-aff1615bbdfc req-27672df6-3b12-4da3-92e4-d1131b3f360e 4f2fb697c7134179835bda478f0b75e3 d59273a8abd34b62b56ca1ea556f0415 - - default default] 10.0.0.199 "GET /v2.0/networks?id=75435de8-1d5e-41df-952e-52692e0fdf1e HTTP/1.1" status: 200 len: 904 time: 0.1160879
2026-04-21 18:58:37.148 10 INFO neutron.wsgi [req-ce7f38ed-e66c-4264-9b3d-aff1615bbdfc req-46750255-dcf0-451d-9a25-08fc0139bad7 4f2fb697c7134179835bda478f0b75e3 d59273a8abd34b62b56ca1ea556f0415 - - default default] 10.0.0.199 "GET /v2.0/quotas/d59273a8abd34b62b56ca1ea556f0415 HTTP/1.1" status: 200 len: 386 time: 0.0122054
2026-04-21 18:58:37.166 9 INFO neutron.wsgi [req-f767c152-d678-47a0-8ebf-b6a384c17a12 req-ae2f5cad-19bd-4dbb-b7e7-b3d1dc34dcff 19b1c5d616224567a5f8865c16c248fd 890b6f60173f4f5e8db97dd9f780ce83 - - 31cd863d39cd4bd491f608bd169b5836 31cd863d39cd4bd491f608bd169b5836] 199.204.45.223 "GET /v2.0/networks?id=24578f07-d956-471d-8ce9-91eb799a3f28 HTTP/1.1" status: 200 len: 1003 time: 0.0719242
2026-04-21 18:58:37.219 9 INFO neutron.wsgi [req-f767c152-d678-47a0-8ebf-b6a384c17a12 req-e5f2ee2b-5882-4003-bb8d-1d04c3fc8d7c 19b1c5d616224567a5f8865c16c248fd 890b6f60173f4f5e8db97dd9f780ce83 - - 31cd863d39cd4bd491f608bd169b5836 31cd863d39cd4bd491f608bd169b5836] 199.204.45.223 "GET /v2.0/floatingips?fixed_ip_address=10.2.1.105&port_id=883d8cf9-542b-4902-9e35-f17ed4c86aff HTTP/1.1" status: 200 len: 1059 time: 0.0451765
2026-04-21 18:58:37.253 9 INFO neutron.wsgi [req-f767c152-d678-47a0-8ebf-b6a384c17a12 req-be344fb3-88b5-460a-a992-3371f3a60e05 19b1c5d616224567a5f8865c16c248fd 890b6f60173f4f5e8db97dd9f780ce83 - - 31cd863d39cd4bd491f608bd169b5836 31cd863d39cd4bd491f608bd169b5836] 199.204.45.223 "GET /v2.0/floatingips?fixed_ip_address=fd7b%3Af9f7%3Afff%3A4eca%3A%3A56&port_id=883d8cf9-542b-4902-9e35-f17ed4c86aff HTTP/1.1" status: 200 len: 217 time: 0.0264075
2026-04-21 18:58:37.287 9 INFO neutron.wsgi [req-f767c152-d678-47a0-8ebf-b6a384c17a12 req-6dd30515-9787-4a99-ba18-12f1f6a64524 19b1c5d616224567a5f8865c16c248fd 890b6f60173f4f5e8db97dd9f780ce83 - - 31cd863d39cd4bd491f608bd169b5836 31cd863d39cd4bd491f608bd169b5836] 199.204.45.223 "GET /v2.0/subnets?id=5f971655-476f-4afa-8f5b-ce5d6b6ff6ab&id=b520ea75-7904-4b66-8c4d-eaf673118cab HTTP/1.1" status: 200 len: 1562 time: 0.0287950
2026-04-21 18:58:37.313 9 INFO neutron.wsgi [req-f767c152-d678-47a0-8ebf-b6a384c17a12 req-6ef7ba17-2cdb-4cdf-8514-fd491d38e52c 19b1c5d616224567a5f8865c16c248fd 890b6f60173f4f5e8db97dd9f780ce83 - - 31cd863d39cd4bd491f608bd169b5836 31cd863d39cd4bd491f608bd169b5836] 199.204.45.223 "GET /v2.0/ports?network_id=24578f07-d956-471d-8ce9-91eb799a3f28&device_owner=network%3Adhcp HTTP/1.1" status: 200 len: 210 time: 0.0192556
2026-04-21 18:58:37.339 9 INFO neutron.wsgi [req-f767c152-d678-47a0-8ebf-b6a384c17a12 req-06c2314c-10ae-4129-b183-4cf1c8cd1ab1 19b1c5d616224567a5f8865c16c248fd 890b6f60173f4f5e8db97dd9f780ce83 - - 31cd863d39cd4bd491f608bd169b5836 31cd863d39cd4bd491f608bd169b5836] 199.204.45.223 "GET /v2.0/ports?network_id=24578f07-d956-471d-8ce9-91eb799a3f28&device_owner=network%3Adhcp HTTP/1.1" status: 200 len: 210 time: 0.0200496
2026-04-21 18:58:37.404 9 INFO neutron.wsgi [req-f767c152-d678-47a0-8ebf-b6a384c17a12 req-ab0057d9-f166-43ff-8f3c-4350f0a87d8e 19b1c5d616224567a5f8865c16c248fd 890b6f60173f4f5e8db97dd9f780ce83 - - 31cd863d39cd4bd491f608bd169b5836 31cd863d39cd4bd491f608bd169b5836] 199.204.45.223 "GET /v2.0/networks/24578f07-d956-471d-8ce9-91eb799a3f28?fields=segments HTTP/1.1" status: 200 len: 212 time: 0.0584910
2026-04-21 18:58:37.483 9 INFO neutron.wsgi [req-f767c152-d678-47a0-8ebf-b6a384c17a12 req-95c656c4-8721-4818-818c-8e7718706dd5 19b1c5d616224567a5f8865c16c248fd 890b6f60173f4f5e8db97dd9f780ce83 - - 31cd863d39cd4bd491f608bd169b5836 31cd863d39cd4bd491f608bd169b5836] 199.204.45.223 "GET /v2.0/networks/24578f07-d956-471d-8ce9-91eb799a3f28?fields=provider%3Aphysical_network&fields=provider%3Anetwork_type HTTP/1.1" status: 200 len: 277 time: 0.0716653
2026-04-21 18:58:37.677 10 INFO neutron.wsgi [req-ce7f38ed-e66c-4264-9b3d-aff1615bbdfc req-0972db13-5fe2-481b-bd9e-061e36827f26 4f2fb697c7134179835bda478f0b75e3 d59273a8abd34b62b56ca1ea556f0415 - - default default] 10.0.0.199 "GET /v2.0/ports?tenant_id=d59273a8abd34b62b56ca1ea556f0415&fields=id HTTP/1.1" status: 200 len: 532 time: 0.5237803
2026-04-21 18:58:37.850 10 INFO neutron.wsgi [req-ce7f38ed-e66c-4264-9b3d-aff1615bbdfc req-5becc7d1-5858-433d-9b47-4c2ee2a942ae 19b1c5d616224567a5f8865c16c248fd 890b6f60173f4f5e8db97dd9f780ce83 - - 31cd863d39cd4bd491f608bd169b5836 31cd863d39cd4bd491f608bd169b5836] 10.0.0.199 "GET /v2.0/networks/75435de8-1d5e-41df-952e-52692e0fdf1e?fields=segments HTTP/1.1" status: 200 len: 212 time: 0.1588633
2026-04-21 18:58:37.918 10 INFO neutron.wsgi [req-ce7f38ed-e66c-4264-9b3d-aff1615bbdfc req-1b299a3a-3a8e-4926-a928-c4a15c304629 19b1c5d616224567a5f8865c16c248fd 890b6f60173f4f5e8db97dd9f780ce83 - - 31cd863d39cd4bd491f608bd169b5836 31cd863d39cd4bd491f608bd169b5836] 10.0.0.199 "GET /v2.0/networks/75435de8-1d5e-41df-952e-52692e0fdf1e?fields=provider%3Aphysical_network&fields=provider%3Anetwork_type HTTP/1.1" status: 200 len: 277 time: 0.0614829
2026-04-21 18:58:38.097 9 INFO neutron.wsgi [req-eba95c50-dde7-4f84-a2e2-e4bf213b7a37 req-6d2d1b69-1a47-4c57-8fe5-a8c779d3688b 4f2fb697c7134179835bda478f0b75e3 d59273a8abd34b62b56ca1ea556f0415 - - default default] 10.0.0.199 "GET /v2.0/ports?device_id=8bd0095a-bab3-499e-99ce-ae9d24acd933 HTTP/1.1" status: 200 len: 210 time: 0.0283766
2026-04-21 18:58:39.007 9 INFO neutron.wsgi [req-ce7f38ed-e66c-4264-9b3d-aff1615bbdfc req-6ae1f139-cb0c-4e2b-a248-abaa384d8bd3 4f2fb697c7134179835bda478f0b75e3 d59273a8abd34b62b56ca1ea556f0415 - - default default] 199.204.45.223 "GET /v2.0/networks?id=75435de8-1d5e-41df-952e-52692e0fdf1e HTTP/1.1" status: 200 len: 904 time: 0.0836921
2026-04-21 18:58:39.056 9 INFO neutron.wsgi [req-ce7f38ed-e66c-4264-9b3d-aff1615bbdfc req-f3e91e3e-9199-494a-bb96-08023a8370ee 4f2fb697c7134179835bda478f0b75e3 d59273a8abd34b62b56ca1ea556f0415 - - default default] 199.204.45.223 "GET /v2.0/security-groups?fields=id&fields=name&tenant_id=d59273a8abd34b62b56ca1ea556f0415 HTTP/1.1" status: 200 len: 377 time: 0.0439408
2026-04-21 18:58:39.490 9 WARNING neutron.scheduler.dhcp_agent_scheduler [req-ce7f38ed-e66c-4264-9b3d-aff1615bbdfc req-9a761cac-5b9d-45fa-abc8-95967e3cc872 4f2fb697c7134179835bda478f0b75e3 d59273a8abd34b62b56ca1ea556f0415 - - default default] No more DHCP agents
2026-04-21 18:58:39.494 9 WARNING neutron.api.rpc.agentnotifiers.dhcp_rpc_agent_api [req-ce7f38ed-e66c-4264-9b3d-aff1615bbdfc req-9a761cac-5b9d-45fa-abc8-95967e3cc872 4f2fb697c7134179835bda478f0b75e3 d59273a8abd34b62b56ca1ea556f0415 - - default default] Unable to schedule network 75435de8-1d5e-41df-952e-52692e0fdf1e: no agents available; will retry on subsequent port and subnet creation events.
2026-04-21 18:58:39.661 9 INFO neutron.db.ovn_revision_numbers_db [req-ce7f38ed-e66c-4264-9b3d-aff1615bbdfc req-9a761cac-5b9d-45fa-abc8-95967e3cc872 4f2fb697c7134179835bda478f0b75e3 d59273a8abd34b62b56ca1ea556f0415 - - default default] Successfully bumped revision number for resource 8c52d6b3-c505-4349-aa5e-6a2ddbdbaa08 (type: ports) to 1
2026-04-21 18:58:39.688 9 INFO neutron.wsgi [req-ce7f38ed-e66c-4264-9b3d-aff1615bbdfc req-9a761cac-5b9d-45fa-abc8-95967e3cc872 4f2fb697c7134179835bda478f0b75e3 d59273a8abd34b62b56ca1ea556f0415 - - default default] 199.204.45.223 "POST /v2.0/ports HTTP/1.1" status: 201 len: 1388 time: 0.6255028 /var/lib/openstack/lib/python3.10/site-packages/pycadf/identifier.py:71: UserWarning: Invalid uuid: neutron. To ensure interoperability, identifiers should be a valid uuid. warnings.warn(('Invalid uuid: %s. To ensure interoperability, '
2026-04-21 18:58:40.107 9 INFO neutron.db.ovn_revision_numbers_db [req-ce7f38ed-e66c-4264-9b3d-aff1615bbdfc req-53c6f251-caf5-411a-b08e-d6f97d3dc4a6 19b1c5d616224567a5f8865c16c248fd 890b6f60173f4f5e8db97dd9f780ce83 - - 31cd863d39cd4bd491f608bd169b5836 31cd863d39cd4bd491f608bd169b5836] Successfully bumped revision number for resource 8c52d6b3-c505-4349-aa5e-6a2ddbdbaa08 (type: ports) to 2
2026-04-21 18:58:40.356 9 INFO neutron.db.ovn_revision_numbers_db [req-ce7f38ed-e66c-4264-9b3d-aff1615bbdfc req-53c6f251-caf5-411a-b08e-d6f97d3dc4a6 19b1c5d616224567a5f8865c16c248fd 890b6f60173f4f5e8db97dd9f780ce83 - - 31cd863d39cd4bd491f608bd169b5836 31cd863d39cd4bd491f608bd169b5836] Successfully bumped revision number for resource 8c52d6b3-c505-4349-aa5e-6a2ddbdbaa08 (type: ports) to 2
2026-04-21 18:58:40.372 9 INFO neutron.wsgi [req-ce7f38ed-e66c-4264-9b3d-aff1615bbdfc req-53c6f251-caf5-411a-b08e-d6f97d3dc4a6 19b1c5d616224567a5f8865c16c248fd 890b6f60173f4f5e8db97dd9f780ce83 - - 31cd863d39cd4bd491f608bd169b5836 31cd863d39cd4bd491f608bd169b5836] 199.204.45.223 "PUT /v2.0/ports/8c52d6b3-c505-4349-aa5e-6a2ddbdbaa08 HTTP/1.1" status: 200 len: 1605 time: 0.6745355 /var/lib/openstack/lib/python3.10/site-packages/pycadf/identifier.py:71: UserWarning: Invalid uuid: neutron. To ensure interoperability, identifiers should be a valid uuid. warnings.warn(('Invalid uuid: %s. To ensure interoperability, '
2026-04-21 18:58:40.449 9 INFO neutron.wsgi [req-ce7f38ed-e66c-4264-9b3d-aff1615bbdfc req-53b8ba54-bcc7-4fce-b321-fc3db576f752 19b1c5d616224567a5f8865c16c248fd 890b6f60173f4f5e8db97dd9f780ce83 - - 31cd863d39cd4bd491f608bd169b5836 31cd863d39cd4bd491f608bd169b5836] 199.204.45.223 "GET /v2.0/ports?tenant_id=d59273a8abd34b62b56ca1ea556f0415&device_id=8bd0095a-bab3-499e-99ce-ae9d24acd933 HTTP/1.1" status: 200 len: 1636 time: 0.0381916
2026-04-21 18:58:40.457 9 INFO neutron.notifiers.nova [-] Nova event matching ['req-f68d4302-a114-48a3-89c5-e70c06d0066c'] response: {'name': 'network-changed', 'server_uuid': '8bd0095a-bab3-499e-99ce-ae9d24acd933', 'tag': '8c52d6b3-c505-4349-aa5e-6a2ddbdbaa08', 'status': 'completed', 'code': 200}
2026-04-21 18:58:40.484 9 INFO neutron.wsgi [req-ce7f38ed-e66c-4264-9b3d-aff1615bbdfc req-5c38c9d2-6a50-4ac6-87b5-d295041b345d 19b1c5d616224567a5f8865c16c248fd 890b6f60173f4f5e8db97dd9f780ce83 - - 31cd863d39cd4bd491f608bd169b5836 31cd863d39cd4bd491f608bd169b5836] 199.204.45.223 "GET /v2.0/floatingips?fixed_ip_address=10.2.2.145&port_id=8c52d6b3-c505-4349-aa5e-6a2ddbdbaa08 HTTP/1.1" status: 200 len: 217 time: 0.0255489
2026-04-21 18:58:40.519 9 INFO neutron.wsgi [req-ce7f38ed-e66c-4264-9b3d-aff1615bbdfc req-30834198-7b0f-45f8-ac62-2268be13a948 19b1c5d616224567a5f8865c16c248fd 890b6f60173f4f5e8db97dd9f780ce83 - - 31cd863d39cd4bd491f608bd169b5836 31cd863d39cd4bd491f608bd169b5836] 199.204.45.223 "GET /v2.0/floatingips?fixed_ip_address=fd77%3A1457%3A4cf0%3A26a8%3A%3Afe&port_id=8c52d6b3-c505-4349-aa5e-6a2ddbdbaa08 HTTP/1.1" status: 200 len: 217 time: 0.0246115
2026-04-21 18:58:40.566 9 INFO neutron.wsgi [req-ce7f38ed-e66c-4264-9b3d-aff1615bbdfc req-623dd813-24d1-4e00-b780-2d9180ebd135 19b1c5d616224567a5f8865c16c248fd 890b6f60173f4f5e8db97dd9f780ce83 - - 31cd863d39cd4bd491f608bd169b5836 31cd863d39cd4bd491f608bd169b5836] 199.204.45.223 "GET /v2.0/subnets?id=c972ebba-2f2c-4ba4-ac98-0fd268867027&id=3c80c1f9-9aa0-4ab9-891d-e343dcfce292 HTTP/1.1" status: 200 len: 1566 time: 0.0381811
2026-04-21 18:58:40.594 9 INFO neutron.wsgi [req-ce7f38ed-e66c-4264-9b3d-aff1615bbdfc req-a94ab9b1-3f8f-460d-aa3b-81783d449109 19b1c5d616224567a5f8865c16c248fd 890b6f60173f4f5e8db97dd9f780ce83 - - 31cd863d39cd4bd491f608bd169b5836 31cd863d39cd4bd491f608bd169b5836] 199.204.45.223 "GET /v2.0/ports?network_id=75435de8-1d5e-41df-952e-52692e0fdf1e&device_owner=network%3Adhcp HTTP/1.1" status: 200 len: 210 time: 0.0210037
2026-04-21 18:58:40.616 9 INFO neutron.wsgi [req-ce7f38ed-e66c-4264-9b3d-aff1615bbdfc req-02b2b2fd-fe01-4e49-a0d9-a0c79cfaa16e 19b1c5d616224567a5f8865c16c248fd 890b6f60173f4f5e8db97dd9f780ce83 - - 31cd863d39cd4bd491f608bd169b5836 31cd863d39cd4bd491f608bd169b5836] 199.204.45.223 "GET /v2.0/ports?network_id=75435de8-1d5e-41df-952e-52692e0fdf1e&device_owner=network%3Adhcp HTTP/1.1" status: 200 len: 210 time: 0.0167494
2026-04-21 18:58:40.681 9 INFO neutron.wsgi [req-ce7f38ed-e66c-4264-9b3d-aff1615bbdfc req-4a90fb05-fa23-4c61-8754-7dbb4051b9aa 19b1c5d616224567a5f8865c16c248fd 890b6f60173f4f5e8db97dd9f780ce83 - - 31cd863d39cd4bd491f608bd169b5836 31cd863d39cd4bd491f608bd169b5836] 199.204.45.223 "GET /v2.0/networks/75435de8-1d5e-41df-952e-52692e0fdf1e?fields=segments HTTP/1.1" status: 200 len: 212 time: 0.0570164
2026-04-21 18:58:40.757 9 INFO neutron.wsgi [req-ce7f38ed-e66c-4264-9b3d-aff1615bbdfc req-ef0fcee1-b557-474f-954b-4162bfa72ac3 19b1c5d616224567a5f8865c16c248fd 890b6f60173f4f5e8db97dd9f780ce83 - - 31cd863d39cd4bd491f608bd169b5836 31cd863d39cd4bd491f608bd169b5836] 199.204.45.223 "GET /v2.0/networks/75435de8-1d5e-41df-952e-52692e0fdf1e?fields=provider%3Aphysical_network&fields=provider%3Anetwork_type HTTP/1.1" status: 200 len: 277 time: 0.0687466
2026-04-21 18:58:40.853 9 INFO neutron.wsgi [req-0e737038-43e5-4e9a-8374-8c5afce33a57 req-5a5209f4-cfc4-42bd-bf60-bdeae3b9bef3 19b1c5d616224567a5f8865c16c248fd 890b6f60173f4f5e8db97dd9f780ce83 - - 31cd863d39cd4bd491f608bd169b5836 31cd863d39cd4bd491f608bd169b5836] 199.204.45.223 "GET /v2.0/ports?tenant_id=d59273a8abd34b62b56ca1ea556f0415&device_id=8bd0095a-bab3-499e-99ce-ae9d24acd933 HTTP/1.1" status: 200 len: 1636 time: 0.0428185
2026-04-21 18:58:40.933 9 INFO neutron.wsgi [req-0e737038-43e5-4e9a-8374-8c5afce33a57 req-7871be71-b9e2-43e5-961a-e3c86798a4fd 19b1c5d616224567a5f8865c16c248fd 890b6f60173f4f5e8db97dd9f780ce83 - - 31cd863d39cd4bd491f608bd169b5836 31cd863d39cd4bd491f608bd169b5836] 199.204.45.223 "GET /v2.0/networks?id=75435de8-1d5e-41df-952e-52692e0fdf1e HTTP/1.1" status: 200 len: 1003 time: 0.0703490
2026-04-21 18:58:40.976 9 INFO neutron.wsgi [req-0e737038-43e5-4e9a-8374-8c5afce33a57 req-59e8e501-5f76-4761-a68f-c560026a1eb7 19b1c5d616224567a5f8865c16c248fd 890b6f60173f4f5e8db97dd9f780ce83 - - 31cd863d39cd4bd491f608bd169b5836 31cd863d39cd4bd491f608bd169b5836] 199.204.45.223 "GET /v2.0/floatingips?fixed_ip_address=10.2.2.145&port_id=8c52d6b3-c505-4349-aa5e-6a2ddbdbaa08 HTTP/1.1" status: 200 len: 217 time: 0.0313706
2026-04-21 18:58:40.992 10 INFO neutron.plugins.ml2.drivers.ovn.mech_driver.mech_driver [None req-dceb0b9a-9d10-4954-b485-41370f18b3a0 - - - - - -] OVN reports status up for port: 8c52d6b3-c505-4349-aa5e-6a2ddbdbaa08
2026-04-21 18:58:41.004 10 INFO neutron.plugins.ml2.plugin [None req-dceb0b9a-9d10-4954-b485-41370f18b3a0 - - - - - -] Attempt 1 to provision port 8c52d6b3-c505-4349-aa5e-6a2ddbdbaa08
2026-04-21 18:58:41.012 9 INFO neutron.wsgi [req-0e737038-43e5-4e9a-8374-8c5afce33a57 req-9b4014c0-b3e2-414c-83f1-a85b38257988 19b1c5d616224567a5f8865c16c248fd 890b6f60173f4f5e8db97dd9f780ce83 - - 31cd863d39cd4bd491f608bd169b5836 31cd863d39cd4bd491f608bd169b5836] 199.204.45.223 "GET /v2.0/floatingips?fixed_ip_address=fd77%3A1457%3A4cf0%3A26a8%3A%3Afe&port_id=8c52d6b3-c505-4349-aa5e-6a2ddbdbaa08 HTTP/1.1" status: 200 len: 217 time: 0.0274084
2026-04-21 18:58:41.056 9 INFO neutron.wsgi [req-0e737038-43e5-4e9a-8374-8c5afce33a57 req-fce40d35-2dde-4426-97be-604d69c5c15e 19b1c5d616224567a5f8865c16c248fd 890b6f60173f4f5e8db97dd9f780ce83 - - 31cd863d39cd4bd491f608bd169b5836 31cd863d39cd4bd491f608bd169b5836] 199.204.45.223 "GET /v2.0/subnets?id=c972ebba-2f2c-4ba4-ac98-0fd268867027&id=3c80c1f9-9aa0-4ab9-891d-e343dcfce292 HTTP/1.1" status: 200 len: 1566 time: 0.0366318
2026-04-21 18:58:41.094 9 INFO neutron.wsgi [req-0e737038-43e5-4e9a-8374-8c5afce33a57 req-13662d89-30fc-41fe-a970-fa46c685088f 19b1c5d616224567a5f8865c16c248fd 890b6f60173f4f5e8db97dd9f780ce83 - - 31cd863d39cd4bd491f608bd169b5836 31cd863d39cd4bd491f608bd169b5836] 199.204.45.223 "GET /v2.0/ports?network_id=75435de8-1d5e-41df-952e-52692e0fdf1e&device_owner=network%3Adhcp HTTP/1.1" status: 200 len: 210 time: 0.0314455
2026-04-21 18:58:41.124 9 INFO neutron.wsgi [req-0e737038-43e5-4e9a-8374-8c5afce33a57 req-31644282-fa51-4dff-ab36-5308152301b2 19b1c5d616224567a5f8865c16c248fd 890b6f60173f4f5e8db97dd9f780ce83 - - 31cd863d39cd4bd491f608bd169b5836 31cd863d39cd4bd491f608bd169b5836] 199.204.45.223 "GET /v2.0/ports?network_id=75435de8-1d5e-41df-952e-52692e0fdf1e&device_owner=network%3Adhcp HTTP/1.1" status: 200 len: 210 time: 0.0229397
2026-04-21 18:58:41.198 9 INFO neutron.wsgi [req-0e737038-43e5-4e9a-8374-8c5afce33a57 req-f1d88588-563a-43e3-b3ee-ceb53c132c82 19b1c5d616224567a5f8865c16c248fd 890b6f60173f4f5e8db97dd9f780ce83 - - 31cd863d39cd4bd491f608bd169b5836 31cd863d39cd4bd491f608bd169b5836] 199.204.45.223 "GET /v2.0/networks/75435de8-1d5e-41df-952e-52692e0fdf1e?fields=segments HTTP/1.1" status: 200 len: 212 time: 0.0653811
2026-04-21 18:58:41.203 10 INFO neutron.notifiers.nova [-] Nova event matching ['req-7813dc53-d96b-49da-b918-d4154f05589d'] response: {'server_uuid': '8bd0095a-bab3-499e-99ce-ae9d24acd933', 'name': 'network-vif-plugged', 'status': 'completed', 'tag': '8c52d6b3-c505-4349-aa5e-6a2ddbdbaa08', 'code': 200}
2026-04-21 18:58:41.262 9 INFO neutron.wsgi [req-0e737038-43e5-4e9a-8374-8c5afce33a57 req-4fb6a5de-02df-4060-8617-293db80e95cd 19b1c5d616224567a5f8865c16c248fd 890b6f60173f4f5e8db97dd9f780ce83 - - 31cd863d39cd4bd491f608bd169b5836 31cd863d39cd4bd491f608bd169b5836] 199.204.45.223 "GET /v2.0/networks/75435de8-1d5e-41df-952e-52692e0fdf1e?fields=provider%3Aphysical_network&fields=provider%3Anetwork_type HTTP/1.1" status: 200 len: 277 time: 0.0562840
2026-04-21 18:58:41.322 10 INFO neutron.db.ovn_revision_numbers_db [None req-dceb0b9a-9d10-4954-b485-41370f18b3a0 - - - - - -] Successfully bumped revision number for resource 8c52d6b3-c505-4349-aa5e-6a2ddbdbaa08 (type: ports) to 4 /var/lib/openstack/lib/python3.10/site-packages/pycadf/identifier.py:71: UserWarning: Invalid uuid: neutron. To ensure interoperability, identifiers should be a valid uuid. warnings.warn(('Invalid uuid: %s. To ensure interoperability, '
2026-04-21 18:58:43.252 10 INFO neutron.notifiers.nova [-] Nova event matching ['req-014a14ce-e78e-4392-a93b-c9cddc2445bf'] response: {'server_uuid': '8bd0095a-bab3-499e-99ce-ae9d24acd933', 'name': 'network-vif-plugged', 'status': 'completed', 'tag': '8c52d6b3-c505-4349-aa5e-6a2ddbdbaa08', 'code': 200}
2026-04-21 18:58:43.316 10 INFO neutron.wsgi [req-0d0f2452-37d0-4498-9acb-6319ab10dd1a req-8e9db9b2-df4f-4e4b-9254-c54e9bdb41b3 4f2fb697c7134179835bda478f0b75e3 d59273a8abd34b62b56ca1ea556f0415 - - default default] 10.0.0.199 "GET /v2.0/ports?device_id=8bd0095a-bab3-499e-99ce-ae9d24acd933 HTTP/1.1" status: 200 len: 1400 time: 0.1286809
2026-04-21 18:58:43.371 10 INFO neutron.wsgi [req-0d0f2452-37d0-4498-9acb-6319ab10dd1a req-f57b5eeb-17fe-4bc8-971e-ee546877404f 4f2fb697c7134179835bda478f0b75e3 d59273a8abd34b62b56ca1ea556f0415 - - default default] 10.0.0.199 "GET /v2.0/security-groups?id=63314c2c-6fcf-4f34-8046-698bfd4e7054&fields=id&fields=name HTTP/1.1" status: 200 len: 310 time: 0.0491574
2026-04-21 18:58:43.472 10 INFO neutron.wsgi [None req-63862a65-f753-4611-a409-90fe1940122f 4f2fb697c7134179835bda478f0b75e3 d59273a8abd34b62b56ca1ea556f0415 - - default default] 10.0.0.30 "GET /v2.0/ports?network_id=75435de8-1d5e-41df-952e-52692e0fdf1e&mac_address=fa%3A16%3A3e%3A5d%3A53%3A7d HTTP/1.1" status: 200 len: 1395 time: 0.0701084
2026-04-21 18:58:43.822 10 WARNING neutron.scheduler.dhcp_agent_scheduler [None req-31c10231-29a5-4b50-bf55-b4859b99d746 4f2fb697c7134179835bda478f0b75e3 d59273a8abd34b62b56ca1ea556f0415 - - default default] No more DHCP agents
2026-04-21 18:58:43.824 10 WARNING neutron.api.rpc.agentnotifiers.dhcp_rpc_agent_api [None req-31c10231-29a5-4b50-bf55-b4859b99d746 4f2fb697c7134179835bda478f0b75e3 d59273a8abd34b62b56ca1ea556f0415 - - default default] Unable to schedule network e417b651-0188-41d9-b617-5b39c0cfe9cd: no agents available; will retry on subsequent port and subnet creation events.
2026-04-21 18:58:44.286 10 INFO neutron.db.l3_db [None req-31c10231-29a5-4b50-bf55-b4859b99d746 4f2fb697c7134179835bda478f0b75e3 d59273a8abd34b62b56ca1ea556f0415 - - default default] Floating IP 3ecc70ec-f896-4123-a03b-efd87904a905 associated. External IP: 10.96.250.203, port: 8c52d6b3-c505-4349-aa5e-6a2ddbdbaa08.
2026-04-21 18:58:44.533 10 INFO neutron.db.ovn_revision_numbers_db [None req-31c10231-29a5-4b50-bf55-b4859b99d746 4f2fb697c7134179835bda478f0b75e3 d59273a8abd34b62b56ca1ea556f0415 - - default default] Successfully bumped revision number for resource 3ecc70ec-f896-4123-a03b-efd87904a905 (type: floatingips) to 0
2026-04-21 18:58:44.657 10 INFO neutron.db.ovn_revision_numbers_db [None req-31c10231-29a5-4b50-bf55-b4859b99d746 4f2fb697c7134179835bda478f0b75e3 d59273a8abd34b62b56ca1ea556f0415 - - default default] Successfully bumped revision number for resource 3ecc70ec-f896-4123-a03b-efd87904a905 (type: floatingips) to 1
2026-04-21 18:58:44.698 10 INFO neutron.wsgi [None req-31c10231-29a5-4b50-bf55-b4859b99d746 4f2fb697c7134179835bda478f0b75e3 d59273a8abd34b62b56ca1ea556f0415 - - default default] 10.0.0.30 "POST /v2.0/floatingips HTTP/1.1" status: 201 len: 1054 time: 1.2193544
2026-04-21 18:58:45.316 10 INFO neutron.notifiers.nova [-] Nova event matching ['req-eaa51b99-d8b2-45c9-b7cd-3193809de558'] response: {'name': 'network-changed', 'server_uuid': '8bd0095a-bab3-499e-99ce-ae9d24acd933', 'tag': '8c52d6b3-c505-4349-aa5e-6a2ddbdbaa08', 'status': 'completed', 'code': 200}
2026-04-21 18:58:45.366 9 INFO neutron.wsgi [req-658d58b6-9f0f-4e15-a2dd-e3804f88ff1f req-930681b2-9cb5-4144-97b6-b90a2c18bf2c 19b1c5d616224567a5f8865c16c248fd 890b6f60173f4f5e8db97dd9f780ce83 - - 31cd863d39cd4bd491f608bd169b5836 31cd863d39cd4bd491f608bd169b5836] 199.204.45.223 "GET /v2.0/ports?tenant_id=d59273a8abd34b62b56ca1ea556f0415&device_id=8bd0095a-bab3-499e-99ce-ae9d24acd933 HTTP/1.1" status: 200 len: 1638 time: 0.0333505
2026-04-21 18:58:45.429 9 INFO neutron.wsgi [req-658d58b6-9f0f-4e15-a2dd-e3804f88ff1f req-2cfe3d78-8dea-4db6-82d1-aab0139e0179 19b1c5d616224567a5f8865c16c248fd 890b6f60173f4f5e8db97dd9f780ce83 - - 31cd863d39cd4bd491f608bd169b5836 31cd863d39cd4bd491f608bd169b5836] 199.204.45.223 "GET /v2.0/networks?id=75435de8-1d5e-41df-952e-52692e0fdf1e HTTP/1.1" status: 200 len: 1003 time: 0.0572503
2026-04-21 18:58:45.471 9 INFO neutron.wsgi [req-658d58b6-9f0f-4e15-a2dd-e3804f88ff1f req-0e5c84e2-8f42-424e-a5e1-1affe30954be 19b1c5d616224567a5f8865c16c248fd 890b6f60173f4f5e8db97dd9f780ce83 - - 31cd863d39cd4bd491f608bd169b5836 31cd863d39cd4bd491f608bd169b5836] 199.204.45.223 "GET /v2.0/floatingips?fixed_ip_address=10.2.2.145&port_id=8c52d6b3-c505-4349-aa5e-6a2ddbdbaa08 HTTP/1.1" status: 200 len: 1059 time: 0.0369678
2026-04-21 18:58:45.497 9 INFO neutron.wsgi [req-658d58b6-9f0f-4e15-a2dd-e3804f88ff1f req-11cd5b64-bd18-4eed-a0d1-0f8398bdfbac 19b1c5d616224567a5f8865c16c248fd 890b6f60173f4f5e8db97dd9f780ce83 - - 31cd863d39cd4bd491f608bd169b5836 31cd863d39cd4bd491f608bd169b5836] 199.204.45.223 "GET /v2.0/floatingips?fixed_ip_address=fd77%3A1457%3A4cf0%3A26a8%3A%3Afe&port_id=8c52d6b3-c505-4349-aa5e-6a2ddbdbaa08 HTTP/1.1" status: 200 len: 217 time: 0.0200090
2026-04-21 18:58:45.532 9 INFO neutron.wsgi [req-658d58b6-9f0f-4e15-a2dd-e3804f88ff1f req-8c91cc47-f430-44b1-8c22-6ab287c16a94 19b1c5d616224567a5f8865c16c248fd 890b6f60173f4f5e8db97dd9f780ce83 - - 31cd863d39cd4bd491f608bd169b5836 31cd863d39cd4bd491f608bd169b5836] 199.204.45.223 "GET /v2.0/subnets?id=c972ebba-2f2c-4ba4-ac98-0fd268867027&id=3c80c1f9-9aa0-4ab9-891d-e343dcfce292 HTTP/1.1" status: 200 len: 1566 time: 0.0277717
2026-04-21 18:58:45.561 9 INFO neutron.wsgi [req-658d58b6-9f0f-4e15-a2dd-e3804f88ff1f req-ebcc4550-5ec0-4856-ab06-cfb15865ab09 19b1c5d616224567a5f8865c16c248fd 890b6f60173f4f5e8db97dd9f780ce83 - - 31cd863d39cd4bd491f608bd169b5836 31cd863d39cd4bd491f608bd169b5836] 199.204.45.223 "GET /v2.0/ports?network_id=75435de8-1d5e-41df-952e-52692e0fdf1e&device_owner=network%3Adhcp HTTP/1.1" status: 200 len: 210 time: 0.0226452
2026-04-21 18:58:45.585 9 INFO neutron.wsgi [req-658d58b6-9f0f-4e15-a2dd-e3804f88ff1f req-f7f17387-12ce-4fbf-a142-db0ee143a226 19b1c5d616224567a5f8865c16c248fd 890b6f60173f4f5e8db97dd9f780ce83 - - 31cd863d39cd4bd491f608bd169b5836 31cd863d39cd4bd491f608bd169b5836] 199.204.45.223 "GET /v2.0/ports?network_id=75435de8-1d5e-41df-952e-52692e0fdf1e&device_owner=network%3Adhcp HTTP/1.1" status: 200 len: 210 time: 0.0171189
2026-04-21 18:58:45.655 9 INFO neutron.wsgi [req-658d58b6-9f0f-4e15-a2dd-e3804f88ff1f req-80004416-558e-4f1c-9bb7-90c56928bbaf 19b1c5d616224567a5f8865c16c248fd 890b6f60173f4f5e8db97dd9f780ce83 - - 31cd863d39cd4bd491f608bd169b5836 31cd863d39cd4bd491f608bd169b5836] 199.204.45.223 "GET /v2.0/networks/75435de8-1d5e-41df-952e-52692e0fdf1e?fields=segments HTTP/1.1" status: 200 len: 212 time: 0.0618336
2026-04-21 18:58:46.143 9 INFO neutron.wsgi [req-658d58b6-9f0f-4e15-a2dd-e3804f88ff1f req-847c49d8-ec09-4945-8923-e763583c4156 19b1c5d616224567a5f8865c16c248fd 890b6f60173f4f5e8db97dd9f780ce83 - - 31cd863d39cd4bd491f608bd169b5836 31cd863d39cd4bd491f608bd169b5836] 199.204.45.223 "GET /v2.0/networks/75435de8-1d5e-41df-952e-52692e0fdf1e?fields=provider%3Aphysical_network&fields=provider%3Anetwork_type HTTP/1.1" status: 200 len: 277 time: 0.4806619
2026-04-21 18:58:46.770 9 INFO neutron.wsgi [req-49004b94-6ca9-4c07-b5a1-bf9097e4d578 req-37052a49-9005-4a15-8dca-d4b6e8841b3d 19b1c5d616224567a5f8865c16c248fd 890b6f60173f4f5e8db97dd9f780ce83 - - 31cd863d39cd4bd491f608bd169b5836 31cd863d39cd4bd491f608bd169b5836] 10.0.0.208 "GET /v2.0/ports?device_id=a7f2c4b0-2c8c-4e7d-9359-72a68ef765f5 HTTP/1.1" status: 200 len: 1634 time: 0.0376940
2026-04-21 18:58:46.814 9 INFO neutron.wsgi [req-49004b94-6ca9-4c07-b5a1-bf9097e4d578 req-106b5ff8-4a38-4ed7-9875-6daa59ded3df 19b1c5d616224567a5f8865c16c248fd 890b6f60173f4f5e8db97dd9f780ce83 - - 31cd863d39cd4bd491f608bd169b5836 31cd863d39cd4bd491f608bd169b5836] 10.0.0.208 "GET /v2.0/security-groups?id=63314c2c-6fcf-4f34-8046-698bfd4e7054&fields=id&fields=name HTTP/1.1" status: 200 len: 310 time: 0.0391700
2026-04-21 18:58:47.425 9 INFO neutron.wsgi [-] 10.0.0.27 "GET / HTTP/1.1" status: 200 len: 246 time: 0.0031278
2026-04-21 18:58:47.426 10 INFO neutron.wsgi [-] 10.0.0.27 "GET / HTTP/1.1" status: 200 len: 246 time: 0.0033267
2026-04-21 18:58:53.692 9 INFO neutron.wsgi [req-94059a7c-deea-4b0f-95ca-0c6cb12317a2 req-74e41c86-f9dc-40ca-80c7-d3b485a9a32e 19b1c5d616224567a5f8865c16c248fd 890b6f60173f4f5e8db97dd9f780ce83 - - 31cd863d39cd4bd491f608bd169b5836 31cd863d39cd4bd491f608bd169b5836] 10.0.0.208 "GET /v2.0/ports?device_id=8bd0095a-bab3-499e-99ce-ae9d24acd933 HTTP/1.1" status: 200 len: 1638 time: 0.0500731
