2026-04-21 18:56:23.812 9 INFO neutron.db.ovn_revision_numbers_db [None req-f3b93729-b762-4049-83f0-1dbd1cfe8877 e2af8dfd625441fe84eca71f21ba7d39 d74906373fa7479cbb49bb46e47abbf7 - - default default] Successfully bumped revision number for resource 9e84723f-eceb-4993-8070-bb97c6f64c8f (type: routers) to 1
2026-04-21 18:56:23.827 9 INFO neutron.wsgi [None req-f3b93729-b762-4049-83f0-1dbd1cfe8877 e2af8dfd625441fe84eca71f21ba7d39 d74906373fa7479cbb49bb46e47abbf7 - - default default] 10.0.0.30 "POST /v2.0/routers HTTP/1.1" status: 201 len: 654 time: 0.1476600
2026-04-21 18:56:23.916 10 WARNING neutron.scheduler.dhcp_agent_scheduler [None req-800add04-a152-4f25-b3b0-ce38e80514e6 e0485c9aab5b4908a0298db2633dcd2b 523c342a98024c48a1ce0cda37582ced - - default default] No more DHCP agents
2026-04-21 18:56:23.919 10 WARNING neutron.api.rpc.agentnotifiers.dhcp_rpc_agent_api [None req-800add04-a152-4f25-b3b0-ce38e80514e6 e0485c9aab5b4908a0298db2633dcd2b 523c342a98024c48a1ce0cda37582ced - - default default] Unable to schedule network f15e1ba5-952e-4425-9743-4faa17b1185e: no agents available; will retry on subsequent port and subnet creation events.
2026-04-21 18:56:23.985 9 INFO neutron.db.ovn_revision_numbers_db [None req-2353ab8a-3bee-4736-b153-5fc55dc07a58 e0485c9aab5b4908a0298db2633dcd2b 523c342a98024c48a1ce0cda37582ced - - default default] Successfully bumped revision number for resource 73bccba4-e86b-4b15-9913-445670a8afac (type: security_groups) to 1
2026-04-21 18:56:23.989 9 INFO neutron.db.ovn_revision_numbers_db [None req-fbedbe02-eb88-404f-a485-1379fae937f6 e2af8dfd625441fe84eca71f21ba7d39 d74906373fa7479cbb49bb46e47abbf7 - - default default] Successfully bumped revision number for resource 814ac39b-720f-43df-89b8-709889dc0ea9 (type: routers) to 1
2026-04-21 18:56:23.999 9 INFO neutron.db.ovn_revision_numbers_db [None req-2353ab8a-3bee-4736-b153-5fc55dc07a58 e0485c9aab5b4908a0298db2633dcd2b 523c342a98024c48a1ce0cda37582ced - - default default] Successfully bumped revision number for resource 11d85716-21af-4d9c-92e7-12be3308b6ce (type: security_group_rules) to 0
2026-04-21 18:56:24.003 9 INFO neutron.wsgi [None req-fbedbe02-eb88-404f-a485-1379fae937f6 e2af8dfd625441fe84eca71f21ba7d39 d74906373fa7479cbb49bb46e47abbf7 - - default default] 10.0.0.30 "POST /v2.0/routers HTTP/1.1" status: 201 len: 654 time: 0.1719391
2026-04-21 18:56:24.015 9 INFO neutron.db.ovn_revision_numbers_db [None req-2353ab8a-3bee-4736-b153-5fc55dc07a58 e0485c9aab5b4908a0298db2633dcd2b 523c342a98024c48a1ce0cda37582ced - - default default] Successfully bumped revision number for resource 36083e42-0325-4655-ad4b-661c33837f6c (type: security_group_rules) to 0
2026-04-21 18:56:24.030 9 INFO neutron.db.ovn_revision_numbers_db [None req-2353ab8a-3bee-4736-b153-5fc55dc07a58 e0485c9aab5b4908a0298db2633dcd2b 523c342a98024c48a1ce0cda37582ced - - default default] Successfully bumped revision number for resource 41a1cb02-bb45-4bc9-8fb3-71ebb2f5ebff (type: security_group_rules) to 0
2026-04-21 18:56:24.032 10 INFO neutron.db.ovn_revision_numbers_db [None req-800add04-a152-4f25-b3b0-ce38e80514e6 e0485c9aab5b4908a0298db2633dcd2b 523c342a98024c48a1ce0cda37582ced - - default default] Successfully bumped revision number for resource 6b8cfd16-38e3-499c-8b37-e40188c307fd (type: ports) to 1
2026-04-21 18:56:24.046 9 INFO neutron.db.ovn_revision_numbers_db [None req-2353ab8a-3bee-4736-b153-5fc55dc07a58 e0485c9aab5b4908a0298db2633dcd2b 523c342a98024c48a1ce0cda37582ced - - default default] Successfully bumped revision number for resource 6e7b3a45-2c50-4b25-b59e-54ff93519c5b (type: security_group_rules) to 0
2026-04-21 18:56:24.059 10 INFO neutron.wsgi [None req-800add04-a152-4f25-b3b0-ce38e80514e6 e0485c9aab5b4908a0298db2633dcd2b 523c342a98024c48a1ce0cda37582ced - - default default] 10.0.0.30 "POST /v2.0/networks HTTP/1.1" status: 201 len: 943 time: 0.8141370
2026-04-21 18:56:24.078 9 INFO neutron.wsgi [None req-2353ab8a-3bee-4736-b153-5fc55dc07a58 e0485c9aab5b4908a0298db2633dcd2b 523c342a98024c48a1ce0cda37582ced - - default default] 10.0.0.30 "GET /v2.0/security-groups?tenant_id=03a80a1c333743ee8ec35ecff762fd6f&name=default HTTP/1.1" status: 200 len: 2996 time: 0.2580383
2026-04-21 18:56:24.199 10 INFO neutron.db.ovn_revision_numbers_db [None req-2598267c-be14-4c12-878e-2570c0ca19c9 e2af8dfd625441fe84eca71f21ba7d39 d74906373fa7479cbb49bb46e47abbf7 - - default default] Successfully bumped revision number for resource c7c8c904-d584-448e-a4d8-4f2a41390e08 (type: routers) to 1
2026-04-21 18:56:24.214 10 INFO neutron.wsgi [None req-2598267c-be14-4c12-878e-2570c0ca19c9 e2af8dfd625441fe84eca71f21ba7d39 d74906373fa7479cbb49bb46e47abbf7 - - default default] 10.0.0.30 "POST /v2.0/routers HTTP/1.1" status: 201 len: 654 time: 0.2031209
2026-04-21 18:56:24.260 9 WARNING neutron.scheduler.dhcp_agent_scheduler [None req-2d14291d-2171-49a4-833d-e9dcd89f8be8 e0485c9aab5b4908a0298db2633dcd2b 523c342a98024c48a1ce0cda37582ced - - default default] No more DHCP agents
2026-04-21 18:56:24.263 9 WARNING neutron.api.rpc.agentnotifiers.dhcp_rpc_agent_api [None req-2d14291d-2171-49a4-833d-e9dcd89f8be8 e0485c9aab5b4908a0298db2633dcd2b 523c342a98024c48a1ce0cda37582ced - - default default] Unable to schedule network f15e1ba5-952e-4425-9743-4faa17b1185e: no agents available; will retry on subsequent port and subnet creation events.
2026-04-21 18:56:24.382 10 INFO neutron.db.ovn_revision_numbers_db [None req-9846ee96-78b1-4df9-a391-b1a585285e3a e2af8dfd625441fe84eca71f21ba7d39 d74906373fa7479cbb49bb46e47abbf7 - - default default] Successfully bumped revision number for resource 19707cbf-ead2-44c3-b22d-2ca66f62736d (type: routers) to 1
2026-04-21 18:56:24.393 9 INFO neutron.wsgi [None req-22ec07ae-8061-46ff-9d0e-cab447643d31 e0485c9aab5b4908a0298db2633dcd2b 523c342a98024c48a1ce0cda37582ced - - default default] 10.0.0.30 "DELETE /v2.0/security-groups/73bccba4-e86b-4b15-9913-445670a8afac HTTP/1.1" status: 204 len: 168 time: 0.3098114
2026-04-21 18:56:24.400 10 INFO neutron.wsgi [None req-9846ee96-78b1-4df9-a391-b1a585285e3a e2af8dfd625441fe84eca71f21ba7d39 d74906373fa7479cbb49bb46e47abbf7 - - default default] 10.0.0.30 "POST /v2.0/routers HTTP/1.1" status: 201 len: 654 time: 0.1794882
2026-04-21 18:56:24.461 10 INFO neutron.wsgi [None req-b475b519-5d0b-4878-ba66-fc41a878c3be e2af8dfd625441fe84eca71f21ba7d39 d74906373fa7479cbb49bb46e47abbf7 - - default default] 10.0.0.30 "PUT /v2.0/routers/03b048a9-9888-4d1b-be8c-544644d39717/tags HTTP/1.1" status: 200 len: 210 time: 0.0553882
2026-04-21 18:56:24.517 10 INFO neutron.wsgi [None req-053829a2-616b-4c8f-8cf6-b340399a80d1 e2af8dfd625441fe84eca71f21ba7d39 d74906373fa7479cbb49bb46e47abbf7 - - default default] 10.0.0.30 "PUT /v2.0/routers/9e84723f-eceb-4993-8070-bb97c6f64c8f/tags HTTP/1.1" status: 200 len: 218 time: 0.0505116
2026-04-21 18:56:24.582 10 INFO neutron.wsgi [None req-8ebf3ffc-5f1b-4a6e-9dd0-0a1853da7be5 e2af8dfd625441fe84eca71f21ba7d39 d74906373fa7479cbb49bb46e47abbf7 - - default default] 10.0.0.30 "PUT /v2.0/routers/814ac39b-720f-43df-89b8-709889dc0ea9/tags HTTP/1.1" status: 200 len: 227 time: 0.0586877
2026-04-21 18:56:24.646 10 INFO neutron.wsgi [None req-3bdad83c-2731-4708-909a-778117de3422 e2af8dfd625441fe84eca71f21ba7d39 d74906373fa7479cbb49bb46e47abbf7 - - default default] 10.0.0.30 "PUT /v2.0/routers/c7c8c904-d584-448e-a4d8-4f2a41390e08/tags HTTP/1.1" status: 200 len: 212 time: 0.0566945
2026-04-21 18:56:24.726 10 INFO neutron.wsgi [None req-7817a148-c538-461b-a1a4-3c48f4a9907b e2af8dfd625441fe84eca71f21ba7d39 d74906373fa7479cbb49bb46e47abbf7 - - default default] 10.0.0.30 "GET /v2.0/routers?tags=red HTTP/1.1" status: 200 len: 1601 time: 0.0748522
2026-04-21 18:56:24.813 10 INFO neutron.wsgi [None req-b50d3958-0e97-4e32-9317-3b36c0aef3ec e2af8dfd625441fe84eca71f21ba7d39 d74906373fa7479cbb49bb46e47abbf7 - - default default] 10.0.0.30 "GET /v2.0/routers?tags=red%2Cblue HTTP/1.1" status: 200 len: 1144 time: 0.0806160
2026-04-21 18:56:24.854 9 INFO neutron.db.ovn_revision_numbers_db [None req-2d14291d-2171-49a4-833d-e9dcd89f8be8 e0485c9aab5b4908a0298db2633dcd2b 523c342a98024c48a1ce0cda37582ced - - default default] Successfully bumped revision number for resource 6b8cfd16-38e3-499c-8b37-e40188c307fd (type: ports) to 2
2026-04-21 18:56:24.904 10 INFO neutron.wsgi [None req-3617f9fa-b939-449b-a4fa-c419a944556f e2af8dfd625441fe84eca71f21ba7d39 d74906373fa7479cbb49bb46e47abbf7 - - default default] 10.0.0.30 "GET /v2.0/routers?tags-any=blue HTTP/1.1" status: 200 len: 1144 time: 0.0795977
2026-04-21 18:56:24.904 9 INFO neutron.db.ovn_revision_numbers_db [None req-2d14291d-2171-49a4-833d-e9dcd89f8be8 e0485c9aab5b4908a0298db2633dcd2b 523c342a98024c48a1ce0cda37582ced - - default default] Successfully bumped revision number for resource 33eddd4a-935a-4b29-9bea-ac041a3ddb49 (type: subnets) to 0
2026-04-21 18:56:24.928 9 INFO neutron.wsgi [None req-2d14291d-2171-49a4-833d-e9dcd89f8be8 e0485c9aab5b4908a0298db2633dcd2b 523c342a98024c48a1ce0cda37582ced - - default default] 10.0.0.30 "POST /v2.0/subnets HTTP/1.1" status: 201 len: 863 time: 0.8617806
2026-04-21 18:56:24.969 10 INFO neutron.wsgi [None req-0b19c514-6fac-4aec-bcfc-fcffee0c8d34 e2af8dfd625441fe84eca71f21ba7d39 d74906373fa7479cbb49bb46e47abbf7 - - default default] 10.0.0.30 "GET /v2.0/routers?tags-any=red%2Cblue HTTP/1.1" status: 200 len: 1601 time: 0.0594404
2026-04-21 18:56:25.082 9 INFO neutron.wsgi [None req-8a7cd74d-8fee-4fe6-8baf-b81ec080c4a5 e2af8dfd625441fe84eca71f21ba7d39 d74906373fa7479cbb49bb46e47abbf7 - - default default] 10.0.0.30 "GET /v2.0/routers?not-tags=red HTTP/1.1" status: 200 len: 1116 time: 0.1067989
2026-04-21 18:56:25.187 9 INFO neutron.wsgi [None req-66c697f6-8d62-4c05-8804-f29acea5b300 e2af8dfd625441fe84eca71f21ba7d39 d74906373fa7479cbb49bb46e47abbf7 - - default default] 10.0.0.30 "GET /v2.0/routers?not-tags=red%2Cblue HTTP/1.1" status: 200 len: 1573 time: 0.0959866
2026-04-21 18:56:25.512 9 WARNING neutron.scheduler.dhcp_agent_scheduler [None req-6e343c9f-398f-4d27-9dd1-c5802f47ed38 e0485c9aab5b4908a0298db2633dcd2b 523c342a98024c48a1ce0cda37582ced - - default default] No more DHCP agents
2026-04-21 18:56:25.515 9 WARNING neutron.api.rpc.agentnotifiers.dhcp_rpc_agent_api [None req-6e343c9f-398f-4d27-9dd1-c5802f47ed38 e0485c9aab5b4908a0298db2633dcd2b 523c342a98024c48a1ce0cda37582ced - - default default] Unable to schedule network e417b651-0188-41d9-b617-5b39c0cfe9cd: no agents available; will retry on subsequent port and subnet creation events.
2026-04-21 18:56:25.524 10 INFO neutron.wsgi [None req-f137bccd-40b5-4857-be18-9805a047e041 e2af8dfd625441fe84eca71f21ba7d39 d74906373fa7479cbb49bb46e47abbf7 - - default default] 10.0.0.30 "GET /v2.0/routers?not-tags-any=blue HTTP/1.1" status: 200 len: 1573 time: 0.3295941
2026-04-21 18:56:25.603 9 INFO neutron.wsgi [None req-4dd93776-12fc-4f5a-9eaf-451a12f389d2 e2af8dfd625441fe84eca71f21ba7d39 d74906373fa7479cbb49bb46e47abbf7 - - default default] 10.0.0.30 "GET /v2.0/routers?not-tags-any=red%2Cblue HTTP/1.1" status: 200 len: 1116 time: 0.0710871
2026-04-21 18:56:25.654 10 INFO neutron.wsgi [None req-72525ce2-37b0-4444-9798-9b8c066eb296 e2af8dfd625441fe84eca71f21ba7d39 d74906373fa7479cbb49bb46e47abbf7 - - default default] 10.0.0.30 "GET /v2.0/routers/03b048a9-9888-4d1b-be8c-544644d39717 HTTP/1.1" status: 200 len: 660 time: 0.0443969
2026-04-21 18:56:25.774 9 INFO neutron.db.ovn_revision_numbers_db [None req-6e343c9f-398f-4d27-9dd1-c5802f47ed38 e0485c9aab5b4908a0298db2633dcd2b 523c342a98024c48a1ce0cda37582ced - - default default] Successfully bumped revision number for resource ccfaa78b-05bf-4f6f-8cfb-91d80d442d4f (type: ports) to 1
2026-04-21 18:56:26.442 9 INFO neutron.db.ovn_revision_numbers_db [None req-2ef263e6-3585-429a-8a87-d311e1a937ae e2af8dfd625441fe84eca71f21ba7d39 d74906373fa7479cbb49bb46e47abbf7 - - default default] Successfully bumped revision number for resource 03b048a9-9888-4d1b-be8c-544644d39717 (type: routers) to 2
2026-04-21 18:56:26.444 9 INFO neutron.wsgi [None req-2ef263e6-3585-429a-8a87-d311e1a937ae e2af8dfd625441fe84eca71f21ba7d39 d74906373fa7479cbb49bb46e47abbf7 - - default default] 10.0.0.30 "PUT /v2.0/routers/03b048a9-9888-4d1b-be8c-544644d39717 HTTP/1.1" status: 200 len: 660 time: 0.7853971
2026-04-21 18:56:26.472 10 INFO neutron.wsgi [None req-fe24c0a1-e1dd-4bf6-ace0-f9b5dcd6ef72 e2af8dfd625441fe84eca71f21ba7d39 d74906373fa7479cbb49bb46e47abbf7 - - default default] 10.0.0.30 "GET /v2.0/ports?device_id=03b048a9-9888-4d1b-be8c-544644d39717 HTTP/1.1" status: 200 len: 205 time: 0.0209799
2026-04-21 18:56:26.523 9 WARNING neutron.plugins.ml2.drivers.ovn.mech_driver.ovsdb.ovn_client [None req-34452092-acb4-4111-9eef-15ca9638616d - - - - - -] No hosting information found for port 35ef1eb3-90a1-4d7f-843e-66dd78ff8734: RuntimeError: No hosting information found for port 35ef1eb3-90a1-4d7f-843e-66dd78ff8734
2026-04-21 18:56:26.736 10 INFO neutron.wsgi [None req-a31b0ca9-397a-4e1e-af09-cba515d24a01 e2af8dfd625441fe84eca71f21ba7d39 d74906373fa7479cbb49bb46e47abbf7 - - default default] 10.0.0.30 "DELETE /v2.0/routers/03b048a9-9888-4d1b-be8c-544644d39717 HTTP/1.1" status: 204 len: 168 time: 0.2594936
2026-04-21 18:56:26.790 10 INFO neutron.wsgi [None req-fba8fda3-06b1-4f12-9471-2faf0bc1510a e2af8dfd625441fe84eca71f21ba7d39 d74906373fa7479cbb49bb46e47abbf7 - - default default] 10.0.0.30 "GET /v2.0/routers/9e84723f-eceb-4993-8070-bb97c6f64c8f HTTP/1.1" status: 200 len: 668 time: 0.0485027
2026-04-21 18:56:26.842 9 INFO neutron.plugins.ml2.drivers.ovn.mech_driver.mech_driver [None req-34452092-acb4-4111-9eef-15ca9638616d - - - - - -] OVN reports status up for port: ccfaa78b-05bf-4f6f-8cfb-91d80d442d4f
2026-04-21 18:56:26.861 9 INFO neutron.plugins.ml2.drivers.ovn.mech_driver.ovsdb.ovsdb_monitor [None req-d5790ce6-363d-417a-869a-49b7f0009cd1 - - - - - -] Router 02f46c78-3b7f-4161-bc38-e62f23a4bb5a is bound to host instance
2026-04-21 18:56:26.876 9 INFO neutron.plugins.ml2.plugin [None req-34452092-acb4-4111-9eef-15ca9638616d - - - - - -] Attempt 1 to provision port ccfaa78b-05bf-4f6f-8cfb-91d80d442d4f
2026-04-21 18:56:26.915 9 INFO neutron.db.ovn_revision_numbers_db [None req-6e343c9f-398f-4d27-9dd1-c5802f47ed38 e0485c9aab5b4908a0298db2633dcd2b 523c342a98024c48a1ce0cda37582ced - - default default] Successfully bumped revision number for resource ccfaa78b-05bf-4f6f-8cfb-91d80d442d4f (type: router_ports) to 1
2026-04-21 18:56:27.034 9 INFO neutron.db.ovn_revision_numbers_db [None req-6e343c9f-398f-4d27-9dd1-c5802f47ed38 e0485c9aab5b4908a0298db2633dcd2b 523c342a98024c48a1ce0cda37582ced - - default default] Successfully bumped revision number for resource 02f46c78-3b7f-4161-bc38-e62f23a4bb5a (type: routers) to 2
2026-04-21 18:56:27.067 9 INFO neutron.wsgi [None req-6e343c9f-398f-4d27-9dd1-c5802f47ed38 e0485c9aab5b4908a0298db2633dcd2b 523c342a98024c48a1ce0cda37582ced - - default default] 10.0.0.30 "POST /v2.0/routers HTTP/1.1" status: 201 len: 874 time: 2.1342678
2026-04-21 18:56:27.354 10 INFO neutron.db.ovn_revision_numbers_db [None req-0498ad5e-7709-41f9-bb8e-eb3adcc75382 e2af8dfd625441fe84eca71f21ba7d39 d74906373fa7479cbb49bb46e47abbf7 - - default default] Successfully bumped revision number for resource 9e84723f-eceb-4993-8070-bb97c6f64c8f (type: routers) to 2
2026-04-21 18:56:27.357 10 INFO neutron.wsgi [None req-0498ad5e-7709-41f9-bb8e-eb3adcc75382 e2af8dfd625441fe84eca71f21ba7d39 d74906373fa7479cbb49bb46e47abbf7 - - default default] 10.0.0.30 "PUT /v2.0/routers/9e84723f-eceb-4993-8070-bb97c6f64c8f HTTP/1.1" status: 200 len: 668 time: 0.5607200
2026-04-21 18:56:27.389 9 INFO neutron.wsgi [None req-92b0c122-c1ce-49f1-8456-8305bb6d9c46 e2af8dfd625441fe84eca71f21ba7d39 d74906373fa7479cbb49bb46e47abbf7 - - default default] 10.0.0.30 "GET /v2.0/ports?device_id=9e84723f-eceb-4993-8070-bb97c6f64c8f HTTP/1.1" status: 200 len: 205 time: 0.0248916
2026-04-21 18:56:27.590 9 INFO neutron.db.ovn_revision_numbers_db [None req-d5790ce6-363d-417a-869a-49b7f0009cd1 - - - - - -] Successfully bumped revision number for resource ccfaa78b-05bf-4f6f-8cfb-91d80d442d4f (type: ports) to 1
2026-04-21 18:56:27.637 9 INFO neutron.wsgi [None req-13b9e2ba-0a9d-4f43-9849-41890cb8a2a3 e2af8dfd625441fe84eca71f21ba7d39 d74906373fa7479cbb49bb46e47abbf7 - - default default] 10.0.0.30 "DELETE /v2.0/routers/9e84723f-eceb-4993-8070-bb97c6f64c8f HTTP/1.1" status: 204 len: 168 time: 0.2436593
2026-04-21 18:56:27.645 10 WARNING neutron.scheduler.dhcp_agent_scheduler [None req-fb76fa64-ca39-46b2-8f70-290be9329749 e0485c9aab5b4908a0298db2633dcd2b 523c342a98024c48a1ce0cda37582ced - - default default] No more DHCP agents
2026-04-21 18:56:27.647 10 WARNING neutron.api.rpc.agentnotifiers.dhcp_rpc_agent_api [None req-fb76fa64-ca39-46b2-8f70-290be9329749 e0485c9aab5b4908a0298db2633dcd2b 523c342a98024c48a1ce0cda37582ced - - default default] Unable to schedule network f15e1ba5-952e-4425-9743-4faa17b1185e: no agents available; will retry on subsequent port and subnet creation events.
2026-04-21 18:56:27.693 9 INFO neutron.wsgi [None req-31b9114e-5fe7-4668-b796-fb9b416a7e36 e2af8dfd625441fe84eca71f21ba7d39 d74906373fa7479cbb49bb46e47abbf7 - - default default] 10.0.0.30 "GET /v2.0/routers/814ac39b-720f-43df-89b8-709889dc0ea9 HTTP/1.1" status: 200 len: 677 time: 0.0496414
2026-04-21 18:56:27.906 9 INFO neutron.db.ovn_revision_numbers_db [None req-d5790ce6-363d-417a-869a-49b7f0009cd1 - - - - - -] Successfully bumped revision number for resource ccfaa78b-05bf-4f6f-8cfb-91d80d442d4f (type: router_ports) to 3
2026-04-21 18:56:27.920 10 INFO neutron.db.ovn_revision_numbers_db [None req-fb76fa64-ca39-46b2-8f70-290be9329749 e0485c9aab5b4908a0298db2633dcd2b 523c342a98024c48a1ce0cda37582ced - - default default] Successfully bumped revision number for resource b128284a-0900-4161-abc4-112c915c7330 (type: ports) to 1
2026-04-21 18:56:28.097 9 INFO neutron.db.ovn_revision_numbers_db [None req-d5790ce6-363d-417a-869a-49b7f0009cd1 - - - - - -] Successfully bumped revision number for resource ccfaa78b-05bf-4f6f-8cfb-91d80d442d4f (type: ports) to 2
2026-04-21 18:56:28.354 9 INFO neutron.db.ovn_revision_numbers_db [None req-d5790ce6-363d-417a-869a-49b7f0009cd1 - - - - - -] Successfully bumped revision number for resource ccfaa78b-05bf-4f6f-8cfb-91d80d442d4f (type: ports) to 4
2026-04-21 18:56:28.560 9 INFO neutron.db.ovn_revision_numbers_db [None req-d5790ce6-363d-417a-869a-49b7f0009cd1 - - - - - -] Successfully bumped revision number for resource ccfaa78b-05bf-4f6f-8cfb-91d80d442d4f (type: router_ports) to 4
2026-04-21 18:56:28.722 10 INFO neutron.db.ovn_revision_numbers_db [None req-3f5ed860-b9e8-4d64-965c-419da7514be5 e2af8dfd625441fe84eca71f21ba7d39 d74906373fa7479cbb49bb46e47abbf7 - - default default] Successfully bumped revision number for resource 814ac39b-720f-43df-89b8-709889dc0ea9 (type: routers) to 2
2026-04-21 18:56:28.726 10 INFO neutron.wsgi [None req-3f5ed860-b9e8-4d64-965c-419da7514be5 e2af8dfd625441fe84eca71f21ba7d39 d74906373fa7479cbb49bb46e47abbf7 - - default default] 10.0.0.30 "PUT /v2.0/routers/814ac39b-720f-43df-89b8-709889dc0ea9 HTTP/1.1" status: 200 len: 677 time: 1.0268800
2026-04-21 18:56:28.753 9 INFO neutron.wsgi [None req-20653c70-7e74-408a-830e-80df4d237bdf e2af8dfd625441fe84eca71f21ba7d39 d74906373fa7479cbb49bb46e47abbf7 - - default default] 10.0.0.30 "GET /v2.0/ports?device_id=814ac39b-720f-43df-89b8-709889dc0ea9 HTTP/1.1" status: 200 len: 205 time: 0.0209651
2026-04-21 18:56:29.011 10 INFO neutron.plugins.ml2.drivers.ovn.mech_driver.mech_driver [None req-dceb0b9a-9d10-4954-b485-41370f18b3a0 - - - - - -] OVN reports status up for port: b128284a-0900-4161-abc4-112c915c7330
2026-04-21 18:56:29.019 10 INFO neutron.plugins.ml2.plugin [None req-dceb0b9a-9d10-4954-b485-41370f18b3a0 - - - - - -] Attempt 1 to provision port b128284a-0900-4161-abc4-112c915c7330
2026-04-21 18:56:29.035 10 INFO neutron.db.ovn_revision_numbers_db [None req-fb76fa64-ca39-46b2-8f70-290be9329749 e0485c9aab5b4908a0298db2633dcd2b 523c342a98024c48a1ce0cda37582ced - - default default] Successfully bumped revision number for resource b128284a-0900-4161-abc4-112c915c7330 (type: router_ports) to 1
2026-04-21 18:56:29.281 10 INFO neutron.db.ovn_revision_numbers_db [None req-fb76fa64-ca39-46b2-8f70-290be9329749 e0485c9aab5b4908a0298db2633dcd2b 523c342a98024c48a1ce0cda37582ced - - default default] Successfully bumped revision number for resource b128284a-0900-4161-abc4-112c915c7330 (type: ports) to 1
2026-04-21 18:56:29.300 9 INFO neutron.wsgi [req-59ad46c2-a8f8-4c3e-8b5b-e62c8bc41c2c req-8e3166fc-96a6-4b58-ba35-33ce71a8e9aa 19b1c5d616224567a5f8865c16c248fd 890b6f60173f4f5e8db97dd9f780ce83 - - 31cd863d39cd4bd491f608bd169b5836 31cd863d39cd4bd491f608bd169b5836] 10.0.0.208 "GET /v2.0/ports?device_id=2f4ff533-b959-4b95-9527-9b2dd159bd67 HTTP/1.1" status: 200 len: 1413 time: 0.0569892
2026-04-21 18:56:29.308 9 INFO neutron.wsgi [None req-985f6cd6-e78b-4219-b49b-f7fc9be29877 e2af8dfd625441fe84eca71f21ba7d39 d74906373fa7479cbb49bb46e47abbf7 - - default default] 10.0.0.30 "DELETE /v2.0/routers/814ac39b-720f-43df-89b8-709889dc0ea9 HTTP/1.1" status: 204 len: 168 time: 0.5481043
2026-04-21 18:56:29.370 9 INFO neutron.wsgi [None req-c57dca07-12f3-4fe0-86e3-be70927377b6 e2af8dfd625441fe84eca71f21ba7d39 d74906373fa7479cbb49bb46e47abbf7 - - default default] 10.0.0.30 "GET /v2.0/routers/c7c8c904-d584-448e-a4d8-4f2a41390e08 HTTP/1.1" status: 200 len: 662 time: 0.0535300
2026-04-21 18:56:29.372 10 WARNING neutron.scheduler.dhcp_agent_scheduler [None req-fb76fa64-ca39-46b2-8f70-290be9329749 e0485c9aab5b4908a0298db2633dcd2b 523c342a98024c48a1ce0cda37582ced - - default default] No more DHCP agents
2026-04-21 18:56:29.373 10 WARNING neutron.api.rpc.agentnotifiers.dhcp_rpc_agent_api [None req-fb76fa64-ca39-46b2-8f70-290be9329749 e0485c9aab5b4908a0298db2633dcd2b 523c342a98024c48a1ce0cda37582ced - - default default] Unable to schedule network f15e1ba5-952e-4425-9743-4faa17b1185e: no agents available; will retry on subsequent port and subnet creation events.
2026-04-21 18:56:29.375 9 INFO neutron.wsgi [req-59ad46c2-a8f8-4c3e-8b5b-e62c8bc41c2c req-5cc29a0a-3b33-4da4-944b-48a01a2b662f 19b1c5d616224567a5f8865c16c248fd 890b6f60173f4f5e8db97dd9f780ce83 - - 31cd863d39cd4bd491f608bd169b5836 31cd863d39cd4bd491f608bd169b5836] 10.0.0.208 "GET /v2.0/security-groups?id=4b964011-82df-447a-82a4-1e1ae654087f&fields=id&fields=name HTTP/1.1" status: 200 len: 313 time: 0.0646756
2026-04-21 18:56:29.418 10 INFO neutron.db.ovn_revision_numbers_db [None req-dceb0b9a-9d10-4954-b485-41370f18b3a0 - - - - - -] Successfully bumped revision number for resource b128284a-0900-4161-abc4-112c915c7330 (type: ports) to 2
2026-04-21 18:56:29.569 10 INFO neutron.db.ovn_revision_numbers_db [None req-dceb0b9a-9d10-4954-b485-41370f18b3a0 - - - - - -] Successfully bumped revision number for resource b128284a-0900-4161-abc4-112c915c7330 (type: router_ports) to 2
2026-04-21 18:56:29.814 9 INFO neutron.db.ovn_revision_numbers_db [None req-82bbe973-cd87-4321-b117-424d44f262de e2af8dfd625441fe84eca71f21ba7d39 d74906373fa7479cbb49bb46e47abbf7 - - default default] Successfully bumped revision number for resource c7c8c904-d584-448e-a4d8-4f2a41390e08 (type: routers) to 2
2026-04-21 18:56:29.818 9 INFO neutron.wsgi [None req-82bbe973-cd87-4321-b117-424d44f262de e2af8dfd625441fe84eca71f21ba7d39 d74906373fa7479cbb49bb46e47abbf7 - - default default] 10.0.0.30 "PUT /v2.0/routers/c7c8c904-d584-448e-a4d8-4f2a41390e08 HTTP/1.1" status: 200 len: 662 time: 0.4408228
2026-04-21 18:56:29.846 9 INFO neutron.wsgi [None req-a5cf8c8a-aaea-48f8-b2bb-5da28f6ff846 e2af8dfd625441fe84eca71f21ba7d39 d74906373fa7479cbb49bb46e47abbf7 - - default default] 10.0.0.30 "GET /v2.0/ports?device_id=c7c8c904-d584-448e-a4d8-4f2a41390e08 HTTP/1.1" status: 200 len: 205 time: 0.0220253
2026-04-21 18:56:30.096 9 INFO neutron.wsgi [None req-897b09f9-b499-4f20-90ec-33318f6aa999 e2af8dfd625441fe84eca71f21ba7d39 d74906373fa7479cbb49bb46e47abbf7 - - default default] 10.0.0.30 "DELETE /v2.0/routers/c7c8c904-d584-448e-a4d8-4f2a41390e08 HTTP/1.1" status: 204 len: 168 time: 0.2437997
2026-04-21 18:56:30.103 10 INFO neutron.db.ovn_revision_numbers_db [None req-fb76fa64-ca39-46b2-8f70-290be9329749 e0485c9aab5b4908a0298db2633dcd2b 523c342a98024c48a1ce0cda37582ced - - default default] Successfully bumped revision number for resource b128284a-0900-4161-abc4-112c915c7330 (type: router_ports) to 2
2026-04-21 18:56:30.107 10 INFO neutron.wsgi [None req-fb76fa64-ca39-46b2-8f70-290be9329749 e0485c9aab5b4908a0298db2633dcd2b 523c342a98024c48a1ce0cda37582ced - - default default] 10.0.0.30 "PUT /v2.0/routers/02f46c78-3b7f-4161-bc38-e62f23a4bb5a/add_router_interface HTTP/1.1" status: 200 len: 503 time: 3.0307841
2026-04-21 18:56:30.165 9 INFO neutron.wsgi [None req-e28e14cd-fd81-47cc-bdf2-c3c574cb2097 e2af8dfd625441fe84eca71f21ba7d39 d74906373fa7479cbb49bb46e47abbf7 - - default default] 10.0.0.30 "GET /v2.0/routers/19707cbf-ead2-44c3-b22d-2ca66f62736d HTTP/1.1" status: 200 len: 655 time: 0.0623953
2026-04-21 18:56:30.599 9 INFO neutron.wsgi [None req-2d61c8bc-8f37-4764-9dc8-065b5aac3502 e2af8dfd625441fe84eca71f21ba7d39 d74906373fa7479cbb49bb46e47abbf7 - - default default] 10.0.0.30 "PUT /v2.0/routers/19707cbf-ead2-44c3-b22d-2ca66f62736d HTTP/1.1" status: 200 len: 655 time: 0.4279664
2026-04-21 18:56:30.623 9 INFO neutron.wsgi [None req-37201f15-7dbe-452e-a8ee-d8e0fdce4ff8 e2af8dfd625441fe84eca71f21ba7d39 d74906373fa7479cbb49bb46e47abbf7 - - default default] 10.0.0.30 "GET /v2.0/ports?device_id=19707cbf-ead2-44c3-b22d-2ca66f62736d HTTP/1.1" status: 200 len: 205 time: 0.0181551
2026-04-21 18:56:30.827 9 INFO neutron.wsgi [None req-d41330f0-772a-4b22-8d6c-a96f76f606d4 e2af8dfd625441fe84eca71f21ba7d39 d74906373fa7479cbb49bb46e47abbf7 - - default default] 10.0.0.30 "DELETE /v2.0/routers/19707cbf-ead2-44c3-b22d-2ca66f62736d HTTP/1.1" status: 204 len: 168 time: 0.1998448
2026-04-21 18:56:30.898 10 INFO neutron.db.ovn_revision_numbers_db [None req-7aefa631-e6fa-4bf2-86af-ae8dbdd70308 a7280e6e22074ff5854129d72d343d41 0ef3c2296f7f4633911292cdad25edc7 - - default default] Successfully bumped revision number for resource 616ba8da-7a85-4cbe-aec8-9edef441cfac (type: security_groups) to 1
2026-04-21 18:56:30.913 10 INFO neutron.db.ovn_revision_numbers_db [None req-7aefa631-e6fa-4bf2-86af-ae8dbdd70308 a7280e6e22074ff5854129d72d343d41 0ef3c2296f7f4633911292cdad25edc7 - - default default] Successfully bumped revision number for resource 2ce43d5d-c0b3-4f75-8351-ee7876b71e6f (type: security_group_rules) to 0
2026-04-21 18:56:30.933 9 INFO neutron.wsgi [None req-90d30c31-0d75-4e7e-b8f1-5062b54a909e 8e046bb8756b40d39cf569bd439b534f 17c4683c4e954b5e873ef71e4f12e55f - - default default] 10.0.0.30 "GET /v2.0/ports?project_id=594f5a9f377841b2be0ec10225c3811d&network_id=8ae3b959-9f41-4de3-bbb9-b439064e2717 HTTP/1.1" status: 200 len: 3514 time: 0.0442770
2026-04-21 18:56:30.934 10 INFO neutron.db.ovn_revision_numbers_db [None req-7aefa631-e6fa-4bf2-86af-ae8dbdd70308 a7280e6e22074ff5854129d72d343d41 0ef3c2296f7f4633911292cdad25edc7 - - default default] Successfully bumped revision number for resource 69852fc3-7dc0-4a92-8326-a9ef84431b2e (type: security_group_rules) to 0
2026-04-21 18:56:30.964 10 INFO neutron.wsgi [None req-7aefa631-e6fa-4bf2-86af-ae8dbdd70308 a7280e6e22074ff5854129d72d343d41 0ef3c2296f7f4633911292cdad25edc7 - - default default] 10.0.0.30 "POST /v2.0/security-groups HTTP/1.1" status: 201 len: 1811 time: 0.1840932
2026-04-21 18:56:31.082 9 INFO neutron.db.ovn_revision_numbers_db [None req-5b0cbc2a-5a65-48f0-bf17-33968faa0bfe a7280e6e22074ff5854129d72d343d41 0ef3c2296f7f4633911292cdad25edc7 - - default default] Successfully bumped revision number for resource 2895a08c-1ea4-461a-a2c9-356829da2750 (type: security_group_rules) to 0
2026-04-21 18:56:31.105 9 INFO neutron.wsgi [None req-5b0cbc2a-5a65-48f0-bf17-33968faa0bfe a7280e6e22074ff5854129d72d343d41 0ef3c2296f7f4633911292cdad25edc7 - - default default] 10.0.0.30 "POST /v2.0/security-group-rules HTTP/1.1" status: 201 len: 764 time: 0.1353645
2026-04-21 18:56:31.223 9 INFO neutron.wsgi [None req-080961b4-6790-439a-9263-ff5adace956a 8e046bb8756b40d39cf569bd439b534f 17c4683c4e954b5e873ef71e4f12e55f - - default default] 10.0.0.30 "GET /v2.0/subnets?network_id=e417b651-0188-41d9-b617-5b39c0cfe9cd HTTP/1.1" status: 200 len: 838 time: 0.0394490
2026-04-21 18:56:31.256 9 INFO neutron.db.ovn_revision_numbers_db [None req-9426a36d-378d-463e-a48f-10dec609f98f a7280e6e22074ff5854129d72d343d41 0ef3c2296f7f4633911292cdad25edc7 - - default default] Successfully bumped revision number for resource 96aa31f9-8070-44dd-9245-81faf216014a (type: security_group_rules) to 0
2026-04-21 18:56:31.281 9 INFO neutron.wsgi [None req-9426a36d-378d-463e-a48f-10dec609f98f a7280e6e22074ff5854129d72d343d41 0ef3c2296f7f4633911292cdad25edc7 - - default default] 10.0.0.30 "POST /v2.0/security-group-rules HTTP/1.1" status: 201 len: 763 time: 0.1695988
2026-04-21 18:56:31.413 9 INFO neutron.db.ovn_revision_numbers_db [None req-d0e50301-b44f-4501-89db-ef8bdc0fcaef a7280e6e22074ff5854129d72d343d41 0ef3c2296f7f4633911292cdad25edc7 - - default default] Successfully bumped revision number for resource 77f5267d-7d21-4367-83ad-8b317fb09f49 (type: security_group_rules) to 0
2026-04-21 18:56:31.445 9 INFO neutron.wsgi [None req-d0e50301-b44f-4501-89db-ef8bdc0fcaef a7280e6e22074ff5854129d72d343d41 0ef3c2296f7f4633911292cdad25edc7 - - default default] 10.0.0.30 "POST /v2.0/security-group-rules HTTP/1.1" status: 201 len: 769 time: 0.1577926
2026-04-21 18:56:31.558 10 INFO neutron.db.l3_db [None req-caf6841b-40ee-4fb3-9219-25ae28ee1309 220376d2830641d0a34a924704bdbdc9 594f5a9f377841b2be0ec10225c3811d - - default default] Floating IP 96b43dcd-7c55-43e9-8caa-c7c12c3fe95d disassociated. External IP: 10.96.250.211, port: 0dfc09cb-f4ea-49b7-b9e5-61c0aea86569.
2026-04-21 18:56:31.586 9 INFO neutron.db.ovn_revision_numbers_db [None req-e0a01964-3480-4cd3-81f5-1be4b22e8780 a7280e6e22074ff5854129d72d343d41 0ef3c2296f7f4633911292cdad25edc7 - - default default] Successfully bumped revision number for resource edb6d26e-9915-4d7d-b039-8f7ddec6939d (type: security_group_rules) to 0
2026-04-21 18:56:31.598 10 INFO neutron.db.ovn_revision_numbers_db [None req-caf6841b-40ee-4fb3-9219-25ae28ee1309 220376d2830641d0a34a924704bdbdc9 594f5a9f377841b2be0ec10225c3811d - - default default] Successfully bumped revision number for resource 96b43dcd-7c55-43e9-8caa-c7c12c3fe95d (type: floatingips) to 2
2026-04-21 18:56:31.612 9 INFO neutron.wsgi [None req-e0a01964-3480-4cd3-81f5-1be4b22e8780 a7280e6e22074ff5854129d72d343d41 0ef3c2296f7f4633911292cdad25edc7 - - default default] 10.0.0.30 "POST /v2.0/security-group-rules HTTP/1.1" status: 201 len: 768 time: 0.1617584
2026-04-21 18:56:31.641 9 INFO neutron.db.securitygroups_db [None req-84577897-54f4-427b-80f8-e4fab2f7b864 a7280e6e22074ff5854129d72d343d41 0ef3c2296f7f4633911292cdad25edc7 - - default default] Project 0ef3c2296f7f4633911292cdad25edc7 added a security group rule with legacy IPv6 ICMP protocol name icmp, ipv6-icmp should be used instead. It was automatically converted.
2026-04-21 18:56:31.782 9 INFO neutron.db.ovn_revision_numbers_db [None req-84577897-54f4-427b-80f8-e4fab2f7b864 a7280e6e22074ff5854129d72d343d41 0ef3c2296f7f4633911292cdad25edc7 - - default default] Successfully bumped revision number for resource 71426941-3b21-4676-8f8f-a3ed7e8b87da (type: security_group_rules) to 0
2026-04-21 18:56:31.808 9 INFO neutron.wsgi [None req-84577897-54f4-427b-80f8-e4fab2f7b864 a7280e6e22074ff5854129d72d343d41 0ef3c2296f7f4633911292cdad25edc7 - - default default] 10.0.0.30 "POST /v2.0/security-group-rules HTTP/1.1" status: 201 len: 774 time: 0.1896210
2026-04-21 18:56:31.837 9 INFO neutron.db.securitygroups_db [None req-acaf7db1-cddf-40a5-b77f-5fb1d3cdb66c a7280e6e22074ff5854129d72d343d41 0ef3c2296f7f4633911292cdad25edc7 - - default default] Project 0ef3c2296f7f4633911292cdad25edc7 added a security group rule with legacy IPv6 ICMP protocol name icmp, ipv6-icmp should be used instead. It was automatically converted.
2026-04-21 18:56:31.973 9 INFO neutron.db.ovn_revision_numbers_db [None req-acaf7db1-cddf-40a5-b77f-5fb1d3cdb66c a7280e6e22074ff5854129d72d343d41 0ef3c2296f7f4633911292cdad25edc7 - - default default] Successfully bumped revision number for resource fd7eca81-66c9-46fc-a95f-2aab97184b26 (type: security_group_rules) to 0
2026-04-21 18:56:31.984 9 INFO neutron.db.ovn_revision_numbers_db [None req-b0b345f3-5f63-4fb2-80fa-9650bc9da1c4 e0485c9aab5b4908a0298db2633dcd2b 523c342a98024c48a1ce0cda37582ced - - default default] Successfully bumped revision number for resource a38686ce-e9c0-43d9-8cb7-621b9eba6181 (type: security_groups) to 1
2026-04-21 18:56:31.998 9 INFO neutron.wsgi [None req-acaf7db1-cddf-40a5-b77f-5fb1d3cdb66c a7280e6e22074ff5854129d72d343d41 0ef3c2296f7f4633911292cdad25edc7 - - default default] 10.0.0.30 "POST /v2.0/security-group-rules HTTP/1.1" status: 201 len: 773 time: 0.1838374
2026-04-21 18:56:32.005 9 INFO neutron.db.ovn_revision_numbers_db [None req-b0b345f3-5f63-4fb2-80fa-9650bc9da1c4 e0485c9aab5b4908a0298db2633dcd2b 523c342a98024c48a1ce0cda37582ced - - default default] Successfully bumped revision number for resource 9320168d-b09a-42ad-804e-efdce2d37c5b (type: security_group_rules) to 0
2026-04-21 18:56:32.019 9 INFO neutron.db.ovn_revision_numbers_db [None req-b0b345f3-5f63-4fb2-80fa-9650bc9da1c4 e0485c9aab5b4908a0298db2633dcd2b 523c342a98024c48a1ce0cda37582ced - - default default] Successfully bumped revision number for resource a3bda57e-cf9f-4d68-8b3a-293592989e24 (type: security_group_rules) to 0
2026-04-21 18:56:32.033 9 INFO neutron.db.ovn_revision_numbers_db [None req-b0b345f3-5f63-4fb2-80fa-9650bc9da1c4 e0485c9aab5b4908a0298db2633dcd2b 523c342a98024c48a1ce0cda37582ced - - default default] Successfully bumped revision number for resource c70ea617-e6d2-4bb5-9d82-468b8e3b1d18 (type: security_group_rules) to 0
2026-04-21 18:56:32.050 9 INFO neutron.db.ovn_revision_numbers_db [None req-b0b345f3-5f63-4fb2-80fa-9650bc9da1c4 e0485c9aab5b4908a0298db2633dcd2b 523c342a98024c48a1ce0cda37582ced - - default default] Successfully bumped revision number for resource f5adf94c-3d78-4c8b-bd01-95acf0ac01d1 (type: security_group_rules) to 0
2026-04-21 18:56:32.072 9 INFO neutron.wsgi [None req-b0b345f3-5f63-4fb2-80fa-9650bc9da1c4 e0485c9aab5b4908a0298db2633dcd2b 523c342a98024c48a1ce0cda37582ced - - default default] 10.0.0.30 "GET /v2.0/security-groups?tenant_id=d74906373fa7479cbb49bb46e47abbf7&name=default HTTP/1.1" status: 200 len: 2996 time: 0.4004121
2026-04-21 18:56:32.113 10 INFO neutron.wsgi [None req-caf6841b-40ee-4fb3-9219-25ae28ee1309 220376d2830641d0a34a924704bdbdc9 594f5a9f377841b2be0ec10225c3811d - - default default] 10.0.0.30 "PUT /v2.0/floatingips/96b43dcd-7c55-43e9-8caa-c7c12c3fe95d HTTP/1.1" status: 200 len: 748 time: 0.6981463
2026-04-21 18:56:32.152 10 INFO neutron.notifiers.nova [-] Nova event matching ['req-fd302fca-555a-4c6d-a176-fb305d251202'] response: {'name': 'network-changed', 'server_uuid': '2f4ff533-b959-4b95-9527-9b2dd159bd67', 'tag': '0dfc09cb-f4ea-49b7-b9e5-61c0aea86569', 'status': 'completed', 'code': 200}
2026-04-21 18:56:32.154 10 INFO neutron.wsgi [None req-26ad5772-d2a1-4c02-a1df-dbc777aff7e7 220376d2830641d0a34a924704bdbdc9 594f5a9f377841b2be0ec10225c3811d - - default default] 10.0.0.30 "GET /v2.0/floatingips/96b43dcd-7c55-43e9-8caa-c7c12c3fe95d HTTP/1.1" status: 200 len: 746 time: 0.0333397
2026-04-21 18:56:32.216 9 INFO neutron.wsgi [req-312340da-9282-441c-bc0b-09c46000a2e9 req-5ee57c5d-856e-4197-9efb-55fc91f45708 19b1c5d616224567a5f8865c16c248fd 890b6f60173f4f5e8db97dd9f780ce83 - - 31cd863d39cd4bd491f608bd169b5836 31cd863d39cd4bd491f608bd169b5836] 199.204.45.223 "GET /v2.0/ports?tenant_id=594f5a9f377841b2be0ec10225c3811d&device_id=2f4ff533-b959-4b95-9527-9b2dd159bd67 HTTP/1.1" status: 200 len: 1413 time: 0.0403132
2026-04-21 18:56:32.292 9 INFO neutron.wsgi [req-312340da-9282-441c-bc0b-09c46000a2e9 req-36cdbf21-51dc-4ece-bbc4-7bb8c43c88c0 19b1c5d616224567a5f8865c16c248fd 890b6f60173f4f5e8db97dd9f780ce83 - - 31cd863d39cd4bd491f608bd169b5836 31cd863d39cd4bd491f608bd169b5836] 199.204.45.223 "GET /v2.0/networks?id=8ae3b959-9f41-4de3-bbb9-b439064e2717 HTTP/1.1" status: 200 len: 959 time: 0.0676706
2026-04-21 18:56:32.324 9 INFO neutron.wsgi [req-312340da-9282-441c-bc0b-09c46000a2e9 req-48e167e5-2b65-4151-a7ec-cb27ec7dc1f0 19b1c5d616224567a5f8865c16c248fd 890b6f60173f4f5e8db97dd9f780ce83 - - 31cd863d39cd4bd491f608bd169b5836 31cd863d39cd4bd491f608bd169b5836] 199.204.45.223 "GET /v2.0/floatingips?fixed_ip_address=10.100.0.11&port_id=0dfc09cb-f4ea-49b7-b9e5-61c0aea86569 HTTP/1.1" status: 200 len: 217 time: 0.0243762
2026-04-21 18:56:32.359 9 INFO neutron.wsgi [req-312340da-9282-441c-bc0b-09c46000a2e9 req-7c7e04a5-a184-46d8-b38a-f085b2a4b007 19b1c5d616224567a5f8865c16c248fd 890b6f60173f4f5e8db97dd9f780ce83 - - 31cd863d39cd4bd491f608bd169b5836 31cd863d39cd4bd491f608bd169b5836] 199.204.45.223 "GET /v2.0/subnets?id=1e825a8c-693c-41cf-84ba-8464491769a1 HTTP/1.1" status: 200 len: 852 time: 0.0290701
2026-04-21 18:56:32.378 9 INFO neutron.wsgi [None req-9af63a91-1667-4a7b-8128-bc2043f2d6ff e0485c9aab5b4908a0298db2633dcd2b 523c342a98024c48a1ce0cda37582ced - - default default] 10.0.0.30 "DELETE /v2.0/security-groups/a38686ce-e9c0-43d9-8cb7-621b9eba6181 HTTP/1.1" status: 204 len: 168 time: 0.2930162
2026-04-21 18:56:32.385 9 INFO neutron.wsgi [req-312340da-9282-441c-bc0b-09c46000a2e9 req-0e757656-a8c9-485d-bdb2-54284d951e8e 19b1c5d616224567a5f8865c16c248fd 890b6f60173f4f5e8db97dd9f780ce83 - - 31cd863d39cd4bd491f608bd169b5836 31cd863d39cd4bd491f608bd169b5836] 199.204.45.223 "GET /v2.0/ports?network_id=8ae3b959-9f41-4de3-bbb9-b439064e2717&device_owner=network%3Adhcp HTTP/1.1" status: 200 len: 210 time: 0.0209124
2026-04-21 18:56:32.424 10 INFO neutron.wsgi [-] 10.0.0.27 "GET / HTTP/1.1" status: 200 len: 246 time: 0.0022528
2026-04-21 18:56:32.426 10 INFO neutron.wsgi [-] 10.0.0.27 "GET / HTTP/1.1" status: 200 len: 246 time: 0.0013146
2026-04-21 18:56:32.451 9 INFO neutron.wsgi [req-312340da-9282-441c-bc0b-09c46000a2e9 req-32dcefe4-052a-4530-8cf1-734b7babb53d 19b1c5d616224567a5f8865c16c248fd 890b6f60173f4f5e8db97dd9f780ce83 - - 31cd863d39cd4bd491f608bd169b5836 31cd863d39cd4bd491f608bd169b5836] 199.204.45.223 "GET /v2.0/networks/8ae3b959-9f41-4de3-bbb9-b439064e2717?fields=segments HTTP/1.1" status: 200 len: 212 time: 0.0576429
2026-04-21 18:56:32.533 9 INFO neutron.wsgi [req-312340da-9282-441c-bc0b-09c46000a2e9 req-7cb2e8b8-6e50-47b0-86fc-4cd266b58b61 19b1c5d616224567a5f8865c16c248fd 890b6f60173f4f5e8db97dd9f780ce83 - - 31cd863d39cd4bd491f608bd169b5836 31cd863d39cd4bd491f608bd169b5836] 199.204.45.223 "GET /v2.0/networks/8ae3b959-9f41-4de3-bbb9-b439064e2717?fields=provider%3Aphysical_network&fields=provider%3Anetwork_type HTTP/1.1" status: 200 len: 277 time: 0.0747252
2026-04-21 18:56:32.548 10 INFO neutron.db.ovn_revision_numbers_db [None req-fdee22d6-13b4-43d2-8b72-4fbf186d1bda a7280e6e22074ff5854129d72d343d41 0ef3c2296f7f4633911292cdad25edc7 - - default default] Successfully bumped revision number for resource 987d24d3-665a-4dd1-b192-f026ef16569f (type: security_groups) to 1
2026-04-21 18:56:32.568 10 INFO neutron.db.ovn_revision_numbers_db [None req-fdee22d6-13b4-43d2-8b72-4fbf186d1bda a7280e6e22074ff5854129d72d343d41 0ef3c2296f7f4633911292cdad25edc7 - - default default] Successfully bumped revision number for resource 555d12ac-9fdd-407f-aeb5-690a414b9928 (type: security_group_rules) to 0
2026-04-21 18:56:32.587 10 INFO neutron.db.ovn_revision_numbers_db [None req-fdee22d6-13b4-43d2-8b72-4fbf186d1bda a7280e6e22074ff5854129d72d343d41 0ef3c2296f7f4633911292cdad25edc7 - - default default] Successfully bumped revision number for resource ac2dd2c3-03b0-4672-b9ed-cff0e16bd012 (type: security_group_rules) to 0
2026-04-21 18:56:32.604 9 INFO neutron.db.ovn_revision_numbers_db [None req-c2e01669-1a7a-4fc5-8dca-8d413920fad6 e0485c9aab5b4908a0298db2633dcd2b 523c342a98024c48a1ce0cda37582ced - - default default] Successfully bumped revision number for resource df3f7870-413f-49e5-b976-eef4ce52d52f (type: security_groups) to 1
2026-04-21 18:56:32.606 10 INFO neutron.wsgi [None req-fdee22d6-13b4-43d2-8b72-4fbf186d1bda a7280e6e22074ff5854129d72d343d41 0ef3c2296f7f4633911292cdad25edc7 - - default default] 10.0.0.30 "POST /v2.0/security-groups HTTP/1.1" status: 201 len: 1796 time: 0.1856339
2026-04-21 18:56:32.617 9 INFO neutron.db.ovn_revision_numbers_db [None req-c2e01669-1a7a-4fc5-8dca-8d413920fad6 e0485c9aab5b4908a0298db2633dcd2b 523c342a98024c48a1ce0cda37582ced - - default default] Successfully bumped revision number for resource 36e5d82d-821e-4ef4-9255-b3e11e98ed4b (type: security_group_rules) to 0
2026-04-21 18:56:32.630 9 INFO neutron.db.ovn_revision_numbers_db [None req-c2e01669-1a7a-4fc5-8dca-8d413920fad6 e0485c9aab5b4908a0298db2633dcd2b 523c342a98024c48a1ce0cda37582ced - - default default] Successfully bumped revision number for resource 405c4d0b-46dd-4919-8401-57b0c9243223 (type: security_group_rules) to 0
2026-04-21 18:56:32.643 9 INFO neutron.db.ovn_revision_numbers_db [None req-c2e01669-1a7a-4fc5-8dca-8d413920fad6 e0485c9aab5b4908a0298db2633dcd2b 523c342a98024c48a1ce0cda37582ced - - default default] Successfully bumped revision number for resource 419ef15d-a2da-4b52-b858-85ad4d9f0cb4 (type: security_group_rules) to 0
2026-04-21 18:56:32.654 9 INFO neutron.db.ovn_revision_numbers_db [None req-c2e01669-1a7a-4fc5-8dca-8d413920fad6 e0485c9aab5b4908a0298db2633dcd2b 523c342a98024c48a1ce0cda37582ced - - default default] Successfully bumped revision number for resource 7fb98ffd-1eb3-4749-8964-34a30753c93e (type: security_group_rules) to 0
2026-04-21 18:56:32.680 9 INFO neutron.wsgi [None req-c2e01669-1a7a-4fc5-8dca-8d413920fad6 e0485c9aab5b4908a0298db2633dcd2b 523c342a98024c48a1ce0cda37582ced - - default default] 10.0.0.30 "GET /v2.0/security-groups?tenant_id=0e214adefd5d47b1be45013287511a1b&name=default HTTP/1.1" status: 200 len: 2996 time: 0.1953232
2026-04-21 18:56:32.753 10 INFO neutron.db.ovn_revision_numbers_db [None req-798ac68a-5e47-42cd-80ba-98b761458d4f a7280e6e22074ff5854129d72d343d41 0ef3c2296f7f4633911292cdad25edc7 - - default default] Successfully bumped revision number for resource 912127c3-7e3e-462e-817d-e4e0324c0f8d (type: security_group_rules) to 0
2026-04-21 18:56:32.781 10 INFO neutron.wsgi [None req-798ac68a-5e47-42cd-80ba-98b761458d4f a7280e6e22074ff5854129d72d343d41 0ef3c2296f7f4633911292cdad25edc7 - - default default] 10.0.0.30 "POST /v2.0/security-group-rules HTTP/1.1" status: 201 len: 764 time: 0.1675229
2026-04-21 18:56:32.917 10 INFO neutron.wsgi [None req-00703971-ddb1-4e25-a26a-d6b654c0160a e0485c9aab5b4908a0298db2633dcd2b 523c342a98024c48a1ce0cda37582ced - - default default] 10.0.0.30 "DELETE /v2.0/security-groups/df3f7870-413f-49e5-b976-eef4ce52d52f HTTP/1.1" status: 204 len: 168 time: 0.2244353
2026-04-21 18:56:32.921 9 INFO neutron.db.ovn_revision_numbers_db [None req-0816e37e-0163-41c6-a617-d3e8a649125c a7280e6e22074ff5854129d72d343d41 0ef3c2296f7f4633911292cdad25edc7 - - default default] Successfully bumped revision number for resource 7f87f335-81cf-4da1-b8e5-0c9404d7fbc0 (type: security_group_rules) to 0
2026-04-21 18:56:32.952 9 INFO neutron.wsgi [None req-0816e37e-0163-41c6-a617-d3e8a649125c a7280e6e22074ff5854129d72d343d41 0ef3c2296f7f4633911292cdad25edc7 - - default default] 10.0.0.30 "POST /v2.0/security-group-rules HTTP/1.1" status: 201 len: 769 time: 0.1646240
2026-04-21 18:56:33.240 9 INFO neutron.db.ovn_revision_numbers_db [None req-8dc85eb9-05d8-4b64-9b0c-265f11649dce e0485c9aab5b4908a0298db2633dcd2b 523c342a98024c48a1ce0cda37582ced - - default default] Successfully bumped revision number for resource 90c8d904-9c9f-41bf-9b66-d0041321450a (type: security_groups) to 1
2026-04-21 18:56:33.264 9 WARNING neutron.scheduler.dhcp_agent_scheduler [None req-83acd121-ed2c-4364-b0c3-62c3efab4736 a7280e6e22074ff5854129d72d343d41 0ef3c2296f7f4633911292cdad25edc7 - - default default] No more DHCP agents
2026-04-21 18:56:33.266 9 WARNING neutron.api.rpc.agentnotifiers.dhcp_rpc_agent_api [None req-83acd121-ed2c-4364-b0c3-62c3efab4736 a7280e6e22074ff5854129d72d343d41 0ef3c2296f7f4633911292cdad25edc7 - - default default] Unable to schedule network e417b651-0188-41d9-b617-5b39c0cfe9cd: no agents available; will retry on subsequent port and subnet creation events.
2026-04-21 18:56:33.267 9 INFO neutron.db.ovn_revision_numbers_db [None req-8dc85eb9-05d8-4b64-9b0c-265f11649dce e0485c9aab5b4908a0298db2633dcd2b 523c342a98024c48a1ce0cda37582ced - - default default] Successfully bumped revision number for resource 39b8e32e-646b-462d-8cca-11258c764510 (type: security_group_rules) to 0
2026-04-21 18:56:33.285 9 INFO neutron.db.ovn_revision_numbers_db [None req-8dc85eb9-05d8-4b64-9b0c-265f11649dce e0485c9aab5b4908a0298db2633dcd2b 523c342a98024c48a1ce0cda37582ced - - default default] Successfully bumped revision number for resource 62a2cecb-665a-4b1e-a9ff-e7b1b201495b (type: security_group_rules) to 0
2026-04-21 18:56:33.304 9 INFO neutron.db.ovn_revision_numbers_db [None req-8dc85eb9-05d8-4b64-9b0c-265f11649dce e0485c9aab5b4908a0298db2633dcd2b 523c342a98024c48a1ce0cda37582ced - - default default] Successfully bumped revision number for resource edd164b0-0ffc-4ea4-b49c-1a81bce935dd (type: security_group_rules) to 0
2026-04-21 18:56:33.318 9 INFO neutron.db.ovn_revision_numbers_db [None req-8dc85eb9-05d8-4b64-9b0c-265f11649dce e0485c9aab5b4908a0298db2633dcd2b 523c342a98024c48a1ce0cda37582ced - - default default] Successfully bumped revision number for resource f98de3df-36c0-495c-9b74-215025ab1adf (type: security_group_rules) to 0
2026-04-21 18:56:33.346 10 INFO neutron.db.ovn_revision_numbers_db [None req-ef0d23fc-8d82-42d2-82ec-5812e543dd11 220376d2830641d0a34a924704bdbdc9 594f5a9f377841b2be0ec10225c3811d - - default default] Successfully bumped revision number for resource c071f029-bc56-4871-85d7-f8304dff0e44 (type: security_groups) to 1
2026-04-21 18:56:33.350 9 INFO neutron.wsgi [None req-8dc85eb9-05d8-4b64-9b0c-265f11649dce e0485c9aab5b4908a0298db2633dcd2b 523c342a98024c48a1ce0cda37582ced - - default default] 10.0.0.30 "GET /v2.0/security-groups?tenant_id=47b3b41956594815be2c671f5a299c79&name=default HTTP/1.1" status: 200 len: 2996 time: 0.2711718
2026-04-21 18:56:33.369 10 INFO neutron.db.ovn_revision_numbers_db [None req-ef0d23fc-8d82-42d2-82ec-5812e543dd11 220376d2830641d0a34a924704bdbdc9 594f5a9f377841b2be0ec10225c3811d - - default default] Successfully bumped revision number for resource 7e9e313f-8450-4890-b129-758c84024e09 (type: security_group_rules) to 0
2026-04-21 18:56:33.391 10 INFO neutron.db.ovn_revision_numbers_db [None req-ef0d23fc-8d82-42d2-82ec-5812e543dd11 220376d2830641d0a34a924704bdbdc9 594f5a9f377841b2be0ec10225c3811d - - default default] Successfully bumped revision number for resource e02654b8-c2e3-4ad8-8064-b4a5eabb2e51 (type: security_group_rules) to 0
2026-04-21 18:56:33.414 10 INFO neutron.wsgi [None req-ef0d23fc-8d82-42d2-82ec-5812e543dd11 220376d2830641d0a34a924704bdbdc9 594f5a9f377841b2be0ec10225c3811d - - default default] 10.0.0.30 "POST /v2.0/security-groups HTTP/1.1" status: 201 len: 1811 time: 0.1905737
2026-04-21 18:56:33.567 10 INFO neutron.db.ovn_revision_numbers_db [None req-2f755a66-51bd-41a8-9968-32095a6e9b20 220376d2830641d0a34a924704bdbdc9 594f5a9f377841b2be0ec10225c3811d - - default default] Successfully bumped revision number for resource 6c84bfb8-12d8-4097-a901-6484af289198 (type: security_group_rules) to 0
2026-04-21 18:56:33.595 10 INFO neutron.wsgi [None req-2f755a66-51bd-41a8-9968-32095a6e9b20 220376d2830641d0a34a924704bdbdc9 594f5a9f377841b2be0ec10225c3811d - - default default] 10.0.0.30 "POST /v2.0/security-group-rules HTTP/1.1" status: 201 len: 764 time: 0.1752923
2026-04-21 18:56:33.609 10 INFO neutron.wsgi [None req-5871dc9b-04d4-46bb-927f-6dd2e9bb0e13 e0485c9aab5b4908a0298db2633dcd2b 523c342a98024c48a1ce0cda37582ced - - default default] 10.0.0.30 "DELETE /v2.0/security-groups/90c8d904-9c9f-41bf-9b66-d0041321450a HTTP/1.1" status: 204 len: 168 time: 0.2517402
2026-04-21 18:56:33.616 9 INFO neutron.db.ovn_revision_numbers_db [None req-83acd121-ed2c-4364-b0c3-62c3efab4736 a7280e6e22074ff5854129d72d343d41 0ef3c2296f7f4633911292cdad25edc7 - - default default] Successfully bumped revision number for resource 4e4ea1ac-cb8c-430b-abc0-db8ada0e76ad (type: floatingips) to 0
2026-04-21 18:56:33.631 9 INFO neutron.wsgi [None req-83acd121-ed2c-4364-b0c3-62c3efab4736 a7280e6e22074ff5854129d72d343d41 0ef3c2296f7f4633911292cdad25edc7 - - default default] 10.0.0.30 "POST /v2.0/floatingips HTTP/1.1" status: 201 len: 751 time: 0.6725760
2026-04-21 18:56:33.743 9 INFO neutron.db.ovn_revision_numbers_db [None req-7e25ad82-e698-4447-8364-ba05b0389252 220376d2830641d0a34a924704bdbdc9 594f5a9f377841b2be0ec10225c3811d - - default default] Successfully bumped revision number for resource 078a51e3-eb85-4e67-86c3-ea524b4874ff (type: security_group_rules) to 0
2026-04-21 18:56:33.755 10 INFO neutron.wsgi [req-d2afec85-f1c3-49f5-a1b0-86aaba8e995b req-f532130a-3b97-4b3b-957a-56f2a3bdd848 a7280e6e22074ff5854129d72d343d41 0ef3c2296f7f4633911292cdad25edc7 - - default default] 10.0.0.199 "GET /v2.0/security-groups?name=tempest-secgroup-smoke-1640635276&fields=id&tenant_id=0ef3c2296f7f4633911292cdad25edc7 HTTP/1.1" status: 200 len: 267 time: 0.0501320
2026-04-21 18:56:33.767 9 INFO neutron.wsgi [None req-7e25ad82-e698-4447-8364-ba05b0389252 220376d2830641d0a34a924704bdbdc9 594f5a9f377841b2be0ec10225c3811d - - default default] 10.0.0.30 "POST /v2.0/security-group-rules HTTP/1.1" status: 201 len: 763 time: 0.1664252
