2026-04-21 18:55:03.285 10 INFO neutron.wsgi [None req-61a965fc-6610-416e-bfd8-65df9043679b 51210ff2caf348aba1d48e099831e1e5 efd7ca4470e34576a1ec1caacfc6fb6a - - default default] 10.0.0.30 "GET /v2.0/subnets HTTP/1.1" status: 200 len: 2083 time: 0.0520332
2026-04-21 18:55:03.552 9 INFO neutron.wsgi [None req-d7bf95db-b4d1-491e-8b37-d19ce832f6c9 51210ff2caf348aba1d48e099831e1e5 efd7ca4470e34576a1ec1caacfc6fb6a - - default default] 10.0.0.30 "DELETE /v2.0/subnets/7b700bb5-2cd1-46d1-8146-21f341eb2387 HTTP/1.1" status: 204 len: 168 time: 0.2473168
2026-04-21 18:55:03.706 9 INFO neutron.services.segments.plugin [-] Segment f9a0d2dd-433f-4d1c-8c59-ebae41c2877a resource provider aggregate not found
2026-04-21 18:55:03.712 9 INFO neutron.services.segments.plugin [-] Segment f9a0d2dd-433f-4d1c-8c59-ebae41c2877a resource provider aggregate not found
2026-04-21 18:55:03.727 9 INFO neutron.services.segments.plugin [-] Segment f9a0d2dd-433f-4d1c-8c59-ebae41c2877a resource provider not found; error: Placement Client Error (4xx): {"errors": [{"status": 404, "title": "Not Found", "detail": "The resource could not be found.\n\n No resource provider with uuid f9a0d2dd-433f-4d1c-8c59-ebae41c2877a found for delete ", "request_id": "req-001ea3b3-51bb-4887-9e22-d30c911e02fb"}]}
2026-04-21 18:55:03.728 9 INFO neutron.services.segments.plugin [-] Segment f9a0d2dd-433f-4d1c-8c59-ebae41c2877a resource provider not found; error: Placement Client Error (4xx): {"errors": [{"status": 404, "title": "Not Found", "detail": "The resource could not be found.\n\n No resource provider with uuid f9a0d2dd-433f-4d1c-8c59-ebae41c2877a found for delete ", "request_id": "req-1693ab38-a165-494f-873d-6a194f40644e"}]}
2026-04-21 18:55:03.754 9 INFO neutron.wsgi [None req-f9b31d86-86a4-482a-92b8-452040a407af 69250e5e03dd4c58a7318259e32ecc14 402c26e94928475487aa700f72996c52 - - default default] 10.0.0.30 "DELETE /v2.0/networks/0058f24e-9665-4c9d-90b3-2f353f05e40f HTTP/1.1" status: 204 len: 168 time: 0.6856267
2026-04-21 18:55:03.765 10 WARNING neutron.plugins.ml2.drivers.ovn.mech_driver.ovsdb.ovn_client [None req-dceb0b9a-9d10-4954-b485-41370f18b3a0 - - - - - -] No port found with ID 6ae47b10-dfc9-4dc5-b375-7d7ba2f01a6a: RuntimeError: No port found with ID 6ae47b10-dfc9-4dc5-b375-7d7ba2f01a6a
2026-04-21 18:55:03.771 10 INFO neutron.pecan_wsgi.hooks.translation [None req-2ee10637-3791-4fc2-b3f6-defbfef175b7 69250e5e03dd4c58a7318259e32ecc14 402c26e94928475487aa700f72996c52 - - default default] DELETE failed (client error): The resource could not be found.
2026-04-21 18:55:03.773 10 INFO neutron.wsgi [None req-2ee10637-3791-4fc2-b3f6-defbfef175b7 69250e5e03dd4c58a7318259e32ecc14 402c26e94928475487aa700f72996c52 - - default default] 10.0.0.30 "DELETE /v2.0/networks/0058f24e-9665-4c9d-90b3-2f353f05e40f HTTP/1.1" status: 404 len: 339 time: 0.0143466
2026-04-21 18:55:03.805 9 INFO neutron.wsgi [None req-b2259386-91af-4004-a8df-fd0476085a1d 51210ff2caf348aba1d48e099831e1e5 efd7ca4470e34576a1ec1caacfc6fb6a - - default default] 10.0.0.30 "DELETE /v2.0/subnets/fd1d2fbe-2489-44d2-b2e3-cabc3471eee4 HTTP/1.1" status: 204 len: 168 time: 0.2460077
2026-04-21 18:55:03.868 9 INFO neutron.wsgi [None req-25ef4bcd-f1c5-4a74-86c3-eb5b54fbf83c 51210ff2caf348aba1d48e099831e1e5 efd7ca4470e34576a1ec1caacfc6fb6a - - default default] 10.0.0.30 "GET /v2.0/subnets HTTP/1.1" status: 200 len: 820 time: 0.0577714
2026-04-21 18:55:03.879 9 INFO neutron.wsgi [None req-f2254da7-5a51-41cc-919f-8c27e3504556 69250e5e03dd4c58a7318259e32ecc14 402c26e94928475487aa700f72996c52 - - default default] 10.0.0.30 "GET /v2.0/networks?router%3Aexternal=True HTTP/1.1" status: 200 len: 845 time: 0.0994864
2026-04-21 18:55:03.917 9 INFO neutron.wsgi [None req-7d554cda-e584-482f-bb3d-e150b61c054a 69250e5e03dd4c58a7318259e32ecc14 402c26e94928475487aa700f72996c52 - - default default] 10.0.0.30 "GET /v2.0/subnets?network_id=e417b651-0188-41d9-b617-5b39c0cfe9cd HTTP/1.1" status: 200 len: 820 time: 0.0337186
2026-04-21 18:55:03.927 9 INFO neutron.wsgi [None req-683063dc-85e7-46f0-8fb8-27d95a193b15 69250e5e03dd4c58a7318259e32ecc14 402c26e94928475487aa700f72996c52 - - default default] 10.0.0.30 "GET /v2.0/extensions HTTP/1.1" status: 200 len: 16520 time: 0.0046194
2026-04-21 18:55:04.007 9 INFO neutron.wsgi [None req-24f53f4d-1ab0-43b1-bf62-f01e2f248850 69250e5e03dd4c58a7318259e32ecc14 402c26e94928475487aa700f72996c52 - - default default] 10.0.0.30 "GET /v2.0/networks HTTP/1.1" status: 200 len: 1503 time: 0.0722849
2026-04-21 18:55:04.062 9 INFO neutron.wsgi [None req-a0c9b5a1-760f-406d-a329-da55cb5166c1 69250e5e03dd4c58a7318259e32ecc14 402c26e94928475487aa700f72996c52 - - default default] 10.0.0.30 "GET /v2.0/subnets HTTP/1.1" status: 200 len: 1428 time: 0.0487933
2026-04-21 18:55:04.142 9 INFO neutron.wsgi [None req-f4794372-c64e-4aae-a073-cae449512fb2 69250e5e03dd4c58a7318259e32ecc14 402c26e94928475487aa700f72996c52 - - default default] 10.0.0.30 "GET /v2.0/networks/1ecd305e-bab4-46c0-8a25-82eadc80f177 HTTP/1.1" status: 200 len: 862 time: 0.0732768
2026-04-21 18:55:04.190 9 INFO neutron.wsgi [None req-901b38f5-c3fe-45f3-b6ba-d0d0e9c7051e 69250e5e03dd4c58a7318259e32ecc14 402c26e94928475487aa700f72996c52 - - default default] 10.0.0.30 "GET /v2.0/subnets/c74e4fcf-3d15-4fcb-a03f-03d6c2c875a5 HTTP/1.1" status: 200 len: 811 time: 0.0401368
2026-04-21 18:55:04.218 10 INFO neutron.pecan_wsgi.hooks.translation [None req-3303024b-8ec6-46c5-b0a1-075ba355592e 69250e5e03dd4c58a7318259e32ecc14 402c26e94928475487aa700f72996c52 - - default default] DELETE failed (client error): The resource could not be found.
2026-04-21 18:55:04.220 10 INFO neutron.wsgi [None req-3303024b-8ec6-46c5-b0a1-075ba355592e 69250e5e03dd4c58a7318259e32ecc14 402c26e94928475487aa700f72996c52 - - default default] 10.0.0.30 "DELETE /v2.0/subnets/ccef63aa-f736-4dd7-9880-a18cbcb40395 HTTP/1.1" status: 404 len: 337 time: 0.0210526
2026-04-21 18:55:04.256 10 INFO neutron.pecan_wsgi.hooks.translation [None req-a0408973-2feb-4a5c-adf7-81e4f41babfa 69250e5e03dd4c58a7318259e32ecc14 402c26e94928475487aa700f72996c52 - - default default] DELETE failed (client error): The resource could not be found.
2026-04-21 18:55:04.260 10 INFO neutron.wsgi [None req-a0408973-2feb-4a5c-adf7-81e4f41babfa 69250e5e03dd4c58a7318259e32ecc14 402c26e94928475487aa700f72996c52 - - default default] 10.0.0.30 "DELETE /v2.0/networks/0058f24e-9665-4c9d-90b3-2f353f05e40f HTTP/1.1" status: 404 len: 339 time: 0.0352457
2026-04-21 18:55:04.325 10 INFO neutron.services.segments.plugin [-] Segment 187063d6-8ba3-4f41-8707-e5391c678b18 resource provider aggregate not found
2026-04-21 18:55:04.331 10 INFO neutron.services.segments.plugin [-] Segment 187063d6-8ba3-4f41-8707-e5391c678b18 resource provider aggregate not found
2026-04-21 18:55:04.366 10 INFO neutron.services.segments.plugin [-] Segment 187063d6-8ba3-4f41-8707-e5391c678b18 resource provider not found; error: Placement Client Error (4xx): {"errors": [{"status": 404, "title": "Not Found", "detail": "The resource could not be found.\n\n No resource provider with uuid 187063d6-8ba3-4f41-8707-e5391c678b18 found for delete ", "request_id": "req-75d9bcac-7e06-4245-a64a-ff0449e4b2fc"}]}
2026-04-21 18:55:04.367 10 INFO neutron.services.segments.plugin [-] Segment 187063d6-8ba3-4f41-8707-e5391c678b18 resource provider not found; error: Placement Client Error (4xx): {"errors": [{"status": 404, "title": "Not Found", "detail": "The resource could not be found.\n\n No resource provider with uuid 187063d6-8ba3-4f41-8707-e5391c678b18 found for delete ", "request_id": "req-6ddd5163-8206-4616-94a1-a2de13f3c753"}]}
2026-04-21 18:55:04.411 10 INFO neutron.wsgi [None req-885a158a-0229-49e1-b4c7-9ffdcfac15ae 51210ff2caf348aba1d48e099831e1e5 efd7ca4470e34576a1ec1caacfc6fb6a - - default default] 10.0.0.30 "DELETE /v2.0/networks/ea8277a8-3396-433a-9bb4-f490e1f3b2e1 HTTP/1.1" status: 204 len: 168 time: 0.5347466
2026-04-21 18:55:04.610 10 INFO neutron.wsgi [None req-4c8b1982-be7c-45d7-86ce-281b1918b1d0 69250e5e03dd4c58a7318259e32ecc14 402c26e94928475487aa700f72996c52 - - default default] 10.0.0.30 "DELETE /v2.0/subnets/c74e4fcf-3d15-4fcb-a03f-03d6c2c875a5 HTTP/1.1" status: 204 len: 168 time: 0.3441560
2026-04-21 18:55:04.916 9 INFO neutron.wsgi [None req-306aaeb2-409b-4900-8bfc-c57da72d6427 51210ff2caf348aba1d48e099831e1e5 efd7ca4470e34576a1ec1caacfc6fb6a - - default default] 10.0.0.30 "DELETE /v2.0/networks/48b189f0-d35d-425d-8deb-5ea74578a469 HTTP/1.1" status: 204 len: 168 time: 0.4973145
2026-04-21 18:55:05.047 10 INFO neutron.wsgi [None req-bf48c3e1-75df-4e5c-9434-1a20127865ce 69250e5e03dd4c58a7318259e32ecc14 402c26e94928475487aa700f72996c52 - - default default] 10.0.0.30 "DELETE /v2.0/networks/1ecd305e-bab4-46c0-8a25-82eadc80f177 HTTP/1.1" status: 204 len: 168 time: 0.4274039
2026-04-21 18:55:05.288 10 INFO neutron.wsgi [None req-1eac8539-aded-48e7-bc47-f80e22617243 51210ff2caf348aba1d48e099831e1e5 efd7ca4470e34576a1ec1caacfc6fb6a - - default default] 10.0.0.30 "DELETE /v2.0/networks/8752ca23-6949-4b28-8c4d-eb0200de179b HTTP/1.1" status: 204 len: 168 time: 0.3665018
2026-04-21 18:55:05.649 10 INFO neutron.wsgi [None req-b07cbadc-9014-4bcc-82c0-07729ceae3be 51210ff2caf348aba1d48e099831e1e5 efd7ca4470e34576a1ec1caacfc6fb6a - - default default] 10.0.0.30 "DELETE /v2.0/networks/22b643af-f597-4bda-b115-a33761291497 HTTP/1.1" status: 204 len: 168 time: 0.3541837
2026-04-21 18:55:05.760 9 INFO neutron.services.segments.plugin [-] Segment 72ad1fd4-c993-4dd4-b5a3-9fd8f603c079 resource provider aggregate not found
2026-04-21 18:55:05.766 9 INFO neutron.services.segments.plugin [-] Segment 72ad1fd4-c993-4dd4-b5a3-9fd8f603c079 resource provider aggregate not found
2026-04-21 18:55:05.783 9 INFO neutron.services.segments.plugin [-] Segment 72ad1fd4-c993-4dd4-b5a3-9fd8f603c079 resource provider not found; error: Placement Client Error (4xx): {"errors": [{"status": 404, "title": "Not Found", "detail": "The resource could not be found.\n\n No resource provider with uuid 72ad1fd4-c993-4dd4-b5a3-9fd8f603c079 found for delete ", "request_id": "req-c8e63321-f919-4db5-87d1-4368c162cdf5"}]}
2026-04-21 18:55:05.785 9 INFO neutron.services.segments.plugin [-] Segment 72ad1fd4-c993-4dd4-b5a3-9fd8f603c079 resource provider not found; error: Placement Client Error (4xx): {"errors": [{"status": 404, "title": "Not Found", "detail": "The resource could not be found.\n\n No resource provider with uuid 72ad1fd4-c993-4dd4-b5a3-9fd8f603c079 found for delete ", "request_id": "req-16358550-c4d5-4000-acff-8ab917259363"}]}
2026-04-21 18:55:06.071 9 INFO neutron.wsgi [None req-9eea6ab1-4d76-4160-b4bc-e91267457ac5 e0485c9aab5b4908a0298db2633dcd2b 523c342a98024c48a1ce0cda37582ced - - default default] 10.0.0.30 "GET /v2.0/security-groups?tenant_id=402c26e94928475487aa700f72996c52&name=default HTTP/1.1" status: 200 len: 2996 time: 0.4790201
2026-04-21 18:55:06.286 9 INFO neutron.wsgi [None req-80b8ee4e-7022-4491-8b28-684a1a51bbb0 e0485c9aab5b4908a0298db2633dcd2b 523c342a98024c48a1ce0cda37582ced - - default default] 10.0.0.30 "DELETE /v2.0/security-groups/904fec4a-c5e0-4dfc-bb64-32c4fb75b208 HTTP/1.1" status: 204 len: 168 time: 0.2070835
2026-04-21 18:55:06.353 10 INFO neutron.wsgi [None req-a9dcc61a-966b-4569-9911-b353bef4a8cf e0485c9aab5b4908a0298db2633dcd2b 523c342a98024c48a1ce0cda37582ced - - default default] 10.0.0.30 "GET /v2.0/security-groups?tenant_id=efd7ca4470e34576a1ec1caacfc6fb6a&name=default HTTP/1.1" status: 200 len: 2996 time: 0.1634967
2026-04-21 18:55:06.390 10 INFO neutron.services.segments.plugin [-] Segment fdbbd1b7-fc8f-4143-a58a-ef83113f7ed0 resource provider aggregate not found
2026-04-21 18:55:06.395 10 INFO neutron.services.segments.plugin [-] Segment fdbbd1b7-fc8f-4143-a58a-ef83113f7ed0 resource provider aggregate not found
2026-04-21 18:55:06.404 10 INFO neutron.services.segments.plugin [-] Segment fdbbd1b7-fc8f-4143-a58a-ef83113f7ed0 resource provider not found; error: Placement Client Error (4xx): {"errors": [{"status": 404, "title": "Not Found", "detail": "The resource could not be found.\n\n No resource provider with uuid fdbbd1b7-fc8f-4143-a58a-ef83113f7ed0 found for delete ", "request_id": "req-2bd63978-91ec-43fa-ab12-cc0fa88ebe57"}]}
2026-04-21 18:55:06.419 10 INFO neutron.services.segments.plugin [-] Segment 131defcc-5e2e-43e4-a922-fc70a4cba32b resource provider aggregate not found
2026-04-21 18:55:06.425 10 INFO neutron.services.segments.plugin [-] Segment fdbbd1b7-fc8f-4143-a58a-ef83113f7ed0 resource provider not found; error: Placement Client Error (4xx): {"errors": [{"status": 404, "title": "Not Found", "detail": "The resource could not be found.\n\n No resource provider with uuid fdbbd1b7-fc8f-4143-a58a-ef83113f7ed0 found for delete ", "request_id": "req-000fd470-6b3c-4f5a-b548-89bc73cec902"}]}
2026-04-21 18:55:06.441 10 INFO neutron.services.segments.plugin [-] Segment 131defcc-5e2e-43e4-a922-fc70a4cba32b resource provider not found; error: Placement Client Error (4xx): {"errors": [{"status": 404, "title": "Not Found", "detail": "The resource could not be found.\n\n No resource provider with uuid 131defcc-5e2e-43e4-a922-fc70a4cba32b found for delete ", "request_id": "req-cd1f7af5-955b-4eac-85c9-c9358526b34d"}]}
2026-04-21 18:55:06.448 10 INFO neutron.services.segments.plugin [-] Segment 131defcc-5e2e-43e4-a922-fc70a4cba32b resource provider aggregate not found
2026-04-21 18:55:06.466 10 INFO neutron.services.segments.plugin [-] Segment 131defcc-5e2e-43e4-a922-fc70a4cba32b resource provider not found; error: Placement Client Error (4xx): {"errors": [{"status": 404, "title": "Not Found", "detail": "The resource could not be found.\n\n No resource provider with uuid 131defcc-5e2e-43e4-a922-fc70a4cba32b found for delete ", "request_id": "req-aaffa09f-6720-4ec6-b932-f61519b582d8"}]}
2026-04-21 18:55:06.473 10 INFO neutron.services.segments.plugin [-] Segment 52a2655a-c2ad-4b51-bb26-062ee15cb712 resource provider aggregate not found
2026-04-21 18:55:06.488 10 INFO neutron.services.segments.plugin [-] Segment 52a2655a-c2ad-4b51-bb26-062ee15cb712 resource provider aggregate not found
2026-04-21 18:55:06.493 10 INFO neutron.services.segments.plugin [-] Segment 52a2655a-c2ad-4b51-bb26-062ee15cb712 resource provider not found; error: Placement Client Error (4xx): {"errors": [{"status": 404, "title": "Not Found", "detail": "The resource could not be found.\n\n No resource provider with uuid 52a2655a-c2ad-4b51-bb26-062ee15cb712 found for delete ", "request_id": "req-82e4d54c-8536-4777-88a8-265f1ff8a695"}]}
2026-04-21 18:55:06.497 9 INFO neutron.db.ovn_revision_numbers_db [None req-cd2483f4-9227-4c9a-925a-168d688cf28b e0485c9aab5b4908a0298db2633dcd2b 523c342a98024c48a1ce0cda37582ced - - default default] Successfully bumped revision number for resource 5ac1aada-dc66-40c9-862c-84715b920fa8 (type: security_groups) to 1
2026-04-21 18:55:06.504 10 INFO neutron.services.segments.plugin [-] Segment 52a2655a-c2ad-4b51-bb26-062ee15cb712 resource provider not found; error: Placement Client Error (4xx): {"errors": [{"status": 404, "title": "Not Found", "detail": "The resource could not be found.\n\n No resource provider with uuid 52a2655a-c2ad-4b51-bb26-062ee15cb712 found for delete ", "request_id": "req-b701acb2-ba21-406c-83e6-256abe61dfec"}]}
2026-04-21 18:55:06.520 9 INFO neutron.db.ovn_revision_numbers_db [None req-cd2483f4-9227-4c9a-925a-168d688cf28b e0485c9aab5b4908a0298db2633dcd2b 523c342a98024c48a1ce0cda37582ced - - default default] Successfully bumped revision number for resource 33222a9d-638d-435f-aace-781151bd49f0 (type: security_group_rules) to 0
2026-04-21 18:55:06.538 9 INFO neutron.db.ovn_revision_numbers_db [None req-cd2483f4-9227-4c9a-925a-168d688cf28b e0485c9aab5b4908a0298db2633dcd2b 523c342a98024c48a1ce0cda37582ced - - default default] Successfully bumped revision number for resource 79c2fd0e-aa42-4f21-8800-2f8cc1f62f46 (type: security_group_rules) to 0
2026-04-21 18:55:06.554 9 INFO neutron.db.ovn_revision_numbers_db [None req-cd2483f4-9227-4c9a-925a-168d688cf28b e0485c9aab5b4908a0298db2633dcd2b 523c342a98024c48a1ce0cda37582ced - - default default] Successfully bumped revision number for resource b3bab9f6-f7f5-4a67-9de8-339c98b980a5 (type: security_group_rules) to 0
2026-04-21 18:55:06.574 9 INFO neutron.db.ovn_revision_numbers_db [None req-cd2483f4-9227-4c9a-925a-168d688cf28b e0485c9aab5b4908a0298db2633dcd2b 523c342a98024c48a1ce0cda37582ced - - default default] Successfully bumped revision number for resource e198cb8d-1929-4ce2-94db-04409ff0b544 (type: security_group_rules) to 0
2026-04-21 18:55:06.600 9 INFO neutron.wsgi [None req-cd2483f4-9227-4c9a-925a-168d688cf28b e0485c9aab5b4908a0298db2633dcd2b 523c342a98024c48a1ce0cda37582ced - - default default] 10.0.0.30 "GET /v2.0/security-groups?tenant_id=6444541c43314624aef084d7c87226d6&name=default HTTP/1.1" status: 200 len: 2996 time: 0.3796535
2026-04-21 18:55:06.634 9 INFO neutron.wsgi [None req-05b11a61-6d7d-4654-9c5f-d0fe929088ca e0485c9aab5b4908a0298db2633dcd2b 523c342a98024c48a1ce0cda37582ced - - default default] 10.0.0.30 "DELETE /v2.0/security-groups/447e32c2-c6c2-4695-a287-01139f786cee HTTP/1.1" status: 204 len: 168 time: 0.2757347
2026-04-21 18:55:06.811 9 INFO neutron.wsgi [None req-c9cb06d6-5982-4316-913b-3ce6d2ac4cf9 e0485c9aab5b4908a0298db2633dcd2b 523c342a98024c48a1ce0cda37582ced - - default default] 10.0.0.30 "DELETE /v2.0/security-groups/5ac1aada-dc66-40c9-862c-84715b920fa8 HTTP/1.1" status: 204 len: 168 time: 0.2032301
2026-04-21 18:55:07.040 9 INFO neutron.db.ovn_revision_numbers_db [None req-202424a7-15f1-4d03-9ecb-a75be86e7e42 e0485c9aab5b4908a0298db2633dcd2b 523c342a98024c48a1ce0cda37582ced - - default default] Successfully bumped revision number for resource 96d0fe9f-c0a5-4551-9560-93379eb96a3c (type: security_groups) to 1
2026-04-21 18:55:07.053 9 INFO neutron.db.ovn_revision_numbers_db [None req-202424a7-15f1-4d03-9ecb-a75be86e7e42 e0485c9aab5b4908a0298db2633dcd2b 523c342a98024c48a1ce0cda37582ced - - default default] Successfully bumped revision number for resource 001b905c-ccea-418c-a362-3ea6e6c5f3a5 (type: security_group_rules) to 0
2026-04-21 18:55:07.068 9 INFO neutron.db.ovn_revision_numbers_db [None req-202424a7-15f1-4d03-9ecb-a75be86e7e42 e0485c9aab5b4908a0298db2633dcd2b 523c342a98024c48a1ce0cda37582ced - - default default] Successfully bumped revision number for resource 26e2b520-01c6-46ac-a71f-945fdc88336d (type: security_group_rules) to 0
2026-04-21 18:55:07.085 9 INFO neutron.db.ovn_revision_numbers_db [None req-202424a7-15f1-4d03-9ecb-a75be86e7e42 e0485c9aab5b4908a0298db2633dcd2b 523c342a98024c48a1ce0cda37582ced - - default default] Successfully bumped revision number for resource 677fb50a-cbc6-403a-a5f7-ec23b312544c (type: security_group_rules) to 0
2026-04-21 18:55:07.100 9 INFO neutron.db.ovn_revision_numbers_db [None req-202424a7-15f1-4d03-9ecb-a75be86e7e42 e0485c9aab5b4908a0298db2633dcd2b 523c342a98024c48a1ce0cda37582ced - - default default] Successfully bumped revision number for resource eadd1fa1-7249-433b-a0d1-9ce47204b9d9 (type: security_group_rules) to 0
2026-04-21 18:55:07.128 9 INFO neutron.wsgi [None req-202424a7-15f1-4d03-9ecb-a75be86e7e42 e0485c9aab5b4908a0298db2633dcd2b 523c342a98024c48a1ce0cda37582ced - - default default] 10.0.0.30 "GET /v2.0/security-groups?tenant_id=3e9592d5ddfc49c6a558cd92a0ad2d76&name=default HTTP/1.1" status: 200 len: 2996 time: 0.1893377
2026-04-21 18:55:07.400 9 INFO neutron.wsgi [None req-f792b3f5-4dc9-43af-9008-20f0b0f13821 e0485c9aab5b4908a0298db2633dcd2b 523c342a98024c48a1ce0cda37582ced - - default default] 10.0.0.30 "DELETE /v2.0/security-groups/96d0fe9f-c0a5-4551-9560-93379eb96a3c HTTP/1.1" status: 204 len: 168 time: 0.2651374
2026-04-21 18:55:07.535 9 INFO neutron.db.ovn_revision_numbers_db [None req-48475984-4f16-4a9c-99b9-b37e0e40ee69 e0485c9aab5b4908a0298db2633dcd2b 523c342a98024c48a1ce0cda37582ced - - default default] Successfully bumped revision number for resource 242e9bb9-6450-4f37-b534-37a126aaf0b8 (type: security_groups) to 1
2026-04-21 18:55:07.557 9 INFO neutron.db.ovn_revision_numbers_db [None req-48475984-4f16-4a9c-99b9-b37e0e40ee69 e0485c9aab5b4908a0298db2633dcd2b 523c342a98024c48a1ce0cda37582ced - - default default] Successfully bumped revision number for resource 3ae8d9a4-bac6-4956-a1bf-613f35beb841 (type: security_group_rules) to 0
2026-04-21 18:55:07.570 9 INFO neutron.db.ovn_revision_numbers_db [None req-48475984-4f16-4a9c-99b9-b37e0e40ee69 e0485c9aab5b4908a0298db2633dcd2b 523c342a98024c48a1ce0cda37582ced - - default default] Successfully bumped revision number for resource 3e7c865f-4049-4979-a375-5dff4687df2e (type: security_group_rules) to 0
2026-04-21 18:55:07.585 9 INFO neutron.db.ovn_revision_numbers_db [None req-48475984-4f16-4a9c-99b9-b37e0e40ee69 e0485c9aab5b4908a0298db2633dcd2b 523c342a98024c48a1ce0cda37582ced - - default default] Successfully bumped revision number for resource 96b51745-a90b-49ae-b668-9aa13c05cc00 (type: security_group_rules) to 0
2026-04-21 18:55:07.597 9 INFO neutron.db.ovn_revision_numbers_db [None req-48475984-4f16-4a9c-99b9-b37e0e40ee69 e0485c9aab5b4908a0298db2633dcd2b 523c342a98024c48a1ce0cda37582ced - - default default] Successfully bumped revision number for resource eae46793-a4a3-4c95-8872-ec41df274a60 (type: security_group_rules) to 0
2026-04-21 18:55:07.618 9 INFO neutron.wsgi [None req-48475984-4f16-4a9c-99b9-b37e0e40ee69 e0485c9aab5b4908a0298db2633dcd2b 523c342a98024c48a1ce0cda37582ced - - default default] 10.0.0.30 "GET /v2.0/security-groups?tenant_id=4c8daf47211049258feb2dbfbedae99a&name=default HTTP/1.1" status: 200 len: 2996 time: 0.2918925
2026-04-21 18:55:07.829 9 INFO neutron.wsgi [None req-42c94d93-de88-4aa6-9487-544a6b36aea6 e0485c9aab5b4908a0298db2633dcd2b 523c342a98024c48a1ce0cda37582ced - - default default] 10.0.0.30 "DELETE /v2.0/security-groups/242e9bb9-6450-4f37-b534-37a126aaf0b8 HTTP/1.1" status: 204 len: 168 time: 0.2060807
2026-04-21 18:55:08.110 10 INFO neutron.db.ovn_revision_numbers_db [None req-63d1a116-31ce-4c3d-a6b5-8f2cad035613 e0485c9aab5b4908a0298db2633dcd2b 523c342a98024c48a1ce0cda37582ced - - default default] Successfully bumped revision number for resource 672b3fc1-860f-4afe-8c53-38307f3883f4 (type: security_groups) to 1
2026-04-21 18:55:08.125 10 INFO neutron.db.ovn_revision_numbers_db [None req-63d1a116-31ce-4c3d-a6b5-8f2cad035613 e0485c9aab5b4908a0298db2633dcd2b 523c342a98024c48a1ce0cda37582ced - - default default] Successfully bumped revision number for resource 1e6945ce-e95b-4127-bd78-9168d5080c7c (type: security_group_rules) to 0
2026-04-21 18:55:08.140 10 INFO neutron.db.ovn_revision_numbers_db [None req-63d1a116-31ce-4c3d-a6b5-8f2cad035613 e0485c9aab5b4908a0298db2633dcd2b 523c342a98024c48a1ce0cda37582ced - - default default] Successfully bumped revision number for resource a9f9a909-7a13-4a8d-9374-b06158fd2608 (type: security_group_rules) to 0
2026-04-21 18:55:08.156 10 INFO neutron.db.ovn_revision_numbers_db [None req-63d1a116-31ce-4c3d-a6b5-8f2cad035613 e0485c9aab5b4908a0298db2633dcd2b 523c342a98024c48a1ce0cda37582ced - - default default] Successfully bumped revision number for resource c3a9edc1-41a9-45bc-ab57-aeac39f12676 (type: security_group_rules) to 0
2026-04-21 18:55:08.177 10 INFO neutron.db.ovn_revision_numbers_db [None req-63d1a116-31ce-4c3d-a6b5-8f2cad035613 e0485c9aab5b4908a0298db2633dcd2b 523c342a98024c48a1ce0cda37582ced - - default default] Successfully bumped revision number for resource d69ddf2d-d4f7-4b7f-a5f8-b9b053ff7128 (type: security_group_rules) to 0
2026-04-21 18:55:08.201 10 INFO neutron.wsgi [None req-63d1a116-31ce-4c3d-a6b5-8f2cad035613 e0485c9aab5b4908a0298db2633dcd2b 523c342a98024c48a1ce0cda37582ced - - default default] 10.0.0.30 "GET /v2.0/security-groups?tenant_id=99eda2dc715e4e13a20e58141c53def2&name=default HTTP/1.1" status: 200 len: 2996 time: 0.2188091
2026-04-21 18:55:08.414 10 INFO neutron.db.ovn_revision_numbers_db [None req-f76f938f-9d00-4bf0-8a5e-23d2aafad4f9 b32f588970c24b3c9e853eb873cfa8e0 6d48c33bdf7142e0b02e60d858fa9f5e - - default default] Successfully bumped revision number for resource faa3af11-827e-4dec-b880-7da7fa6641d9 (type: security_groups) to 1
2026-04-21 18:55:08.451 10 INFO neutron.db.ovn_revision_numbers_db [None req-f76f938f-9d00-4bf0-8a5e-23d2aafad4f9 b32f588970c24b3c9e853eb873cfa8e0 6d48c33bdf7142e0b02e60d858fa9f5e - - default default] Successfully bumped revision number for resource 146a5572-bd58-45aa-99c3-cc16bde69ec0 (type: security_group_rules) to 0
2026-04-21 18:55:08.708 10 INFO neutron.wsgi [None req-f48a1db8-7e57-48a5-83c8-db3b090df04d e0485c9aab5b4908a0298db2633dcd2b 523c342a98024c48a1ce0cda37582ced - - default default] 10.0.0.30 "DELETE /v2.0/security-groups/672b3fc1-860f-4afe-8c53-38307f3883f4 HTTP/1.1" status: 204 len: 168 time: 0.5011649
2026-04-21 18:55:08.724 10 INFO neutron.db.ovn_revision_numbers_db [None req-f76f938f-9d00-4bf0-8a5e-23d2aafad4f9 b32f588970c24b3c9e853eb873cfa8e0 6d48c33bdf7142e0b02e60d858fa9f5e - - default default] Successfully bumped revision number for resource 39aa11a1-8960-4eb7-a9fd-c2a0d4c1c36a (type: security_group_rules) to 0
2026-04-21 18:55:08.753 10 INFO neutron.db.ovn_revision_numbers_db [None req-f76f938f-9d00-4bf0-8a5e-23d2aafad4f9 b32f588970c24b3c9e853eb873cfa8e0 6d48c33bdf7142e0b02e60d858fa9f5e - - default default] Successfully bumped revision number for resource 6f8dd5bb-3e0c-41ad-92e3-690f65aab46b (type: security_group_rules) to 0
2026-04-21 18:55:08.771 10 INFO neutron.db.ovn_revision_numbers_db [None req-f76f938f-9d00-4bf0-8a5e-23d2aafad4f9 b32f588970c24b3c9e853eb873cfa8e0 6d48c33bdf7142e0b02e60d858fa9f5e - - default default] Successfully bumped revision number for resource c4137697-bb22-4a6b-830e-30f5fbdf5808 (type: security_group_rules) to 0
2026-04-21 18:55:08.800 9 INFO neutron.db.ovn_revision_numbers_db [None req-15ac4973-8b20-42c5-9bc7-7b86d43f1be7 663155fe22a74a5ca173095933b7974e ccae192e991144bcaf7dee2f7cfc797a - - default default] Successfully bumped revision number for resource be3a63f0-298d-4d9d-bbc7-39fea52c11cb (type: security_groups) to 1
2026-04-21 18:55:08.819 9 INFO neutron.db.ovn_revision_numbers_db [None req-15ac4973-8b20-42c5-9bc7-7b86d43f1be7 663155fe22a74a5ca173095933b7974e ccae192e991144bcaf7dee2f7cfc797a - - default default] Successfully bumped revision number for resource 0a37df72-80b1-44f5-b668-50909cc5b9b7 (type: security_group_rules) to 0
2026-04-21 18:55:08.836 10 INFO neutron.db.segments_db [None req-f76f938f-9d00-4bf0-8a5e-23d2aafad4f9 b32f588970c24b3c9e853eb873cfa8e0 6d48c33bdf7142e0b02e60d858fa9f5e - - default default] Added segment dab0f2c2-ff34-42c4-b1da-148920a42459 of type geneve for network 274ea932-9807-4ea4-890f-9e035aee0088
2026-04-21 18:55:08.845 9 INFO neutron.db.ovn_revision_numbers_db [None req-15ac4973-8b20-42c5-9bc7-7b86d43f1be7 663155fe22a74a5ca173095933b7974e ccae192e991144bcaf7dee2f7cfc797a - - default default] Successfully bumped revision number for resource 66d0963b-14c4-4b45-b76c-9e9f535d5645 (type: security_group_rules) to 0
2026-04-21 18:55:08.866 9 INFO neutron.db.ovn_revision_numbers_db [None req-15ac4973-8b20-42c5-9bc7-7b86d43f1be7 663155fe22a74a5ca173095933b7974e ccae192e991144bcaf7dee2f7cfc797a - - default default] Successfully bumped revision number for resource 858c5b2e-0944-4ec1-951c-5217e71c7c15 (type: security_group_rules) to 0
2026-04-21 18:55:08.883 9 INFO neutron.db.ovn_revision_numbers_db [None req-15ac4973-8b20-42c5-9bc7-7b86d43f1be7 663155fe22a74a5ca173095933b7974e ccae192e991144bcaf7dee2f7cfc797a - - default default] Successfully bumped revision number for resource 945a0597-74c9-47d0-970b-64be30f919a6 (type: security_group_rules) to 0
2026-04-21 18:55:08.980 10 INFO neutron.db.ovn_revision_numbers_db [None req-f76f938f-9d00-4bf0-8a5e-23d2aafad4f9 b32f588970c24b3c9e853eb873cfa8e0 6d48c33bdf7142e0b02e60d858fa9f5e - - default default] Successfully bumped revision number for resource 274ea932-9807-4ea4-890f-9e035aee0088 (type: networks) to 1
2026-04-21 18:55:08.989 9 INFO neutron.db.ovn_revision_numbers_db [None req-15ac4973-8b20-42c5-9bc7-7b86d43f1be7 663155fe22a74a5ca173095933b7974e ccae192e991144bcaf7dee2f7cfc797a - - default default] Successfully bumped revision number for resource 38a49460-b949-4461-b1ec-96a65378ad30 (type: security_groups) to 1
2026-04-21 18:55:09.008 9 INFO neutron.db.ovn_revision_numbers_db [None req-15ac4973-8b20-42c5-9bc7-7b86d43f1be7 663155fe22a74a5ca173095933b7974e ccae192e991144bcaf7dee2f7cfc797a - - default default] Successfully bumped revision number for resource 3b861b2f-a2c1-488e-89ab-b18741a371fe (type: security_group_rules) to 0
2026-04-21 18:55:09.031 9 INFO neutron.db.ovn_revision_numbers_db [None req-15ac4973-8b20-42c5-9bc7-7b86d43f1be7 663155fe22a74a5ca173095933b7974e ccae192e991144bcaf7dee2f7cfc797a - - default default] Successfully bumped revision number for resource fb9c2530-4d2b-4c1f-bcc2-cceebe2c9366 (type: security_group_rules) to 0
2026-04-21 18:55:09.058 9 INFO neutron.wsgi [None req-15ac4973-8b20-42c5-9bc7-7b86d43f1be7 663155fe22a74a5ca173095933b7974e ccae192e991144bcaf7dee2f7cfc797a - - default default] 10.0.0.30 "POST /v2.0/security-groups HTTP/1.1" status: 201 len: 1761 time: 0.6018958
2026-04-21 18:55:09.132 10 INFO neutron.wsgi [None req-df24e037-e146-4c22-a3f3-769f1f92d49f 663155fe22a74a5ca173095933b7974e ccae192e991144bcaf7dee2f7cfc797a - - default default] 10.0.0.30 "GET /v2.0/security-groups HTTP/1.1" status: 200 len: 4539 time: 0.0664523
2026-04-21 18:55:09.203 10 WARNING neutron.scheduler.dhcp_agent_scheduler [None req-f76f938f-9d00-4bf0-8a5e-23d2aafad4f9 b32f588970c24b3c9e853eb873cfa8e0 6d48c33bdf7142e0b02e60d858fa9f5e - - default default] No more DHCP agents
2026-04-21 18:55:09.206 10 WARNING neutron.api.rpc.agentnotifiers.dhcp_rpc_agent_api [None req-f76f938f-9d00-4bf0-8a5e-23d2aafad4f9 b32f588970c24b3c9e853eb873cfa8e0 6d48c33bdf7142e0b02e60d858fa9f5e - - default default] Unable to schedule network 274ea932-9807-4ea4-890f-9e035aee0088: no agents available; will retry on subsequent port and subnet creation events.
2026-04-21 18:55:09.236 9 INFO neutron.db.ovn_revision_numbers_db [None req-65643bb9-56f8-4870-b273-d829850bacfd 663155fe22a74a5ca173095933b7974e ccae192e991144bcaf7dee2f7cfc797a - - default default] Successfully bumped revision number for resource 38a49460-b949-4461-b1ec-96a65378ad30 (type: security_groups) to 2
2026-04-21 18:55:09.240 9 INFO neutron.wsgi [None req-65643bb9-56f8-4870-b273-d829850bacfd 663155fe22a74a5ca173095933b7974e ccae192e991144bcaf7dee2f7cfc797a - - default default] 10.0.0.30 "PUT /v2.0/security-groups/38a49460-b949-4461-b1ec-96a65378ad30 HTTP/1.1" status: 200 len: 1795 time: 0.1001720
2026-04-21 18:55:09.277 10 INFO neutron.db.ovn_revision_numbers_db [None req-f76f938f-9d00-4bf0-8a5e-23d2aafad4f9 b32f588970c24b3c9e853eb873cfa8e0 6d48c33bdf7142e0b02e60d858fa9f5e - - default default] Successfully bumped revision number for resource e3164351-ae2f-4a39-903d-22a622db14c1 (type: ports) to 1
2026-04-21 18:55:09.294 9 INFO neutron.wsgi [None req-1a281ed1-35d2-4610-a9f3-b61ccb8988a3 663155fe22a74a5ca173095933b7974e ccae192e991144bcaf7dee2f7cfc797a - - default default] 10.0.0.30 "GET /v2.0/security-groups/38a49460-b949-4461-b1ec-96a65378ad30 HTTP/1.1" status: 200 len: 1795 time: 0.0476208
2026-04-21 18:55:09.302 10 INFO neutron.wsgi [None req-f76f938f-9d00-4bf0-8a5e-23d2aafad4f9 b32f588970c24b3c9e853eb873cfa8e0 6d48c33bdf7142e0b02e60d858fa9f5e - - default default] 10.0.0.30 "POST /v2.0/networks HTTP/1.1" status: 201 len: 828 time: 1.1475782
2026-04-21 18:55:09.427 9 INFO neutron.db.segments_db [None req-0d1d85f2-403b-4488-8ef6-73a3b2535e94 b32f588970c24b3c9e853eb873cfa8e0 6d48c33bdf7142e0b02e60d858fa9f5e - - default default] Added segment 4849fefd-7937-4986-9877-b6b9f0e6d9c9 of type geneve for network 4dd55e91-e7dc-4cb3-a075-55482229fab7
2026-04-21 18:55:09.432 9 INFO neutron.wsgi [None req-170d0d14-c04f-4c23-9b4d-6e213a3ac459 663155fe22a74a5ca173095933b7974e ccae192e991144bcaf7dee2f7cfc797a - - default default] 10.0.0.30 "DELETE /v2.0/security-groups/38a49460-b949-4461-b1ec-96a65378ad30 HTTP/1.1" status: 204 len: 168 time: 0.1322951
2026-04-21 18:55:09.512 9 INFO neutron.wsgi [None req-bf9f44c5-1dc6-47b4-b329-9500ddbc3ff2 663155fe22a74a5ca173095933b7974e ccae192e991144bcaf7dee2f7cfc797a - - default default] 10.0.0.30 "GET /v2.0/security-groups HTTP/1.1" status: 200 len: 2996 time: 0.0746648
2026-04-21 18:55:09.530 10 INFO neutron.api.v2.resource [None req-4c7fd48a-f2a6-49f6-b6ed-473f2dfdd44b 663155fe22a74a5ca173095933b7974e ccae192e991144bcaf7dee2f7cfc797a - - default default] delete failed (client error): The resource could not be found.
2026-04-21 18:55:09.531 10 INFO neutron.wsgi [None req-4c7fd48a-f2a6-49f6-b6ed-473f2dfdd44b 663155fe22a74a5ca173095933b7974e ccae192e991144bcaf7dee2f7cfc797a - - default default] 10.0.0.30 "DELETE /v2.0/security-groups/38a49460-b949-4461-b1ec-96a65378ad30 HTTP/1.1" status: 404 len: 347 time: 0.0127940
2026-04-21 18:55:09.605 9 INFO neutron.db.ovn_revision_numbers_db [None req-0d1d85f2-403b-4488-8ef6-73a3b2535e94 b32f588970c24b3c9e853eb873cfa8e0 6d48c33bdf7142e0b02e60d858fa9f5e - - default default] Successfully bumped revision number for resource 4dd55e91-e7dc-4cb3-a075-55482229fab7 (type: networks) to 1
2026-04-21 18:55:09.664 10 INFO neutron.db.ovn_revision_numbers_db [None req-cbd0710b-8d8a-40b8-922e-7b1ce637e8ab 663155fe22a74a5ca173095933b7974e ccae192e991144bcaf7dee2f7cfc797a - - default default] Successfully bumped revision number for resource 56b945ce-2da3-4f25-874d-083e181e9311 (type: security_groups) to 1
2026-04-21 18:55:09.701 10 INFO neutron.db.ovn_revision_numbers_db [None req-cbd0710b-8d8a-40b8-922e-7b1ce637e8ab 663155fe22a74a5ca173095933b7974e ccae192e991144bcaf7dee2f7cfc797a - - default default] Successfully bumped revision number for resource 015e3135-6054-41ae-9e0b-d8925826baed (type: security_group_rules) to 0
2026-04-21 18:55:09.715 10 INFO neutron.db.ovn_revision_numbers_db [None req-cbd0710b-8d8a-40b8-922e-7b1ce637e8ab 663155fe22a74a5ca173095933b7974e ccae192e991144bcaf7dee2f7cfc797a - - default default] Successfully bumped revision number for resource cc418028-49b4-4f19-81a9-2f250c914a24 (type: security_group_rules) to 0
2026-04-21 18:55:09.735 10 INFO neutron.wsgi [None req-cbd0710b-8d8a-40b8-922e-7b1ce637e8ab 663155fe22a74a5ca173095933b7974e ccae192e991144bcaf7dee2f7cfc797a - - default default] 10.0.0.30 "POST /v2.0/security-groups HTTP/1.1" status: 201 len: 1761 time: 0.1968806
2026-04-21 18:55:09.800 9 WARNING neutron.scheduler.dhcp_agent_scheduler [None req-0d1d85f2-403b-4488-8ef6-73a3b2535e94 b32f588970c24b3c9e853eb873cfa8e0 6d48c33bdf7142e0b02e60d858fa9f5e - - default default] No more DHCP agents
2026-04-21 18:55:09.803 9 WARNING neutron.api.rpc.agentnotifiers.dhcp_rpc_agent_api [None req-0d1d85f2-403b-4488-8ef6-73a3b2535e94 b32f588970c24b3c9e853eb873cfa8e0 6d48c33bdf7142e0b02e60d858fa9f5e - - default default] Unable to schedule network 4dd55e91-e7dc-4cb3-a075-55482229fab7: no agents available; will retry on subsequent port and subnet creation events.
2026-04-21 18:55:09.862 10 INFO neutron.db.ovn_revision_numbers_db [None req-783572fc-1bf2-4b68-b461-1695ad5ba4c4 663155fe22a74a5ca173095933b7974e ccae192e991144bcaf7dee2f7cfc797a - - default default] Successfully bumped revision number for resource df742431-1e6e-488c-a6a4-a904302f1136 (type: security_group_rules) to 0
2026-04-21 18:55:09.886 10 INFO neutron.wsgi [None req-783572fc-1bf2-4b68-b461-1695ad5ba4c4 663155fe22a74a5ca173095933b7974e ccae192e991144bcaf7dee2f7cfc797a - - default default] 10.0.0.30 "POST /v2.0/security-group-rules HTTP/1.1" status: 201 len: 768 time: 0.1421461
2026-04-21 18:55:09.887 9 INFO neutron.db.ovn_revision_numbers_db [None req-0d1d85f2-403b-4488-8ef6-73a3b2535e94 b32f588970c24b3c9e853eb873cfa8e0 6d48c33bdf7142e0b02e60d858fa9f5e - - default default] Successfully bumped revision number for resource 7165cc2a-1af3-4211-95b3-8387737809f1 (type: ports) to 1
2026-04-21 18:55:09.910 10 INFO neutron.wsgi [None req-7a44d68c-e462-452f-b3bb-fb3db850d917 663155fe22a74a5ca173095933b7974e ccae192e991144bcaf7dee2f7cfc797a - - default default] 10.0.0.30 "GET /v2.0/security-group-rules/df742431-1e6e-488c-a6a4-a904302f1136 HTTP/1.1" status: 200 len: 763 time: 0.0146725
2026-04-21 18:55:09.910 9 INFO neutron.wsgi [None req-0d1d85f2-403b-4488-8ef6-73a3b2535e94 b32f588970c24b3c9e853eb873cfa8e0 6d48c33bdf7142e0b02e60d858fa9f5e - - default default] 10.0.0.30 "POST /v2.0/networks HTTP/1.1" status: 201 len: 829 time: 0.6019013
2026-04-21 18:55:09.951 10 INFO neutron.wsgi [None req-6ccf3fe3-a87e-409e-913b-d1ff813aeb1a 663155fe22a74a5ca173095933b7974e ccae192e991144bcaf7dee2f7cfc797a - - default default] 10.0.0.30 "GET /v2.0/security-group-rules HTTP/1.1" status: 200 len: 4113 time: 0.0357728
2026-04-21 18:55:10.111 9 INFO neutron.wsgi [None req-9d381514-3e14-45da-ace5-f8e958fa74d8 663155fe22a74a5ca173095933b7974e ccae192e991144bcaf7dee2f7cfc797a - - default default] 10.0.0.30 "DELETE /v2.0/security-group-rules/df742431-1e6e-488c-a6a4-a904302f1136 HTTP/1.1" status: 204 len: 168 time: 0.1539609
2026-04-21 18:55:10.188 9 INFO neutron.wsgi [None req-278aae7c-a004-4e73-b772-5f5f5740c143 663155fe22a74a5ca173095933b7974e ccae192e991144bcaf7dee2f7cfc797a - - default default] 10.0.0.30 "GET /v2.0/security-group-rules HTTP/1.1" status: 200 len: 3567 time: 0.0726693
2026-04-21 18:55:10.242 9 WARNING neutron.scheduler.dhcp_agent_scheduler [None req-274322a9-cc9f-4818-911b-8c423b86372e b32f588970c24b3c9e853eb873cfa8e0 6d48c33bdf7142e0b02e60d858fa9f5e - - default default] No more DHCP agents
2026-04-21 18:55:10.245 9 WARNING neutron.api.rpc.agentnotifiers.dhcp_rpc_agent_api [None req-274322a9-cc9f-4818-911b-8c423b86372e b32f588970c24b3c9e853eb873cfa8e0 6d48c33bdf7142e0b02e60d858fa9f5e - - default default] Unable to schedule network 274ea932-9807-4ea4-890f-9e035aee0088: no agents available; will retry on subsequent port and subnet creation events.
2026-04-21 18:55:10.349 10 INFO neutron.db.ovn_revision_numbers_db [None req-f57911b3-679d-4d7b-a0b1-5d5336c260ed 663155fe22a74a5ca173095933b7974e ccae192e991144bcaf7dee2f7cfc797a - - default default] Successfully bumped revision number for resource 002712d3-d574-46f7-94d3-c8d09ac468d1 (type: security_group_rules) to 0
2026-04-21 18:55:10.384 10 INFO neutron.wsgi [None req-f57911b3-679d-4d7b-a0b1-5d5336c260ed 663155fe22a74a5ca173095933b7974e ccae192e991144bcaf7dee2f7cfc797a - - default default] 10.0.0.30 "POST /v2.0/security-group-rules HTTP/1.1" status: 201 len: 768 time: 0.1821563
2026-04-21 18:55:10.420 9 INFO neutron.wsgi [None req-9961e28f-68c2-46de-b68d-2177bfb5231a 663155fe22a74a5ca173095933b7974e ccae192e991144bcaf7dee2f7cfc797a - - default default] 10.0.0.30 "GET /v2.0/security-group-rules/002712d3-d574-46f7-94d3-c8d09ac468d1 HTTP/1.1" status: 200 len: 763 time: 0.0285628
2026-04-21 18:55:10.503 9 INFO neutron.wsgi [None req-98d01251-cb0e-4851-9c93-a99905416575 663155fe22a74a5ca173095933b7974e ccae192e991144bcaf7dee2f7cfc797a - - default default] 10.0.0.30 "GET /v2.0/security-group-rules HTTP/1.1" status: 200 len: 4113 time: 0.0729089
2026-04-21 18:55:10.678 10 INFO neutron.wsgi [None req-693e551a-e8f0-484f-aeb8-08cb773f4a05 663155fe22a74a5ca173095933b7974e ccae192e991144bcaf7dee2f7cfc797a - - default default] 10.0.0.30 "DELETE /v2.0/security-group-rules/002712d3-d574-46f7-94d3-c8d09ac468d1 HTTP/1.1" status: 204 len: 168 time: 0.1658030
2026-04-21 18:55:10.750 10 INFO neutron.wsgi [None req-10946b36-0106-41a2-bfa7-90a26453eab4 663155fe22a74a5ca173095933b7974e ccae192e991144bcaf7dee2f7cfc797a - - default default] 10.0.0.30 "GET /v2.0/security-group-rules HTTP/1.1" status: 200 len: 3567 time: 0.0626786
2026-04-21 18:55:10.809 9 INFO neutron.db.securitygroups_db [None req-a43c9e50-af63-4d09-9186-2e530816fa07 663155fe22a74a5ca173095933b7974e ccae192e991144bcaf7dee2f7cfc797a - - default default] Project ccae192e991144bcaf7dee2f7cfc797a added a security group rule with legacy IPv6 ICMP protocol name icmp, ipv6-icmp should be used instead. It was automatically converted.
2026-04-21 18:55:10.878 10 INFO neutron.db.ovn_revision_numbers_db [None req-df155cf1-d220-448f-88f1-6ce12e130a6a e0485c9aab5b4908a0298db2633dcd2b 523c342a98024c48a1ce0cda37582ced - - default default] Successfully bumped revision number for resource 723eff2b-3b27-47ca-83f7-4479638e2be7 (type: security_groups) to 1
2026-04-21 18:55:10.892 10 INFO neutron.db.ovn_revision_numbers_db [None req-df155cf1-d220-448f-88f1-6ce12e130a6a e0485c9aab5b4908a0298db2633dcd2b 523c342a98024c48a1ce0cda37582ced - - default default] Successfully bumped revision number for resource 0cf14a21-054e-4794-8471-ccdea197860d (type: security_group_rules) to 0
2026-04-21 18:55:10.903 10 INFO neutron.db.ovn_revision_numbers_db [None req-df155cf1-d220-448f-88f1-6ce12e130a6a e0485c9aab5b4908a0298db2633dcd2b 523c342a98024c48a1ce0cda37582ced - - default default] Successfully bumped revision number for resource a387896e-3e32-4f49-9458-16ddd7081324 (type: security_group_rules) to 0
2026-04-21 18:55:10.905 9 INFO neutron.db.ovn_revision_numbers_db [None req-274322a9-cc9f-4818-911b-8c423b86372e b32f588970c24b3c9e853eb873cfa8e0 6d48c33bdf7142e0b02e60d858fa9f5e - - default default] Successfully bumped revision number for resource e3164351-ae2f-4a39-903d-22a622db14c1 (type: ports) to 2
2026-04-21 18:55:10.915 10 INFO neutron.db.ovn_revision_numbers_db [None req-df155cf1-d220-448f-88f1-6ce12e130a6a e0485c9aab5b4908a0298db2633dcd2b 523c342a98024c48a1ce0cda37582ced - - default default] Successfully bumped revision number for resource e9b8e0ab-2f8e-4e6e-bf01-7607c6eb0447 (type: security_group_rules) to 0
2026-04-21 18:55:10.926 10 INFO neutron.db.ovn_revision_numbers_db [None req-df155cf1-d220-448f-88f1-6ce12e130a6a e0485c9aab5b4908a0298db2633dcd2b 523c342a98024c48a1ce0cda37582ced - - default default] Successfully bumped revision number for resource ec0b3cb6-571b-4b2d-84bc-c3d752a18b1b (type: security_group_rules) to 0
2026-04-21 18:55:10.970 10 INFO neutron.db.segments_db [None req-df155cf1-d220-448f-88f1-6ce12e130a6a e0485c9aab5b4908a0298db2633dcd2b 523c342a98024c48a1ce0cda37582ced - - default default] Added segment 6ac2a737-402d-43a0-bfd5-cf75ad17dd53 of type geneve for network 7ea94c9f-8eb7-4eb4-83fb-54adf3167c43
2026-04-21 18:55:11.098 10 INFO neutron.db.ovn_revision_numbers_db [None req-df155cf1-d220-448f-88f1-6ce12e130a6a e0485c9aab5b4908a0298db2633dcd2b 523c342a98024c48a1ce0cda37582ced - - default default] Successfully bumped revision number for resource 7ea94c9f-8eb7-4eb4-83fb-54adf3167c43 (type: networks) to 1
2026-04-21 18:55:11.187 9 INFO neutron.db.ovn_revision_numbers_db [None req-274322a9-cc9f-4818-911b-8c423b86372e b32f588970c24b3c9e853eb873cfa8e0 6d48c33bdf7142e0b02e60d858fa9f5e - - default default] Successfully bumped revision number for resource 008b644c-7198-4fb7-9644-7f087e421cf8 (type: subnets) to 0
2026-04-21 18:55:11.206 9 INFO neutron.wsgi [None req-274322a9-cc9f-4818-911b-8c423b86372e b32f588970c24b3c9e853eb873cfa8e0 6d48c33bdf7142e0b02e60d858fa9f5e - - default default] 10.0.0.30 "POST /v2.0/subnets HTTP/1.1" status: 201 len: 801 time: 1.2892585
2026-04-21 18:55:11.207 9 INFO neutron.db.ovn_revision_numbers_db [None req-a43c9e50-af63-4d09-9186-2e530816fa07 663155fe22a74a5ca173095933b7974e ccae192e991144bcaf7dee2f7cfc797a - - default default] Successfully bumped revision number for resource ae99113d-d915-4a8a-bea9-73594ceaa48b (type: security_group_rules) to 0
2026-04-21 18:55:11.247 9 INFO neutron.wsgi [None req-a43c9e50-af63-4d09-9186-2e530816fa07 663155fe22a74a5ca173095933b7974e ccae192e991144bcaf7dee2f7cfc797a - - default default] 10.0.0.30 "POST /v2.0/security-group-rules HTTP/1.1" status: 201 len: 774 time: 0.4869947
2026-04-21 18:55:11.261 10 WARNING neutron.scheduler.dhcp_agent_scheduler [None req-df155cf1-d220-448f-88f1-6ce12e130a6a e0485c9aab5b4908a0298db2633dcd2b 523c342a98024c48a1ce0cda37582ced - - default default] No more DHCP agents
2026-04-21 18:55:11.264 10 WARNING neutron.api.rpc.agentnotifiers.dhcp_rpc_agent_api [None req-df155cf1-d220-448f-88f1-6ce12e130a6a e0485c9aab5b4908a0298db2633dcd2b 523c342a98024c48a1ce0cda37582ced - - default default] Unable to schedule network 7ea94c9f-8eb7-4eb4-83fb-54adf3167c43: no agents available; will retry on subsequent port and subnet creation events.
2026-04-21 18:55:11.275 9 INFO neutron.wsgi [None req-a1488794-4b59-4951-9238-db7b2d96aac7 663155fe22a74a5ca173095933b7974e ccae192e991144bcaf7dee2f7cfc797a - - default default] 10.0.0.30 "GET /v2.0/security-group-rules/ae99113d-d915-4a8a-bea9-73594ceaa48b HTTP/1.1" status: 200 len: 769 time: 0.0212183
2026-04-21 18:55:11.338 9 INFO neutron.wsgi [None req-f5fa62ea-f2b6-46f5-859b-3088e2933340 663155fe22a74a5ca173095933b7974e ccae192e991144bcaf7dee2f7cfc797a - - default default] 10.0.0.30 "GET /v2.0/security-group-rules HTTP/1.1" status: 200 len: 4119 time: 0.0592232
2026-04-21 18:55:11.362 10 INFO neutron.db.ovn_revision_numbers_db [None req-df155cf1-d220-448f-88f1-6ce12e130a6a e0485c9aab5b4908a0298db2633dcd2b 523c342a98024c48a1ce0cda37582ced - - default default] Successfully bumped revision number for resource c0989250-5508-44e3-9db2-f68878727d28 (type: ports) to 1
2026-04-21 18:55:11.382 10 INFO neutron.wsgi [None req-df155cf1-d220-448f-88f1-6ce12e130a6a e0485c9aab5b4908a0298db2633dcd2b 523c342a98024c48a1ce0cda37582ced - - default default] 10.0.0.30 "POST /v2.0/networks HTTP/1.1" status: 201 len: 941 time: 0.8857985
2026-04-21 18:55:11.490 9 INFO neutron.wsgi [None req-e11f24b5-836d-42b5-82eb-b09e2b2130b7 663155fe22a74a5ca173095933b7974e ccae192e991144bcaf7dee2f7cfc797a - - default default] 10.0.0.30 "DELETE /v2.0/security-group-rules/ae99113d-d915-4a8a-bea9-73594ceaa48b HTTP/1.1" status: 204 len: 168 time: 0.1480124
2026-04-21 18:55:11.529 9 WARNING neutron.scheduler.dhcp_agent_scheduler [None req-4a40d5db-77e6-4e3a-a2c2-654de97efef2 b32f588970c24b3c9e853eb873cfa8e0 6d48c33bdf7142e0b02e60d858fa9f5e - - default default] No more DHCP agents
2026-04-21 18:55:11.532 9 WARNING neutron.api.rpc.agentnotifiers.dhcp_rpc_agent_api [None req-4a40d5db-77e6-4e3a-a2c2-654de97efef2 b32f588970c24b3c9e853eb873cfa8e0 6d48c33bdf7142e0b02e60d858fa9f5e - - default default] Unable to schedule network 4dd55e91-e7dc-4cb3-a075-55482229fab7: no agents available; will retry on subsequent port and subnet creation events.
2026-04-21 18:55:11.544 10 WARNING neutron.scheduler.dhcp_agent_scheduler [None req-562c41c3-ec7c-4014-9b6d-508a023b0f85 e0485c9aab5b4908a0298db2633dcd2b 523c342a98024c48a1ce0cda37582ced - - default default] No more DHCP agents
2026-04-21 18:55:11.547 10 WARNING neutron.api.rpc.agentnotifiers.dhcp_rpc_agent_api [None req-562c41c3-ec7c-4014-9b6d-508a023b0f85 e0485c9aab5b4908a0298db2633dcd2b 523c342a98024c48a1ce0cda37582ced - - default default] Unable to schedule network 7ea94c9f-8eb7-4eb4-83fb-54adf3167c43: no agents available; will retry on subsequent port and subnet creation events.
2026-04-21 18:55:11.558 9 INFO neutron.wsgi [None req-158cc150-d0c2-4a1b-927c-3b0d8757589a 663155fe22a74a5ca173095933b7974e ccae192e991144bcaf7dee2f7cfc797a - - default default] 10.0.0.30 "GET /v2.0/security-group-rules HTTP/1.1" status: 200 len: 3567 time: 0.0604780
2026-04-21 18:55:11.731 9 INFO neutron.wsgi [None req-f98a4218-d844-4745-998f-b6705b27c204 663155fe22a74a5ca173095933b7974e ccae192e991144bcaf7dee2f7cfc797a - - default default] 10.0.0.30 "DELETE /v2.0/security-groups/56b945ce-2da3-4f25-874d-083e181e9311 HTTP/1.1" status: 204 len: 168 time: 0.1625688
2026-04-21 18:55:11.797 10 INFO neutron.wsgi [None req-333a1540-e5eb-46e7-b26c-d1fa9d9de422 663155fe22a74a5ca173095933b7974e ccae192e991144bcaf7dee2f7cfc797a - - default default] 10.0.0.30 "GET /v2.0/security-groups HTTP/1.1" status: 200 len: 2996 time: 0.0590298
2026-04-21 18:55:11.849 10 INFO neutron.wsgi [None req-e5670404-8988-4d08-95eb-7e1a18df3caa 663155fe22a74a5ca173095933b7974e ccae192e991144bcaf7dee2f7cfc797a - - default default] 10.0.0.30 "GET /v2.0/security-groups HTTP/1.1" status: 200 len: 2996 time: 0.0451677
2026-04-21 18:55:12.059 9 INFO neutron.db.ovn_revision_numbers_db [None req-4a40d5db-77e6-4e3a-a2c2-654de97efef2 b32f588970c24b3c9e853eb873cfa8e0 6d48c33bdf7142e0b02e60d858fa9f5e - - default default] Successfully bumped revision number for resource 7165cc2a-1af3-4211-95b3-8387737809f1 (type: ports) to 2
2026-04-21 18:55:12.089 10 INFO neutron.db.ovn_revision_numbers_db [None req-562c41c3-ec7c-4014-9b6d-508a023b0f85 e0485c9aab5b4908a0298db2633dcd2b 523c342a98024c48a1ce0cda37582ced - - default default] Successfully bumped revision number for resource c0989250-5508-44e3-9db2-f68878727d28 (type: ports) to 2
2026-04-21 18:55:12.095 9 INFO neutron.db.ovn_revision_numbers_db [None req-4a40d5db-77e6-4e3a-a2c2-654de97efef2 b32f588970c24b3c9e853eb873cfa8e0 6d48c33bdf7142e0b02e60d858fa9f5e - - default default] Successfully bumped revision number for resource 416148c9-fc34-4845-ab1d-f066b0e452c1 (type: subnets) to 0
2026-04-21 18:55:12.112 9 INFO neutron.wsgi [None req-4a40d5db-77e6-4e3a-a2c2-654de97efef2 b32f588970c24b3c9e853eb873cfa8e0 6d48c33bdf7142e0b02e60d858fa9f5e - - default default] 10.0.0.30 "POST /v2.0/subnets HTTP/1.1" status: 201 len: 801 time: 0.9009399
2026-04-21 18:55:12.120 10 INFO neutron.db.ovn_revision_numbers_db [None req-562c41c3-ec7c-4014-9b6d-508a023b0f85 e0485c9aab5b4908a0298db2633dcd2b 523c342a98024c48a1ce0cda37582ced - - default default] Successfully bumped revision number for resource 3688ef4d-21d4-4277-a14b-cb1bbd98b848 (type: subnets) to 0
2026-04-21 18:55:12.133 10 INFO neutron.wsgi [None req-562c41c3-ec7c-4014-9b6d-508a023b0f85 e0485c9aab5b4908a0298db2633dcd2b 523c342a98024c48a1ce0cda37582ced - - default default] 10.0.0.30 "POST /v2.0/subnets HTTP/1.1" status: 201 len: 862 time: 0.7424390
