2026-05-05 23:26:17.177 11 INFO neutron.plugins.ml2.plugin [None req-8ba92661-984c-427f-8d80-c6173e89bc81 - - - - - -] Attempt 1 to provision port 38fa219c-9669-4042-a194-09a10360e1c9
2026-05-05 23:26:17.483 11 INFO neutron.plugins.ml2.plugin [None req-8ba92661-984c-427f-8d80-c6173e89bc81 - - - - - -] Attempt 1 to provision port cb9b7fa0-823a-40a7-b5cf-b5a0505153d8
2026-05-05 23:26:17.519 11 INFO neutron.plugins.ml2.plugin [None req-8be6e44d-e520-4d4b-8fcd-8c0355b85500 - - - - - -] Attempt 1 to provision port 132e302d-de2f-407f-aaa1-11b0add2b5c0
2026-05-05 23:26:17.712 11 INFO neutron.plugins.ml2.plugin [None req-8ba92661-984c-427f-8d80-c6173e89bc81 - - - - - -] Attempt 1 to provision port b1bdc04b-59ac-41d7-99ef-38a34e2ddffe
2026-05-05 23:26:17.926 11 INFO neutron.plugins.ml2.plugin [None req-8ba92661-984c-427f-8d80-c6173e89bc81 - - - - - -] Attempt 1 to provision port 6fb18c60-ac14-4013-97e5-2de23dd77844
2026-05-05 23:26:18.226 10 INFO neutron.plugins.ml2.plugin [None req-8eab5564-9410-4d4d-b74e-edc8ca45c888 - - - - - -] Attempt 1 to provision port 132e302d-de2f-407f-aaa1-11b0add2b5c0
2026-05-05 23:26:19.516 10 INFO neutron.plugins.ml2.plugin [None req-8ba92661-984c-427f-8d80-c6173e89bc81 - - - - - -] Attempt 1 to provision port cb9b7fa0-823a-40a7-b5cf-b5a0505153d8
2026-05-05 23:26:19.703 10 INFO neutron.plugins.ml2.plugin [None req-8ba92661-984c-427f-8d80-c6173e89bc81 - - - - - -] Attempt 1 to provision port 38fa219c-9669-4042-a194-09a10360e1c9
2026-05-05 23:26:19.936 10 INFO neutron.plugins.ml2.plugin [None req-8ba92661-984c-427f-8d80-c6173e89bc81 - - - - - -] Attempt 1 to provision port 6fb18c60-ac14-4013-97e5-2de23dd77844
2026-05-05 23:26:23.762 11 INFO neutron.plugins.ml2.plugin [None req-8ba92661-984c-427f-8d80-c6173e89bc81 - - - - - -] Attempt 1 to provision port 521b7b39-105c-4a08-8288-253159a0a2b3
2026-05-05 23:26:25.495 11 INFO neutron.plugins.ml2.plugin [None req-8ba92661-984c-427f-8d80-c6173e89bc81 - - - - - -] Attempt 1 to provision port 521b7b39-105c-4a08-8288-253159a0a2b3
2026-05-05 23:26:25.647 11 INFO neutron.plugins.ml2.plugin [None req-8ba92661-984c-427f-8d80-c6173e89bc81 - - - - - -] Attempt 1 to provision port 9da20869-1d3e-4ceb-b565-dfbb29c24f31
2026-05-05 23:26:28.043 11 INFO neutron.plugins.ml2.plugin [None req-8ba92661-984c-427f-8d80-c6173e89bc81 - - - - - -] Attempt 1 to provision port 56df1de1-48fb-4b57-9e2a-bee595f9b47f
2026-05-05 23:26:28.175 11 INFO neutron.notifiers.nova [-] Nova event matching ['req-5c57c3ab-901b-4e37-a51e-7c145a6f4c7a'] response: {'server_uuid': 'd3ac9848-e8f9-44d8-ba0f-827e0cf9c2da', 'name': 'network-vif-plugged', 'status': 'completed', 'tag': '56df1de1-48fb-4b57-9e2a-bee595f9b47f', 'code': 200}
2026-05-05 23:26:28.458 11 INFO neutron.plugins.ml2.plugin [None req-8ba92661-984c-427f-8d80-c6173e89bc81 - - - - - -] Attempt 1 to provision port 9da20869-1d3e-4ceb-b565-dfbb29c24f31
2026-05-05 23:26:29.069 10 INFO neutron.plugins.ml2.plugin [None req-0d9d2823-ccf9-493f-ad2a-96b4c15126ca - - - - - -] Attempt 1 to provision port a540f9c1-6f9a-4f72-9c76-f97c6bbee003
2026-05-05 23:26:29.572 10 INFO neutron.plugins.ml2.plugin [None req-8ba92661-984c-427f-8d80-c6173e89bc81 - - - - - -] Attempt 1 to provision port 42f12384-2677-4c56-bd06-211ea28387ad
2026-05-05 23:26:29.935 10 INFO neutron.plugins.ml2.plugin [None req-8ba92661-984c-427f-8d80-c6173e89bc81 - - - - - -] Attempt 1 to provision port 56df1de1-48fb-4b57-9e2a-bee595f9b47f
2026-05-05 23:26:30.181 10 INFO neutron.plugins.ml2.plugin [None req-79340c90-f865-4549-af87-9bc1e651330e - - - - - -] Attempt 1 to provision port 42f12384-2677-4c56-bd06-211ea28387ad
2026-05-05 23:26:31.490 10 INFO neutron.plugins.ml2.plugin [None req-86d002cc-f788-43c9-a2e5-a3e40d9c10f0 - - - - - -] Attempt 1 to provision port 42f12384-2677-4c56-bd06-211ea28387ad
2026-05-05 23:26:31.628 10 INFO neutron.plugins.ml2.plugin [None req-8ba92661-984c-427f-8d80-c6173e89bc81 - - - - - -] Attempt 1 to provision port 42f12384-2677-4c56-bd06-211ea28387ad
2026-05-05 23:26:31.879 10 INFO neutron.plugins.ml2.plugin [None req-8ba92661-984c-427f-8d80-c6173e89bc81 - - - - - -] Attempt 1 to provision port 1b97762c-dea0-483c-99d1-6eb7811e72f8
2026-05-05 23:26:32.396 10 INFO neutron.plugins.ml2.plugin [None req-7171d5ff-d272-4aec-bfb6-032502ea3d00 - - - - - -] Attempt 1 to provision port 9bc68896-5d50-433d-9899-c2aaa9c246fb
2026-05-05 23:26:32.888 10 INFO neutron.notifiers.nova [-] Nova event matching ['req-c8bf7855-eb5e-46e0-8f52-3816f4a9b988'] response: {'server_uuid': '6b191595-7c66-42e1-b6ab-8dd2e9f0fa9c', 'name': 'network-vif-unplugged', 'status': 'completed', 'tag': '05a1397f-dbeb-4ca7-8012-e957e796c96a', 'code': 200}
2026-05-05 23:26:33.109 10 INFO neutron.plugins.ml2.plugin [None req-7d72e8aa-002f-4e50-bf08-d2c9eb5a21ca - - - - - -] Attempt 1 to provision port 9bc68896-5d50-433d-9899-c2aaa9c246fb
2026-05-05 23:26:33.549 11 INFO neutron.plugins.ml2.plugin [None req-8ba92661-984c-427f-8d80-c6173e89bc81 - - - - - -] Attempt 1 to provision port 1b97762c-dea0-483c-99d1-6eb7811e72f8
2026-05-05 23:26:33.769 11 INFO neutron.plugins.ml2.plugin [None req-8ba92661-984c-427f-8d80-c6173e89bc81 - - - - - -] Attempt 1 to provision port 05a1397f-dbeb-4ca7-8012-e957e796c96a
2026-05-05 23:26:33.876 11 INFO neutron.notifiers.nova [-] Nova event matching ['req-41e1c2ca-8c28-453d-b6fe-61d8b775c2b9'] response: {'server_uuid': '6b191595-7c66-42e1-b6ab-8dd2e9f0fa9c', 'name': 'network-vif-plugged', 'status': 'completed', 'tag': '05a1397f-dbeb-4ca7-8012-e957e796c96a', 'code': 200}
2026-05-05 23:26:35.688 10 INFO neutron.plugins.ml2.plugin [None req-8ba92661-984c-427f-8d80-c6173e89bc81 - - - - - -] Attempt 1 to provision port 05a1397f-dbeb-4ca7-8012-e957e796c96a
2026-05-05 23:26:35.821 10 INFO neutron.plugins.ml2.plugin [None req-bf83dfc0-15ed-48ee-a143-51dc445667f4 - - - - - -] Attempt 1 to provision port 2007d3b9-d43a-4183-8541-0e94268ce053
2026-05-05 23:26:35.977 10 INFO neutron.plugins.ml2.plugin [None req-8ba92661-984c-427f-8d80-c6173e89bc81 - - - - - -] Attempt 1 to provision port 2007d3b9-d43a-4183-8541-0e94268ce053
2026-05-05 23:26:36.312 10 INFO neutron.plugins.ml2.plugin [None req-8ba92661-984c-427f-8d80-c6173e89bc81 - - - - - -] Attempt 1 to provision port 15792416-6c6e-4b9c-8265-9ee98b23d6d0
2026-05-05 23:26:36.720 10 INFO neutron.plugins.ml2.plugin [None req-8b4efdb8-9a06-4d3e-8679-bd583d4364cc - - - - - -] Attempt 1 to provision port 15792416-6c6e-4b9c-8265-9ee98b23d6d0
2026-05-05 23:26:37.433 11 INFO neutron.plugins.ml2.plugin [None req-1f038e88-5a86-4aff-9bd9-4fff473d06a9 - - - - - -] Attempt 1 to provision port 60220867-e1f9-48df-957b-1e68fe753946
2026-05-05 23:26:37.652 11 INFO neutron.plugins.ml2.plugin [None req-8ba92661-984c-427f-8d80-c6173e89bc81 - - - - - -] Attempt 1 to provision port b6100214-30a1-4397-8c7d-941499f0f82d
2026-05-05 23:26:38.126 10 INFO neutron.plugins.ml2.plugin [None req-90199acc-d92f-4b4a-bed3-5fe96d07dbc3 - - - - - -] Attempt 1 to provision port 2007d3b9-d43a-4183-8541-0e94268ce053
2026-05-05 23:26:38.188 10 INFO neutron.plugins.ml2.plugin [None req-90199acc-d92f-4b4a-bed3-5fe96d07dbc3 - - - - - -] Attempt 1 to provision port b6100214-30a1-4397-8c7d-941499f0f82d
2026-05-05 23:26:38.205 11 INFO neutron.plugins.ml2.plugin [None req-8ba92661-984c-427f-8d80-c6173e89bc81 - - - - - -] Attempt 1 to provision port 2007d3b9-d43a-4183-8541-0e94268ce053
2026-05-05 23:26:38.577 11 INFO neutron.plugins.ml2.plugin [None req-8ba92661-984c-427f-8d80-c6173e89bc81 - - - - - -] Attempt 1 to provision port 28802140-9820-461f-89f3-297bffd1c3d7
2026-05-05 23:26:38.839 11 INFO neutron.plugins.ml2.plugin [None req-8ba92661-984c-427f-8d80-c6173e89bc81 - - - - - -] Attempt 1 to provision port 132e302d-de2f-407f-aaa1-11b0add2b5c0
2026-05-05 23:26:39.109 11 INFO neutron.plugins.ml2.plugin [None req-8ba92661-984c-427f-8d80-c6173e89bc81 - - - - - -] Attempt 1 to provision port 15792416-6c6e-4b9c-8265-9ee98b23d6d0
2026-05-05 23:26:39.539 10 INFO neutron.plugins.ml2.plugin [None req-985d5fbe-1f59-4519-afb9-f24b71a5339c - - - - - -] Attempt 1 to provision port 15792416-6c6e-4b9c-8265-9ee98b23d6d0
2026-05-05 23:26:39.816 11 INFO neutron.plugins.ml2.plugin [None req-8ba92661-984c-427f-8d80-c6173e89bc81 - - - - - -] Attempt 1 to provision port b6100214-30a1-4397-8c7d-941499f0f82d
2026-05-05 23:26:40.055 11 INFO neutron.plugins.ml2.plugin [None req-8ba92661-984c-427f-8d80-c6173e89bc81 - - - - - -] Attempt 1 to provision port 28802140-9820-461f-89f3-297bffd1c3d7
2026-05-05 23:26:40.229 11 INFO neutron.plugins.ml2.plugin [None req-8ba92661-984c-427f-8d80-c6173e89bc81 - - - - - -] Attempt 1 to provision port 132e302d-de2f-407f-aaa1-11b0add2b5c0
2026-05-05 23:26:40.249 10 INFO neutron.plugins.ml2.plugin [None req-8eb1cba4-de33-4820-853f-e9352d5daac4 - - - - - -] Attempt 1 to provision port b6100214-30a1-4397-8c7d-941499f0f82d
2026-05-05 23:26:40.331 11 INFO neutron.plugins.ml2.plugin [None req-8ba92661-984c-427f-8d80-c6173e89bc81 - - - - - -] Attempt 1 to provision port 15792416-6c6e-4b9c-8265-9ee98b23d6d0
2026-05-05 23:26:40.337 10 INFO neutron.plugins.ml2.plugin [None req-8eb1cba4-de33-4820-853f-e9352d5daac4 - - - - - -] Attempt 1 to provision port 4111bafe-d283-4d80-abb8-1f4c445ce084
2026-05-05 23:26:40.370 10 INFO neutron.plugins.ml2.plugin [None req-8eb1cba4-de33-4820-853f-e9352d5daac4 - - - - - -] Attempt 1 to provision port 2007d3b9-d43a-4183-8541-0e94268ce053
2026-05-05 23:26:40.547 11 INFO neutron.plugins.ml2.plugin [None req-8ba92661-984c-427f-8d80-c6173e89bc81 - - - - - -] Attempt 1 to provision port 8abeed9d-0aa3-4578-9077-024bfdf9be31
2026-05-05 23:26:41.016 10 INFO neutron.plugins.ml2.plugin [None req-ad163f7c-7d07-4809-b113-ff67af6fd8b0 - - - - - -] Attempt 1 to provision port 4111bafe-d283-4d80-abb8-1f4c445ce084
2026-05-05 23:26:41.044 10 INFO neutron.plugins.ml2.plugin [None req-ad163f7c-7d07-4809-b113-ff67af6fd8b0 - - - - - -] Attempt 1 to provision port 15792416-6c6e-4b9c-8265-9ee98b23d6d0
2026-05-05 23:26:41.871 11 INFO neutron.plugins.ml2.plugin [None req-56c982c2-b77a-4fb2-a32a-d23c22e1adc3 - - - - - -] Attempt 1 to provision port 4111bafe-d283-4d80-abb8-1f4c445ce084
2026-05-05 23:26:41.977 10 INFO neutron.plugins.ml2.plugin [None req-8ba92661-984c-427f-8d80-c6173e89bc81 - - - - - -] Attempt 1 to provision port 8abeed9d-0aa3-4578-9077-024bfdf9be31
2026-05-05 23:26:42.560 11 INFO neutron.plugins.ml2.plugin [None req-f8efc9f0-b73e-4e8f-bd79-8917ada71a36 - - - - - -] Attempt 1 to provision port 4803f0e6-2b6d-448f-bf64-6a66c6e03fe0
2026-05-05 23:26:43.266 11 INFO neutron.plugins.ml2.plugin [None req-db8bf4df-7bc7-4ba4-8255-4bbbdee8bb3d - - - - - -] Attempt 1 to provision port b6100214-30a1-4397-8c7d-941499f0f82d
2026-05-05 23:26:43.335 11 INFO neutron.plugins.ml2.plugin [None req-db8bf4df-7bc7-4ba4-8255-4bbbdee8bb3d - - - - - -] Attempt 1 to provision port 4803f0e6-2b6d-448f-bf64-6a66c6e03fe0
2026-05-05 23:26:43.360 11 INFO neutron.plugins.ml2.plugin [None req-db8bf4df-7bc7-4ba4-8255-4bbbdee8bb3d - - - - - -] Attempt 1 to provision port 4e356dfa-25e2-42d3-8767-ab612d9d6ce8
2026-05-05 23:26:43.972 10 INFO neutron.plugins.ml2.plugin [None req-0d5f707f-d9ec-42aa-9d83-0ecd630c97c3 - - - - - -] Attempt 1 to provision port 4e356dfa-25e2-42d3-8767-ab612d9d6ce8
2026-05-05 23:26:44.677 10 INFO neutron.plugins.ml2.plugin [None req-ef325ed6-8c0e-424a-a00c-bafcaca788e7 - - - - - -] Attempt 1 to provision port 4e356dfa-25e2-42d3-8767-ab612d9d6ce8
2026-05-05 23:26:44.820 11 INFO neutron.plugins.ml2.plugin [None req-8ba92661-984c-427f-8d80-c6173e89bc81 - - - - - -] Attempt 1 to provision port 52d4a99f-4122-495f-b86e-eae6ffc56634
2026-05-05 23:26:44.923 11 INFO neutron.notifiers.nova [-] Nova event matching ['req-8634c863-773e-4edc-bae4-6bb9440719ed'] response: {'server_uuid': 'bb62f64a-d0b5-4c7b-9ac6-fbd32373c8af', 'name': 'network-vif-plugged', 'status': 'completed', 'tag': '52d4a99f-4122-495f-b86e-eae6ffc56634', 'code': 200}
2026-05-05 23:26:46.246 11 INFO neutron.plugins.ml2.plugin [None req-8ba92661-984c-427f-8d80-c6173e89bc81 - - - - - -] Attempt 1 to provision port 52d4a99f-4122-495f-b86e-eae6ffc56634
2026-05-05 23:26:50.125 11 INFO neutron.plugins.ml2.plugin [None req-8ba92661-984c-427f-8d80-c6173e89bc81 - - - - - -] Attempt 1 to provision port 9bc68896-5d50-433d-9899-c2aaa9c246fb
2026-05-05 23:26:50.371 11 INFO neutron.plugins.ml2.plugin [None req-8ba92661-984c-427f-8d80-c6173e89bc81 - - - - - -] Attempt 1 to provision port a540f9c1-6f9a-4f72-9c76-f97c6bbee003
2026-05-05 23:26:52.226 11 INFO neutron.plugins.ml2.plugin [None req-8ba92661-984c-427f-8d80-c6173e89bc81 - - - - - -] Attempt 1 to provision port 9bc68896-5d50-433d-9899-c2aaa9c246fb
2026-05-05 23:26:52.400 11 INFO neutron.plugins.ml2.plugin [None req-8ba92661-984c-427f-8d80-c6173e89bc81 - - - - - -] Attempt 1 to provision port a540f9c1-6f9a-4f72-9c76-f97c6bbee003
2026-05-05 23:26:54.656 10 INFO neutron.plugins.ml2.plugin [None req-8ba92661-984c-427f-8d80-c6173e89bc81 - - - - - -] Attempt 1 to provision port 0dfa4be1-d491-44a7-a359-1ba2955df962
2026-05-05 23:26:54.774 10 INFO neutron.notifiers.nova [-] Nova event matching ['req-a4f9cc8e-9042-4ca6-bf17-d224a51497f9'] response: {'server_uuid': 'f9d7fb4b-0a22-447c-bef5-73ab81692941', 'name': 'network-vif-plugged', 'status': 'completed', 'tag': '0dfa4be1-d491-44a7-a359-1ba2955df962', 'code': 200}
2026-05-05 23:26:56.395 10 INFO neutron.plugins.ml2.plugin [None req-8ba92661-984c-427f-8d80-c6173e89bc81 - - - - - -] Attempt 1 to provision port 0dfa4be1-d491-44a7-a359-1ba2955df962
2026-05-05 23:26:58.236 11 INFO neutron.plugins.ml2.plugin [None req-8ba92661-984c-427f-8d80-c6173e89bc81 - - - - - -] Attempt 1 to provision port 60220867-e1f9-48df-957b-1e68fe753946
2026-05-05 23:26:58.499 11 INFO neutron.plugins.ml2.plugin [None req-8ba92661-984c-427f-8d80-c6173e89bc81 - - - - - -] Attempt 1 to provision port 4803f0e6-2b6d-448f-bf64-6a66c6e03fe0
2026-05-05 23:26:58.794 11 INFO neutron.plugins.ml2.plugin [None req-8ba92661-984c-427f-8d80-c6173e89bc81 - - - - - -] Attempt 1 to provision port 4111bafe-d283-4d80-abb8-1f4c445ce084
2026-05-05 23:26:59.081 11 INFO neutron.plugins.ml2.plugin [None req-8ba92661-984c-427f-8d80-c6173e89bc81 - - - - - -] Attempt 1 to provision port 4e356dfa-25e2-42d3-8767-ab612d9d6ce8
2026-05-05 23:27:00.516 11 INFO neutron.plugins.ml2.plugin [None req-8ba92661-984c-427f-8d80-c6173e89bc81 - - - - - -] Attempt 1 to provision port 60220867-e1f9-48df-957b-1e68fe753946
2026-05-05 23:27:00.738 11 INFO neutron.plugins.ml2.plugin [None req-8ba92661-984c-427f-8d80-c6173e89bc81 - - - - - -] Attempt 1 to provision port 4803f0e6-2b6d-448f-bf64-6a66c6e03fe0
2026-05-05 23:27:00.956 11 INFO neutron.plugins.ml2.plugin [None req-8ba92661-984c-427f-8d80-c6173e89bc81 - - - - - -] Attempt 1 to provision port 4111bafe-d283-4d80-abb8-1f4c445ce084
2026-05-05 23:27:01.149 11 INFO neutron.plugins.ml2.plugin [None req-c5db6568-a806-4610-8a68-66077afa3a7a - - - - - -] Attempt 1 to provision port 90e2ce51-2326-42ae-b0ce-808d2ecb570c
2026-05-05 23:27:01.162 11 INFO neutron.plugins.ml2.plugin [None req-8ba92661-984c-427f-8d80-c6173e89bc81 - - - - - -] Attempt 1 to provision port 4e356dfa-25e2-42d3-8767-ab612d9d6ce8
2026-05-05 23:27:11.763 10 ERROR oslo_messaging.rpc.server [None req-8a761bc4-3107-4a31-95a7-9af2e4fe682c - - - - - -] Exception during message handling: neutron_lib.exceptions.SubnetInUse: Unable to complete operation on subnet a4e2c094-63ca-458b-9991-04e96a51407e: This subnet is being modified by another concurrent operation.
2026-05-05 23:27:11.763 10 ERROR oslo_messaging.rpc.server
Traceback (most recent call last):
2026-05-05 23:27:11.763 10 ERROR oslo_messaging.rpc.server
File "/var/lib/openstack/lib/python3.12/site-packages/oslo_messaging/rpc/server.py", line 172, in _process_incoming
2026-05-05 23:27:11.763 10 ERROR oslo_messaging.rpc.server res = self.dispatcher.dispatch(message)
2026-05-05 23:27:11.763 10 ERROR oslo_messaging.rpc.server ^^^^^^^^^^^^^^^^^^^^^^^^^^^^^^^^^
2026-05-05 23:27:11.763 10 ERROR oslo_messaging.rpc.server
File "/var/lib/openstack/lib/python3.12/site-packages/oslo_messaging/rpc/dispatcher.py", line 309, in dispatch
2026-05-05 23:27:11.763 10 ERROR oslo_messaging.rpc.server return self._do_dispatch(endpoint, method, ctxt, args)
2026-05-05 23:27:11.763 10 ERROR oslo_messaging.rpc.server ^^^^^^^^^^^^^^^^^^^^^^^^^^^^^^^^^^^^^^^^^^^^^^^
2026-05-05 23:27:11.763 10 ERROR oslo_messaging.rpc.server
File "/var/lib/openstack/lib/python3.12/site-packages/oslo_messaging/rpc/dispatcher.py", line 229, in _do_dispatch
2026-05-05 23:27:11.763 10 ERROR oslo_messaging.rpc.server result = func(ctxt, **new_args)
2026-05-05 23:27:11.763 10 ERROR oslo_messaging.rpc.server ^^^^^^^^^^^^^^^^^^^^^^
2026-05-05 23:27:11.763 10 ERROR oslo_messaging.rpc.server
File "/var/lib/openstack/lib/python3.12/site-packages/oslo_messaging/rpc/server.py", line 262, in inner
2026-05-05 23:27:11.763 10 ERROR oslo_messaging.rpc.server return func(*args, **kwargs)
2026-05-05 23:27:11.763 10 ERROR oslo_messaging.rpc.server ^^^^^^^^^^^^^^^^^^^^^
2026-05-05 23:27:11.763 10 ERROR oslo_messaging.rpc.server
File "/var/lib/openstack/lib/python3.12/site-packages/neutron_lib/db/api.py", line 137, in wrapped
2026-05-05 23:27:11.763 10 ERROR oslo_messaging.rpc.server with excutils.save_and_reraise_exception():
2026-05-05 23:27:11.763 10 ERROR oslo_messaging.rpc.server
File "/var/lib/openstack/lib/python3.12/site-packages/oslo_utils/excutils.py", line 227, in __exit__
2026-05-05 23:27:11.763 10 ERROR oslo_messaging.rpc.server self.force_reraise()
2026-05-05 23:27:11.763 10 ERROR oslo_messaging.rpc.server
File "/var/lib/openstack/lib/python3.12/site-packages/oslo_utils/excutils.py", line 200, in force_reraise
2026-05-05 23:27:11.763 10 ERROR oslo_messaging.rpc.server raise self.value
2026-05-05 23:27:11.763 10 ERROR oslo_messaging.rpc.server
File "/var/lib/openstack/lib/python3.12/site-packages/neutron_lib/db/api.py", line 135, in wrapped
2026-05-05 23:27:11.763 10 ERROR oslo_messaging.rpc.server return f(*args, **kwargs)
2026-05-05 23:27:11.763 10 ERROR oslo_messaging.rpc.server ^^^^^^^^^^^^^^^^^^
2026-05-05 23:27:11.763 10 ERROR oslo_messaging.rpc.server
File "/var/lib/openstack/lib/python3.12/site-packages/oslo_db/api.py", line 144, in wrapper
2026-05-05 23:27:11.763 10 ERROR oslo_messaging.rpc.server with excutils.save_and_reraise_exception() as ectxt:
2026-05-05 23:27:11.763 10 ERROR oslo_messaging.rpc.server
File "/var/lib/openstack/lib/python3.12/site-packages/oslo_utils/excutils.py", line 227, in __exit__
2026-05-05 23:27:11.763 10 ERROR oslo_messaging.rpc.server self.force_reraise()
2026-05-05 23:27:11.763 10 ERROR oslo_messaging.rpc.server
File "/var/lib/openstack/lib/python3.12/site-packages/oslo_utils/excutils.py", line 200, in force_reraise
2026-05-05 23:27:11.763 10 ERROR oslo_messaging.rpc.server raise self.value
2026-05-05 23:27:11.763 10 ERROR oslo_messaging.rpc.server
File "/var/lib/openstack/lib/python3.12/site-packages/oslo_db/api.py", line 142, in wrapper
2026-05-05 23:27:11.763 10 ERROR oslo_messaging.rpc.server return f(*args, **kwargs)
2026-05-05 23:27:11.763 10 ERROR oslo_messaging.rpc.server ^^^^^^^^^^^^^^^^^^
2026-05-05 23:27:11.763 10 ERROR oslo_messaging.rpc.server
File "/var/lib/openstack/lib/python3.12/site-packages/neutron_lib/db/api.py", line 183, in wrapped
2026-05-05 23:27:11.763 10 ERROR oslo_messaging.rpc.server with excutils.save_and_reraise_exception():
2026-05-05 23:27:11.763 10 ERROR oslo_messaging.rpc.server
File "/var/lib/openstack/lib/python3.12/site-packages/oslo_utils/excutils.py", line 227, in __exit__
2026-05-05 23:27:11.763 10 ERROR oslo_messaging.rpc.server self.force_reraise()
2026-05-05 23:27:11.763 10 ERROR oslo_messaging.rpc.server
File "/var/lib/openstack/lib/python3.12/site-packages/oslo_utils/excutils.py", line 200, in force_reraise
2026-05-05 23:27:11.763 10 ERROR oslo_messaging.rpc.server raise self.value
2026-05-05 23:27:11.763 10 ERROR oslo_messaging.rpc.server
File "/var/lib/openstack/lib/python3.12/site-packages/neutron_lib/db/api.py", line 181, in wrapped
2026-05-05 23:27:11.763 10 ERROR oslo_messaging.rpc.server return f(*dup_args, **dup_kwargs)
2026-05-05 23:27:11.763 10 ERROR oslo_messaging.rpc.server ^^^^^^^^^^^^^^^^^^^^^^^^^^
2026-05-05 23:27:11.763 10 ERROR oslo_messaging.rpc.server
File "/var/lib/openstack/lib/python3.12/site-packages/neutron/quota/resource_registry.py", line 95, in wrapper
2026-05-05 23:27:11.763 10 ERROR oslo_messaging.rpc.server ret_val = f(_self, context, *args, **kwargs)
2026-05-05 23:27:11.763 10 ERROR oslo_messaging.rpc.server ^^^^^^^^^^^^^^^^^^^^^^^^^^^^^^^^^^
2026-05-05 23:27:11.763 10 ERROR oslo_messaging.rpc.server
File "/var/lib/openstack/lib/python3.12/site-packages/neutron/api/rpc/handlers/dhcp_rpc.py", line 292, in create_dhcp_port
2026-05-05 23:27:11.763 10 ERROR oslo_messaging.rpc.server return self._port_action(plugin, context, port, 'create_port')
2026-05-05 23:27:11.763 10 ERROR oslo_messaging.rpc.server ^^^^^^^^^^^^^^^^^^^^^^^^^^^^^^^^^^^^^^^^^^^^^^^^^^^^^^^
2026-05-05 23:27:11.763 10 ERROR oslo_messaging.rpc.server
File "/var/lib/openstack/lib/python3.12/site-packages/neutron/api/rpc/handlers/dhcp_rpc.py", line 118, in _port_action
2026-05-05 23:27:11.763 10 ERROR oslo_messaging.rpc.server return p_utils.create_port(plugin, context, port)
2026-05-05 23:27:11.763 10 ERROR oslo_messaging.rpc.server ^^^^^^^^^^^^^^^^^^^^^^^^^^^^^^^^^^^^^^^^^^
2026-05-05 23:27:11.763 10 ERROR oslo_messaging.rpc.server
File "/var/lib/openstack/lib/python3.12/site-packages/neutron_lib/plugins/utils.py", line 338, in create_port
2026-05-05 23:27:11.763 10 ERROR oslo_messaging.rpc.server return core_plugin.create_port(
2026-05-05 23:27:11.763 10 ERROR oslo_messaging.rpc.server ^^^^^^^^^^^^^^^^^^^^^^^^
2026-05-05 23:27:11.763 10 ERROR oslo_messaging.rpc.server
File "/var/lib/openstack/lib/python3.12/site-packages/neutron/common/utils.py", line 724, in inner
2026-05-05 23:27:11.763 10 ERROR oslo_messaging.rpc.server return f(*args, **kwargs)
2026-05-05 23:27:11.763 10 ERROR oslo_messaging.rpc.server ^^^^^^^^^^^^^^^^^^
2026-05-05 23:27:11.763 10 ERROR oslo_messaging.rpc.server
File "/var/lib/openstack/lib/python3.12/site-packages/neutron_lib/db/api.py", line 223, in wrapped
2026-05-05 23:27:11.763 10 ERROR oslo_messaging.rpc.server return f_with_retry(*args, **kwargs,
2026-05-05 23:27:11.763 10 ERROR oslo_messaging.rpc.server ^^^^^^^^^^^^^^^^^^^^^^^^^^^^^
2026-05-05 23:27:11.763 10 ERROR oslo_messaging.rpc.server
File "/var/lib/openstack/lib/python3.12/site-packages/neutron_lib/db/api.py", line 137, in wrapped
2026-05-05 23:27:11.763 10 ERROR oslo_messaging.rpc.server with excutils.save_and_reraise_exception():
2026-05-05 23:27:11.763 10 ERROR oslo_messaging.rpc.server
File "/var/lib/openstack/lib/python3.12/site-packages/oslo_utils/excutils.py", line 227, in __exit__
2026-05-05 23:27:11.763 10 ERROR oslo_messaging.rpc.server self.force_reraise()
2026-05-05 23:27:11.763 10 ERROR oslo_messaging.rpc.server
File "/var/lib/openstack/lib/python3.12/site-packages/oslo_utils/excutils.py", line 200, in force_reraise
2026-05-05 23:27:11.763 10 ERROR oslo_messaging.rpc.server raise self.value
2026-05-05 23:27:11.763 10 ERROR oslo_messaging.rpc.server
File "/var/lib/openstack/lib/python3.12/site-packages/neutron_lib/db/api.py", line 135, in wrapped
2026-05-05 23:27:11.763 10 ERROR oslo_messaging.rpc.server return f(*args, **kwargs)
2026-05-05 23:27:11.763 10 ERROR oslo_messaging.rpc.server ^^^^^^^^^^^^^^^^^^
2026-05-05 23:27:11.763 10 ERROR oslo_messaging.rpc.server
File "/var/lib/openstack/lib/python3.12/site-packages/oslo_db/api.py", line 144, in wrapper
2026-05-05 23:27:11.763 10 ERROR oslo_messaging.rpc.server with excutils.save_and_reraise_exception() as ectxt:
2026-05-05 23:27:11.763 10 ERROR oslo_messaging.rpc.server
File "/var/lib/openstack/lib/python3.12/site-packages/oslo_utils/excutils.py", line 227, in __exit__
2026-05-05 23:27:11.763 10 ERROR oslo_messaging.rpc.server self.force_reraise()
2026-05-05 23:27:11.763 10 ERROR oslo_messaging.rpc.server
File "/var/lib/openstack/lib/python3.12/site-packages/oslo_utils/excutils.py", line 200, in force_reraise
2026-05-05 23:27:11.763 10 ERROR oslo_messaging.rpc.server raise self.value
2026-05-05 23:27:11.763 10 ERROR oslo_messaging.rpc.server
File "/var/lib/openstack/lib/python3.12/site-packages/oslo_db/api.py", line 142, in wrapper
2026-05-05 23:27:11.763 10 ERROR oslo_messaging.rpc.server return f(*args, **kwargs)
2026-05-05 23:27:11.763 10 ERROR oslo_messaging.rpc.server ^^^^^^^^^^^^^^^^^^
2026-05-05 23:27:11.763 10 ERROR oslo_messaging.rpc.server
File "/var/lib/openstack/lib/python3.12/site-packages/neutron_lib/db/api.py", line 183, in wrapped
2026-05-05 23:27:11.763 10 ERROR oslo_messaging.rpc.server with excutils.save_and_reraise_exception():
2026-05-05 23:27:11.763 10 ERROR oslo_messaging.rpc.server
File "/var/lib/openstack/lib/python3.12/site-packages/oslo_utils/excutils.py", line 227, in __exit__
2026-05-05 23:27:11.763 10 ERROR oslo_messaging.rpc.server self.force_reraise()
2026-05-05 23:27:11.763 10 ERROR oslo_messaging.rpc.server
File "/var/lib/openstack/lib/python3.12/site-packages/oslo_utils/excutils.py", line 200, in force_reraise
2026-05-05 23:27:11.763 10 ERROR oslo_messaging.rpc.server raise self.value
2026-05-05 23:27:11.763 10 ERROR oslo_messaging.rpc.server
File "/var/lib/openstack/lib/python3.12/site-packages/neutron_lib/db/api.py", line 181, in wrapped
2026-05-05 23:27:11.763 10 ERROR oslo_messaging.rpc.server return f(*dup_args, **dup_kwargs)
2026-05-05 23:27:11.763 10 ERROR oslo_messaging.rpc.server ^^^^^^^^^^^^^^^^^^^^^^^^^^
2026-05-05 23:27:11.763 10 ERROR oslo_messaging.rpc.server
File "/var/lib/openstack/lib/python3.12/site-packages/neutron/plugins/ml2/plugin.py", line 1608, in create_port
2026-05-05 23:27:11.763 10 ERROR oslo_messaging.rpc.server result, mech_context = self._create_port_db(context, port)
2026-05-05 23:27:11.763 10 ERROR oslo_messaging.rpc.server ^^^^^^^^^^^^^^^^^^^^^^^^^^^^^^^^^^^
2026-05-05 23:27:11.763 10 ERROR oslo_messaging.rpc.server
File "/var/lib/openstack/lib/python3.12/site-packages/neutron/plugins/ml2/plugin.py", line 1573, in _create_port_db
2026-05-05 23:27:11.763 10 ERROR oslo_messaging.rpc.server port_db = self.create_port_db(context, port)
2026-05-05 23:27:11.763 10 ERROR oslo_messaging.rpc.server ^^^^^^^^^^^^^^^^^^^^^^^^^^^^^^^^^^
2026-05-05 23:27:11.763 10 ERROR oslo_messaging.rpc.server
File "/var/lib/openstack/lib/python3.12/site-packages/neutron/db/db_base_plugin_v2.py", line 1573, in create_port_db
2026-05-05 23:27:11.763 10 ERROR oslo_messaging.rpc.server self.ipam.allocate_ips_for_port_and_store(
2026-05-05 23:27:11.763 10 ERROR oslo_messaging.rpc.server
File "/var/lib/openstack/lib/python3.12/site-packages/neutron/db/ipam_pluggable_backend.py", line 219, in allocate_ips_for_port_and_store
2026-05-05 23:27:11.763 10 ERROR oslo_messaging.rpc.server ips = self.allocate_ips_for_port(context, port_copy)
2026-05-05 23:27:11.763 10 ERROR oslo_messaging.rpc.server ^^^^^^^^^^^^^^^^^^^^^^^^^^^^^^^^^^^^^^^^^^^^^^
2026-05-05 23:27:11.763 10 ERROR oslo_messaging.rpc.server
File "/var/lib/openstack/lib/python3.12/site-packages/neutron_lib/db/api.py", line 221, in wrapped
2026-05-05 23:27:11.763 10 ERROR oslo_messaging.rpc.server return f(*args, **kwargs)
2026-05-05 23:27:11.763 10 ERROR oslo_messaging.rpc.server ^^^^^^^^^^^^^^^^^^
2026-05-05 23:27:11.763 10 ERROR oslo_messaging.rpc.server
File "/var/lib/openstack/lib/python3.12/site-packages/oslo_db/sqlalchemy/enginefacade.py", line 998, in wrapper
2026-05-05 23:27:11.763 10 ERROR oslo_messaging.rpc.server return fn(*args, **kwargs)
2026-05-05 23:27:11.763 10 ERROR oslo_messaging.rpc.server ^^^^^^^^^^^^^^^^^^^
2026-05-05 23:27:11.763 10 ERROR oslo_messaging.rpc.server
File "/var/lib/openstack/lib/python3.12/site-packages/neutron/db/ipam_pluggable_backend.py", line 226, in allocate_ips_for_port
2026-05-05 23:27:11.763 10 ERROR oslo_messaging.rpc.server return self._allocate_ips_for_port(context, port)
2026-05-05 23:27:11.763 10 ERROR oslo_messaging.rpc.server ^^^^^^^^^^^^^^^^^^^^^^^^^^^^^^^^^^^^^^^^^^
2026-05-05 23:27:11.763 10 ERROR oslo_messaging.rpc.server
File "/var/lib/openstack/lib/python3.12/site-packages/neutron/db/ipam_pluggable_backend.py", line 258, in _allocate_ips_for_port
2026-05-05 23:27:11.763 10 ERROR oslo_messaging.rpc.server subnets = self._ipam_get_subnets(
2026-05-05 23:27:11.763 10 ERROR oslo_messaging.rpc.server ^^^^^^^^^^^^^^^^^^^^^^^
2026-05-05 23:27:11.763 10 ERROR oslo_messaging.rpc.server
File "/var/lib/openstack/lib/python3.12/site-packages/neutron/db/ipam_backend_mixin.py", line 686, in _ipam_get_subnets
2026-05-05 23:27:11.763 10 ERROR oslo_messaging.rpc.server subnet.read_lock_register(
2026-05-05 23:27:11.763 10 ERROR oslo_messaging.rpc.server
File "/var/lib/openstack/lib/python3.12/site-packages/neutron/db/models_v2.py", line 77, in read_lock_register
2026-05-05 23:27:11.763 10 ERROR oslo_messaging.rpc.server raise exception
2026-05-05 23:27:11.763 10 ERROR oslo_messaging.rpc.server neutron_lib.exceptions.SubnetInUse: Unable to complete operation on subnet a4e2c094-63ca-458b-9991-04e96a51407e: This subnet is being modified by another concurrent operation.
2026-05-05 23:27:11.763 10 ERROR oslo_messaging.rpc.server
2026-05-05 23:27:14.580 11 INFO neutron.plugins.ml2.plugin [None req-8ba92661-984c-427f-8d80-c6173e89bc81 - - - - - -] Attempt 1 to provision port 8aaebf7b-ddd0-44ce-8949-1c3cbc2168c4
2026-05-05 23:27:14.716 11 INFO neutron.notifiers.nova [-] Nova event matching ['req-033f61a2-7a47-47ff-bea7-9075af45cac1'] response: {'server_uuid': 'ee355b4e-4d59-4f82-afae-97c9754fb5cf', 'name': 'network-vif-plugged', 'status': 'completed', 'tag': '8aaebf7b-ddd0-44ce-8949-1c3cbc2168c4', 'code': 200}
2026-05-05 23:27:16.547 10 INFO neutron.plugins.ml2.plugin [None req-8ba92661-984c-427f-8d80-c6173e89bc81 - - - - - -] Attempt 1 to provision port 8aaebf7b-ddd0-44ce-8949-1c3cbc2168c4
2026-05-05 23:27:18.812 10 INFO neutron.plugins.ml2.plugin [None req-8ba92661-984c-427f-8d80-c6173e89bc81 - - - - - -] Attempt 1 to provision port c0be5888-057e-4b4a-8018-56c166e31d3d
2026-05-05 23:27:19.260 10 INFO neutron.plugins.ml2.plugin [None req-8ba92661-984c-427f-8d80-c6173e89bc81 - - - - - -] Attempt 1 to provision port 523cbd23-b050-4bb8-b0fa-9fe40a281801
2026-05-05 23:27:20.469 11 INFO neutron.plugins.ml2.plugin [None req-983708f3-122c-4057-8407-efe32adeb32c - - - - - -] Attempt 1 to provision port 523cbd23-b050-4bb8-b0fa-9fe40a281801
2026-05-05 23:27:20.527 11 INFO neutron.plugins.ml2.plugin [None req-983708f3-122c-4057-8407-efe32adeb32c - - - - - -] Attempt 1 to provision port c0be5888-057e-4b4a-8018-56c166e31d3d
2026-05-05 23:27:20.610 10 INFO neutron.plugins.ml2.plugin [None req-8ba92661-984c-427f-8d80-c6173e89bc81 - - - - - -] Attempt 1 to provision port c0be5888-057e-4b4a-8018-56c166e31d3d
2026-05-05 23:27:20.815 10 INFO neutron.plugins.ml2.plugin [None req-8ba92661-984c-427f-8d80-c6173e89bc81 - - - - - -] Attempt 1 to provision port 523cbd23-b050-4bb8-b0fa-9fe40a281801
2026-05-05 23:27:21.372 11 INFO neutron.plugins.ml2.plugin [None req-854e01d7-c391-4353-bf06-2072b07c175a - - - - - -] Attempt 1 to provision port 523cbd23-b050-4bb8-b0fa-9fe40a281801
2026-05-05 23:27:21.441 11 INFO neutron.plugins.ml2.plugin [None req-854e01d7-c391-4353-bf06-2072b07c175a - - - - - -] Attempt 1 to provision port 76714c0c-297d-4e14-b9a6-d0ee9ec6fb81
2026-05-05 23:27:22.078 10 INFO neutron.plugins.ml2.plugin [None req-44b43428-a2e7-4274-85e4-003b907124e3 - - - - - -] Attempt 1 to provision port c0be5888-057e-4b4a-8018-56c166e31d3d
2026-05-05 23:27:22.159 10 INFO neutron.plugins.ml2.plugin [None req-44b43428-a2e7-4274-85e4-003b907124e3 - - - - - -] Attempt 1 to provision port 76714c0c-297d-4e14-b9a6-d0ee9ec6fb81
2026-05-05 23:27:26.621 10 INFO neutron.plugins.ml2.plugin [None req-8ba92661-984c-427f-8d80-c6173e89bc81 - - - - - -] Attempt 1 to provision port 2de93a7f-9659-440a-90ed-c3cda1471437
2026-05-05 23:27:28.508 11 INFO neutron.plugins.ml2.plugin [None req-8ba92661-984c-427f-8d80-c6173e89bc81 - - - - - -] Attempt 1 to provision port 2de93a7f-9659-440a-90ed-c3cda1471437
2026-05-05 23:27:28.816 11 INFO neutron.plugins.ml2.plugin [None req-26d974d7-4386-43db-bde2-f6f00246e3a8 - - - - - -] Attempt 1 to provision port 2de93a7f-9659-440a-90ed-c3cda1471437
2026-05-05 23:27:29.716 10 INFO neutron.plugins.ml2.plugin [None req-90c30883-7031-4320-b58e-8cb5cdfab349 - - - - - -] Attempt 1 to provision port 2de93a7f-9659-440a-90ed-c3cda1471437
2026-05-05 23:27:32.534 10 INFO neutron.plugins.ml2.plugin [None req-8ba92661-984c-427f-8d80-c6173e89bc81 - - - - - -] Attempt 1 to provision port 16d25b71-a510-4eb7-b49a-44833bb6b37f
2026-05-05 23:27:33.541 11 INFO neutron.plugins.ml2.plugin [None req-0a5544ac-3330-4945-9c0f-7b1ed641e1bb - - - - - -] Attempt 1 to provision port 465f3547-28d5-4216-9db6-355ceed5eeca
2026-05-05 23:27:33.582 11 INFO neutron.plugins.ml2.plugin [None req-0a5544ac-3330-4945-9c0f-7b1ed641e1bb - - - - - -] Attempt 1 to provision port 16d25b71-a510-4eb7-b49a-44833bb6b37f
2026-05-05 23:27:34.242 10 INFO neutron.plugins.ml2.plugin [None req-b75d3e8b-44d9-4ca3-95ac-9167147a54ff - - - - - -] Attempt 1 to provision port 16d25b71-a510-4eb7-b49a-44833bb6b37f
2026-05-05 23:27:36.255 11 INFO neutron.plugins.ml2.plugin [None req-afa0e731-6df6-4572-a971-6519c3591d30 - - - - - -] Attempt 1 to provision port 703b7d10-2e82-43c8-8cd3-f46886388c9c
2026-05-05 23:27:48.551 11 INFO neutron.plugins.ml2.plugin [None req-8ba92661-984c-427f-8d80-c6173e89bc81 - - - - - -] Attempt 1 to provision port 12f4eda4-f3ec-436d-879b-e87bf5963fae
2026-05-05 23:27:55.092 10 INFO neutron.plugins.ml2.plugin [None req-8ba92661-984c-427f-8d80-c6173e89bc81 - - - - - -] Attempt 1 to provision port 70482552-cb87-4370-b0b5-3c3a8e65efa1
2026-05-05 23:27:55.346 11 INFO neutron.plugins.ml2.plugin [None req-ed0597c2-9e90-4d29-8067-638f6ff7b33c - - - - - -] Attempt 1 to provision port 6d2abc16-6131-4471-adb1-24a81dca6922
2026-05-05 23:27:55.426 10 INFO neutron.plugins.ml2.plugin [None req-8ba92661-984c-427f-8d80-c6173e89bc81 - - - - - -] Attempt 1 to provision port 6d2abc16-6131-4471-adb1-24a81dca6922
2026-05-05 23:27:55.621 10 INFO neutron.plugins.ml2.plugin [None req-8ba92661-984c-427f-8d80-c6173e89bc81 - - - - - -] Attempt 1 to provision port d6c1643c-7b5a-4f2d-8e51-7fccb8c06c50
2026-05-05 23:27:55.740 10 INFO neutron.notifiers.nova [-] Nova event matching ['req-a28f2a15-98c0-4367-85ef-d5fc2eaef224'] response: {'server_uuid': 'd0739709-7229-4b7c-ab7c-4c43c9cd0870', 'name': 'network-vif-plugged', 'status': 'completed', 'tag': 'd6c1643c-7b5a-4f2d-8e51-7fccb8c06c50', 'code': 200}
2026-05-05 23:27:56.050 10 INFO neutron.plugins.ml2.plugin [None req-2ffd36a3-35b2-4abb-989e-fa7d0eb7116c - - - - - -] Attempt 1 to provision port 70482552-cb87-4370-b0b5-3c3a8e65efa1
2026-05-05 23:27:56.578 10 INFO neutron.plugins.ml2.plugin [None req-8ba92661-984c-427f-8d80-c6173e89bc81 - - - - - -] Attempt 1 to provision port 70482552-cb87-4370-b0b5-3c3a8e65efa1
2026-05-05 23:27:56.756 10 INFO neutron.plugins.ml2.plugin [None req-055f02c1-0cad-49e9-b28f-b86fb748b6e2 - - - - - -] Attempt 1 to provision port b1d2fa0a-679a-4e34-be59-172a1f485f0f
2026-05-05 23:27:56.796 10 INFO neutron.plugins.ml2.plugin [None req-055f02c1-0cad-49e9-b28f-b86fb748b6e2 - - - - - -] Attempt 1 to provision port 6d2abc16-6131-4471-adb1-24a81dca6922
2026-05-05 23:27:56.838 10 INFO neutron.plugins.ml2.plugin [None req-8ba92661-984c-427f-8d80-c6173e89bc81 - - - - - -] Attempt 1 to provision port 6d2abc16-6131-4471-adb1-24a81dca6922
2026-05-05 23:27:57.042 10 INFO neutron.plugins.ml2.plugin [None req-8ba92661-984c-427f-8d80-c6173e89bc81 - - - - - -] Attempt 1 to provision port d6c1643c-7b5a-4f2d-8e51-7fccb8c06c50
2026-05-05 23:27:57.456 11 INFO neutron.plugins.ml2.plugin [None req-0710d808-6fb1-4b45-aafe-8449a5029ffc - - - - - -] Attempt 1 to provision port 70482552-cb87-4370-b0b5-3c3a8e65efa1
2026-05-05 23:27:57.505 11 INFO neutron.plugins.ml2.plugin [None req-0710d808-6fb1-4b45-aafe-8449a5029ffc - - - - - -] Attempt 1 to provision port b1d2fa0a-679a-4e34-be59-172a1f485f0f
2026-05-05 23:27:58.167 11 INFO neutron.plugins.ml2.plugin [None req-f084708a-75a2-454e-8070-4f930b17d5cb - - - - - -] Attempt 1 to provision port b1d2fa0a-679a-4e34-be59-172a1f485f0f
2026-05-05 23:28:02.584 10 INFO neutron.plugins.ml2.plugin [None req-8ba92661-984c-427f-8d80-c6173e89bc81 - - - - - -] Attempt 1 to provision port 8631489d-e990-4751-8d97-a9aea3974ae0
2026-05-05 23:28:03.615 11 INFO neutron.plugins.ml2.plugin [None req-cff87725-6285-46cc-b8ce-4463a183ed12 - - - - - -] Attempt 1 to provision port 8631489d-e990-4751-8d97-a9aea3974ae0
2026-05-05 23:28:04.679 11 INFO neutron.plugins.ml2.plugin [None req-8ba92661-984c-427f-8d80-c6173e89bc81 - - - - - -] Attempt 1 to provision port 8631489d-e990-4751-8d97-a9aea3974ae0
2026-05-05 23:28:04.711 10 INFO neutron.plugins.ml2.plugin [None req-f8318be9-1dae-4cd8-b702-e52ade62564a - - - - - -] Attempt 1 to provision port 8631489d-e990-4751-8d97-a9aea3974ae0
2026-05-05 23:28:08.585 10 INFO neutron.plugins.ml2.plugin [None req-8ba92661-984c-427f-8d80-c6173e89bc81 - - - - - -] Attempt 1 to provision port 9539ea0b-71f0-492b-b4e5-b2f0e7e0587c
2026-05-05 23:28:09.020 10 INFO neutron.plugins.ml2.plugin [None req-5397f515-0808-46e1-afa2-87e1fc0273db - - - - - -] Attempt 1 to provision port 9539ea0b-71f0-492b-b4e5-b2f0e7e0587c
2026-05-05 23:28:10.341 11 INFO neutron.plugins.ml2.plugin [None req-5545d385-90ba-47d6-be56-244c666a8b4d - - - - - -] Attempt 1 to provision port 9539ea0b-71f0-492b-b4e5-b2f0e7e0587c
2026-05-05 23:28:12.335 11 INFO neutron.plugins.ml2.plugin [None req-ac3d7701-c581-4575-ba93-45d5f1c42b7b - - - - - -] Attempt 1 to provision port afbc8738-b1bf-4f83-ac12-4593a6de9c1d
2026-05-05 23:28:22.884 11 INFO neutron.plugins.ml2.plugin [None req-68cf68cc-f493-484d-b2a1-2b9dd39229ae - - - - - -] Attempt 1 to provision port cdfd509b-05cd-4f55-a590-0f8d92d4d045
2026-05-05 23:28:26.597 11 INFO neutron.plugins.ml2.plugin [None req-8ba92661-984c-427f-8d80-c6173e89bc81 - - - - - -] Attempt 1 to provision port facbcdf1-a64c-40c5-901d-7a99923ed36c
2026-05-05 23:28:26.814 11 INFO neutron.plugins.ml2.plugin [None req-0109eb9d-36c2-4df0-8cd4-5cf95742b3f0 - - - - - -] Attempt 1 to provision port facbcdf1-a64c-40c5-901d-7a99923ed36c
2026-05-05 23:28:27.024 11 INFO neutron.plugins.ml2.plugin [None req-8ba92661-984c-427f-8d80-c6173e89bc81 - - - - - -] Attempt 1 to provision port 7485cd22-0982-4ca6-a1ba-953ea71ea55b
2026-05-05 23:28:27.916 11 INFO neutron.plugins.ml2.plugin [None req-bdda41d0-4145-415c-bb71-44b726486819 - - - - - -] Attempt 1 to provision port facbcdf1-a64c-40c5-901d-7a99923ed36c
2026-05-05 23:28:27.993 11 INFO neutron.plugins.ml2.plugin [None req-bdda41d0-4145-415c-bb71-44b726486819 - - - - - -] Attempt 1 to provision port 7865ff7c-a3c0-4f59-9456-abc9fbe15f7f
2026-05-05 23:28:28.572 11 INFO neutron.plugins.ml2.plugin [None req-8ba92661-984c-427f-8d80-c6173e89bc81 - - - - - -] Attempt 1 to provision port facbcdf1-a64c-40c5-901d-7a99923ed36c
2026-05-05 23:28:28.616 10 INFO neutron.plugins.ml2.plugin [None req-9baabdac-ec34-4dcb-b540-6fd6234b2b66 - - - - - -] Attempt 1 to provision port 7865ff7c-a3c0-4f59-9456-abc9fbe15f7f
2026-05-05 23:28:28.831 11 INFO neutron.plugins.ml2.plugin [None req-8ba92661-984c-427f-8d80-c6173e89bc81 - - - - - -] Attempt 1 to provision port 7485cd22-0982-4ca6-a1ba-953ea71ea55b
2026-05-05 23:28:29.321 10 INFO neutron.plugins.ml2.plugin [None req-19e889e9-f828-4244-8136-39052a15b54e - - - - - -] Attempt 1 to provision port 7865ff7c-a3c0-4f59-9456-abc9fbe15f7f
2026-05-05 23:28:38.364 11 INFO neutron.plugins.ml2.plugin [None req-8b5e5e1a-f5fb-4765-bf11-bb442974dfde - - - - - -] Attempt 1 to provision port 01fb7906-1d4a-4b35-ac5a-53ee060ce58f
2026-05-05 23:28:38.401 11 INFO neutron.plugins.ml2.plugin [None req-8b5e5e1a-f5fb-4765-bf11-bb442974dfde - - - - - -] Attempt 1 to provision port 74415936-6e46-4390-a888-e904cfc4bab1
2026-05-05 23:28:39.186 10 INFO neutron.plugins.ml2.plugin [None req-8ba92661-984c-427f-8d80-c6173e89bc81 - - - - - -] Attempt 1 to provision port 71f27164-21e8-4a8d-96fc-b75fb40f42b3
2026-05-05 23:28:39.314 10 INFO neutron.notifiers.nova [-] Nova event matching ['req-b1275dc1-fd3d-497c-9b7c-ad04dd0c0788'] response: {'server_uuid': '744472bb-cfe6-471d-b289-9eda3706ddb3', 'name': 'network-vif-plugged', 'status': 'completed', 'tag': '71f27164-21e8-4a8d-96fc-b75fb40f42b3', 'code': 200}
2026-05-05 23:28:39.664 10 INFO neutron.plugins.ml2.plugin [None req-7215e164-fd12-468c-9c3c-ba9ab108dd8e - - - - - -] Attempt 1 to provision port f184d4da-0b81-4c10-8c9a-1fed39665126
2026-05-05 23:28:39.672 10 INFO neutron.plugins.ml2.plugin [None req-8ba92661-984c-427f-8d80-c6173e89bc81 - - - - - -] Attempt 1 to provision port f184d4da-0b81-4c10-8c9a-1fed39665126
2026-05-05 23:28:40.654 10 INFO neutron.plugins.ml2.plugin [None req-8ba92661-984c-427f-8d80-c6173e89bc81 - - - - - -] Attempt 1 to provision port 71f27164-21e8-4a8d-96fc-b75fb40f42b3
2026-05-05 23:28:40.871 10 INFO neutron.plugins.ml2.plugin [None req-ae5d8e7d-5dfb-4fe6-91e5-dcbff9ba4247 - - - - - -] Attempt 1 to provision port f184d4da-0b81-4c10-8c9a-1fed39665126
2026-05-05 23:28:40.910 10 INFO neutron.plugins.ml2.plugin [None req-8ba92661-984c-427f-8d80-c6173e89bc81 - - - - - -] Attempt 1 to provision port f184d4da-0b81-4c10-8c9a-1fed39665126
2026-05-05 23:28:41.098 10 INFO neutron.plugins.ml2.plugin [None req-8ba92661-984c-427f-8d80-c6173e89bc81 - - - - - -] Attempt 1 to provision port 31592b8f-351c-4504-845c-1df1c8f54925
2026-05-05 23:28:41.572 10 INFO neutron.plugins.ml2.plugin [None req-88f7dc04-2b2a-4571-a234-789edca2f02c - - - - - -] Attempt 1 to provision port 19909c8a-0e01-41d6-a396-bd72503d9487
2026-05-05 23:28:42.279 11 INFO neutron.plugins.ml2.plugin [None req-2e344203-f2be-4dc1-a6f8-f09fe9ff3839 - - - - - -] Attempt 1 to provision port 19909c8a-0e01-41d6-a396-bd72503d9487
2026-05-05 23:28:42.561 10 INFO neutron.plugins.ml2.plugin [None req-8ba92661-984c-427f-8d80-c6173e89bc81 - - - - - -] Attempt 1 to provision port 31592b8f-351c-4504-845c-1df1c8f54925
2026-05-05 23:28:43.791 10 INFO neutron.plugins.ml2.plugin [None req-1c115c25-35de-4999-afee-4f9130345d03 - - - - - -] Attempt 1 to provision port 059d67aa-7e9c-47ad-9346-3491b04a3470
2026-05-05 23:28:45.499 11 INFO neutron.plugins.ml2.plugin [None req-127e6097-49cc-4cbc-96f4-2ed4a8dcf690 - - - - - -] Attempt 1 to provision port 395a8176-2c41-4aec-939d-e272342b0221
2026-05-05 23:28:46.269 10 INFO neutron.plugins.ml2.plugin [None req-8ba92661-984c-427f-8d80-c6173e89bc81 - - - - - -] Attempt 1 to provision port 7865ff7c-a3c0-4f59-9456-abc9fbe15f7f
2026-05-05 23:28:46.585 10 INFO neutron.plugins.ml2.plugin [None req-8ba92661-984c-427f-8d80-c6173e89bc81 - - - - - -] Attempt 1 to provision port 01fb7906-1d4a-4b35-ac5a-53ee060ce58f
2026-05-05 23:28:46.716 10 INFO neutron.notifiers.nova [-] Nova event matching ['req-16e790ab-479c-41f0-9c65-c0e0b6ebf74e'] response: {'server_uuid': 'd0739709-7229-4b7c-ab7c-4c43c9cd0870', 'name': 'network-vif-plugged', 'status': 'completed', 'tag': '01fb7906-1d4a-4b35-ac5a-53ee060ce58f', 'code': 200}
2026-05-05 23:28:46.816 10 INFO neutron.plugins.ml2.plugin [None req-cae714ef-d3da-427d-8592-d7c40c975976 - - - - - -] Attempt 1 to provision port 395a8176-2c41-4aec-939d-e272342b0221
2026-05-05 23:28:46.901 10 INFO neutron.plugins.ml2.plugin [None req-cae714ef-d3da-427d-8592-d7c40c975976 - - - - - -] Attempt 1 to provision port e898fcfb-c538-4e8f-b3fb-aecfcbbf5b6d
2026-05-05 23:28:47.011 10 INFO neutron.plugins.ml2.plugin [None req-8ba92661-984c-427f-8d80-c6173e89bc81 - - - - - -] Attempt 1 to provision port 395a8176-2c41-4aec-939d-e272342b0221
2026-05-05 23:28:47.510 10 INFO neutron.plugins.ml2.plugin [None req-2ce02627-0632-48ae-a1c5-37f04ddebf93 - - - - - -] Attempt 1 to provision port e898fcfb-c538-4e8f-b3fb-aecfcbbf5b6d
2026-05-05 23:28:48.215 10 INFO neutron.plugins.ml2.plugin [None req-961f65cf-1f75-4fa1-b08f-9842456f40ce - - - - - -] Attempt 1 to provision port e898fcfb-c538-4e8f-b3fb-aecfcbbf5b6d
2026-05-05 23:28:48.617 11 INFO neutron.plugins.ml2.plugin [None req-8ba92661-984c-427f-8d80-c6173e89bc81 - - - - - -] Attempt 1 to provision port 395a8176-2c41-4aec-939d-e272342b0221
2026-05-05 23:28:48.810 11 INFO neutron.plugins.ml2.plugin [None req-8ba92661-984c-427f-8d80-c6173e89bc81 - - - - - -] Attempt 1 to provision port 7865ff7c-a3c0-4f59-9456-abc9fbe15f7f
2026-05-05 23:28:49.082 11 INFO neutron.plugins.ml2.plugin [None req-8ba92661-984c-427f-8d80-c6173e89bc81 - - - - - -] Attempt 1 to provision port cdfd509b-05cd-4f55-a590-0f8d92d4d045
2026-05-05 23:28:49.386 11 INFO neutron.plugins.ml2.plugin [None req-8ba92661-984c-427f-8d80-c6173e89bc81 - - - - - -] Attempt 1 to provision port e20c35c9-898b-49c4-a07a-57e334ae46f9
2026-05-05 23:28:49.833 11 INFO neutron.plugins.ml2.plugin [None req-8ba92661-984c-427f-8d80-c6173e89bc81 - - - - - -] Attempt 1 to provision port 01fb7906-1d4a-4b35-ac5a-53ee060ce58f
2026-05-05 23:28:50.301 10 INFO neutron.plugins.ml2.plugin [None req-8ba92661-984c-427f-8d80-c6173e89bc81 - - - - - -] Attempt 1 to provision port e20c35c9-898b-49c4-a07a-57e334ae46f9
2026-05-05 23:28:50.517 10 INFO neutron.plugins.ml2.plugin [None req-8ba92661-984c-427f-8d80-c6173e89bc81 - - - - - -] Attempt 1 to provision port cdfd509b-05cd-4f55-a590-0f8d92d4d045
2026-05-05 23:28:59.359 11 INFO neutron.plugins.ml2.plugin [None req-8ba92661-984c-427f-8d80-c6173e89bc81 - - - - - -] Attempt 1 to provision port 10c3fdb1-f027-4a0a-87e3-fd3ca97be9c1
2026-05-05 23:28:59.470 11 INFO neutron.notifiers.nova [-] Nova event matching ['req-ad01b073-6bd8-4211-85e6-c8bb0817a919'] response: {'server_uuid': '2aa848c1-2f01-40c5-b0ee-1eb7fa3c991c', 'name': 'network-vif-plugged', 'status': 'completed', 'tag': '10c3fdb1-f027-4a0a-87e3-fd3ca97be9c1', 'code': 200}
2026-05-05 23:29:00.227 10 INFO neutron.plugins.ml2.plugin [None req-8ba92661-984c-427f-8d80-c6173e89bc81 - - - - - -] Attempt 1 to provision port 10c3fdb1-f027-4a0a-87e3-fd3ca97be9c1
2026-05-05 23:29:02.266 11 INFO neutron.plugins.ml2.plugin [None req-8ba92661-984c-427f-8d80-c6173e89bc81 - - - - - -] Attempt 1 to provision port 74415936-6e46-4390-a888-e904cfc4bab1
2026-05-05 23:29:02.616 11 INFO neutron.plugins.ml2.plugin [None req-8ba92661-984c-427f-8d80-c6173e89bc81 - - - - - -] Attempt 1 to provision port 19909c8a-0e01-41d6-a396-bd72503d9487
2026-05-05 23:29:04.274 10 INFO neutron.plugins.ml2.plugin [None req-8ba92661-984c-427f-8d80-c6173e89bc81 - - - - - -] Attempt 1 to provision port 74415936-6e46-4390-a888-e904cfc4bab1
2026-05-05 23:29:04.465 10 INFO neutron.plugins.ml2.plugin [None req-8ba92661-984c-427f-8d80-c6173e89bc81 - - - - - -] Attempt 1 to provision port 19909c8a-0e01-41d6-a396-bd72503d9487
2026-05-05 23:29:04.750 10 INFO neutron.plugins.ml2.plugin [None req-8ba92661-984c-427f-8d80-c6173e89bc81 - - - - - -] Attempt 1 to provision port 059d67aa-7e9c-47ad-9346-3491b04a3470
2026-05-05 23:29:06.238 11 INFO neutron.plugins.ml2.plugin [None req-8ba92661-984c-427f-8d80-c6173e89bc81 - - - - - -] Attempt 1 to provision port e898fcfb-c538-4e8f-b3fb-aecfcbbf5b6d
2026-05-05 23:29:06.495 11 INFO neutron.plugins.ml2.plugin [None req-8ba92661-984c-427f-8d80-c6173e89bc81 - - - - - -] Attempt 1 to provision port 059d67aa-7e9c-47ad-9346-3491b04a3470
2026-05-05 23:29:08.230 11 INFO neutron.plugins.ml2.plugin [None req-8ba92661-984c-427f-8d80-c6173e89bc81 - - - - - -] Attempt 1 to provision port e898fcfb-c538-4e8f-b3fb-aecfcbbf5b6d
2026-05-05 23:29:12.787 10 INFO neutron.plugins.ml2.plugin [None req-8ba92661-984c-427f-8d80-c6173e89bc81 - - - - - -] Attempt 1 to provision port da36cf60-634e-499a-b5d9-c808ee49a514
2026-05-05 23:29:12.902 10 INFO neutron.notifiers.nova [-] Nova event matching ['req-e1c92ead-4d9a-4277-b43f-5c1d49c1fcf3'] response: {'server_uuid': '0b5739c4-1f04-48bc-9270-b1f40d1f3525', 'name': 'network-vif-plugged', 'status': 'completed', 'tag': 'da36cf60-634e-499a-b5d9-c808ee49a514', 'code': 200}
2026-05-05 23:29:14.234 10 INFO neutron.plugins.ml2.plugin [None req-8ba92661-984c-427f-8d80-c6173e89bc81 - - - - - -] Attempt 1 to provision port da36cf60-634e-499a-b5d9-c808ee49a514
2026-05-05 23:29:16.316 11 INFO neutron.plugins.ml2.plugin [None req-8ba92661-984c-427f-8d80-c6173e89bc81 - - - - - -] Attempt 1 to provision port 4a97d1c4-a4ac-4147-af08-154f66c47dea
2026-05-05 23:29:16.559 11 INFO neutron.notifiers.nova [-] Nova event matching ['req-c8d2b2ae-dc9d-4137-be4c-5a1d75111af3'] response: {'server_uuid': 'd0739709-7229-4b7c-ab7c-4c43c9cd0870', 'name': 'network-vif-plugged', 'status': 'completed', 'tag': '4a97d1c4-a4ac-4147-af08-154f66c47dea', 'code': 200}
2026-05-05 23:29:18.276 10 INFO neutron.plugins.ml2.plugin [None req-8ba92661-984c-427f-8d80-c6173e89bc81 - - - - - -] Attempt 1 to provision port 4a97d1c4-a4ac-4147-af08-154f66c47dea
2026-05-05 23:29:18.981 10 INFO neutron.plugins.ml2.db [None req-8ba92661-984c-427f-8d80-c6173e89bc81 - - - - - -] No ports have port_id starting with 10c3fdb1-f027-4a0a-87e3-fd3ca97be9c1
2026-05-05 23:29:19.747 10 INFO neutron.plugins.ml2.plugin [None req-18cb7e56-5d6b-4d67-b27d-049560349c63 - - - - - -] Attempt 1 to provision port 4a97d1c4-a4ac-4147-af08-154f66c47dea
2026-05-05 23:29:20.369 11 INFO neutron.plugins.ml2.plugin [None req-8ba92661-984c-427f-8d80-c6173e89bc81 - - - - - -] Attempt 1 to provision port 4a97d1c4-a4ac-4147-af08-154f66c47dea
2026-05-05 23:29:30.523 10 INFO neutron.notifiers.nova [-] Nova event matching ['req-47c008a0-6290-4790-9bd9-fd9242e4a8d4'] response: {'server_uuid': '0b5739c4-1f04-48bc-9270-b1f40d1f3525', 'name': 'network-vif-unplugged', 'status': 'completed', 'tag': 'da36cf60-634e-499a-b5d9-c808ee49a514', 'code': 200}
2026-05-05 23:29:36.370 10 INFO neutron.plugins.ml2.plugin [None req-8ba92661-984c-427f-8d80-c6173e89bc81 - - - - - -] Attempt 1 to provision port ee6c46b6-d7f1-4e74-9edf-dff9e133ef65
