2026-05-14 12:26:07.755 7 WARNING neutron.db.securitygroups_db [None req-143a4b3e-c659-4aa6-8b5c-e3779a600123 861c69de948544068278e5b8482f948e 95a86d92b6d448c4a59a28bfa4fcdd93 - - default default] project_id key not found in filters, using tenant_id instead. This support has been deprecated and will be removed in a future release. [pid: 7|app: 0|req: 1135/2398] 10.0.0.122 () {32 vars in 774 bytes} [Thu May 14 12:26:07 2026] GET /v2.0/security-groups?tenant_id=dd6996e0a2e8489a891efe8b07b392e7&name=default => generated 2925 bytes in 41 msecs (HTTP/1.1 200) 4 headers in 158 bytes (1 switches on core 0) [pid: 7|app: 0|req: 1136/2399] 10.0.0.141 () {34 vars in 1040 bytes} [Thu May 14 12:26:07 2026] GET /v2.0/security-groups?id=0a38af1f-cef6-48fd-b762-7759683917a5&fields=id&fields=name => generated 114 bytes in 43 msecs (HTTP/1.1 200) 4 headers in 157 bytes (1 switches on core 0)
2026-05-14 12:26:08.053 7 INFO neutron.db.ovn_revision_numbers_db [None req-45e78414-01a4-405b-aaa6-20e9f43de0b5 - - - - - -] Successfully bumped revision number for resource a5ef71b4-52f1-4e0e-beb0-60da8708cf37 (type: ports) to 5 [pid: 7|app: 0|req: 1137/2400] 10.0.0.122 () {32 vars in 740 bytes} [Thu May 14 12:26:07 2026] DELETE /v2.0/security-groups/16c1d7a6-43f9-4865-a21a-aaf14591fc62 => generated 0 bytes in 429 msecs (HTTP/1.1 204) 2 headers in 112 bytes (1 switches on core 0)
2026-05-14 12:26:08.279 7 INFO neutron.plugins.ml2.drivers.ovn.mech_driver.mech_driver [None req-f03e990e-d581-4aa7-b7de-1a43383fc32a - - - - - -] OVN reports status down for port: 0fce9918-c233-4786-97d6-7a255db2b8c8
2026-05-14 12:26:08.320 8 WARNING neutron.scheduler.dhcp_agent_scheduler [None req-146181d1-4504-46e9-bf1b-06ea180a3262 8ac3476616454223830509f4c1684f78 0a7d9667253f45ca8cfe4479ec355771 - - default default] No more DHCP agents
2026-05-14 12:26:08.326 8 WARNING neutron.api.rpc.agentnotifiers.dhcp_rpc_agent_api [None req-146181d1-4504-46e9-bf1b-06ea180a3262 8ac3476616454223830509f4c1684f78 0a7d9667253f45ca8cfe4479ec355771 - - default default] Unable to schedule network 13a06645-6cba-43b2-9158-9a4a07906284: no agents available; will retry on subsequent port and subnet creation events.
2026-05-14 12:26:08.337 7 WARNING neutron.plugins.ml2.drivers.ovn.mech_driver.ovsdb.ovn_client [None req-f03e990e-d581-4aa7-b7de-1a43383fc32a - - - - - -] Logical_Switch_Port 0fce9918-c233-4786-97d6-7a255db2b8c8 host information not removed, the port state is up
2026-05-14 12:26:08.337 7 INFO neutron.plugins.ml2.drivers.ovn.mech_driver.mech_driver [None req-f03e990e-d581-4aa7-b7de-1a43383fc32a - - - - - -] OVN reports status up for port: 0fce9918-c233-4786-97d6-7a255db2b8c8
2026-05-14 12:26:08.351 7 INFO neutron.plugins.ml2.plugin [None req-f03e990e-d581-4aa7-b7de-1a43383fc32a - - - - - -] Attempt 1 to provision port 0fce9918-c233-4786-97d6-7a255db2b8c8
2026-05-14 12:26:08.713 8 INFO neutron.db.ovn_revision_numbers_db [None req-146181d1-4504-46e9-bf1b-06ea180a3262 8ac3476616454223830509f4c1684f78 0a7d9667253f45ca8cfe4479ec355771 - - default default] Successfully bumped revision number for resource 4b77a64b-a424-45dc-a289-77e65749c9b3 (type: router_ports) to 1 [pid: 8|app: 0|req: 1264/2401] 10.0.0.122 () {34 vars in 783 bytes} [Thu May 14 12:26:06 2026] PUT /v2.0/routers/f3170072-2a3f-4eec-97fa-3e8bd79d3d66/add_router_interface => generated 310 bytes in 2169 msecs (HTTP/1.1 200) 4 headers in 157 bytes (1 switches on core 0) /var/lib/openstack/lib/python3.12/site-packages/pycadf/identifier.py:70: UserWarning: Invalid uuid: neutron. To ensure interoperability, identifiers should be a valid uuid. warnings.warn(('Invalid uuid: %s. To ensure interoperability, ' [pid: 8|app: 0|req: 1265/2402] 10.0.0.141 () {34 vars in 990 bytes} [Thu May 14 12:26:08 2026] GET /v2.0/ports?device_id=dddae024-7bc5-4563-8200-5db5bc5f3c45 => generated 1010 bytes in 97 msecs (HTTP/1.1 200) 4 headers in 158 bytes (1 switches on core 0) [pid: 8|app: 0|req: 1266/2403] 10.0.0.141 () {34 vars in 990 bytes} [Thu May 14 12:26:08 2026] GET /v2.0/ports?device_id=0aa858b5-9b50-4f50-929b-43849affa3fa => generated 975 bytes in 33 msecs (HTTP/1.1 200) 4 headers in 157 bytes (1 switches on core 0) [pid: 8|app: 0|req: 1267/2404] 10.0.0.141 () {34 vars in 1120 bytes} [Thu May 14 12:26:08 2026] GET /v2.0/security-groups?id=1a42b67f-98f6-48ee-849b-6e607e9d005f&id=3caaead1-9abf-499a-aefd-44ce24d1041e&fields=id&fields=name => generated 206 bytes in 42 msecs (HTTP/1.1 200) 4 headers in 157 bytes (1 switches on core 0) [pid: 8|app: 0|req: 1268/2405] 10.0.0.141 () {34 vars in 1040 bytes} [Thu May 14 12:26:08 2026] GET /v2.0/security-groups?id=0a38af1f-cef6-48fd-b762-7759683917a5&fields=id&fields=name => generated 114 bytes in 47 msecs (HTTP/1.1 200) 4 headers in 157 bytes (1 switches on core 0)
2026-05-14 12:26:09.113 7 INFO neutron.notifiers.nova [-] Nova event matching ['req-2e2e274e-c7a6-488c-aa57-b9d56f1c0255'] response: {'server_uuid': 'dddae024-7bc5-4563-8200-5db5bc5f3c45', 'name': 'network-vif-plugged', 'status': 'completed', 'tag': 'd606c831-3af0-4e04-b6ba-b72f1a1f7c6e', 'code': 200}
2026-05-14 12:26:09.114 7 INFO neutron.notifiers.nova [-] Nova event matching ['req-2e2e274e-c7a6-488c-aa57-b9d56f1c0255'] response: {'server_uuid': '0aa858b5-9b50-4f50-929b-43849affa3fa', 'name': 'network-vif-plugged', 'status': 'completed', 'tag': 'a5ef71b4-52f1-4e0e-beb0-60da8708cf37', 'code': 200}
2026-05-14 12:26:09.114 7 INFO neutron.notifiers.nova [-] Nova event matching ['req-2e2e274e-c7a6-488c-aa57-b9d56f1c0255'] response: {'server_uuid': '0aa858b5-9b50-4f50-929b-43849affa3fa', 'name': 'network-vif-plugged', 'status': 'completed', 'tag': 'a5ef71b4-52f1-4e0e-beb0-60da8708cf37', 'code': 200} [pid: 8|app: 0|req: 1269/2406] 10.0.0.141 () {34 vars in 990 bytes} [Thu May 14 12:26:09 2026] GET /v2.0/ports?device_id=dddae024-7bc5-4563-8200-5db5bc5f3c45 => generated 1010 bytes in 48 msecs (HTTP/1.1 200) 4 headers in 158 bytes (1 switches on core 0)
2026-05-14 12:26:09.318 7 INFO neutron.db.ovn_revision_numbers_db [None req-f03e990e-d581-4aa7-b7de-1a43383fc32a - - - - - -] Successfully bumped revision number for resource 0fce9918-c233-4786-97d6-7a255db2b8c8 (type: ports) to 2
2026-05-14 12:26:09.732 8 INFO neutron.db.ovn_revision_numbers_db [None req-a0d8e443-c3e7-46bd-8a2c-d5bc0c335f4f 8402d1732474423cade869a7269140ef 6af7a76456f0410d9d4f90487d2c6c6a - - default default] Successfully bumped revision number for resource 2f7f7c32-40e5-43f5-bf18-24c8646e491c (type: floatingips) to 1
2026-05-14 12:26:09.742 7 WARNING neutron.scheduler.dhcp_agent_scheduler [None req-9a3048b8-968c-4400-aa21-1ebc1a756098 8ac3476616454223830509f4c1684f78 0a7d9667253f45ca8cfe4479ec355771 - - default default] No more DHCP agents
2026-05-14 12:26:09.743 7 WARNING neutron.api.rpc.agentnotifiers.dhcp_rpc_agent_api [None req-9a3048b8-968c-4400-aa21-1ebc1a756098 8ac3476616454223830509f4c1684f78 0a7d9667253f45ca8cfe4479ec355771 - - default default] Unable to schedule network 132b714e-eb0e-4a7d-8e68-25919169c3bf: no agents available; will retry on subsequent port and subnet creation events.
2026-05-14 12:26:09.879 8 INFO neutron.db.ovn_revision_numbers_db [None req-a0d8e443-c3e7-46bd-8a2c-d5bc0c335f4f 8402d1732474423cade869a7269140ef 6af7a76456f0410d9d4f90487d2c6c6a - - default default] Successfully bumped revision number for resource 2f7f7c32-40e5-43f5-bf18-24c8646e491c (type: floatingips) to 2
2026-05-14 12:26:09.882 8 INFO neutron.db.l3_db [None req-a0d8e443-c3e7-46bd-8a2c-d5bc0c335f4f 8402d1732474423cade869a7269140ef 6af7a76456f0410d9d4f90487d2c6c6a - - default default] Floating IP 2f7f7c32-40e5-43f5-bf18-24c8646e491c associated. External IP: 10.96.250.203, port: d606c831-3af0-4e04-b6ba-b72f1a1f7c6e. [pid: 8|app: 0|req: 1270/2407] 10.0.0.122 () {34 vars in 749 bytes} [Thu May 14 12:26:09 2026] PUT /v2.0/floatingips/2f7f7c32-40e5-43f5-bf18-24c8646e491c => generated 855 bytes in 786 msecs (HTTP/1.1 200) 4 headers in 157 bytes (1 switches on core 0)
2026-05-14 12:26:09.966 7 INFO neutron.db.ovn_revision_numbers_db [None req-9a3048b8-968c-4400-aa21-1ebc1a756098 8ac3476616454223830509f4c1684f78 0a7d9667253f45ca8cfe4479ec355771 - - default default] Successfully bumped revision number for resource 1b9b9471-71ad-404f-b54b-cf506f1ee562 (type: ports) to 1
2026-05-14 12:26:09.966 8 INFO neutron.notifiers.nova [-] Nova event matching ['req-fb829ff9-2482-45d4-8e36-7796b840eb75'] response: {'name': 'network-changed', 'server_uuid': 'dddae024-7bc5-4563-8200-5db5bc5f3c45', 'tag': 'd606c831-3af0-4e04-b6ba-b72f1a1f7c6e', 'status': 'completed', 'code': 200} [pid: 8|app: 0|req: 1271/2408] 10.0.0.141 () {34 vars in 990 bytes} [Thu May 14 12:26:10 2026] GET /v2.0/ports?device_id=0aa858b5-9b50-4f50-929b-43849affa3fa => generated 975 bytes in 103 msecs (HTTP/1.1 200) 4 headers in 157 bytes (1 switches on core 0) [pid: 8|app: 0|req: 1272/2409] 10.0.0.141 () {34 vars in 1040 bytes} [Thu May 14 12:26:10 2026] GET /v2.0/security-groups?id=0a38af1f-cef6-48fd-b762-7759683917a5&fields=id&fields=name => generated 114 bytes in 43 msecs (HTTP/1.1 200) 4 headers in 157 bytes (1 switches on core 0) [pid: 8|app: 0|req: 1273/2410] 199.204.45.89 () {34 vars in 1079 bytes} [Thu May 14 12:26:10 2026] GET /v2.0/ports?tenant_id=6af7a76456f0410d9d4f90487d2c6c6a&device_id=dddae024-7bc5-4563-8200-5db5bc5f3c45 => generated 1271 bytes in 39 msecs (HTTP/1.1 200) 4 headers in 158 bytes (1 switches on core 0) [pid: 8|app: 0|req: 1274/2411] 199.204.45.89 () {34 vars in 985 bytes} [Thu May 14 12:26:10 2026] GET /v2.0/networks?id=058f6d1b-ff91-46a5-b516-c494bd4aca7c => generated 810 bytes in 51 msecs (HTTP/1.1 200) 4 headers in 157 bytes (1 switches on core 0) [pid: 8|app: 0|req: 1275/2412] 199.204.45.89 () {34 vars in 1057 bytes} [Thu May 14 12:26:10 2026] GET /v2.0/floatingips?fixed_ip_address=10.100.0.6&port_id=d606c831-3af0-4e04-b6ba-b72f1a1f7c6e => generated 860 bytes in 41 msecs (HTTP/1.1 200) 4 headers in 157 bytes (1 switches on core 0) [pid: 8|app: 0|req: 1276/2413] 199.204.45.89 () {34 vars in 983 bytes} [Thu May 14 12:26:10 2026] GET /v2.0/subnets?id=7091c405-03fe-4737-95c9-5cd2f70e114a => generated 691 bytes in 32 msecs (HTTP/1.1 200) 4 headers in 157 bytes (1 switches on core 0) [pid: 8|app: 0|req: 1277/2414] 199.204.45.89 () {34 vars in 1051 bytes} [Thu May 14 12:26:10 2026] GET /v2.0/ports?network_id=058f6d1b-ff91-46a5-b516-c494bd4aca7c&device_owner=network%3Adhcp => generated 12 bytes in 21 msecs (HTTP/1.1 200) 4 headers in 156 bytes (1 switches on core 0) [pid: 8|app: 0|req: 1278/2415] 199.204.45.89 () {34 vars in 1011 bytes} [Thu May 14 12:26:10 2026] GET /v2.0/networks/058f6d1b-ff91-46a5-b516-c494bd4aca7c?fields=segments => generated 14 bytes in 87 msecs (HTTP/1.1 200) 4 headers in 156 bytes (1 switches on core 0)
2026-05-14 12:26:10.856 7 WARNING neutron.scheduler.dhcp_agent_scheduler [None req-9a3048b8-968c-4400-aa21-1ebc1a756098 8ac3476616454223830509f4c1684f78 0a7d9667253f45ca8cfe4479ec355771 - - default default] No more DHCP agents
2026-05-14 12:26:10.858 7 WARNING neutron.api.rpc.agentnotifiers.dhcp_rpc_agent_api [None req-9a3048b8-968c-4400-aa21-1ebc1a756098 8ac3476616454223830509f4c1684f78 0a7d9667253f45ca8cfe4479ec355771 - - default default] Unable to schedule network 132b714e-eb0e-4a7d-8e68-25919169c3bf: no agents available; will retry on subsequent port and subnet creation events. [pid: 8|app: 0|req: 1279/2416] 199.204.45.89 () {34 vars in 1111 bytes} [Thu May 14 12:26:10 2026] GET /v2.0/networks/058f6d1b-ff91-46a5-b516-c494bd4aca7c?fields=provider%3Aphysical_network&fields=provider%3Anetwork_type => generated 79 bytes in 56 msecs (HTTP/1.1 200) 4 headers in 156 bytes (1 switches on core 0)
2026-05-14 12:26:11.345 7 INFO neutron.db.ovn_revision_numbers_db [None req-9a3048b8-968c-4400-aa21-1ebc1a756098 8ac3476616454223830509f4c1684f78 0a7d9667253f45ca8cfe4479ec355771 - - default default] Successfully bumped revision number for resource 1b9b9471-71ad-404f-b54b-cf506f1ee562 (type: router_ports) to 1 [pid: 7|app: 0|req: 1138/2417] 10.0.0.122 () {34 vars in 783 bytes} [Thu May 14 12:26:08 2026] PUT /v2.0/routers/f3170072-2a3f-4eec-97fa-3e8bd79d3d66/add_router_interface => generated 310 bytes in 2627 msecs (HTTP/1.1 200) 4 headers in 157 bytes (1 switches on core 0) [pid: 8|app: 0|req: 1280/2418] 10.0.0.141 () {34 vars in 990 bytes} [Thu May 14 12:26:11 2026] GET /v2.0/ports?device_id=0aa858b5-9b50-4f50-929b-43849affa3fa => generated 975 bytes in 37 msecs (HTTP/1.1 200) 4 headers in 157 bytes (1 switches on core 0) [pid: 8|app: 0|req: 1281/2419] 10.0.0.141 () {34 vars in 1040 bytes} [Thu May 14 12:26:11 2026] GET /v2.0/security-groups?id=0a38af1f-cef6-48fd-b762-7759683917a5&fields=id&fields=name => generated 114 bytes in 32 msecs (HTTP/1.1 200) 4 headers in 157 bytes (1 switches on core 0) [pid: 8|app: 0|req: 1282/2420] 10.0.0.141 () {34 vars in 990 bytes} [Thu May 14 12:26:11 2026] GET /v2.0/ports?device_id=0aa858b5-9b50-4f50-929b-43849affa3fa => generated 975 bytes in 43 msecs (HTTP/1.1 200) 4 headers in 157 bytes (1 switches on core 0)
2026-05-14 12:26:11.559 7 INFO neutron.db.ovn_revision_numbers_db [None req-e13fdf04-342e-4715-a276-fb70f5966acf 8ac3476616454223830509f4c1684f78 0a7d9667253f45ca8cfe4479ec355771 - - default default] Successfully bumped revision number for resource c185a763-ab55-4d39-ab44-9998de801363 (type: security_groups) to 1
2026-05-14 12:26:11.579 7 INFO neutron.db.ovn_revision_numbers_db [None req-e13fdf04-342e-4715-a276-fb70f5966acf 8ac3476616454223830509f4c1684f78 0a7d9667253f45ca8cfe4479ec355771 - - default default] Successfully bumped revision number for resource 8286b24f-cdc1-43bc-9630-9a9d2bc2af92 (type: security_group_rules) to 0
2026-05-14 12:26:11.605 7 INFO neutron.db.ovn_revision_numbers_db [None req-e13fdf04-342e-4715-a276-fb70f5966acf 8ac3476616454223830509f4c1684f78 0a7d9667253f45ca8cfe4479ec355771 - - default default] Successfully bumped revision number for resource e0a8ecfa-52ef-42c7-a9e5-a3421d9f62c3 (type: security_group_rules) to 0 [pid: 7|app: 0|req: 1139/2421] 10.0.0.122 () {34 vars in 684 bytes} [Thu May 14 12:26:11 2026] POST /v2.0/security-groups => generated 1628 bytes in 239 msecs (HTTP/1.1 201) 4 headers in 163 bytes (1 switches on core 0) [pid: 8|app: 0|req: 1283/2422] 10.0.0.141 () {34 vars in 1040 bytes} [Thu May 14 12:26:11 2026] GET /v2.0/security-groups?id=0a38af1f-cef6-48fd-b762-7759683917a5&fields=id&fields=name => generated 114 bytes in 75 msecs (HTTP/1.1 200) 4 headers in 157 bytes (1 switches on core 0)
2026-05-14 12:26:11.780 8 INFO neutron.db.ovn_revision_numbers_db [None req-74050f12-8393-42b6-a855-bb2b6e42a6d0 8ac3476616454223830509f4c1684f78 0a7d9667253f45ca8cfe4479ec355771 - - default default] Successfully bumped revision number for resource 097b8ef5-8304-47bd-a37f-36d8de6447d7 (type: security_group_rules) to 0 [pid: 8|app: 0|req: 1284/2423] 10.0.0.122 () {34 vars in 695 bytes} [Thu May 14 12:26:11 2026] POST /v2.0/security-group-rules => generated 597 bytes in 163 msecs (HTTP/1.1 201) 4 headers in 162 bytes (1 switches on core 0) [pid: 8|app: 0|req: 1285/2424] 10.0.0.122 () {32 vars in 736 bytes} [Thu May 14 12:26:11 2026] GET /v2.0/ports?device_id=0aa858b5-9b50-4f50-929b-43849affa3fa => generated 1236 bytes in 32 msecs (HTTP/1.1 200) 4 headers in 158 bytes (1 switches on core 0)
2026-05-14 12:26:11.980 7 INFO neutron.db.ovn_revision_numbers_db [None req-6285b331-b61e-49cc-a102-8545dce3388b 12a8452237304a6ea4cceab9ab471815 d446a6b08c2746399fd74ad15d090c25 - - default default] Successfully bumped revision number for resource fc60cadb-2531-4f43-969c-f08b1b29d6da (type: security_groups) to 1
2026-05-14 12:26:11.996 7 INFO neutron.db.ovn_revision_numbers_db [None req-6285b331-b61e-49cc-a102-8545dce3388b 12a8452237304a6ea4cceab9ab471815 d446a6b08c2746399fd74ad15d090c25 - - default default] Successfully bumped revision number for resource 09692def-9245-4398-8c3a-cd61abb49bba (type: security_group_rules) to 0
2026-05-14 12:26:12.003 8 INFO neutron.db.ovn_revision_numbers_db [None req-670ae5ac-bd00-4744-84da-1321bb2b445d 8ac3476616454223830509f4c1684f78 0a7d9667253f45ca8cfe4479ec355771 - - default default] Successfully bumped revision number for resource abf9f790-16c8-4184-be01-5126b4dea9bc (type: security_group_rules) to 0
2026-05-14 12:26:12.009 7 INFO neutron.db.ovn_revision_numbers_db [None req-6285b331-b61e-49cc-a102-8545dce3388b 12a8452237304a6ea4cceab9ab471815 d446a6b08c2746399fd74ad15d090c25 - - default default] Successfully bumped revision number for resource 24f2de6e-1912-4a9c-ade2-1f7dd6cf2303 (type: security_group_rules) to 0
2026-05-14 12:26:12.021 7 INFO neutron.db.ovn_revision_numbers_db [None req-6285b331-b61e-49cc-a102-8545dce3388b 12a8452237304a6ea4cceab9ab471815 d446a6b08c2746399fd74ad15d090c25 - - default default] Successfully bumped revision number for resource 39aa4975-4366-41f5-8ee2-659976400c76 (type: security_group_rules) to 0 [pid: 8|app: 0|req: 1286/2425] 10.0.0.122 () {34 vars in 695 bytes} [Thu May 14 12:26:11 2026] POST /v2.0/security-group-rules => generated 597 bytes in 189 msecs (HTTP/1.1 201) 4 headers in 162 bytes (1 switches on core 0)
2026-05-14 12:26:12.033 7 INFO neutron.db.ovn_revision_numbers_db [None req-6285b331-b61e-49cc-a102-8545dce3388b 12a8452237304a6ea4cceab9ab471815 d446a6b08c2746399fd74ad15d090c25 - - default default] Successfully bumped revision number for resource 8c382e24-139a-47b6-a86f-6c38ada3c81e (type: security_group_rules) to 0
2026-05-14 12:26:12.131 7 INFO neutron.db.segments_db [None req-6285b331-b61e-49cc-a102-8545dce3388b 12a8452237304a6ea4cceab9ab471815 d446a6b08c2746399fd74ad15d090c25 - - default default] Added segment a42e5378-b293-449a-ae76-0e53b72ec98c of type geneve for network b24a0733-6231-4950-8e86-d82bdc6fa930
2026-05-14 12:26:12.308 7 INFO neutron.db.ovn_revision_numbers_db [None req-6285b331-b61e-49cc-a102-8545dce3388b 12a8452237304a6ea4cceab9ab471815 d446a6b08c2746399fd74ad15d090c25 - - default default] Successfully bumped revision number for resource b24a0733-6231-4950-8e86-d82bdc6fa930 (type: networks) to 1
2026-05-14 12:26:12.549 7 WARNING neutron.scheduler.dhcp_agent_scheduler [None req-6285b331-b61e-49cc-a102-8545dce3388b 12a8452237304a6ea4cceab9ab471815 d446a6b08c2746399fd74ad15d090c25 - - default default] No more DHCP agents
2026-05-14 12:26:12.552 7 WARNING neutron.api.rpc.agentnotifiers.dhcp_rpc_agent_api [None req-6285b331-b61e-49cc-a102-8545dce3388b 12a8452237304a6ea4cceab9ab471815 d446a6b08c2746399fd74ad15d090c25 - - default default] Unable to schedule network b24a0733-6231-4950-8e86-d82bdc6fa930: no agents available; will retry on subsequent port and subnet creation events.
2026-05-14 12:26:12.576 8 INFO neutron.db.ovn_revision_numbers_db [None req-079a02c6-7542-4788-aa68-811fb56b6e2f 24e4b9b6f5674f2abbe2137d8fee5fcb 751792fdda254802bec19d4c46ac1f03 - - default default] Successfully bumped revision number for resource f026a8c0-2f0c-4455-a8ad-49f455cff42f (type: floatingips) to 4
2026-05-14 12:26:12.687 7 INFO neutron.db.ovn_revision_numbers_db [None req-6285b331-b61e-49cc-a102-8545dce3388b 12a8452237304a6ea4cceab9ab471815 d446a6b08c2746399fd74ad15d090c25 - - default default] Successfully bumped revision number for resource 29ec23bc-80f5-47d9-b22c-4bf006b735f4 (type: ports) to 1 [pid: 7|app: 0|req: 1140/2426] 10.0.0.122 () {34 vars in 670 bytes} [Thu May 14 12:26:11 2026] POST /v2.0/networks => generated 665 bytes in 1067 msecs (HTTP/1.1 201) 4 headers in 162 bytes (1 switches on core 0)
2026-05-14 12:26:12.773 8 INFO neutron.db.ovn_revision_numbers_db [None req-079a02c6-7542-4788-aa68-811fb56b6e2f 24e4b9b6f5674f2abbe2137d8fee5fcb 751792fdda254802bec19d4c46ac1f03 - - default default] Successfully bumped revision number for resource f026a8c0-2f0c-4455-a8ad-49f455cff42f (type: floatingips) to 5
2026-05-14 12:26:12.773 8 INFO neutron.db.l3_db [None req-079a02c6-7542-4788-aa68-811fb56b6e2f 24e4b9b6f5674f2abbe2137d8fee5fcb 751792fdda254802bec19d4c46ac1f03 - - default default] Floating IP f026a8c0-2f0c-4455-a8ad-49f455cff42f associated. External IP: 10.96.250.220, port: a5ef71b4-52f1-4e0e-beb0-60da8708cf37. [pid: 8|app: 0|req: 1287/2427] 10.0.0.122 () {34 vars in 749 bytes} [Thu May 14 12:26:12 2026] PUT /v2.0/floatingips/f026a8c0-2f0c-4455-a8ad-49f455cff42f => generated 856 bytes in 773 msecs (HTTP/1.1 200) 4 headers in 157 bytes (1 switches on core 0)
2026-05-14 12:26:12.846 8 INFO neutron.notifiers.nova [-] Nova event matching ['req-fa62b351-bcd7-4859-a4e7-d9bd9d210a6e'] response: {'name': 'network-changed', 'server_uuid': '0aa858b5-9b50-4f50-929b-43849affa3fa', 'tag': 'a5ef71b4-52f1-4e0e-beb0-60da8708cf37', 'status': 'completed', 'code': 200}
2026-05-14 12:26:12.872 7 INFO neutron.db.ovn_revision_numbers_db [None req-42600555-e285-439a-890e-a4038b8735ba 8ac3476616454223830509f4c1684f78 0a7d9667253f45ca8cfe4479ec355771 - - default default] Successfully bumped revision number for resource 30b65e71-f36b-4b7e-ba5b-b57e3721ffe3 (type: security_group_rules) to 0 [pid: 7|app: 0|req: 1141/2428] 10.0.0.122 () {34 vars in 695 bytes} [Thu May 14 12:26:12 2026] POST /v2.0/security-group-rules => generated 599 bytes in 196 msecs (HTTP/1.1 201) 4 headers in 162 bytes (1 switches on core 0) [pid: 7|app: 0|req: 1142/2429] 10.0.0.122 () {32 vars in 729 bytes} [Thu May 14 12:26:12 2026] GET /v2.0/floatingips/f026a8c0-2f0c-4455-a8ad-49f455cff42f => generated 858 bytes in 31 msecs (HTTP/1.1 200) 4 headers in 157 bytes (1 switches on core 0)
2026-05-14 12:26:13.018 8 WARNING neutron.scheduler.dhcp_agent_scheduler [None req-88570e41-33ec-4454-82fe-a737f415e705 12a8452237304a6ea4cceab9ab471815 d446a6b08c2746399fd74ad15d090c25 - - default default] No more DHCP agents
2026-05-14 12:26:13.019 8 WARNING neutron.api.rpc.agentnotifiers.dhcp_rpc_agent_api [None req-88570e41-33ec-4454-82fe-a737f415e705 12a8452237304a6ea4cceab9ab471815 d446a6b08c2746399fd74ad15d090c25 - - default default] Unable to schedule network b24a0733-6231-4950-8e86-d82bdc6fa930: no agents available; will retry on subsequent port and subnet creation events.
2026-05-14 12:26:13.078 7 INFO neutron.db.ovn_revision_numbers_db [None req-b8e94ddc-8ca6-468c-b707-931868af36da 8ac3476616454223830509f4c1684f78 0a7d9667253f45ca8cfe4479ec355771 - - default default] Successfully bumped revision number for resource 3a179507-437c-4cb1-b115-2b4274ea0b45 (type: security_group_rules) to 0 [pid: 7|app: 0|req: 1143/2430] 10.0.0.122 () {34 vars in 695 bytes} [Thu May 14 12:26:12 2026] POST /v2.0/security-group-rules => generated 601 bytes in 185 msecs (HTTP/1.1 201) 4 headers in 162 bytes (1 switches on core 0)
2026-05-14 12:26:13.260 7 INFO neutron.db.ovn_revision_numbers_db [None req-e4011a2d-e6f6-417c-a0e0-df172b44acea 8ac3476616454223830509f4c1684f78 0a7d9667253f45ca8cfe4479ec355771 - - default default] Successfully bumped revision number for resource 8b3d3d0b-0651-4335-a36c-4f3e547f5136 (type: security_group_rules) to 0 [pid: 7|app: 0|req: 1144/2431] 10.0.0.122 () {34 vars in 695 bytes} [Thu May 14 12:26:13 2026] POST /v2.0/security-group-rules => generated 601 bytes in 169 msecs (HTTP/1.1 201) 4 headers in 162 bytes (1 switches on core 0)
2026-05-14 12:26:13.435 7 INFO neutron.db.ovn_revision_numbers_db [None req-b91289c8-cdc2-4e4e-adbe-d27b9c7a7d2f 8ac3476616454223830509f4c1684f78 0a7d9667253f45ca8cfe4479ec355771 - - default default] Successfully bumped revision number for resource 405e4d80-c69e-49e8-b050-2607263c4398 (type: security_group_rules) to 0 [pid: 7|app: 0|req: 1145/2432] 10.0.0.122 () {34 vars in 695 bytes} [Thu May 14 12:26:13 2026] POST /v2.0/security-group-rules => generated 597 bytes in 190 msecs (HTTP/1.1 201) 4 headers in 162 bytes (1 switches on core 0)
2026-05-14 12:26:13.517 8 INFO neutron.db.ovn_revision_numbers_db [None req-88570e41-33ec-4454-82fe-a737f415e705 12a8452237304a6ea4cceab9ab471815 d446a6b08c2746399fd74ad15d090c25 - - default default] Successfully bumped revision number for resource 29ec23bc-80f5-47d9-b22c-4bf006b735f4 (type: ports) to 2 [pid: 7|app: 0|req: 1146/2433] 199.204.45.89 () {34 vars in 1079 bytes} [Thu May 14 12:26:13 2026] GET /v2.0/ports?tenant_id=751792fdda254802bec19d4c46ac1f03&device_id=0aa858b5-9b50-4f50-929b-43849affa3fa => generated 1236 bytes in 38 msecs (HTTP/1.1 200) 4 headers in 158 bytes (1 switches on core 0)
2026-05-14 12:26:13.548 8 INFO neutron.db.ovn_revision_numbers_db [None req-88570e41-33ec-4454-82fe-a737f415e705 12a8452237304a6ea4cceab9ab471815 d446a6b08c2746399fd74ad15d090c25 - - default default] Successfully bumped revision number for resource 55e0a7b6-41ba-44b2-aaf3-89b2167000e6 (type: subnets) to 0 [pid: 8|app: 0|req: 1288/2434] 10.0.0.122 () {34 vars in 669 bytes} [Thu May 14 12:26:12 2026] POST /v2.0/subnets => generated 626 bytes in 760 msecs (HTTP/1.1 201) 4 headers in 162 bytes (1 switches on core 0) [pid: 8|app: 0|req: 1289/2435] 199.204.45.89 () {34 vars in 985 bytes} [Thu May 14 12:26:13 2026] GET /v2.0/networks?id=19547268-fb27-4a0c-a929-3895dd9c246f => generated 798 bytes in 43 msecs (HTTP/1.1 200) 4 headers in 157 bytes (1 switches on core 0)
2026-05-14 12:26:13.662 7 INFO neutron.db.ovn_revision_numbers_db [None req-643c0d20-d462-4895-bd06-e8983b1d804b 8ac3476616454223830509f4c1684f78 0a7d9667253f45ca8cfe4479ec355771 - - default default] Successfully bumped revision number for resource 0f073e00-9818-4940-99a3-07e4bd34d186 (type: security_group_rules) to 0 [pid: 7|app: 0|req: 1147/2436] 10.0.0.122 () {34 vars in 695 bytes} [Thu May 14 12:26:13 2026] POST /v2.0/security-group-rules => generated 597 bytes in 166 msecs (HTTP/1.1 201) 4 headers in 162 bytes (1 switches on core 0) [pid: 7|app: 0|req: 1148/2437] 199.204.45.89 () {34 vars in 1059 bytes} [Thu May 14 12:26:13 2026] GET /v2.0/floatingips?fixed_ip_address=10.100.0.11&port_id=a5ef71b4-52f1-4e0e-beb0-60da8708cf37 => generated 861 bytes in 31 msecs (HTTP/1.1 200) 4 headers in 157 bytes (1 switches on core 0)
2026-05-14 12:26:13.874 7 INFO neutron.db.ovn_revision_numbers_db [None req-fa19a65c-a32a-466d-bbed-ee63ae381416 8ac3476616454223830509f4c1684f78 0a7d9667253f45ca8cfe4479ec355771 - - default default] Successfully bumped revision number for resource fbdc8f98-79de-4f62-b105-94e7aba39084 (type: security_group_rules) to 0 [pid: 7|app: 0|req: 1149/2438] 10.0.0.122 () {34 vars in 695 bytes} [Thu May 14 12:26:13 2026] POST /v2.0/security-group-rules => generated 597 bytes in 181 msecs (HTTP/1.1 201) 4 headers in 162 bytes (1 switches on core 0) [pid: 7|app: 0|req: 1150/2439] 199.204.45.89 () {34 vars in 983 bytes} [Thu May 14 12:26:13 2026] GET /v2.0/subnets?id=7a7ec290-bcd0-4688-b159-6ec6ad4d04f0 => generated 677 bytes in 32 msecs (HTTP/1.1 200) 4 headers in 157 bytes (1 switches on core 0)
2026-05-14 12:26:14.030 8 WARNING neutron.scheduler.dhcp_agent_scheduler [None req-9879023b-9602-4c9b-8a12-c98f7a3a83c4 12a8452237304a6ea4cceab9ab471815 d446a6b08c2746399fd74ad15d090c25 - - default default] No more DHCP agents
2026-05-14 12:26:14.031 8 WARNING neutron.api.rpc.agentnotifiers.dhcp_rpc_agent_api [None req-9879023b-9602-4c9b-8a12-c98f7a3a83c4 12a8452237304a6ea4cceab9ab471815 d446a6b08c2746399fd74ad15d090c25 - - default default] Unable to schedule network f10c60d5-4ed7-4f1a-a22e-008c90cd9c0e: no agents available; will retry on subsequent port and subnet creation events.
2026-05-14 12:26:14.080 7 INFO neutron.db.ovn_revision_numbers_db [None req-af76a4d3-a93c-4320-837f-278b28566331 8ac3476616454223830509f4c1684f78 0a7d9667253f45ca8cfe4479ec355771 - - default default] Successfully bumped revision number for resource 9d88b10e-6434-49ca-980e-af6011a3aca1 (type: security_group_rules) to 0 [pid: 7|app: 0|req: 1151/2440] 10.0.0.122 () {34 vars in 695 bytes} [Thu May 14 12:26:13 2026] POST /v2.0/security-group-rules => generated 599 bytes in 166 msecs (HTTP/1.1 201) 4 headers in 162 bytes (1 switches on core 0) [pid: 7|app: 0|req: 1152/2441] 199.204.45.89 () {34 vars in 1051 bytes} [Thu May 14 12:26:14 2026] GET /v2.0/ports?network_id=19547268-fb27-4a0c-a929-3895dd9c246f&device_owner=network%3Adhcp => generated 12 bytes in 18 msecs (HTTP/1.1 200) 4 headers in 156 bytes (1 switches on core 0)
2026-05-14 12:26:14.221 8 INFO neutron.db.ovn_revision_numbers_db [None req-9879023b-9602-4c9b-8a12-c98f7a3a83c4 12a8452237304a6ea4cceab9ab471815 d446a6b08c2746399fd74ad15d090c25 - - default default] Successfully bumped revision number for resource 47c2ab62-0e47-4fec-89f3-2b166d4a05b8 (type: ports) to 1
2026-05-14 12:26:14.315 7 INFO neutron.db.ovn_revision_numbers_db [None req-7f123849-c36f-4811-b15a-9b4c293a1f50 8ac3476616454223830509f4c1684f78 0a7d9667253f45ca8cfe4479ec355771 - - default default] Successfully bumped revision number for resource 4da3c844-0df2-49bf-9f03-0c69efd6a27d (type: security_group_rules) to 0 [pid: 7|app: 0|req: 1153/2442] 10.0.0.122 () {34 vars in 695 bytes} [Thu May 14 12:26:14 2026] POST /v2.0/security-group-rules => generated 601 bytes in 217 msecs (HTTP/1.1 201) 4 headers in 162 bytes (1 switches on core 0) [pid: 7|app: 0|req: 1154/2443] 199.204.45.89 () {34 vars in 1011 bytes} [Thu May 14 12:26:14 2026] GET /v2.0/networks/19547268-fb27-4a0c-a929-3895dd9c246f?fields=segments => generated 14 bytes in 37 msecs (HTTP/1.1 200) 4 headers in 156 bytes (1 switches on core 0)
2026-05-14 12:26:14.534 7 INFO neutron.db.ovn_revision_numbers_db [None req-4a3edef6-f418-430a-a49a-00c3ee83270f 8ac3476616454223830509f4c1684f78 0a7d9667253f45ca8cfe4479ec355771 - - default default] Successfully bumped revision number for resource 47f3a4b8-9d65-49bf-96e6-899800d1f86c (type: security_group_rules) to 0 [pid: 7|app: 0|req: 1155/2444] 10.0.0.122 () {34 vars in 695 bytes} [Thu May 14 12:26:14 2026] POST /v2.0/security-group-rules => generated 597 bytes in 184 msecs (HTTP/1.1 201) 4 headers in 162 bytes (1 switches on core 0) [pid: 7|app: 0|req: 1156/2445] 199.204.45.89 () {34 vars in 1111 bytes} [Thu May 14 12:26:14 2026] GET /v2.0/networks/19547268-fb27-4a0c-a929-3895dd9c246f?fields=provider%3Aphysical_network&fields=provider%3Anetwork_type => generated 79 bytes in 42 msecs (HTTP/1.1 200) 4 headers in 156 bytes (1 switches on core 0)
2026-05-14 12:26:14.697 7 WARNING neutron.plugins.ml2.drivers.ovn.mech_driver.ovsdb.ovn_client [None req-ce540726-7242-4203-b938-33fac9142b7b - - - - - -] No hosting information found for port 0fce9918-c233-4786-97d6-7a255db2b8c8: RuntimeError: No hosting information found for port 0fce9918-c233-4786-97d6-7a255db2b8c8
2026-05-14 12:26:14.736 7 INFO neutron.common.ovn.utils [None req-ce540726-7242-4203-b938-33fac9142b7b - - - - - -] HA Chassis Group neutron-a9696e27-430e-4b0e-b0e8-150001577dbf synchronized; highest priority chassis 6f1cc7f6-b1de-4953-98d6-3888f651b3f4
2026-05-14 12:26:14.851 7 INFO neutron.db.ovn_revision_numbers_db [None req-ce540726-7242-4203-b938-33fac9142b7b - - - - - -] Successfully bumped revision number for resource 0fce9918-c233-4786-97d6-7a255db2b8c8 (type: router_ports) to 2
2026-05-14 12:26:14.851 7 INFO neutron.plugins.ml2.drivers.ovn.mech_driver.mech_driver [None req-ce540726-7242-4203-b938-33fac9142b7b - - - - - -] OVN reports status down for port: 4b77a64b-a424-45dc-a289-77e65749c9b3
2026-05-14 12:26:14.899 7 WARNING neutron.db.securitygroups_db [req-cf6a4133-4f28-4660-859f-f98c143cc042 req-4556157f-3cb9-4005-bd94-93c4addf9360 8ac3476616454223830509f4c1684f78 0a7d9667253f45ca8cfe4479ec355771 - - default default] project_id key not found in filters, using tenant_id instead. This support has been deprecated and will be removed in a future release. [pid: 7|app: 0|req: 1157/2446] 10.0.0.141 () {34 vars in 1096 bytes} [Thu May 14 12:26:14 2026] GET /v2.0/security-groups?name=tempest-lb_member_SG-1893195803&fields=id&tenant_id=0a7d9667253f45ca8cfe4479ec355771 => generated 69 bytes in 112 msecs (HTTP/1.1 200) 4 headers in 156 bytes (1 switches on core 0)
2026-05-14 12:26:14.992 8 INFO neutron.db.ovn_revision_numbers_db [None req-9879023b-9602-4c9b-8a12-c98f7a3a83c4 12a8452237304a6ea4cceab9ab471815 d446a6b08c2746399fd74ad15d090c25 - - default default] Successfully bumped revision number for resource 47c2ab62-0e47-4fec-89f3-2b166d4a05b8 (type: router_ports) to 1
2026-05-14 12:26:15.066 8 INFO neutron.db.ovn_revision_numbers_db [None req-9879023b-9602-4c9b-8a12-c98f7a3a83c4 12a8452237304a6ea4cceab9ab471815 d446a6b08c2746399fd74ad15d090c25 - - default default] Successfully bumped revision number for resource 639850f5-9d6d-4f85-9fdc-20c99d258853 (type: routers) to 2
2026-05-14 12:26:15.073 7 WARNING neutron.plugins.ml2.drivers.ovn.mech_driver.ovsdb.ovn_client [None req-ce540726-7242-4203-b938-33fac9142b7b - - - - - -] Logical_Switch_Port 4b77a64b-a424-45dc-a289-77e65749c9b3 host information not removed, the port state is up
2026-05-14 12:26:15.074 7 INFO neutron.plugins.ml2.drivers.ovn.mech_driver.mech_driver [None req-ce540726-7242-4203-b938-33fac9142b7b - - - - - -] OVN reports status up for port: 4b77a64b-a424-45dc-a289-77e65749c9b3 [pid: 8|app: 0|req: 1290/2447] 10.0.0.122 () {34 vars in 669 bytes} [Thu May 14 12:26:13 2026] POST /v2.0/routers => generated 956 bytes in 1473 msecs (HTTP/1.1 201) 4 headers in 162 bytes (1 switches on core 0) [pid: 7|app: 0|req: 1158/2448] 10.0.0.141 () {34 vars in 982 bytes} [Thu May 14 12:26:14 2026] GET /v2.0/networks?id=13a06645-6cba-43b2-9158-9a4a07906284 => generated 742 bytes in 102 msecs (HTTP/1.1 200) 4 headers in 157 bytes (1 switches on core 0)
2026-05-14 12:26:15.097 7 INFO neutron.plugins.ml2.plugin [None req-ce540726-7242-4203-b938-33fac9142b7b - - - - - -] Attempt 1 to provision port 4b77a64b-a424-45dc-a289-77e65749c9b3 [pid: 7|app: 0|req: 1159/2449] 10.0.0.141 () {34 vars in 965 bytes} [Thu May 14 12:26:15 2026] GET /v2.0/quotas/0a7d9667253f45ca8cfe4479ec355771 => generated 292 bytes in 24 msecs (HTTP/1.1 200) 4 headers in 157 bytes (1 switches on core 0) [pid: 7|app: 0|req: 1160/2450] 10.0.0.141 () {34 vars in 1002 bytes} [Thu May 14 12:26:15 2026] GET /v2.0/ports?tenant_id=0a7d9667253f45ca8cfe4479ec355771&fields=id => generated 287 bytes in 291 msecs (HTTP/1.1 200) 4 headers in 157 bytes (1 switches on core 0) [pid: 7|app: 0|req: 1161/2451] 10.0.0.141 () {34 vars in 1008 bytes} [Thu May 14 12:26:15 2026] GET /v2.0/networks/13a06645-6cba-43b2-9158-9a4a07906284?fields=segments => generated 14 bytes in 73 msecs (HTTP/1.1 200) 4 headers in 156 bytes (1 switches on core 0)
2026-05-14 12:26:15.558 8 WARNING neutron.scheduler.dhcp_agent_scheduler [None req-5df9af49-dc98-48d4-81b2-7dab9e5bfbd8 12a8452237304a6ea4cceab9ab471815 d446a6b08c2746399fd74ad15d090c25 - - default default] No more DHCP agents
2026-05-14 12:26:15.559 8 WARNING neutron.api.rpc.agentnotifiers.dhcp_rpc_agent_api [None req-5df9af49-dc98-48d4-81b2-7dab9e5bfbd8 12a8452237304a6ea4cceab9ab471815 d446a6b08c2746399fd74ad15d090c25 - - default default] Unable to schedule network b24a0733-6231-4950-8e86-d82bdc6fa930: no agents available; will retry on subsequent port and subnet creation events. [pid: 7|app: 0|req: 1162/2452] 10.0.0.141 () {34 vars in 1108 bytes} [Thu May 14 12:26:15 2026] GET /v2.0/networks/13a06645-6cba-43b2-9158-9a4a07906284?fields=provider%3Aphysical_network&fields=provider%3Anetwork_type => generated 79 bytes in 80 msecs (HTTP/1.1 200) 4 headers in 156 bytes (1 switches on core 0) [pid: 7|app: 0|req: 1163/2453] 10.0.0.141 () {34 vars in 990 bytes} [Thu May 14 12:26:15 2026] GET /v2.0/ports?device_id=cb476ddd-3330-4a54-8be1-2856677e1952 => generated 12 bytes in 33 msecs (HTTP/1.1 200) 4 headers in 156 bytes (1 switches on core 0)
2026-05-14 12:26:15.761 8 INFO neutron.db.ovn_revision_numbers_db [None req-5df9af49-dc98-48d4-81b2-7dab9e5bfbd8 12a8452237304a6ea4cceab9ab471815 d446a6b08c2746399fd74ad15d090c25 - - default default] Successfully bumped revision number for resource 55373fff-b4d8-44dd-a544-5d0c3d17dad5 (type: ports) to 1
2026-05-14 12:26:15.795 7 INFO neutron.db.ovn_revision_numbers_db [None req-ce540726-7242-4203-b938-33fac9142b7b - - - - - -] Successfully bumped revision number for resource 4b77a64b-a424-45dc-a289-77e65749c9b3 (type: ports) to 2
2026-05-14 12:26:16.517 8 WARNING neutron.scheduler.dhcp_agent_scheduler [None req-5df9af49-dc98-48d4-81b2-7dab9e5bfbd8 12a8452237304a6ea4cceab9ab471815 d446a6b08c2746399fd74ad15d090c25 - - default default] No more DHCP agents
2026-05-14 12:26:16.518 8 WARNING neutron.api.rpc.agentnotifiers.dhcp_rpc_agent_api [None req-5df9af49-dc98-48d4-81b2-7dab9e5bfbd8 12a8452237304a6ea4cceab9ab471815 d446a6b08c2746399fd74ad15d090c25 - - default default] Unable to schedule network b24a0733-6231-4950-8e86-d82bdc6fa930: no agents available; will retry on subsequent port and subnet creation events.
2026-05-14 12:26:16.905 8 INFO neutron.db.ovn_revision_numbers_db [None req-5df9af49-dc98-48d4-81b2-7dab9e5bfbd8 12a8452237304a6ea4cceab9ab471815 d446a6b08c2746399fd74ad15d090c25 - - default default] Successfully bumped revision number for resource 55373fff-b4d8-44dd-a544-5d0c3d17dad5 (type: router_ports) to 1 [pid: 8|app: 0|req: 1291/2454] 10.0.0.122 () {34 vars in 783 bytes} [Thu May 14 12:26:15 2026] PUT /v2.0/routers/639850f5-9d6d-4f85-9fdc-20c99d258853/add_router_interface => generated 310 bytes in 1823 msecs (HTTP/1.1 200) 4 headers in 157 bytes (1 switches on core 0)
2026-05-14 12:26:17.589 7 WARNING neutron.scheduler.dhcp_agent_scheduler [None req-ec85d37f-6f5c-43cd-8938-b9a4c6b021c6 - - - - - -] No more DHCP agents
2026-05-14 12:26:17.590 7 WARNING neutron.api.rpc.agentnotifiers.dhcp_rpc_agent_api [None req-ec85d37f-6f5c-43cd-8938-b9a4c6b021c6 - - - - - -] Unable to schedule network f10c60d5-4ed7-4f1a-a22e-008c90cd9c0e: no agents available; will retry on subsequent port and subnet creation events.
2026-05-14 12:26:17.774 7 INFO neutron.db.ovn_revision_numbers_db [None req-ec85d37f-6f5c-43cd-8938-b9a4c6b021c6 - - - - - -] Successfully bumped revision number for resource 231908c4-3d11-4fc5-9f22-a61c9a11517d (type: ports) to 1
2026-05-14 12:26:18.073 7 INFO neutron.db.ovn_revision_numbers_db [None req-ec85d37f-6f5c-43cd-8938-b9a4c6b021c6 - - - - - -] Successfully bumped revision number for resource 231908c4-3d11-4fc5-9f22-a61c9a11517d (type: ports) to 3
2026-05-14 12:26:18.149 7 INFO neutron.db.segments_db [None req-ec85d37f-6f5c-43cd-8938-b9a4c6b021c6 - - - - - -] Added segment 9196b2a1-43cd-49fa-869d-efb9662d6db8 of type geneve for network c1efc3e9-dd47-44ee-b5d4-731f21ab962d
2026-05-14 12:26:18.289 7 INFO neutron.db.ovn_revision_numbers_db [None req-58161c4e-498c-4271-9957-d6b08a451db3 - - - - - -] Successfully bumped revision number for resource c1efc3e9-dd47-44ee-b5d4-731f21ab962d (type: networks) to 1
2026-05-14 12:26:18.458 7 WARNING neutron.scheduler.dhcp_agent_scheduler [None req-58161c4e-498c-4271-9957-d6b08a451db3 - - - - - -] No more DHCP agents
2026-05-14 12:26:18.459 7 WARNING neutron.api.rpc.agentnotifiers.dhcp_rpc_agent_api [None req-58161c4e-498c-4271-9957-d6b08a451db3 - - - - - -] Unable to schedule network c1efc3e9-dd47-44ee-b5d4-731f21ab962d: no agents available; will retry on subsequent port and subnet creation events.
2026-05-14 12:26:18.575 7 INFO neutron.db.ovn_revision_numbers_db [None req-58161c4e-498c-4271-9957-d6b08a451db3 - - - - - -] Successfully bumped revision number for resource 15ad1d68-6da0-487b-b6d9-1e5c35b7e65d (type: ports) to 1
2026-05-14 12:26:18.704 7 WARNING neutron.scheduler.dhcp_agent_scheduler [None req-58161c4e-498c-4271-9957-d6b08a451db3 - - - - - -] No more DHCP agents
2026-05-14 12:26:18.706 7 WARNING neutron.api.rpc.agentnotifiers.dhcp_rpc_agent_api [None req-58161c4e-498c-4271-9957-d6b08a451db3 - - - - - -] Unable to schedule network c1efc3e9-dd47-44ee-b5d4-731f21ab962d: no agents available; will retry on subsequent port and subnet creation events.
2026-05-14 12:26:18.728 7 INFO neutron.db.ovn_revision_numbers_db [None req-58161c4e-498c-4271-9957-d6b08a451db3 - - - - - -] Successfully bumped revision number for resource dbe0963c-909e-469e-b043-311479652ceb (type: subnets) to 0
2026-05-14 12:26:19.039 7 WARNING neutron.scheduler.dhcp_agent_scheduler [None req-58161c4e-498c-4271-9957-d6b08a451db3 - - - - - -] No more DHCP agents
2026-05-14 12:26:19.041 7 WARNING neutron.api.rpc.agentnotifiers.dhcp_rpc_agent_api [None req-58161c4e-498c-4271-9957-d6b08a451db3 - - - - - -] Unable to schedule network c1efc3e9-dd47-44ee-b5d4-731f21ab962d: no agents available; will retry on subsequent port and subnet creation events.
2026-05-14 12:26:19.200 7 INFO neutron.db.ovn_revision_numbers_db [None req-58161c4e-498c-4271-9957-d6b08a451db3 - - - - - -] Successfully bumped revision number for resource eb649943-f8bd-4a03-88ba-5393973a7a0e (type: ports) to 1
2026-05-14 12:26:19.866 7 WARNING neutron.scheduler.dhcp_agent_scheduler [None req-58161c4e-498c-4271-9957-d6b08a451db3 - - - - - -] No more DHCP agents
2026-05-14 12:26:19.868 7 WARNING neutron.api.rpc.agentnotifiers.dhcp_rpc_agent_api [None req-58161c4e-498c-4271-9957-d6b08a451db3 - - - - - -] Unable to schedule network c1efc3e9-dd47-44ee-b5d4-731f21ab962d: no agents available; will retry on subsequent port and subnet creation events. [pid: 8|app: 0|req: 1294/2457] 199.204.45.89 () {34 vars in 985 bytes} [Thu May 14 12:26:20 2026] GET /v2.0/networks?id=13a06645-6cba-43b2-9158-9a4a07906284 => generated 742 bytes in 33 msecs (HTTP/1.1 200) 4 headers in 157 bytes (1 switches on core 0)
2026-05-14 12:26:20.077 8 WARNING neutron.db.securitygroups_db [req-cf6a4133-4f28-4660-859f-f98c143cc042 req-27477a40-4149-499f-ad88-dd03db3904a4 8ac3476616454223830509f4c1684f78 0a7d9667253f45ca8cfe4479ec355771 - - default default] project_id key not found in filters, using tenant_id instead. This support has been deprecated and will be removed in a future release. [pid: 8|app: 0|req: 1295/2458] 199.204.45.89 () {34 vars in 1049 bytes} [Thu May 14 12:26:20 2026] GET /v2.0/security-groups?fields=id&fields=name&tenant_id=0a7d9667253f45ca8cfe4479ec355771 => generated 179 bytes in 26 msecs (HTTP/1.1 200) 4 headers in 157 bytes (1 switches on core 0)
2026-05-14 12:26:20.442 7 INFO neutron.db.ovn_revision_numbers_db [None req-58161c4e-498c-4271-9957-d6b08a451db3 - - - - - -] Successfully bumped revision number for resource eb649943-f8bd-4a03-88ba-5393973a7a0e (type: router_ports) to 1
2026-05-14 12:26:20.522 8 WARNING neutron.scheduler.dhcp_agent_scheduler [req-cf6a4133-4f28-4660-859f-f98c143cc042 req-eaf0f8e9-0d2c-4b24-8c72-f4afbbf9e0fb 8ac3476616454223830509f4c1684f78 0a7d9667253f45ca8cfe4479ec355771 - - default default] No more DHCP agents
2026-05-14 12:26:20.523 8 WARNING neutron.api.rpc.agentnotifiers.dhcp_rpc_agent_api [req-cf6a4133-4f28-4660-859f-f98c143cc042 req-eaf0f8e9-0d2c-4b24-8c72-f4afbbf9e0fb 8ac3476616454223830509f4c1684f78 0a7d9667253f45ca8cfe4479ec355771 - - default default] Unable to schedule network 13a06645-6cba-43b2-9158-9a4a07906284: no agents available; will retry on subsequent port and subnet creation events.
2026-05-14 12:26:20.621 7 WARNING neutron.scheduler.dhcp_agent_scheduler [None req-58161c4e-498c-4271-9957-d6b08a451db3 - - - - - -] No more DHCP agents
2026-05-14 12:26:20.623 7 WARNING neutron.api.rpc.agentnotifiers.dhcp_rpc_agent_api [None req-58161c4e-498c-4271-9957-d6b08a451db3 - - - - - -] Unable to schedule network c1efc3e9-dd47-44ee-b5d4-731f21ab962d: no agents available; will retry on subsequent port and subnet creation events.
2026-05-14 12:26:20.739 8 INFO neutron.db.ovn_revision_numbers_db [req-cf6a4133-4f28-4660-859f-f98c143cc042 req-eaf0f8e9-0d2c-4b24-8c72-f4afbbf9e0fb 8ac3476616454223830509f4c1684f78 0a7d9667253f45ca8cfe4479ec355771 - - default default] Successfully bumped revision number for resource 91c345a1-0c4e-4ed6-94fd-2ac7e22321c5 (type: ports) to 1 [pid: 8|app: 0|req: 1296/2459] 199.204.45.89 () {38 vars in 954 bytes} [Thu May 14 12:26:20 2026] POST /v2.0/ports => generated 1179 bytes in 739 msecs (HTTP/1.1 201) 4 headers in 163 bytes (1 switches on core 0) /var/lib/openstack/lib/python3.12/site-packages/pycadf/identifier.py:70: UserWarning: Invalid uuid: neutron. To ensure interoperability, identifiers should be a valid uuid. warnings.warn(('Invalid uuid: %s. To ensure interoperability, '
2026-05-14 12:26:20.866 7 INFO neutron.db.ovn_revision_numbers_db [None req-58161c4e-498c-4271-9957-d6b08a451db3 - - - - - -] Successfully bumped revision number for resource fd07b87a-8409-4d93-9eaf-5d412996141e (type: ports) to 1 [pid: 8|app: 0|req: 1297/2460] 10.0.0.141 () {34 vars in 990 bytes} [Thu May 14 12:26:20 2026] GET /v2.0/ports?device_id=cb476ddd-3330-4a54-8be1-2856677e1952 => generated 1182 bytes in 40 msecs (HTTP/1.1 200) 4 headers in 158 bytes (1 switches on core 0)
2026-05-14 12:26:20.952 7 WARNING neutron.plugins.ml2.drivers.ovn.mech_driver.ovsdb.ovn_client [None req-119a7a2f-993c-4e14-90db-76426a95ef17 - - - - - -] No hosting information found for port 4b77a64b-a424-45dc-a289-77e65749c9b3: RuntimeError: No hosting information found for port 4b77a64b-a424-45dc-a289-77e65749c9b3
2026-05-14 12:26:21.014 7 INFO neutron.common.ovn.utils [None req-119a7a2f-993c-4e14-90db-76426a95ef17 - - - - - -] HA Chassis Group neutron-13a06645-6cba-43b2-9158-9a4a07906284 synchronized; highest priority chassis 6f1cc7f6-b1de-4953-98d6-3888f651b3f4
2026-05-14 12:26:21.243 7 INFO neutron.db.ovn_revision_numbers_db [None req-119a7a2f-993c-4e14-90db-76426a95ef17 - - - - - -] Successfully bumped revision number for resource 4b77a64b-a424-45dc-a289-77e65749c9b3 (type: router_ports) to 2
2026-05-14 12:26:21.348 7 INFO neutron.plugins.ml2.drivers.ovn.mech_driver.mech_driver [None req-119a7a2f-993c-4e14-90db-76426a95ef17 - - - - - -] OVN reports status down for port: 1b9b9471-71ad-404f-b54b-cf506f1ee562
2026-05-14 12:26:21.352 7 INFO neutron.db.ovn_revision_numbers_db [None req-58161c4e-498c-4271-9957-d6b08a451db3 - - - - - -] Successfully bumped revision number for resource fd07b87a-8409-4d93-9eaf-5d412996141e (type: ports) to 3
2026-05-14 12:26:21.372 8 INFO neutron.db.ovn_revision_numbers_db [req-cf6a4133-4f28-4660-859f-f98c143cc042 req-7f295c0b-e8d9-4b65-b9c1-79d03ce70fea 5a9b5ab3273e4512b85923ad6a828c70 56e73e27c95a4cfcaa857fe8d7075eab - - 2059a01ba64c41fe89f9e15ce8c07c92 2059a01ba64c41fe89f9e15ce8c07c92] Successfully bumped revision number for resource 91c345a1-0c4e-4ed6-94fd-2ac7e22321c5 (type: ports) to 2
2026-05-14 12:26:21.631 7 WARNING neutron.plugins.ml2.drivers.ovn.mech_driver.ovsdb.ovn_client [None req-119a7a2f-993c-4e14-90db-76426a95ef17 - - - - - -] Logical_Switch_Port 1b9b9471-71ad-404f-b54b-cf506f1ee562 host information not removed, the port state is up
2026-05-14 12:26:21.631 7 INFO neutron.plugins.ml2.drivers.ovn.mech_driver.mech_driver [None req-119a7a2f-993c-4e14-90db-76426a95ef17 - - - - - -] OVN reports status up for port: 1b9b9471-71ad-404f-b54b-cf506f1ee562
2026-05-14 12:26:21.635 8 INFO neutron.db.ovn_revision_numbers_db [req-cf6a4133-4f28-4660-859f-f98c143cc042 req-7f295c0b-e8d9-4b65-b9c1-79d03ce70fea 5a9b5ab3273e4512b85923ad6a828c70 56e73e27c95a4cfcaa857fe8d7075eab - - 2059a01ba64c41fe89f9e15ce8c07c92 2059a01ba64c41fe89f9e15ce8c07c92] Successfully bumped revision number for resource 91c345a1-0c4e-4ed6-94fd-2ac7e22321c5 (type: ports) to 4
2026-05-14 12:26:21.663 7 INFO neutron.plugins.ml2.plugin [None req-119a7a2f-993c-4e14-90db-76426a95ef17 - - - - - -] Attempt 1 to provision port 1b9b9471-71ad-404f-b54b-cf506f1ee562 [pid: 8|app: 0|req: 1298/2461] 199.204.45.89 () {38 vars in 1027 bytes} [Thu May 14 12:26:20 2026] PUT /v2.0/ports/91c345a1-0c4e-4ed6-94fd-2ac7e22321c5 => generated 1452 bytes in 778 msecs (HTTP/1.1 200) 4 headers in 158 bytes (1 switches on core 0) /var/lib/openstack/lib/python3.12/site-packages/pycadf/identifier.py:70: UserWarning: Invalid uuid: neutron. To ensure interoperability, identifiers should be a valid uuid. warnings.warn(('Invalid uuid: %s. To ensure interoperability, ' [pid: 8|app: 0|req: 1299/2462] 10.0.0.141 () {34 vars in 1040 bytes} [Thu May 14 12:26:21 2026] GET /v2.0/security-groups?id=c185a763-ab55-4d39-ab44-9998de801363&fields=id&fields=name => generated 112 bytes in 46 msecs (HTTP/1.1 200) 4 headers in 157 bytes (1 switches on core 0)
2026-05-14 12:26:21.736 8 INFO neutron.notifiers.nova [-] Nova event matching ['req-ae761525-3e49-4da5-8057-0676518e172e'] response: {'name': 'network-changed', 'server_uuid': 'cb476ddd-3330-4a54-8be1-2856677e1952', 'tag': '91c345a1-0c4e-4ed6-94fd-2ac7e22321c5', 'status': 'completed', 'code': 200} [pid: 8|app: 0|req: 1300/2463] 10.0.0.227 () {34 vars in 990 bytes} [Thu May 14 12:26:21 2026] GET /v2.0/ports?device_id=0aa858b5-9b50-4f50-929b-43849affa3fa => generated 1236 bytes in 43 msecs (HTTP/1.1 200) 4 headers in 158 bytes (1 switches on core 0) [pid: 8|app: 0|req: 1301/2464] 10.0.0.227 () {34 vars in 1040 bytes} [Thu May 14 12:26:21 2026] GET /v2.0/security-groups?id=0a38af1f-cef6-48fd-b762-7759683917a5&fields=id&fields=name => generated 114 bytes in 38 msecs (HTTP/1.1 200) 4 headers in 157 bytes (1 switches on core 0) [pid: 7|app: 0|req: 1164/2465] 10.0.0.122 () {34 vars in 685 bytes} [Thu May 14 12:26:16 2026] POST /v2.0/vpn/vpnservices => generated 458 bytes in 4979 msecs (HTTP/1.1 201) 4 headers in 162 bytes (1 switches on core 0) /var/lib/openstack/lib/python3.12/site-packages/pycadf/identifier.py:70: UserWarning: Invalid uuid: neutron. To ensure interoperability, identifiers should be a valid uuid. warnings.warn(('Invalid uuid: %s. To ensure interoperability, ' [pid: 7|app: 0|req: 1165/2466] 199.204.45.89 () {34 vars in 1079 bytes} [Thu May 14 12:26:22 2026] GET /v2.0/ports?tenant_id=0a7d9667253f45ca8cfe4479ec355771&device_id=cb476ddd-3330-4a54-8be1-2856677e1952 => generated 1455 bytes in 81 msecs (HTTP/1.1 200) 4 headers in 158 bytes (1 switches on core 0)
