May 09 09:04:42.451678 np0000173050 neutron-periodic-workers[105280]: DEBUG cotyledon.oslo_config_glue [-] network_log.rate_limit = 100 {{(pid=105280) log_opt_values /opt/stack/data/venv/lib/python3.12/site-packages/oslo_config/cfg.py:3006}}
May 09 09:04:42.451733 np0000173050 neutron-periodic-workers[105280]: DEBUG cotyledon.oslo_config_glue [-] database.asyncio_connection = **** {{(pid=105280) log_opt_values /opt/stack/data/venv/lib/python3.12/site-packages/oslo_config/cfg.py:3006}}
May 09 09:04:42.451787 np0000173050 neutron-periodic-workers[105280]: DEBUG cotyledon.oslo_config_glue [-] database.asyncio_slave_connection = **** {{(pid=105280) log_opt_values /opt/stack/data/venv/lib/python3.12/site-packages/oslo_config/cfg.py:3006}}
May 09 09:04:42.451878 np0000173050 neutron-periodic-workers[105280]: DEBUG cotyledon.oslo_config_glue [-] database.backend = sqlalchemy {{(pid=105280) log_opt_values /opt/stack/data/venv/lib/python3.12/site-packages/oslo_config/cfg.py:3006}}
May 09 09:04:42.451938 np0000173050 neutron-periodic-workers[105280]: DEBUG cotyledon.oslo_config_glue [-] database.connection = **** {{(pid=105280) log_opt_values /opt/stack/data/venv/lib/python3.12/site-packages/oslo_config/cfg.py:3006}}
May 09 09:04:42.452002 np0000173050 neutron-periodic-workers[105280]: DEBUG cotyledon.oslo_config_glue [-] database.connection_debug = 0 {{(pid=105280) log_opt_values /opt/stack/data/venv/lib/python3.12/site-packages/oslo_config/cfg.py:3006}}
May 09 09:04:42.452063 np0000173050 neutron-periodic-workers[105280]: DEBUG cotyledon.oslo_config_glue [-] database.connection_parameters = {{(pid=105280) log_opt_values /opt/stack/data/venv/lib/python3.12/site-packages/oslo_config/cfg.py:3006}}
May 09 09:04:42.452112 np0000173050 neutron-periodic-workers[105280]: DEBUG cotyledon.oslo_config_glue [-] database.connection_recycle_time = 3600 {{(pid=105280) log_opt_values /opt/stack/data/venv/lib/python3.12/site-packages/oslo_config/cfg.py:3006}}
May 09 09:04:42.452161 np0000173050 neutron-periodic-workers[105280]: DEBUG cotyledon.oslo_config_glue [-] database.connection_trace = False {{(pid=105280) log_opt_values /opt/stack/data/venv/lib/python3.12/site-packages/oslo_config/cfg.py:3006}}
May 09 09:04:42.452161 np0000173050 neutron-periodic-workers[105280]: DEBUG cotyledon.oslo_config_glue [-] database.db_inc_retry_interval = True {{(pid=105280) log_opt_values /opt/stack/data/venv/lib/python3.12/site-packages/oslo_config/cfg.py:3006}}
May 09 09:04:42.452246 np0000173050 neutron-periodic-workers[105280]: DEBUG cotyledon.oslo_config_glue [-] database.db_max_retries = 20 {{(pid=105280) log_opt_values /opt/stack/data/venv/lib/python3.12/site-packages/oslo_config/cfg.py:3006}}
May 09 09:04:42.452246 np0000173050 neutron-periodic-workers[105280]: DEBUG cotyledon.oslo_config_glue [-] database.db_max_retry_interval = 10 {{(pid=105280) log_opt_values /opt/stack/data/venv/lib/python3.12/site-packages/oslo_config/cfg.py:3006}}
May 09 09:04:42.452328 np0000173050 neutron-periodic-workers[105280]: DEBUG cotyledon.oslo_config_glue [-] database.db_retry_interval = 1 {{(pid=105280) log_opt_values /opt/stack/data/venv/lib/python3.12/site-packages/oslo_config/cfg.py:3006}}
May 09 09:04:42.452328 np0000173050 neutron-periodic-workers[105280]: DEBUG cotyledon.oslo_config_glue [-] database.max_overflow = 50 {{(pid=105280) log_opt_values /opt/stack/data/venv/lib/python3.12/site-packages/oslo_config/cfg.py:3006}}
May 09 09:04:42.452415 np0000173050 neutron-periodic-workers[105280]: DEBUG cotyledon.oslo_config_glue [-] database.max_pool_size = 5 {{(pid=105280) log_opt_values /opt/stack/data/venv/lib/python3.12/site-packages/oslo_config/cfg.py:3006}}
May 09 09:04:42.452465 np0000173050 neutron-periodic-workers[105280]: DEBUG cotyledon.oslo_config_glue [-] database.max_retries = 10 {{(pid=105280) log_opt_values /opt/stack/data/venv/lib/python3.12/site-packages/oslo_config/cfg.py:3006}}
May 09 09:04:42.452520 np0000173050 neutron-periodic-workers[105280]: DEBUG cotyledon.oslo_config_glue [-] database.mysql_sql_mode = TRADITIONAL {{(pid=105280) log_opt_values /opt/stack/data/venv/lib/python3.12/site-packages/oslo_config/cfg.py:3006}}
May 09 09:04:42.452572 np0000173050 neutron-periodic-workers[105280]: DEBUG cotyledon.oslo_config_glue [-] database.mysql_wsrep_sync_wait = None {{(pid=105280) log_opt_values /opt/stack/data/venv/lib/python3.12/site-packages/oslo_config/cfg.py:3006}}
May 09 09:04:42.452572 np0000173050 neutron-periodic-workers[105280]: DEBUG cotyledon.oslo_config_glue [-] database.pool_timeout = None {{(pid=105280) log_opt_values /opt/stack/data/venv/lib/python3.12/site-packages/oslo_config/cfg.py:3006}}
May 09 09:04:42.452670 np0000173050 neutron-periodic-workers[105280]: DEBUG cotyledon.oslo_config_glue [-] database.retry_interval = 10 {{(pid=105280) log_opt_values /opt/stack/data/venv/lib/python3.12/site-packages/oslo_config/cfg.py:3006}}
May 09 09:04:42.452725 np0000173050 neutron-periodic-workers[105280]: DEBUG cotyledon.oslo_config_glue [-] database.slave_connection = **** {{(pid=105280) log_opt_values /opt/stack/data/venv/lib/python3.12/site-packages/oslo_config/cfg.py:3006}}
May 09 09:04:42.452785 np0000173050 neutron-periodic-workers[105280]: DEBUG cotyledon.oslo_config_glue [-] database.sqlite_synchronous = True {{(pid=105280) log_opt_values /opt/stack/data/venv/lib/python3.12/site-packages/oslo_config/cfg.py:3006}}
May 09 09:04:42.452860 np0000173050 neutron-periodic-workers[105280]: DEBUG cotyledon.oslo_config_glue [-] database.synchronous_reader = True {{(pid=105280) log_opt_values /opt/stack/data/venv/lib/python3.12/site-packages/oslo_config/cfg.py:3006}}
May 09 09:04:42.452860 np0000173050 neutron-periodic-workers[105280]: DEBUG cotyledon.oslo_config_glue [-] database.use_db_reconnect = False {{(pid=105280) log_opt_values /opt/stack/data/venv/lib/python3.12/site-packages/oslo_config/cfg.py:3006}}
May 09 09:04:42.452968 np0000173050 neutron-periodic-workers[105280]: DEBUG cotyledon.oslo_config_glue [-] ovn.bfd_min_rx = 1000 {{(pid=105280) log_opt_values /opt/stack/data/venv/lib/python3.12/site-packages/oslo_config/cfg.py:3006}}
May 09 09:04:42.453016 np0000173050 neutron-periodic-workers[105280]: DEBUG cotyledon.oslo_config_glue [-] ovn.bfd_min_tx = 100 {{(pid=105280) log_opt_values /opt/stack/data/venv/lib/python3.12/site-packages/oslo_config/cfg.py:3006}}
May 09 09:04:42.453075 np0000173050 neutron-periodic-workers[105280]: DEBUG cotyledon.oslo_config_glue [-] ovn.bfd_mult = 3 {{(pid=105280) log_opt_values /opt/stack/data/venv/lib/python3.12/site-packages/oslo_config/cfg.py:3006}}
May 09 09:04:42.453130 np0000173050 neutron-periodic-workers[105280]: DEBUG cotyledon.oslo_config_glue [-] ovn.broadcast_arps_to_all_routers = True {{(pid=105280) log_opt_values /opt/stack/data/venv/lib/python3.12/site-packages/oslo_config/cfg.py:3006}}
May 09 09:04:42.453130 np0000173050 neutron-periodic-workers[105280]: DEBUG cotyledon.oslo_config_glue [-] ovn.dhcp_default_lease_time = 43200 {{(pid=105280) log_opt_values /opt/stack/data/venv/lib/python3.12/site-packages/oslo_config/cfg.py:3006}}
May 09 09:04:42.453232 np0000173050 neutron-periodic-workers[105280]: DEBUG cotyledon.oslo_config_glue [-] ovn.disable_ovn_dhcp_for_baremetal_ports = False {{(pid=105280) log_opt_values /opt/stack/data/venv/lib/python3.12/site-packages/oslo_config/cfg.py:3006}}
May 09 09:04:42.453232 np0000173050 neutron-periodic-workers[105280]: DEBUG cotyledon.oslo_config_glue [-] ovn.dns_records_ovn_owned = False {{(pid=105280) log_opt_values /opt/stack/data/venv/lib/python3.12/site-packages/oslo_config/cfg.py:3006}}
May 09 09:04:42.453324 np0000173050 neutron-periodic-workers[105280]: DEBUG cotyledon.oslo_config_glue [-] ovn.dns_servers = [] {{(pid=105280) log_opt_values /opt/stack/data/venv/lib/python3.12/site-packages/oslo_config/cfg.py:3006}}
May 09 09:04:42.453324 np0000173050 neutron-periodic-workers[105280]: DEBUG cotyledon.oslo_config_glue [-] ovn.enable_distributed_floating_ip = False {{(pid=105280) log_opt_values /opt/stack/data/venv/lib/python3.12/site-packages/oslo_config/cfg.py:3006}}
May 09 09:04:42.453324 np0000173050 neutron-periodic-workers[105280]: DEBUG cotyledon.oslo_config_glue [-] ovn.fdb_age_threshold = 300 {{(pid=105280) log_opt_values /opt/stack/data/venv/lib/python3.12/site-packages/oslo_config/cfg.py:3006}}
May 09 09:04:42.453462 np0000173050 neutron-periodic-workers[105280]: DEBUG cotyledon.oslo_config_glue [-] ovn.ha_failover_strategy = normal {{(pid=105280) log_opt_values /opt/stack/data/venv/lib/python3.12/site-packages/oslo_config/cfg.py:3006}}
May 09 09:04:42.453462 np0000173050 neutron-periodic-workers[105280]: DEBUG cotyledon.oslo_config_glue [-] ovn.live_migration_activation_strategy = rarp {{(pid=105280) log_opt_values /opt/stack/data/venv/lib/python3.12/site-packages/oslo_config/cfg.py:3006}}
May 09 09:04:42.453558 np0000173050 neutron-periodic-workers[105280]: DEBUG cotyledon.oslo_config_glue [-] ovn.localnet_learn_fdb = False {{(pid=105280) log_opt_values /opt/stack/data/venv/lib/python3.12/site-packages/oslo_config/cfg.py:3006}}
May 09 09:04:42.453558 np0000173050 neutron-periodic-workers[105280]: DEBUG cotyledon.oslo_config_glue [-] ovn.mac_binding_age_threshold = 300 {{(pid=105280) log_opt_values /opt/stack/data/venv/lib/python3.12/site-packages/oslo_config/cfg.py:3006}}
May 09 09:04:42.453558 np0000173050 neutron-periodic-workers[105280]: DEBUG cotyledon.oslo_config_glue [-] ovn.neutron_sync_mode = log {{(pid=105280) log_opt_values /opt/stack/data/venv/lib/python3.12/site-packages/oslo_config/cfg.py:3006}}
May 09 09:04:42.453706 np0000173050 neutron-periodic-workers[105280]: DEBUG cotyledon.oslo_config_glue [-] ovn.ovn_dhcp4_global_options = {} {{(pid=105280) log_opt_values /opt/stack/data/venv/lib/python3.12/site-packages/oslo_config/cfg.py:3006}}
May 09 09:04:42.453706 np0000173050 neutron-periodic-workers[105280]: DEBUG cotyledon.oslo_config_glue [-] ovn.ovn_dhcp6_global_options = {} {{(pid=105280) log_opt_values /opt/stack/data/venv/lib/python3.12/site-packages/oslo_config/cfg.py:3006}}
May 09 09:04:42.453706 np0000173050 neutron-periodic-workers[105280]: DEBUG cotyledon.oslo_config_glue [-] ovn.ovn_l3_scheduler = leastloaded {{(pid=105280) log_opt_values /opt/stack/data/venv/lib/python3.12/site-packages/oslo_config/cfg.py:3006}}
May 09 09:04:42.453706 np0000173050 neutron-periodic-workers[105280]: DEBUG cotyledon.oslo_config_glue [-] ovn.ovn_metadata_enabled = True {{(pid=105280) log_opt_values /opt/stack/data/venv/lib/python3.12/site-packages/oslo_config/cfg.py:3006}}
May 09 09:04:42.453990 np0000173050 neutron-periodic-workers[105280]: DEBUG cotyledon.oslo_config_glue [-] ovn.ovn_nb_ca_cert = /opt/stack/data/CA/int-ca/ca-chain.pem {{(pid=105280) log_opt_values /opt/stack/data/venv/lib/python3.12/site-packages/oslo_config/cfg.py:3006}}
May 09 09:04:42.453990 np0000173050 neutron-periodic-workers[105280]: DEBUG cotyledon.oslo_config_glue [-] ovn.ovn_nb_certificate = /opt/stack/data/CA/int-ca/devstack-cert.crt {{(pid=105280) log_opt_values /opt/stack/data/venv/lib/python3.12/site-packages/oslo_config/cfg.py:3006}}
May 09 09:04:42.453990 np0000173050 neutron-periodic-workers[105280]: DEBUG cotyledon.oslo_config_glue [-] ovn.ovn_nb_connection = ['ssl:199.19.213.88:6641'] {{(pid=105280) log_opt_values /opt/stack/data/venv/lib/python3.12/site-packages/oslo_config/cfg.py:3006}}
May 09 09:04:42.453990 np0000173050 neutron-periodic-workers[105280]: DEBUG cotyledon.oslo_config_glue [-] ovn.ovn_nb_private_key = /opt/stack/data/CA/int-ca/private/devstack-cert.key {{(pid=105280) log_opt_values /opt/stack/data/venv/lib/python3.12/site-packages/oslo_config/cfg.py:3006}}
May 09 09:04:42.453990 np0000173050 neutron-periodic-workers[105280]: DEBUG cotyledon.oslo_config_glue [-] ovn.ovn_router_indirect_snat = False {{(pid=105280) log_opt_values /opt/stack/data/venv/lib/python3.12/site-packages/oslo_config/cfg.py:3006}}
May 09 09:04:42.454246 np0000173050 neutron-periodic-workers[105280]: DEBUG cotyledon.oslo_config_glue [-] ovn.ovn_sb_ca_cert = /opt/stack/data/CA/int-ca/ca-chain.pem {{(pid=105280) log_opt_values /opt/stack/data/venv/lib/python3.12/site-packages/oslo_config/cfg.py:3006}}
May 09 09:04:42.454246 np0000173050 neutron-periodic-workers[105280]: DEBUG cotyledon.oslo_config_glue [-] ovn.ovn_sb_certificate = /opt/stack/data/CA/int-ca/devstack-cert.crt {{(pid=105280) log_opt_values /opt/stack/data/venv/lib/python3.12/site-packages/oslo_config/cfg.py:3006}}
May 09 09:04:42.454246 np0000173050 neutron-periodic-workers[105280]: DEBUG cotyledon.oslo_config_glue [-] ovn.ovn_sb_connection = ['ssl:199.19.213.88:6642'] {{(pid=105280) log_opt_values /opt/stack/data/venv/lib/python3.12/site-packages/oslo_config/cfg.py:3006}}
May 09 09:04:42.454246 np0000173050 neutron-periodic-workers[105280]: DEBUG cotyledon.oslo_config_glue [-] ovn.ovn_sb_private_key = /opt/stack/data/CA/int-ca/private/devstack-cert.key {{(pid=105280) log_opt_values /opt/stack/data/venv/lib/python3.12/site-packages/oslo_config/cfg.py:3006}}
May 09 09:04:42.454246 np0000173050 neutron-periodic-workers[105280]: DEBUG cotyledon.oslo_config_glue [-] ovn.ovs_create_tap = False {{(pid=105280) log_opt_values /opt/stack/data/venv/lib/python3.12/site-packages/oslo_config/cfg.py:3006}}
May 09 09:04:42.454246 np0000173050 neutron-periodic-workers[105280]: DEBUG cotyledon.oslo_config_glue [-] ovn.ovsdb_connection_timeout = 180 {{(pid=105280) log_opt_values /opt/stack/data/venv/lib/python3.12/site-packages/oslo_config/cfg.py:3006}}
May 09 09:04:42.454520 np0000173050 neutron-periodic-workers[105280]: DEBUG cotyledon.oslo_config_glue [-] ovn.ovsdb_log_level = INFO {{(pid=105280) log_opt_values /opt/stack/data/venv/lib/python3.12/site-packages/oslo_config/cfg.py:3006}}
May 09 09:04:42.454520 np0000173050 neutron-periodic-workers[105280]: DEBUG cotyledon.oslo_config_glue [-] ovn.ovsdb_probe_interval = 60000 {{(pid=105280) log_opt_values /opt/stack/data/venv/lib/python3.12/site-packages/oslo_config/cfg.py:3006}}
May 09 09:04:42.454520 np0000173050 neutron-periodic-workers[105280]: DEBUG cotyledon.oslo_config_glue [-] ovn.ovsdb_retry_max_interval = 180 {{(pid=105280) log_opt_values /opt/stack/data/venv/lib/python3.12/site-packages/oslo_config/cfg.py:3006}}
May 09 09:04:42.454520 np0000173050 neutron-periodic-workers[105280]: DEBUG cotyledon.oslo_config_glue [-] ovn.stateless_nat_enabled = False {{(pid=105280) log_opt_values /opt/stack/data/venv/lib/python3.12/site-packages/oslo_config/cfg.py:3006}}
May 09 09:04:42.454520 np0000173050 neutron-periodic-workers[105280]: DEBUG cotyledon.oslo_config_glue [-] ovn.vhost_sock_dir = /var/run/openvswitch {{(pid=105280) log_opt_values /opt/stack/data/venv/lib/python3.12/site-packages/oslo_config/cfg.py:3006}}
May 09 09:04:42.454749 np0000173050 neutron-periodic-workers[105280]: DEBUG cotyledon.oslo_config_glue [-] OVS.bridge_mac_table_size = 50000 {{(pid=105280) log_opt_values /opt/stack/data/venv/lib/python3.12/site-packages/oslo_config/cfg.py:3006}}
May 09 09:04:42.454749 np0000173050 neutron-periodic-workers[105280]: DEBUG cotyledon.oslo_config_glue [-] OVS.igmp_flood = False {{(pid=105280) log_opt_values /opt/stack/data/venv/lib/python3.12/site-packages/oslo_config/cfg.py:3006}}
May 09 09:04:42.454843 np0000173050 neutron-periodic-workers[105280]: DEBUG cotyledon.oslo_config_glue [-] OVS.igmp_flood_reports = True {{(pid=105280) log_opt_values /opt/stack/data/venv/lib/python3.12/site-packages/oslo_config/cfg.py:3006}}
May 09 09:04:42.454913 np0000173050 neutron-periodic-workers[105280]: DEBUG cotyledon.oslo_config_glue [-] OVS.igmp_flood_unregistered = False {{(pid=105280) log_opt_values /opt/stack/data/venv/lib/python3.12/site-packages/oslo_config/cfg.py:3006}}
May 09 09:04:42.455073 np0000173050 neutron-periodic-workers[105280]: DEBUG cotyledon.oslo_config_glue [-] OVS.igmp_snooping_enable = False {{(pid=105280) log_opt_values /opt/stack/data/venv/lib/python3.12/site-packages/oslo_config/cfg.py:3006}}
May 09 09:04:42.455073 np0000173050 neutron-periodic-workers[105280]: DEBUG cotyledon.oslo_config_glue [-] OVS.ovsdb_timeout = 10 {{(pid=105280) log_opt_values /opt/stack/data/venv/lib/python3.12/site-packages/oslo_config/cfg.py:3006}}
May 09 09:04:42.455161 np0000173050 neutron-periodic-workers[105280]: DEBUG cotyledon.oslo_config_glue [-] ovn_nb_global.fdb_removal_limit = 0 {{(pid=105280) log_opt_values /opt/stack/data/venv/lib/python3.12/site-packages/oslo_config/cfg.py:3006}}
May 09 09:04:42.455224 np0000173050 neutron-periodic-workers[105280]: DEBUG cotyledon.oslo_config_glue [-] ovn_nb_global.ignore_lsp_down = False {{(pid=105280) log_opt_values /opt/stack/data/venv/lib/python3.12/site-packages/oslo_config/cfg.py:3006}}
May 09 09:04:42.455266 np0000173050 neutron-periodic-workers[105280]: DEBUG cotyledon.oslo_config_glue [-] ovn_nb_global.mac_binding_removal_limit = 0 {{(pid=105280) log_opt_values /opt/stack/data/venv/lib/python3.12/site-packages/oslo_config/cfg.py:3006}}
May 09 09:04:42.455323 np0000173050 neutron-periodic-workers[105280]: DEBUG cotyledon.oslo_config_glue [-] ******************************************************************************** {{(pid=105280) log_opt_values /opt/stack/data/venv/lib/python3.12/site-packages/oslo_config/cfg.py:3013}}
May 09 09:04:42.455554 np0000173050 neutron-periodic-workers[105280]: DEBUG cotyledon._service_worker [-] Run service ServiceWrapper(0) [105280] {{(pid=105280) wait_forever /opt/stack/data/venv/lib/python3.12/site-packages/cotyledon/_service_worker.py:218}}
May 09 09:04:52.067779 np0000173050 neutron-periodic-workers[104457]: DEBUG dbcounter [-] [104457] Writing DB stats neutron:SELECT=4 {{(pid=104457) stat_writer /opt/stack/data/venv/lib/python3.12/site-packages/dbcounter.py:115}}
May 09 09:04:53.414272 np0000173050 neutron-periodic-workers[105263]: DEBUG oslo_db.sqlalchemy.engines [None req-8e2f36e6-5f96-4ef3-ada0-4b96a43507b2 None None] Parent process 104457 forked (105263) with an open database connection, which is being discarded and recreated. {{(pid=105263) checkout /opt/stack/data/venv/lib/python3.12/site-packages/oslo_db/sqlalchemy/engines.py:402}}
May 09 09:04:53.443555 np0000173050 neutron-periodic-workers[105263]: DEBUG dbcounter [-] [105263] Writer thread running {{(pid=105263) stat_writer /opt/stack/data/venv/lib/python3.12/site-packages/dbcounter.py:102}}
May 09 09:04:53.457972 np0000173050 neutron-periodic-workers[105263]: DEBUG oslo.service.backend._threading.loopingcall [None req-8e2f36e6-5f96-4ef3-ada0-4b96a43507b2 None None] Fixed interval looping call 'neutron.services.ovn_l3.plugin.L3_NAT_dbonly_mixin._clean_garbage' sleeping for 299.95 seconds {{(pid=105263) _run_loop /opt/stack/data/venv/lib/python3.12/site-packages/oslo_service/backend/_threading/loopingcall.py:125}}
May 09 09:05:03.444141 np0000173050 neutron-periodic-workers[105263]: DEBUG dbcounter [-] [105263] Writing DB stats neutron:SELECT=1 {{(pid=105263) stat_writer /opt/stack/data/venv/lib/python3.12/site-packages/dbcounter.py:115}}
May 09 09:05:25.442438 np0000173050 neutron-periodic-workers[105269]: DEBUG dbcounter [-] [105269] Writer thread running {{(pid=105269) stat_writer /opt/stack/data/venv/lib/python3.12/site-packages/dbcounter.py:102}}
May 09 09:05:25.450555 np0000173050 neutron-periodic-workers[105269]: DEBUG oslo.service.backend._threading.loopingcall [None req-7bcd1f0f-8238-47c0-a0a8-bc2b0ffc5818 None None] Fixed interval looping call 'neutron.plugins.ml2.plugin.DhcpAgentSchedulerDbMixin.remove_networks_from_down_agents' sleeping for 36.98 seconds {{(pid=105269) _run_loop /opt/stack/data/venv/lib/python3.12/site-packages/oslo_service/backend/_threading/loopingcall.py:125}}
May 09 09:05:33.457387 np0000173050 neutron-periodic-workers[105272]: DEBUG dbcounter [-] [105272] Writer thread running {{(pid=105272) stat_writer /opt/stack/data/venv/lib/python3.12/site-packages/dbcounter.py:102}}
May 09 09:05:33.460541 np0000173050 neutron-periodic-workers[105272]: DEBUG neutron.db.agents_db [None req-694eda4a-dec8-4d7a-85dc-475667ecb66a None None] Agent healthcheck: found 0 active agents {{(pid=105272) agent_health_check /opt/stack/neutron/neutron/db/agents_db.py:322}}
May 09 09:05:33.460710 np0000173050 neutron-periodic-workers[105272]: DEBUG oslo.service.backend._threading.loopingcall [None req-694eda4a-dec8-4d7a-85dc-475667ecb66a None None] Fixed interval looping call 'neutron.plugins.ml2.plugin.AgentDbMixin.agent_health_check' sleeping for 36.98 seconds {{(pid=105272) _run_loop /opt/stack/data/venv/lib/python3.12/site-packages/oslo_service/backend/_threading/loopingcall.py:125}}
May 09 09:05:35.449984 np0000173050 neutron-periodic-workers[105269]: DEBUG dbcounter [-] [105269] Writing DB stats neutron:SELECT=3 {{(pid=105269) stat_writer /opt/stack/data/venv/lib/python3.12/site-packages/dbcounter.py:115}}
May 09 09:05:43.458057 np0000173050 neutron-periodic-workers[105272]: DEBUG dbcounter [-] [105272] Writing DB stats neutron:SELECT=1 {{(pid=105272) stat_writer /opt/stack/data/venv/lib/python3.12/site-packages/dbcounter.py:115}}
May 09 09:06:02.442709 np0000173050 neutron-periodic-workers[105269]: DEBUG oslo.service.backend._threading.loopingcall [None req-7bcd1f0f-8238-47c0-a0a8-bc2b0ffc5818 None None] Fixed interval looping call 'neutron.plugins.ml2.plugin.DhcpAgentSchedulerDbMixin.remove_networks_from_down_agents' sleeping for 36.99 seconds {{(pid=105269) _run_loop /opt/stack/data/venv/lib/python3.12/site-packages/oslo_service/backend/_threading/loopingcall.py:125}}
May 09 09:06:10.447894 np0000173050 neutron-periodic-workers[105272]: DEBUG neutron.db.agents_db [None req-694eda4a-dec8-4d7a-85dc-475667ecb66a None None] Agent healthcheck: found 0 active agents {{(pid=105272) agent_health_check /opt/stack/neutron/neutron/db/agents_db.py:322}}
May 09 09:06:10.448762 np0000173050 neutron-periodic-workers[105272]: DEBUG oslo.service.backend._threading.loopingcall [None req-694eda4a-dec8-4d7a-85dc-475667ecb66a None None] Fixed interval looping call 'neutron.plugins.ml2.plugin.AgentDbMixin.agent_health_check' sleeping for 36.99 seconds {{(pid=105272) _run_loop /opt/stack/data/venv/lib/python3.12/site-packages/oslo_service/backend/_threading/loopingcall.py:125}}
May 09 09:06:12.441128 np0000173050 neutron-periodic-workers[105269]: DEBUG dbcounter [-] [105269] Writing DB stats neutron:SELECT=3 {{(pid=105269) stat_writer /opt/stack/data/venv/lib/python3.12/site-packages/dbcounter.py:115}}
May 09 09:06:20.446204 np0000173050 neutron-periodic-workers[105272]: DEBUG dbcounter [-] [105272] Writing DB stats neutron:SELECT=1 {{(pid=105272) stat_writer /opt/stack/data/venv/lib/python3.12/site-packages/dbcounter.py:115}}
May 09 09:06:39.444226 np0000173050 neutron-periodic-workers[105269]: DEBUG oslo.service.backend._threading.loopingcall [None req-7bcd1f0f-8238-47c0-a0a8-bc2b0ffc5818 None None] Fixed interval looping call 'neutron.plugins.ml2.plugin.DhcpAgentSchedulerDbMixin.remove_networks_from_down_agents' sleeping for 36.99 seconds {{(pid=105269) _run_loop /opt/stack/data/venv/lib/python3.12/site-packages/oslo_service/backend/_threading/loopingcall.py:125}}
May 09 09:06:42.471339 np0000173050 neutron-periodic-workers[105280]: DEBUG dbcounter [-] [105280] Writer thread running {{(pid=105280) stat_writer /opt/stack/data/venv/lib/python3.12/site-packages/dbcounter.py:102}}
May 09 09:06:42.473735 np0000173050 neutron-periodic-workers[105280]: DEBUG oslo.service.backend._threading.loopingcall [None req-fbf02b83-e8ad-41bc-b999-56c3b58d9c8b None None] Fixed interval looping call 'neutron.db.quota.driver_nolock.DbQuotaNoLockDriver._remove_expired_reservations' sleeping for 119.98 seconds {{(pid=105280) _run_loop /opt/stack/data/venv/lib/python3.12/site-packages/oslo_service/backend/_threading/loopingcall.py:125}}
May 09 09:06:47.443938 np0000173050 neutron-periodic-workers[105272]: DEBUG neutron.db.agents_db [None req-694eda4a-dec8-4d7a-85dc-475667ecb66a None None] Agent healthcheck: found 0 active agents {{(pid=105272) agent_health_check /opt/stack/neutron/neutron/db/agents_db.py:322}}
May 09 09:06:47.444655 np0000173050 neutron-periodic-workers[105272]: DEBUG oslo.service.backend._threading.loopingcall [None req-694eda4a-dec8-4d7a-85dc-475667ecb66a None None] Fixed interval looping call 'neutron.plugins.ml2.plugin.AgentDbMixin.agent_health_check' sleeping for 36.99 seconds {{(pid=105272) _run_loop /opt/stack/data/venv/lib/python3.12/site-packages/oslo_service/backend/_threading/loopingcall.py:125}}
May 09 09:06:49.442928 np0000173050 neutron-periodic-workers[105269]: DEBUG dbcounter [-] [105269] Writing DB stats neutron:SELECT=3 {{(pid=105269) stat_writer /opt/stack/data/venv/lib/python3.12/site-packages/dbcounter.py:115}}
May 09 09:06:52.472133 np0000173050 neutron-periodic-workers[105280]: DEBUG dbcounter [-] [105280] Writing DB stats neutron:DELETE=1 {{(pid=105280) stat_writer /opt/stack/data/venv/lib/python3.12/site-packages/dbcounter.py:115}}
May 09 09:06:57.443106 np0000173050 neutron-periodic-workers[105272]: DEBUG dbcounter [-] [105272] Writing DB stats neutron:SELECT=1 {{(pid=105272) stat_writer /opt/stack/data/venv/lib/python3.12/site-packages/dbcounter.py:115}}
May 09 09:07:16.445064 np0000173050 neutron-periodic-workers[105269]: DEBUG oslo.service.backend._threading.loopingcall [None req-7bcd1f0f-8238-47c0-a0a8-bc2b0ffc5818 None None] Fixed interval looping call 'neutron.plugins.ml2.plugin.DhcpAgentSchedulerDbMixin.remove_networks_from_down_agents' sleeping for 36.99 seconds {{(pid=105269) _run_loop /opt/stack/data/venv/lib/python3.12/site-packages/oslo_service/backend/_threading/loopingcall.py:125}}
May 09 09:07:24.440069 np0000173050 neutron-periodic-workers[105272]: DEBUG neutron.db.agents_db [None req-694eda4a-dec8-4d7a-85dc-475667ecb66a None None] Agent healthcheck: found 0 active agents {{(pid=105272) agent_health_check /opt/stack/neutron/neutron/db/agents_db.py:322}}
May 09 09:07:24.440719 np0000173050 neutron-periodic-workers[105272]: DEBUG oslo.service.backend._threading.loopingcall [None req-694eda4a-dec8-4d7a-85dc-475667ecb66a None None] Fixed interval looping call 'neutron.plugins.ml2.plugin.AgentDbMixin.agent_health_check' sleeping for 36.99 seconds {{(pid=105272) _run_loop /opt/stack/data/venv/lib/python3.12/site-packages/oslo_service/backend/_threading/loopingcall.py:125}}
May 09 09:07:26.444429 np0000173050 neutron-periodic-workers[105269]: DEBUG dbcounter [-] [105269] Writing DB stats neutron:SELECT=3 {{(pid=105269) stat_writer /opt/stack/data/venv/lib/python3.12/site-packages/dbcounter.py:115}}
May 09 09:07:34.438499 np0000173050 neutron-periodic-workers[105272]: DEBUG dbcounter [-] [105272] Writing DB stats neutron:SELECT=1 {{(pid=105272) stat_writer /opt/stack/data/venv/lib/python3.12/site-packages/dbcounter.py:115}}
May 09 09:07:53.448855 np0000173050 neutron-periodic-workers[105269]: DEBUG oslo.service.backend._threading.loopingcall [None req-7bcd1f0f-8238-47c0-a0a8-bc2b0ffc5818 None None] Fixed interval looping call 'neutron.plugins.ml2.plugin.DhcpAgentSchedulerDbMixin.remove_networks_from_down_agents' sleeping for 36.99 seconds {{(pid=105269) _run_loop /opt/stack/data/venv/lib/python3.12/site-packages/oslo_service/backend/_threading/loopingcall.py:125}}
May 09 09:08:01.435522 np0000173050 neutron-periodic-workers[105272]: DEBUG neutron.db.agents_db [None req-694eda4a-dec8-4d7a-85dc-475667ecb66a None None] Agent healthcheck: found 0 active agents {{(pid=105272) agent_health_check /opt/stack/neutron/neutron/db/agents_db.py:322}}
May 09 09:08:01.436746 np0000173050 neutron-periodic-workers[105272]: DEBUG oslo.service.backend._threading.loopingcall [None req-694eda4a-dec8-4d7a-85dc-475667ecb66a None None] Fixed interval looping call 'neutron.plugins.ml2.plugin.AgentDbMixin.agent_health_check' sleeping for 36.99 seconds {{(pid=105272) _run_loop /opt/stack/data/venv/lib/python3.12/site-packages/oslo_service/backend/_threading/loopingcall.py:125}}
May 09 09:08:03.447004 np0000173050 neutron-periodic-workers[105269]: DEBUG dbcounter [-] [105269] Writing DB stats neutron:SELECT=3 {{(pid=105269) stat_writer /opt/stack/data/venv/lib/python3.12/site-packages/dbcounter.py:115}}
May 09 09:08:11.433876 np0000173050 neutron-periodic-workers[105272]: DEBUG dbcounter [-] [105272] Writing DB stats neutron:SELECT=1 {{(pid=105272) stat_writer /opt/stack/data/venv/lib/python3.12/site-packages/dbcounter.py:115}}
May 09 09:08:30.446894 np0000173050 neutron-periodic-workers[105269]: DEBUG oslo.service.backend._threading.loopingcall [None req-7bcd1f0f-8238-47c0-a0a8-bc2b0ffc5818 None None] Fixed interval looping call 'neutron.plugins.ml2.plugin.DhcpAgentSchedulerDbMixin.remove_networks_from_down_agents' sleeping for 36.99 seconds {{(pid=105269) _run_loop /opt/stack/data/venv/lib/python3.12/site-packages/oslo_service/backend/_threading/loopingcall.py:125}}
May 09 09:08:38.431485 np0000173050 neutron-periodic-workers[105272]: DEBUG neutron.db.agents_db [None req-694eda4a-dec8-4d7a-85dc-475667ecb66a None None] Agent healthcheck: found 0 active agents {{(pid=105272) agent_health_check /opt/stack/neutron/neutron/db/agents_db.py:322}}
May 09 09:08:38.431485 np0000173050 neutron-periodic-workers[105272]: DEBUG oslo.service.backend._threading.loopingcall [None req-694eda4a-dec8-4d7a-85dc-475667ecb66a None None] Fixed interval looping call 'neutron.plugins.ml2.plugin.AgentDbMixin.agent_health_check' sleeping for 36.99 seconds {{(pid=105272) _run_loop /opt/stack/data/venv/lib/python3.12/site-packages/oslo_service/backend/_threading/loopingcall.py:125}}
May 09 09:08:40.446809 np0000173050 neutron-periodic-workers[105269]: DEBUG dbcounter [-] [105269] Writing DB stats neutron:SELECT=3 {{(pid=105269) stat_writer /opt/stack/data/venv/lib/python3.12/site-packages/dbcounter.py:115}}
May 09 09:08:42.459194 np0000173050 neutron-periodic-workers[105280]: DEBUG oslo.service.backend._threading.loopingcall [None req-fbf02b83-e8ad-41bc-b999-56c3b58d9c8b None None] Fixed interval looping call 'neutron.db.quota.driver_nolock.DbQuotaNoLockDriver._remove_expired_reservations' sleeping for 120.00 seconds {{(pid=105280) _run_loop /opt/stack/data/venv/lib/python3.12/site-packages/oslo_service/backend/_threading/loopingcall.py:125}}
May 09 09:08:48.429613 np0000173050 neutron-periodic-workers[105272]: DEBUG dbcounter [-] [105272] Writing DB stats neutron:SELECT=1 {{(pid=105272) stat_writer /opt/stack/data/venv/lib/python3.12/site-packages/dbcounter.py:115}}
May 09 09:08:52.457945 np0000173050 neutron-periodic-workers[105280]: DEBUG dbcounter [-] [105280] Writing DB stats neutron:DELETE=1 {{(pid=105280) stat_writer /opt/stack/data/venv/lib/python3.12/site-packages/dbcounter.py:115}}
May 09 09:09:07.446246 np0000173050 neutron-periodic-workers[105269]: DEBUG oslo.service.backend._threading.loopingcall [None req-7bcd1f0f-8238-47c0-a0a8-bc2b0ffc5818 None None] Fixed interval looping call 'neutron.plugins.ml2.plugin.DhcpAgentSchedulerDbMixin.remove_networks_from_down_agents' sleeping for 36.99 seconds {{(pid=105269) _run_loop /opt/stack/data/venv/lib/python3.12/site-packages/oslo_service/backend/_threading/loopingcall.py:125}}
May 09 09:09:15.427293 np0000173050 neutron-periodic-workers[105272]: DEBUG neutron.db.agents_db [None req-694eda4a-dec8-4d7a-85dc-475667ecb66a None None] Agent healthcheck: found 0 active agents {{(pid=105272) agent_health_check /opt/stack/neutron/neutron/db/agents_db.py:322}}
May 09 09:09:15.428048 np0000173050 neutron-periodic-workers[105272]: DEBUG oslo.service.backend._threading.loopingcall [None req-694eda4a-dec8-4d7a-85dc-475667ecb66a None None] Fixed interval looping call 'neutron.plugins.ml2.plugin.AgentDbMixin.agent_health_check' sleeping for 36.99 seconds {{(pid=105272) _run_loop /opt/stack/data/venv/lib/python3.12/site-packages/oslo_service/backend/_threading/loopingcall.py:125}}
May 09 09:09:17.444951 np0000173050 neutron-periodic-workers[105269]: DEBUG dbcounter [-] [105269] Writing DB stats neutron:SELECT=3 {{(pid=105269) stat_writer /opt/stack/data/venv/lib/python3.12/site-packages/dbcounter.py:115}}
May 09 09:09:25.425292 np0000173050 neutron-periodic-workers[105272]: DEBUG dbcounter [-] [105272] Writing DB stats neutron:SELECT=1 {{(pid=105272) stat_writer /opt/stack/data/venv/lib/python3.12/site-packages/dbcounter.py:115}}
May 09 09:09:44.445611 np0000173050 neutron-periodic-workers[105269]: DEBUG oslo.service.backend._threading.loopingcall [None req-7bcd1f0f-8238-47c0-a0a8-bc2b0ffc5818 None None] Fixed interval looping call 'neutron.plugins.ml2.plugin.DhcpAgentSchedulerDbMixin.remove_networks_from_down_agents' sleeping for 36.99 seconds {{(pid=105269) _run_loop /opt/stack/data/venv/lib/python3.12/site-packages/oslo_service/backend/_threading/loopingcall.py:125}}
May 09 09:09:52.425041 np0000173050 neutron-periodic-workers[105272]: DEBUG neutron.db.agents_db [None req-694eda4a-dec8-4d7a-85dc-475667ecb66a None None] Agent healthcheck: found 0 active agents {{(pid=105272) agent_health_check /opt/stack/neutron/neutron/db/agents_db.py:322}}
May 09 09:09:52.425599 np0000173050 neutron-periodic-workers[105272]: DEBUG oslo.service.backend._threading.loopingcall [None req-694eda4a-dec8-4d7a-85dc-475667ecb66a None None] Fixed interval looping call 'neutron.plugins.ml2.plugin.AgentDbMixin.agent_health_check' sleeping for 36.99 seconds {{(pid=105272) _run_loop /opt/stack/data/venv/lib/python3.12/site-packages/oslo_service/backend/_threading/loopingcall.py:125}}
May 09 09:09:53.420508 np0000173050 neutron-periodic-workers[105263]: DEBUG oslo.service.backend._threading.loopingcall [None req-8e2f36e6-5f96-4ef3-ada0-4b96a43507b2 None None] Fixed interval looping call 'neutron.services.ovn_l3.plugin.L3_NAT_dbonly_mixin._clean_garbage' sleeping for 299.99 seconds {{(pid=105263) _run_loop /opt/stack/data/venv/lib/python3.12/site-packages/oslo_service/backend/_threading/loopingcall.py:125}}
May 09 09:09:54.446630 np0000173050 neutron-periodic-workers[105269]: DEBUG dbcounter [-] [105269] Writing DB stats neutron:SELECT=3 {{(pid=105269) stat_writer /opt/stack/data/venv/lib/python3.12/site-packages/dbcounter.py:115}}
May 09 09:10:02.422931 np0000173050 neutron-periodic-workers[105272]: DEBUG dbcounter [-] [105272] Writing DB stats neutron:SELECT=1 {{(pid=105272) stat_writer /opt/stack/data/venv/lib/python3.12/site-packages/dbcounter.py:115}}
May 09 09:10:03.417163 np0000173050 neutron-periodic-workers[105263]: DEBUG dbcounter [-] [105263] Writing DB stats neutron:SELECT=1 {{(pid=105263) stat_writer /opt/stack/data/venv/lib/python3.12/site-packages/dbcounter.py:115}}
May 09 09:10:21.445461 np0000173050 neutron-periodic-workers[105269]: DEBUG oslo.service.backend._threading.loopingcall [None req-7bcd1f0f-8238-47c0-a0a8-bc2b0ffc5818 None None] Fixed interval looping call 'neutron.plugins.ml2.plugin.DhcpAgentSchedulerDbMixin.remove_networks_from_down_agents' sleeping for 36.99 seconds {{(pid=105269) _run_loop /opt/stack/data/venv/lib/python3.12/site-packages/oslo_service/backend/_threading/loopingcall.py:125}}
May 09 09:10:29.420607 np0000173050 neutron-periodic-workers[105272]: DEBUG neutron.db.agents_db [None req-694eda4a-dec8-4d7a-85dc-475667ecb66a None None] Agent healthcheck: found 0 active agents {{(pid=105272) agent_health_check /opt/stack/neutron/neutron/db/agents_db.py:322}}
May 09 09:10:29.421343 np0000173050 neutron-periodic-workers[105272]: DEBUG oslo.service.backend._threading.loopingcall [None req-694eda4a-dec8-4d7a-85dc-475667ecb66a None None] Fixed interval looping call 'neutron.plugins.ml2.plugin.AgentDbMixin.agent_health_check' sleeping for 36.99 seconds {{(pid=105272) _run_loop /opt/stack/data/venv/lib/python3.12/site-packages/oslo_service/backend/_threading/loopingcall.py:125}}
May 09 09:10:31.443854 np0000173050 neutron-periodic-workers[105269]: DEBUG dbcounter [-] [105269] Writing DB stats neutron:SELECT=3 {{(pid=105269) stat_writer /opt/stack/data/venv/lib/python3.12/site-packages/dbcounter.py:115}}
May 09 09:10:39.419399 np0000173050 neutron-periodic-workers[105272]: DEBUG dbcounter [-] [105272] Writing DB stats neutron:SELECT=1 {{(pid=105272) stat_writer /opt/stack/data/venv/lib/python3.12/site-packages/dbcounter.py:115}}
May 09 09:10:42.464727 np0000173050 neutron-periodic-workers[105280]: DEBUG oslo.service.backend._threading.loopingcall [None req-fbf02b83-e8ad-41bc-b999-56c3b58d9c8b None None] Fixed interval looping call 'neutron.db.quota.driver_nolock.DbQuotaNoLockDriver._remove_expired_reservations' sleeping for 119.99 seconds {{(pid=105280) _run_loop /opt/stack/data/venv/lib/python3.12/site-packages/oslo_service/backend/_threading/loopingcall.py:125}}
May 09 09:10:52.463387 np0000173050 neutron-periodic-workers[105280]: DEBUG dbcounter [-] [105280] Writing DB stats neutron:DELETE=1 {{(pid=105280) stat_writer /opt/stack/data/venv/lib/python3.12/site-packages/dbcounter.py:115}}
May 09 09:10:58.444607 np0000173050 neutron-periodic-workers[105269]: DEBUG oslo.service.backend._threading.loopingcall [None req-7bcd1f0f-8238-47c0-a0a8-bc2b0ffc5818 None None] Fixed interval looping call 'neutron.plugins.ml2.plugin.DhcpAgentSchedulerDbMixin.remove_networks_from_down_agents' sleeping for 36.99 seconds {{(pid=105269) _run_loop /opt/stack/data/venv/lib/python3.12/site-packages/oslo_service/backend/_threading/loopingcall.py:125}}
May 09 09:11:06.416260 np0000173050 neutron-periodic-workers[105272]: DEBUG neutron.db.agents_db [None req-694eda4a-dec8-4d7a-85dc-475667ecb66a None None] Agent healthcheck: found 0 active agents {{(pid=105272) agent_health_check /opt/stack/neutron/neutron/db/agents_db.py:322}}
May 09 09:11:06.416992 np0000173050 neutron-periodic-workers[105272]: DEBUG oslo.service.backend._threading.loopingcall [None req-694eda4a-dec8-4d7a-85dc-475667ecb66a None None] Fixed interval looping call 'neutron.plugins.ml2.plugin.AgentDbMixin.agent_health_check' sleeping for 36.99 seconds {{(pid=105272) _run_loop /opt/stack/data/venv/lib/python3.12/site-packages/oslo_service/backend/_threading/loopingcall.py:125}}
May 09 09:11:08.443590 np0000173050 neutron-periodic-workers[105269]: DEBUG dbcounter [-] [105269] Writing DB stats neutron:SELECT=3 {{(pid=105269) stat_writer /opt/stack/data/venv/lib/python3.12/site-packages/dbcounter.py:115}}
May 09 09:11:16.415503 np0000173050 neutron-periodic-workers[105272]: DEBUG dbcounter [-] [105272] Writing DB stats neutron:SELECT=1 {{(pid=105272) stat_writer /opt/stack/data/venv/lib/python3.12/site-packages/dbcounter.py:115}}
May 09 09:11:35.441856 np0000173050 neutron-periodic-workers[105269]: DEBUG oslo.service.backend._threading.loopingcall [None req-7bcd1f0f-8238-47c0-a0a8-bc2b0ffc5818 None None] Fixed interval looping call 'neutron.plugins.ml2.plugin.DhcpAgentSchedulerDbMixin.remove_networks_from_down_agents' sleeping for 36.99 seconds {{(pid=105269) _run_loop /opt/stack/data/venv/lib/python3.12/site-packages/oslo_service/backend/_threading/loopingcall.py:125}}
May 09 09:11:43.410856 np0000173050 neutron-periodic-workers[105272]: DEBUG neutron.db.agents_db [None req-694eda4a-dec8-4d7a-85dc-475667ecb66a None None] Agent healthcheck: found 0 active agents {{(pid=105272) agent_health_check /opt/stack/neutron/neutron/db/agents_db.py:322}}
May 09 09:11:43.411538 np0000173050 neutron-periodic-workers[105272]: DEBUG oslo.service.backend._threading.loopingcall [None req-694eda4a-dec8-4d7a-85dc-475667ecb66a None None] Fixed interval looping call 'neutron.plugins.ml2.plugin.AgentDbMixin.agent_health_check' sleeping for 37.00 seconds {{(pid=105272) _run_loop /opt/stack/data/venv/lib/python3.12/site-packages/oslo_service/backend/_threading/loopingcall.py:125}}
May 09 09:11:45.440867 np0000173050 neutron-periodic-workers[105269]: DEBUG dbcounter [-] [105269] Writing DB stats neutron:SELECT=3 {{(pid=105269) stat_writer /opt/stack/data/venv/lib/python3.12/site-packages/dbcounter.py:115}}
May 09 09:11:53.409502 np0000173050 neutron-periodic-workers[105272]: DEBUG dbcounter [-] [105272] Writing DB stats neutron:SELECT=1 {{(pid=105272) stat_writer /opt/stack/data/venv/lib/python3.12/site-packages/dbcounter.py:115}}
May 09 09:12:12.440940 np0000173050 neutron-periodic-workers[105269]: DEBUG oslo.service.backend._threading.loopingcall [None req-7bcd1f0f-8238-47c0-a0a8-bc2b0ffc5818 None None] Fixed interval looping call 'neutron.plugins.ml2.plugin.DhcpAgentSchedulerDbMixin.remove_networks_from_down_agents' sleeping for 36.99 seconds {{(pid=105269) _run_loop /opt/stack/data/venv/lib/python3.12/site-packages/oslo_service/backend/_threading/loopingcall.py:125}}
May 09 09:12:20.414452 np0000173050 neutron-periodic-workers[105272]: DEBUG neutron.db.agents_db [None req-694eda4a-dec8-4d7a-85dc-475667ecb66a None None] Agent healthcheck: found 0 active agents {{(pid=105272) agent_health_check /opt/stack/neutron/neutron/db/agents_db.py:322}}
May 09 09:12:20.414926 np0000173050 neutron-periodic-workers[105272]: DEBUG oslo.service.backend._threading.loopingcall [None req-694eda4a-dec8-4d7a-85dc-475667ecb66a None None] Fixed interval looping call 'neutron.plugins.ml2.plugin.AgentDbMixin.agent_health_check' sleeping for 37.00 seconds {{(pid=105272) _run_loop /opt/stack/data/venv/lib/python3.12/site-packages/oslo_service/backend/_threading/loopingcall.py:125}}
May 09 09:12:22.440532 np0000173050 neutron-periodic-workers[105269]: DEBUG dbcounter [-] [105269] Writing DB stats neutron:SELECT=3 {{(pid=105269) stat_writer /opt/stack/data/venv/lib/python3.12/site-packages/dbcounter.py:115}}
May 09 09:12:30.414638 np0000173050 neutron-periodic-workers[105272]: DEBUG dbcounter [-] [105272] Writing DB stats neutron:SELECT=1 {{(pid=105272) stat_writer /opt/stack/data/venv/lib/python3.12/site-packages/dbcounter.py:115}}
May 09 09:12:42.460272 np0000173050 neutron-periodic-workers[105280]: DEBUG oslo.service.backend._threading.loopingcall [None req-fbf02b83-e8ad-41bc-b999-56c3b58d9c8b None None] Fixed interval looping call 'neutron.db.quota.driver_nolock.DbQuotaNoLockDriver._remove_expired_reservations' sleeping for 119.99 seconds {{(pid=105280) _run_loop /opt/stack/data/venv/lib/python3.12/site-packages/oslo_service/backend/_threading/loopingcall.py:125}}
May 09 09:12:49.442176 np0000173050 neutron-periodic-workers[105269]: DEBUG oslo.service.backend._threading.loopingcall [None req-7bcd1f0f-8238-47c0-a0a8-bc2b0ffc5818 None None] Fixed interval looping call 'neutron.plugins.ml2.plugin.DhcpAgentSchedulerDbMixin.remove_networks_from_down_agents' sleeping for 36.99 seconds {{(pid=105269) _run_loop /opt/stack/data/venv/lib/python3.12/site-packages/oslo_service/backend/_threading/loopingcall.py:125}}
May 09 09:12:52.459266 np0000173050 neutron-periodic-workers[105280]: DEBUG dbcounter [-] [105280] Writing DB stats neutron:DELETE=1 {{(pid=105280) stat_writer /opt/stack/data/venv/lib/python3.12/site-packages/dbcounter.py:115}}
May 09 09:12:57.420248 np0000173050 neutron-periodic-workers[105272]: DEBUG neutron.db.agents_db [None req-694eda4a-dec8-4d7a-85dc-475667ecb66a None None] Agent healthcheck: found 0 active agents {{(pid=105272) agent_health_check /opt/stack/neutron/neutron/db/agents_db.py:322}}
May 09 09:12:57.421142 np0000173050 neutron-periodic-workers[105272]: DEBUG oslo.service.backend._threading.loopingcall [None req-694eda4a-dec8-4d7a-85dc-475667ecb66a None None] Fixed interval looping call 'neutron.plugins.ml2.plugin.AgentDbMixin.agent_health_check' sleeping for 36.99 seconds {{(pid=105272) _run_loop /opt/stack/data/venv/lib/python3.12/site-packages/oslo_service/backend/_threading/loopingcall.py:125}}
May 09 09:12:59.440180 np0000173050 neutron-periodic-workers[105269]: DEBUG dbcounter [-] [105269] Writing DB stats neutron:SELECT=3 {{(pid=105269) stat_writer /opt/stack/data/venv/lib/python3.12/site-packages/dbcounter.py:115}}
May 09 09:13:07.418277 np0000173050 neutron-periodic-workers[105272]: DEBUG dbcounter [-] [105272] Writing DB stats neutron:SELECT=1 {{(pid=105272) stat_writer /opt/stack/data/venv/lib/python3.12/site-packages/dbcounter.py:115}}
May 09 09:13:26.442096 np0000173050 neutron-periodic-workers[105269]: DEBUG oslo.service.backend._threading.loopingcall [None req-7bcd1f0f-8238-47c0-a0a8-bc2b0ffc5818 None None] Fixed interval looping call 'neutron.plugins.ml2.plugin.DhcpAgentSchedulerDbMixin.remove_networks_from_down_agents' sleeping for 36.99 seconds {{(pid=105269) _run_loop /opt/stack/data/venv/lib/python3.12/site-packages/oslo_service/backend/_threading/loopingcall.py:125}}
May 09 09:13:34.417258 np0000173050 neutron-periodic-workers[105272]: DEBUG neutron.db.agents_db [None req-694eda4a-dec8-4d7a-85dc-475667ecb66a None None] Agent healthcheck: found 0 active agents {{(pid=105272) agent_health_check /opt/stack/neutron/neutron/db/agents_db.py:322}}
May 09 09:13:34.418095 np0000173050 neutron-periodic-workers[105272]: DEBUG oslo.service.backend._threading.loopingcall [None req-694eda4a-dec8-4d7a-85dc-475667ecb66a None None] Fixed interval looping call 'neutron.plugins.ml2.plugin.AgentDbMixin.agent_health_check' sleeping for 36.99 seconds {{(pid=105272) _run_loop /opt/stack/data/venv/lib/python3.12/site-packages/oslo_service/backend/_threading/loopingcall.py:125}}
May 09 09:13:36.441319 np0000173050 neutron-periodic-workers[105269]: DEBUG dbcounter [-] [105269] Writing DB stats neutron:SELECT=3 {{(pid=105269) stat_writer /opt/stack/data/venv/lib/python3.12/site-packages/dbcounter.py:115}}
May 09 09:13:44.415102 np0000173050 neutron-periodic-workers[105272]: DEBUG dbcounter [-] [105272] Writing DB stats neutron:SELECT=1 {{(pid=105272) stat_writer /opt/stack/data/venv/lib/python3.12/site-packages/dbcounter.py:115}}
May 09 09:14:03.439071 np0000173050 neutron-periodic-workers[105269]: DEBUG oslo.service.backend._threading.loopingcall [None req-7bcd1f0f-8238-47c0-a0a8-bc2b0ffc5818 None None] Fixed interval looping call 'neutron.plugins.ml2.plugin.DhcpAgentSchedulerDbMixin.remove_networks_from_down_agents' sleeping for 36.99 seconds {{(pid=105269) _run_loop /opt/stack/data/venv/lib/python3.12/site-packages/oslo_service/backend/_threading/loopingcall.py:125}}
May 09 09:14:11.415970 np0000173050 neutron-periodic-workers[105272]: DEBUG neutron.db.agents_db [None req-694eda4a-dec8-4d7a-85dc-475667ecb66a None None] Agent healthcheck: found 0 active agents {{(pid=105272) agent_health_check /opt/stack/neutron/neutron/db/agents_db.py:322}}
May 09 09:14:11.416780 np0000173050 neutron-periodic-workers[105272]: DEBUG oslo.service.backend._threading.loopingcall [None req-694eda4a-dec8-4d7a-85dc-475667ecb66a None None] Fixed interval looping call 'neutron.plugins.ml2.plugin.AgentDbMixin.agent_health_check' sleeping for 36.99 seconds {{(pid=105272) _run_loop /opt/stack/data/venv/lib/python3.12/site-packages/oslo_service/backend/_threading/loopingcall.py:125}}
May 09 09:14:13.438274 np0000173050 neutron-periodic-workers[105269]: DEBUG dbcounter [-] [105269] Writing DB stats neutron:SELECT=3 {{(pid=105269) stat_writer /opt/stack/data/venv/lib/python3.12/site-packages/dbcounter.py:115}}
May 09 09:14:21.415715 np0000173050 neutron-periodic-workers[105272]: DEBUG dbcounter [-] [105272] Writing DB stats neutron:SELECT=1 {{(pid=105272) stat_writer /opt/stack/data/venv/lib/python3.12/site-packages/dbcounter.py:115}}
May 09 09:14:40.438712 np0000173050 neutron-periodic-workers[105269]: DEBUG oslo.service.backend._threading.loopingcall [None req-7bcd1f0f-8238-47c0-a0a8-bc2b0ffc5818 None None] Fixed interval looping call 'neutron.plugins.ml2.plugin.DhcpAgentSchedulerDbMixin.remove_networks_from_down_agents' sleeping for 36.99 seconds {{(pid=105269) _run_loop /opt/stack/data/venv/lib/python3.12/site-packages/oslo_service/backend/_threading/loopingcall.py:125}}
May 09 09:14:42.459231 np0000173050 neutron-periodic-workers[105280]: DEBUG oslo.service.backend._threading.loopingcall [None req-fbf02b83-e8ad-41bc-b999-56c3b58d9c8b None None] Fixed interval looping call 'neutron.db.quota.driver_nolock.DbQuotaNoLockDriver._remove_expired_reservations' sleeping for 119.99 seconds {{(pid=105280) _run_loop /opt/stack/data/venv/lib/python3.12/site-packages/oslo_service/backend/_threading/loopingcall.py:125}}
May 09 09:14:48.414247 np0000173050 neutron-periodic-workers[105272]: DEBUG neutron.db.agents_db [None req-694eda4a-dec8-4d7a-85dc-475667ecb66a None None] Agent healthcheck: found 0 active agents {{(pid=105272) agent_health_check /opt/stack/neutron/neutron/db/agents_db.py:322}}
May 09 09:14:48.415212 np0000173050 neutron-periodic-workers[105272]: DEBUG oslo.service.backend._threading.loopingcall [None req-694eda4a-dec8-4d7a-85dc-475667ecb66a None None] Fixed interval looping call 'neutron.plugins.ml2.plugin.AgentDbMixin.agent_health_check' sleeping for 36.99 seconds {{(pid=105272) _run_loop /opt/stack/data/venv/lib/python3.12/site-packages/oslo_service/backend/_threading/loopingcall.py:125}}
May 09 09:14:50.437383 np0000173050 neutron-periodic-workers[105269]: DEBUG dbcounter [-] [105269] Writing DB stats neutron:SELECT=3 {{(pid=105269) stat_writer /opt/stack/data/venv/lib/python3.12/site-packages/dbcounter.py:115}}
May 09 09:14:52.456674 np0000173050 neutron-periodic-workers[105280]: DEBUG dbcounter [-] [105280] Writing DB stats neutron:DELETE=1 {{(pid=105280) stat_writer /opt/stack/data/venv/lib/python3.12/site-packages/dbcounter.py:115}}
May 09 09:14:53.427298 np0000173050 neutron-periodic-workers[105263]: DEBUG oslo.service.backend._threading.loopingcall [None req-8e2f36e6-5f96-4ef3-ada0-4b96a43507b2 None None] Fixed interval looping call 'neutron.services.ovn_l3.plugin.L3_NAT_dbonly_mixin._clean_garbage' sleeping for 299.98 seconds {{(pid=105263) _run_loop /opt/stack/data/venv/lib/python3.12/site-packages/oslo_service/backend/_threading/loopingcall.py:125}}
May 09 09:14:58.411225 np0000173050 neutron-periodic-workers[105272]: DEBUG dbcounter [-] [105272] Writing DB stats neutron:SELECT=1 {{(pid=105272) stat_writer /opt/stack/data/venv/lib/python3.12/site-packages/dbcounter.py:115}}
