2026-08-07 04:07:38.300 8 INFO neutron_taas.services.taas.tap_mirror_plugin [None req-a7de4661-2bc3-4394-b855-a0a981e863a0 0dc7811661a048348648d940d4b9595b aaecf02276fa4203b2b8072599171343 - - default default] Tap Mirror: Handle Delete Port: 13441c0c-6e1a-4d38-9ec1-ad518f4e9e33 [pid: 8|app: 0|req: 1452/2750] 10.0.0.31 () {32 vars in 719 bytes} [Fri Aug 7 04:07:38 2026] DELETE /v2.0/ports/13441c0c-6e1a-4d38-9ec1-ad518f4e9e33 => generated 0 bytes in 212 msecs (HTTP/1.1 204) 3 headers in 131 bytes (1 switches on core 0)
2026-08-07 04:07:38.493 7 INFO neutron_taas.services.taas.taas_plugin [None req-37840766-63e9-4cc5-9f67-9f90e1fd0354 0dc7811661a048348648d940d4b9595b aaecf02276fa4203b2b8072599171343 - - default default] TaaS: Handle Delete Port: 346cac04-0417-4b91-b63c-92dfed14a143
2026-08-07 04:07:38.496 7 INFO neutron_taas.services.taas.tap_mirror_plugin [None req-37840766-63e9-4cc5-9f67-9f90e1fd0354 0dc7811661a048348648d940d4b9595b aaecf02276fa4203b2b8072599171343 - - default default] Tap Mirror: Handle Delete Port: 346cac04-0417-4b91-b63c-92dfed14a143 [pid: 7|app: 0|req: 1299/2751] 10.0.0.31 () {32 vars in 719 bytes} [Fri Aug 7 04:07:38 2026] DELETE /v2.0/ports/346cac04-0417-4b91-b63c-92dfed14a143 => generated 0 bytes in 210 msecs (HTTP/1.1 204) 3 headers in 131 bytes (1 switches on core 0)
2026-08-07 04:07:38.729 8 INFO neutron_taas.services.taas.taas_plugin [None req-dd32e455-e84a-4e0b-8bb6-588bf815148f 0dc7811661a048348648d940d4b9595b aaecf02276fa4203b2b8072599171343 - - default default] TaaS: Handle Delete Port: 98885c76-c881-4da0-9d20-7a1bddbc9e67
2026-08-07 04:07:38.733 8 INFO neutron_taas.services.taas.tap_mirror_plugin [None req-dd32e455-e84a-4e0b-8bb6-588bf815148f 0dc7811661a048348648d940d4b9595b aaecf02276fa4203b2b8072599171343 - - default default] Tap Mirror: Handle Delete Port: 98885c76-c881-4da0-9d20-7a1bddbc9e67 [pid: 8|app: 0|req: 1453/2752] 10.0.0.31 () {32 vars in 719 bytes} [Fri Aug 7 04:07:38 2026] DELETE /v2.0/ports/98885c76-c881-4da0-9d20-7a1bddbc9e67 => generated 0 bytes in 230 msecs (HTTP/1.1 204) 3 headers in 131 bytes (1 switches on core 0)
2026-08-07 04:07:38.958 7 INFO neutron_taas.services.taas.taas_plugin [None req-594d7d70-9175-42f2-aaa3-c00220985643 0dc7811661a048348648d940d4b9595b aaecf02276fa4203b2b8072599171343 - - default default] TaaS: Handle Delete Port: 37006538-e1b2-4154-8aac-0e0c3070e015
2026-08-07 04:07:38.962 7 INFO neutron_taas.services.taas.tap_mirror_plugin [None req-594d7d70-9175-42f2-aaa3-c00220985643 0dc7811661a048348648d940d4b9595b aaecf02276fa4203b2b8072599171343 - - default default] Tap Mirror: Handle Delete Port: 37006538-e1b2-4154-8aac-0e0c3070e015 [pid: 7|app: 0|req: 1300/2753] 10.0.0.31 () {32 vars in 719 bytes} [Fri Aug 7 04:07:38 2026] DELETE /v2.0/ports/37006538-e1b2-4154-8aac-0e0c3070e015 => generated 0 bytes in 208 msecs (HTTP/1.1 204) 3 headers in 131 bytes (1 switches on core 0)
2026-08-07 04:07:39.191 8 INFO neutron.services.segments.plugin [-] Segment c3c74ddb-e843-4a98-aadf-57cbf48485a2 resource provider aggregate not found
2026-08-07 04:07:39.193 8 INFO neutron.services.segments.plugin [-] Segment c3c74ddb-e843-4a98-aadf-57cbf48485a2 resource provider aggregate not found
2026-08-07 04:07:39.211 8 INFO neutron.services.segments.plugin [-] Client error retrieving segment c3c74ddb-e843-4a98-aadf-57cbf48485a2 resource provider; error: Placement Client Error (4xx): {"errors": [{"status": 404, "title": "Not Found", "detail": "The resource could not be found.\n\n No resource provider with uuid c3c74ddb-e843-4a98-aadf-57cbf48485a2 found for delete ", "request_id": "req-4605d6d4-2fb5-45a5-a058-73f308971810"}]}
2026-08-07 04:07:39.213 8 INFO neutron.services.segments.plugin [-] Client error retrieving segment c3c74ddb-e843-4a98-aadf-57cbf48485a2 resource provider; error: Placement Client Error (4xx): {"errors": [{"status": 404, "title": "Not Found", "detail": "The resource could not be found.\n\n No resource provider with uuid c3c74ddb-e843-4a98-aadf-57cbf48485a2 found for delete ", "request_id": "req-4e16c42d-cbe4-4b9a-9b8c-9a1bf8d5bd78"}]} [pid: 8|app: 0|req: 1454/2754] 10.0.0.31 () {32 vars in 725 bytes} [Fri Aug 7 04:07:39 2026] DELETE /v2.0/networks/971ab808-1fc2-4367-a9e8-1580f79ea772 => generated 0 bytes in 170 msecs (HTTP/1.1 204) 3 headers in 131 bytes (1 switches on core 0)
2026-08-07 04:07:39.359 7 INFO neutron.services.segments.plugin [-] Segment 5e00aeb4-1e53-4fe1-815e-a93a4b6effa7 resource provider aggregate not found
2026-08-07 04:07:39.365 7 INFO neutron.services.segments.plugin [-] Segment 5e00aeb4-1e53-4fe1-815e-a93a4b6effa7 resource provider aggregate not found
2026-08-07 04:07:39.383 7 INFO neutron.services.segments.plugin [-] Client error retrieving segment 5e00aeb4-1e53-4fe1-815e-a93a4b6effa7 resource provider; error: Placement Client Error (4xx): {"errors": [{"status": 404, "title": "Not Found", "detail": "The resource could not be found.\n\n No resource provider with uuid 5e00aeb4-1e53-4fe1-815e-a93a4b6effa7 found for delete ", "request_id": "req-0a2a6fdf-7553-4c9a-93d1-1edb09da3015"}]}
2026-08-07 04:07:39.385 7 INFO neutron.services.segments.plugin [-] Client error retrieving segment 5e00aeb4-1e53-4fe1-815e-a93a4b6effa7 resource provider; error: Placement Client Error (4xx): {"errors": [{"status": 404, "title": "Not Found", "detail": "The resource could not be found.\n\n No resource provider with uuid 5e00aeb4-1e53-4fe1-815e-a93a4b6effa7 found for delete ", "request_id": "req-1d969ead-3da3-4f40-bda7-3c9df8455dfa"}]} [pid: 7|app: 0|req: 1301/2755] 10.0.0.31 () {32 vars in 725 bytes} [Fri Aug 7 04:07:39 2026] DELETE /v2.0/networks/49dbb94d-1029-43b5-add4-692d42f4437b => generated 0 bytes in 172 msecs (HTTP/1.1 204) 3 headers in 131 bytes (1 switches on core 0) [pid: 8|app: 0|req: 1455/2756] 10.0.0.31 () {32 vars in 725 bytes} [Fri Aug 7 04:07:39 2026] DELETE /v2.0/networks/e31a80d9-4fad-4223-8860-163c272cf1b6 => generated 0 bytes in 136 msecs (HTTP/1.1 204) 3 headers in 131 bytes (1 switches on core 0) [pid: 7|app: 0|req: 1302/2757] 10.0.0.31 () {32 vars in 725 bytes} [Fri Aug 7 04:07:39 2026] DELETE /v2.0/networks/6cd8885f-1032-4f0b-9198-74160bcaa3de => generated 0 bytes in 139 msecs (HTTP/1.1 204) 3 headers in 131 bytes (1 switches on core 0) [pid: 8|app: 0|req: 1456/2758] 10.0.0.31 () {32 vars in 725 bytes} [Fri Aug 7 04:07:39 2026] DELETE /v2.0/networks/2a45cf4b-eb40-4214-a9b6-b690c3758162 => generated 0 bytes in 138 msecs (HTTP/1.1 204) 3 headers in 131 bytes (1 switches on core 0)
2026-08-07 04:07:40.749 7 WARNING neutron.db.securitygroups_db [None req-4c144bbc-d66d-434b-9c29-f82c0012fedb 6a95b7fac77a46dc8d99a702682fd558 6881aab3ab50430bb3c288264d9af897 - - default default] project_id key not found in filters, using tenant_id instead. This support has been deprecated and will be removed in a future release. [pid: 7|app: 0|req: 1303/2759] 10.0.0.31 () {32 vars in 773 bytes} [Fri Aug 7 04:07:40 2026] GET /v2.0/security-groups?tenant_id=d450291afe294514b6937fd2b1b6b7a1&name=default => generated 2929 bytes in 300 msecs (HTTP/1.1 200) 4 headers in 158 bytes (1 switches on core 0) [pid: 8|app: 0|req: 1457/2760] 10.0.0.31 () {32 vars in 739 bytes} [Fri Aug 7 04:07:40 2026] DELETE /v2.0/security-groups/94c33769-9b95-46ab-80f8-949a8d4f23ae => generated 0 bytes in 124 msecs (HTTP/1.1 204) 2 headers in 112 bytes (1 switches on core 0)
2026-08-07 04:07:41.129 7 WARNING neutron.db.securitygroups_db [None req-45365103-3895-488e-85cb-d7113d677c5a 6a95b7fac77a46dc8d99a702682fd558 6881aab3ab50430bb3c288264d9af897 - - default default] project_id key not found in filters, using tenant_id instead. This support has been deprecated and will be removed in a future release. [pid: 7|app: 0|req: 1304/2761] 10.0.0.31 () {32 vars in 773 bytes} [Fri Aug 7 04:07:41 2026] GET /v2.0/security-groups?tenant_id=aaecf02276fa4203b2b8072599171343&name=default => generated 2929 bytes in 34 msecs (HTTP/1.1 200) 4 headers in 158 bytes (1 switches on core 0)
2026-08-07 04:07:41.238 8 INFO neutron.services.segments.plugin [-] Segment cbb1b482-ed14-423d-9322-811351382e69 resource provider aggregate not found
2026-08-07 04:07:41.242 8 INFO neutron.services.segments.plugin [-] Segment cbb1b482-ed14-423d-9322-811351382e69 resource provider aggregate not found
2026-08-07 04:07:41.262 8 INFO neutron.services.segments.plugin [-] Client error retrieving segment cbb1b482-ed14-423d-9322-811351382e69 resource provider; error: Placement Client Error (4xx): {"errors": [{"status": 404, "title": "Not Found", "detail": "The resource could not be found.\n\n No resource provider with uuid cbb1b482-ed14-423d-9322-811351382e69 found for delete ", "request_id": "req-02d7df92-eb07-47d7-a12a-478cfa4de41f"}]}
2026-08-07 04:07:41.265 8 INFO neutron.services.segments.plugin [-] Client error retrieving segment cbb1b482-ed14-423d-9322-811351382e69 resource provider; error: Placement Client Error (4xx): {"errors": [{"status": 404, "title": "Not Found", "detail": "The resource could not be found.\n\n No resource provider with uuid cbb1b482-ed14-423d-9322-811351382e69 found for delete ", "request_id": "req-f7e99c56-1cdd-42a4-a5fe-9ca6df39e47f"}]}
2026-08-07 04:07:41.287 8 INFO neutron.services.segments.plugin [-] Segment a684a371-6384-4222-9ad2-c0f7d419b596 resource provider aggregate not found
2026-08-07 04:07:41.292 8 INFO neutron.services.segments.plugin [-] Segment a684a371-6384-4222-9ad2-c0f7d419b596 resource provider aggregate not found
2026-08-07 04:07:41.311 8 INFO neutron.services.segments.plugin [-] Client error retrieving segment a684a371-6384-4222-9ad2-c0f7d419b596 resource provider; error: Placement Client Error (4xx): {"errors": [{"status": 404, "title": "Not Found", "detail": "The resource could not be found.\n\n No resource provider with uuid a684a371-6384-4222-9ad2-c0f7d419b596 found for delete ", "request_id": "req-9e955e9a-4a9b-443c-8afe-1f5f419428eb"}]}
2026-08-07 04:07:41.312 8 INFO neutron.services.segments.plugin [-] Client error retrieving segment a684a371-6384-4222-9ad2-c0f7d419b596 resource provider; error: Placement Client Error (4xx): {"errors": [{"status": 404, "title": "Not Found", "detail": "The resource could not be found.\n\n No resource provider with uuid a684a371-6384-4222-9ad2-c0f7d419b596 found for delete ", "request_id": "req-b43ca687-91e6-4656-8f91-02bc7c67790b"}]} [pid: 8|app: 0|req: 1458/2762] 10.0.0.31 () {32 vars in 739 bytes} [Fri Aug 7 04:07:41 2026] DELETE /v2.0/security-groups/075edb48-78c1-4f12-bbb3-90b15aa47d39 => generated 0 bytes in 155 msecs (HTTP/1.1 204) 2 headers in 112 bytes (1 switches on core 0)
2026-08-07 04:07:41.408 7 INFO neutron.services.segments.plugin [-] Segment 9df9f119-a2e3-4e3b-9d48-0e3a306937d2 resource provider aggregate not found
2026-08-07 04:07:41.413 7 INFO neutron.services.segments.plugin [-] Segment 9df9f119-a2e3-4e3b-9d48-0e3a306937d2 resource provider aggregate not found
2026-08-07 04:07:41.436 7 INFO neutron.services.segments.plugin [-] Client error retrieving segment 9df9f119-a2e3-4e3b-9d48-0e3a306937d2 resource provider; error: Placement Client Error (4xx): {"errors": [{"status": 404, "title": "Not Found", "detail": "The resource could not be found.\n\n No resource provider with uuid 9df9f119-a2e3-4e3b-9d48-0e3a306937d2 found for delete ", "request_id": "req-cf8753a6-f95f-4258-8be4-4efd74ab615e"}]}
2026-08-07 04:07:41.437 7 INFO neutron.services.segments.plugin [-] Client error retrieving segment 9df9f119-a2e3-4e3b-9d48-0e3a306937d2 resource provider; error: Placement Client Error (4xx): {"errors": [{"status": 404, "title": "Not Found", "detail": "The resource could not be found.\n\n No resource provider with uuid 9df9f119-a2e3-4e3b-9d48-0e3a306937d2 found for delete ", "request_id": "req-9813e2ce-f9c2-44dd-b4ba-b21adb9e92dc"}]}
2026-08-07 04:07:41.477 7 WARNING neutron.db.securitygroups_db [None req-a8395812-4771-4813-a71c-f3cac0972772 6a95b7fac77a46dc8d99a702682fd558 6881aab3ab50430bb3c288264d9af897 - - default default] project_id key not found in filters, using tenant_id instead. This support has been deprecated and will be removed in a future release. [pid: 7|app: 0|req: 1305/2763] 10.0.0.31 () {32 vars in 773 bytes} [Fri Aug 7 04:07:41 2026] GET /v2.0/security-groups?tenant_id=b48c88a30c7d4e16833ab2510852e69c&name=default => generated 2929 bytes in 165 msecs (HTTP/1.1 200) 4 headers in 158 bytes (1 switches on core 0) [pid: 8|app: 0|req: 1459/2764] 10.0.0.31 () {32 vars in 739 bytes} [Fri Aug 7 04:07:41 2026] DELETE /v2.0/security-groups/784b1209-aa16-4143-9e62-62f69672e211 => generated 0 bytes in 99 msecs (HTTP/1.1 204) 2 headers in 112 bytes (1 switches on core 0) [pid: 7|app: 0|req: 1306/2765] 10.0.0.31 () {34 vars in 677 bytes} [Fri Aug 7 04:07:44 2026] POST /v2.0/qos/policies => generated 359 bytes in 299 msecs (HTTP/1.1 201) 4 headers in 162 bytes (1 switches on core 0)
2026-08-07 04:07:45.309 8 WARNING tagging [None req-99fd5803-ab50-42e1-b8a3-a661630bf57b 3bc592cccb2e435fb1d1e0e818198425 10e096f5e12b47429a75f25b94b7c2ae - - default default] project_id key not found in request, using tenant_id instead. This support has been deprecated and will be removed in a future release. [pid: 8|app: 0|req: 1460/2766] 10.0.0.31 () {34 vars in 752 bytes} [Fri Aug 7 04:07:45 2026] PUT /v2.0/policies/2c508b0e-6736-4289-a40e-80225d9dbaab/tags => generated 25 bytes in 64 msecs (HTTP/1.1 200) 4 headers in 156 bytes (1 switches on core 0)
2026-08-07 04:07:45.384 7 WARNING tagging [None req-615f9dc5-bb5c-4847-986c-d1e2ec6593fb 3bc592cccb2e435fb1d1e0e818198425 10e096f5e12b47429a75f25b94b7c2ae - - default default] project_id key not found in request, using tenant_id instead. This support has been deprecated and will be removed in a future release. [pid: 7|app: 0|req: 1307/2767] 10.0.0.31 () {32 vars in 732 bytes} [Fri Aug 7 04:07:45 2026] GET /v2.0/policies/2c508b0e-6736-4289-a40e-80225d9dbaab/tags => generated 25 bytes in 40 msecs (HTTP/1.1 200) 4 headers in 156 bytes (1 switches on core 0)
2026-08-07 04:07:45.427 8 WARNING tagging [None req-4f59e9f2-0fcc-46f6-bab3-190a5d8ffd1a 3bc592cccb2e435fb1d1e0e818198425 10e096f5e12b47429a75f25b94b7c2ae - - default default] project_id key not found in request, using tenant_id instead. This support has been deprecated and will be removed in a future release. [pid: 8|app: 0|req: 1461/2768] 10.0.0.31 () {34 vars in 763 bytes} [Fri Aug 7 04:07:45 2026] PUT /v2.0/policies/2c508b0e-6736-4289-a40e-80225d9dbaab/tags/green => generated 4 bytes in 151 msecs (HTTP/1.1 201) 4 headers in 160 bytes (1 switches on core 0)
2026-08-07 04:07:45.595 7 WARNING tagging [None req-164c5d17-f082-46f8-9779-51d1d5f158b6 3bc592cccb2e435fb1d1e0e818198425 10e096f5e12b47429a75f25b94b7c2ae - - default default] project_id key not found in request, using tenant_id instead. This support has been deprecated and will be removed in a future release. [pid: 7|app: 0|req: 1308/2769] 10.0.0.31 () {32 vars in 732 bytes} [Fri Aug 7 04:07:45 2026] GET /v2.0/policies/2c508b0e-6736-4289-a40e-80225d9dbaab/tags => generated 34 bytes in 53 msecs (HTTP/1.1 200) 4 headers in 156 bytes (1 switches on core 0)
2026-08-07 04:07:45.641 8 WARNING tagging [None req-a9f75a3e-218f-4aae-9524-ab0c76ab1123 3bc592cccb2e435fb1d1e0e818198425 10e096f5e12b47429a75f25b94b7c2ae - - default default] project_id key not found in request, using tenant_id instead. This support has been deprecated and will be removed in a future release. [pid: 8|app: 0|req: 1462/2770] 10.0.0.31 () {34 vars in 759 bytes} [Fri Aug 7 04:07:45 2026] PUT /v2.0/policies/2c508b0e-6736-4289-a40e-80225d9dbaab/tags/red => generated 4 bytes in 53 msecs (HTTP/1.1 201) 4 headers in 160 bytes (1 switches on core 0)
2026-08-07 04:07:45.697 7 WARNING tagging [None req-46604415-d768-4b95-9e41-42a4e48b4ca9 3bc592cccb2e435fb1d1e0e818198425 10e096f5e12b47429a75f25b94b7c2ae - - default default] project_id key not found in request, using tenant_id instead. This support has been deprecated and will be removed in a future release. [pid: 7|app: 0|req: 1309/2771] 10.0.0.31 () {32 vars in 732 bytes} [Fri Aug 7 04:07:45 2026] GET /v2.0/policies/2c508b0e-6736-4289-a40e-80225d9dbaab/tags => generated 34 bytes in 34 msecs (HTTP/1.1 200) 4 headers in 156 bytes (1 switches on core 0)
2026-08-07 04:07:45.739 8 WARNING tagging [None req-21900c84-b7c3-44f9-9e22-9e7dda78b030 3bc592cccb2e435fb1d1e0e818198425 10e096f5e12b47429a75f25b94b7c2ae - - default default] project_id key not found in request, using tenant_id instead. This support has been deprecated and will be removed in a future release. [pid: 8|app: 0|req: 1463/2772] 10.0.0.31 () {34 vars in 781 bytes} [Fri Aug 7 04:07:45 2026] PUT /v2.0/policies/2c508b0e-6736-4289-a40e-80225d9dbaab/tags/black.or.white => generated 4 bytes in 59 msecs (HTTP/1.1 201) 4 headers in 160 bytes (1 switches on core 0)
2026-08-07 04:07:45.809 7 WARNING tagging [None req-a5fc79d4-d23c-4cc8-8fd2-0503013ae642 3bc592cccb2e435fb1d1e0e818198425 10e096f5e12b47429a75f25b94b7c2ae - - default default] project_id key not found in request, using tenant_id instead. This support has been deprecated and will be removed in a future release. [pid: 7|app: 0|req: 1310/2773] 10.0.0.31 () {32 vars in 732 bytes} [Fri Aug 7 04:07:45 2026] GET /v2.0/policies/2c508b0e-6736-4289-a40e-80225d9dbaab/tags => generated 52 bytes in 44 msecs (HTTP/1.1 200) 4 headers in 156 bytes (1 switches on core 0)
2026-08-07 04:07:45.861 8 WARNING tagging [None req-ed8a5cf3-f2f1-42bc-8821-e251cde945e5 3bc592cccb2e435fb1d1e0e818198425 10e096f5e12b47429a75f25b94b7c2ae - - default default] project_id key not found in request, using tenant_id instead. This support has been deprecated and will be removed in a future release. [pid: 8|app: 0|req: 1464/2774] 10.0.0.31 () {34 vars in 752 bytes} [Fri Aug 7 04:07:45 2026] PUT /v2.0/policies/2c508b0e-6736-4289-a40e-80225d9dbaab/tags => generated 37 bytes in 70 msecs (HTTP/1.1 200) 4 headers in 156 bytes (1 switches on core 0)
2026-08-07 04:07:45.945 7 WARNING tagging [None req-9568452a-1d98-4d76-824a-c51a77bfd099 3bc592cccb2e435fb1d1e0e818198425 10e096f5e12b47429a75f25b94b7c2ae - - default default] project_id key not found in request, using tenant_id instead. This support has been deprecated and will be removed in a future release. [pid: 7|app: 0|req: 1311/2775] 10.0.0.31 () {32 vars in 732 bytes} [Fri Aug 7 04:07:45 2026] GET /v2.0/policies/2c508b0e-6736-4289-a40e-80225d9dbaab/tags => generated 37 bytes in 53 msecs (HTTP/1.1 200) 4 headers in 156 bytes (1 switches on core 0)
2026-08-07 04:07:46.002 8 WARNING tagging [None req-469b75b7-ff3a-40e1-823e-fd6070c91368 3bc592cccb2e435fb1d1e0e818198425 10e096f5e12b47429a75f25b94b7c2ae - - default default] project_id key not found in request, using tenant_id instead. This support has been deprecated and will be removed in a future release. [pid: 8|app: 0|req: 1465/2776] 10.0.0.31 () {32 vars in 740 bytes} [Fri Aug 7 04:07:45 2026] GET /v2.0/policies/2c508b0e-6736-4289-a40e-80225d9dbaab/tags/red => generated 0 bytes in 51 msecs (HTTP/1.1 204) 2 headers in 112 bytes (1 switches on core 0)
2026-08-07 04:07:46.055 7 WARNING tagging [None req-2c464c3a-eccb-4f9f-8bbb-e5b81fd07ed3 3bc592cccb2e435fb1d1e0e818198425 10e096f5e12b47429a75f25b94b7c2ae - - default default] project_id key not found in request, using tenant_id instead. This support has been deprecated and will be removed in a future release.
2026-08-07 04:07:46.061 7 INFO neutron.api.v2.resource [None req-2c464c3a-eccb-4f9f-8bbb-e5b81fd07ed3 3bc592cccb2e435fb1d1e0e818198425 10e096f5e12b47429a75f25b94b7c2ae - - default default] show failed (client error): The resource could not be found. [pid: 7|app: 0|req: 1312/2777] 10.0.0.31 () {32 vars in 744 bytes} [Fri Aug 7 04:07:46 2026] GET /v2.0/policies/2c508b0e-6736-4289-a40e-80225d9dbaab/tags/green => generated 99 bytes in 45 msecs (HTTP/1.1 404) 4 headers in 163 bytes (1 switches on core 0)
2026-08-07 04:07:46.095 8 WARNING tagging [None req-6fe36e84-6304-4058-9a67-d93c8a53b477 3bc592cccb2e435fb1d1e0e818198425 10e096f5e12b47429a75f25b94b7c2ae - - default default] project_id key not found in request, using tenant_id instead. This support has been deprecated and will be removed in a future release. [pid: 8|app: 0|req: 1466/2778] 10.0.0.31 () {32 vars in 743 bytes} [Fri Aug 7 04:07:46 2026] DELETE /v2.0/policies/2c508b0e-6736-4289-a40e-80225d9dbaab/tags/red => generated 0 bytes in 59 msecs (HTTP/1.1 204) 2 headers in 112 bytes (1 switches on core 0)
2026-08-07 04:07:46.168 7 WARNING tagging [None req-a0e9b71f-2b7e-43aa-9b42-983774549154 3bc592cccb2e435fb1d1e0e818198425 10e096f5e12b47429a75f25b94b7c2ae - - default default] project_id key not found in request, using tenant_id instead. This support has been deprecated and will be removed in a future release. [pid: 7|app: 0|req: 1313/2779] 10.0.0.31 () {32 vars in 732 bytes} [Fri Aug 7 04:07:46 2026] GET /v2.0/policies/2c508b0e-6736-4289-a40e-80225d9dbaab/tags => generated 30 bytes in 44 msecs (HTTP/1.1 200) 4 headers in 156 bytes (1 switches on core 0)
2026-08-07 04:07:46.210 8 WARNING tagging [None req-dde3f831-3374-487e-9ea3-7d456b37e0e7 3bc592cccb2e435fb1d1e0e818198425 10e096f5e12b47429a75f25b94b7c2ae - - default default] project_id key not found in request, using tenant_id instead. This support has been deprecated and will be removed in a future release.
2026-08-07 04:07:46.221 8 INFO neutron.api.v2.resource [None req-dde3f831-3374-487e-9ea3-7d456b37e0e7 3bc592cccb2e435fb1d1e0e818198425 10e096f5e12b47429a75f25b94b7c2ae - - default default] delete failed (client error): The resource could not be found. [pid: 8|app: 0|req: 1467/2780] 10.0.0.31 () {32 vars in 747 bytes} [Fri Aug 7 04:07:46 2026] DELETE /v2.0/policies/2c508b0e-6736-4289-a40e-80225d9dbaab/tags/green => generated 99 bytes in 40 msecs (HTTP/1.1 404) 4 headers in 163 bytes (1 switches on core 0)
2026-08-07 04:07:46.257 7 WARNING tagging [None req-79e1af53-b877-4c0b-98d7-b703e06f9d10 3bc592cccb2e435fb1d1e0e818198425 10e096f5e12b47429a75f25b94b7c2ae - - default default] project_id key not found in request, using tenant_id instead. This support has been deprecated and will be removed in a future release. [pid: 7|app: 0|req: 1314/2781] 10.0.0.31 () {32 vars in 735 bytes} [Fri Aug 7 04:07:46 2026] DELETE /v2.0/policies/2c508b0e-6736-4289-a40e-80225d9dbaab/tags => generated 0 bytes in 53 msecs (HTTP/1.1 204) 2 headers in 112 bytes (1 switches on core 0)
2026-08-07 04:07:46.318 8 WARNING tagging [None req-f43257d6-8e8a-440d-a8f1-e2c274be2f20 3bc592cccb2e435fb1d1e0e818198425 10e096f5e12b47429a75f25b94b7c2ae - - default default] project_id key not found in request, using tenant_id instead. This support has been deprecated and will be removed in a future release. [pid: 8|app: 0|req: 1468/2782] 10.0.0.31 () {32 vars in 732 bytes} [Fri Aug 7 04:07:46 2026] GET /v2.0/policies/2c508b0e-6736-4289-a40e-80225d9dbaab/tags => generated 12 bytes in 38 msecs (HTTP/1.1 200) 4 headers in 156 bytes (1 switches on core 0) [pid: 7|app: 0|req: 1315/2783] 10.0.0.31 () {32 vars in 733 bytes} [Fri Aug 7 04:07:46 2026] DELETE /v2.0/qos/policies/2c508b0e-6736-4289-a40e-80225d9dbaab => generated 0 bytes in 54 msecs (HTTP/1.1 204) 2 headers in 112 bytes (1 switches on core 0)
2026-08-07 04:07:47.208 8 WARNING neutron.db.securitygroups_db [None req-9639a00a-9523-4b87-901d-1deceecc8c22 6a95b7fac77a46dc8d99a702682fd558 6881aab3ab50430bb3c288264d9af897 - - default default] project_id key not found in filters, using tenant_id instead. This support has been deprecated and will be removed in a future release. [pid: 8|app: 0|req: 1469/2784] 10.0.0.31 () {32 vars in 773 bytes} [Fri Aug 7 04:07:47 2026] GET /v2.0/security-groups?tenant_id=b5649c7bd8ed4fd5a7d039c7e67093e1&name=default => generated 2929 bytes in 226 msecs (HTTP/1.1 200) 4 headers in 158 bytes (1 switches on core 0) [pid: 7|app: 0|req: 1316/2785] 10.0.0.31 () {32 vars in 739 bytes} [Fri Aug 7 04:07:47 2026] DELETE /v2.0/security-groups/7c877729-cda1-4c06-ac8a-6b4097ed0d9c => generated 0 bytes in 106 msecs (HTTP/1.1 204) 2 headers in 112 bytes (1 switches on core 0)
2026-08-07 04:07:47.564 8 WARNING neutron.db.securitygroups_db [None req-0b8a3808-ebf9-4d06-9790-9302d91cd062 6a95b7fac77a46dc8d99a702682fd558 6881aab3ab50430bb3c288264d9af897 - - default default] project_id key not found in filters, using tenant_id instead. This support has been deprecated and will be removed in a future release. [pid: 8|app: 0|req: 1470/2786] 10.0.0.31 () {32 vars in 773 bytes} [Fri Aug 7 04:07:47 2026] GET /v2.0/security-groups?tenant_id=10e096f5e12b47429a75f25b94b7c2ae&name=default => generated 2929 bytes in 152 msecs (HTTP/1.1 200) 4 headers in 158 bytes (1 switches on core 0) [pid: 7|app: 0|req: 1317/2787] 10.0.0.31 () {32 vars in 739 bytes} [Fri Aug 7 04:07:47 2026] DELETE /v2.0/security-groups/f411a1cb-1136-452e-8947-a2d167d817a3 => generated 0 bytes in 109 msecs (HTTP/1.1 204) 2 headers in 112 bytes (1 switches on core 0)