2026-07-14 06:33:07.101 8 INFO placement.requestlog [req-36253d24-288a-49d1-9823-9f2af602cb5f req-4e542c48-0d6b-4c47-a463-fe29663a0d22 05da32a58b13437d8b814f98a6acddf3 3021b526741a4c7f9fad6f43734c6d6d - - 6eef1bc7744041b99f299e8954b9e4d8 6eef1bc7744041b99f299e8954b9e4d8] 199.19.213.104 "GET /resource_providers/5223b743-2340-48a5-82ca-c990b52aaafd/allocations" status: 200 len: 453 microversion: 1.0 [pid: 8|app: 0|req: 557/1117] 199.19.213.104 () {32 vars in 857 bytes} [Tue Jul 14 06:33:07 2026] GET /resource_providers/5223b743-2340-48a5-82ca-c990b52aaafd/allocations => generated 453 bytes in 27 msecs (HTTP/1.1 200) 6 headers in 224 bytes (1 switches on core 0)
2026-07-14 06:33:07.128 7 INFO placement.requestlog [req-36253d24-288a-49d1-9823-9f2af602cb5f req-bb759698-681f-47e6-821d-14e1fb7d2498 05da32a58b13437d8b814f98a6acddf3 3021b526741a4c7f9fad6f43734c6d6d - - 6eef1bc7744041b99f299e8954b9e4d8 6eef1bc7744041b99f299e8954b9e4d8] 199.19.213.104 "GET /resource_providers/5223b743-2340-48a5-82ca-c990b52aaafd/allocations" status: 200 len: 453 microversion: 1.0 [pid: 7|app: 0|req: 561/1118] 199.19.213.104 () {32 vars in 857 bytes} [Tue Jul 14 06:33:07 2026] GET /resource_providers/5223b743-2340-48a5-82ca-c990b52aaafd/allocations => generated 453 bytes in 13 msecs (HTTP/1.1 200) 6 headers in 224 bytes (1 switches on core 0)
2026-07-14 06:33:07.153 8 INFO placement.requestlog [req-36253d24-288a-49d1-9823-9f2af602cb5f req-ab2899d1-f32c-4aff-9227-adab03291bef 05da32a58b13437d8b814f98a6acddf3 3021b526741a4c7f9fad6f43734c6d6d - - 6eef1bc7744041b99f299e8954b9e4d8 6eef1bc7744041b99f299e8954b9e4d8] 199.19.213.104 "GET /allocations/1dc028ee-84cd-48e2-961c-b7df25ab5583" status: 200 len: 258 microversion: 1.28 [pid: 8|app: 0|req: 558/1119] 199.19.213.104 () {34 vars in 863 bytes} [Tue Jul 14 06:33:07 2026] GET /allocations/1dc028ee-84cd-48e2-961c-b7df25ab5583 => generated 258 bytes in 20 msecs (HTTP/1.1 200) 8 headers in 296 bytes (1 switches on core 0)
2026-07-14 06:33:07.171 7 INFO placement.requestlog [req-36253d24-288a-49d1-9823-9f2af602cb5f req-fa307408-13eb-4a66-9951-6e5c5ec21d90 05da32a58b13437d8b814f98a6acddf3 3021b526741a4c7f9fad6f43734c6d6d - - 6eef1bc7744041b99f299e8954b9e4d8 6eef1bc7744041b99f299e8954b9e4d8] 199.19.213.104 "GET /allocations/694c1af5-9347-4205-b49c-24edd678b491" status: 200 len: 258 microversion: 1.28 [pid: 7|app: 0|req: 562/1120] 199.19.213.104 () {34 vars in 863 bytes} [Tue Jul 14 06:33:07 2026] GET /allocations/694c1af5-9347-4205-b49c-24edd678b491 => generated 258 bytes in 9 msecs (HTTP/1.1 200) 8 headers in 296 bytes (1 switches on core 0)
2026-07-14 06:33:07.186 8 INFO placement.requestlog [req-36253d24-288a-49d1-9823-9f2af602cb5f req-e0044b24-7665-49d8-87eb-e9280f6e2661 05da32a58b13437d8b814f98a6acddf3 3021b526741a4c7f9fad6f43734c6d6d - - 6eef1bc7744041b99f299e8954b9e4d8 6eef1bc7744041b99f299e8954b9e4d8] 199.19.213.104 "GET /allocations/513c2016-bb26-4f06-a8f7-84f568f3ac4b" status: 200 len: 258 microversion: 1.28 [pid: 8|app: 0|req: 559/1121] 199.19.213.104 () {34 vars in 863 bytes} [Tue Jul 14 06:33:07 2026] GET /allocations/513c2016-bb26-4f06-a8f7-84f568f3ac4b => generated 258 bytes in 9 msecs (HTTP/1.1 200) 8 headers in 296 bytes (1 switches on core 0)
2026-07-14 06:33:07.205 7 INFO placement.requestlog [req-36253d24-288a-49d1-9823-9f2af602cb5f req-d86fc210-5e95-4354-9e44-39b7794bd448 05da32a58b13437d8b814f98a6acddf3 3021b526741a4c7f9fad6f43734c6d6d - - 6eef1bc7744041b99f299e8954b9e4d8 6eef1bc7744041b99f299e8954b9e4d8] 199.19.213.104 "GET /allocations/594570b9-3777-460b-aac7-8dec3c27ca57" status: 200 len: 258 microversion: 1.28 [pid: 7|app: 0|req: 563/1122] 199.19.213.104 () {34 vars in 863 bytes} [Tue Jul 14 06:33:07 2026] GET /allocations/594570b9-3777-460b-aac7-8dec3c27ca57 => generated 258 bytes in 14 msecs (HTTP/1.1 200) 8 headers in 296 bytes (1 switches on core 0)
2026-07-14 06:33:08.625 8 INFO placement.requestlog [None req-d6beb8e9-4e3f-4c5f-bcd5-52e1159a187f - - - - - -] 10.0.0.128 "GET /" status: 200 len: 136 microversion: 1.0
2026-07-14 06:33:08.625 7 INFO placement.requestlog [None req-15f65f91-0add-480c-9e1f-19908f8f0260 - - - - - -] 10.0.0.128 "GET /" status: 200 len: 136 microversion: 1.0
2026-07-14 06:33:18.625 8 INFO placement.requestlog [None req-b717201c-eff9-47a3-bfb4-549a703cf4d1 - - - - - -] 10.0.0.128 "GET /" status: 200 len: 136 microversion: 1.0
2026-07-14 06:33:18.625 7 INFO placement.requestlog [None req-dd14f561-f47c-4be3-b339-116ee371b1d7 - - - - - -] 10.0.0.128 "GET /" status: 200 len: 136 microversion: 1.0
2026-07-14 06:33:21.487 8 INFO placement.requestlog [req-137ba052-0860-4cdd-ba68-b3d4f2924c8d req-61505fe7-e4d0-4faa-b111-33945a07cf8c 05da32a58b13437d8b814f98a6acddf3 3021b526741a4c7f9fad6f43734c6d6d - - 6eef1bc7744041b99f299e8954b9e4d8 6eef1bc7744041b99f299e8954b9e4d8] 10.0.0.209 "GET /allocation_candidates?limit=1000&resources=MEMORY_MB%3A2048%2CVCPU%3A2&root_required=%21COMPUTE_STATUS_DISABLED" status: 200 len: 2432 microversion: 1.36 [pid: 8|app: 0|req: 562/1127] 10.0.0.209 () {34 vars in 986 bytes} [Tue Jul 14 06:33:21 2026] GET /allocation_candidates?limit=1000&resources=MEMORY_MB%3A2048%2CVCPU%3A2&root_required=%21COMPUTE_STATUS_DISABLED => generated 2432 bytes in 41 msecs (HTTP/1.1 200) 8 headers in 297 bytes (1 switches on core 0)
2026-07-14 06:33:21.518 7 INFO placement.requestlog [req-137ba052-0860-4cdd-ba68-b3d4f2924c8d req-1a9f5992-8a70-444b-b557-6b6ca607f02b 05da32a58b13437d8b814f98a6acddf3 3021b526741a4c7f9fad6f43734c6d6d - - 6eef1bc7744041b99f299e8954b9e4d8 6eef1bc7744041b99f299e8954b9e4d8] 10.0.0.209 "GET /allocations/83204b20-8578-4c92-848e-ac22f788fb86" status: 200 len: 19 microversion: 1.28 [pid: 7|app: 0|req: 566/1128] 10.0.0.209 () {34 vars in 861 bytes} [Tue Jul 14 06:33:21 2026] GET /allocations/83204b20-8578-4c92-848e-ac22f788fb86 => generated 19 bytes in 14 msecs (HTTP/1.1 200) 8 headers in 295 bytes (1 switches on core 0)
2026-07-14 06:33:21.578 8 INFO placement.requestlog [req-137ba052-0860-4cdd-ba68-b3d4f2924c8d req-4a6ba6fa-f906-4464-87fb-e9f9106189a4 05da32a58b13437d8b814f98a6acddf3 3021b526741a4c7f9fad6f43734c6d6d - - 6eef1bc7744041b99f299e8954b9e4d8 6eef1bc7744041b99f299e8954b9e4d8] 10.0.0.209 "PUT /allocations/83204b20-8578-4c92-848e-ac22f788fb86" status: 204 len: 0 microversion: 1.36 [pid: 8|app: 0|req: 563/1129] 10.0.0.209 () {38 vars in 914 bytes} [Tue Jul 14 06:33:21 2026] PUT /allocations/83204b20-8578-4c92-848e-ac22f788fb86 => generated 0 bytes in 55 msecs (HTTP/1.1 204) 5 headers in 199 bytes (1 switches on core 0)
2026-07-14 06:33:23.104 7 INFO placement.requestlog [req-137ba052-0860-4cdd-ba68-b3d4f2924c8d req-eed1a38c-cffc-4e18-a086-33fcfe879b5f 05da32a58b13437d8b814f98a6acddf3 3021b526741a4c7f9fad6f43734c6d6d - - 6eef1bc7744041b99f299e8954b9e4d8 6eef1bc7744041b99f299e8954b9e4d8] 199.19.213.104 "GET /allocations/83204b20-8578-4c92-848e-ac22f788fb86" status: 200 len: 245 microversion: 1.28 [pid: 7|app: 0|req: 567/1130] 199.19.213.104 () {34 vars in 863 bytes} [Tue Jul 14 06:33:23 2026] GET /allocations/83204b20-8578-4c92-848e-ac22f788fb86 => generated 245 bytes in 13 msecs (HTTP/1.1 200) 8 headers in 296 bytes (1 switches on core 0)
2026-07-14 06:33:24.147 8 INFO placement.requestlog [req-137ba052-0860-4cdd-ba68-b3d4f2924c8d req-a31115c4-c33c-4deb-a2c5-6bcd96571263 05da32a58b13437d8b814f98a6acddf3 3021b526741a4c7f9fad6f43734c6d6d - - 6eef1bc7744041b99f299e8954b9e4d8 6eef1bc7744041b99f299e8954b9e4d8] 199.19.213.104 "GET /resource_providers/5223b743-2340-48a5-82ca-c990b52aaafd/allocations" status: 200 len: 540 microversion: 1.0 [pid: 8|app: 0|req: 564/1131] 199.19.213.104 () {32 vars in 857 bytes} [Tue Jul 14 06:33:24 2026] GET /resource_providers/5223b743-2340-48a5-82ca-c990b52aaafd/allocations => generated 540 bytes in 17 msecs (HTTP/1.1 200) 6 headers in 224 bytes (1 switches on core 0)
2026-07-14 06:33:24.168 7 INFO placement.requestlog [req-137ba052-0860-4cdd-ba68-b3d4f2924c8d req-31703c25-646d-4222-aa4e-574da5b613ad 05da32a58b13437d8b814f98a6acddf3 3021b526741a4c7f9fad6f43734c6d6d - - 6eef1bc7744041b99f299e8954b9e4d8 6eef1bc7744041b99f299e8954b9e4d8] 199.19.213.104 "GET /allocations/694c1af5-9347-4205-b49c-24edd678b491" status: 200 len: 258 microversion: 1.28 [pid: 7|app: 0|req: 568/1132] 199.19.213.104 () {34 vars in 863 bytes} [Tue Jul 14 06:33:24 2026] GET /allocations/694c1af5-9347-4205-b49c-24edd678b491 => generated 258 bytes in 14 msecs (HTTP/1.1 200) 8 headers in 296 bytes (1 switches on core 0)
2026-07-14 06:33:24.185 8 INFO placement.requestlog [req-137ba052-0860-4cdd-ba68-b3d4f2924c8d req-8e05fd1c-3b48-4729-a9a1-059017487684 05da32a58b13437d8b814f98a6acddf3 3021b526741a4c7f9fad6f43734c6d6d - - 6eef1bc7744041b99f299e8954b9e4d8 6eef1bc7744041b99f299e8954b9e4d8] 199.19.213.104 "GET /allocations/1dc028ee-84cd-48e2-961c-b7df25ab5583" status: 200 len: 258 microversion: 1.28 [pid: 8|app: 0|req: 565/1133] 199.19.213.104 () {34 vars in 863 bytes} [Tue Jul 14 06:33:24 2026] GET /allocations/1dc028ee-84cd-48e2-961c-b7df25ab5583 => generated 258 bytes in 13 msecs (HTTP/1.1 200) 8 headers in 296 bytes (1 switches on core 0)
2026-07-14 06:33:24.205 7 INFO placement.requestlog [req-137ba052-0860-4cdd-ba68-b3d4f2924c8d req-aaadcd35-d3dd-4f98-bd76-309aff387fa2 05da32a58b13437d8b814f98a6acddf3 3021b526741a4c7f9fad6f43734c6d6d - - 6eef1bc7744041b99f299e8954b9e4d8 6eef1bc7744041b99f299e8954b9e4d8] 199.19.213.104 "GET /allocations/83204b20-8578-4c92-848e-ac22f788fb86" status: 200 len: 245 microversion: 1.28 [pid: 7|app: 0|req: 569/1134] 199.19.213.104 () {34 vars in 863 bytes} [Tue Jul 14 06:33:24 2026] GET /allocations/83204b20-8578-4c92-848e-ac22f788fb86 => generated 245 bytes in 13 msecs (HTTP/1.1 200) 8 headers in 296 bytes (1 switches on core 0)
2026-07-14 06:33:24.225 8 INFO placement.requestlog [req-137ba052-0860-4cdd-ba68-b3d4f2924c8d req-2404651c-b95f-4fc0-8315-b8bd6558bd10 05da32a58b13437d8b814f98a6acddf3 3021b526741a4c7f9fad6f43734c6d6d - - 6eef1bc7744041b99f299e8954b9e4d8 6eef1bc7744041b99f299e8954b9e4d8] 199.19.213.104 "GET /allocations/513c2016-bb26-4f06-a8f7-84f568f3ac4b" status: 200 len: 258 microversion: 1.28 [pid: 8|app: 0|req: 566/1135] 199.19.213.104 () {34 vars in 863 bytes} [Tue Jul 14 06:33:24 2026] GET /allocations/513c2016-bb26-4f06-a8f7-84f568f3ac4b => generated 258 bytes in 14 msecs (HTTP/1.1 200) 8 headers in 296 bytes (1 switches on core 0)
2026-07-14 06:33:24.248 7 INFO placement.requestlog [req-137ba052-0860-4cdd-ba68-b3d4f2924c8d req-1753e32d-86be-4608-a851-4033c7e09ec3 05da32a58b13437d8b814f98a6acddf3 3021b526741a4c7f9fad6f43734c6d6d - - 6eef1bc7744041b99f299e8954b9e4d8 6eef1bc7744041b99f299e8954b9e4d8] 199.19.213.104 "GET /allocations/594570b9-3777-460b-aac7-8dec3c27ca57" status: 200 len: 258 microversion: 1.28 [pid: 7|app: 0|req: 570/1136] 199.19.213.104 () {34 vars in 863 bytes} [Tue Jul 14 06:33:24 2026] GET /allocations/594570b9-3777-460b-aac7-8dec3c27ca57 => generated 258 bytes in 17 msecs (HTTP/1.1 200) 8 headers in 296 bytes (1 switches on core 0)
2026-07-14 06:33:28.625 8 INFO placement.requestlog [None req-7953e1e9-e9ea-4b26-8def-7dc75406794b - - - - - -] 10.0.0.128 "GET /" status: 200 len: 136 microversion: 1.0
2026-07-14 06:33:28.626 7 INFO placement.requestlog [None req-30f1b30d-c4d1-45b4-b7c5-52454d298e5d - - - - - -] 10.0.0.128 "GET /" status: 200 len: 136 microversion: 1.0
2026-07-14 06:33:38.211 8 INFO placement.requestlog [req-76af525e-ff0c-471c-bd99-16191ec4a914 req-d5de5b92-5141-489d-901d-5f40ca9e5677 05da32a58b13437d8b814f98a6acddf3 3021b526741a4c7f9fad6f43734c6d6d - - 6eef1bc7744041b99f299e8954b9e4d8 6eef1bc7744041b99f299e8954b9e4d8] 199.19.213.104 "GET /resource_providers/5223b743-2340-48a5-82ca-c990b52aaafd/allocations" status: 200 len: 540 microversion: 1.0 [pid: 8|app: 0|req: 568/1139] 199.19.213.104 () {32 vars in 857 bytes} [Tue Jul 14 06:33:38 2026] GET /resource_providers/5223b743-2340-48a5-82ca-c990b52aaafd/allocations => generated 540 bytes in 16 msecs (HTTP/1.1 200) 6 headers in 224 bytes (1 switches on core 0)
2026-07-14 06:33:38.229 7 INFO placement.requestlog [req-76af525e-ff0c-471c-bd99-16191ec4a914 req-c928e126-b41c-4341-b7dc-771fe3bcc37d 05da32a58b13437d8b814f98a6acddf3 3021b526741a4c7f9fad6f43734c6d6d - - 6eef1bc7744041b99f299e8954b9e4d8 6eef1bc7744041b99f299e8954b9e4d8] 199.19.213.104 "GET /allocations/694c1af5-9347-4205-b49c-24edd678b491" status: 200 len: 258 microversion: 1.28 [pid: 7|app: 0|req: 572/1140] 199.19.213.104 () {34 vars in 863 bytes} [Tue Jul 14 06:33:38 2026] GET /allocations/694c1af5-9347-4205-b49c-24edd678b491 => generated 258 bytes in 10 msecs (HTTP/1.1 200) 8 headers in 296 bytes (1 switches on core 0)
2026-07-14 06:33:38.246 8 INFO placement.requestlog [req-76af525e-ff0c-471c-bd99-16191ec4a914 req-8cbfb735-43a8-422e-951f-1dced3f426a1 05da32a58b13437d8b814f98a6acddf3 3021b526741a4c7f9fad6f43734c6d6d - - 6eef1bc7744041b99f299e8954b9e4d8 6eef1bc7744041b99f299e8954b9e4d8] 199.19.213.104 "GET /allocations/1dc028ee-84cd-48e2-961c-b7df25ab5583" status: 200 len: 258 microversion: 1.28 [pid: 8|app: 0|req: 569/1141] 199.19.213.104 () {34 vars in 863 bytes} [Tue Jul 14 06:33:38 2026] GET /allocations/1dc028ee-84cd-48e2-961c-b7df25ab5583 => generated 258 bytes in 12 msecs (HTTP/1.1 200) 8 headers in 296 bytes (1 switches on core 0)
2026-07-14 06:33:38.263 7 INFO placement.requestlog [req-76af525e-ff0c-471c-bd99-16191ec4a914 req-7a8960f5-968a-4549-83e5-d3fb855205cd 05da32a58b13437d8b814f98a6acddf3 3021b526741a4c7f9fad6f43734c6d6d - - 6eef1bc7744041b99f299e8954b9e4d8 6eef1bc7744041b99f299e8954b9e4d8] 199.19.213.104 "GET /allocations/83204b20-8578-4c92-848e-ac22f788fb86" status: 200 len: 245 microversion: 1.28 [pid: 7|app: 0|req: 573/1142] 199.19.213.104 () {34 vars in 863 bytes} [Tue Jul 14 06:33:38 2026] GET /allocations/83204b20-8578-4c92-848e-ac22f788fb86 => generated 245 bytes in 12 msecs (HTTP/1.1 200) 8 headers in 296 bytes (1 switches on core 0)
2026-07-14 06:33:38.282 8 INFO placement.requestlog [req-76af525e-ff0c-471c-bd99-16191ec4a914 req-7efd7f23-d64e-478a-9300-d6f99390977a 05da32a58b13437d8b814f98a6acddf3 3021b526741a4c7f9fad6f43734c6d6d - - 6eef1bc7744041b99f299e8954b9e4d8 6eef1bc7744041b99f299e8954b9e4d8] 199.19.213.104 "GET /allocations/513c2016-bb26-4f06-a8f7-84f568f3ac4b" status: 200 len: 258 microversion: 1.28 [pid: 8|app: 0|req: 570/1143] 199.19.213.104 () {34 vars in 863 bytes} [Tue Jul 14 06:33:38 2026] GET /allocations/513c2016-bb26-4f06-a8f7-84f568f3ac4b => generated 258 bytes in 14 msecs (HTTP/1.1 200) 8 headers in 296 bytes (1 switches on core 0)
2026-07-14 06:33:38.316 7 INFO placement.requestlog [req-76af525e-ff0c-471c-bd99-16191ec4a914 req-ffe89242-2899-4dd6-9dbd-81a801fb54ed 05da32a58b13437d8b814f98a6acddf3 3021b526741a4c7f9fad6f43734c6d6d - - 6eef1bc7744041b99f299e8954b9e4d8 6eef1bc7744041b99f299e8954b9e4d8] 199.19.213.104 "GET /allocations/594570b9-3777-460b-aac7-8dec3c27ca57" status: 200 len: 258 microversion: 1.28 [pid: 7|app: 0|req: 574/1144] 199.19.213.104 () {34 vars in 863 bytes} [Tue Jul 14 06:33:38 2026] GET /allocations/594570b9-3777-460b-aac7-8dec3c27ca57 => generated 258 bytes in 25 msecs (HTTP/1.1 200) 8 headers in 296 bytes (1 switches on core 0)
2026-07-14 06:33:38.625 7 INFO placement.requestlog [None req-b9bd9822-fe36-44ea-8d83-9d442cc6b716 - - - - - -] 10.0.0.128 "GET /" status: 200 len: 136 microversion: 1.0
2026-07-14 06:33:38.625 8 INFO placement.requestlog [None req-013fb61e-3847-4993-9c6a-7257025b83b7 - - - - - -] 10.0.0.128 "GET /" status: 200 len: 136 microversion: 1.0
2026-07-14 06:33:39.371 7 INFO placement.requestlog [req-76af525e-ff0c-471c-bd99-16191ec4a914 req-c5a00e35-8445-4d43-8271-d4275f33c592 05da32a58b13437d8b814f98a6acddf3 3021b526741a4c7f9fad6f43734c6d6d - - 6eef1bc7744041b99f299e8954b9e4d8 6eef1bc7744041b99f299e8954b9e4d8] 199.19.213.104 "DELETE /allocations/513c2016-bb26-4f06-a8f7-84f568f3ac4b" status: 204 len: 0 microversion: 1.0 [pid: 7|app: 0|req: 576/1147] 199.19.213.104 () {34 vars in 841 bytes} [Tue Jul 14 06:33:39 2026] DELETE /allocations/513c2016-bb26-4f06-a8f7-84f568f3ac4b => generated 0 bytes in 23 msecs (HTTP/1.1 204) 5 headers in 198 bytes (1 switches on core 0)
2026-07-14 06:33:45.472 8 INFO placement.requestlog [req-4f3e1219-8a81-43a5-b15f-29e0ee993d53 req-c9395f0a-e6df-424f-8079-9790d78bee2e 05da32a58b13437d8b814f98a6acddf3 3021b526741a4c7f9fad6f43734c6d6d - - 6eef1bc7744041b99f299e8954b9e4d8 6eef1bc7744041b99f299e8954b9e4d8] 199.19.213.104 "GET /resource_providers/5223b743-2340-48a5-82ca-c990b52aaafd/allocations" status: 200 len: 440 microversion: 1.0 [pid: 8|app: 0|req: 572/1148] 199.19.213.104 () {32 vars in 857 bytes} [Tue Jul 14 06:33:45 2026] GET /resource_providers/5223b743-2340-48a5-82ca-c990b52aaafd/allocations => generated 440 bytes in 17 msecs (HTTP/1.1 200) 6 headers in 224 bytes (1 switches on core 0)
2026-07-14 06:33:45.492 7 INFO placement.requestlog [req-4f3e1219-8a81-43a5-b15f-29e0ee993d53 req-8cad322a-0acc-493d-82e8-0ff9d0eb4512 05da32a58b13437d8b814f98a6acddf3 3021b526741a4c7f9fad6f43734c6d6d - - 6eef1bc7744041b99f299e8954b9e4d8 6eef1bc7744041b99f299e8954b9e4d8] 199.19.213.104 "GET /allocations/1dc028ee-84cd-48e2-961c-b7df25ab5583" status: 200 len: 258 microversion: 1.28 [pid: 7|app: 0|req: 577/1149] 199.19.213.104 () {34 vars in 863 bytes} [Tue Jul 14 06:33:45 2026] GET /allocations/1dc028ee-84cd-48e2-961c-b7df25ab5583 => generated 258 bytes in 12 msecs (HTTP/1.1 200) 8 headers in 296 bytes (1 switches on core 0)
2026-07-14 06:33:45.508 8 INFO placement.requestlog [req-4f3e1219-8a81-43a5-b15f-29e0ee993d53 req-16b7f101-082b-48ba-a6ca-c61967f37afb 05da32a58b13437d8b814f98a6acddf3 3021b526741a4c7f9fad6f43734c6d6d - - 6eef1bc7744041b99f299e8954b9e4d8 6eef1bc7744041b99f299e8954b9e4d8] 199.19.213.104 "GET /allocations/83204b20-8578-4c92-848e-ac22f788fb86" status: 200 len: 245 microversion: 1.28 [pid: 8|app: 0|req: 573/1150] 199.19.213.104 () {34 vars in 863 bytes} [Tue Jul 14 06:33:45 2026] GET /allocations/83204b20-8578-4c92-848e-ac22f788fb86 => generated 245 bytes in 12 msecs (HTTP/1.1 200) 8 headers in 296 bytes (1 switches on core 0)
2026-07-14 06:33:45.528 7 INFO placement.requestlog [req-4f3e1219-8a81-43a5-b15f-29e0ee993d53 req-f29fa389-486a-4fc3-9039-2b1053e5a5dd 05da32a58b13437d8b814f98a6acddf3 3021b526741a4c7f9fad6f43734c6d6d - - 6eef1bc7744041b99f299e8954b9e4d8 6eef1bc7744041b99f299e8954b9e4d8] 199.19.213.104 "GET /allocations/694c1af5-9347-4205-b49c-24edd678b491" status: 200 len: 258 microversion: 1.28 [pid: 7|app: 0|req: 578/1151] 199.19.213.104 () {34 vars in 863 bytes} [Tue Jul 14 06:33:45 2026] GET /allocations/694c1af5-9347-4205-b49c-24edd678b491 => generated 258 bytes in 13 msecs (HTTP/1.1 200) 8 headers in 296 bytes (1 switches on core 0)
2026-07-14 06:33:45.553 8 INFO placement.requestlog [req-4f3e1219-8a81-43a5-b15f-29e0ee993d53 req-9aa0583a-0725-4210-b3d4-fe9c963e3b5b 05da32a58b13437d8b814f98a6acddf3 3021b526741a4c7f9fad6f43734c6d6d - - 6eef1bc7744041b99f299e8954b9e4d8 6eef1bc7744041b99f299e8954b9e4d8] 199.19.213.104 "GET /allocations/594570b9-3777-460b-aac7-8dec3c27ca57" status: 200 len: 258 microversion: 1.28 [pid: 8|app: 0|req: 574/1152] 199.19.213.104 () {34 vars in 863 bytes} [Tue Jul 14 06:33:45 2026] GET /allocations/594570b9-3777-460b-aac7-8dec3c27ca57 => generated 258 bytes in 14 msecs (HTTP/1.1 200) 8 headers in 296 bytes (1 switches on core 0)
2026-07-14 06:33:46.597 7 INFO placement.requestlog [req-4f3e1219-8a81-43a5-b15f-29e0ee993d53 req-d281e5a3-f247-4535-9884-b733965ca383 05da32a58b13437d8b814f98a6acddf3 3021b526741a4c7f9fad6f43734c6d6d - - 6eef1bc7744041b99f299e8954b9e4d8 6eef1bc7744041b99f299e8954b9e4d8] 199.19.213.104 "DELETE /allocations/694c1af5-9347-4205-b49c-24edd678b491" status: 204 len: 0 microversion: 1.0 [pid: 7|app: 0|req: 579/1153] 199.19.213.104 () {34 vars in 841 bytes} [Tue Jul 14 06:33:46 2026] DELETE /allocations/694c1af5-9347-4205-b49c-24edd678b491 => generated 0 bytes in 22 msecs (HTTP/1.1 204) 5 headers in 198 bytes (1 switches on core 0)
2026-07-14 06:33:48.626 8 INFO placement.requestlog [None req-4d25314e-dafe-4733-b4f0-70044666e8e8 - - - - - -] 10.0.0.128 "GET /" status: 200 len: 136 microversion: 1.0
2026-07-14 06:33:48.626 7 INFO placement.requestlog [None req-8167e22d-f4a0-47b5-b30f-21f4da2cbdbf - - - - - -] 10.0.0.128 "GET /" status: 200 len: 136 microversion: 1.0
2026-07-14 06:33:50.302 8 INFO placement.requestlog [None req-016bb3d1-ab22-474f-805f-27942f32e8c3 f36f1bcb341743249daf9ef65c590387 3021b526741a4c7f9fad6f43734c6d6d - - 6eef1bc7744041b99f299e8954b9e4d8 6eef1bc7744041b99f299e8954b9e4d8] 10.0.0.111 "GET /resource_providers/8f0aa2b1-c3ee-499a-a6ec-c04719fbc1b1/aggregates" status: 404 len: 235 microversion: 1.1 [pid: 8|app: 0|req: 576/1156] 10.0.0.111 () {32 vars in 816 bytes} [Tue Jul 14 06:33:50 2026] GET /resource_providers/8f0aa2b1-c3ee-499a-a6ec-c04719fbc1b1/aggregates => generated 235 bytes in 14 msecs (HTTP/1.1 404) 5 headers in 202 bytes (1 switches on core 0)
2026-07-14 06:33:50.304 7 INFO placement.requestlog [None req-e83117d7-0c8e-47a7-a950-509f2b8e1507 f36f1bcb341743249daf9ef65c590387 3021b526741a4c7f9fad6f43734c6d6d - - 6eef1bc7744041b99f299e8954b9e4d8 6eef1bc7744041b99f299e8954b9e4d8] 10.0.0.111 "GET /resource_providers/8f0aa2b1-c3ee-499a-a6ec-c04719fbc1b1/aggregates" status: 404 len: 235 microversion: 1.1 [pid: 7|app: 0|req: 581/1157] 10.0.0.111 () {32 vars in 816 bytes} [Tue Jul 14 06:33:50 2026] GET /resource_providers/8f0aa2b1-c3ee-499a-a6ec-c04719fbc1b1/aggregates => generated 235 bytes in 19 msecs (HTTP/1.1 404) 5 headers in 202 bytes (1 switches on core 0)
2026-07-14 06:33:50.329 8 INFO placement.requestlog [None req-68096699-2089-43ae-8f70-9ea9e0843a09 f36f1bcb341743249daf9ef65c590387 3021b526741a4c7f9fad6f43734c6d6d - - 6eef1bc7744041b99f299e8954b9e4d8 6eef1bc7744041b99f299e8954b9e4d8] 10.0.0.111 "DELETE /resource_providers/8f0aa2b1-c3ee-499a-a6ec-c04719fbc1b1" status: 404 len: 246 microversion: 1.1 [pid: 8|app: 0|req: 577/1158] 10.0.0.111 () {34 vars in 816 bytes} [Tue Jul 14 06:33:50 2026] DELETE /resource_providers/8f0aa2b1-c3ee-499a-a6ec-c04719fbc1b1 => generated 246 bytes in 15 msecs (HTTP/1.1 404) 6 headers in 231 bytes (1 switches on core 0)
2026-07-14 06:33:50.333 7 INFO placement.requestlog [None req-ee1c3a50-0a20-4da3-9118-d03dec1c02bf f36f1bcb341743249daf9ef65c590387 3021b526741a4c7f9fad6f43734c6d6d - - 6eef1bc7744041b99f299e8954b9e4d8 6eef1bc7744041b99f299e8954b9e4d8] 10.0.0.111 "DELETE /resource_providers/8f0aa2b1-c3ee-499a-a6ec-c04719fbc1b1" status: 404 len: 246 microversion: 1.1 [pid: 7|app: 0|req: 582/1159] 10.0.0.111 () {34 vars in 816 bytes} [Tue Jul 14 06:33:50 2026] DELETE /resource_providers/8f0aa2b1-c3ee-499a-a6ec-c04719fbc1b1 => generated 246 bytes in 15 msecs (HTTP/1.1 404) 6 headers in 231 bytes (1 switches on core 0)
2026-07-14 06:33:50.586 8 INFO placement.requestlog [None req-8c44a4cb-40a6-4e10-9c6e-78def7cc7d23 f36f1bcb341743249daf9ef65c590387 3021b526741a4c7f9fad6f43734c6d6d - - 6eef1bc7744041b99f299e8954b9e4d8 6eef1bc7744041b99f299e8954b9e4d8] 10.0.0.111 "GET /resource_providers/010f52c0-4714-49d2-9b0f-96bd1de5eeed/aggregates" status: 404 len: 235 microversion: 1.1 [pid: 8|app: 0|req: 578/1160] 10.0.0.111 () {32 vars in 816 bytes} [Tue Jul 14 06:33:50 2026] GET /resource_providers/010f52c0-4714-49d2-9b0f-96bd1de5eeed/aggregates => generated 235 bytes in 9 msecs (HTTP/1.1 404) 5 headers in 202 bytes (1 switches on core 0)
2026-07-14 06:33:50.589 7 INFO placement.requestlog [None req-6d5ef3c6-839b-45fc-b98e-90b84d96cfb5 f36f1bcb341743249daf9ef65c590387 3021b526741a4c7f9fad6f43734c6d6d - - 6eef1bc7744041b99f299e8954b9e4d8 6eef1bc7744041b99f299e8954b9e4d8] 10.0.0.111 "GET /resource_providers/010f52c0-4714-49d2-9b0f-96bd1de5eeed/aggregates" status: 404 len: 235 microversion: 1.1 [pid: 7|app: 0|req: 583/1161] 10.0.0.111 () {32 vars in 816 bytes} [Tue Jul 14 06:33:50 2026] GET /resource_providers/010f52c0-4714-49d2-9b0f-96bd1de5eeed/aggregates => generated 235 bytes in 9 msecs (HTTP/1.1 404) 5 headers in 202 bytes (1 switches on core 0)
2026-07-14 06:33:50.605 7 INFO placement.requestlog [None req-d4842993-fa45-4847-842e-8525e12a5b69 f36f1bcb341743249daf9ef65c590387 3021b526741a4c7f9fad6f43734c6d6d - - 6eef1bc7744041b99f299e8954b9e4d8 6eef1bc7744041b99f299e8954b9e4d8] 10.0.0.111 "DELETE /resource_providers/010f52c0-4714-49d2-9b0f-96bd1de5eeed" status: 404 len: 246 microversion: 1.1 [pid: 7|app: 0|req: 584/1162] 10.0.0.111 () {34 vars in 816 bytes} [Tue Jul 14 06:33:50 2026] DELETE /resource_providers/010f52c0-4714-49d2-9b0f-96bd1de5eeed => generated 246 bytes in 8 msecs (HTTP/1.1 404) 6 headers in 231 bytes (1 switches on core 0)
2026-07-14 06:33:50.610 8 INFO placement.requestlog [None req-5f76e407-f9f3-40a3-9b5a-514b1ea9d263 f36f1bcb341743249daf9ef65c590387 3021b526741a4c7f9fad6f43734c6d6d - - 6eef1bc7744041b99f299e8954b9e4d8 6eef1bc7744041b99f299e8954b9e4d8] 10.0.0.111 "DELETE /resource_providers/010f52c0-4714-49d2-9b0f-96bd1de5eeed" status: 404 len: 246 microversion: 1.1 [pid: 8|app: 0|req: 579/1163] 10.0.0.111 () {34 vars in 816 bytes} [Tue Jul 14 06:33:50 2026] DELETE /resource_providers/010f52c0-4714-49d2-9b0f-96bd1de5eeed => generated 246 bytes in 16 msecs (HTTP/1.1 404) 6 headers in 231 bytes (1 switches on core 0)
2026-07-14 06:33:58.624 7 INFO placement.requestlog [None req-f8847e41-de0c-465e-a557-d7024b6edbfe - - - - - -] 10.0.0.128 "GET /" status: 200 len: 136 microversion: 1.0
2026-07-14 06:33:58.625 8 INFO placement.requestlog [None req-c2814fb9-aaa5-45b2-b07a-f5a3ca1afc3e - - - - - -] 10.0.0.128 "GET /" status: 200 len: 136 microversion: 1.0
2026-07-14 06:34:06.554 7 INFO placement.requestlog [req-1adadce9-36e2-4c5e-906a-4b5b7e5cca01 req-4e753d6a-2dd7-43c9-984f-b4c9bd93f34b 05da32a58b13437d8b814f98a6acddf3 3021b526741a4c7f9fad6f43734c6d6d - - 6eef1bc7744041b99f299e8954b9e4d8 6eef1bc7744041b99f299e8954b9e4d8] 10.0.0.209 "GET /allocation_candidates?limit=1000&resources=DISK_GB%3A1%2CMEMORY_MB%3A512%2CVCPU%3A1&root_required=%21COMPUTE_STATUS_DISABLED" status: 200 len: 2445 microversion: 1.36 [pid: 7|app: 0|req: 586/1166] 10.0.0.209 () {34 vars in 1012 bytes} [Tue Jul 14 06:34:06 2026] GET /allocation_candidates?limit=1000&resources=DISK_GB%3A1%2CMEMORY_MB%3A512%2CVCPU%3A1&root_required=%21COMPUTE_STATUS_DISABLED => generated 2445 bytes in 43 msecs (HTTP/1.1 200) 8 headers in 297 bytes (1 switches on core 0)
2026-07-14 06:34:06.583 8 INFO placement.requestlog [req-1adadce9-36e2-4c5e-906a-4b5b7e5cca01 req-f1cc1cc9-67dc-4b2f-8365-9f333355c9d6 05da32a58b13437d8b814f98a6acddf3 3021b526741a4c7f9fad6f43734c6d6d - - 6eef1bc7744041b99f299e8954b9e4d8 6eef1bc7744041b99f299e8954b9e4d8] 10.0.0.209 "GET /allocations/ded3ba39-3b3a-4827-a3eb-33546fb00fa5" status: 200 len: 19 microversion: 1.28 [pid: 8|app: 0|req: 581/1167] 10.0.0.209 () {34 vars in 861 bytes} [Tue Jul 14 06:34:06 2026] GET /allocations/ded3ba39-3b3a-4827-a3eb-33546fb00fa5 => generated 19 bytes in 13 msecs (HTTP/1.1 200) 8 headers in 295 bytes (1 switches on core 0)
2026-07-14 06:34:06.661 7 INFO placement.requestlog [req-1adadce9-36e2-4c5e-906a-4b5b7e5cca01 req-cf84edf4-0ead-4c71-b509-c48c413d5820 05da32a58b13437d8b814f98a6acddf3 3021b526741a4c7f9fad6f43734c6d6d - - 6eef1bc7744041b99f299e8954b9e4d8 6eef1bc7744041b99f299e8954b9e4d8] 10.0.0.209 "PUT /allocations/ded3ba39-3b3a-4827-a3eb-33546fb00fa5" status: 204 len: 0 microversion: 1.36 [pid: 7|app: 0|req: 587/1168] 10.0.0.209 () {38 vars in 914 bytes} [Tue Jul 14 06:34:06 2026] PUT /allocations/ded3ba39-3b3a-4827-a3eb-33546fb00fa5 => generated 0 bytes in 71 msecs (HTTP/1.1 204) 5 headers in 199 bytes (1 switches on core 0)
2026-07-14 06:34:08.175 8 INFO placement.requestlog [req-1adadce9-36e2-4c5e-906a-4b5b7e5cca01 req-25b142c1-1cb3-4def-b5e1-37eabbc427a1 05da32a58b13437d8b814f98a6acddf3 3021b526741a4c7f9fad6f43734c6d6d - - 6eef1bc7744041b99f299e8954b9e4d8 6eef1bc7744041b99f299e8954b9e4d8] 199.19.213.104 "GET /allocations/ded3ba39-3b3a-4827-a3eb-33546fb00fa5" status: 200 len: 258 microversion: 1.28 [pid: 8|app: 0|req: 582/1169] 199.19.213.104 () {34 vars in 863 bytes} [Tue Jul 14 06:34:08 2026] GET /allocations/ded3ba39-3b3a-4827-a3eb-33546fb00fa5 => generated 258 bytes in 13 msecs (HTTP/1.1 200) 8 headers in 296 bytes (1 switches on core 0)
2026-07-14 06:34:08.624 8 INFO placement.requestlog [None req-c1e9d17d-3d60-4556-88d3-b69590b0c341 - - - - - -] 10.0.0.128 "GET /" status: 200 len: 136 microversion: 1.0
2026-07-14 06:34:08.625 7 INFO placement.requestlog [None req-63216e8f-f775-4cf7-8afe-9186ad4a7283 - - - - - -] 10.0.0.128 "GET /" status: 200 len: 136 microversion: 1.0
2026-07-14 06:34:08.819 8 INFO placement.requestlog [req-2508e14b-8854-49ed-a7b7-de01560c1831 req-5a6e41e7-ddd8-4a12-a486-f6bc373978d6 05da32a58b13437d8b814f98a6acddf3 3021b526741a4c7f9fad6f43734c6d6d - - 6eef1bc7744041b99f299e8954b9e4d8 6eef1bc7744041b99f299e8954b9e4d8] 199.19.213.104 "GET /resource_providers/5223b743-2340-48a5-82ca-c990b52aaafd/allocations" status: 200 len: 440 microversion: 1.0 [pid: 8|app: 0|req: 584/1172] 199.19.213.104 () {32 vars in 857 bytes} [Tue Jul 14 06:34:08 2026] GET /resource_providers/5223b743-2340-48a5-82ca-c990b52aaafd/allocations => generated 440 bytes in 20 msecs (HTTP/1.1 200) 6 headers in 224 bytes (1 switches on core 0)
2026-07-14 06:34:09.347 7 INFO placement.requestlog [req-2508e14b-8854-49ed-a7b7-de01560c1831 req-17a3b750-a2cf-48c8-adc2-e7de73fb99ae 05da32a58b13437d8b814f98a6acddf3 3021b526741a4c7f9fad6f43734c6d6d - - 6eef1bc7744041b99f299e8954b9e4d8 6eef1bc7744041b99f299e8954b9e4d8] 199.19.213.104 "GET /resource_providers/5223b743-2340-48a5-82ca-c990b52aaafd/allocations" status: 200 len: 440 microversion: 1.0 [pid: 7|app: 0|req: 589/1173] 199.19.213.104 () {32 vars in 857 bytes} [Tue Jul 14 06:34:09 2026] GET /resource_providers/5223b743-2340-48a5-82ca-c990b52aaafd/allocations => generated 440 bytes in 13 msecs (HTTP/1.1 200) 6 headers in 224 bytes (1 switches on core 0)
2026-07-14 06:34:09.367 8 INFO placement.requestlog [req-2508e14b-8854-49ed-a7b7-de01560c1831 req-d86dbc43-cdcd-4aac-9c53-a536c05807ce 05da32a58b13437d8b814f98a6acddf3 3021b526741a4c7f9fad6f43734c6d6d - - 6eef1bc7744041b99f299e8954b9e4d8 6eef1bc7744041b99f299e8954b9e4d8] 199.19.213.104 "GET /allocations/1dc028ee-84cd-48e2-961c-b7df25ab5583" status: 200 len: 258 microversion: 1.28 [pid: 8|app: 0|req: 585/1174] 199.19.213.104 () {34 vars in 863 bytes} [Tue Jul 14 06:34:09 2026] GET /allocations/1dc028ee-84cd-48e2-961c-b7df25ab5583 => generated 258 bytes in 13 msecs (HTTP/1.1 200) 8 headers in 296 bytes (1 switches on core 0)
2026-07-14 06:34:09.387 7 INFO placement.requestlog [req-2508e14b-8854-49ed-a7b7-de01560c1831 req-a0895240-1a7c-46d5-a951-1779d37afb32 05da32a58b13437d8b814f98a6acddf3 3021b526741a4c7f9fad6f43734c6d6d - - 6eef1bc7744041b99f299e8954b9e4d8 6eef1bc7744041b99f299e8954b9e4d8] 199.19.213.104 "GET /allocations/ded3ba39-3b3a-4827-a3eb-33546fb00fa5" status: 200 len: 258 microversion: 1.28 [pid: 7|app: 0|req: 590/1175] 199.19.213.104 () {34 vars in 863 bytes} [Tue Jul 14 06:34:09 2026] GET /allocations/ded3ba39-3b3a-4827-a3eb-33546fb00fa5 => generated 258 bytes in 14 msecs (HTTP/1.1 200) 8 headers in 296 bytes (1 switches on core 0)
2026-07-14 06:34:09.404 8 INFO placement.requestlog [req-2508e14b-8854-49ed-a7b7-de01560c1831 req-42154780-b45f-4702-9aac-5a96a9a07bde 05da32a58b13437d8b814f98a6acddf3 3021b526741a4c7f9fad6f43734c6d6d - - 6eef1bc7744041b99f299e8954b9e4d8 6eef1bc7744041b99f299e8954b9e4d8] 199.19.213.104 "GET /allocations/83204b20-8578-4c92-848e-ac22f788fb86" status: 200 len: 245 microversion: 1.28 [pid: 8|app: 0|req: 586/1176] 199.19.213.104 () {34 vars in 863 bytes} [Tue Jul 14 06:34:09 2026] GET /allocations/83204b20-8578-4c92-848e-ac22f788fb86 => generated 245 bytes in 12 msecs (HTTP/1.1 200) 8 headers in 296 bytes (1 switches on core 0)
2026-07-14 06:34:09.421 7 INFO placement.requestlog [req-2508e14b-8854-49ed-a7b7-de01560c1831 req-00252076-22ea-4803-ab13-7058c9928742 05da32a58b13437d8b814f98a6acddf3 3021b526741a4c7f9fad6f43734c6d6d - - 6eef1bc7744041b99f299e8954b9e4d8 6eef1bc7744041b99f299e8954b9e4d8] 199.19.213.104 "GET /allocations/594570b9-3777-460b-aac7-8dec3c27ca57" status: 200 len: 258 microversion: 1.28 [pid: 7|app: 0|req: 591/1177] 199.19.213.104 () {34 vars in 863 bytes} [Tue Jul 14 06:34:09 2026] GET /allocations/594570b9-3777-460b-aac7-8dec3c27ca57 => generated 258 bytes in 11 msecs (HTTP/1.1 200) 8 headers in 296 bytes (1 switches on core 0)
2026-07-14 06:34:11.476 8 INFO placement.requestlog [req-1adadce9-36e2-4c5e-906a-4b5b7e5cca01 req-0d44cf8d-1da8-4bd5-ab10-30e1c9ba6943 05da32a58b13437d8b814f98a6acddf3 3021b526741a4c7f9fad6f43734c6d6d - - 6eef1bc7744041b99f299e8954b9e4d8 6eef1bc7744041b99f299e8954b9e4d8] 199.19.213.104 "GET /resource_providers/5223b743-2340-48a5-82ca-c990b52aaafd/allocations" status: 200 len: 440 microversion: 1.0 [pid: 8|app: 0|req: 587/1178] 199.19.213.104 () {32 vars in 857 bytes} [Tue Jul 14 06:34:11 2026] GET /resource_providers/5223b743-2340-48a5-82ca-c990b52aaafd/allocations => generated 440 bytes in 17 msecs (HTTP/1.1 200) 6 headers in 224 bytes (1 switches on core 0)
2026-07-14 06:34:11.497 7 INFO placement.requestlog [req-1adadce9-36e2-4c5e-906a-4b5b7e5cca01 req-6e13fe01-2370-4b55-88af-7f09c7634df8 05da32a58b13437d8b814f98a6acddf3 3021b526741a4c7f9fad6f43734c6d6d - - 6eef1bc7744041b99f299e8954b9e4d8 6eef1bc7744041b99f299e8954b9e4d8] 199.19.213.104 "GET /allocations/1dc028ee-84cd-48e2-961c-b7df25ab5583" status: 200 len: 258 microversion: 1.28 [pid: 7|app: 0|req: 592/1179] 199.19.213.104 () {34 vars in 863 bytes} [Tue Jul 14 06:34:11 2026] GET /allocations/1dc028ee-84cd-48e2-961c-b7df25ab5583 => generated 258 bytes in 17 msecs (HTTP/1.1 200) 8 headers in 296 bytes (1 switches on core 0)
2026-07-14 06:34:11.519 8 INFO placement.requestlog [req-1adadce9-36e2-4c5e-906a-4b5b7e5cca01 req-3ca03e10-d5da-46ee-b13f-d47b7094664d 05da32a58b13437d8b814f98a6acddf3 3021b526741a4c7f9fad6f43734c6d6d - - 6eef1bc7744041b99f299e8954b9e4d8 6eef1bc7744041b99f299e8954b9e4d8] 199.19.213.104 "GET /allocations/ded3ba39-3b3a-4827-a3eb-33546fb00fa5" status: 200 len: 258 microversion: 1.28 [pid: 8|app: 0|req: 588/1180] 199.19.213.104 () {34 vars in 863 bytes} [Tue Jul 14 06:34:11 2026] GET /allocations/ded3ba39-3b3a-4827-a3eb-33546fb00fa5 => generated 258 bytes in 17 msecs (HTTP/1.1 200) 8 headers in 296 bytes (1 switches on core 0)
2026-07-14 06:34:11.536 7 INFO placement.requestlog [req-1adadce9-36e2-4c5e-906a-4b5b7e5cca01 req-aca00260-2b92-42da-bc98-8cdb95007924 05da32a58b13437d8b814f98a6acddf3 3021b526741a4c7f9fad6f43734c6d6d - - 6eef1bc7744041b99f299e8954b9e4d8 6eef1bc7744041b99f299e8954b9e4d8] 199.19.213.104 "GET /allocations/83204b20-8578-4c92-848e-ac22f788fb86" status: 200 len: 245 microversion: 1.28 [pid: 7|app: 0|req: 593/1181] 199.19.213.104 () {34 vars in 863 bytes} [Tue Jul 14 06:34:11 2026] GET /allocations/83204b20-8578-4c92-848e-ac22f788fb86 => generated 245 bytes in 13 msecs (HTTP/1.1 200) 8 headers in 296 bytes (1 switches on core 0)
2026-07-14 06:34:11.554 8 INFO placement.requestlog [req-1adadce9-36e2-4c5e-906a-4b5b7e5cca01 req-4430b19a-2ee9-4a71-a580-c347e0f64964 05da32a58b13437d8b814f98a6acddf3 3021b526741a4c7f9fad6f43734c6d6d - - 6eef1bc7744041b99f299e8954b9e4d8 6eef1bc7744041b99f299e8954b9e4d8] 199.19.213.104 "GET /allocations/594570b9-3777-460b-aac7-8dec3c27ca57" status: 200 len: 258 microversion: 1.28 [pid: 8|app: 0|req: 589/1182] 199.19.213.104 () {34 vars in 863 bytes} [Tue Jul 14 06:34:11 2026] GET /allocations/594570b9-3777-460b-aac7-8dec3c27ca57 => generated 258 bytes in 14 msecs (HTTP/1.1 200) 8 headers in 296 bytes (1 switches on core 0)
2026-07-14 06:34:18.625 8 INFO placement.requestlog [None req-aeefaf80-aa6b-409f-8696-64d0e133ce08 - - - - - -] 10.0.0.128 "GET /" status: 200 len: 136 microversion: 1.0
2026-07-14 06:34:18.625 7 INFO placement.requestlog [None req-ff25acd7-03d0-4030-baca-1516193dd1f8 - - - - - -] 10.0.0.128 "GET /" status: 200 len: 136 microversion: 1.0
2026-07-14 06:34:28.625 8 INFO placement.requestlog [None req-c3d3aba2-2647-4b54-a862-9d08aba39d8f - - - - - -] 10.0.0.128 "GET /" status: 200 len: 136 microversion: 1.0
2026-07-14 06:34:28.627 7 INFO placement.requestlog [None req-703374f3-e816-4ab6-82ea-7104b7e39a7d - - - - - -] 10.0.0.128 "GET /" status: 200 len: 136 microversion: 1.0
2026-07-14 06:34:38.625 7 INFO placement.requestlog [None req-b04cbec8-779d-425f-986c-dce285eac6f0 - - - - - -] 10.0.0.128 "GET /" status: 200 len: 136 microversion: 1.0
2026-07-14 06:34:38.625 8 INFO placement.requestlog [None req-7661d93f-8722-4530-97e6-6db275945e45 - - - - - -] 10.0.0.128 "GET /" status: 200 len: 136 microversion: 1.0
2026-07-14 06:34:39.134 7 INFO placement.requestlog [req-27b8b101-d46e-4eff-852c-dc5abfc8839f req-cf8ee23c-ce6b-40b9-ade5-e1c582396ac9 05da32a58b13437d8b814f98a6acddf3 3021b526741a4c7f9fad6f43734c6d6d - - 6eef1bc7744041b99f299e8954b9e4d8 6eef1bc7744041b99f299e8954b9e4d8] 199.19.213.104 "GET /resource_providers/5223b743-2340-48a5-82ca-c990b52aaafd/allocations" status: 200 len: 440 microversion: 1.0 [pid: 7|app: 0|req: 597/1189] 199.19.213.104 () {32 vars in 857 bytes} [Tue Jul 14 06:34:39 2026] GET /resource_providers/5223b743-2340-48a5-82ca-c990b52aaafd/allocations => generated 440 bytes in 17 msecs (HTTP/1.1 200) 6 headers in 224 bytes (1 switches on core 0)
2026-07-14 06:34:39.151 8 INFO placement.requestlog [req-27b8b101-d46e-4eff-852c-dc5abfc8839f req-cab20787-3540-43bd-84bd-9d6fafe37e4a 05da32a58b13437d8b814f98a6acddf3 3021b526741a4c7f9fad6f43734c6d6d - - 6eef1bc7744041b99f299e8954b9e4d8 6eef1bc7744041b99f299e8954b9e4d8] 199.19.213.104 "GET /allocations/1dc028ee-84cd-48e2-961c-b7df25ab5583" status: 200 len: 258 microversion: 1.28 [pid: 8|app: 0|req: 593/1190] 199.19.213.104 () {34 vars in 863 bytes} [Tue Jul 14 06:34:39 2026] GET /allocations/1dc028ee-84cd-48e2-961c-b7df25ab5583 => generated 258 bytes in 10 msecs (HTTP/1.1 200) 8 headers in 296 bytes (1 switches on core 0)
2026-07-14 06:34:39.168 7 INFO placement.requestlog [req-27b8b101-d46e-4eff-852c-dc5abfc8839f req-80d6da14-72f0-462e-85cf-ec3ff2209505 05da32a58b13437d8b814f98a6acddf3 3021b526741a4c7f9fad6f43734c6d6d - - 6eef1bc7744041b99f299e8954b9e4d8 6eef1bc7744041b99f299e8954b9e4d8] 199.19.213.104 "GET /allocations/ded3ba39-3b3a-4827-a3eb-33546fb00fa5" status: 200 len: 258 microversion: 1.28 [pid: 7|app: 0|req: 598/1191] 199.19.213.104 () {34 vars in 863 bytes} [Tue Jul 14 06:34:39 2026] GET /allocations/ded3ba39-3b3a-4827-a3eb-33546fb00fa5 => generated 258 bytes in 13 msecs (HTTP/1.1 200) 8 headers in 296 bytes (1 switches on core 0)
2026-07-14 06:34:39.186 8 INFO placement.requestlog [req-27b8b101-d46e-4eff-852c-dc5abfc8839f req-aaa359ba-f855-4718-9a76-d089319a1ff3 05da32a58b13437d8b814f98a6acddf3 3021b526741a4c7f9fad6f43734c6d6d - - 6eef1bc7744041b99f299e8954b9e4d8 6eef1bc7744041b99f299e8954b9e4d8] 199.19.213.104 "GET /allocations/83204b20-8578-4c92-848e-ac22f788fb86" status: 200 len: 245 microversion: 1.28 [pid: 8|app: 0|req: 594/1192] 199.19.213.104 () {34 vars in 863 bytes} [Tue Jul 14 06:34:39 2026] GET /allocations/83204b20-8578-4c92-848e-ac22f788fb86 => generated 245 bytes in 11 msecs (HTTP/1.1 200) 8 headers in 296 bytes (1 switches on core 0)
2026-07-14 06:34:39.202 7 INFO placement.requestlog [req-27b8b101-d46e-4eff-852c-dc5abfc8839f req-e8f9f27a-5107-4126-9309-0a62a61ed2a6 05da32a58b13437d8b814f98a6acddf3 3021b526741a4c7f9fad6f43734c6d6d - - 6eef1bc7744041b99f299e8954b9e4d8 6eef1bc7744041b99f299e8954b9e4d8] 199.19.213.104 "GET /allocations/594570b9-3777-460b-aac7-8dec3c27ca57" status: 200 len: 258 microversion: 1.28 [pid: 7|app: 0|req: 599/1193] 199.19.213.104 () {34 vars in 863 bytes} [Tue Jul 14 06:34:39 2026] GET /allocations/594570b9-3777-460b-aac7-8dec3c27ca57 => generated 258 bytes in 12 msecs (HTTP/1.1 200) 8 headers in 296 bytes (1 switches on core 0)
2026-07-14 06:34:40.254 8 INFO placement.requestlog [req-27b8b101-d46e-4eff-852c-dc5abfc8839f req-17209259-4717-4ff5-a95a-a6a49f6a0904 05da32a58b13437d8b814f98a6acddf3 3021b526741a4c7f9fad6f43734c6d6d - - 6eef1bc7744041b99f299e8954b9e4d8 6eef1bc7744041b99f299e8954b9e4d8] 199.19.213.104 "DELETE /allocations/ded3ba39-3b3a-4827-a3eb-33546fb00fa5" status: 204 len: 0 microversion: 1.0 [pid: 8|app: 0|req: 595/1194] 199.19.213.104 () {34 vars in 841 bytes} [Tue Jul 14 06:34:40 2026] DELETE /allocations/ded3ba39-3b3a-4827-a3eb-33546fb00fa5 => generated 0 bytes in 28 msecs (HTTP/1.1 204) 5 headers in 198 bytes (1 switches on core 0)
2026-07-14 06:34:43.923 7 INFO placement.requestlog [None req-8a49c5c4-1bee-4c3e-a94b-65a8ced769f2 f36f1bcb341743249daf9ef65c590387 3021b526741a4c7f9fad6f43734c6d6d - - 6eef1bc7744041b99f299e8954b9e4d8 6eef1bc7744041b99f299e8954b9e4d8] 10.0.0.111 "GET /resource_providers/2963ac43-d3b4-446d-94ee-62fd5a58952f/aggregates" status: 404 len: 235 microversion: 1.1 [pid: 7|app: 0|req: 600/1195] 10.0.0.111 () {32 vars in 816 bytes} [Tue Jul 14 06:34:43 2026] GET /resource_providers/2963ac43-d3b4-446d-94ee-62fd5a58952f/aggregates => generated 235 bytes in 129 msecs (HTTP/1.1 404) 5 headers in 202 bytes (1 switches on core 0)
2026-07-14 06:34:43.940 8 INFO placement.requestlog [None req-e00a0ca4-6c6d-4a0e-ab23-daa9f0637f4e f36f1bcb341743249daf9ef65c590387 3021b526741a4c7f9fad6f43734c6d6d - - 6eef1bc7744041b99f299e8954b9e4d8 6eef1bc7744041b99f299e8954b9e4d8] 10.0.0.111 "GET /resource_providers/2963ac43-d3b4-446d-94ee-62fd5a58952f/aggregates" status: 404 len: 235 microversion: 1.1 [pid: 8|app: 0|req: 596/1196] 10.0.0.111 () {32 vars in 816 bytes} [Tue Jul 14 06:34:43 2026] GET /resource_providers/2963ac43-d3b4-446d-94ee-62fd5a58952f/aggregates => generated 235 bytes in 141 msecs (HTTP/1.1 404) 5 headers in 202 bytes (1 switches on core 0)
2026-07-14 06:34:43.949 7 INFO placement.requestlog [None req-6b704904-6224-4f89-84ef-a93c25f38dc1 f36f1bcb341743249daf9ef65c590387 3021b526741a4c7f9fad6f43734c6d6d - - 6eef1bc7744041b99f299e8954b9e4d8 6eef1bc7744041b99f299e8954b9e4d8] 10.0.0.111 "DELETE /resource_providers/2963ac43-d3b4-446d-94ee-62fd5a58952f" status: 404 len: 246 microversion: 1.1 [pid: 7|app: 0|req: 601/1197] 10.0.0.111 () {34 vars in 816 bytes} [Tue Jul 14 06:34:43 2026] DELETE /resource_providers/2963ac43-d3b4-446d-94ee-62fd5a58952f => generated 246 bytes in 12 msecs (HTTP/1.1 404) 6 headers in 231 bytes (1 switches on core 0)
2026-07-14 06:34:43.960 8 INFO placement.requestlog [None req-f00626be-65d0-43a6-9473-9e695c64c8b3 f36f1bcb341743249daf9ef65c590387 3021b526741a4c7f9fad6f43734c6d6d - - 6eef1bc7744041b99f299e8954b9e4d8 6eef1bc7744041b99f299e8954b9e4d8] 10.0.0.111 "DELETE /resource_providers/2963ac43-d3b4-446d-94ee-62fd5a58952f" status: 404 len: 246 microversion: 1.1 [pid: 8|app: 0|req: 597/1198] 10.0.0.111 () {34 vars in 816 bytes} [Tue Jul 14 06:34:43 2026] DELETE /resource_providers/2963ac43-d3b4-446d-94ee-62fd5a58952f => generated 246 bytes in 10 msecs (HTTP/1.1 404) 6 headers in 231 bytes (1 switches on core 0)
2026-07-14 06:34:45.980 8 INFO placement.requestlog [None req-12ead583-6a06-43be-abba-3089e6f7a92c f36f1bcb341743249daf9ef65c590387 3021b526741a4c7f9fad6f43734c6d6d - - 6eef1bc7744041b99f299e8954b9e4d8 6eef1bc7744041b99f299e8954b9e4d8] 10.0.0.111 "GET /resource_providers/24bf456a-798c-4d95-a304-b51d396ec5d5/aggregates" status: 404 len: 235 microversion: 1.1 [pid: 8|app: 0|req: 598/1199] 10.0.0.111 () {32 vars in 816 bytes} [Tue Jul 14 06:34:45 2026] GET /resource_providers/24bf456a-798c-4d95-a304-b51d396ec5d5/aggregates => generated 235 bytes in 11 msecs (HTTP/1.1 404) 5 headers in 202 bytes (1 switches on core 0)
2026-07-14 06:34:45.982 7 INFO placement.requestlog [None req-d352a8f5-468a-41f2-aabc-fdc317addc4a f36f1bcb341743249daf9ef65c590387 3021b526741a4c7f9fad6f43734c6d6d - - 6eef1bc7744041b99f299e8954b9e4d8 6eef1bc7744041b99f299e8954b9e4d8] 10.0.0.111 "GET /resource_providers/24bf456a-798c-4d95-a304-b51d396ec5d5/aggregates" status: 404 len: 235 microversion: 1.1 [pid: 7|app: 0|req: 602/1200] 10.0.0.111 () {32 vars in 816 bytes} [Tue Jul 14 06:34:45 2026] GET /resource_providers/24bf456a-798c-4d95-a304-b51d396ec5d5/aggregates => generated 235 bytes in 15 msecs (HTTP/1.1 404) 5 headers in 202 bytes (1 switches on core 0)
2026-07-14 06:34:45.997 8 INFO placement.requestlog [None req-ada90f78-020c-427e-90cb-673b10948145 f36f1bcb341743249daf9ef65c590387 3021b526741a4c7f9fad6f43734c6d6d - - 6eef1bc7744041b99f299e8954b9e4d8 6eef1bc7744041b99f299e8954b9e4d8] 10.0.0.111 "DELETE /resource_providers/24bf456a-798c-4d95-a304-b51d396ec5d5" status: 404 len: 246 microversion: 1.1 [pid: 8|app: 0|req: 599/1201] 10.0.0.111 () {34 vars in 816 bytes} [Tue Jul 14 06:34:45 2026] DELETE /resource_providers/24bf456a-798c-4d95-a304-b51d396ec5d5 => generated 246 bytes in 6 msecs (HTTP/1.1 404) 6 headers in 231 bytes (1 switches on core 0)
2026-07-14 06:34:46.011 7 INFO placement.requestlog [None req-779b3c3e-2012-49bc-8877-a3de6729924c f36f1bcb341743249daf9ef65c590387 3021b526741a4c7f9fad6f43734c6d6d - - 6eef1bc7744041b99f299e8954b9e4d8 6eef1bc7744041b99f299e8954b9e4d8] 10.0.0.111 "DELETE /resource_providers/24bf456a-798c-4d95-a304-b51d396ec5d5" status: 404 len: 246 microversion: 1.1 [pid: 7|app: 0|req: 603/1202] 10.0.0.111 () {34 vars in 816 bytes} [Tue Jul 14 06:34:45 2026] DELETE /resource_providers/24bf456a-798c-4d95-a304-b51d396ec5d5 => generated 246 bytes in 15 msecs (HTTP/1.1 404) 6 headers in 231 bytes (1 switches on core 0)
2026-07-14 06:34:48.020 8 INFO placement.requestlog [None req-5e09c6a1-090c-4dbb-8788-2f511794ed73 f36f1bcb341743249daf9ef65c590387 3021b526741a4c7f9fad6f43734c6d6d - - 6eef1bc7744041b99f299e8954b9e4d8 6eef1bc7744041b99f299e8954b9e4d8] 10.0.0.111 "GET /resource_providers/72bafd9e-135f-4df2-9c84-829962639b06/aggregates" status: 404 len: 235 microversion: 1.1 [pid: 8|app: 0|req: 600/1203] 10.0.0.111 () {32 vars in 816 bytes} [Tue Jul 14 06:34:48 2026] GET /resource_providers/72bafd9e-135f-4df2-9c84-829962639b06/aggregates => generated 235 bytes in 13 msecs (HTTP/1.1 404) 5 headers in 202 bytes (1 switches on core 0)
2026-07-14 06:34:48.029 7 INFO placement.requestlog [None req-085cc9d8-3261-4ef0-8594-ea4eebd2dba4 f36f1bcb341743249daf9ef65c590387 3021b526741a4c7f9fad6f43734c6d6d - - 6eef1bc7744041b99f299e8954b9e4d8 6eef1bc7744041b99f299e8954b9e4d8] 10.0.0.111 "GET /resource_providers/72bafd9e-135f-4df2-9c84-829962639b06/aggregates" status: 404 len: 235 microversion: 1.1 [pid: 7|app: 0|req: 604/1204] 10.0.0.111 () {32 vars in 816 bytes} [Tue Jul 14 06:34:48 2026] GET /resource_providers/72bafd9e-135f-4df2-9c84-829962639b06/aggregates => generated 235 bytes in 12 msecs (HTTP/1.1 404) 5 headers in 202 bytes (1 switches on core 0)
2026-07-14 06:34:48.039 8 INFO placement.requestlog [None req-640b6b3d-6a59-4914-ba3c-04a5fd8a9565 f36f1bcb341743249daf9ef65c590387 3021b526741a4c7f9fad6f43734c6d6d - - 6eef1bc7744041b99f299e8954b9e4d8 6eef1bc7744041b99f299e8954b9e4d8] 10.0.0.111 "DELETE /resource_providers/72bafd9e-135f-4df2-9c84-829962639b06" status: 404 len: 246 microversion: 1.1 [pid: 8|app: 0|req: 601/1205] 10.0.0.111 () {34 vars in 816 bytes} [Tue Jul 14 06:34:48 2026] DELETE /resource_providers/72bafd9e-135f-4df2-9c84-829962639b06 => generated 246 bytes in 12 msecs (HTTP/1.1 404) 6 headers in 231 bytes (1 switches on core 0)
2026-07-14 06:34:48.050 7 INFO placement.requestlog [None req-2471a53d-ef9a-4bb0-8282-d34aa5ccb743 f36f1bcb341743249daf9ef65c590387 3021b526741a4c7f9fad6f43734c6d6d - - 6eef1bc7744041b99f299e8954b9e4d8 6eef1bc7744041b99f299e8954b9e4d8] 10.0.0.111 "DELETE /resource_providers/72bafd9e-135f-4df2-9c84-829962639b06" status: 404 len: 246 microversion: 1.1 [pid: 7|app: 0|req: 605/1206] 10.0.0.111 () {34 vars in 816 bytes} [Tue Jul 14 06:34:48 2026] DELETE /resource_providers/72bafd9e-135f-4df2-9c84-829962639b06 => generated 246 bytes in 12 msecs (HTTP/1.1 404) 6 headers in 231 bytes (1 switches on core 0)
2026-07-14 06:34:48.060 8 INFO placement.requestlog [None req-60f06193-cbcd-4475-9288-c0012948897d f36f1bcb341743249daf9ef65c590387 3021b526741a4c7f9fad6f43734c6d6d - - 6eef1bc7744041b99f299e8954b9e4d8 6eef1bc7744041b99f299e8954b9e4d8] 10.0.0.111 "GET /resource_providers/67b40122-dd2e-4200-a133-72eb2a0b37d1/aggregates" status: 404 len: 235 microversion: 1.1 [pid: 8|app: 0|req: 602/1207] 10.0.0.111 () {32 vars in 816 bytes} [Tue Jul 14 06:34:48 2026] GET /resource_providers/67b40122-dd2e-4200-a133-72eb2a0b37d1/aggregates => generated 235 bytes in 13 msecs (HTTP/1.1 404) 5 headers in 202 bytes (1 switches on core 0)
2026-07-14 06:34:48.076 7 INFO placement.requestlog [None req-fc989524-8b6e-4b41-a108-015315141ae7 f36f1bcb341743249daf9ef65c590387 3021b526741a4c7f9fad6f43734c6d6d - - 6eef1bc7744041b99f299e8954b9e4d8 6eef1bc7744041b99f299e8954b9e4d8] 10.0.0.111 "GET /resource_providers/67b40122-dd2e-4200-a133-72eb2a0b37d1/aggregates" status: 404 len: 235 microversion: 1.1 [pid: 7|app: 0|req: 606/1208] 10.0.0.111 () {32 vars in 816 bytes} [Tue Jul 14 06:34:48 2026] GET /resource_providers/67b40122-dd2e-4200-a133-72eb2a0b37d1/aggregates => generated 235 bytes in 16 msecs (HTTP/1.1 404) 5 headers in 202 bytes (1 switches on core 0)
2026-07-14 06:34:48.081 8 INFO placement.requestlog [None req-e2ece04c-706b-42bf-bc46-d86ee0039995 f36f1bcb341743249daf9ef65c590387 3021b526741a4c7f9fad6f43734c6d6d - - 6eef1bc7744041b99f299e8954b9e4d8 6eef1bc7744041b99f299e8954b9e4d8] 10.0.0.111 "DELETE /resource_providers/67b40122-dd2e-4200-a133-72eb2a0b37d1" status: 404 len: 246 microversion: 1.1 [pid: 8|app: 0|req: 603/1209] 10.0.0.111 () {34 vars in 816 bytes} [Tue Jul 14 06:34:48 2026] DELETE /resource_providers/67b40122-dd2e-4200-a133-72eb2a0b37d1 => generated 246 bytes in 10 msecs (HTTP/1.1 404) 6 headers in 231 bytes (1 switches on core 0)
