2026-04-20 06:21:00.066 8 INFO placement.requestlog [None req-daff8446-edad-49cc-af70-1ec467ba8081 - - - - - -] 10.0.0.150 "GET /" status: 200 len: 136 microversion: 1.0
2026-04-20 06:21:10.065 7 INFO placement.requestlog [None req-093e3ec5-b866-40f6-98b2-a73b874be499 - - - - - -] 10.0.0.150 "GET /" status: 200 len: 136 microversion: 1.0
2026-04-20 06:21:10.065 8 INFO placement.requestlog [None req-0059e5f6-5020-4a48-bf7c-cbdcb1e82b77 - - - - - -] 10.0.0.150 "GET /" status: 200 len: 136 microversion: 1.0
2026-04-20 06:21:20.074 7 INFO placement.requestlog [None req-5e2c00a9-a488-49b1-b243-d280766b4a11 - - - - - -] 10.0.0.150 "GET /" status: 200 len: 136 microversion: 1.0
2026-04-20 06:21:20.078 8 INFO placement.requestlog [None req-a57c3dc4-c6c3-44f7-93e5-f854951f60a0 - - - - - -] 10.0.0.150 "GET /" status: 200 len: 136 microversion: 1.0
2026-04-20 06:21:30.065 7 INFO placement.requestlog [None req-b1bade6e-d170-4651-9e7d-ba91f33eec3d - - - - - -] 10.0.0.150 "GET /" status: 200 len: 136 microversion: 1.0
2026-04-20 06:21:30.067 8 INFO placement.requestlog [None req-8695f27a-ce69-4202-b89b-8d5f992085c6 - - - - - -] 10.0.0.150 "GET /" status: 200 len: 136 microversion: 1.0
2026-04-20 06:21:40.064 7 INFO placement.requestlog [None req-1a56356f-673c-4bf0-b67a-4211ba70cf00 - - - - - -] 10.0.0.150 "GET /" status: 200 len: 136 microversion: 1.0
2026-04-20 06:21:40.064 8 INFO placement.requestlog [None req-89a016d3-95d7-4d98-95d5-11e09bb44ef3 - - - - - -] 10.0.0.150 "GET /" status: 200 len: 136 microversion: 1.0
2026-04-20 06:21:50.065 8 INFO placement.requestlog [None req-44c94f26-3888-408b-8d91-b417df4ea31e - - - - - -] 10.0.0.150 "GET /" status: 200 len: 136 microversion: 1.0
2026-04-20 06:21:50.065 7 INFO placement.requestlog [None req-5961b266-6e41-47ea-a693-ee0bae67a05f - - - - - -] 10.0.0.150 "GET /" status: 200 len: 136 microversion: 1.0
2026-04-20 06:21:53.797 8 INFO placement.requestlog [req-db357a5d-e37e-4574-8d98-56c726bea0fc req-54a3e3f8-d822-43bb-b68b-4006dc311666 6fb990d335664989b21bea3395faaf3d 93d6a35b6ff448d2ae156e5beb2c18eb - - bb01ae8e114d4803851d827d9a770297 bb01ae8e114d4803851d827d9a770297] 199.19.213.23 "GET /resource_providers/a07b9130-e447-42d0-b3ba-6a5798da9d85/allocations" status: 200 len: 54 microversion: 1.0 [pid: 8|app: 0|req: 112/225] 199.19.213.23 () {32 vars in 856 bytes} [Mon Apr 20 06:21:53 2026] GET /resource_providers/a07b9130-e447-42d0-b3ba-6a5798da9d85/allocations => generated 54 bytes in 19 msecs (HTTP/1.1 200) 6 headers in 223 bytes (1 switches on core 0)
2026-04-20 06:21:53.817 7 INFO placement.requestlog [req-db357a5d-e37e-4574-8d98-56c726bea0fc req-301f567a-7dda-439a-ad83-2464985f3c6a 6fb990d335664989b21bea3395faaf3d 93d6a35b6ff448d2ae156e5beb2c18eb - - bb01ae8e114d4803851d827d9a770297 bb01ae8e114d4803851d827d9a770297] 199.19.213.23 "GET /resource_providers/a07b9130-e447-42d0-b3ba-6a5798da9d85/allocations" status: 200 len: 54 microversion: 1.0 [pid: 7|app: 0|req: 114/226] 199.19.213.23 () {32 vars in 856 bytes} [Mon Apr 20 06:21:53 2026] GET /resource_providers/a07b9130-e447-42d0-b3ba-6a5798da9d85/allocations => generated 54 bytes in 14 msecs (HTTP/1.1 200) 6 headers in 223 bytes (1 switches on core 0)
2026-04-20 06:22:00.066 7 INFO placement.requestlog [None req-a059ebce-ee2f-4566-aad5-cc909120e422 - - - - - -] 10.0.0.150 "GET /" status: 200 len: 136 microversion: 1.0
2026-04-20 06:22:00.066 8 INFO placement.requestlog [None req-f48a37b0-5373-4694-ac8f-62b88548b55e - - - - - -] 10.0.0.150 "GET /" status: 200 len: 136 microversion: 1.0
2026-04-20 06:22:10.065 8 INFO placement.requestlog [None req-ccaa4f43-490f-4ad9-9ad2-4948868da827 - - - - - -] 10.0.0.150 "GET /" status: 200 len: 136 microversion: 1.0
2026-04-20 06:22:10.065 7 INFO placement.requestlog [None req-915138e5-ccf6-45cc-a2ce-648d3faea831 - - - - - -] 10.0.0.150 "GET /" status: 200 len: 136 microversion: 1.0
2026-04-20 06:22:20.065 8 INFO placement.requestlog [None req-6ac4c521-d53b-46a9-8c59-d88d4e9c0457 - - - - - -] 10.0.0.150 "GET /" status: 200 len: 136 microversion: 1.0
2026-04-20 06:22:20.065 7 INFO placement.requestlog [None req-2128b62b-8236-4d42-8721-2a5c264f5f13 - - - - - -] 10.0.0.150 "GET /" status: 200 len: 136 microversion: 1.0
2026-04-20 06:22:30.065 8 INFO placement.requestlog [None req-fa223dba-c4da-4167-a5d2-a62fd64a0c60 - - - - - -] 10.0.0.150 "GET /" status: 200 len: 136 microversion: 1.0
2026-04-20 06:22:30.065 7 INFO placement.requestlog [None req-603539a5-de29-4152-90e8-719a8b6063e4 - - - - - -] 10.0.0.150 "GET /" status: 200 len: 136 microversion: 1.0
2026-04-20 06:22:40.065 8 INFO placement.requestlog [None req-3fffca3d-7557-4868-896d-a5043f7a485b - - - - - -] 10.0.0.150 "GET /" status: 200 len: 136 microversion: 1.0
2026-04-20 06:22:40.066 7 INFO placement.requestlog [None req-6b8b70d2-e079-44c3-bff3-b8323c4a03c4 - - - - - -] 10.0.0.150 "GET /" status: 200 len: 136 microversion: 1.0
2026-04-20 06:22:49.987 8 INFO placement.requestlog [req-5d8f0b99-7e14-4dfc-8e6a-a7adb4b32e3d req-487e83b0-ff11-489e-8658-898ae0a7b919 6fb990d335664989b21bea3395faaf3d 93d6a35b6ff448d2ae156e5beb2c18eb - - bb01ae8e114d4803851d827d9a770297 bb01ae8e114d4803851d827d9a770297] 199.19.213.23 "GET /resource_providers/a07b9130-e447-42d0-b3ba-6a5798da9d85/allocations" status: 200 len: 54 microversion: 1.0 [pid: 8|app: 0|req: 118/237] 199.19.213.23 () {32 vars in 856 bytes} [Mon Apr 20 06:22:49 2026] GET /resource_providers/a07b9130-e447-42d0-b3ba-6a5798da9d85/allocations => generated 54 bytes in 14 msecs (HTTP/1.1 200) 6 headers in 223 bytes (1 switches on core 0)
2026-04-20 06:22:50.006 7 INFO placement.requestlog [req-5d8f0b99-7e14-4dfc-8e6a-a7adb4b32e3d req-30c0c23e-f9fb-4a3b-a952-d33a2c6ea644 6fb990d335664989b21bea3395faaf3d 93d6a35b6ff448d2ae156e5beb2c18eb - - bb01ae8e114d4803851d827d9a770297 bb01ae8e114d4803851d827d9a770297] 199.19.213.23 "GET /resource_providers/a07b9130-e447-42d0-b3ba-6a5798da9d85/allocations" status: 200 len: 54 microversion: 1.0 [pid: 7|app: 0|req: 120/238] 199.19.213.23 () {32 vars in 856 bytes} [Mon Apr 20 06:22:49 2026] GET /resource_providers/a07b9130-e447-42d0-b3ba-6a5798da9d85/allocations => generated 54 bytes in 13 msecs (HTTP/1.1 200) 6 headers in 223 bytes (1 switches on core 0)
2026-04-20 06:22:50.065 8 INFO placement.requestlog [None req-c6459e74-8077-42c8-b733-177e7e1df3eb - - - - - -] 10.0.0.150 "GET /" status: 200 len: 136 microversion: 1.0
2026-04-20 06:22:50.065 7 INFO placement.requestlog [None req-405d1870-59d8-42d4-b3b1-82f62baf3efc - - - - - -] 10.0.0.150 "GET /" status: 200 len: 136 microversion: 1.0
2026-04-20 06:23:00.065 8 INFO placement.requestlog [None req-50ea3693-8253-4675-949c-b4d24193a892 - - - - - -] 10.0.0.150 "GET /" status: 200 len: 136 microversion: 1.0
2026-04-20 06:23:00.066 7 INFO placement.requestlog [None req-1e303562-1c24-4b1a-81ca-38fc10494104 - - - - - -] 10.0.0.150 "GET /" status: 200 len: 136 microversion: 1.0
2026-04-20 06:23:01.517 8 INFO placement.requestlog [req-9fa3015f-6a7a-4ae0-9f13-20a54227ee4c req-86692f32-bf44-4a35-bfea-08dba159e185 6fb990d335664989b21bea3395faaf3d 93d6a35b6ff448d2ae156e5beb2c18eb - - bb01ae8e114d4803851d827d9a770297 bb01ae8e114d4803851d827d9a770297] 10.0.0.145 "GET /allocation_candidates?limit=1000&resources=DISK_GB%3A1%2CMEMORY_MB%3A512%2CVCPU%3A1&root_required=%21COMPUTE_STATUS_DISABLED" status: 200 len: 2781 microversion: 1.36 [pid: 8|app: 0|req: 121/243] 10.0.0.145 () {34 vars in 1012 bytes} [Mon Apr 20 06:23:01 2026] GET /allocation_candidates?limit=1000&resources=DISK_GB%3A1%2CMEMORY_MB%3A512%2CVCPU%3A1&root_required=%21COMPUTE_STATUS_DISABLED => generated 2781 bytes in 241 msecs (HTTP/1.1 200) 8 headers in 297 bytes (1 switches on core 0)
2026-04-20 06:23:01.571 7 INFO placement.requestlog [req-9fa3015f-6a7a-4ae0-9f13-20a54227ee4c req-f3accac9-9609-4439-a55f-91c098f20deb 6fb990d335664989b21bea3395faaf3d 93d6a35b6ff448d2ae156e5beb2c18eb - - bb01ae8e114d4803851d827d9a770297 bb01ae8e114d4803851d827d9a770297] 10.0.0.145 "GET /allocations/aa9086b4-352a-405b-92bb-55a37bb684ca" status: 200 len: 19 microversion: 1.28 [pid: 7|app: 0|req: 123/244] 10.0.0.145 () {34 vars in 861 bytes} [Mon Apr 20 06:23:01 2026] GET /allocations/aa9086b4-352a-405b-92bb-55a37bb684ca => generated 19 bytes in 12 msecs (HTTP/1.1 200) 8 headers in 295 bytes (1 switches on core 0)
2026-04-20 06:23:01.653 8 INFO placement.requestlog [req-9fa3015f-6a7a-4ae0-9f13-20a54227ee4c req-a8002cd8-30d5-4d55-b255-79249a415449 6fb990d335664989b21bea3395faaf3d 93d6a35b6ff448d2ae156e5beb2c18eb - - bb01ae8e114d4803851d827d9a770297 bb01ae8e114d4803851d827d9a770297] 10.0.0.145 "PUT /allocations/aa9086b4-352a-405b-92bb-55a37bb684ca" status: 204 len: 0 microversion: 1.36 [pid: 8|app: 0|req: 122/245] 10.0.0.145 () {38 vars in 914 bytes} [Mon Apr 20 06:23:01 2026] PUT /allocations/aa9086b4-352a-405b-92bb-55a37bb684ca => generated 0 bytes in 69 msecs (HTTP/1.1 204) 5 headers in 199 bytes (1 switches on core 0)
2026-04-20 06:23:02.014 7 INFO placement.requestlog [req-aeac6868-e7ab-4c40-9bbc-03d6f6043a8d req-7aba5f23-657d-4d52-8a38-dc035ea3d6ac 6fb990d335664989b21bea3395faaf3d 93d6a35b6ff448d2ae156e5beb2c18eb - - bb01ae8e114d4803851d827d9a770297 bb01ae8e114d4803851d827d9a770297] 10.0.0.145 "GET /allocation_candidates?limit=1000&resources=DISK_GB%3A1%2CMEMORY_MB%3A512%2CVCPU%3A1&root_required=%21COMPUTE_STATUS_DISABLED" status: 200 len: 2783 microversion: 1.36 [pid: 7|app: 0|req: 124/246] 10.0.0.145 () {34 vars in 1012 bytes} [Mon Apr 20 06:23:01 2026] GET /allocation_candidates?limit=1000&resources=DISK_GB%3A1%2CMEMORY_MB%3A512%2CVCPU%3A1&root_required=%21COMPUTE_STATUS_DISABLED => generated 2783 bytes in 107 msecs (HTTP/1.1 200) 8 headers in 297 bytes (1 switches on core 0)
2026-04-20 06:23:02.072 8 INFO placement.requestlog [req-aeac6868-e7ab-4c40-9bbc-03d6f6043a8d req-692ca18e-38e1-40bc-b017-bdcf99cdff9b 6fb990d335664989b21bea3395faaf3d 93d6a35b6ff448d2ae156e5beb2c18eb - - bb01ae8e114d4803851d827d9a770297 bb01ae8e114d4803851d827d9a770297] 10.0.0.145 "GET /allocations/70ce0506-5641-4184-ba2f-2a0449109929" status: 200 len: 19 microversion: 1.28 [pid: 8|app: 0|req: 123/247] 10.0.0.145 () {34 vars in 861 bytes} [Mon Apr 20 06:23:02 2026] GET /allocations/70ce0506-5641-4184-ba2f-2a0449109929 => generated 19 bytes in 12 msecs (HTTP/1.1 200) 8 headers in 295 bytes (1 switches on core 0)
2026-04-20 06:23:02.147 7 INFO placement.requestlog [req-aeac6868-e7ab-4c40-9bbc-03d6f6043a8d req-e9087462-161e-4a01-9b0e-893273339b72 6fb990d335664989b21bea3395faaf3d 93d6a35b6ff448d2ae156e5beb2c18eb - - bb01ae8e114d4803851d827d9a770297 bb01ae8e114d4803851d827d9a770297] 10.0.0.145 "PUT /allocations/70ce0506-5641-4184-ba2f-2a0449109929" status: 204 len: 0 microversion: 1.36 [pid: 7|app: 0|req: 125/248] 10.0.0.145 () {38 vars in 914 bytes} [Mon Apr 20 06:23:02 2026] PUT /allocations/70ce0506-5641-4184-ba2f-2a0449109929 => generated 0 bytes in 68 msecs (HTTP/1.1 204) 5 headers in 199 bytes (1 switches on core 0)
2026-04-20 06:23:03.085 8 INFO placement.requestlog [req-9fa3015f-6a7a-4ae0-9f13-20a54227ee4c req-0aa21726-687a-4f5b-bb2e-d1050cf2e527 6fb990d335664989b21bea3395faaf3d 93d6a35b6ff448d2ae156e5beb2c18eb - - bb01ae8e114d4803851d827d9a770297 bb01ae8e114d4803851d827d9a770297] 199.19.213.23 "GET /allocations/aa9086b4-352a-405b-92bb-55a37bb684ca" status: 200 len: 257 microversion: 1.28 [pid: 8|app: 0|req: 124/249] 199.19.213.23 () {34 vars in 862 bytes} [Mon Apr 20 06:23:03 2026] GET /allocations/aa9086b4-352a-405b-92bb-55a37bb684ca => generated 257 bytes in 14 msecs (HTTP/1.1 200) 8 headers in 296 bytes (1 switches on core 0)
2026-04-20 06:23:03.751 7 INFO placement.requestlog [req-aeac6868-e7ab-4c40-9bbc-03d6f6043a8d req-0e23da74-cb94-4c5d-90ca-782eaaf08c5a 6fb990d335664989b21bea3395faaf3d 93d6a35b6ff448d2ae156e5beb2c18eb - - bb01ae8e114d4803851d827d9a770297 bb01ae8e114d4803851d827d9a770297] 199.19.213.23 "GET /allocations/70ce0506-5641-4184-ba2f-2a0449109929" status: 200 len: 257 microversion: 1.28 [pid: 7|app: 0|req: 126/250] 199.19.213.23 () {34 vars in 862 bytes} [Mon Apr 20 06:23:03 2026] GET /allocations/70ce0506-5641-4184-ba2f-2a0449109929 => generated 257 bytes in 34 msecs (HTTP/1.1 200) 8 headers in 296 bytes (1 switches on core 0)
2026-04-20 06:23:04.121 8 INFO placement.requestlog [req-9fa3015f-6a7a-4ae0-9f13-20a54227ee4c req-87fb554a-a2ce-414c-a87e-7d2ae3cbfa40 6fb990d335664989b21bea3395faaf3d 93d6a35b6ff448d2ae156e5beb2c18eb - - bb01ae8e114d4803851d827d9a770297 bb01ae8e114d4803851d827d9a770297] 199.19.213.23 "GET /resource_providers/a07b9130-e447-42d0-b3ba-6a5798da9d85/allocations" status: 200 len: 252 microversion: 1.0 [pid: 8|app: 0|req: 125/251] 199.19.213.23 () {32 vars in 856 bytes} [Mon Apr 20 06:23:04 2026] GET /resource_providers/a07b9130-e447-42d0-b3ba-6a5798da9d85/allocations => generated 252 bytes in 17 msecs (HTTP/1.1 200) 6 headers in 224 bytes (1 switches on core 0)
2026-04-20 06:23:04.139 7 INFO placement.requestlog [req-9fa3015f-6a7a-4ae0-9f13-20a54227ee4c req-f03c3d72-b527-4d04-8ec0-df47cdca484e 6fb990d335664989b21bea3395faaf3d 93d6a35b6ff448d2ae156e5beb2c18eb - - bb01ae8e114d4803851d827d9a770297 bb01ae8e114d4803851d827d9a770297] 199.19.213.23 "GET /allocations/aa9086b4-352a-405b-92bb-55a37bb684ca" status: 200 len: 257 microversion: 1.28 [pid: 7|app: 0|req: 127/252] 199.19.213.23 () {34 vars in 862 bytes} [Mon Apr 20 06:23:04 2026] GET /allocations/aa9086b4-352a-405b-92bb-55a37bb684ca => generated 257 bytes in 11 msecs (HTTP/1.1 200) 8 headers in 296 bytes (1 switches on core 0)
2026-04-20 06:23:04.155 8 INFO placement.requestlog [req-9fa3015f-6a7a-4ae0-9f13-20a54227ee4c req-858de488-587c-48b6-b7e4-44983da5a2eb 6fb990d335664989b21bea3395faaf3d 93d6a35b6ff448d2ae156e5beb2c18eb - - bb01ae8e114d4803851d827d9a770297 bb01ae8e114d4803851d827d9a770297] 199.19.213.23 "GET /allocations/70ce0506-5641-4184-ba2f-2a0449109929" status: 200 len: 257 microversion: 1.28 [pid: 8|app: 0|req: 126/253] 199.19.213.23 () {34 vars in 862 bytes} [Mon Apr 20 06:23:04 2026] GET /allocations/70ce0506-5641-4184-ba2f-2a0449109929 => generated 257 bytes in 12 msecs (HTTP/1.1 200) 8 headers in 296 bytes (1 switches on core 0)
2026-04-20 06:23:06.250 7 INFO placement.requestlog [req-aeac6868-e7ab-4c40-9bbc-03d6f6043a8d req-4ae979f2-9650-4f13-846c-a6e61c2b6fff 6fb990d335664989b21bea3395faaf3d 93d6a35b6ff448d2ae156e5beb2c18eb - - bb01ae8e114d4803851d827d9a770297 bb01ae8e114d4803851d827d9a770297] 199.19.213.23 "GET /resource_providers/a07b9130-e447-42d0-b3ba-6a5798da9d85/allocations" status: 200 len: 252 microversion: 1.0 [pid: 7|app: 0|req: 128/254] 199.19.213.23 () {32 vars in 856 bytes} [Mon Apr 20 06:23:06 2026] GET /resource_providers/a07b9130-e447-42d0-b3ba-6a5798da9d85/allocations => generated 252 bytes in 15 msecs (HTTP/1.1 200) 6 headers in 224 bytes (1 switches on core 0)
2026-04-20 06:23:06.276 8 INFO placement.requestlog [req-aeac6868-e7ab-4c40-9bbc-03d6f6043a8d req-432f68b1-45a2-4e00-b49d-47113d0cde09 6fb990d335664989b21bea3395faaf3d 93d6a35b6ff448d2ae156e5beb2c18eb - - bb01ae8e114d4803851d827d9a770297 bb01ae8e114d4803851d827d9a770297] 199.19.213.23 "GET /allocations/aa9086b4-352a-405b-92bb-55a37bb684ca" status: 200 len: 257 microversion: 1.28 [pid: 8|app: 0|req: 127/255] 199.19.213.23 () {34 vars in 862 bytes} [Mon Apr 20 06:23:06 2026] GET /allocations/aa9086b4-352a-405b-92bb-55a37bb684ca => generated 257 bytes in 16 msecs (HTTP/1.1 200) 8 headers in 296 bytes (1 switches on core 0)
2026-04-20 06:23:06.298 7 INFO placement.requestlog [req-aeac6868-e7ab-4c40-9bbc-03d6f6043a8d req-77d8cba3-034f-4637-8c04-fb09f687b796 6fb990d335664989b21bea3395faaf3d 93d6a35b6ff448d2ae156e5beb2c18eb - - bb01ae8e114d4803851d827d9a770297 bb01ae8e114d4803851d827d9a770297] 199.19.213.23 "GET /allocations/70ce0506-5641-4184-ba2f-2a0449109929" status: 200 len: 257 microversion: 1.28 [pid: 7|app: 0|req: 129/256] 199.19.213.23 () {34 vars in 862 bytes} [Mon Apr 20 06:23:06 2026] GET /allocations/70ce0506-5641-4184-ba2f-2a0449109929 => generated 257 bytes in 16 msecs (HTTP/1.1 200) 8 headers in 296 bytes (1 switches on core 0)
2026-04-20 06:23:08.910 8 INFO placement.requestlog [None req-e1dc64de-55cb-445f-bd6a-3d214716a968 88ffbf9346a34ecc9ab362cb0043a4a9 93d6a35b6ff448d2ae156e5beb2c18eb - - bb01ae8e114d4803851d827d9a770297 bb01ae8e114d4803851d827d9a770297] 10.0.0.51 "GET /resource_providers/7c87ad6b-bf66-4c2b-8323-78c5465ddf98/aggregates" status: 404 len: 235 microversion: 1.1 [pid: 8|app: 0|req: 128/257] 10.0.0.51 () {32 vars in 815 bytes} [Mon Apr 20 06:23:08 2026] GET /resource_providers/7c87ad6b-bf66-4c2b-8323-78c5465ddf98/aggregates => generated 235 bytes in 103 msecs (HTTP/1.1 404) 5 headers in 202 bytes (1 switches on core 0)
2026-04-20 06:23:08.944 8 INFO placement.requestlog [None req-71503a83-ffd3-41d0-aae1-4cae68b8db91 88ffbf9346a34ecc9ab362cb0043a4a9 93d6a35b6ff448d2ae156e5beb2c18eb - - bb01ae8e114d4803851d827d9a770297 bb01ae8e114d4803851d827d9a770297] 10.0.0.51 "DELETE /resource_providers/7c87ad6b-bf66-4c2b-8323-78c5465ddf98" status: 404 len: 246 microversion: 1.1 [pid: 8|app: 0|req: 129/258] 10.0.0.51 () {34 vars in 815 bytes} [Mon Apr 20 06:23:08 2026] DELETE /resource_providers/7c87ad6b-bf66-4c2b-8323-78c5465ddf98 => generated 246 bytes in 16 msecs (HTTP/1.1 404) 6 headers in 231 bytes (1 switches on core 0)
2026-04-20 06:23:09.379 7 INFO placement.requestlog [None req-45c108a9-e398-4e0e-9c33-1816d7bc5fc1 88ffbf9346a34ecc9ab362cb0043a4a9 93d6a35b6ff448d2ae156e5beb2c18eb - - bb01ae8e114d4803851d827d9a770297 bb01ae8e114d4803851d827d9a770297] 10.0.0.51 "GET /resource_providers/7c87ad6b-bf66-4c2b-8323-78c5465ddf98/aggregates" status: 404 len: 235 microversion: 1.1 [pid: 7|app: 0|req: 130/259] 10.0.0.51 () {32 vars in 815 bytes} [Mon Apr 20 06:23:08 2026] GET /resource_providers/7c87ad6b-bf66-4c2b-8323-78c5465ddf98/aggregates => generated 235 bytes in 500 msecs (HTTP/1.1 404) 5 headers in 202 bytes (1 switches on core 0)
2026-04-20 06:23:09.425 8 INFO placement.requestlog [None req-d009de8e-0c50-4963-aa63-e2736d9749f0 88ffbf9346a34ecc9ab362cb0043a4a9 93d6a35b6ff448d2ae156e5beb2c18eb - - bb01ae8e114d4803851d827d9a770297 bb01ae8e114d4803851d827d9a770297] 10.0.0.51 "GET /resource_providers/6eedb362-3f4a-47b7-88f5-c721dafd64ec/aggregates" status: 404 len: 235 microversion: 1.1 [pid: 8|app: 0|req: 130/260] 10.0.0.51 () {32 vars in 815 bytes} [Mon Apr 20 06:23:09 2026] GET /resource_providers/6eedb362-3f4a-47b7-88f5-c721dafd64ec/aggregates => generated 235 bytes in 84 msecs (HTTP/1.1 404) 5 headers in 202 bytes (1 switches on core 0)
2026-04-20 06:23:09.435 8 INFO placement.requestlog [None req-4b23c64a-b656-48ec-b600-b4868cf679eb 88ffbf9346a34ecc9ab362cb0043a4a9 93d6a35b6ff448d2ae156e5beb2c18eb - - bb01ae8e114d4803851d827d9a770297 bb01ae8e114d4803851d827d9a770297] 10.0.0.51 "DELETE /resource_providers/7c87ad6b-bf66-4c2b-8323-78c5465ddf98" status: 404 len: 246 microversion: 1.1 [pid: 8|app: 0|req: 131/261] 10.0.0.51 () {34 vars in 815 bytes} [Mon Apr 20 06:23:09 2026] DELETE /resource_providers/7c87ad6b-bf66-4c2b-8323-78c5465ddf98 => generated 246 bytes in 9 msecs (HTTP/1.1 404) 6 headers in 231 bytes (1 switches on core 0)
2026-04-20 06:23:09.443 8 INFO placement.requestlog [None req-8159141d-4321-4986-8909-37bd57fb7d14 88ffbf9346a34ecc9ab362cb0043a4a9 93d6a35b6ff448d2ae156e5beb2c18eb - - bb01ae8e114d4803851d827d9a770297 bb01ae8e114d4803851d827d9a770297] 10.0.0.51 "DELETE /resource_providers/6eedb362-3f4a-47b7-88f5-c721dafd64ec" status: 404 len: 246 microversion: 1.1 [pid: 8|app: 0|req: 132/262] 10.0.0.51 () {34 vars in 815 bytes} [Mon Apr 20 06:23:09 2026] DELETE /resource_providers/6eedb362-3f4a-47b7-88f5-c721dafd64ec => generated 246 bytes in 8 msecs (HTTP/1.1 404) 6 headers in 231 bytes (1 switches on core 0)
2026-04-20 06:23:09.445 7 INFO placement.requestlog [None req-80942b1e-b0d5-4f11-bfd2-ebe8c57376e3 88ffbf9346a34ecc9ab362cb0043a4a9 93d6a35b6ff448d2ae156e5beb2c18eb - - bb01ae8e114d4803851d827d9a770297 bb01ae8e114d4803851d827d9a770297] 10.0.0.51 "GET /resource_providers/6eedb362-3f4a-47b7-88f5-c721dafd64ec/aggregates" status: 404 len: 235 microversion: 1.1 [pid: 7|app: 0|req: 131/263] 10.0.0.51 () {32 vars in 815 bytes} [Mon Apr 20 06:23:09 2026] GET /resource_providers/6eedb362-3f4a-47b7-88f5-c721dafd64ec/aggregates => generated 235 bytes in 66 msecs (HTTP/1.1 404) 5 headers in 202 bytes (1 switches on core 0)
2026-04-20 06:23:09.461 8 INFO placement.requestlog [None req-1ef74c0b-90cc-445b-a148-1dfb7533df9c 88ffbf9346a34ecc9ab362cb0043a4a9 93d6a35b6ff448d2ae156e5beb2c18eb - - bb01ae8e114d4803851d827d9a770297 bb01ae8e114d4803851d827d9a770297] 10.0.0.51 "DELETE /resource_providers/6eedb362-3f4a-47b7-88f5-c721dafd64ec" status: 404 len: 246 microversion: 1.1 [pid: 8|app: 0|req: 133/264] 10.0.0.51 () {34 vars in 815 bytes} [Mon Apr 20 06:23:09 2026] DELETE /resource_providers/6eedb362-3f4a-47b7-88f5-c721dafd64ec => generated 246 bytes in 7 msecs (HTTP/1.1 404) 6 headers in 231 bytes (1 switches on core 0)
2026-04-20 06:23:10.065 7 INFO placement.requestlog [None req-ba250617-c3e9-4b75-9148-6bb7f4e2a5c7 - - - - - -] 10.0.0.150 "GET /" status: 200 len: 136 microversion: 1.0
2026-04-20 06:23:10.066 8 INFO placement.requestlog [None req-30d318c9-8a31-407e-92e5-2f00cdf4a21a - - - - - -] 10.0.0.150 "GET /" status: 200 len: 136 microversion: 1.0
2026-04-20 06:23:15.319 7 INFO placement.requestlog [None req-07c42733-a260-4e52-8650-3f5875e2247e 88ffbf9346a34ecc9ab362cb0043a4a9 93d6a35b6ff448d2ae156e5beb2c18eb - - bb01ae8e114d4803851d827d9a770297 bb01ae8e114d4803851d827d9a770297] 10.0.0.51 "GET /resource_providers/1d7bb149-10c9-4278-928d-a8cd3670753d/aggregates" status: 404 len: 235 microversion: 1.1 [pid: 7|app: 0|req: 133/267] 10.0.0.51 () {32 vars in 815 bytes} [Mon Apr 20 06:23:15 2026] GET /resource_providers/1d7bb149-10c9-4278-928d-a8cd3670753d/aggregates => generated 235 bytes in 11 msecs (HTTP/1.1 404) 5 headers in 202 bytes (1 switches on core 0)
2026-04-20 06:23:15.323 8 INFO placement.requestlog [None req-590cb5f6-285c-40c6-8e77-4072ae75ff59 88ffbf9346a34ecc9ab362cb0043a4a9 93d6a35b6ff448d2ae156e5beb2c18eb - - bb01ae8e114d4803851d827d9a770297 bb01ae8e114d4803851d827d9a770297] 10.0.0.51 "GET /resource_providers/1d7bb149-10c9-4278-928d-a8cd3670753d/aggregates" status: 404 len: 235 microversion: 1.1 [pid: 8|app: 0|req: 135/268] 10.0.0.51 () {32 vars in 815 bytes} [Mon Apr 20 06:23:15 2026] GET /resource_providers/1d7bb149-10c9-4278-928d-a8cd3670753d/aggregates => generated 235 bytes in 14 msecs (HTTP/1.1 404) 5 headers in 202 bytes (1 switches on core 0)
2026-04-20 06:23:15.340 7 INFO placement.requestlog [None req-4f6c4b90-8b15-4d94-8925-76a0d50b82b7 88ffbf9346a34ecc9ab362cb0043a4a9 93d6a35b6ff448d2ae156e5beb2c18eb - - bb01ae8e114d4803851d827d9a770297 bb01ae8e114d4803851d827d9a770297] 10.0.0.51 "DELETE /resource_providers/1d7bb149-10c9-4278-928d-a8cd3670753d" status: 404 len: 246 microversion: 1.1 [pid: 7|app: 0|req: 134/269] 10.0.0.51 () {34 vars in 815 bytes} [Mon Apr 20 06:23:15 2026] DELETE /resource_providers/1d7bb149-10c9-4278-928d-a8cd3670753d => generated 246 bytes in 9 msecs (HTTP/1.1 404) 6 headers in 231 bytes (1 switches on core 0)
2026-04-20 06:23:15.346 8 INFO placement.requestlog [None req-82ab59a4-c662-45b1-8b1d-910c3fb0e14d 88ffbf9346a34ecc9ab362cb0043a4a9 93d6a35b6ff448d2ae156e5beb2c18eb - - bb01ae8e114d4803851d827d9a770297 bb01ae8e114d4803851d827d9a770297] 10.0.0.51 "DELETE /resource_providers/1d7bb149-10c9-4278-928d-a8cd3670753d" status: 404 len: 246 microversion: 1.1 [pid: 8|app: 0|req: 136/270] 10.0.0.51 () {34 vars in 815 bytes} [Mon Apr 20 06:23:15 2026] DELETE /resource_providers/1d7bb149-10c9-4278-928d-a8cd3670753d => generated 246 bytes in 12 msecs (HTTP/1.1 404) 6 headers in 231 bytes (1 switches on core 0)
2026-04-20 06:23:17.367 7 INFO placement.requestlog [None req-ac8df634-d387-42f7-9b92-a849c24c2843 88ffbf9346a34ecc9ab362cb0043a4a9 93d6a35b6ff448d2ae156e5beb2c18eb - - bb01ae8e114d4803851d827d9a770297 bb01ae8e114d4803851d827d9a770297] 10.0.0.51 "GET /resource_providers/24bc6807-7662-4efe-ab38-a41ea73fb264/aggregates" status: 404 len: 235 microversion: 1.1 [pid: 7|app: 0|req: 135/271] 10.0.0.51 () {32 vars in 815 bytes} [Mon Apr 20 06:23:17 2026] GET /resource_providers/24bc6807-7662-4efe-ab38-a41ea73fb264/aggregates => generated 235 bytes in 11 msecs (HTTP/1.1 404) 5 headers in 202 bytes (1 switches on core 0)
2026-04-20 06:23:17.375 8 INFO placement.requestlog [None req-e0dd9138-eb5f-49ed-a0df-2d1874b62aaf 88ffbf9346a34ecc9ab362cb0043a4a9 93d6a35b6ff448d2ae156e5beb2c18eb - - bb01ae8e114d4803851d827d9a770297 bb01ae8e114d4803851d827d9a770297] 10.0.0.51 "GET /resource_providers/24bc6807-7662-4efe-ab38-a41ea73fb264/aggregates" status: 404 len: 235 microversion: 1.1 [pid: 8|app: 0|req: 137/272] 10.0.0.51 () {32 vars in 815 bytes} [Mon Apr 20 06:23:17 2026] GET /resource_providers/24bc6807-7662-4efe-ab38-a41ea73fb264/aggregates => generated 235 bytes in 13 msecs (HTTP/1.1 404) 5 headers in 202 bytes (1 switches on core 0)
2026-04-20 06:23:17.383 7 INFO placement.requestlog [None req-2f07c21e-5daf-424e-8293-c571227936dc 88ffbf9346a34ecc9ab362cb0043a4a9 93d6a35b6ff448d2ae156e5beb2c18eb - - bb01ae8e114d4803851d827d9a770297 bb01ae8e114d4803851d827d9a770297] 10.0.0.51 "DELETE /resource_providers/24bc6807-7662-4efe-ab38-a41ea73fb264" status: 404 len: 246 microversion: 1.1 [pid: 7|app: 0|req: 136/273] 10.0.0.51 () {34 vars in 815 bytes} [Mon Apr 20 06:23:17 2026] DELETE /resource_providers/24bc6807-7662-4efe-ab38-a41ea73fb264 => generated 246 bytes in 8 msecs (HTTP/1.1 404) 6 headers in 231 bytes (1 switches on core 0)
2026-04-20 06:23:17.391 8 INFO placement.requestlog [None req-8ce79683-9f14-4759-8511-7d940a407676 88ffbf9346a34ecc9ab362cb0043a4a9 93d6a35b6ff448d2ae156e5beb2c18eb - - bb01ae8e114d4803851d827d9a770297 bb01ae8e114d4803851d827d9a770297] 10.0.0.51 "DELETE /resource_providers/24bc6807-7662-4efe-ab38-a41ea73fb264" status: 404 len: 246 microversion: 1.1 [pid: 8|app: 0|req: 138/274] 10.0.0.51 () {34 vars in 815 bytes} [Mon Apr 20 06:23:17 2026] DELETE /resource_providers/24bc6807-7662-4efe-ab38-a41ea73fb264 => generated 246 bytes in 8 msecs (HTTP/1.1 404) 6 headers in 231 bytes (1 switches on core 0)
2026-04-20 06:23:19.002 8 INFO placement.requestlog [None req-0e6f2ee6-d3dd-4d1a-bca6-278fd699c5e3 88ffbf9346a34ecc9ab362cb0043a4a9 93d6a35b6ff448d2ae156e5beb2c18eb - - bb01ae8e114d4803851d827d9a770297 bb01ae8e114d4803851d827d9a770297] 10.0.0.51 "GET /resource_providers/e5ea80c0-94df-4cf7-b984-0ff5d49bb662/aggregates" status: 404 len: 235 microversion: 1.1
2026-04-20 06:23:19.002 7 INFO placement.requestlog [None req-9e65af03-b259-4105-a416-0da87c73d0a9 88ffbf9346a34ecc9ab362cb0043a4a9 93d6a35b6ff448d2ae156e5beb2c18eb - - bb01ae8e114d4803851d827d9a770297 bb01ae8e114d4803851d827d9a770297] 10.0.0.51 "GET /resource_providers/e5ea80c0-94df-4cf7-b984-0ff5d49bb662/aggregates" status: 404 len: 235 microversion: 1.1 [pid: 8|app: 0|req: 139/275] 10.0.0.51 () {32 vars in 815 bytes} [Mon Apr 20 06:23:18 2026] GET /resource_providers/e5ea80c0-94df-4cf7-b984-0ff5d49bb662/aggregates => generated 235 bytes in 9 msecs (HTTP/1.1 404) 5 headers in 202 bytes (1 switches on core 0) [pid: 7|app: 0|req: 137/276] 10.0.0.51 () {32 vars in 815 bytes} [Mon Apr 20 06:23:18 2026] GET /resource_providers/e5ea80c0-94df-4cf7-b984-0ff5d49bb662/aggregates => generated 235 bytes in 10 msecs (HTTP/1.1 404) 5 headers in 202 bytes (1 switches on core 0)
2026-04-20 06:23:19.024 8 INFO placement.requestlog [None req-71694ba2-ea19-4cb3-bdbe-a8019ff0ccf7 88ffbf9346a34ecc9ab362cb0043a4a9 93d6a35b6ff448d2ae156e5beb2c18eb - - bb01ae8e114d4803851d827d9a770297 bb01ae8e114d4803851d827d9a770297] 10.0.0.51 "DELETE /resource_providers/e5ea80c0-94df-4cf7-b984-0ff5d49bb662" status: 404 len: 246 microversion: 1.1 [pid: 8|app: 0|req: 140/277] 10.0.0.51 () {34 vars in 815 bytes} [Mon Apr 20 06:23:19 2026] DELETE /resource_providers/e5ea80c0-94df-4cf7-b984-0ff5d49bb662 => generated 246 bytes in 10 msecs (HTTP/1.1 404) 6 headers in 231 bytes (1 switches on core 0)
2026-04-20 06:23:19.028 7 INFO placement.requestlog [None req-d153d4da-e1c2-449b-b0c1-ecb2b5a8dcef 88ffbf9346a34ecc9ab362cb0043a4a9 93d6a35b6ff448d2ae156e5beb2c18eb - - bb01ae8e114d4803851d827d9a770297 bb01ae8e114d4803851d827d9a770297] 10.0.0.51 "DELETE /resource_providers/e5ea80c0-94df-4cf7-b984-0ff5d49bb662" status: 404 len: 246 microversion: 1.1 [pid: 7|app: 0|req: 138/278] 10.0.0.51 () {34 vars in 815 bytes} [Mon Apr 20 06:23:19 2026] DELETE /resource_providers/e5ea80c0-94df-4cf7-b984-0ff5d49bb662 => generated 246 bytes in 14 msecs (HTTP/1.1 404) 6 headers in 231 bytes (1 switches on core 0)
2026-04-20 06:23:19.413 8 INFO placement.requestlog [None req-44914cb3-6896-489d-bf36-ee6ed83b26d8 88ffbf9346a34ecc9ab362cb0043a4a9 93d6a35b6ff448d2ae156e5beb2c18eb - - bb01ae8e114d4803851d827d9a770297 bb01ae8e114d4803851d827d9a770297] 10.0.0.51 "GET /resource_providers/35e0a717-681c-4d03-a95c-2d34b61200b8/aggregates" status: 404 len: 235 microversion: 1.1 [pid: 8|app: 0|req: 141/279] 10.0.0.51 () {32 vars in 815 bytes} [Mon Apr 20 06:23:19 2026] GET /resource_providers/35e0a717-681c-4d03-a95c-2d34b61200b8/aggregates => generated 235 bytes in 12 msecs (HTTP/1.1 404) 5 headers in 202 bytes (1 switches on core 0)
2026-04-20 06:23:19.417 7 INFO placement.requestlog [None req-9fbae458-7017-437e-b1b9-1b4f348956f5 88ffbf9346a34ecc9ab362cb0043a4a9 93d6a35b6ff448d2ae156e5beb2c18eb - - bb01ae8e114d4803851d827d9a770297 bb01ae8e114d4803851d827d9a770297] 10.0.0.51 "GET /resource_providers/35e0a717-681c-4d03-a95c-2d34b61200b8/aggregates" status: 404 len: 235 microversion: 1.1 [pid: 7|app: 0|req: 139/280] 10.0.0.51 () {32 vars in 815 bytes} [Mon Apr 20 06:23:19 2026] GET /resource_providers/35e0a717-681c-4d03-a95c-2d34b61200b8/aggregates => generated 235 bytes in 15 msecs (HTTP/1.1 404) 5 headers in 202 bytes (1 switches on core 0)
2026-04-20 06:23:19.463 8 INFO placement.requestlog [None req-a3f6d2f3-a95a-4de4-971f-065acb6a9bea 88ffbf9346a34ecc9ab362cb0043a4a9 93d6a35b6ff448d2ae156e5beb2c18eb - - bb01ae8e114d4803851d827d9a770297 bb01ae8e114d4803851d827d9a770297] 10.0.0.51 "DELETE /resource_providers/35e0a717-681c-4d03-a95c-2d34b61200b8" status: 404 len: 246 microversion: 1.1 [pid: 8|app: 0|req: 142/281] 10.0.0.51 () {34 vars in 815 bytes} [Mon Apr 20 06:23:19 2026] DELETE /resource_providers/35e0a717-681c-4d03-a95c-2d34b61200b8 => generated 246 bytes in 17 msecs (HTTP/1.1 404) 6 headers in 231 bytes (1 switches on core 0)
2026-04-20 06:23:19.466 7 INFO placement.requestlog [None req-4a2f3a2f-0302-4aff-bc93-1c5a214fa951 88ffbf9346a34ecc9ab362cb0043a4a9 93d6a35b6ff448d2ae156e5beb2c18eb - - bb01ae8e114d4803851d827d9a770297 bb01ae8e114d4803851d827d9a770297] 10.0.0.51 "DELETE /resource_providers/35e0a717-681c-4d03-a95c-2d34b61200b8" status: 404 len: 246 microversion: 1.1 [pid: 7|app: 0|req: 140/282] 10.0.0.51 () {34 vars in 815 bytes} [Mon Apr 20 06:23:19 2026] DELETE /resource_providers/35e0a717-681c-4d03-a95c-2d34b61200b8 => generated 246 bytes in 20 msecs (HTTP/1.1 404) 6 headers in 231 bytes (1 switches on core 0)
2026-04-20 06:23:20.065 8 INFO placement.requestlog [None req-8ede66d3-c6f6-4df3-8a6b-0a669886c796 - - - - - -] 10.0.0.150 "GET /" status: 200 len: 136 microversion: 1.0
2026-04-20 06:23:20.067 7 INFO placement.requestlog [None req-6a72c969-6487-43ba-adf5-db571a40cdd0 - - - - - -] 10.0.0.150 "GET /" status: 200 len: 136 microversion: 1.0
2026-04-20 06:23:26.277 8 INFO placement.requestlog [req-26d46542-1dca-490c-a9f2-92eb53579ddf req-ecfe7dc1-3789-4557-b99a-622da644733b 6fb990d335664989b21bea3395faaf3d 93d6a35b6ff448d2ae156e5beb2c18eb - - bb01ae8e114d4803851d827d9a770297 bb01ae8e114d4803851d827d9a770297] 199.19.213.23 "GET /resource_providers/a07b9130-e447-42d0-b3ba-6a5798da9d85/allocations" status: 200 len: 252 microversion: 1.0 [pid: 8|app: 0|req: 144/285] 199.19.213.23 () {32 vars in 856 bytes} [Mon Apr 20 06:23:26 2026] GET /resource_providers/a07b9130-e447-42d0-b3ba-6a5798da9d85/allocations => generated 252 bytes in 17 msecs (HTTP/1.1 200) 6 headers in 224 bytes (1 switches on core 0)
2026-04-20 06:23:26.297 7 INFO placement.requestlog [req-26d46542-1dca-490c-a9f2-92eb53579ddf req-9a0807da-e595-4c33-9f1b-f14d39b9a6de 6fb990d335664989b21bea3395faaf3d 93d6a35b6ff448d2ae156e5beb2c18eb - - bb01ae8e114d4803851d827d9a770297 bb01ae8e114d4803851d827d9a770297] 199.19.213.23 "GET /allocations/aa9086b4-352a-405b-92bb-55a37bb684ca" status: 200 len: 257 microversion: 1.28 [pid: 7|app: 0|req: 142/286] 199.19.213.23 () {34 vars in 862 bytes} [Mon Apr 20 06:23:26 2026] GET /allocations/aa9086b4-352a-405b-92bb-55a37bb684ca => generated 257 bytes in 12 msecs (HTTP/1.1 200) 8 headers in 296 bytes (1 switches on core 0)
2026-04-20 06:23:26.317 8 INFO placement.requestlog [req-26d46542-1dca-490c-a9f2-92eb53579ddf req-0bc22ad8-14ac-4d7c-92b8-dd023d8c912a 6fb990d335664989b21bea3395faaf3d 93d6a35b6ff448d2ae156e5beb2c18eb - - bb01ae8e114d4803851d827d9a770297 bb01ae8e114d4803851d827d9a770297] 199.19.213.23 "GET /allocations/70ce0506-5641-4184-ba2f-2a0449109929" status: 200 len: 257 microversion: 1.28 [pid: 8|app: 0|req: 145/287] 199.19.213.23 () {34 vars in 862 bytes} [Mon Apr 20 06:23:26 2026] GET /allocations/70ce0506-5641-4184-ba2f-2a0449109929 => generated 257 bytes in 12 msecs (HTTP/1.1 200) 8 headers in 296 bytes (1 switches on core 0)
2026-04-20 06:23:26.860 7 INFO placement.requestlog [None req-c6701701-efce-454b-975f-9136416fa9bd 88ffbf9346a34ecc9ab362cb0043a4a9 93d6a35b6ff448d2ae156e5beb2c18eb - - bb01ae8e114d4803851d827d9a770297 bb01ae8e114d4803851d827d9a770297] 10.0.0.51 "GET /resource_providers/f2c9e22d-d7bc-4046-9625-e2fbaa943e6f/aggregates" status: 404 len: 235 microversion: 1.1 [pid: 7|app: 0|req: 143/288] 10.0.0.51 () {32 vars in 815 bytes} [Mon Apr 20 06:23:26 2026] GET /resource_providers/f2c9e22d-d7bc-4046-9625-e2fbaa943e6f/aggregates => generated 235 bytes in 8 msecs (HTTP/1.1 404) 5 headers in 202 bytes (1 switches on core 0)
2026-04-20 06:23:26.878 8 INFO placement.requestlog [None req-598e5d27-ba52-40dc-8fe7-91ea89962871 88ffbf9346a34ecc9ab362cb0043a4a9 93d6a35b6ff448d2ae156e5beb2c18eb - - bb01ae8e114d4803851d827d9a770297 bb01ae8e114d4803851d827d9a770297] 10.0.0.51 "GET /resource_providers/f2c9e22d-d7bc-4046-9625-e2fbaa943e6f/aggregates" status: 404 len: 235 microversion: 1.1 [pid: 8|app: 0|req: 146/289] 10.0.0.51 () {32 vars in 815 bytes} [Mon Apr 20 06:23:26 2026] GET /resource_providers/f2c9e22d-d7bc-4046-9625-e2fbaa943e6f/aggregates => generated 235 bytes in 26 msecs (HTTP/1.1 404) 5 headers in 202 bytes (1 switches on core 0)
2026-04-20 06:23:26.883 7 INFO placement.requestlog [None req-e4d34147-89a7-4f0f-beaf-9ba3331eee0c 88ffbf9346a34ecc9ab362cb0043a4a9 93d6a35b6ff448d2ae156e5beb2c18eb - - bb01ae8e114d4803851d827d9a770297 bb01ae8e114d4803851d827d9a770297] 10.0.0.51 "DELETE /resource_providers/f2c9e22d-d7bc-4046-9625-e2fbaa943e6f" status: 404 len: 246 microversion: 1.1 [pid: 7|app: 0|req: 144/290] 10.0.0.51 () {34 vars in 815 bytes} [Mon Apr 20 06:23:26 2026] DELETE /resource_providers/f2c9e22d-d7bc-4046-9625-e2fbaa943e6f => generated 246 bytes in 8 msecs (HTTP/1.1 404) 6 headers in 231 bytes (1 switches on core 0)
2026-04-20 06:23:26.908 8 INFO placement.requestlog [None req-aa05b064-b55a-4140-acea-b815f48d313a 88ffbf9346a34ecc9ab362cb0043a4a9 93d6a35b6ff448d2ae156e5beb2c18eb - - bb01ae8e114d4803851d827d9a770297 bb01ae8e114d4803851d827d9a770297] 10.0.0.51 "DELETE /resource_providers/f2c9e22d-d7bc-4046-9625-e2fbaa943e6f" status: 404 len: 246 microversion: 1.1 [pid: 8|app: 0|req: 147/291] 10.0.0.51 () {34 vars in 815 bytes} [Mon Apr 20 06:23:26 2026] DELETE /resource_providers/f2c9e22d-d7bc-4046-9625-e2fbaa943e6f => generated 246 bytes in 18 msecs (HTTP/1.1 404) 6 headers in 231 bytes (1 switches on core 0)
2026-04-20 06:23:27.374 7 INFO placement.requestlog [req-26d46542-1dca-490c-a9f2-92eb53579ddf req-c7a09fb7-4032-4f8c-8f56-547d35982834 6fb990d335664989b21bea3395faaf3d 93d6a35b6ff448d2ae156e5beb2c18eb - - bb01ae8e114d4803851d827d9a770297 bb01ae8e114d4803851d827d9a770297] 199.19.213.23 "DELETE /allocations/aa9086b4-352a-405b-92bb-55a37bb684ca" status: 204 len: 0 microversion: 1.0 [pid: 7|app: 0|req: 145/292] 199.19.213.23 () {34 vars in 840 bytes} [Mon Apr 20 06:23:27 2026] DELETE /allocations/aa9086b4-352a-405b-92bb-55a37bb684ca => generated 0 bytes in 30 msecs (HTTP/1.1 204) 5 headers in 198 bytes (1 switches on core 0)
2026-04-20 06:23:27.688 8 INFO placement.requestlog [None req-34bbc309-0c54-40b0-8b4d-15b852594551 88ffbf9346a34ecc9ab362cb0043a4a9 93d6a35b6ff448d2ae156e5beb2c18eb - - bb01ae8e114d4803851d827d9a770297 bb01ae8e114d4803851d827d9a770297] 10.0.0.51 "GET /resource_providers/d577021a-8558-4be6-8999-31e1856fb33c/aggregates" status: 404 len: 235 microversion: 1.1 [pid: 8|app: 0|req: 148/293] 10.0.0.51 () {32 vars in 815 bytes} [Mon Apr 20 06:23:27 2026] GET /resource_providers/d577021a-8558-4be6-8999-31e1856fb33c/aggregates => generated 235 bytes in 10 msecs (HTTP/1.1 404) 5 headers in 202 bytes (1 switches on core 0)
2026-04-20 06:23:27.693 7 INFO placement.requestlog [None req-4eaf4675-03f0-4fcd-a02f-23a5657b5b3e 88ffbf9346a34ecc9ab362cb0043a4a9 93d6a35b6ff448d2ae156e5beb2c18eb - - bb01ae8e114d4803851d827d9a770297 bb01ae8e114d4803851d827d9a770297] 10.0.0.51 "GET /resource_providers/d577021a-8558-4be6-8999-31e1856fb33c/aggregates" status: 404 len: 235 microversion: 1.1 [pid: 7|app: 0|req: 146/294] 10.0.0.51 () {32 vars in 815 bytes} [Mon Apr 20 06:23:27 2026] GET /resource_providers/d577021a-8558-4be6-8999-31e1856fb33c/aggregates => generated 235 bytes in 11 msecs (HTTP/1.1 404) 5 headers in 202 bytes (1 switches on core 0)
2026-04-20 06:23:27.709 8 INFO placement.requestlog [None req-6433ed91-4c96-49ab-ac08-3f69ab8e70be 88ffbf9346a34ecc9ab362cb0043a4a9 93d6a35b6ff448d2ae156e5beb2c18eb - - bb01ae8e114d4803851d827d9a770297 bb01ae8e114d4803851d827d9a770297] 10.0.0.51 "DELETE /resource_providers/d577021a-8558-4be6-8999-31e1856fb33c" status: 404 len: 246 microversion: 1.1 [pid: 8|app: 0|req: 149/295] 10.0.0.51 () {34 vars in 815 bytes} [Mon Apr 20 06:23:27 2026] DELETE /resource_providers/d577021a-8558-4be6-8999-31e1856fb33c => generated 246 bytes in 10 msecs (HTTP/1.1 404) 6 headers in 231 bytes (1 switches on core 0)
2026-04-20 06:23:27.710 7 INFO placement.requestlog [None req-12e90657-4e5b-4c70-b5d6-e16a230fd5fa 88ffbf9346a34ecc9ab362cb0043a4a9 93d6a35b6ff448d2ae156e5beb2c18eb - - bb01ae8e114d4803851d827d9a770297 bb01ae8e114d4803851d827d9a770297] 10.0.0.51 "DELETE /resource_providers/d577021a-8558-4be6-8999-31e1856fb33c" status: 404 len: 246 microversion: 1.1 [pid: 7|app: 0|req: 147/296] 10.0.0.51 () {34 vars in 815 bytes} [Mon Apr 20 06:23:27 2026] DELETE /resource_providers/d577021a-8558-4be6-8999-31e1856fb33c => generated 246 bytes in 7 msecs (HTTP/1.1 404) 6 headers in 231 bytes (1 switches on core 0)
2026-04-20 06:23:28.147 8 INFO placement.requestlog [req-d7b91c74-7e88-43a7-87db-58631986a68e req-8f846e14-5da4-4ce3-89cb-057e83fc0fc2 6fb990d335664989b21bea3395faaf3d 93d6a35b6ff448d2ae156e5beb2c18eb - - bb01ae8e114d4803851d827d9a770297 bb01ae8e114d4803851d827d9a770297] 10.0.0.145 "GET /allocation_candidates?limit=1000&resources=DISK_GB%3A1%2CMEMORY_MB%3A512%2CVCPU%3A1&root_required=%21COMPUTE_STATUS_DISABLED" status: 200 len: 2783 microversion: 1.36 [pid: 8|app: 0|req: 150/297] 10.0.0.145 () {34 vars in 1012 bytes} [Mon Apr 20 06:23:28 2026] GET /allocation_candidates?limit=1000&resources=DISK_GB%3A1%2CMEMORY_MB%3A512%2CVCPU%3A1&root_required=%21COMPUTE_STATUS_DISABLED => generated 2783 bytes in 59 msecs (HTTP/1.1 200) 8 headers in 297 bytes (1 switches on core 0)
2026-04-20 06:23:28.191 7 INFO placement.requestlog [req-d7b91c74-7e88-43a7-87db-58631986a68e req-df5e448a-6c11-4e00-b131-dcb06709ea7f 6fb990d335664989b21bea3395faaf3d 93d6a35b6ff448d2ae156e5beb2c18eb - - bb01ae8e114d4803851d827d9a770297 bb01ae8e114d4803851d827d9a770297] 10.0.0.145 "GET /allocations/ebe82735-7fd0-478f-b360-4d9414a03d52" status: 200 len: 19 microversion: 1.28 [pid: 7|app: 0|req: 148/298] 10.0.0.145 () {34 vars in 861 bytes} [Mon Apr 20 06:23:28 2026] GET /allocations/ebe82735-7fd0-478f-b360-4d9414a03d52 => generated 19 bytes in 14 msecs (HTTP/1.1 200) 8 headers in 295 bytes (1 switches on core 0)
2026-04-20 06:23:28.276 8 INFO placement.requestlog [req-d7b91c74-7e88-43a7-87db-58631986a68e req-584fadd7-f9e1-4f50-98e3-52d6cf7d6b20 6fb990d335664989b21bea3395faaf3d 93d6a35b6ff448d2ae156e5beb2c18eb - - bb01ae8e114d4803851d827d9a770297 bb01ae8e114d4803851d827d9a770297] 10.0.0.145 "PUT /allocations/ebe82735-7fd0-478f-b360-4d9414a03d52" status: 204 len: 0 microversion: 1.36 [pid: 8|app: 0|req: 151/299] 10.0.0.145 () {38 vars in 914 bytes} [Mon Apr 20 06:23:28 2026] PUT /allocations/ebe82735-7fd0-478f-b360-4d9414a03d52 => generated 0 bytes in 71 msecs (HTTP/1.1 204) 5 headers in 199 bytes (1 switches on core 0)
2026-04-20 06:23:28.919 7 INFO placement.requestlog [None req-96603ede-5a4f-4e9d-8b72-71f3ca1eaceb 88ffbf9346a34ecc9ab362cb0043a4a9 93d6a35b6ff448d2ae156e5beb2c18eb - - bb01ae8e114d4803851d827d9a770297 bb01ae8e114d4803851d827d9a770297] 10.0.0.51 "GET /resource_providers/6e4982d6-f49f-453b-b683-f0bd54efdb3a/aggregates" status: 404 len: 235 microversion: 1.1 [pid: 7|app: 0|req: 149/300] 10.0.0.51 () {32 vars in 815 bytes} [Mon Apr 20 06:23:28 2026] GET /resource_providers/6e4982d6-f49f-453b-b683-f0bd54efdb3a/aggregates => generated 235 bytes in 16 msecs (HTTP/1.1 404) 5 headers in 202 bytes (1 switches on core 0)
2026-04-20 06:23:28.940 8 INFO placement.requestlog [None req-4110e558-cf32-4b8e-8ab5-f8564144bb17 88ffbf9346a34ecc9ab362cb0043a4a9 93d6a35b6ff448d2ae156e5beb2c18eb - - bb01ae8e114d4803851d827d9a770297 bb01ae8e114d4803851d827d9a770297] 10.0.0.51 "GET /resource_providers/6e4982d6-f49f-453b-b683-f0bd54efdb3a/aggregates" status: 404 len: 235 microversion: 1.1 [pid: 8|app: 0|req: 152/301] 10.0.0.51 () {32 vars in 815 bytes} [Mon Apr 20 06:23:28 2026] GET /resource_providers/6e4982d6-f49f-453b-b683-f0bd54efdb3a/aggregates => generated 235 bytes in 12 msecs (HTTP/1.1 404) 5 headers in 202 bytes (1 switches on core 0)
2026-04-20 06:23:28.945 7 INFO placement.requestlog [None req-06de5095-e766-45e5-8c5d-1476cb50bc53 88ffbf9346a34ecc9ab362cb0043a4a9 93d6a35b6ff448d2ae156e5beb2c18eb - - bb01ae8e114d4803851d827d9a770297 bb01ae8e114d4803851d827d9a770297] 10.0.0.51 "DELETE /resource_providers/6e4982d6-f49f-453b-b683-f0bd54efdb3a" status: 404 len: 246 microversion: 1.1 [pid: 7|app: 0|req: 150/302] 10.0.0.51 () {34 vars in 815 bytes} [Mon Apr 20 06:23:28 2026] DELETE /resource_providers/6e4982d6-f49f-453b-b683-f0bd54efdb3a => generated 246 bytes in 15 msecs (HTTP/1.1 404) 6 headers in 231 bytes (1 switches on core 0)
2026-04-20 06:23:28.963 8 INFO placement.requestlog [None req-6e78b6cc-ea23-4b56-9908-875b6497468a 88ffbf9346a34ecc9ab362cb0043a4a9 93d6a35b6ff448d2ae156e5beb2c18eb - - bb01ae8e114d4803851d827d9a770297 bb01ae8e114d4803851d827d9a770297] 10.0.0.51 "DELETE /resource_providers/6e4982d6-f49f-453b-b683-f0bd54efdb3a" status: 404 len: 246 microversion: 1.1 [pid: 8|app: 0|req: 153/303] 10.0.0.51 () {34 vars in 815 bytes} [Mon Apr 20 06:23:28 2026] DELETE /resource_providers/6e4982d6-f49f-453b-b683-f0bd54efdb3a => generated 246 bytes in 10 msecs (HTTP/1.1 404) 6 headers in 231 bytes (1 switches on core 0)
2026-04-20 06:23:29.806 7 INFO placement.requestlog [req-d7b91c74-7e88-43a7-87db-58631986a68e req-40bed446-6a34-4aeb-8b61-d1fee4536cd4 6fb990d335664989b21bea3395faaf3d 93d6a35b6ff448d2ae156e5beb2c18eb - - bb01ae8e114d4803851d827d9a770297 bb01ae8e114d4803851d827d9a770297] 199.19.213.23 "GET /allocations/ebe82735-7fd0-478f-b360-4d9414a03d52" status: 200 len: 257 microversion: 1.28 [pid: 7|app: 0|req: 151/304] 199.19.213.23 () {34 vars in 862 bytes} [Mon Apr 20 06:23:29 2026] GET /allocations/ebe82735-7fd0-478f-b360-4d9414a03d52 => generated 257 bytes in 22 msecs (HTTP/1.1 200) 8 headers in 296 bytes (1 switches on core 0)
2026-04-20 06:23:30.064 7 INFO placement.requestlog [None req-14599465-ba24-4d17-b69c-c3900cf1cc80 - - - - - -] 10.0.0.150 "GET /" status: 200 len: 136 microversion: 1.0
2026-04-20 06:23:30.064 8 INFO placement.requestlog [None req-a19bb4a3-6456-4470-9410-ab3c443ead6e - - - - - -] 10.0.0.150 "GET /" status: 200 len: 136 microversion: 1.0
2026-04-20 06:23:30.859 7 INFO placement.requestlog [req-d7b91c74-7e88-43a7-87db-58631986a68e req-29c1cef8-fdc7-4be1-accb-95109a8711a8 6fb990d335664989b21bea3395faaf3d 93d6a35b6ff448d2ae156e5beb2c18eb - - bb01ae8e114d4803851d827d9a770297 bb01ae8e114d4803851d827d9a770297] 199.19.213.23 "GET /resource_providers/a07b9130-e447-42d0-b3ba-6a5798da9d85/allocations" status: 200 len: 252 microversion: 1.0 [pid: 7|app: 0|req: 153/307] 199.19.213.23 () {32 vars in 856 bytes} [Mon Apr 20 06:23:30 2026] GET /resource_providers/a07b9130-e447-42d0-b3ba-6a5798da9d85/allocations => generated 252 bytes in 26 msecs (HTTP/1.1 200) 6 headers in 224 bytes (1 switches on core 0)
2026-04-20 06:23:30.882 8 INFO placement.requestlog [req-d7b91c74-7e88-43a7-87db-58631986a68e req-a80408fa-5da0-4540-ab10-0ea9983c792c 6fb990d335664989b21bea3395faaf3d 93d6a35b6ff448d2ae156e5beb2c18eb - - bb01ae8e114d4803851d827d9a770297 bb01ae8e114d4803851d827d9a770297] 199.19.213.23 "GET /allocations/ebe82735-7fd0-478f-b360-4d9414a03d52" status: 200 len: 257 microversion: 1.28 [pid: 8|app: 0|req: 155/308] 199.19.213.23 () {34 vars in 862 bytes} [Mon Apr 20 06:23:30 2026] GET /allocations/ebe82735-7fd0-478f-b360-4d9414a03d52 => generated 257 bytes in 16 msecs (HTTP/1.1 200) 8 headers in 296 bytes (1 switches on core 0)
2026-04-20 06:23:30.900 7 INFO placement.requestlog [req-d7b91c74-7e88-43a7-87db-58631986a68e req-fb43cca2-ddec-400d-9030-e8ccf3294667 6fb990d335664989b21bea3395faaf3d 93d6a35b6ff448d2ae156e5beb2c18eb - - bb01ae8e114d4803851d827d9a770297 bb01ae8e114d4803851d827d9a770297] 199.19.213.23 "GET /allocations/70ce0506-5641-4184-ba2f-2a0449109929" status: 200 len: 257 microversion: 1.28 [pid: 7|app: 0|req: 154/309] 199.19.213.23 () {34 vars in 862 bytes} [Mon Apr 20 06:23:30 2026] GET /allocations/70ce0506-5641-4184-ba2f-2a0449109929 => generated 257 bytes in 13 msecs (HTTP/1.1 200) 8 headers in 296 bytes (1 switches on core 0)
2026-04-20 06:23:30.976 8 INFO placement.requestlog [None req-0b638163-9daf-4105-93f1-2bd0b8a4c392 88ffbf9346a34ecc9ab362cb0043a4a9 93d6a35b6ff448d2ae156e5beb2c18eb - - bb01ae8e114d4803851d827d9a770297 bb01ae8e114d4803851d827d9a770297] 10.0.0.51 "GET /resource_providers/b66816f8-a609-42dc-bf77-dc3dd1b14451/aggregates" status: 404 len: 235 microversion: 1.1 [pid: 8|app: 0|req: 156/310] 10.0.0.51 () {32 vars in 815 bytes} [Mon Apr 20 06:23:30 2026] GET /resource_providers/b66816f8-a609-42dc-bf77-dc3dd1b14451/aggregates => generated 235 bytes in 15 msecs (HTTP/1.1 404) 5 headers in 202 bytes (1 switches on core 0)
2026-04-20 06:23:30.984 7 INFO placement.requestlog [None req-b3413097-b081-4be6-9fbf-61e18406eb47 88ffbf9346a34ecc9ab362cb0043a4a9 93d6a35b6ff448d2ae156e5beb2c18eb - - bb01ae8e114d4803851d827d9a770297 bb01ae8e114d4803851d827d9a770297] 10.0.0.51 "GET /resource_providers/b66816f8-a609-42dc-bf77-dc3dd1b14451/aggregates" status: 404 len: 235 microversion: 1.1 [pid: 7|app: 0|req: 155/311] 10.0.0.51 () {32 vars in 815 bytes} [Mon Apr 20 06:23:30 2026] GET /resource_providers/b66816f8-a609-42dc-bf77-dc3dd1b14451/aggregates => generated 235 bytes in 11 msecs (HTTP/1.1 404) 5 headers in 202 bytes (1 switches on core 0)
2026-04-20 06:23:30.989 8 INFO placement.requestlog [None req-fd8d0a40-3529-40eb-9d91-d1379438c683 88ffbf9346a34ecc9ab362cb0043a4a9 93d6a35b6ff448d2ae156e5beb2c18eb - - bb01ae8e114d4803851d827d9a770297 bb01ae8e114d4803851d827d9a770297] 10.0.0.51 "DELETE /resource_providers/b66816f8-a609-42dc-bf77-dc3dd1b14451" status: 404 len: 246 microversion: 1.1 [pid: 8|app: 0|req: 157/312] 10.0.0.51 () {34 vars in 815 bytes} [Mon Apr 20 06:23:30 2026] DELETE /resource_providers/b66816f8-a609-42dc-bf77-dc3dd1b14451 => generated 246 bytes in 7 msecs (HTTP/1.1 404) 6 headers in 231 bytes (1 switches on core 0)
2026-04-20 06:23:31.004 8 INFO placement.requestlog [None req-71fda6c8-6716-44ab-8060-5fe6446fbb84 88ffbf9346a34ecc9ab362cb0043a4a9 93d6a35b6ff448d2ae156e5beb2c18eb - - bb01ae8e114d4803851d827d9a770297 bb01ae8e114d4803851d827d9a770297] 10.0.0.51 "GET /resource_providers/84a61ecc-1ed8-44b6-8af7-7a6f6016dc07/aggregates" status: 404 len: 235 microversion: 1.1 [pid: 8|app: 0|req: 158/313] 10.0.0.51 () {32 vars in 815 bytes} [Mon Apr 20 06:23:30 2026] GET /resource_providers/84a61ecc-1ed8-44b6-8af7-7a6f6016dc07/aggregates => generated 235 bytes in 7 msecs (HTTP/1.1 404) 5 headers in 202 bytes (1 switches on core 0)
2026-04-20 06:23:31.006 7 INFO placement.requestlog [None req-6d87a515-ab90-46f1-aa58-4db460de2b43 88ffbf9346a34ecc9ab362cb0043a4a9 93d6a35b6ff448d2ae156e5beb2c18eb - - bb01ae8e114d4803851d827d9a770297 bb01ae8e114d4803851d827d9a770297] 10.0.0.51 "DELETE /resource_providers/b66816f8-a609-42dc-bf77-dc3dd1b14451" status: 404 len: 246 microversion: 1.1 [pid: 7|app: 0|req: 156/314] 10.0.0.51 () {34 vars in 815 bytes} [Mon Apr 20 06:23:30 2026] DELETE /resource_providers/b66816f8-a609-42dc-bf77-dc3dd1b14451 => generated 246 bytes in 10 msecs (HTTP/1.1 404) 6 headers in 231 bytes (1 switches on core 0)
2026-04-20 06:23:31.021 8 INFO placement.requestlog [None req-21120811-aa75-493b-84af-31d41c3d3792 88ffbf9346a34ecc9ab362cb0043a4a9 93d6a35b6ff448d2ae156e5beb2c18eb - - bb01ae8e114d4803851d827d9a770297 bb01ae8e114d4803851d827d9a770297] 10.0.0.51 "DELETE /resource_providers/84a61ecc-1ed8-44b6-8af7-7a6f6016dc07" status: 404 len: 246 microversion: 1.1 [pid: 8|app: 0|req: 159/315] 10.0.0.51 () {34 vars in 815 bytes} [Mon Apr 20 06:23:31 2026] DELETE /resource_providers/84a61ecc-1ed8-44b6-8af7-7a6f6016dc07 => generated 246 bytes in 9 msecs (HTTP/1.1 404) 6 headers in 231 bytes (1 switches on core 0)
