2026-05-04 20:41:42.866 8 INFO neutron.services.segments.plugin [-] Segment 26009107-6730-4017-8010-e1c7b62b9adb resource provider not found; error: Placement Client Error (4xx): {"errors": [{"status": 404, "title": "Not Found", "detail": "The resource could not be found.\n\n No resource provider with uuid 26009107-6730-4017-8010-e1c7b62b9adb found for delete ", "request_id": "req-3bb151d4-29f0-4554-b6f1-8c8aed6fe2f2"}]}
2026-05-04 20:41:42.873 8 INFO neutron.services.segments.plugin [-] Segment 26009107-6730-4017-8010-e1c7b62b9adb resource provider not found; error: Placement Client Error (4xx): {"errors": [{"status": 404, "title": "Not Found", "detail": "The resource could not be found.\n\n No resource provider with uuid 26009107-6730-4017-8010-e1c7b62b9adb found for delete ", "request_id": "req-026831e5-7315-4353-bb9d-e3fee1545f7d"}]} [pid: 7|app: 0|req: 689/1366] 10.0.0.44 () {32 vars in 773 bytes} [Mon May 4 20:41:42 2026] GET /v2.0/security-groups?tenant_id=c32774159f154e87b4b04747e20efc34&name=default => generated 2925 bytes in 580 msecs (HTTP/1.1 200) 4 headers in 158 bytes (1 switches on core 0) [pid: 8|app: 0|req: 678/1367] 10.0.0.44 () {32 vars in 725 bytes} [Mon May 4 20:41:41 2026] DELETE /v2.0/networks/505483ec-9e1e-49c7-acca-ddedc69cd00e => generated 0 bytes in 1248 msecs (HTTP/1.1 204) 3 headers in 131 bytes (1 switches on core 0)
2026-05-04 20:41:43.018 8 INFO neutron.db.ovn_revision_numbers_db [None req-358388a6-9849-46c0-9ab9-f67218fcf93b - - - - - -] Successfully bumped revision number for resource 272cb4a0-0ae5-4369-aa35-5704f107a5fd (type: ports) to 2
2026-05-04 20:41:43.083 7 INFO neutron.db.ovn_revision_numbers_db [None req-1fb17e30-41f5-4067-b593-5ac1250bf9f9 a991382a95324623b44753986c29744d 5acf6f7823bb4c9b8dcfa3dc36d89e8b - - default default] Successfully bumped revision number for resource 41d60f1a-0bf6-49bd-bdbf-f880441ec3ef (type: security_groups) to 1
2026-05-04 20:41:43.109 7 INFO neutron.db.ovn_revision_numbers_db [None req-1fb17e30-41f5-4067-b593-5ac1250bf9f9 a991382a95324623b44753986c29744d 5acf6f7823bb4c9b8dcfa3dc36d89e8b - - default default] Successfully bumped revision number for resource 064d7380-bdbb-443f-a948-e8a6064edf3d (type: security_group_rules) to 0
2026-05-04 20:41:43.123 7 INFO neutron.db.ovn_revision_numbers_db [None req-1fb17e30-41f5-4067-b593-5ac1250bf9f9 a991382a95324623b44753986c29744d 5acf6f7823bb4c9b8dcfa3dc36d89e8b - - default default] Successfully bumped revision number for resource e87259ec-c12c-4440-91ba-33b5093b7f10 (type: security_group_rules) to 0 [pid: 7|app: 0|req: 690/1368] 10.0.0.44 () {34 vars in 684 bytes} [Mon May 4 20:41:42 2026] POST /v2.0/security-groups => generated 1661 bytes in 269 msecs (HTTP/1.1 201) 4 headers in 163 bytes (1 switches on core 0) [pid: 8|app: 0|req: 679/1369] 10.0.0.44 () {32 vars in 739 bytes} [Mon May 4 20:41:43 2026] DELETE /v2.0/security-groups/acc75d2b-5b29-49c6-9b8c-33fe6c1d4f4f => generated 0 bytes in 355 msecs (HTTP/1.1 204) 2 headers in 112 bytes (1 switches on core 0)
2026-05-04 20:41:43.374 7 INFO neutron.db.ovn_revision_numbers_db [None req-68be5b3d-367f-4c1a-a1d0-80f38529c012 a991382a95324623b44753986c29744d 5acf6f7823bb4c9b8dcfa3dc36d89e8b - - default default] Successfully bumped revision number for resource 8f08df8b-241a-4755-b1e9-68c9919e0f56 (type: security_group_rules) to 0 [pid: 7|app: 0|req: 691/1370] 10.0.0.44 () {34 vars in 694 bytes} [Mon May 4 20:41:43 2026] POST /v2.0/security-group-rules => generated 597 bytes in 228 msecs (HTTP/1.1 201) 4 headers in 162 bytes (1 switches on core 0)
2026-05-04 20:41:43.586 8 INFO neutron.db.ovn_revision_numbers_db [None req-e8c71e1c-2c68-47c3-b42d-49991bb376f1 a991382a95324623b44753986c29744d 5acf6f7823bb4c9b8dcfa3dc36d89e8b - - default default] Successfully bumped revision number for resource aad5ac1d-a077-4792-807b-d6e4b14d9cb7 (type: security_group_rules) to 0 [pid: 8|app: 0|req: 680/1371] 10.0.0.44 () {34 vars in 694 bytes} [Mon May 4 20:41:43 2026] POST /v2.0/security-group-rules => generated 602 bytes in 202 msecs (HTTP/1.1 201) 4 headers in 162 bytes (1 switches on core 0) [pid: 7|app: 0|req: 692/1372] 10.0.0.44 () {32 vars in 773 bytes} [Mon May 4 20:41:43 2026] GET /v2.0/security-groups?tenant_id=67034bc249ae492693fd62be31c6fdbc&name=default => generated 2925 bytes in 313 msecs (HTTP/1.1 200) 4 headers in 158 bytes (1 switches on core 0)
2026-05-04 20:41:43.860 8 WARNING neutron.scheduler.dhcp_agent_scheduler [None req-d9974d68-e329-4cab-92c2-17a03ae498e8 a991382a95324623b44753986c29744d 5acf6f7823bb4c9b8dcfa3dc36d89e8b - - default default] No more DHCP agents
2026-05-04 20:41:43.861 8 WARNING neutron.api.rpc.agentnotifiers.dhcp_rpc_agent_api [None req-d9974d68-e329-4cab-92c2-17a03ae498e8 a991382a95324623b44753986c29744d 5acf6f7823bb4c9b8dcfa3dc36d89e8b - - default default] Unable to schedule network d782ec00-2a52-4c37-af19-838b307ac2b3: no agents available; will retry on subsequent port and subnet creation events. [pid: 7|app: 0|req: 693/1373] 10.0.0.44 () {32 vars in 739 bytes} [Mon May 4 20:41:43 2026] DELETE /v2.0/security-groups/35c48b48-69c3-4412-944b-8f3064a0da62 => generated 0 bytes in 289 msecs (HTTP/1.1 204) 2 headers in 112 bytes (1 switches on core 0) [pid: 8|app: 0|req: 681/1374] 10.0.0.44 () {34 vars in 675 bytes} [Mon May 4 20:41:43 2026] POST /v2.0/floatingips => generated 552 bytes in 578 msecs (HTTP/1.1 201) 4 headers in 162 bytes (1 switches on core 0)
2026-05-04 20:41:44.647 7 INFO neutron.db.ovn_revision_numbers_db [None req-106c78c3-ce5e-4686-b2af-24669a98e430 978bfdde64cc4bdeac457b74630bc3f0 675d442a2dd245a28365ea1741b4ce7a - - default default] Successfully bumped revision number for resource fcd12c4f-0718-4ef9-8798-ba46c2c1244a (type: security_groups) to 1
2026-05-04 20:41:44.668 7 INFO neutron.db.ovn_revision_numbers_db [None req-106c78c3-ce5e-4686-b2af-24669a98e430 978bfdde64cc4bdeac457b74630bc3f0 675d442a2dd245a28365ea1741b4ce7a - - default default] Successfully bumped revision number for resource 41178f43-f230-4f2a-ba2b-8cc5cd301da4 (type: security_group_rules) to 0
2026-05-04 20:41:44.687 7 INFO neutron.db.ovn_revision_numbers_db [None req-106c78c3-ce5e-4686-b2af-24669a98e430 978bfdde64cc4bdeac457b74630bc3f0 675d442a2dd245a28365ea1741b4ce7a - - default default] Successfully bumped revision number for resource 9df964e4-eca9-4e2e-81d8-c00a1c6789e4 (type: security_group_rules) to 0
2026-05-04 20:41:44.703 7 INFO neutron.db.ovn_revision_numbers_db [None req-106c78c3-ce5e-4686-b2af-24669a98e430 978bfdde64cc4bdeac457b74630bc3f0 675d442a2dd245a28365ea1741b4ce7a - - default default] Successfully bumped revision number for resource d5a4453d-1e04-4a9a-b6e9-d0b74e892c96 (type: security_group_rules) to 0
2026-05-04 20:41:44.718 7 INFO neutron.db.ovn_revision_numbers_db [None req-106c78c3-ce5e-4686-b2af-24669a98e430 978bfdde64cc4bdeac457b74630bc3f0 675d442a2dd245a28365ea1741b4ce7a - - default default] Successfully bumped revision number for resource ff13b883-3221-4ee3-b48c-d1fc8f5750f1 (type: security_group_rules) to 0 [pid: 8|app: 0|req: 682/1375] 10.0.0.145 () {34 vars in 1100 bytes} [Mon May 4 20:41:44 2026] GET /v2.0/security-groups?name=tempest-securitygroup--1398302623&fields=id&tenant_id=5acf6f7823bb4c9b8dcfa3dc36d89e8b => generated 69 bytes in 36 msecs (HTTP/1.1 200) 4 headers in 156 bytes (1 switches on core 0) [pid: 8|app: 0|req: 683/1376] 10.0.0.145 () {34 vars in 982 bytes} [Mon May 4 20:41:44 2026] GET /v2.0/networks?id=7a890ce8-16c3-4c55-a64e-09b0e61f31d8 => generated 713 bytes in 54 msecs (HTTP/1.1 200) 4 headers in 157 bytes (1 switches on core 0)
2026-05-04 20:41:44.819 7 INFO neutron.db.segments_db [None req-106c78c3-ce5e-4686-b2af-24669a98e430 978bfdde64cc4bdeac457b74630bc3f0 675d442a2dd245a28365ea1741b4ce7a - - default default] Added segment ee0ec2ce-898f-4946-be3e-d5e772d7ca95 of type geneve for network 8b870250-67b3-4262-bf99-b7033a253335 [pid: 8|app: 0|req: 684/1377] 10.0.0.145 () {34 vars in 965 bytes} [Mon May 4 20:41:44 2026] GET /v2.0/quotas/5acf6f7823bb4c9b8dcfa3dc36d89e8b => generated 292 bytes in 12 msecs (HTTP/1.1 200) 4 headers in 157 bytes (1 switches on core 0) [pid: 8|app: 0|req: 685/1378] 10.0.0.145 () {34 vars in 1002 bytes} [Mon May 4 20:41:44 2026] GET /v2.0/ports?tenant_id=5acf6f7823bb4c9b8dcfa3dc36d89e8b&fields=id => generated 103 bytes in 83 msecs (HTTP/1.1 200) 4 headers in 157 bytes (1 switches on core 0)
2026-05-04 20:41:44.917 7 INFO neutron.db.segments_db [None req-106c78c3-ce5e-4686-b2af-24669a98e430 978bfdde64cc4bdeac457b74630bc3f0 675d442a2dd245a28365ea1741b4ce7a - - default default] Added segment 318fd3de-1ee4-4ee0-a186-311ae9312a9a of type geneve for network 8921bb58-fc36-42a3-9b26-f7676aff59c1 [pid: 8|app: 0|req: 686/1379] 10.0.0.145 () {34 vars in 1008 bytes} [Mon May 4 20:41:44 2026] GET /v2.0/networks/7a890ce8-16c3-4c55-a64e-09b0e61f31d8?fields=segments => generated 14 bytes in 42 msecs (HTTP/1.1 200) 4 headers in 156 bytes (1 switches on core 0) [pid: 8|app: 0|req: 687/1380] 10.0.0.145 () {34 vars in 1108 bytes} [Mon May 4 20:41:44 2026] GET /v2.0/networks/7a890ce8-16c3-4c55-a64e-09b0e61f31d8?fields=provider%3Aphysical_network&fields=provider%3Anetwork_type => generated 79 bytes in 59 msecs (HTTP/1.1 200) 4 headers in 156 bytes (1 switches on core 0)
2026-05-04 20:41:45.058 7 INFO neutron.db.ovn_revision_numbers_db [None req-106c78c3-ce5e-4686-b2af-24669a98e430 978bfdde64cc4bdeac457b74630bc3f0 675d442a2dd245a28365ea1741b4ce7a - - default default] Successfully bumped revision number for resource 8b870250-67b3-4262-bf99-b7033a253335 (type: networks) to 1 [pid: 8|app: 0|req: 688/1381] 10.0.0.145 () {34 vars in 990 bytes} [Mon May 4 20:41:45 2026] GET /v2.0/ports?device_id=4fe6f5cc-4729-4d4c-868a-6705fc7392b2 => generated 12 bytes in 28 msecs (HTTP/1.1 200) 4 headers in 156 bytes (1 switches on core 0)
2026-05-04 20:41:45.280 7 WARNING neutron.scheduler.dhcp_agent_scheduler [None req-106c78c3-ce5e-4686-b2af-24669a98e430 978bfdde64cc4bdeac457b74630bc3f0 675d442a2dd245a28365ea1741b4ce7a - - default default] No more DHCP agents
2026-05-04 20:41:45.282 7 WARNING neutron.api.rpc.agentnotifiers.dhcp_rpc_agent_api [None req-106c78c3-ce5e-4686-b2af-24669a98e430 978bfdde64cc4bdeac457b74630bc3f0 675d442a2dd245a28365ea1741b4ce7a - - default default] Unable to schedule network 8b870250-67b3-4262-bf99-b7033a253335: no agents available; will retry on subsequent port and subnet creation events.
2026-05-04 20:41:45.336 7 INFO neutron.plugins.ml2.drivers.ovn.mech_driver.mech_driver [None req-16f6dcc0-2a48-44a8-bf7e-dfb81a7430c5 - - - - - -] OVN reports status down for port: 468a61d5-6bc1-4ab3-9a6e-ce8d87eb0ddf
2026-05-04 20:41:45.423 7 INFO neutron.db.ovn_revision_numbers_db [None req-106c78c3-ce5e-4686-b2af-24669a98e430 978bfdde64cc4bdeac457b74630bc3f0 675d442a2dd245a28365ea1741b4ce7a - - default default] Successfully bumped revision number for resource 468a61d5-6bc1-4ab3-9a6e-ce8d87eb0ddf (type: ports) to 1
2026-05-04 20:41:45.526 7 INFO neutron.db.ovn_revision_numbers_db [None req-106c78c3-ce5e-4686-b2af-24669a98e430 978bfdde64cc4bdeac457b74630bc3f0 675d442a2dd245a28365ea1741b4ce7a - - default default] Successfully bumped revision number for resource 8921bb58-fc36-42a3-9b26-f7676aff59c1 (type: networks) to 1
2026-05-04 20:41:45.697 7 WARNING neutron.scheduler.dhcp_agent_scheduler [None req-106c78c3-ce5e-4686-b2af-24669a98e430 978bfdde64cc4bdeac457b74630bc3f0 675d442a2dd245a28365ea1741b4ce7a - - default default] No more DHCP agents
2026-05-04 20:41:45.699 7 WARNING neutron.api.rpc.agentnotifiers.dhcp_rpc_agent_api [None req-106c78c3-ce5e-4686-b2af-24669a98e430 978bfdde64cc4bdeac457b74630bc3f0 675d442a2dd245a28365ea1741b4ce7a - - default default] Unable to schedule network 8921bb58-fc36-42a3-9b26-f7676aff59c1: no agents available; will retry on subsequent port and subnet creation events.
2026-05-04 20:41:45.791 7 INFO neutron.plugins.ml2.drivers.ovn.mech_driver.mech_driver [None req-16f6dcc0-2a48-44a8-bf7e-dfb81a7430c5 - - - - - -] OVN reports status down for port: e0b4dba2-30e7-4ff0-8cdc-1f509a45ef0f
2026-05-04 20:41:45.865 7 INFO neutron.db.ovn_revision_numbers_db [None req-106c78c3-ce5e-4686-b2af-24669a98e430 978bfdde64cc4bdeac457b74630bc3f0 675d442a2dd245a28365ea1741b4ce7a - - default default] Successfully bumped revision number for resource e0b4dba2-30e7-4ff0-8cdc-1f509a45ef0f (type: ports) to 1 [pid: 7|app: 0|req: 694/1382] 10.0.0.44 () {34 vars in 669 bytes} [Mon May 4 20:41:44 2026] POST /v2.0/networks => generated 1321 bytes in 1727 msecs (HTTP/1.1 201) 4 headers in 163 bytes (1 switches on core 0) [pid: 7|app: 0|req: 695/1383] 10.0.0.44 () {32 vars in 648 bytes} [Mon May 4 20:41:45 2026] GET /v2.0/networks => generated 1970 bytes in 80 msecs (HTTP/1.1 200) 4 headers in 158 bytes (1 switches on core 0)
2026-05-04 20:41:46.155 7 INFO neutron_taas.services.taas.taas_plugin [None req-c81f059c-1c3f-48f7-b522-bf0a1ad2c240 978bfdde64cc4bdeac457b74630bc3f0 675d442a2dd245a28365ea1741b4ce7a - - default default] TaaS: Handle Delete Port: 468a61d5-6bc1-4ab3-9a6e-ce8d87eb0ddf
2026-05-04 20:41:46.159 7 INFO neutron_taas.services.taas.tap_mirror_plugin [None req-c81f059c-1c3f-48f7-b522-bf0a1ad2c240 978bfdde64cc4bdeac457b74630bc3f0 675d442a2dd245a28365ea1741b4ce7a - - default default] Tap Mirror: Handle Delete Port: 468a61d5-6bc1-4ab3-9a6e-ce8d87eb0ddf
2026-05-04 20:41:46.259 8 INFO neutron.db.ovn_revision_numbers_db [None req-d8e58a15-4f40-44e0-8828-d3be96d0aa51 3341dde5ab8048aa8de1a891e4dfba7a 3de4af757e0f4261b2a72a79dc23511d - - default default] Successfully bumped revision number for resource f83fd0a6-3422-45f8-9c8e-6111cfa4b0d5 (type: security_groups) to 1
2026-05-04 20:41:46.289 8 INFO neutron.db.ovn_revision_numbers_db [None req-d8e58a15-4f40-44e0-8828-d3be96d0aa51 3341dde5ab8048aa8de1a891e4dfba7a 3de4af757e0f4261b2a72a79dc23511d - - default default] Successfully bumped revision number for resource 1ccdd06f-1b30-4752-87e0-cb67b4f32886 (type: security_group_rules) to 0
2026-05-04 20:41:46.313 8 INFO neutron.db.ovn_revision_numbers_db [None req-d8e58a15-4f40-44e0-8828-d3be96d0aa51 3341dde5ab8048aa8de1a891e4dfba7a 3de4af757e0f4261b2a72a79dc23511d - - default default] Successfully bumped revision number for resource 61859a4a-e87b-4fdf-b530-f954084e7beb (type: security_group_rules) to 0
2026-05-04 20:41:46.340 8 INFO neutron.db.ovn_revision_numbers_db [None req-d8e58a15-4f40-44e0-8828-d3be96d0aa51 3341dde5ab8048aa8de1a891e4dfba7a 3de4af757e0f4261b2a72a79dc23511d - - default default] Successfully bumped revision number for resource b3e1cdd7-cded-4a4b-b281-46636141e24c (type: security_group_rules) to 0
2026-05-04 20:41:46.354 8 INFO neutron.db.ovn_revision_numbers_db [None req-d8e58a15-4f40-44e0-8828-d3be96d0aa51 3341dde5ab8048aa8de1a891e4dfba7a 3de4af757e0f4261b2a72a79dc23511d - - default default] Successfully bumped revision number for resource d5219d4e-59ec-4faf-b744-97de364a653b (type: security_group_rules) to 0
2026-05-04 20:41:46.442 7 INFO neutron.services.segments.plugin [-] Segment ee0ec2ce-898f-4946-be3e-d5e772d7ca95 resource provider aggregate not found
2026-05-04 20:41:46.449 7 INFO neutron.services.segments.plugin [-] Segment ee0ec2ce-898f-4946-be3e-d5e772d7ca95 resource provider aggregate not found
2026-05-04 20:41:46.465 7 INFO neutron.services.segments.plugin [-] Segment ee0ec2ce-898f-4946-be3e-d5e772d7ca95 resource provider not found; error: Placement Client Error (4xx): {"errors": [{"status": 404, "title": "Not Found", "detail": "The resource could not be found.\n\n No resource provider with uuid ee0ec2ce-898f-4946-be3e-d5e772d7ca95 found for delete ", "request_id": "req-a9522e51-e527-4a7b-b0f9-d2406dac943b"}]}
2026-05-04 20:41:46.473 7 INFO neutron.services.segments.plugin [-] Segment ee0ec2ce-898f-4946-be3e-d5e772d7ca95 resource provider not found; error: Placement Client Error (4xx): {"errors": [{"status": 404, "title": "Not Found", "detail": "The resource could not be found.\n\n No resource provider with uuid ee0ec2ce-898f-4946-be3e-d5e772d7ca95 found for delete ", "request_id": "req-12e4714a-681b-489b-966e-e9ab77d98a56"}]}
2026-05-04 20:41:46.501 8 INFO neutron.db.ovn_revision_numbers_db [None req-d8e58a15-4f40-44e0-8828-d3be96d0aa51 3341dde5ab8048aa8de1a891e4dfba7a 3de4af757e0f4261b2a72a79dc23511d - - default default] Successfully bumped revision number for resource 1f023ead-7ffd-487a-bac8-31f63c3ba023 (type: security_groups) to 1 [pid: 7|app: 0|req: 696/1384] 10.0.0.44 () {32 vars in 725 bytes} [Mon May 4 20:41:46 2026] DELETE /v2.0/networks/8b870250-67b3-4262-bf99-b7033a253335 => generated 0 bytes in 482 msecs (HTTP/1.1 204) 3 headers in 131 bytes (1 switches on core 0)
2026-05-04 20:41:46.524 8 INFO neutron.db.ovn_revision_numbers_db [None req-d8e58a15-4f40-44e0-8828-d3be96d0aa51 3341dde5ab8048aa8de1a891e4dfba7a 3de4af757e0f4261b2a72a79dc23511d - - default default] Successfully bumped revision number for resource 3b49e1e1-38e5-4075-a133-511ac6bc5a41 (type: security_group_rules) to 0 [pid: 7|app: 0|req: 697/1385] 10.0.0.145 () {34 vars in 990 bytes} [Mon May 4 20:41:46 2026] GET /v2.0/ports?device_id=4fe6f5cc-4729-4d4c-868a-6705fc7392b2 => generated 12 bytes in 19 msecs (HTTP/1.1 200) 4 headers in 156 bytes (1 switches on core 0)
2026-05-04 20:41:46.543 8 INFO neutron.db.ovn_revision_numbers_db [None req-d8e58a15-4f40-44e0-8828-d3be96d0aa51 3341dde5ab8048aa8de1a891e4dfba7a 3de4af757e0f4261b2a72a79dc23511d - - default default] Successfully bumped revision number for resource 5364de01-2b2a-4287-b6c7-d31fccfdbab3 (type: security_group_rules) to 0 [pid: 8|app: 0|req: 689/1386] 10.0.0.44 () {34 vars in 683 bytes} [Mon May 4 20:41:45 2026] POST /v2.0/security-groups => generated 1625 bytes in 673 msecs (HTTP/1.1 201) 4 headers in 163 bytes (1 switches on core 0) [pid: 8|app: 0|req: 690/1387] 10.0.0.44 () {32 vars in 662 bytes} [Mon May 4 20:41:46 2026] GET /v2.0/security-groups => generated 4530 bytes in 40 msecs (HTTP/1.1 200) 4 headers in 158 bytes (1 switches on core 0)
2026-05-04 20:41:46.649 7 INFO neutron_taas.services.taas.taas_plugin [None req-58f689ee-3516-40a6-bac8-f68b98bde175 978bfdde64cc4bdeac457b74630bc3f0 675d442a2dd245a28365ea1741b4ce7a - - default default] TaaS: Handle Delete Port: e0b4dba2-30e7-4ff0-8cdc-1f509a45ef0f
2026-05-04 20:41:46.651 7 INFO neutron_taas.services.taas.tap_mirror_plugin [None req-58f689ee-3516-40a6-bac8-f68b98bde175 978bfdde64cc4bdeac457b74630bc3f0 675d442a2dd245a28365ea1741b4ce7a - - default default] Tap Mirror: Handle Delete Port: e0b4dba2-30e7-4ff0-8cdc-1f509a45ef0f
2026-05-04 20:41:46.711 8 INFO neutron.db.ovn_revision_numbers_db [None req-19df7c29-bc42-4a12-a5a2-0cd8c94fcaf2 3341dde5ab8048aa8de1a891e4dfba7a 3de4af757e0f4261b2a72a79dc23511d - - default default] Successfully bumped revision number for resource 1f023ead-7ffd-487a-bac8-31f63c3ba023 (type: security_groups) to 2 [pid: 8|app: 0|req: 691/1388] 10.0.0.44 () {34 vars in 757 bytes} [Mon May 4 20:41:46 2026] PUT /v2.0/security-groups/1f023ead-7ffd-487a-bac8-31f63c3ba023 => generated 1664 bytes in 115 msecs (HTTP/1.1 200) 4 headers in 158 bytes (1 switches on core 0) [pid: 8|app: 0|req: 692/1389] 10.0.0.44 () {32 vars in 736 bytes} [Mon May 4 20:41:46 2026] GET /v2.0/security-groups/1f023ead-7ffd-487a-bac8-31f63c3ba023 => generated 1664 bytes in 33 msecs (HTTP/1.1 200) 4 headers in 158 bytes (1 switches on core 0) [pid: 7|app: 0|req: 698/1390] 10.0.0.44 () {32 vars in 725 bytes} [Mon May 4 20:41:46 2026] DELETE /v2.0/networks/8921bb58-fc36-42a3-9b26-f7676aff59c1 => generated 0 bytes in 351 msecs (HTTP/1.1 204) 3 headers in 131 bytes (1 switches on core 0) [pid: 8|app: 0|req: 693/1391] 10.0.0.44 () {32 vars in 739 bytes} [Mon May 4 20:41:46 2026] DELETE /v2.0/security-groups/1f023ead-7ffd-487a-bac8-31f63c3ba023 => generated 0 bytes in 140 msecs (HTTP/1.1 204) 2 headers in 112 bytes (1 switches on core 0) [pid: 8|app: 0|req: 694/1392] 10.0.0.44 () {32 vars in 648 bytes} [Mon May 4 20:41:46 2026] GET /v2.0/networks => generated 689 bytes in 33 msecs (HTTP/1.1 200) 4 headers in 157 bytes (1 switches on core 0) [pid: 8|app: 0|req: 695/1393] 10.0.0.44 () {32 vars in 662 bytes} [Mon May 4 20:41:46 2026] GET /v2.0/security-groups => generated 2925 bytes in 22 msecs (HTTP/1.1 200) 4 headers in 158 bytes (1 switches on core 0)
2026-05-04 20:41:47.083 8 INFO neutron.db.segments_db [None req-7d9fabf8-859c-46de-b000-f22ff868bbe5 978bfdde64cc4bdeac457b74630bc3f0 675d442a2dd245a28365ea1741b4ce7a - - default default] Added segment e84ef24d-49fd-40aa-8582-65521a060cb7 of type geneve for network 6ecf6de7-b4c8-49fb-ab74-7b4741c2f12b
2026-05-04 20:41:47.091 7 INFO neutron.db.ovn_revision_numbers_db [None req-9b0ddab1-b652-40ae-b68a-92434f685299 71846b46bcaf45748e26b288158cedbb 3f87eb0886784093a403f21ea243ed4e - - default default] Successfully bumped revision number for resource a1890419-5325-4717-a6d7-0201fd43f52f (type: security_groups) to 1
2026-05-04 20:41:47.115 7 INFO neutron.db.ovn_revision_numbers_db [None req-9b0ddab1-b652-40ae-b68a-92434f685299 71846b46bcaf45748e26b288158cedbb 3f87eb0886784093a403f21ea243ed4e - - default default] Successfully bumped revision number for resource 2006dd5e-9c7e-487e-bb7a-c34fc1cebd4c (type: security_group_rules) to 0
2026-05-04 20:41:47.132 7 INFO neutron.db.ovn_revision_numbers_db [None req-9b0ddab1-b652-40ae-b68a-92434f685299 71846b46bcaf45748e26b288158cedbb 3f87eb0886784093a403f21ea243ed4e - - default default] Successfully bumped revision number for resource a3987a8f-0583-4f0d-b572-06ab1c10da24 (type: security_group_rules) to 0
2026-05-04 20:41:47.147 7 INFO neutron.db.ovn_revision_numbers_db [None req-9b0ddab1-b652-40ae-b68a-92434f685299 71846b46bcaf45748e26b288158cedbb 3f87eb0886784093a403f21ea243ed4e - - default default] Successfully bumped revision number for resource d7847b7c-70af-40b8-bc68-85584961263d (type: security_group_rules) to 0
2026-05-04 20:41:47.159 7 INFO neutron.db.ovn_revision_numbers_db [None req-9b0ddab1-b652-40ae-b68a-92434f685299 71846b46bcaf45748e26b288158cedbb 3f87eb0886784093a403f21ea243ed4e - - default default] Successfully bumped revision number for resource f3d86156-fa39-4b31-84fa-349276c7afa1 (type: security_group_rules) to 0 [pid: 7|app: 0|req: 699/1394] 10.0.0.44 () {32 vars in 773 bytes} [Mon May 4 20:41:46 2026] GET /v2.0/security-groups?tenant_id=4b6e193b64b84aa8a686eda12faddde2&name=default => generated 2925 bytes in 318 msecs (HTTP/1.1 200) 4 headers in 158 bytes (1 switches on core 0)
2026-05-04 20:41:47.222 7 INFO neutron.api.v2.resource [None req-48b8f565-5277-4ed4-8f85-05b0cfd6a307 3341dde5ab8048aa8de1a891e4dfba7a 3de4af757e0f4261b2a72a79dc23511d - - default default] delete failed (client error): The resource could not be found. [pid: 7|app: 0|req: 700/1395] 10.0.0.44 () {32 vars in 739 bytes} [Mon May 4 20:41:47 2026] DELETE /v2.0/security-groups/1f023ead-7ffd-487a-bac8-31f63c3ba023 => generated 146 bytes in 27 msecs (HTTP/1.1 404) 4 headers in 164 bytes (1 switches on core 0)
2026-05-04 20:41:47.239 8 INFO neutron.db.ovn_revision_numbers_db [None req-7d9fabf8-859c-46de-b000-f22ff868bbe5 978bfdde64cc4bdeac457b74630bc3f0 675d442a2dd245a28365ea1741b4ce7a - - default default] Successfully bumped revision number for resource 6ecf6de7-b4c8-49fb-ab74-7b4741c2f12b (type: networks) to 1
2026-05-04 20:41:47.457 8 WARNING neutron.scheduler.dhcp_agent_scheduler [None req-7d9fabf8-859c-46de-b000-f22ff868bbe5 978bfdde64cc4bdeac457b74630bc3f0 675d442a2dd245a28365ea1741b4ce7a - - default default] No more DHCP agents
2026-05-04 20:41:47.458 8 WARNING neutron.api.rpc.agentnotifiers.dhcp_rpc_agent_api [None req-7d9fabf8-859c-46de-b000-f22ff868bbe5 978bfdde64cc4bdeac457b74630bc3f0 675d442a2dd245a28365ea1741b4ce7a - - default default] Unable to schedule network 6ecf6de7-b4c8-49fb-ab74-7b4741c2f12b: no agents available; will retry on subsequent port and subnet creation events. [pid: 7|app: 0|req: 701/1396] 10.0.0.44 () {32 vars in 739 bytes} [Mon May 4 20:41:47 2026] DELETE /v2.0/security-groups/a1890419-5325-4717-a6d7-0201fd43f52f => generated 0 bytes in 280 msecs (HTTP/1.1 204) 2 headers in 112 bytes (1 switches on core 0)
2026-05-04 20:41:47.533 7 INFO neutron.plugins.ml2.drivers.ovn.mech_driver.mech_driver [None req-16f6dcc0-2a48-44a8-bf7e-dfb81a7430c5 - - - - - -] OVN reports status down for port: 09302ac4-e3e8-4706-a731-f9ed4e06f3e3
2026-05-04 20:41:47.536 8 INFO neutron.db.ovn_revision_numbers_db [None req-7d9fabf8-859c-46de-b000-f22ff868bbe5 978bfdde64cc4bdeac457b74630bc3f0 675d442a2dd245a28365ea1741b4ce7a - - default default] Successfully bumped revision number for resource 09302ac4-e3e8-4706-a731-f9ed4e06f3e3 (type: ports) to 1 [pid: 8|app: 0|req: 696/1397] 10.0.0.44 () {34 vars in 669 bytes} [Mon May 4 20:41:46 2026] POST /v2.0/networks => generated 690 bytes in 565 msecs (HTTP/1.1 201) 4 headers in 162 bytes (1 switches on core 0)
2026-05-04 20:41:47.671 8 INFO neutron.db.segments_db [None req-82fff9e9-bb94-48a7-938f-79cffb8eaf81 978bfdde64cc4bdeac457b74630bc3f0 675d442a2dd245a28365ea1741b4ce7a - - default default] Added segment 5ba905e0-4636-4cd6-9506-8d7b5751eab1 of type geneve for network 6b02a534-a11f-4e7e-902d-bee32c0cb6fa
2026-05-04 20:41:47.715 7 INFO neutron.db.ovn_revision_numbers_db [None req-a6a44aad-39bc-49fe-85f7-d1af08dbef4f 3341dde5ab8048aa8de1a891e4dfba7a 3de4af757e0f4261b2a72a79dc23511d - - default default] Successfully bumped revision number for resource dd0c4f1c-754d-46d3-9c86-0007ce083e46 (type: security_groups) to 1
2026-05-04 20:41:47.729 7 INFO neutron.db.ovn_revision_numbers_db [None req-a6a44aad-39bc-49fe-85f7-d1af08dbef4f 3341dde5ab8048aa8de1a891e4dfba7a 3de4af757e0f4261b2a72a79dc23511d - - default default] Successfully bumped revision number for resource bcfddfc8-78fe-4cef-bedc-91a27d0b10e4 (type: security_group_rules) to 0
2026-05-04 20:41:47.744 7 INFO neutron.db.ovn_revision_numbers_db [None req-a6a44aad-39bc-49fe-85f7-d1af08dbef4f 3341dde5ab8048aa8de1a891e4dfba7a 3de4af757e0f4261b2a72a79dc23511d - - default default] Successfully bumped revision number for resource c74978c8-907a-4fcd-8b51-236010cf9e8d (type: security_group_rules) to 0 [pid: 7|app: 0|req: 702/1398] 10.0.0.44 () {34 vars in 683 bytes} [Mon May 4 20:41:47 2026] POST /v2.0/security-groups => generated 1625 bytes in 278 msecs (HTTP/1.1 201) 4 headers in 163 bytes (1 switches on core 0) [pid: 7|app: 0|req: 703/1399] 10.0.0.145 () {34 vars in 990 bytes} [Mon May 4 20:41:47 2026] GET /v2.0/ports?device_id=4fe6f5cc-4729-4d4c-868a-6705fc7392b2 => generated 12 bytes in 18 msecs (HTTP/1.1 200) 4 headers in 156 bytes (1 switches on core 0)
2026-05-04 20:41:47.808 8 INFO neutron.db.ovn_revision_numbers_db [None req-82fff9e9-bb94-48a7-938f-79cffb8eaf81 978bfdde64cc4bdeac457b74630bc3f0 675d442a2dd245a28365ea1741b4ce7a - - default default] Successfully bumped revision number for resource 6b02a534-a11f-4e7e-902d-bee32c0cb6fa (type: networks) to 1
2026-05-04 20:41:48.024 7 INFO neutron.db.ovn_revision_numbers_db [None req-8e6ac71b-34d9-4769-a9fa-856f6442edab 3341dde5ab8048aa8de1a891e4dfba7a 3de4af757e0f4261b2a72a79dc23511d - - default default] Successfully bumped revision number for resource 1bacd4b3-6a11-4ddf-9035-d207110d4410 (type: security_group_rules) to 0
2026-05-04 20:41:48.073 8 WARNING neutron.scheduler.dhcp_agent_scheduler [None req-82fff9e9-bb94-48a7-938f-79cffb8eaf81 978bfdde64cc4bdeac457b74630bc3f0 675d442a2dd245a28365ea1741b4ce7a - - default default] No more DHCP agents
2026-05-04 20:41:48.075 8 WARNING neutron.api.rpc.agentnotifiers.dhcp_rpc_agent_api [None req-82fff9e9-bb94-48a7-938f-79cffb8eaf81 978bfdde64cc4bdeac457b74630bc3f0 675d442a2dd245a28365ea1741b4ce7a - - default default] Unable to schedule network 6b02a534-a11f-4e7e-902d-bee32c0cb6fa: no agents available; will retry on subsequent port and subnet creation events. [pid: 7|app: 0|req: 704/1400] 10.0.0.44 () {34 vars in 694 bytes} [Mon May 4 20:41:47 2026] POST /v2.0/security-group-rules => generated 601 bytes in 303 msecs (HTTP/1.1 201) 4 headers in 162 bytes (1 switches on core 0) [pid: 7|app: 0|req: 705/1401] 10.0.0.44 () {32 vars in 746 bytes} [Mon May 4 20:41:48 2026] GET /v2.0/security-group-rules/1bacd4b3-6a11-4ddf-9035-d207110d4410 => generated 601 bytes in 47 msecs (HTTP/1.1 200) 4 headers in 157 bytes (1 switches on core 0)
2026-05-04 20:41:48.171 7 INFO neutron.plugins.ml2.drivers.ovn.mech_driver.mech_driver [None req-16f6dcc0-2a48-44a8-bf7e-dfb81a7430c5 - - - - - -] OVN reports status down for port: 2faa088e-fbe5-4888-86b2-9c8719ce8479
2026-05-04 20:41:48.176 8 INFO neutron.db.ovn_revision_numbers_db [None req-82fff9e9-bb94-48a7-938f-79cffb8eaf81 978bfdde64cc4bdeac457b74630bc3f0 675d442a2dd245a28365ea1741b4ce7a - - default default] Successfully bumped revision number for resource 2faa088e-fbe5-4888-86b2-9c8719ce8479 (type: ports) to 1 [pid: 8|app: 0|req: 697/1402] 10.0.0.44 () {34 vars in 669 bytes} [Mon May 4 20:41:47 2026] POST /v2.0/networks => generated 691 bytes in 648 msecs (HTTP/1.1 201) 4 headers in 162 bytes (1 switches on core 0)
2026-05-04 20:41:48.241 8 WARNING neutron.plugins.ml2.drivers.ovn.mech_driver.ovsdb.ovn_client [None req-83aa437a-eeff-4c67-8dff-b8b3a431015c - - - - - -] No hosting information found for port 272cb4a0-0ae5-4369-aa35-5704f107a5fd: RuntimeError: No hosting information found for port 272cb4a0-0ae5-4369-aa35-5704f107a5fd [pid: 7|app: 0|req: 706/1403] 10.0.0.44 () {32 vars in 672 bytes} [Mon May 4 20:41:48 2026] GET /v2.0/security-group-rules => generated 4138 bytes in 125 msecs (HTTP/1.1 200) 4 headers in 158 bytes (1 switches on core 0)
2026-05-04 20:41:48.375 8 INFO neutron.db.ovn_revision_numbers_db [None req-83aa437a-eeff-4c67-8dff-b8b3a431015c - - - - - -] Successfully bumped revision number for resource 272cb4a0-0ae5-4369-aa35-5704f107a5fd (type: router_ports) to 2 [pid: 7|app: 0|req: 707/1404] 10.0.0.44 () {32 vars in 749 bytes} [Mon May 4 20:41:48 2026] DELETE /v2.0/security-group-rules/1bacd4b3-6a11-4ddf-9035-d207110d4410 => generated 0 bytes in 159 msecs (HTTP/1.1 204) 2 headers in 112 bytes (1 switches on core 0)
2026-05-04 20:41:48.490 7 INFO neutron.services.segments.plugin [-] Segment 318fd3de-1ee4-4ee0-a186-311ae9312a9a resource provider aggregate not found
2026-05-04 20:41:48.503 7 INFO neutron.services.segments.plugin [-] Segment 318fd3de-1ee4-4ee0-a186-311ae9312a9a resource provider aggregate not found
2026-05-04 20:41:48.509 7 INFO neutron.services.segments.plugin [-] Segment 318fd3de-1ee4-4ee0-a186-311ae9312a9a resource provider not found; error: Placement Client Error (4xx): {"errors": [{"status": 404, "title": "Not Found", "detail": "The resource could not be found.\n\n No resource provider with uuid 318fd3de-1ee4-4ee0-a186-311ae9312a9a found for delete ", "request_id": "req-67eb2390-805c-43b9-9bd9-88bd6582a25b"}]}
2026-05-04 20:41:48.522 7 INFO neutron.services.segments.plugin [-] Segment 318fd3de-1ee4-4ee0-a186-311ae9312a9a resource provider not found; error: Placement Client Error (4xx): {"errors": [{"status": 404, "title": "Not Found", "detail": "The resource could not be found.\n\n No resource provider with uuid 318fd3de-1ee4-4ee0-a186-311ae9312a9a found for delete ", "request_id": "req-f73d74a1-c818-4356-bc1e-6828e4c98963"}]} [pid: 7|app: 0|req: 708/1405] 10.0.0.44 () {32 vars in 672 bytes} [Mon May 4 20:41:48 2026] GET /v2.0/security-group-rules => generated 3560 bytes in 83 msecs (HTTP/1.1 200) 4 headers in 158 bytes (1 switches on core 0)
2026-05-04 20:41:48.710 7 INFO neutron.db.ovn_revision_numbers_db [None req-92bbba74-e8a0-47e2-a59f-1455b640f6f6 3341dde5ab8048aa8de1a891e4dfba7a 3de4af757e0f4261b2a72a79dc23511d - - default default] Successfully bumped revision number for resource cf2f1f9d-3088-4b9a-a708-2ed57cbf78b9 (type: security_group_rules) to 0
2026-05-04 20:41:48.744 8 WARNING neutron.scheduler.dhcp_agent_scheduler [None req-68614fac-2eca-448e-b3b8-f693b34141ce 978bfdde64cc4bdeac457b74630bc3f0 675d442a2dd245a28365ea1741b4ce7a - - default default] No more DHCP agents
2026-05-04 20:41:48.745 8 WARNING neutron.api.rpc.agentnotifiers.dhcp_rpc_agent_api [None req-68614fac-2eca-448e-b3b8-f693b34141ce 978bfdde64cc4bdeac457b74630bc3f0 675d442a2dd245a28365ea1741b4ce7a - - default default] Unable to schedule network 6ecf6de7-b4c8-49fb-ab74-7b4741c2f12b: no agents available; will retry on subsequent port and subnet creation events. [pid: 7|app: 0|req: 709/1406] 10.0.0.44 () {34 vars in 694 bytes} [Mon May 4 20:41:48 2026] POST /v2.0/security-group-rules => generated 601 bytes in 199 msecs (HTTP/1.1 201) 4 headers in 162 bytes (1 switches on core 0) [pid: 7|app: 0|req: 710/1407] 10.0.0.44 () {32 vars in 746 bytes} [Mon May 4 20:41:48 2026] GET /v2.0/security-group-rules/cf2f1f9d-3088-4b9a-a708-2ed57cbf78b9 => generated 601 bytes in 24 msecs (HTTP/1.1 200) 4 headers in 157 bytes (1 switches on core 0)
2026-05-04 20:41:48.836 7 INFO neutron.plugins.ml2.drivers.ovn.mech_driver.mech_driver [None req-16f6dcc0-2a48-44a8-bf7e-dfb81a7430c5 - - - - - -] OVN reports status down for port: 5d1db526-e8fa-4a77-958a-74f65c745eb7
2026-05-04 20:41:48.846 8 INFO neutron.db.ovn_revision_numbers_db [None req-68614fac-2eca-448e-b3b8-f693b34141ce 978bfdde64cc4bdeac457b74630bc3f0 675d442a2dd245a28365ea1741b4ce7a - - default default] Successfully bumped revision number for resource 5d1db526-e8fa-4a77-958a-74f65c745eb7 (type: ports) to 1
2026-05-04 20:41:48.920 8 WARNING neutron.scheduler.dhcp_agent_scheduler [None req-68614fac-2eca-448e-b3b8-f693b34141ce 978bfdde64cc4bdeac457b74630bc3f0 675d442a2dd245a28365ea1741b4ce7a - - default default] No more DHCP agents
2026-05-04 20:41:48.921 8 WARNING neutron.api.rpc.agentnotifiers.dhcp_rpc_agent_api [None req-68614fac-2eca-448e-b3b8-f693b34141ce 978bfdde64cc4bdeac457b74630bc3f0 675d442a2dd245a28365ea1741b4ce7a - - default default] Unable to schedule network 6b02a534-a11f-4e7e-902d-bee32c0cb6fa: no agents available; will retry on subsequent port and subnet creation events. [pid: 7|app: 0|req: 711/1408] 10.0.0.44 () {32 vars in 672 bytes} [Mon May 4 20:41:48 2026] GET /v2.0/security-group-rules => generated 4138 bytes in 139 msecs (HTTP/1.1 200) 4 headers in 158 bytes (1 switches on core 0) [pid: 7|app: 0|req: 712/1409] 10.0.0.145 () {34 vars in 990 bytes} [Mon May 4 20:41:48 2026] GET /v2.0/ports?device_id=4fe6f5cc-4729-4d4c-868a-6705fc7392b2 => generated 12 bytes in 32 msecs (HTTP/1.1 200) 4 headers in 156 bytes (1 switches on core 0)
2026-05-04 20:41:49.020 8 INFO neutron.db.ovn_revision_numbers_db [None req-68614fac-2eca-448e-b3b8-f693b34141ce 978bfdde64cc4bdeac457b74630bc3f0 675d442a2dd245a28365ea1741b4ce7a - - default default] Successfully bumped revision number for resource 53cc9705-1b19-43e8-881a-940717fd53a8 (type: ports) to 1
2026-05-04 20:41:49.072 7 INFO neutron.plugins.ml2.drivers.ovn.mech_driver.mech_driver [None req-16f6dcc0-2a48-44a8-bf7e-dfb81a7430c5 - - - - - -] OVN reports status down for port: 53cc9705-1b19-43e8-881a-940717fd53a8 [pid: 8|app: 0|req: 698/1410] 10.0.0.44 () {34 vars in 664 bytes} [Mon May 4 20:41:48 2026] POST /v2.0/ports => generated 1505 bytes in 876 msecs (HTTP/1.1 201) 4 headers in 163 bytes (1 switches on core 0) /var/lib/openstack/lib/python3.12/site-packages/pycadf/identifier.py:70: UserWarning: Invalid uuid: neutron. To ensure interoperability, identifiers should be a valid uuid. warnings.warn(('Invalid uuid: %s. To ensure interoperability, ' [pid: 8|app: 0|req: 699/1411] 10.0.0.44 () {32 vars in 642 bytes} [Mon May 4 20:41:49 2026] GET /v2.0/ports => generated 3017 bytes in 51 msecs (HTTP/1.1 200) 4 headers in 158 bytes (1 switches on core 0) [pid: 7|app: 0|req: 713/1412] 10.0.0.44 () {32 vars in 749 bytes} [Mon May 4 20:41:48 2026] DELETE /v2.0/security-group-rules/cf2f1f9d-3088-4b9a-a708-2ed57cbf78b9 => generated 0 bytes in 258 msecs (HTTP/1.1 204) 2 headers in 112 bytes (1 switches on core 0)
2026-05-04 20:41:49.292 8 INFO neutron_taas.services.taas.taas_plugin [None req-6cffa22a-f13e-44e9-870c-00648548ba7c 978bfdde64cc4bdeac457b74630bc3f0 675d442a2dd245a28365ea1741b4ce7a - - default default] TaaS: Handle Delete Port: 5d1db526-e8fa-4a77-958a-74f65c745eb7
2026-05-04 20:41:49.296 8 INFO neutron_taas.services.taas.tap_mirror_plugin [None req-6cffa22a-f13e-44e9-870c-00648548ba7c 978bfdde64cc4bdeac457b74630bc3f0 675d442a2dd245a28365ea1741b4ce7a - - default default] Tap Mirror: Handle Delete Port: 5d1db526-e8fa-4a77-958a-74f65c745eb7 [pid: 7|app: 0|req: 714/1413] 10.0.0.44 () {32 vars in 672 bytes} [Mon May 4 20:41:49 2026] GET /v2.0/security-group-rules => generated 3560 bytes in 78 msecs (HTTP/1.1 200) 4 headers in 158 bytes (1 switches on core 0)
2026-05-04 20:41:49.355 7 INFO neutron.db.securitygroups_db [None req-cab87f94-9d78-4935-8622-caf6f9178204 3341dde5ab8048aa8de1a891e4dfba7a 3de4af757e0f4261b2a72a79dc23511d - - default default] Project 3de4af757e0f4261b2a72a79dc23511d added a security group rule with legacy IPv6 ICMP protocol name icmp, ipv6-icmp should be used instead. It was automatically converted. [pid: 8|app: 0|req: 700/1414] 10.0.0.44 () {32 vars in 719 bytes} [Mon May 4 20:41:49 2026] DELETE /v2.0/ports/5d1db526-e8fa-4a77-958a-74f65c745eb7 => generated 0 bytes in 291 msecs (HTTP/1.1 204) 3 headers in 131 bytes (1 switches on core 0)
2026-05-04 20:41:49.483 7 INFO neutron.db.ovn_revision_numbers_db [None req-cab87f94-9d78-4935-8622-caf6f9178204 3341dde5ab8048aa8de1a891e4dfba7a 3de4af757e0f4261b2a72a79dc23511d - - default default] Successfully bumped revision number for resource 6b93ed3c-0ebd-450c-8aa9-856efde84c4e (type: security_group_rules) to 0 [pid: 7|app: 0|req: 715/1415] 10.0.0.44 () {34 vars in 694 bytes} [Mon May 4 20:41:49 2026] POST /v2.0/security-group-rules => generated 607 bytes in 200 msecs (HTTP/1.1 201) 4 headers in 162 bytes (1 switches on core 0)
2026-05-04 20:41:49.648 7 INFO neutron_taas.services.taas.taas_plugin [None req-59c9950a-d5f9-4170-815e-a26f1bad7010 978bfdde64cc4bdeac457b74630bc3f0 675d442a2dd245a28365ea1741b4ce7a - - default default] TaaS: Handle Delete Port: 53cc9705-1b19-43e8-881a-940717fd53a8
2026-05-04 20:41:49.652 7 INFO neutron_taas.services.taas.tap_mirror_plugin [None req-59c9950a-d5f9-4170-815e-a26f1bad7010 978bfdde64cc4bdeac457b74630bc3f0 675d442a2dd245a28365ea1741b4ce7a - - default default] Tap Mirror: Handle Delete Port: 53cc9705-1b19-43e8-881a-940717fd53a8
2026-05-04 20:41:49.751 8 INFO neutron.db.ovn_revision_numbers_db [None req-1e3f4c28-7bf9-4ade-8e9f-23bb6066be96 71846b46bcaf45748e26b288158cedbb 3f87eb0886784093a403f21ea243ed4e - - default default] Successfully bumped revision number for resource 45221ae1-4a35-40e6-b604-2045e8f7cd54 (type: security_groups) to 1
2026-05-04 20:41:49.765 8 INFO neutron.db.ovn_revision_numbers_db [None req-1e3f4c28-7bf9-4ade-8e9f-23bb6066be96 71846b46bcaf45748e26b288158cedbb 3f87eb0886784093a403f21ea243ed4e - - default default] Successfully bumped revision number for resource 3e5bc937-a29f-42de-9799-835bffc3edf1 (type: security_group_rules) to 0
2026-05-04 20:41:49.780 8 INFO neutron.db.ovn_revision_numbers_db [None req-1e3f4c28-7bf9-4ade-8e9f-23bb6066be96 71846b46bcaf45748e26b288158cedbb 3f87eb0886784093a403f21ea243ed4e - - default default] Successfully bumped revision number for resource 91c368d8-7e7b-421e-b3c1-518126519f35 (type: security_group_rules) to 0
2026-05-04 20:41:49.793 8 INFO neutron.db.ovn_revision_numbers_db [None req-1e3f4c28-7bf9-4ade-8e9f-23bb6066be96 71846b46bcaf45748e26b288158cedbb 3f87eb0886784093a403f21ea243ed4e - - default default] Successfully bumped revision number for resource a055b2c4-99e5-4cd9-b3ae-8e2c36f9fced (type: security_group_rules) to 0 [pid: 7|app: 0|req: 716/1416] 10.0.0.44 () {32 vars in 719 bytes} [Mon May 4 20:41:49 2026] DELETE /v2.0/ports/53cc9705-1b19-43e8-881a-940717fd53a8 => generated 0 bytes in 283 msecs (HTTP/1.1 204) 3 headers in 131 bytes (1 switches on core 0)
2026-05-04 20:41:49.808 8 INFO neutron.db.ovn_revision_numbers_db [None req-1e3f4c28-7bf9-4ade-8e9f-23bb6066be96 71846b46bcaf45748e26b288158cedbb 3f87eb0886784093a403f21ea243ed4e - - default default] Successfully bumped revision number for resource dabdbe66-f594-402f-83bc-5d4bc449e8b0 (type: security_group_rules) to 0 [pid: 7|app: 0|req: 717/1417] 10.0.0.44 () {32 vars in 746 bytes} [Mon May 4 20:41:49 2026] GET /v2.0/security-group-rules/6b93ed3c-0ebd-450c-8aa9-856efde84c4e => generated 607 bytes in 16 msecs (HTTP/1.1 200) 4 headers in 157 bytes (1 switches on core 0)
2026-05-04 20:41:49.902 8 INFO neutron.db.segments_db [None req-1e3f4c28-7bf9-4ade-8e9f-23bb6066be96 71846b46bcaf45748e26b288158cedbb 3f87eb0886784093a403f21ea243ed4e - - default default] Added segment e902c494-33ee-47a7-983d-877fc4ec5532 of type geneve for network 7be51a50-0c14-415a-be88-7747ca129fe8 [pid: 7|app: 0|req: 718/1418] 10.0.0.44 () {32 vars in 642 bytes} [Mon May 4 20:41:49 2026] GET /v2.0/ports => generated 1523 bytes in 92 msecs (HTTP/1.1 200) 4 headers in 158 bytes (1 switches on core 0) [pid: 7|app: 0|req: 719/1419] 10.0.0.44 () {32 vars in 672 bytes} [Mon May 4 20:41:49 2026] GET /v2.0/security-group-rules => generated 4144 bytes in 61 msecs (HTTP/1.1 200) 4 headers in 158 bytes (1 switches on core 0)
2026-05-04 20:41:50.016 8 INFO neutron.db.ovn_revision_numbers_db [None req-1e3f4c28-7bf9-4ade-8e9f-23bb6066be96 71846b46bcaf45748e26b288158cedbb 3f87eb0886784093a403f21ea243ed4e - - default default] Successfully bumped revision number for resource 7be51a50-0c14-415a-be88-7747ca129fe8 (type: networks) to 1
2026-05-04 20:41:50.062 7 INFO neutron.db.segments_db [None req-597c29f0-5847-4d7b-99bf-4cf701024fc6 978bfdde64cc4bdeac457b74630bc3f0 675d442a2dd245a28365ea1741b4ce7a - - default default] Added segment 06b6a93d-5421-4f5f-83b9-463980abc51c of type geneve for network 33f84548-c277-486f-bc07-5c4df57b7aa9
2026-05-04 20:41:50.198 7 INFO neutron.db.ovn_revision_numbers_db [None req-597c29f0-5847-4d7b-99bf-4cf701024fc6 978bfdde64cc4bdeac457b74630bc3f0 675d442a2dd245a28365ea1741b4ce7a - - default default] Successfully bumped revision number for resource 33f84548-c277-486f-bc07-5c4df57b7aa9 (type: networks) to 1
2026-05-04 20:41:50.224 8 WARNING neutron.scheduler.dhcp_agent_scheduler [None req-1e3f4c28-7bf9-4ade-8e9f-23bb6066be96 71846b46bcaf45748e26b288158cedbb 3f87eb0886784093a403f21ea243ed4e - - default default] No more DHCP agents
2026-05-04 20:41:50.226 8 WARNING neutron.api.rpc.agentnotifiers.dhcp_rpc_agent_api [None req-1e3f4c28-7bf9-4ade-8e9f-23bb6066be96 71846b46bcaf45748e26b288158cedbb 3f87eb0886784093a403f21ea243ed4e - - default default] Unable to schedule network 7be51a50-0c14-415a-be88-7747ca129fe8: no agents available; will retry on subsequent port and subnet creation events.
2026-05-04 20:41:50.306 7 INFO neutron.plugins.ml2.drivers.ovn.mech_driver.mech_driver [None req-16f6dcc0-2a48-44a8-bf7e-dfb81a7430c5 - - - - - -] OVN reports status down for port: d9a5028d-f753-47ec-a7a9-afa1f11b01f8
2026-05-04 20:41:50.308 8 INFO neutron.db.ovn_revision_numbers_db [None req-1e3f4c28-7bf9-4ade-8e9f-23bb6066be96 71846b46bcaf45748e26b288158cedbb 3f87eb0886784093a403f21ea243ed4e - - default default] Successfully bumped revision number for resource d9a5028d-f753-47ec-a7a9-afa1f11b01f8 (type: ports) to 1 [pid: 8|app: 0|req: 701/1420] 10.0.0.44 () {34 vars in 670 bytes} [Mon May 4 20:41:49 2026] POST /v2.0/networks => generated 781 bytes in 885 msecs (HTTP/1.1 201) 4 headers in 162 bytes (1 switches on core 0) [pid: 8|app: 0|req: 702/1421] 10.0.0.44 () {32 vars in 749 bytes} [Mon May 4 20:41:50 2026] DELETE /v2.0/security-group-rules/6b93ed3c-0ebd-450c-8aa9-856efde84c4e => generated 0 bytes in 126 msecs (HTTP/1.1 204) 2 headers in 112 bytes (1 switches on core 0)
2026-05-04 20:41:50.464 7 WARNING neutron.scheduler.dhcp_agent_scheduler [None req-597c29f0-5847-4d7b-99bf-4cf701024fc6 978bfdde64cc4bdeac457b74630bc3f0 675d442a2dd245a28365ea1741b4ce7a - - default default] No more DHCP agents
2026-05-04 20:41:50.465 7 WARNING neutron.api.rpc.agentnotifiers.dhcp_rpc_agent_api [None req-597c29f0-5847-4d7b-99bf-4cf701024fc6 978bfdde64cc4bdeac457b74630bc3f0 675d442a2dd245a28365ea1741b4ce7a - - default default] Unable to schedule network 33f84548-c277-486f-bc07-5c4df57b7aa9: no agents available; will retry on subsequent port and subnet creation events. [pid: 8|app: 0|req: 703/1422] 10.0.0.145 () {34 vars in 990 bytes} [Mon May 4 20:41:50 2026] GET /v2.0/ports?device_id=4fe6f5cc-4729-4d4c-868a-6705fc7392b2 => generated 12 bytes in 15 msecs (HTTP/1.1 200) 4 headers in 156 bytes (1 switches on core 0)
2026-05-04 20:41:50.525 8 INFO neutron.plugins.ml2.drivers.ovn.mech_driver.mech_driver [None req-83aa437a-eeff-4c67-8dff-b8b3a431015c - - - - - -] OVN reports status down for port: 9ab14dc8-c5fe-4b83-a88a-4827c697b1f1
2026-05-04 20:41:50.559 7 INFO neutron.db.ovn_revision_numbers_db [None req-597c29f0-5847-4d7b-99bf-4cf701024fc6 978bfdde64cc4bdeac457b74630bc3f0 675d442a2dd245a28365ea1741b4ce7a - - default default] Successfully bumped revision number for resource 9ab14dc8-c5fe-4b83-a88a-4827c697b1f1 (type: ports) to 1 [pid: 7|app: 0|req: 720/1423] 10.0.0.44 () {34 vars in 669 bytes} [Mon May 4 20:41:49 2026] POST /v2.0/networks => generated 691 bytes in 617 msecs (HTTP/1.1 201) 4 headers in 162 bytes (1 switches on core 0) [pid: 7|app: 0|req: 721/1424] 10.0.0.44 () {32 vars in 672 bytes} [Mon May 4 20:41:50 2026] GET /v2.0/security-group-rules => generated 3560 bytes in 53 msecs (HTTP/1.1 200) 4 headers in 158 bytes (1 switches on core 0)
2026-05-04 20:41:50.696 8 WARNING neutron.scheduler.dhcp_agent_scheduler [None req-8aead3c8-51a3-46e1-8e60-fd3e19359cdf 71846b46bcaf45748e26b288158cedbb 3f87eb0886784093a403f21ea243ed4e - - default default] No more DHCP agents
2026-05-04 20:41:50.698 8 WARNING neutron.api.rpc.agentnotifiers.dhcp_rpc_agent_api [None req-8aead3c8-51a3-46e1-8e60-fd3e19359cdf 71846b46bcaf45748e26b288158cedbb 3f87eb0886784093a403f21ea243ed4e - - default default] Unable to schedule network 7be51a50-0c14-415a-be88-7747ca129fe8: no agents available; will retry on subsequent port and subnet creation events.
2026-05-04 20:41:50.726 7 INFO neutron.db.segments_db [None req-30c76f3d-5a39-41b7-96d5-4549c641f450 978bfdde64cc4bdeac457b74630bc3f0 675d442a2dd245a28365ea1741b4ce7a - - default default] Added segment 4c88eae9-739a-4e7c-aec9-c9f6daa6c6af of type geneve for network f50c3209-e89b-4fd3-9ffd-271e1d08499c
2026-05-04 20:41:50.828 7 INFO neutron.db.ovn_revision_numbers_db [None req-30c76f3d-5a39-41b7-96d5-4549c641f450 978bfdde64cc4bdeac457b74630bc3f0 675d442a2dd245a28365ea1741b4ce7a - - default default] Successfully bumped revision number for resource f50c3209-e89b-4fd3-9ffd-271e1d08499c (type: networks) to 1
2026-05-04 20:41:50.972 7 WARNING neutron.scheduler.dhcp_agent_scheduler [None req-30c76f3d-5a39-41b7-96d5-4549c641f450 978bfdde64cc4bdeac457b74630bc3f0 675d442a2dd245a28365ea1741b4ce7a - - default default] No more DHCP agents
2026-05-04 20:41:50.977 7 WARNING neutron.api.rpc.agentnotifiers.dhcp_rpc_agent_api [None req-30c76f3d-5a39-41b7-96d5-4549c641f450 978bfdde64cc4bdeac457b74630bc3f0 675d442a2dd245a28365ea1741b4ce7a - - default default] Unable to schedule network f50c3209-e89b-4fd3-9ffd-271e1d08499c: no agents available; will retry on subsequent port and subnet creation events.
2026-05-04 20:41:51.030 7 INFO neutron.plugins.ml2.drivers.ovn.mech_driver.mech_driver [None req-16f6dcc0-2a48-44a8-bf7e-dfb81a7430c5 - - - - - -] OVN reports status down for port: a4d15a67-20bc-4351-8806-620df0d2851d
2026-05-04 20:41:51.084 7 INFO neutron.db.ovn_revision_numbers_db [None req-30c76f3d-5a39-41b7-96d5-4549c641f450 978bfdde64cc4bdeac457b74630bc3f0 675d442a2dd245a28365ea1741b4ce7a - - default default] Successfully bumped revision number for resource a4d15a67-20bc-4351-8806-620df0d2851d (type: ports) to 1 [pid: 7|app: 0|req: 722/1425] 10.0.0.44 () {34 vars in 669 bytes} [Mon May 4 20:41:50 2026] POST /v2.0/networks => generated 691 bytes in 492 msecs (HTTP/1.1 201) 4 headers in 162 bytes (1 switches on core 0)
2026-05-04 20:41:51.156 8 INFO neutron.db.ovn_revision_numbers_db [None req-4e3d5e6e-6e6e-404a-ba0b-cad1c0fd2f58 - - - - - -] Successfully bumped revision number for resource d9a5028d-f753-47ec-a7a9-afa1f11b01f8 (type: ports) to 2
2026-05-04 20:41:51.193 8 INFO neutron.db.ovn_revision_numbers_db [None req-4e3d5e6e-6e6e-404a-ba0b-cad1c0fd2f58 - - - - - -] Successfully bumped revision number for resource 6b515110-96ab-4ba4-a526-3904983011ff (type: subnets) to 0 [pid: 8|app: 0|req: 704/1426] 10.0.0.44 () {34 vars in 668 bytes} [Mon May 4 20:41:50 2026] POST /v2.0/subnets => generated 687 bytes in 729 msecs (HTTP/1.1 201) 4 headers in 162 bytes (1 switches on core 0) [pid: 7|app: 0|req: 723/1429] 10.0.0.44 () {32 vars in 739 bytes} [Mon May 4 20:41:51 2026] DELETE /v2.0/security-groups/dd0c4f1c-754d-46d3-9c86-0007ce083e46 => generated 0 bytes in 186 msecs (HTTP/1.1 204) 2 headers in 112 bytes (1 switches on core 0) [pid: 7|app: 0|req: 724/1430] 10.0.0.44 () {32 vars in 662 bytes} [Mon May 4 20:41:51 2026] GET /v2.0/security-groups => generated 2925 bytes in 39 msecs (HTTP/1.1 200) 4 headers in 158 bytes (1 switches on core 0) [pid: 7|app: 0|req: 725/1431] 10.0.0.44 () {32 vars in 662 bytes} [Mon May 4 20:41:51 2026] GET /v2.0/security-groups => generated 2925 bytes in 37 msecs (HTTP/1.1 200) 4 headers in 158 bytes (1 switches on core 0) [pid: 7|app: 0|req: 726/1432] 10.0.0.145 () {34 vars in 990 bytes} [Mon May 4 20:41:51 2026] GET /v2.0/ports?device_id=4fe6f5cc-4729-4d4c-868a-6705fc7392b2 => generated 12 bytes in 19 msecs (HTTP/1.1 200) 4 headers in 156 bytes (1 switches on core 0)
2026-05-04 20:41:51.936 7 WARNING neutron.scheduler.dhcp_agent_scheduler [None req-2b885969-9430-49b4-8030-5e2e11bfa5bd 978bfdde64cc4bdeac457b74630bc3f0 675d442a2dd245a28365ea1741b4ce7a - - default default] No more DHCP agents
