2026-05-27 01:50:48.324 8 INFO cinder.api.openstack.wsgi [None req-05cd20db-500e-4af8-86a9-638ec18b4128 a7469f6517cf4b5e919e6d49f5aed1b5 6a44c43a00974013985ffc4d68699c21 - - default default] http://cinder-api.openstack.svc.cluster.local:8776/v3/6a44c43a00974013985ffc4d68699c21/os-quota-sets/8aa6ba5daca7476eb238993bc2fb00bd?usage=true returned with HTTP 200 [pid: 8|app: 0|req: 345/688] 10.0.0.150 () {28 vars in 736 bytes} [Wed May 27 01:50:48 2026] GET /v3/6a44c43a00974013985ffc4d68699c21/os-quota-sets/8aa6ba5daca7476eb238993bc2fb00bd?usage=true => generated 847 bytes in 27 msecs (HTTP/1.1 200) 7 headers in 285 bytes (1 switches on core 0)
2026-05-27 01:50:48.336 7 INFO cinder.api.openstack.wsgi [None req-ea476878-60c8-46b3-bb3a-de05d4a95387 a7469f6517cf4b5e919e6d49f5aed1b5 6a44c43a00974013985ffc4d68699c21 - - default default] GET http://cinder-api.openstack.svc.cluster.local:8776/v3/6a44c43a00974013985ffc4d68699c21/os-quota-sets/b216e7d4aa1848eebfccfe270c0ad1c6?usage=true
2026-05-27 01:50:48.360 7 INFO cinder.api.openstack.wsgi [None req-ea476878-60c8-46b3-bb3a-de05d4a95387 a7469f6517cf4b5e919e6d49f5aed1b5 6a44c43a00974013985ffc4d68699c21 - - default default] http://cinder-api.openstack.svc.cluster.local:8776/v3/6a44c43a00974013985ffc4d68699c21/os-quota-sets/b216e7d4aa1848eebfccfe270c0ad1c6?usage=true returned with HTTP 200 [pid: 7|app: 0|req: 344/689] 10.0.0.150 () {28 vars in 736 bytes} [Wed May 27 01:50:48 2026] GET /v3/6a44c43a00974013985ffc4d68699c21/os-quota-sets/b216e7d4aa1848eebfccfe270c0ad1c6?usage=true => generated 847 bytes in 33 msecs (HTTP/1.1 200) 7 headers in 285 bytes (1 switches on core 0)
2026-05-27 01:50:48.372 8 INFO cinder.api.openstack.wsgi [None req-c4d386eb-85e0-4065-bc75-58e173bedb89 a7469f6517cf4b5e919e6d49f5aed1b5 6a44c43a00974013985ffc4d68699c21 - - default default] GET http://cinder-api.openstack.svc.cluster.local:8776/v3/6a44c43a00974013985ffc4d68699c21/snapshots?all_tenants=true
2026-05-27 01:50:48.378 8 INFO cinder.volume.api [None req-c4d386eb-85e0-4065-bc75-58e173bedb89 a7469f6517cf4b5e919e6d49f5aed1b5 6a44c43a00974013985ffc4d68699c21 - - default default] Get all snapshots completed successfully.
2026-05-27 01:50:48.378 8 INFO cinder.api.openstack.wsgi [None req-c4d386eb-85e0-4065-bc75-58e173bedb89 a7469f6517cf4b5e919e6d49f5aed1b5 6a44c43a00974013985ffc4d68699c21 - - default default] http://cinder-api.openstack.svc.cluster.local:8776/v3/6a44c43a00974013985ffc4d68699c21/snapshots?all_tenants=true returned with HTTP 200 [pid: 8|app: 0|req: 346/690] 10.0.0.150 () {28 vars in 674 bytes} [Wed May 27 01:50:48 2026] GET /v3/6a44c43a00974013985ffc4d68699c21/snapshots?all_tenants=true => generated 17 bytes in 13 msecs (HTTP/1.1 200) 7 headers in 284 bytes (1 switches on core 0)
2026-05-27 01:50:55.451 7 INFO cinder.api.openstack.wsgi [None req-ea476878-60c8-46b3-bb3a-de05d4a95387 a7469f6517cf4b5e919e6d49f5aed1b5 6a44c43a00974013985ffc4d68699c21 - - default default] GET http://10.0.0.149:8776/
2026-05-27 01:50:55.451 8 INFO cinder.api.openstack.wsgi [None req-c4d386eb-85e0-4065-bc75-58e173bedb89 a7469f6517cf4b5e919e6d49f5aed1b5 6a44c43a00974013985ffc4d68699c21 - - default default] GET http://10.0.0.149:8776/
2026-05-27 01:50:55.452 7 INFO cinder.api.openstack.wsgi [None req-ea476878-60c8-46b3-bb3a-de05d4a95387 a7469f6517cf4b5e919e6d49f5aed1b5 6a44c43a00974013985ffc4d68699c21 - - default default] http://10.0.0.149:8776/ returned with HTTP 300
2026-05-27 01:50:55.453 8 INFO cinder.api.openstack.wsgi [None req-c4d386eb-85e0-4065-bc75-58e173bedb89 a7469f6517cf4b5e919e6d49f5aed1b5 6a44c43a00974013985ffc4d68699c21 - - default default] http://10.0.0.149:8776/ returned with HTTP 300
2026-05-27 01:51:05.451 7 INFO cinder.api.openstack.wsgi [None req-ea476878-60c8-46b3-bb3a-de05d4a95387 a7469f6517cf4b5e919e6d49f5aed1b5 6a44c43a00974013985ffc4d68699c21 - - default default] GET http://10.0.0.149:8776/
2026-05-27 01:51:05.451 8 INFO cinder.api.openstack.wsgi [None req-c4d386eb-85e0-4065-bc75-58e173bedb89 a7469f6517cf4b5e919e6d49f5aed1b5 6a44c43a00974013985ffc4d68699c21 - - default default] GET http://10.0.0.149:8776/
2026-05-27 01:51:05.451 7 INFO cinder.api.openstack.wsgi [None req-ea476878-60c8-46b3-bb3a-de05d4a95387 a7469f6517cf4b5e919e6d49f5aed1b5 6a44c43a00974013985ffc4d68699c21 - - default default] http://10.0.0.149:8776/ returned with HTTP 300
2026-05-27 01:51:05.452 8 INFO cinder.api.openstack.wsgi [None req-c4d386eb-85e0-4065-bc75-58e173bedb89 a7469f6517cf4b5e919e6d49f5aed1b5 6a44c43a00974013985ffc4d68699c21 - - default default] http://10.0.0.149:8776/ returned with HTTP 300
2026-05-27 01:51:06.402 7 INFO cinder.api.openstack.wsgi [None req-b76fecb1-e94c-42da-8896-50373d8b32aa a70706d7fca649d497e8cd7d5db7e4d8 9499d11acd174eceb2f5b8e11f1ce38b - - default default] POST http://cinder-api.openstack.svc.cluster.local:8776/v3/9499d11acd174eceb2f5b8e11f1ce38b/volumes
2026-05-27 01:51:07.097 7 INFO cinder.api.v3.volumes [None req-b76fecb1-e94c-42da-8896-50373d8b32aa a70706d7fca649d497e8cd7d5db7e4d8 9499d11acd174eceb2f5b8e11f1ce38b - - default default] Create volume of 1 GB
2026-05-27 01:51:07.108 7 INFO cinder.volume.api [None req-b76fecb1-e94c-42da-8896-50373d8b32aa a70706d7fca649d497e8cd7d5db7e4d8 9499d11acd174eceb2f5b8e11f1ce38b - - default default] Availability Zones retrieved successfully.
2026-05-27 01:51:07.520 7 INFO cinder.volume.api [None req-b76fecb1-e94c-42da-8896-50373d8b32aa a70706d7fca649d497e8cd7d5db7e4d8 9499d11acd174eceb2f5b8e11f1ce38b - - default default] Create volume request issued successfully.
2026-05-27 01:51:07.522 7 INFO cinder.api.openstack.wsgi [None req-b76fecb1-e94c-42da-8896-50373d8b32aa a70706d7fca649d497e8cd7d5db7e4d8 9499d11acd174eceb2f5b8e11f1ce38b - - default default] http://cinder-api.openstack.svc.cluster.local:8776/v3/9499d11acd174eceb2f5b8e11f1ce38b/volumes returned with HTTP 202 [pid: 7|app: 0|req: 347/695] 10.0.0.215 () {34 vars in 723 bytes} [Wed May 27 01:51:06 2026] POST /v3/9499d11acd174eceb2f5b8e11f1ce38b/volumes => generated 865 bytes in 1129 msecs (HTTP/1.1 202) 7 headers in 291 bytes (1 switches on core 0)
2026-05-27 01:51:07.556 8 INFO cinder.api.openstack.wsgi [None req-d4357761-a39d-4c81-bafc-9ad0778dfd68 a70706d7fca649d497e8cd7d5db7e4d8 9499d11acd174eceb2f5b8e11f1ce38b - - default default] GET http://cinder-api.openstack.svc.cluster.local:8776/v3/9499d11acd174eceb2f5b8e11f1ce38b/volumes/a4c0c8b7-ffde-43db-a852-33414c291b99 /var/lib/openstack/lib/python3.12/site-packages/oslo_context/context.py:101: DeprecationWarning: Policy enforcement is depending on the value of is_admin. This key is deprecated. Please update your policy file to use the standard policy values. warnings.warn(
2026-05-27 01:51:07.597 8 INFO cinder.volume.api [None req-d4357761-a39d-4c81-bafc-9ad0778dfd68 a70706d7fca649d497e8cd7d5db7e4d8 9499d11acd174eceb2f5b8e11f1ce38b - - default default] Volume info retrieved successfully.
2026-05-27 01:51:07.604 8 INFO cinder.api.openstack.wsgi [None req-d4357761-a39d-4c81-bafc-9ad0778dfd68 a70706d7fca649d497e8cd7d5db7e4d8 9499d11acd174eceb2f5b8e11f1ce38b - - default default] http://cinder-api.openstack.svc.cluster.local:8776/v3/9499d11acd174eceb2f5b8e11f1ce38b/volumes/a4c0c8b7-ffde-43db-a852-33414c291b99 returned with HTTP 200 [pid: 8|app: 0|req: 349/696] 10.0.0.215 () {32 vars in 775 bytes} [Wed May 27 01:51:07 2026] GET /v3/9499d11acd174eceb2f5b8e11f1ce38b/volumes/a4c0c8b7-ffde-43db-a852-33414c291b99 => generated 933 bytes in 60 msecs (HTTP/1.1 200) 7 headers in 285 bytes (1 switches on core 0) /var/lib/openstack/lib/python3.12/site-packages/pycadf/identifier.py:70: UserWarning: Invalid uuid: cinderv3. To ensure interoperability, identifiers should be a valid uuid. warnings.warn(('Invalid uuid: %s. To ensure interoperability, '
2026-05-27 01:51:08.626 7 INFO cinder.api.openstack.wsgi [None req-bbafa6ca-3458-4619-a949-c96997f81e01 a70706d7fca649d497e8cd7d5db7e4d8 9499d11acd174eceb2f5b8e11f1ce38b - - default default] GET http://cinder-api.openstack.svc.cluster.local:8776/v3/9499d11acd174eceb2f5b8e11f1ce38b/volumes/a4c0c8b7-ffde-43db-a852-33414c291b99 /var/lib/openstack/lib/python3.12/site-packages/oslo_context/context.py:101: DeprecationWarning: Policy enforcement is depending on the value of is_admin. This key is deprecated. Please update your policy file to use the standard policy values. warnings.warn(
2026-05-27 01:51:08.645 7 INFO cinder.volume.api [None req-bbafa6ca-3458-4619-a949-c96997f81e01 a70706d7fca649d497e8cd7d5db7e4d8 9499d11acd174eceb2f5b8e11f1ce38b - - default default] Volume info retrieved successfully.
2026-05-27 01:51:08.652 7 INFO cinder.api.openstack.wsgi [None req-bbafa6ca-3458-4619-a949-c96997f81e01 a70706d7fca649d497e8cd7d5db7e4d8 9499d11acd174eceb2f5b8e11f1ce38b - - default default] http://cinder-api.openstack.svc.cluster.local:8776/v3/9499d11acd174eceb2f5b8e11f1ce38b/volumes/a4c0c8b7-ffde-43db-a852-33414c291b99 returned with HTTP 200 [pid: 7|app: 0|req: 348/697] 10.0.0.215 () {32 vars in 775 bytes} [Wed May 27 01:51:08 2026] GET /v3/9499d11acd174eceb2f5b8e11f1ce38b/volumes/a4c0c8b7-ffde-43db-a852-33414c291b99 => generated 957 bytes in 32 msecs (HTTP/1.1 200) 7 headers in 285 bytes (1 switches on core 0) /var/lib/openstack/lib/python3.12/site-packages/pycadf/identifier.py:70: UserWarning: Invalid uuid: cinderv3. To ensure interoperability, identifiers should be a valid uuid. warnings.warn(('Invalid uuid: %s. To ensure interoperability, '
2026-05-27 01:51:09.681 8 INFO cinder.api.openstack.wsgi [None req-7a124e26-5bb1-408b-9392-944cf30f077b a70706d7fca649d497e8cd7d5db7e4d8 9499d11acd174eceb2f5b8e11f1ce38b - - default default] GET http://cinder-api.openstack.svc.cluster.local:8776/v3/9499d11acd174eceb2f5b8e11f1ce38b/volumes/a4c0c8b7-ffde-43db-a852-33414c291b99 /var/lib/openstack/lib/python3.12/site-packages/oslo_context/context.py:101: DeprecationWarning: Policy enforcement is depending on the value of is_admin. This key is deprecated. Please update your policy file to use the standard policy values. warnings.warn(
2026-05-27 01:51:09.695 8 INFO cinder.volume.api [None req-7a124e26-5bb1-408b-9392-944cf30f077b a70706d7fca649d497e8cd7d5db7e4d8 9499d11acd174eceb2f5b8e11f1ce38b - - default default] Volume info retrieved successfully.
2026-05-27 01:51:09.701 8 INFO cinder.api.openstack.wsgi [None req-7a124e26-5bb1-408b-9392-944cf30f077b a70706d7fca649d497e8cd7d5db7e4d8 9499d11acd174eceb2f5b8e11f1ce38b - - default default] http://cinder-api.openstack.svc.cluster.local:8776/v3/9499d11acd174eceb2f5b8e11f1ce38b/volumes/a4c0c8b7-ffde-43db-a852-33414c291b99 returned with HTTP 200 [pid: 8|app: 0|req: 350/698] 10.0.0.215 () {32 vars in 775 bytes} [Wed May 27 01:51:09 2026] GET /v3/9499d11acd174eceb2f5b8e11f1ce38b/volumes/a4c0c8b7-ffde-43db-a852-33414c291b99 => generated 957 bytes in 27 msecs (HTTP/1.1 200) 7 headers in 285 bytes (1 switches on core 0) /var/lib/openstack/lib/python3.12/site-packages/pycadf/identifier.py:70: UserWarning: Invalid uuid: cinderv3. To ensure interoperability, identifiers should be a valid uuid. warnings.warn(('Invalid uuid: %s. To ensure interoperability, '
2026-05-27 01:51:10.726 7 INFO cinder.api.openstack.wsgi [None req-f50f8d4a-f724-4b6d-8932-576d69ccf8fd a70706d7fca649d497e8cd7d5db7e4d8 9499d11acd174eceb2f5b8e11f1ce38b - - default default] GET http://cinder-api.openstack.svc.cluster.local:8776/v3/9499d11acd174eceb2f5b8e11f1ce38b/volumes/a4c0c8b7-ffde-43db-a852-33414c291b99 /var/lib/openstack/lib/python3.12/site-packages/oslo_context/context.py:101: DeprecationWarning: Policy enforcement is depending on the value of is_admin. This key is deprecated. Please update your policy file to use the standard policy values. warnings.warn(
2026-05-27 01:51:10.744 7 INFO cinder.volume.api [None req-f50f8d4a-f724-4b6d-8932-576d69ccf8fd a70706d7fca649d497e8cd7d5db7e4d8 9499d11acd174eceb2f5b8e11f1ce38b - - default default] Volume info retrieved successfully.
2026-05-27 01:51:10.751 7 INFO cinder.api.openstack.wsgi [None req-f50f8d4a-f724-4b6d-8932-576d69ccf8fd a70706d7fca649d497e8cd7d5db7e4d8 9499d11acd174eceb2f5b8e11f1ce38b - - default default] http://cinder-api.openstack.svc.cluster.local:8776/v3/9499d11acd174eceb2f5b8e11f1ce38b/volumes/a4c0c8b7-ffde-43db-a852-33414c291b99 returned with HTTP 200 [pid: 7|app: 0|req: 349/699] 10.0.0.215 () {32 vars in 775 bytes} [Wed May 27 01:51:10 2026] GET /v3/9499d11acd174eceb2f5b8e11f1ce38b/volumes/a4c0c8b7-ffde-43db-a852-33414c291b99 => generated 1483 bytes in 33 msecs (HTTP/1.1 200) 7 headers in 286 bytes (1 switches on core 0) /var/lib/openstack/lib/python3.12/site-packages/pycadf/identifier.py:70: UserWarning: Invalid uuid: cinderv3. To ensure interoperability, identifiers should be a valid uuid. warnings.warn(('Invalid uuid: %s. To ensure interoperability, '
2026-05-27 01:51:10.841 8 INFO cinder.api.openstack.wsgi [req-8361657e-6185-4cb4-9c9a-cba4f1673bc5 req-0717f773-c2f4-4a02-8909-cb6ca7f92007 a70706d7fca649d497e8cd7d5db7e4d8 9499d11acd174eceb2f5b8e11f1ce38b - - default default] GET http://cinder-api.openstack.svc.cluster.local:8776/v3/9499d11acd174eceb2f5b8e11f1ce38b/volumes/a4c0c8b7-ffde-43db-a852-33414c291b99 /var/lib/openstack/lib/python3.12/site-packages/oslo_context/context.py:101: DeprecationWarning: Policy enforcement is depending on the value of is_admin. This key is deprecated. Please update your policy file to use the standard policy values. warnings.warn(
2026-05-27 01:51:10.857 8 INFO cinder.volume.api [req-8361657e-6185-4cb4-9c9a-cba4f1673bc5 req-0717f773-c2f4-4a02-8909-cb6ca7f92007 a70706d7fca649d497e8cd7d5db7e4d8 9499d11acd174eceb2f5b8e11f1ce38b - - default default] Volume info retrieved successfully.
2026-05-27 01:51:10.861 8 INFO cinder.api.openstack.wsgi [req-8361657e-6185-4cb4-9c9a-cba4f1673bc5 req-0717f773-c2f4-4a02-8909-cb6ca7f92007 a70706d7fca649d497e8cd7d5db7e4d8 9499d11acd174eceb2f5b8e11f1ce38b - - default default] http://cinder-api.openstack.svc.cluster.local:8776/v3/9499d11acd174eceb2f5b8e11f1ce38b/volumes/a4c0c8b7-ffde-43db-a852-33414c291b99 returned with HTTP 200 [pid: 8|app: 0|req: 351/700] 10.0.0.109 () {34 vars in 1028 bytes} [Wed May 27 01:51:10 2026] GET /v3/9499d11acd174eceb2f5b8e11f1ce38b/volumes/a4c0c8b7-ffde-43db-a852-33414c291b99 => generated 1483 bytes in 29 msecs (HTTP/1.1 200) 7 headers in 286 bytes (1 switches on core 0) /var/lib/openstack/lib/python3.12/site-packages/pycadf/identifier.py:70: UserWarning: Invalid uuid: cinderv3. To ensure interoperability, identifiers should be a valid uuid. warnings.warn(('Invalid uuid: %s. To ensure interoperability, '
2026-05-27 01:51:11.953 7 INFO cinder.api.openstack.wsgi [req-8361657e-6185-4cb4-9c9a-cba4f1673bc5 req-730060dd-e6a5-4eac-aa93-c3a07f1068fb a70706d7fca649d497e8cd7d5db7e4d8 9499d11acd174eceb2f5b8e11f1ce38b - - default default] GET http://cinder-api.openstack.svc.cluster.local:8776/v3/9499d11acd174eceb2f5b8e11f1ce38b/volumes/a4c0c8b7-ffde-43db-a852-33414c291b99 /var/lib/openstack/lib/python3.12/site-packages/oslo_context/context.py:101: DeprecationWarning: Policy enforcement is depending on the value of is_admin. This key is deprecated. Please update your policy file to use the standard policy values. warnings.warn(
2026-05-27 01:51:11.971 7 INFO cinder.volume.api [req-8361657e-6185-4cb4-9c9a-cba4f1673bc5 req-730060dd-e6a5-4eac-aa93-c3a07f1068fb a70706d7fca649d497e8cd7d5db7e4d8 9499d11acd174eceb2f5b8e11f1ce38b - - default default] Volume info retrieved successfully.
2026-05-27 01:51:11.981 7 INFO cinder.api.openstack.wsgi [req-8361657e-6185-4cb4-9c9a-cba4f1673bc5 req-730060dd-e6a5-4eac-aa93-c3a07f1068fb a70706d7fca649d497e8cd7d5db7e4d8 9499d11acd174eceb2f5b8e11f1ce38b - - default default] http://cinder-api.openstack.svc.cluster.local:8776/v3/9499d11acd174eceb2f5b8e11f1ce38b/volumes/a4c0c8b7-ffde-43db-a852-33414c291b99 returned with HTTP 200 [pid: 7|app: 0|req: 350/701] 10.0.0.109 () {34 vars in 1028 bytes} [Wed May 27 01:51:11 2026] GET /v3/9499d11acd174eceb2f5b8e11f1ce38b/volumes/a4c0c8b7-ffde-43db-a852-33414c291b99 => generated 1483 bytes in 40 msecs (HTTP/1.1 200) 7 headers in 286 bytes (1 switches on core 0)
2026-05-27 01:51:11.990 8 INFO cinder.api.openstack.wsgi [req-8361657e-6185-4cb4-9c9a-cba4f1673bc5 req-0717f773-c2f4-4a02-8909-cb6ca7f92007 a70706d7fca649d497e8cd7d5db7e4d8 9499d11acd174eceb2f5b8e11f1ce38b - - default default] GET http://cinder-api.openstack.svc.cluster.local:8776/
2026-05-27 01:51:11.995 8 INFO cinder.api.openstack.wsgi [req-8361657e-6185-4cb4-9c9a-cba4f1673bc5 req-0717f773-c2f4-4a02-8909-cb6ca7f92007 a70706d7fca649d497e8cd7d5db7e4d8 9499d11acd174eceb2f5b8e11f1ce38b - - default default] http://cinder-api.openstack.svc.cluster.local:8776/ returned with HTTP 300 [pid: 8|app: 0|req: 352/702] 10.0.0.109 () {32 vars in 829 bytes} [Wed May 27 01:51:11 2026] GET / => generated 411 bytes in 6 msecs (HTTP/1.1 300) 5 headers in 169 bytes (1 switches on core 0) /var/lib/openstack/lib/python3.12/site-packages/pycadf/identifier.py:70: UserWarning: Invalid uuid: cinderv3. To ensure interoperability, identifiers should be a valid uuid. warnings.warn(('Invalid uuid: %s. To ensure interoperability, '
2026-05-27 01:51:12.009 7 INFO cinder.api.openstack.wsgi [req-8361657e-6185-4cb4-9c9a-cba4f1673bc5 req-400641fe-6e3c-434c-bfd7-3624521640cb a70706d7fca649d497e8cd7d5db7e4d8 9499d11acd174eceb2f5b8e11f1ce38b - - default default] POST http://cinder-api.openstack.svc.cluster.local:8776/v3/9499d11acd174eceb2f5b8e11f1ce38b/attachments /var/lib/openstack/lib/python3.12/site-packages/oslo_context/context.py:101: DeprecationWarning: Policy enforcement is depending on the value of is_admin. This key is deprecated. Please update your policy file to use the standard policy values. warnings.warn(
2026-05-27 01:51:12.098 7 INFO cinder.api.openstack.wsgi [req-8361657e-6185-4cb4-9c9a-cba4f1673bc5 req-400641fe-6e3c-434c-bfd7-3624521640cb a70706d7fca649d497e8cd7d5db7e4d8 9499d11acd174eceb2f5b8e11f1ce38b - - default default] http://cinder-api.openstack.svc.cluster.local:8776/v3/9499d11acd174eceb2f5b8e11f1ce38b/attachments returned with HTTP 200 [pid: 7|app: 0|req: 351/703] 10.0.0.109 () {40 vars in 1057 bytes} [Wed May 27 01:51:12 2026] POST /v3/9499d11acd174eceb2f5b8e11f1ce38b/attachments => generated 273 bytes in 96 msecs (HTTP/1.1 200) 7 headers in 286 bytes (1 switches on core 0)
2026-05-27 01:51:15.451 7 INFO cinder.api.openstack.wsgi [req-8361657e-6185-4cb4-9c9a-cba4f1673bc5 req-400641fe-6e3c-434c-bfd7-3624521640cb a70706d7fca649d497e8cd7d5db7e4d8 9499d11acd174eceb2f5b8e11f1ce38b - - default default] GET http://10.0.0.149:8776/
2026-05-27 01:51:15.451 8 INFO cinder.api.openstack.wsgi [req-8361657e-6185-4cb4-9c9a-cba4f1673bc5 req-0717f773-c2f4-4a02-8909-cb6ca7f92007 a70706d7fca649d497e8cd7d5db7e4d8 9499d11acd174eceb2f5b8e11f1ce38b - - default default] GET http://10.0.0.149:8776/
2026-05-27 01:51:15.452 8 INFO cinder.api.openstack.wsgi [req-8361657e-6185-4cb4-9c9a-cba4f1673bc5 req-0717f773-c2f4-4a02-8909-cb6ca7f92007 a70706d7fca649d497e8cd7d5db7e4d8 9499d11acd174eceb2f5b8e11f1ce38b - - default default] http://10.0.0.149:8776/ returned with HTTP 300
2026-05-27 01:51:15.452 7 INFO cinder.api.openstack.wsgi [req-8361657e-6185-4cb4-9c9a-cba4f1673bc5 req-400641fe-6e3c-434c-bfd7-3624521640cb a70706d7fca649d497e8cd7d5db7e4d8 9499d11acd174eceb2f5b8e11f1ce38b - - default default] http://10.0.0.149:8776/ returned with HTTP 300
2026-05-27 01:51:18.078 8 INFO cinder.api.openstack.wsgi [req-8361657e-6185-4cb4-9c9a-cba4f1673bc5 req-0717f773-c2f4-4a02-8909-cb6ca7f92007 a70706d7fca649d497e8cd7d5db7e4d8 9499d11acd174eceb2f5b8e11f1ce38b - - default default] GET http://cinder-api.openstack.svc.cluster.local:8776/
2026-05-27 01:51:18.079 8 INFO cinder.api.openstack.wsgi [req-8361657e-6185-4cb4-9c9a-cba4f1673bc5 req-0717f773-c2f4-4a02-8909-cb6ca7f92007 a70706d7fca649d497e8cd7d5db7e4d8 9499d11acd174eceb2f5b8e11f1ce38b - - default default] http://cinder-api.openstack.svc.cluster.local:8776/ returned with HTTP 300 [pid: 8|app: 0|req: 354/706] 199.204.45.244 () {32 vars in 840 bytes} [Wed May 27 01:51:18 2026] GET / => generated 411 bytes in 3 msecs (HTTP/1.1 300) 5 headers in 169 bytes (1 switches on core 0) /var/lib/openstack/lib/python3.12/site-packages/pycadf/identifier.py:70: UserWarning: Invalid uuid: cinderv3. To ensure interoperability, identifiers should be a valid uuid. warnings.warn(('Invalid uuid: %s. To ensure interoperability, '
2026-05-27 01:51:18.134 7 INFO cinder.api.openstack.wsgi [req-8361657e-6185-4cb4-9c9a-cba4f1673bc5 req-13272a0d-eba6-47f6-b4ee-693be356cf59 a70706d7fca649d497e8cd7d5db7e4d8 9499d11acd174eceb2f5b8e11f1ce38b - - default default] GET http://cinder-api.openstack.svc.cluster.local:8776/v3/9499d11acd174eceb2f5b8e11f1ce38b/volumes/a4c0c8b7-ffde-43db-a852-33414c291b99 /var/lib/openstack/lib/python3.12/site-packages/oslo_context/context.py:101: DeprecationWarning: Policy enforcement is depending on the value of is_admin. This key is deprecated. Please update your policy file to use the standard policy values. warnings.warn(
2026-05-27 01:51:18.155 7 INFO cinder.volume.api [req-8361657e-6185-4cb4-9c9a-cba4f1673bc5 req-13272a0d-eba6-47f6-b4ee-693be356cf59 a70706d7fca649d497e8cd7d5db7e4d8 9499d11acd174eceb2f5b8e11f1ce38b - - default default] Volume info retrieved successfully.
2026-05-27 01:51:18.162 7 INFO cinder.api.openstack.wsgi [req-8361657e-6185-4cb4-9c9a-cba4f1673bc5 req-13272a0d-eba6-47f6-b4ee-693be356cf59 a70706d7fca649d497e8cd7d5db7e4d8 9499d11acd174eceb2f5b8e11f1ce38b - - default default] http://cinder-api.openstack.svc.cluster.local:8776/v3/9499d11acd174eceb2f5b8e11f1ce38b/volumes/a4c0c8b7-ffde-43db-a852-33414c291b99 returned with HTTP 200 [pid: 7|app: 0|req: 353/707] 199.204.45.244 () {36 vars in 1073 bytes} [Wed May 27 01:51:18 2026] GET /v3/9499d11acd174eceb2f5b8e11f1ce38b/volumes/a4c0c8b7-ffde-43db-a852-33414c291b99 => generated 1663 bytes in 37 msecs (HTTP/1.1 200) 7 headers in 287 bytes (1 switches on core 0) /var/lib/openstack/lib/python3.12/site-packages/pycadf/identifier.py:70: UserWarning: Invalid uuid: cinderv3. To ensure interoperability, identifiers should be a valid uuid. warnings.warn(('Invalid uuid: %s. To ensure interoperability, '
2026-05-27 01:51:20.117 8 INFO cinder.api.openstack.wsgi [req-8361657e-6185-4cb4-9c9a-cba4f1673bc5 req-1e236cbb-42b5-4377-b71a-59531c90f65d a70706d7fca649d497e8cd7d5db7e4d8 9499d11acd174eceb2f5b8e11f1ce38b - - default default] PUT http://cinder-api.openstack.svc.cluster.local:8776/v3/9499d11acd174eceb2f5b8e11f1ce38b/attachments/0a2a5f82-ae0c-48cb-8c6f-98d948e02d9d /var/lib/openstack/lib/python3.12/site-packages/oslo_context/context.py:101: DeprecationWarning: Policy enforcement is depending on the value of is_admin. This key is deprecated. Please update your policy file to use the standard policy values. warnings.warn(
2026-05-27 01:51:21.169 8 INFO cinder.api.openstack.wsgi [req-8361657e-6185-4cb4-9c9a-cba4f1673bc5 req-1e236cbb-42b5-4377-b71a-59531c90f65d a70706d7fca649d497e8cd7d5db7e4d8 9499d11acd174eceb2f5b8e11f1ce38b - - default default] http://cinder-api.openstack.svc.cluster.local:8776/v3/9499d11acd174eceb2f5b8e11f1ce38b/attachments/0a2a5f82-ae0c-48cb-8c6f-98d948e02d9d returned with HTTP 200 [pid: 8|app: 0|req: 355/708] 199.204.45.244 () {40 vars in 1135 bytes} [Wed May 27 01:51:20 2026] PUT /v3/9499d11acd174eceb2f5b8e11f1ce38b/attachments/0a2a5f82-ae0c-48cb-8c6f-98d948e02d9d => generated 802 bytes in 1059 msecs (HTTP/1.1 200) 7 headers in 286 bytes (1 switches on core 0) /var/lib/openstack/lib/python3.12/site-packages/pycadf/identifier.py:70: UserWarning: Invalid uuid: cinderv3. To ensure interoperability, identifiers should be a valid uuid. warnings.warn(('Invalid uuid: %s. To ensure interoperability, '
2026-05-27 01:51:21.689 7 INFO cinder.api.openstack.wsgi [req-8361657e-6185-4cb4-9c9a-cba4f1673bc5 req-3d983e96-3327-4d94-9420-070a6a3231a9 a70706d7fca649d497e8cd7d5db7e4d8 9499d11acd174eceb2f5b8e11f1ce38b - - default default] POST http://cinder-api.openstack.svc.cluster.local:8776/v3/9499d11acd174eceb2f5b8e11f1ce38b/attachments/0a2a5f82-ae0c-48cb-8c6f-98d948e02d9d/action /var/lib/openstack/lib/python3.12/site-packages/oslo_context/context.py:101: DeprecationWarning: Policy enforcement is depending on the value of is_admin. This key is deprecated. Please update your policy file to use the standard policy values. warnings.warn(
2026-05-27 01:51:21.763 7 INFO cinder.api.openstack.wsgi [req-8361657e-6185-4cb4-9c9a-cba4f1673bc5 req-3d983e96-3327-4d94-9420-070a6a3231a9 a70706d7fca649d497e8cd7d5db7e4d8 9499d11acd174eceb2f5b8e11f1ce38b - - default default] http://cinder-api.openstack.svc.cluster.local:8776/v3/9499d11acd174eceb2f5b8e11f1ce38b/attachments/0a2a5f82-ae0c-48cb-8c6f-98d948e02d9d/action returned with HTTP 204 [pid: 7|app: 0|req: 354/709] 199.204.45.244 () {40 vars in 1148 bytes} [Wed May 27 01:51:21 2026] POST /v3/9499d11acd174eceb2f5b8e11f1ce38b/attachments/0a2a5f82-ae0c-48cb-8c6f-98d948e02d9d/action => generated 0 bytes in 85 msecs (HTTP/1.1 204) 7 headers in 292 bytes (1 switches on core 0)
2026-05-27 01:51:25.452 8 INFO cinder.api.openstack.wsgi [req-8361657e-6185-4cb4-9c9a-cba4f1673bc5 req-1e236cbb-42b5-4377-b71a-59531c90f65d a70706d7fca649d497e8cd7d5db7e4d8 9499d11acd174eceb2f5b8e11f1ce38b - - default default] GET http://10.0.0.149:8776/
2026-05-27 01:51:25.452 7 INFO cinder.api.openstack.wsgi [req-8361657e-6185-4cb4-9c9a-cba4f1673bc5 req-3d983e96-3327-4d94-9420-070a6a3231a9 a70706d7fca649d497e8cd7d5db7e4d8 9499d11acd174eceb2f5b8e11f1ce38b - - default default] GET http://10.0.0.149:8776/
2026-05-27 01:51:25.453 8 INFO cinder.api.openstack.wsgi [req-8361657e-6185-4cb4-9c9a-cba4f1673bc5 req-1e236cbb-42b5-4377-b71a-59531c90f65d a70706d7fca649d497e8cd7d5db7e4d8 9499d11acd174eceb2f5b8e11f1ce38b - - default default] http://10.0.0.149:8776/ returned with HTTP 300
2026-05-27 01:51:25.453 7 INFO cinder.api.openstack.wsgi [req-8361657e-6185-4cb4-9c9a-cba4f1673bc5 req-3d983e96-3327-4d94-9420-070a6a3231a9 a70706d7fca649d497e8cd7d5db7e4d8 9499d11acd174eceb2f5b8e11f1ce38b - - default default] http://10.0.0.149:8776/ returned with HTTP 300
2026-05-27 01:51:35.451 8 INFO cinder.api.openstack.wsgi [req-8361657e-6185-4cb4-9c9a-cba4f1673bc5 req-1e236cbb-42b5-4377-b71a-59531c90f65d a70706d7fca649d497e8cd7d5db7e4d8 9499d11acd174eceb2f5b8e11f1ce38b - - default default] GET http://10.0.0.149:8776/
2026-05-27 01:51:35.451 7 INFO cinder.api.openstack.wsgi [req-8361657e-6185-4cb4-9c9a-cba4f1673bc5 req-3d983e96-3327-4d94-9420-070a6a3231a9 a70706d7fca649d497e8cd7d5db7e4d8 9499d11acd174eceb2f5b8e11f1ce38b - - default default] GET http://10.0.0.149:8776/
2026-05-27 01:51:35.452 8 INFO cinder.api.openstack.wsgi [req-8361657e-6185-4cb4-9c9a-cba4f1673bc5 req-1e236cbb-42b5-4377-b71a-59531c90f65d a70706d7fca649d497e8cd7d5db7e4d8 9499d11acd174eceb2f5b8e11f1ce38b - - default default] http://10.0.0.149:8776/ returned with HTTP 300
2026-05-27 01:51:35.452 7 INFO cinder.api.openstack.wsgi [req-8361657e-6185-4cb4-9c9a-cba4f1673bc5 req-3d983e96-3327-4d94-9420-070a6a3231a9 a70706d7fca649d497e8cd7d5db7e4d8 9499d11acd174eceb2f5b8e11f1ce38b - - default default] http://10.0.0.149:8776/ returned with HTTP 300 /var/lib/openstack/lib/python3.12/site-packages/pycadf/identifier.py:70: UserWarning: Invalid uuid: cinderv3. To ensure interoperability, identifiers should be a valid uuid. warnings.warn(('Invalid uuid: %s. To ensure interoperability, '
2026-05-27 01:51:35.774 8 INFO cinder.api.openstack.wsgi [req-8d3c00e8-8cbc-470a-bcaf-5eb734f7804e req-4db19ec5-0de3-467e-b0e3-ad556c2ce14f a70706d7fca649d497e8cd7d5db7e4d8 9499d11acd174eceb2f5b8e11f1ce38b - - default default] DELETE http://cinder-api.openstack.svc.cluster.local:8776/v3/9499d11acd174eceb2f5b8e11f1ce38b/attachments/0a2a5f82-ae0c-48cb-8c6f-98d948e02d9d /var/lib/openstack/lib/python3.12/site-packages/oslo_context/context.py:101: DeprecationWarning: Policy enforcement is depending on the value of is_admin. This key is deprecated. Please update your policy file to use the standard policy values. warnings.warn(
2026-05-27 01:51:36.340 8 INFO cinder.api.openstack.wsgi [req-8d3c00e8-8cbc-470a-bcaf-5eb734f7804e req-4db19ec5-0de3-467e-b0e3-ad556c2ce14f a70706d7fca649d497e8cd7d5db7e4d8 9499d11acd174eceb2f5b8e11f1ce38b - - default default] http://cinder-api.openstack.svc.cluster.local:8776/v3/9499d11acd174eceb2f5b8e11f1ce38b/attachments/0a2a5f82-ae0c-48cb-8c6f-98d948e02d9d returned with HTTP 200 [pid: 8|app: 0|req: 358/714] 199.204.45.244 () {38 vars in 1103 bytes} [Wed May 27 01:51:35 2026] DELETE /v3/9499d11acd174eceb2f5b8e11f1ce38b/attachments/0a2a5f82-ae0c-48cb-8c6f-98d948e02d9d => generated 19 bytes in 576 msecs (HTTP/1.1 200) 7 headers in 285 bytes (1 switches on core 0) /var/lib/openstack/lib/python3.12/site-packages/pycadf/identifier.py:70: UserWarning: Invalid uuid: cinderv3. To ensure interoperability, identifiers should be a valid uuid. warnings.warn(('Invalid uuid: %s. To ensure interoperability, '
2026-05-27 01:51:36.356 7 INFO cinder.api.openstack.wsgi [req-8d3c00e8-8cbc-470a-bcaf-5eb734f7804e req-8709303f-9921-4fa9-8541-9e70a8da6a24 a70706d7fca649d497e8cd7d5db7e4d8 9499d11acd174eceb2f5b8e11f1ce38b - - default default] DELETE http://cinder-api.openstack.svc.cluster.local:8776/v3/9499d11acd174eceb2f5b8e11f1ce38b/volumes/a4c0c8b7-ffde-43db-a852-33414c291b99
2026-05-27 01:51:36.358 7 INFO cinder.api.v3.volumes [req-8d3c00e8-8cbc-470a-bcaf-5eb734f7804e req-8709303f-9921-4fa9-8541-9e70a8da6a24 a70706d7fca649d497e8cd7d5db7e4d8 9499d11acd174eceb2f5b8e11f1ce38b - - default default] Delete volume with id: a4c0c8b7-ffde-43db-a852-33414c291b99 /var/lib/openstack/lib/python3.12/site-packages/oslo_context/context.py:101: DeprecationWarning: Policy enforcement is depending on the value of is_admin. This key is deprecated. Please update your policy file to use the standard policy values. warnings.warn(
2026-05-27 01:51:36.373 7 INFO cinder.volume.api [req-8d3c00e8-8cbc-470a-bcaf-5eb734f7804e req-8709303f-9921-4fa9-8541-9e70a8da6a24 a70706d7fca649d497e8cd7d5db7e4d8 9499d11acd174eceb2f5b8e11f1ce38b - - default default] Volume info retrieved successfully.
2026-05-27 01:51:36.409 7 INFO cinder.volume.api [req-8d3c00e8-8cbc-470a-bcaf-5eb734f7804e req-8709303f-9921-4fa9-8541-9e70a8da6a24 a70706d7fca649d497e8cd7d5db7e4d8 9499d11acd174eceb2f5b8e11f1ce38b - - default default] Delete volume request issued successfully.
2026-05-27 01:51:36.410 7 INFO cinder.api.openstack.wsgi [req-8d3c00e8-8cbc-470a-bcaf-5eb734f7804e req-8709303f-9921-4fa9-8541-9e70a8da6a24 a70706d7fca649d497e8cd7d5db7e4d8 9499d11acd174eceb2f5b8e11f1ce38b - - default default] http://cinder-api.openstack.svc.cluster.local:8776/v3/9499d11acd174eceb2f5b8e11f1ce38b/volumes/a4c0c8b7-ffde-43db-a852-33414c291b99 returned with HTTP 202 [pid: 7|app: 0|req: 357/715] 199.204.45.244 () {36 vars in 1054 bytes} [Wed May 27 01:51:36 2026] DELETE /v3/9499d11acd174eceb2f5b8e11f1ce38b/volumes/a4c0c8b7-ffde-43db-a852-33414c291b99 => generated 0 bytes in 64 msecs (HTTP/1.1 202) 6 headers in 233 bytes (1 switches on core 0)
2026-05-27 01:51:45.451 8 INFO cinder.api.openstack.wsgi [req-8d3c00e8-8cbc-470a-bcaf-5eb734f7804e req-4db19ec5-0de3-467e-b0e3-ad556c2ce14f a70706d7fca649d497e8cd7d5db7e4d8 9499d11acd174eceb2f5b8e11f1ce38b - - default default] GET http://10.0.0.149:8776/
2026-05-27 01:51:45.452 8 INFO cinder.api.openstack.wsgi [req-8d3c00e8-8cbc-470a-bcaf-5eb734f7804e req-4db19ec5-0de3-467e-b0e3-ad556c2ce14f a70706d7fca649d497e8cd7d5db7e4d8 9499d11acd174eceb2f5b8e11f1ce38b - - default default] http://10.0.0.149:8776/ returned with HTTP 300
2026-05-27 01:51:45.452 7 INFO cinder.api.openstack.wsgi [req-8d3c00e8-8cbc-470a-bcaf-5eb734f7804e req-8709303f-9921-4fa9-8541-9e70a8da6a24 a70706d7fca649d497e8cd7d5db7e4d8 9499d11acd174eceb2f5b8e11f1ce38b - - default default] GET http://10.0.0.149:8776/
2026-05-27 01:51:45.453 7 INFO cinder.api.openstack.wsgi [req-8d3c00e8-8cbc-470a-bcaf-5eb734f7804e req-8709303f-9921-4fa9-8541-9e70a8da6a24 a70706d7fca649d497e8cd7d5db7e4d8 9499d11acd174eceb2f5b8e11f1ce38b - - default default] http://10.0.0.149:8776/ returned with HTTP 300 /var/lib/openstack/lib/python3.12/site-packages/pycadf/identifier.py:70: UserWarning: Invalid uuid: cinderv3. To ensure interoperability, identifiers should be a valid uuid. warnings.warn(('Invalid uuid: %s. To ensure interoperability, '
2026-05-27 01:51:47.636 8 INFO cinder.api.openstack.wsgi [None req-7beb5a14-d52a-47c5-91ba-644339f1bc54 a7469f6517cf4b5e919e6d49f5aed1b5 6a44c43a00974013985ffc4d68699c21 - - default default] GET http://cinder-api.openstack.svc.cluster.local:8776/v3/6a44c43a00974013985ffc4d68699c21/snapshots?all_tenants=true /var/lib/openstack/lib/python3.12/site-packages/oslo_context/context.py:101: DeprecationWarning: Policy enforcement is depending on the value of is_admin. This key is deprecated. Please update your policy file to use the standard policy values. warnings.warn(
2026-05-27 01:51:47.642 8 INFO cinder.volume.api [None req-7beb5a14-d52a-47c5-91ba-644339f1bc54 a7469f6517cf4b5e919e6d49f5aed1b5 6a44c43a00974013985ffc4d68699c21 - - default default] Get all snapshots completed successfully.
2026-05-27 01:51:47.642 8 INFO cinder.api.openstack.wsgi [None req-7beb5a14-d52a-47c5-91ba-644339f1bc54 a7469f6517cf4b5e919e6d49f5aed1b5 6a44c43a00974013985ffc4d68699c21 - - default default] http://cinder-api.openstack.svc.cluster.local:8776/v3/6a44c43a00974013985ffc4d68699c21/snapshots?all_tenants=true returned with HTTP 200 [pid: 8|app: 0|req: 360/718] 10.0.0.150 () {28 vars in 674 bytes} [Wed May 27 01:51:47 2026] GET /v3/6a44c43a00974013985ffc4d68699c21/snapshots?all_tenants=true => generated 17 bytes in 178 msecs (HTTP/1.1 200) 7 headers in 284 bytes (1 switches on core 0) /var/lib/openstack/lib/python3.12/site-packages/pycadf/identifier.py:70: UserWarning: Invalid uuid: cinderv3. To ensure interoperability, identifiers should be a valid uuid. warnings.warn(('Invalid uuid: %s. To ensure interoperability, '
2026-05-27 01:51:47.655 7 INFO cinder.api.openstack.wsgi [None req-fd531edc-378c-4f48-a562-6796bf0559b9 a7469f6517cf4b5e919e6d49f5aed1b5 6a44c43a00974013985ffc4d68699c21 - - default default] GET http://cinder-api.openstack.svc.cluster.local:8776/v3/6a44c43a00974013985ffc4d68699c21/scheduler-stats/get_pools?detail=true
2026-05-27 01:51:48.158 7 INFO cinder.api.openstack.wsgi [None req-fd531edc-378c-4f48-a562-6796bf0559b9 a7469f6517cf4b5e919e6d49f5aed1b5 6a44c43a00974013985ffc4d68699c21 - - default default] http://cinder-api.openstack.svc.cluster.local:8776/v3/6a44c43a00974013985ffc4d68699c21/scheduler-stats/get_pools?detail=true returned with HTTP 200 [pid: 7|app: 0|req: 359/719] 10.0.0.150 () {28 vars in 696 bytes} [Wed May 27 01:51:47 2026] GET /v3/6a44c43a00974013985ffc4d68699c21/scheduler-stats/get_pools?detail=true => generated 670 bytes in 511 msecs (HTTP/1.1 200) 7 headers in 285 bytes (1 switches on core 0)
2026-05-27 01:51:48.169 8 INFO cinder.api.openstack.wsgi [None req-67c07d46-bfdc-4029-bf21-d1e1fa9833c7 a7469f6517cf4b5e919e6d49f5aed1b5 6a44c43a00974013985ffc4d68699c21 - - default default] GET http://cinder-api.openstack.svc.cluster.local:8776/v3/6a44c43a00974013985ffc4d68699c21/volumes/detail?all_tenants=true
2026-05-27 01:51:48.179 8 INFO cinder.volume.api [None req-67c07d46-bfdc-4029-bf21-d1e1fa9833c7 a7469f6517cf4b5e919e6d49f5aed1b5 6a44c43a00974013985ffc4d68699c21 - - default default] Get all volumes completed successfully.
2026-05-27 01:51:48.181 8 INFO cinder.api.openstack.wsgi [None req-67c07d46-bfdc-4029-bf21-d1e1fa9833c7 a7469f6517cf4b5e919e6d49f5aed1b5 6a44c43a00974013985ffc4d68699c21 - - default default] http://cinder-api.openstack.svc.cluster.local:8776/v3/6a44c43a00974013985ffc4d68699c21/volumes/detail?all_tenants=true returned with HTTP 200 [pid: 8|app: 0|req: 361/720] 10.0.0.150 () {28 vars in 684 bytes} [Wed May 27 01:51:48 2026] GET /v3/6a44c43a00974013985ffc4d68699c21/volumes/detail?all_tenants=true => generated 15 bytes in 17 msecs (HTTP/1.1 200) 7 headers in 284 bytes (1 switches on core 0)
2026-05-27 01:51:48.290 7 INFO cinder.api.openstack.wsgi [None req-e5746428-bb02-442f-802b-a5085969fefb a7469f6517cf4b5e919e6d49f5aed1b5 6a44c43a00974013985ffc4d68699c21 - - default default] GET http://cinder-api.openstack.svc.cluster.local:8776/v3/6a44c43a00974013985ffc4d68699c21/os-quota-sets/00280dc2f3014fb78bb19796ac4b75fc?usage=true
2026-05-27 01:51:48.329 7 INFO cinder.api.openstack.wsgi [None req-e5746428-bb02-442f-802b-a5085969fefb a7469f6517cf4b5e919e6d49f5aed1b5 6a44c43a00974013985ffc4d68699c21 - - default default] http://cinder-api.openstack.svc.cluster.local:8776/v3/6a44c43a00974013985ffc4d68699c21/os-quota-sets/00280dc2f3014fb78bb19796ac4b75fc?usage=true returned with HTTP 200 [pid: 7|app: 0|req: 360/721] 10.0.0.150 () {28 vars in 736 bytes} [Wed May 27 01:51:48 2026] GET /v3/6a44c43a00974013985ffc4d68699c21/os-quota-sets/00280dc2f3014fb78bb19796ac4b75fc?usage=true => generated 847 bytes in 46 msecs (HTTP/1.1 200) 7 headers in 285 bytes (1 switches on core 0)
2026-05-27 01:51:48.340 8 INFO cinder.api.openstack.wsgi [None req-ee62c819-f711-4388-abc2-0f8d04c95455 a7469f6517cf4b5e919e6d49f5aed1b5 6a44c43a00974013985ffc4d68699c21 - - default default] GET http://cinder-api.openstack.svc.cluster.local:8776/v3/6a44c43a00974013985ffc4d68699c21/os-quota-sets/36c8f8d2ed4e46c18910e9baea9187fa?usage=true
2026-05-27 01:51:48.359 8 INFO cinder.api.openstack.wsgi [None req-ee62c819-f711-4388-abc2-0f8d04c95455 a7469f6517cf4b5e919e6d49f5aed1b5 6a44c43a00974013985ffc4d68699c21 - - default default] http://cinder-api.openstack.svc.cluster.local:8776/v3/6a44c43a00974013985ffc4d68699c21/os-quota-sets/36c8f8d2ed4e46c18910e9baea9187fa?usage=true returned with HTTP 200 [pid: 8|app: 0|req: 362/722] 10.0.0.150 () {28 vars in 736 bytes} [Wed May 27 01:51:48 2026] GET /v3/6a44c43a00974013985ffc4d68699c21/os-quota-sets/36c8f8d2ed4e46c18910e9baea9187fa?usage=true => generated 845 bytes in 26 msecs (HTTP/1.1 200) 7 headers in 285 bytes (1 switches on core 0)
2026-05-27 01:51:48.385 7 INFO cinder.api.openstack.wsgi [None req-5415a40f-cf9a-4848-8bac-e7d87ec8c390 a7469f6517cf4b5e919e6d49f5aed1b5 6a44c43a00974013985ffc4d68699c21 - - default default] GET http://cinder-api.openstack.svc.cluster.local:8776/v3/6a44c43a00974013985ffc4d68699c21/os-quota-sets/4db6a80108ce4bab9e0f05c72c406926?usage=true
2026-05-27 01:51:48.427 7 INFO cinder.api.openstack.wsgi [None req-5415a40f-cf9a-4848-8bac-e7d87ec8c390 a7469f6517cf4b5e919e6d49f5aed1b5 6a44c43a00974013985ffc4d68699c21 - - default default] http://cinder-api.openstack.svc.cluster.local:8776/v3/6a44c43a00974013985ffc4d68699c21/os-quota-sets/4db6a80108ce4bab9e0f05c72c406926?usage=true returned with HTTP 200 [pid: 7|app: 0|req: 361/723] 10.0.0.150 () {28 vars in 736 bytes} [Wed May 27 01:51:48 2026] GET /v3/6a44c43a00974013985ffc4d68699c21/os-quota-sets/4db6a80108ce4bab9e0f05c72c406926?usage=true => generated 847 bytes in 66 msecs (HTTP/1.1 200) 7 headers in 285 bytes (1 switches on core 0)
2026-05-27 01:51:48.440 8 INFO cinder.api.openstack.wsgi [None req-47187c3f-78dc-4f8e-8ed2-e60bcf9a5a7b a7469f6517cf4b5e919e6d49f5aed1b5 6a44c43a00974013985ffc4d68699c21 - - default default] GET http://cinder-api.openstack.svc.cluster.local:8776/v3/6a44c43a00974013985ffc4d68699c21/os-quota-sets/6a44c43a00974013985ffc4d68699c21?usage=true
2026-05-27 01:51:48.458 8 INFO cinder.api.openstack.wsgi [None req-47187c3f-78dc-4f8e-8ed2-e60bcf9a5a7b a7469f6517cf4b5e919e6d49f5aed1b5 6a44c43a00974013985ffc4d68699c21 - - default default] http://cinder-api.openstack.svc.cluster.local:8776/v3/6a44c43a00974013985ffc4d68699c21/os-quota-sets/6a44c43a00974013985ffc4d68699c21?usage=true returned with HTTP 200 [pid: 8|app: 0|req: 363/724] 10.0.0.150 () {28 vars in 736 bytes} [Wed May 27 01:51:48 2026] GET /v3/6a44c43a00974013985ffc4d68699c21/os-quota-sets/6a44c43a00974013985ffc4d68699c21?usage=true => generated 845 bytes in 26 msecs (HTTP/1.1 200) 7 headers in 285 bytes (1 switches on core 0)
2026-05-27 01:51:48.476 7 INFO cinder.api.openstack.wsgi [None req-53f99c9b-8bbf-4783-af09-10470c55a2cd a7469f6517cf4b5e919e6d49f5aed1b5 6a44c43a00974013985ffc4d68699c21 - - default default] GET http://cinder-api.openstack.svc.cluster.local:8776/v3/6a44c43a00974013985ffc4d68699c21/os-quota-sets/71a7aac418254060b570a1ae7ab21860?usage=true
2026-05-27 01:51:48.519 7 INFO cinder.api.openstack.wsgi [None req-53f99c9b-8bbf-4783-af09-10470c55a2cd a7469f6517cf4b5e919e6d49f5aed1b5 6a44c43a00974013985ffc4d68699c21 - - default default] http://cinder-api.openstack.svc.cluster.local:8776/v3/6a44c43a00974013985ffc4d68699c21/os-quota-sets/71a7aac418254060b570a1ae7ab21860?usage=true returned with HTTP 200 [pid: 7|app: 0|req: 362/725] 10.0.0.150 () {28 vars in 736 bytes} [Wed May 27 01:51:48 2026] GET /v3/6a44c43a00974013985ffc4d68699c21/os-quota-sets/71a7aac418254060b570a1ae7ab21860?usage=true => generated 847 bytes in 51 msecs (HTTP/1.1 200) 7 headers in 285 bytes (1 switches on core 0)
2026-05-27 01:51:48.534 8 INFO cinder.api.openstack.wsgi [None req-abb9225c-afcc-4a21-8acb-f2ec1ca42e3a a7469f6517cf4b5e919e6d49f5aed1b5 6a44c43a00974013985ffc4d68699c21 - - default default] GET http://cinder-api.openstack.svc.cluster.local:8776/v3/6a44c43a00974013985ffc4d68699c21/os-quota-sets/d5781aaf566641f4b3d5e969e4e2ac7c?usage=true
2026-05-27 01:51:48.550 8 INFO cinder.api.openstack.wsgi [None req-abb9225c-afcc-4a21-8acb-f2ec1ca42e3a a7469f6517cf4b5e919e6d49f5aed1b5 6a44c43a00974013985ffc4d68699c21 - - default default] http://cinder-api.openstack.svc.cluster.local:8776/v3/6a44c43a00974013985ffc4d68699c21/os-quota-sets/d5781aaf566641f4b3d5e969e4e2ac7c?usage=true returned with HTTP 200 [pid: 8|app: 0|req: 364/726] 10.0.0.150 () {28 vars in 736 bytes} [Wed May 27 01:51:48 2026] GET /v3/6a44c43a00974013985ffc4d68699c21/os-quota-sets/d5781aaf566641f4b3d5e969e4e2ac7c?usage=true => generated 847 bytes in 22 msecs (HTTP/1.1 200) 7 headers in 285 bytes (1 switches on core 0)
2026-05-27 01:51:48.567 7 INFO cinder.api.openstack.wsgi [None req-cddf073a-18ba-4e91-93ef-31bd622dd2a4 a7469f6517cf4b5e919e6d49f5aed1b5 6a44c43a00974013985ffc4d68699c21 - - default default] GET http://cinder-api.openstack.svc.cluster.local:8776/v3/6a44c43a00974013985ffc4d68699c21/volumes/detail?all_tenants=true
2026-05-27 01:51:48.580 7 INFO cinder.volume.api [None req-cddf073a-18ba-4e91-93ef-31bd622dd2a4 a7469f6517cf4b5e919e6d49f5aed1b5 6a44c43a00974013985ffc4d68699c21 - - default default] Get all volumes completed successfully.
2026-05-27 01:51:48.583 7 INFO cinder.api.openstack.wsgi [None req-cddf073a-18ba-4e91-93ef-31bd622dd2a4 a7469f6517cf4b5e919e6d49f5aed1b5 6a44c43a00974013985ffc4d68699c21 - - default default] http://cinder-api.openstack.svc.cluster.local:8776/v3/6a44c43a00974013985ffc4d68699c21/volumes/detail?all_tenants=true returned with HTTP 200 [pid: 7|app: 0|req: 363/727] 10.0.0.150 () {28 vars in 684 bytes} [Wed May 27 01:51:48 2026] GET /v3/6a44c43a00974013985ffc4d68699c21/volumes/detail?all_tenants=true => generated 15 bytes in 22 msecs (HTTP/1.1 200) 7 headers in 284 bytes (1 switches on core 0)
2026-05-27 01:51:48.595 8 INFO cinder.api.openstack.wsgi [None req-487f09de-b145-42b7-a4d4-9ca1aaf5e65c a7469f6517cf4b5e919e6d49f5aed1b5 6a44c43a00974013985ffc4d68699c21 - - default default] GET http://cinder-api.openstack.svc.cluster.local:8776/v3/6a44c43a00974013985ffc4d68699c21/os-services
2026-05-27 01:51:48.599 8 INFO cinder.api.openstack.wsgi [None req-487f09de-b145-42b7-a4d4-9ca1aaf5e65c a7469f6517cf4b5e919e6d49f5aed1b5 6a44c43a00974013985ffc4d68699c21 - - default default] http://cinder-api.openstack.svc.cluster.local:8776/v3/6a44c43a00974013985ffc4d68699c21/os-services returned with HTTP 200 [pid: 8|app: 0|req: 365/728] 10.0.0.150 () {28 vars in 645 bytes} [Wed May 27 01:51:48 2026] GET /v3/6a44c43a00974013985ffc4d68699c21/os-services => generated 646 bytes in 12 msecs (HTTP/1.1 200) 7 headers in 285 bytes (1 switches on core 0)
2026-05-27 01:51:55.451 7 INFO cinder.api.openstack.wsgi [None req-cddf073a-18ba-4e91-93ef-31bd622dd2a4 a7469f6517cf4b5e919e6d49f5aed1b5 6a44c43a00974013985ffc4d68699c21 - - default default] GET http://10.0.0.149:8776/
2026-05-27 01:51:55.451 8 INFO cinder.api.openstack.wsgi [None req-487f09de-b145-42b7-a4d4-9ca1aaf5e65c a7469f6517cf4b5e919e6d49f5aed1b5 6a44c43a00974013985ffc4d68699c21 - - default default] GET http://10.0.0.149:8776/
2026-05-27 01:51:55.452 7 INFO cinder.api.openstack.wsgi [None req-cddf073a-18ba-4e91-93ef-31bd622dd2a4 a7469f6517cf4b5e919e6d49f5aed1b5 6a44c43a00974013985ffc4d68699c21 - - default default] http://10.0.0.149:8776/ returned with HTTP 300
2026-05-27 01:51:55.454 8 INFO cinder.api.openstack.wsgi [None req-487f09de-b145-42b7-a4d4-9ca1aaf5e65c a7469f6517cf4b5e919e6d49f5aed1b5 6a44c43a00974013985ffc4d68699c21 - - default default] http://10.0.0.149:8776/ returned with HTTP 300
2026-05-27 01:52:05.451 7 INFO cinder.api.openstack.wsgi [None req-cddf073a-18ba-4e91-93ef-31bd622dd2a4 a7469f6517cf4b5e919e6d49f5aed1b5 6a44c43a00974013985ffc4d68699c21 - - default default] GET http://10.0.0.149:8776/
2026-05-27 01:52:05.451 8 INFO cinder.api.openstack.wsgi [None req-487f09de-b145-42b7-a4d4-9ca1aaf5e65c a7469f6517cf4b5e919e6d49f5aed1b5 6a44c43a00974013985ffc4d68699c21 - - default default] GET http://10.0.0.149:8776/
2026-05-27 01:52:05.452 7 INFO cinder.api.openstack.wsgi [None req-cddf073a-18ba-4e91-93ef-31bd622dd2a4 a7469f6517cf4b5e919e6d49f5aed1b5 6a44c43a00974013985ffc4d68699c21 - - default default] http://10.0.0.149:8776/ returned with HTTP 300
2026-05-27 01:52:05.452 8 INFO cinder.api.openstack.wsgi [None req-487f09de-b145-42b7-a4d4-9ca1aaf5e65c a7469f6517cf4b5e919e6d49f5aed1b5 6a44c43a00974013985ffc4d68699c21 - - default default] http://10.0.0.149:8776/ returned with HTTP 300
2026-05-27 01:52:10.002 7 INFO cinder.api.openstack.wsgi [None req-28ff2f73-15b0-4015-908d-af93faade958 66cb7229054e450f8bd91a54295c70da 51bbab5faa4d4b0f96920a6e6d2498ab - - default default] POST http://cinder-api.openstack.svc.cluster.local:8776/v3/51bbab5faa4d4b0f96920a6e6d2498ab/volumes
2026-05-27 01:52:10.005 7 INFO cinder.api.v3.volumes [None req-28ff2f73-15b0-4015-908d-af93faade958 66cb7229054e450f8bd91a54295c70da 51bbab5faa4d4b0f96920a6e6d2498ab - - default default] Create volume of 1 GB
2026-05-27 01:52:10.012 7 INFO cinder.volume.api [None req-28ff2f73-15b0-4015-908d-af93faade958 66cb7229054e450f8bd91a54295c70da 51bbab5faa4d4b0f96920a6e6d2498ab - - default default] Availability Zones retrieved successfully.
2026-05-27 01:52:10.194 7 INFO cinder.volume.api [None req-28ff2f73-15b0-4015-908d-af93faade958 66cb7229054e450f8bd91a54295c70da 51bbab5faa4d4b0f96920a6e6d2498ab - - default default] Create volume request issued successfully.
2026-05-27 01:52:10.195 7 INFO cinder.api.openstack.wsgi [None req-28ff2f73-15b0-4015-908d-af93faade958 66cb7229054e450f8bd91a54295c70da 51bbab5faa4d4b0f96920a6e6d2498ab - - default default] http://cinder-api.openstack.svc.cluster.local:8776/v3/51bbab5faa4d4b0f96920a6e6d2498ab/volumes returned with HTTP 202 [pid: 7|app: 0|req: 366/733] 10.0.0.215 () {34 vars in 722 bytes} [Wed May 27 01:52:09 2026] POST /v3/51bbab5faa4d4b0f96920a6e6d2498ab/volumes => generated 861 bytes in 393 msecs (HTTP/1.1 202) 7 headers in 291 bytes (1 switches on core 0)
2026-05-27 01:52:10.215 8 INFO cinder.api.openstack.wsgi [None req-7c11a5f5-5c27-4f30-9275-ee5c3c605246 66cb7229054e450f8bd91a54295c70da 51bbab5faa4d4b0f96920a6e6d2498ab - - default default] GET http://cinder-api.openstack.svc.cluster.local:8776/v3/51bbab5faa4d4b0f96920a6e6d2498ab/volumes/86d866ef-656c-49e3-b046-1b9e8cdd5a23 /var/lib/openstack/lib/python3.12/site-packages/oslo_context/context.py:101: DeprecationWarning: Policy enforcement is depending on the value of is_admin. This key is deprecated. Please update your policy file to use the standard policy values. warnings.warn(
2026-05-27 01:52:10.228 8 INFO cinder.volume.api [None req-7c11a5f5-5c27-4f30-9275-ee5c3c605246 66cb7229054e450f8bd91a54295c70da 51bbab5faa4d4b0f96920a6e6d2498ab - - default default] Volume info retrieved successfully.
2026-05-27 01:52:10.238 8 INFO cinder.api.openstack.wsgi [None req-7c11a5f5-5c27-4f30-9275-ee5c3c605246 66cb7229054e450f8bd91a54295c70da 51bbab5faa4d4b0f96920a6e6d2498ab - - default default] http://cinder-api.openstack.svc.cluster.local:8776/v3/51bbab5faa4d4b0f96920a6e6d2498ab/volumes/86d866ef-656c-49e3-b046-1b9e8cdd5a23 returned with HTTP 200 [pid: 8|app: 0|req: 368/734] 10.0.0.215 () {32 vars in 775 bytes} [Wed May 27 01:52:10 2026] GET /v3/51bbab5faa4d4b0f96920a6e6d2498ab/volumes/86d866ef-656c-49e3-b046-1b9e8cdd5a23 => generated 929 bytes in 30 msecs (HTTP/1.1 200) 7 headers in 285 bytes (1 switches on core 0) /var/lib/openstack/lib/python3.12/site-packages/pycadf/identifier.py:70: UserWarning: Invalid uuid: cinderv3. To ensure interoperability, identifiers should be a valid uuid. warnings.warn(('Invalid uuid: %s. To ensure interoperability, '
2026-05-27 01:52:11.260 7 INFO cinder.api.openstack.wsgi [None req-52ebad83-9ffc-4e2d-b564-45cfb727e514 66cb7229054e450f8bd91a54295c70da 51bbab5faa4d4b0f96920a6e6d2498ab - - default default] GET http://cinder-api.openstack.svc.cluster.local:8776/v3/51bbab5faa4d4b0f96920a6e6d2498ab/volumes/86d866ef-656c-49e3-b046-1b9e8cdd5a23 /var/lib/openstack/lib/python3.12/site-packages/oslo_context/context.py:101: DeprecationWarning: Policy enforcement is depending on the value of is_admin. This key is deprecated. Please update your policy file to use the standard policy values. warnings.warn(
2026-05-27 01:52:11.275 7 INFO cinder.volume.api [None req-52ebad83-9ffc-4e2d-b564-45cfb727e514 66cb7229054e450f8bd91a54295c70da 51bbab5faa4d4b0f96920a6e6d2498ab - - default default] Volume info retrieved successfully.
