Apr 20 17:23:28.453844 np0000168430 devstack@neutron-api.service[104103]: INFO neutron.api.extensions [None req-dd5daac1-16b8-48b8-9586-92dafad98cf1 None None] Extension l2_adjacency not supported by any of loaded plugins
Apr 20 17:23:28.453882 np0000168430 devstack@neutron-api.service[104106]: INFO neutron.api.extensions [None req-68ee1a92-39e2-4fbc-bf09-196f5918de6f None None] Extension segment not supported by any of loaded plugins
Apr 20 17:23:28.454004 np0000168430 devstack@neutron-api.service[104104]: DEBUG neutron.quota.resource_registry [None req-4ca9f6d7-107a-4de8-ac24-5025d75d4b03 None None] Tracking information for resource: router configured {{(pid=104104) set_tracked_resource /opt/stack/neutron/neutron/quota/resource_registry.py:203}}
Apr 20 17:23:28.454045 np0000168430 devstack@neutron-api.service[104103]: DEBUG neutron.api.extensions [None req-dd5daac1-16b8-48b8-9586-92dafad98cf1 None None] Loading extension file: l3.py {{(pid=104103) _load_all_extensions_from_path /opt/stack/neutron/neutron/api/extensions.py:449}}
Apr 20 17:23:28.454083 np0000168430 devstack@neutron-api.service[104106]: DEBUG neutron.api.extensions [None req-68ee1a92-39e2-4fbc-bf09-196f5918de6f None None] Loading extension file: segments_peer_subnet_host_routes.py {{(pid=104106) _load_all_extensions_from_path /opt/stack/neutron/neutron/api/extensions.py:449}}
Apr 20 17:23:28.454118 np0000168430 devstack@neutron-api.service[104104]: DEBUG neutron.quota.resource_registry [None req-4ca9f6d7-107a-4de8-ac24-5025d75d4b03 None None] Tracking information for resource: floatingip configured {{(pid=104104) set_tracked_resource /opt/stack/neutron/neutron/quota/resource_registry.py:203}}
Apr 20 17:23:28.454118 np0000168430 devstack@neutron-api.service[104104]: INFO neutron.services.ovn_l3.plugin [None req-4ca9f6d7-107a-4de8-ac24-5025d75d4b03 None None] Starting OVNL3RouterPlugin
Apr 20 17:23:28.454276 np0000168430 devstack@neutron-api.service[104106]: DEBUG neutron.api.extensions [None req-68ee1a92-39e2-4fbc-bf09-196f5918de6f None None] Ext name="Segments peer-subnet host routes" alias="segments-peer-subnet-host-routes" description="Add host routes to subnets on a routed network (segments)" updated="2018-06-12T10:00:00-00:00" {{(pid=104106) _check_extension /opt/stack/neutron/neutron/api/extensions.py:415}}
Apr 20 17:23:28.454415 np0000168430 devstack@neutron-api.service[104104]: DEBUG neutron_lib.callbacks.manager [None req-4ca9f6d7-107a-4de8-ac24-5025d75d4b03 None None] Subscribe: > port_forwarding_plugin after_init 55550000, False {{(pid=104104) subscribe /opt/stack/data/venv/lib/python3.12/site-packages/neutron_lib/callbacks/manager.py:52}}
Apr 20 17:23:28.454458 np0000168430 devstack@neutron-api.service[104106]: INFO neutron.api.extensions [None req-68ee1a92-39e2-4fbc-bf09-196f5918de6f None None] Extension segments-peer-subnet-host-routes not supported by any of loaded plugins
Apr 20 17:23:28.454495 np0000168430 devstack@neutron-api.service[104103]: DEBUG neutron.api.extensions [None req-dd5daac1-16b8-48b8-9586-92dafad98cf1 None None] Ext name="Neutron L3 Router" alias="router" description="Router abstraction for basic L3 forwarding between L2 Neutron networks and access to external networks via a NAT gateway." updated="2012-07-20T10:00:00-00:00" {{(pid=104103) _check_extension /opt/stack/neutron/neutron/api/extensions.py:415}}
Apr 20 17:23:28.454593 np0000168430 devstack@neutron-api.service[104106]: DEBUG neutron.api.extensions [None req-68ee1a92-39e2-4fbc-bf09-196f5918de6f None None] Loading extension file: servicetype.py {{(pid=104106) _load_all_extensions_from_path /opt/stack/neutron/neutron/api/extensions.py:449}}
Apr 20 17:23:28.454643 np0000168430 devstack@neutron-api.service[104104]: DEBUG neutron_lib.callbacks.manager [None req-4ca9f6d7-107a-4de8-ac24-5025d75d4b03 None None] Subscribe: > router before_create 55550100, False {{(pid=104104) subscribe /opt/stack/data/venv/lib/python3.12/site-packages/neutron_lib/callbacks/manager.py:52}}
Apr 20 17:23:28.454760 np0000168430 devstack@neutron-api.service[104103]: INFO neutron.api.extensions [None req-dd5daac1-16b8-48b8-9586-92dafad98cf1 None None] Loaded extension: router
Apr 20 17:23:28.454797 np0000168430 devstack@neutron-api.service[104104]: DEBUG neutron_lib.callbacks.manager [None req-4ca9f6d7-107a-4de8-ac24-5025d75d4b03 None None] Subscribe: > router precommit_delete 55550100, False {{(pid=104104) subscribe /opt/stack/data/venv/lib/python3.12/site-packages/neutron_lib/callbacks/manager.py:52}}
Apr 20 17:23:28.454837 np0000168430 devstack@neutron-api.service[104103]: DEBUG neutron.api.extensions [None req-dd5daac1-16b8-48b8-9586-92dafad98cf1 None None] Loading extension file: l3_conntrack_helper.py {{(pid=104103) _load_all_extensions_from_path /opt/stack/neutron/neutron/api/extensions.py:449}}
Apr 20 17:23:28.454875 np0000168430 devstack@neutron-api.service[104104]: DEBUG neutron_lib.callbacks.manager [None req-4ca9f6d7-107a-4de8-ac24-5025d75d4b03 None None] Subscribe: > router precommit_create 55550100, False {{(pid=104104) subscribe /opt/stack/data/venv/lib/python3.12/site-packages/neutron_lib/callbacks/manager.py:52}}
Apr 20 17:23:28.454969 np0000168430 devstack@neutron-api.service[104106]: DEBUG neutron.api.extensions [None req-68ee1a92-39e2-4fbc-bf09-196f5918de6f None None] Ext name="Neutron Service Type Management" alias="service-type" description="API for retrieving service providers for Neutron advanced services" updated="2013-01-20T00:00:00-00:00" {{(pid=104106) _check_extension /opt/stack/neutron/neutron/api/extensions.py:415}}
Apr 20 17:23:28.455010 np0000168430 devstack@neutron-api.service[104104]: DEBUG neutron_lib.callbacks.manager [None req-4ca9f6d7-107a-4de8-ac24-5025d75d4b03 None None] Subscribe: > router precommit_update 55550100, False {{(pid=104104) subscribe /opt/stack/data/venv/lib/python3.12/site-packages/neutron_lib/callbacks/manager.py:52}}
Apr 20 17:23:28.455129 np0000168430 devstack@neutron-api.service[104106]: INFO neutron.api.extensions [None req-68ee1a92-39e2-4fbc-bf09-196f5918de6f None None] Loaded extension: service-type
Apr 20 17:23:28.455129 np0000168430 devstack@neutron-api.service[104106]: DEBUG neutron.api.extensions [None req-68ee1a92-39e2-4fbc-bf09-196f5918de6f None None] Loading extension file: sorting.py {{(pid=104106) _load_all_extensions_from_path /opt/stack/neutron/neutron/api/extensions.py:449}}
Apr 20 17:23:28.455232 np0000168430 devstack@neutron-api.service[104103]: DEBUG neutron.api.extensions [None req-dd5daac1-16b8-48b8-9586-92dafad98cf1 None None] Ext name="L3 Conntrack helper" alias="l3-conntrack-helper" description="Allow adding CT target rules for conntrack helper" updated="2019-04-04T10:00:00-00:00" {{(pid=104103) _check_extension /opt/stack/neutron/neutron/api/extensions.py:415}}
Apr 20 17:23:28.455232 np0000168430 devstack@neutron-api.service[104103]: INFO neutron.api.extensions [None req-dd5daac1-16b8-48b8-9586-92dafad98cf1 None None] Extension l3-conntrack-helper not supported by any of loaded plugins
Apr 20 17:23:28.455232 np0000168430 devstack@neutron-api.service[104103]: DEBUG neutron.api.extensions [None req-dd5daac1-16b8-48b8-9586-92dafad98cf1 None None] Loading extension file: l3_enable_default_route_bfd.py {{(pid=104103) _load_all_extensions_from_path /opt/stack/neutron/neutron/api/extensions.py:449}}
Apr 20 17:23:28.455475 np0000168430 devstack@neutron-api.service[104106]: DEBUG neutron.api.extensions [None req-68ee1a92-39e2-4fbc-bf09-196f5918de6f None None] Ext name="Sorting support" alias="sorting" description="Extension that indicates that sorting is enabled." updated="2016-06-12T00:00:00-00:00" {{(pid=104106) _check_extension /opt/stack/neutron/neutron/api/extensions.py:415}}
Apr 20 17:23:28.455475 np0000168430 devstack@neutron-api.service[104106]: INFO neutron.api.extensions [None req-68ee1a92-39e2-4fbc-bf09-196f5918de6f None None] Loaded extension: sorting
Apr 20 17:23:28.455475 np0000168430 devstack@neutron-api.service[104106]: DEBUG neutron.api.extensions [None req-68ee1a92-39e2-4fbc-bf09-196f5918de6f None None] Loading extension file: standard_attr_segment.py {{(pid=104106) _load_all_extensions_from_path /opt/stack/neutron/neutron/api/extensions.py:449}}
Apr 20 17:23:28.455638 np0000168430 devstack@neutron-api.service[104103]: DEBUG neutron.api.extensions [None req-dd5daac1-16b8-48b8-9586-92dafad98cf1 None None] Ext name="Enable Default Route BFD" alias="enable-default-route-bfd" description="Enables configurable BFD behavior for default routes" updated="2023-02-27T00:00:00-00:00" {{(pid=104103) _check_extension /opt/stack/neutron/neutron/api/extensions.py:415}}
Apr 20 17:23:28.455638 np0000168430 devstack@neutron-api.service[104103]: INFO neutron.api.extensions [None req-dd5daac1-16b8-48b8-9586-92dafad98cf1 None None] Loaded extension: enable-default-route-bfd
Apr 20 17:23:28.455715 np0000168430 devstack@neutron-api.service[104106]: DEBUG neutron.api.extensions [None req-68ee1a92-39e2-4fbc-bf09-196f5918de6f None None] Ext name="Standard Attribute Segment Extension" alias="standard-attr-segment" description="Add standard attributes to Segment resource" updated="2018-04-09T10:00:00-00:00" {{(pid=104106) _check_extension /opt/stack/neutron/neutron/api/extensions.py:415}}
Apr 20 17:23:28.455757 np0000168430 devstack@neutron-api.service[104103]: DEBUG neutron.api.extensions [None req-dd5daac1-16b8-48b8-9586-92dafad98cf1 None None] Loading extension file: l3_enable_default_route_ecmp.py {{(pid=104103) _load_all_extensions_from_path /opt/stack/neutron/neutron/api/extensions.py:449}}
Apr 20 17:23:28.455848 np0000168430 devstack@neutron-api.service[104106]: INFO neutron.api.extensions [None req-68ee1a92-39e2-4fbc-bf09-196f5918de6f None None] Extension standard-attr-segment not supported by any of loaded plugins
Apr 20 17:23:28.455848 np0000168430 devstack@neutron-api.service[104106]: DEBUG neutron.api.extensions [None req-68ee1a92-39e2-4fbc-bf09-196f5918de6f None None] Loading extension file: standardattrdescription.py {{(pid=104106) _load_all_extensions_from_path /opt/stack/neutron/neutron/api/extensions.py:449}}
Apr 20 17:23:28.455929 np0000168430 devstack@neutron-api.service[104103]: DEBUG neutron.api.extensions [None req-dd5daac1-16b8-48b8-9586-92dafad98cf1 None None] Ext name="Enable Default Route ECMP" alias="enable-default-route-ecmp" description="Enables configurable ECMP behavior for default routes" updated="2023-02-27T00:00:00-00:00" {{(pid=104103) _check_extension /opt/stack/neutron/neutron/api/extensions.py:415}}
Apr 20 17:23:28.455929 np0000168430 devstack@neutron-api.service[104103]: INFO neutron.api.extensions [None req-dd5daac1-16b8-48b8-9586-92dafad98cf1 None None] Loaded extension: enable-default-route-ecmp
Apr 20 17:23:28.456083 np0000168430 devstack@neutron-api.service[104106]: DEBUG neutron.api.extensions [None req-68ee1a92-39e2-4fbc-bf09-196f5918de6f None None] Ext name="standard-attr-description" alias="standard-attr-description" description="Extension to add descriptions to standard attributes" updated="2016-02-10T10:00:00-00:00" {{(pid=104106) _check_extension /opt/stack/neutron/neutron/api/extensions.py:415}}
Apr 20 17:23:28.456125 np0000168430 devstack@neutron-api.service[104103]: DEBUG neutron.api.extensions [None req-dd5daac1-16b8-48b8-9586-92dafad98cf1 None None] Loading extension file: l3_ext_gw_mode.py {{(pid=104103) _load_all_extensions_from_path /opt/stack/neutron/neutron/api/extensions.py:449}}
Apr 20 17:23:28.456165 np0000168430 devstack@neutron-api.service[104106]: INFO neutron.api.extensions [None req-68ee1a92-39e2-4fbc-bf09-196f5918de6f None None] Loaded extension: standard-attr-description
Apr 20 17:23:28.456224 np0000168430 devstack@neutron-api.service[104103]: DEBUG neutron.api.extensions [None req-dd5daac1-16b8-48b8-9586-92dafad98cf1 None None] Ext name="Neutron L3 Configurable external gateway mode" alias="ext-gw-mode" description="Extension of the router abstraction for specifying whether SNAT should occur on the external gateway" updated="2013-03-28T10:00:00-00:00" {{(pid=104103) _check_extension /opt/stack/neutron/neutron/api/extensions.py:415}}
Apr 20 17:23:28.456325 np0000168430 devstack@neutron-api.service[104106]: DEBUG neutron.api.extensions [None req-68ee1a92-39e2-4fbc-bf09-196f5918de6f None None] Loading extension file: stateful_security_group.py {{(pid=104106) _load_all_extensions_from_path /opt/stack/neutron/neutron/api/extensions.py:449}}
Apr 20 17:23:28.456404 np0000168430 devstack@neutron-api.service[104103]: INFO neutron.api.extensions [None req-dd5daac1-16b8-48b8-9586-92dafad98cf1 None None] Loaded extension: ext-gw-mode
Apr 20 17:23:28.456404 np0000168430 devstack@neutron-api.service[104103]: DEBUG neutron.api.extensions [None req-dd5daac1-16b8-48b8-9586-92dafad98cf1 None None] Loading extension file: l3_ext_ha_mode.py {{(pid=104103) _load_all_extensions_from_path /opt/stack/neutron/neutron/api/extensions.py:449}}
Apr 20 17:23:28.456507 np0000168430 devstack@neutron-api.service[104106]: DEBUG neutron.api.extensions [None req-68ee1a92-39e2-4fbc-bf09-196f5918de6f None None] Ext name="Stateful security group" alias="stateful-security-group" description="Indicates if the security group is stateful or not" updated="2019-11-26T09:00:00-00:00" {{(pid=104106) _check_extension /opt/stack/neutron/neutron/api/extensions.py:415}}
Apr 20 17:23:28.456541 np0000168430 devstack@neutron-api.service[104103]: DEBUG neutron.api.extensions [None req-dd5daac1-16b8-48b8-9586-92dafad98cf1 None None] Ext name="HA Router extension" alias="l3-ha" description="Adds HA capability to routers." updated="2014-04-26T00:00:00-00:00" {{(pid=104103) _check_extension /opt/stack/neutron/neutron/api/extensions.py:415}}
Apr 20 17:23:28.456584 np0000168430 devstack@neutron-api.service[104106]: INFO neutron.api.extensions [None req-68ee1a92-39e2-4fbc-bf09-196f5918de6f None None] Loaded extension: stateful-security-group
Apr 20 17:23:28.456616 np0000168430 devstack@neutron-api.service[104103]: INFO neutron.api.extensions [None req-dd5daac1-16b8-48b8-9586-92dafad98cf1 None None] Loaded extension: l3-ha
Apr 20 17:23:28.456689 np0000168430 devstack@neutron-api.service[104106]: DEBUG neutron.api.extensions [None req-68ee1a92-39e2-4fbc-bf09-196f5918de6f None None] Loading extension file: stdattrs_common.py {{(pid=104106) _load_all_extensions_from_path /opt/stack/neutron/neutron/api/extensions.py:449}}
Apr 20 17:23:28.456722 np0000168430 devstack@neutron-api.service[104103]: DEBUG neutron.api.extensions [None req-dd5daac1-16b8-48b8-9586-92dafad98cf1 None None] Loading extension file: l3_ext_ndp_proxy.py {{(pid=104103) _load_all_extensions_from_path /opt/stack/neutron/neutron/api/extensions.py:449}}
Apr 20 17:23:28.456788 np0000168430 devstack@neutron-api.service[104106]: WARNING neutron.api.extensions [None req-68ee1a92-39e2-4fbc-bf09-196f5918de6f None None] Did not find expected name "Stdattrs_common" in /opt/stack/neutron/neutron/extensions/stdattrs_common.py
Apr 20 17:23:28.456857 np0000168430 devstack@neutron-api.service[104103]: DEBUG neutron.api.extensions [None req-dd5daac1-16b8-48b8-9586-92dafad98cf1 None None] Ext name="Router support to enable NDP proxy" alias="l3-ext-ndp-proxy" description="Router extension to enable ndp proxy" updated="2020-08-25T00:00:00-00:00" {{(pid=104103) _check_extension /opt/stack/neutron/neutron/api/extensions.py:415}}
Apr 20 17:23:28.456900 np0000168430 devstack@neutron-api.service[104106]: DEBUG neutron.api.extensions [None req-68ee1a92-39e2-4fbc-bf09-196f5918de6f None None] Loading extension file: subnet_dns_publish_fixed_ip.py {{(pid=104106) _load_all_extensions_from_path /opt/stack/neutron/neutron/api/extensions.py:449}}
Apr 20 17:23:28.456947 np0000168430 devstack@neutron-api.service[104103]: INFO neutron.api.extensions [None req-dd5daac1-16b8-48b8-9586-92dafad98cf1 None None] Extension l3-ext-ndp-proxy not supported by any of loaded plugins
Apr 20 17:23:28.456947 np0000168430 devstack@neutron-api.service[104103]: DEBUG neutron.api.extensions [None req-dd5daac1-16b8-48b8-9586-92dafad98cf1 None None] Loading extension file: l3_extra_gws.py {{(pid=104103) _load_all_extensions_from_path /opt/stack/neutron/neutron/api/extensions.py:449}}
Apr 20 17:23:28.457017 np0000168430 devstack@neutron-api.service[104106]: DEBUG neutron.api.extensions [None req-68ee1a92-39e2-4fbc-bf09-196f5918de6f None None] Ext name="Subnet DNS publish fixed IP" alias="subnet-dns-publish-fixed-ip" description="Support choosing to publish DNS records for IPs from a subnet" updated="2019-05-24T10:00:00-00:00" {{(pid=104106) _check_extension /opt/stack/neutron/neutron/api/extensions.py:415}}
Apr 20 17:23:28.457017 np0000168430 devstack@neutron-api.service[104106]: INFO neutron.api.extensions [None req-68ee1a92-39e2-4fbc-bf09-196f5918de6f None None] Loaded extension: subnet-dns-publish-fixed-ip
Apr 20 17:23:28.457193 np0000168430 devstack@neutron-api.service[104103]: DEBUG neutron.api.extensions [None req-dd5daac1-16b8-48b8-9586-92dafad98cf1 None None] Ext name="Neutron L3 External Gateway Multihoming" alias="external-gateway-multihoming" description="Allow multiple external gateway ports per router" updated="2023-01-18T00:00:00-00:00" {{(pid=104103) _check_extension /opt/stack/neutron/neutron/api/extensions.py:415}}
Apr 20 17:23:28.457300 np0000168430 devstack@neutron-api.service[104106]: DEBUG neutron.api.extensions [None req-68ee1a92-39e2-4fbc-bf09-196f5918de6f None None] Loading extension file: subnet_external_network.py {{(pid=104106) _load_all_extensions_from_path /opt/stack/neutron/neutron/api/extensions.py:449}}
Apr 20 17:23:28.457388 np0000168430 devstack@neutron-api.service[104104]: DEBUG neutron.services.provider_configuration [None req-4ca9f6d7-107a-4de8-ac24-5025d75d4b03 None None] Service providers = [] {{(pid=104104) parse_service_provider_opt /opt/stack/neutron/neutron/services/provider_configuration.py:170}}
Apr 20 17:23:28.457516 np0000168430 devstack@neutron-api.service[104103]: INFO neutron.api.extensions [None req-dd5daac1-16b8-48b8-9586-92dafad98cf1 None None] Loaded extension: external-gateway-multihoming
Apr 20 17:23:28.457797 np0000168430 devstack@neutron-api.service[104104]: DEBUG neutron.db.servicetype_db [None req-4ca9f6d7-107a-4de8-ac24-5025d75d4b03 None None] Adding provider configuration for service L3_ROUTER_NAT {{(pid=104104) add_provider_configuration /opt/stack/neutron/neutron/db/servicetype_db.py:42}}
Apr 20 17:23:28.457964 np0000168430 devstack@neutron-api.service[104103]: DEBUG neutron.api.extensions [None req-dd5daac1-16b8-48b8-9586-92dafad98cf1 None None] Loading extension file: l3_flavors.py {{(pid=104103) _load_all_extensions_from_path /opt/stack/neutron/neutron/api/extensions.py:449}}
Apr 20 17:23:28.458123 np0000168430 devstack@neutron-api.service[104106]: DEBUG neutron.api.extensions [None req-68ee1a92-39e2-4fbc-bf09-196f5918de6f None None] Ext name="Subnet belongs to an external network" alias="subnet-external-network" description="Informs if the subnet belongs to an external network" updated="2024-02-05T18:00:00-00:00" {{(pid=104106) _check_extension /opt/stack/neutron/neutron/api/extensions.py:415}}
Apr 20 17:23:28.458123 np0000168430 devstack@neutron-api.service[104106]: INFO neutron.api.extensions [None req-68ee1a92-39e2-4fbc-bf09-196f5918de6f None None] Loaded extension: subnet-external-network
Apr 20 17:23:28.458254 np0000168430 devstack@neutron-api.service[104103]: DEBUG neutron.api.extensions [None req-dd5daac1-16b8-48b8-9586-92dafad98cf1 None None] Ext name="Router Flavor Extension" alias="l3-flavors" description="Flavor support for routers." updated="2016-05-17T00:00:00-00:00" {{(pid=104103) _check_extension /opt/stack/neutron/neutron/api/extensions.py:415}}
Apr 20 17:23:28.458448 np0000168430 devstack@neutron-api.service[104106]: DEBUG neutron.api.extensions [None req-68ee1a92-39e2-4fbc-bf09-196f5918de6f None None] Loading extension file: subnet_onboard.py {{(pid=104106) _load_all_extensions_from_path /opt/stack/neutron/neutron/api/extensions.py:449}}
Apr 20 17:23:28.458687 np0000168430 devstack@neutron-api.service[104103]: INFO neutron.api.extensions [None req-dd5daac1-16b8-48b8-9586-92dafad98cf1 None None] Loaded extension: l3-flavors
Apr 20 17:23:28.458687 np0000168430 devstack@neutron-api.service[104103]: DEBUG neutron.api.extensions [None req-dd5daac1-16b8-48b8-9586-92dafad98cf1 None None] Loading extension file: l3_ndp_proxy.py {{(pid=104103) _load_all_extensions_from_path /opt/stack/neutron/neutron/api/extensions.py:449}}
Apr 20 17:23:28.458687 np0000168430 devstack@neutron-api.service[104103]: DEBUG neutron.api.extensions [None req-dd5daac1-16b8-48b8-9586-92dafad98cf1 None None] Ext name="name" alias="l3-ndp-proxy" description="description" updated="2021-06-29T10:00:00-00:00" {{(pid=104103) _check_extension /opt/stack/neutron/neutron/api/extensions.py:415}}
Apr 20 17:23:28.458687 np0000168430 devstack@neutron-api.service[104103]: INFO neutron.api.extensions [None req-dd5daac1-16b8-48b8-9586-92dafad98cf1 None None] Extension l3-ndp-proxy not supported by any of loaded plugins
Apr 20 17:23:28.458687 np0000168430 devstack@neutron-api.service[104103]: DEBUG neutron.api.extensions [None req-dd5daac1-16b8-48b8-9586-92dafad98cf1 None None] Loading extension file: l3_port_ip_change_not_allowed.py {{(pid=104103) _load_all_extensions_from_path /opt/stack/neutron/neutron/api/extensions.py:449}}
Apr 20 17:23:28.458687 np0000168430 devstack@neutron-api.service[104103]: DEBUG neutron.api.extensions [None req-dd5daac1-16b8-48b8-9586-92dafad98cf1 None None] Ext name="Prevent L3 router ports IP address change extension" alias="l3-port-ip-change-not-allowed" description="Prevent change of IP address for some L3 router ports" updated="2018-10-09T10:00:00-00:00" {{(pid=104103) _check_extension /opt/stack/neutron/neutron/api/extensions.py:415}}
Apr 20 17:23:28.458942 np0000168430 devstack@neutron-api.service[104106]: DEBUG neutron.api.extensions [None req-68ee1a92-39e2-4fbc-bf09-196f5918de6f None None] Ext name="Subnet Onboard" alias="subnet_onboard" description="Provides support for onboarding subnets into subnet pools" updated="2018-12-18T09:00:00-00:00" {{(pid=104106) _check_extension /opt/stack/neutron/neutron/api/extensions.py:415}}
Apr 20 17:23:28.459030 np0000168430 devstack@neutron-api.service[104103]: INFO neutron.api.extensions [None req-dd5daac1-16b8-48b8-9586-92dafad98cf1 None None] Extension l3-port-ip-change-not-allowed not supported by any of loaded plugins
Apr 20 17:23:28.459030 np0000168430 devstack@neutron-api.service[104103]: DEBUG neutron.api.extensions [None req-dd5daac1-16b8-48b8-9586-92dafad98cf1 None None] Loading extension file: l3agentscheduler.py {{(pid=104103) _load_all_extensions_from_path /opt/stack/neutron/neutron/api/extensions.py:449}}
Apr 20 17:23:28.459101 np0000168430 devstack@neutron-api.service[104106]: INFO neutron.api.extensions [None req-68ee1a92-39e2-4fbc-bf09-196f5918de6f None None] Extension subnet_onboard not supported by any of loaded plugins
Apr 20 17:23:28.459251 np0000168430 devstack@neutron-api.service[104104]: DEBUG neutron_lib.callbacks.manager [None req-4ca9f6d7-107a-4de8-ac24-5025d75d4b03 None None] Subscribe: > router precommit_create 55549900, False {{(pid=104104) subscribe /opt/stack/data/venv/lib/python3.12/site-packages/neutron_lib/callbacks/manager.py:52}}
Apr 20 17:23:28.459296 np0000168430 devstack@neutron-api.service[104106]: DEBUG neutron.api.extensions [None req-68ee1a92-39e2-4fbc-bf09-196f5918de6f None None] Loading extension file: subnet_segmentid_writable.py {{(pid=104106) _load_all_extensions_from_path /opt/stack/neutron/neutron/api/extensions.py:449}}
Apr 20 17:23:28.459330 np0000168430 devstack@neutron-api.service[104104]: DEBUG neutron_lib.callbacks.manager [None req-4ca9f6d7-107a-4de8-ac24-5025d75d4b03 None None] Subscribe: > router_interface after_create 55550000, False {{(pid=104104) subscribe /opt/stack/data/venv/lib/python3.12/site-packages/neutron_lib/callbacks/manager.py:52}}
Apr 20 17:23:28.459330 np0000168430 devstack@neutron-api.service[104104]: DEBUG neutron_lib.callbacks.manager [None req-4ca9f6d7-107a-4de8-ac24-5025d75d4b03 None None] Subscribe: > floatingip after_create 55550000, False {{(pid=104104) subscribe /opt/stack/data/venv/lib/python3.12/site-packages/neutron_lib/callbacks/manager.py:52}}
Apr 20 17:23:28.459431 np0000168430 devstack@neutron-api.service[104106]: DEBUG neutron.api.extensions [None req-68ee1a92-39e2-4fbc-bf09-196f5918de6f None None] Ext name="Subnet SegmentID (writable)" alias="subnet-segmentid-writable" description="Provides a writable segment_id attribute for a subnet resource." updated="2018-03-12T00:00:00-00:00" {{(pid=104106) _check_extension /opt/stack/neutron/neutron/api/extensions.py:415}}
Apr 20 17:23:28.459466 np0000168430 devstack@neutron-api.service[104104]: DEBUG neutron_lib.callbacks.manager [None req-4ca9f6d7-107a-4de8-ac24-5025d75d4b03 None None] Subscribe: > floatingip precommit_create 55550000, False {{(pid=104104) subscribe /opt/stack/data/venv/lib/python3.12/site-packages/neutron_lib/callbacks/manager.py:52}}
Apr 20 17:23:28.459590 np0000168430 devstack@neutron-api.service[104103]: DEBUG neutron.api.extensions [None req-dd5daac1-16b8-48b8-9586-92dafad98cf1 None None] Ext name="L3 Agent Scheduler" alias="l3_agent_scheduler" description="Schedule routers among l3 agents" updated="2013-02-07T10:00:00-00:00" {{(pid=104103) _check_extension /opt/stack/neutron/neutron/api/extensions.py:415}}
Apr 20 17:23:28.459633 np0000168430 devstack@neutron-api.service[104106]: INFO neutron.api.extensions [None req-68ee1a92-39e2-4fbc-bf09-196f5918de6f None None] Extension subnet-segmentid-writable not supported by any of loaded plugins
Apr 20 17:23:28.459671 np0000168430 devstack@neutron-api.service[104104]: DEBUG neutron_lib.callbacks.manager [None req-4ca9f6d7-107a-4de8-ac24-5025d75d4b03 None None] Subscribe: > floatingip precommit_update 55550000, False {{(pid=104104) subscribe /opt/stack/data/venv/lib/python3.12/site-packages/neutron_lib/callbacks/manager.py:52}}
Apr 20 17:23:28.459709 np0000168430 devstack@neutron-api.service[104106]: DEBUG neutron.api.extensions [None req-68ee1a92-39e2-4fbc-bf09-196f5918de6f None None] Loading extension file: subnet_service_types.py {{(pid=104106) _load_all_extensions_from_path /opt/stack/neutron/neutron/api/extensions.py:449}}
Apr 20 17:23:28.459799 np0000168430 devstack@neutron-api.service[104104]: DEBUG neutron_lib.callbacks.manager [None req-4ca9f6d7-107a-4de8-ac24-5025d75d4b03 None None] Subscribe: > floatingip after_delete 55550000, False {{(pid=104104) subscribe /opt/stack/data/venv/lib/python3.12/site-packages/neutron_lib/callbacks/manager.py:52}}
Apr 20 17:23:28.459841 np0000168430 devstack@neutron-api.service[104103]: INFO neutron.api.extensions [None req-dd5daac1-16b8-48b8-9586-92dafad98cf1 None None] Extension l3_agent_scheduler not supported by any of loaded plugins
Apr 20 17:23:28.459953 np0000168430 devstack@neutron-api.service[104104]: DEBUG neutron_lib.callbacks.manager [None req-4ca9f6d7-107a-4de8-ac24-5025d75d4b03 None None] Subscribe: > floatingip after_status_update 55550000, False {{(pid=104104) subscribe /opt/stack/data/venv/lib/python3.12/site-packages/neutron_lib/callbacks/manager.py:52}}
Apr 20 17:23:28.459991 np0000168430 devstack@neutron-api.service[104103]: DEBUG neutron.api.extensions [None req-dd5daac1-16b8-48b8-9586-92dafad98cf1 None None] Loading extension file: local_ip.py {{(pid=104103) _load_all_extensions_from_path /opt/stack/neutron/neutron/api/extensions.py:449}}
Apr 20 17:23:28.460032 np0000168430 devstack@neutron-api.service[104104]: DEBUG neutron_lib.callbacks.manager [None req-4ca9f6d7-107a-4de8-ac24-5025d75d4b03 None None] Subscribe: > floatingip after_update 55550000, False {{(pid=104104) subscribe /opt/stack/data/venv/lib/python3.12/site-packages/neutron_lib/callbacks/manager.py:52}}
Apr 20 17:23:28.460083 np0000168430 devstack@neutron-api.service[104106]: DEBUG neutron.api.extensions [None req-68ee1a92-39e2-4fbc-bf09-196f5918de6f None None] Ext name="Subnet service types" alias="subnet-service-types" description="Provides ability to set the subnet service_types field" updated="2016-03-15T18:00:00-00:00" {{(pid=104106) _check_extension /opt/stack/neutron/neutron/api/extensions.py:415}}
Apr 20 17:23:28.460201 np0000168430 devstack@neutron-api.service[104104]: DEBUG neutron_lib.callbacks.manager [None req-4ca9f6d7-107a-4de8-ac24-5025d75d4b03 None None] Subscribe: > port_forwarding after_create 55550000, False {{(pid=104104) subscribe /opt/stack/data/venv/lib/python3.12/site-packages/neutron_lib/callbacks/manager.py:52}}
Apr 20 17:23:28.460302 np0000168430 devstack@neutron-api.service[104106]: INFO neutron.api.extensions [None req-68ee1a92-39e2-4fbc-bf09-196f5918de6f None None] Loaded extension: subnet-service-types
Apr 20 17:23:28.460390 np0000168430 devstack@neutron-api.service[104104]: DEBUG neutron_lib.callbacks.manager [None req-4ca9f6d7-107a-4de8-ac24-5025d75d4b03 None None] Subscribe: > router_interface after_delete 55550000, False {{(pid=104104) subscribe /opt/stack/data/venv/lib/python3.12/site-packages/neutron_lib/callbacks/manager.py:52}}
Apr 20 17:23:28.460430 np0000168430 devstack@neutron-api.service[104103]: DEBUG neutron.api.extensions [None req-dd5daac1-16b8-48b8-9586-92dafad98cf1 None None] Ext name="Local IP" alias="local_ip" description="Support Node Local Virtual IP" updated="2021-07-26T10:00:00-00:00" {{(pid=104103) _check_extension /opt/stack/neutron/neutron/api/extensions.py:415}}
Apr 20 17:23:28.460478 np0000168430 devstack@neutron-api.service[104106]: DEBUG neutron.api.extensions [None req-68ee1a92-39e2-4fbc-bf09-196f5918de6f None None] Loading extension file: subnetallocation.py {{(pid=104106) _load_all_extensions_from_path /opt/stack/neutron/neutron/api/extensions.py:449}}
Apr 20 17:23:28.460574 np0000168430 devstack@neutron-api.service[104104]: DEBUG neutron_lib.callbacks.manager [None req-4ca9f6d7-107a-4de8-ac24-5025d75d4b03 None None] Subscribe: > router after_create 55550000, False {{(pid=104104) subscribe /opt/stack/data/venv/lib/python3.12/site-packages/neutron_lib/callbacks/manager.py:52}}
Apr 20 17:23:28.460574 np0000168430 devstack@neutron-api.service[104104]: DEBUG neutron_lib.callbacks.manager [None req-4ca9f6d7-107a-4de8-ac24-5025d75d4b03 None None] Subscribe: > router precommit_create 55550000, False {{(pid=104104) subscribe /opt/stack/data/venv/lib/python3.12/site-packages/neutron_lib/callbacks/manager.py:52}}
Apr 20 17:23:28.460720 np0000168430 devstack@neutron-api.service[104103]: INFO neutron.api.extensions [None req-dd5daac1-16b8-48b8-9586-92dafad98cf1 None None] Extension local_ip not supported by any of loaded plugins
Apr 20 17:23:28.460762 np0000168430 devstack@neutron-api.service[104104]: DEBUG neutron_lib.callbacks.manager [None req-4ca9f6d7-107a-4de8-ac24-5025d75d4b03 None None] Subscribe: > router after_delete 55550000, False {{(pid=104104) subscribe /opt/stack/data/venv/lib/python3.12/site-packages/neutron_lib/callbacks/manager.py:52}}
Apr 20 17:23:28.460886 np0000168430 devstack@neutron-api.service[104103]: DEBUG neutron.api.extensions [None req-dd5daac1-16b8-48b8-9586-92dafad98cf1 None None] Loading extension file: logging.py {{(pid=104103) _load_all_extensions_from_path /opt/stack/neutron/neutron/api/extensions.py:449}}
Apr 20 17:23:28.461114 np0000168430 devstack@neutron-api.service[104106]: DEBUG neutron.api.extensions [None req-68ee1a92-39e2-4fbc-bf09-196f5918de6f None None] Ext name="Subnet Allocation" alias="subnet_allocation" description="Enables allocation of subnets from a subnet pool" updated="2015-03-30T10:00:00-00:00" {{(pid=104106) _check_extension /opt/stack/neutron/neutron/api/extensions.py:415}}
Apr 20 17:23:28.461265 np0000168430 devstack@neutron-api.service[104104]: DEBUG neutron_lib.callbacks.manager [None req-4ca9f6d7-107a-4de8-ac24-5025d75d4b03 None None] Subscribe: > router after_update 55550000, False {{(pid=104104) subscribe /opt/stack/data/venv/lib/python3.12/site-packages/neutron_lib/callbacks/manager.py:52}}
Apr 20 17:23:28.461445 np0000168430 devstack@neutron-api.service[104106]: INFO neutron.api.extensions [None req-68ee1a92-39e2-4fbc-bf09-196f5918de6f None None] Loaded extension: subnet_allocation
Apr 20 17:23:28.461606 np0000168430 devstack@neutron-api.service[104104]: DEBUG neutron.services.service_base [None req-4ca9f6d7-107a-4de8-ac24-5025d75d4b03 None None] Loaded 'neutron.services.ovn_l3.service_providers.ovn.OvnDriver' provider for service L3_ROUTER_NAT {{(pid=104104) load_drivers /opt/stack/neutron/neutron/services/service_base.py:49}}
Apr 20 17:23:28.461746 np0000168430 devstack@neutron-api.service[104106]: DEBUG neutron.api.extensions [None req-68ee1a92-39e2-4fbc-bf09-196f5918de6f None None] Loading extension file: subnetpool_prefix_ops.py {{(pid=104106) _load_all_extensions_from_path /opt/stack/neutron/neutron/api/extensions.py:449}}
Apr 20 17:23:28.461929 np0000168430 devstack@neutron-api.service[104103]: DEBUG neutron.api.extensions [None req-dd5daac1-16b8-48b8-9586-92dafad98cf1 None None] Ext name="Logging API Extension" alias="logging" description="Provides a logging API for resources such as security group and firewall." updated="2017-01-01T10:00:00-00:00" {{(pid=104103) _check_extension /opt/stack/neutron/neutron/api/extensions.py:415}}
Apr 20 17:23:28.462036 np0000168430 devstack@neutron-api.service[104104]: DEBUG neutron_lib.callbacks.manager [None req-4ca9f6d7-107a-4de8-ac24-5025d75d4b03 None None] Subscribe: > process after_init 55550001, True {{(pid=104104) subscribe /opt/stack/data/venv/lib/python3.12/site-packages/neutron_lib/callbacks/manager.py:52}}
Apr 20 17:23:28.462171 np0000168430 devstack@neutron-api.service[104103]: INFO neutron.api.extensions [None req-dd5daac1-16b8-48b8-9586-92dafad98cf1 None None] Extension logging not supported by any of loaded plugins
Apr 20 17:23:28.462360 np0000168430 devstack@neutron-api.service[104104]: DEBUG neutron.manager [None req-4ca9f6d7-107a-4de8-ac24-5025d75d4b03 None None] Successfully loaded L3_ROUTER_NAT plugin. Description: L3 Router Service Plugin for basic L3 forwarding using OVN {{(pid=104104) _create_and_add_service_plugin /opt/stack/neutron/neutron/manager.py:239}}
Apr 20 17:23:28.462513 np0000168430 devstack@neutron-api.service[104106]: DEBUG neutron.api.extensions [None req-68ee1a92-39e2-4fbc-bf09-196f5918de6f None None] Ext name="Subnet Pool Prefix Operations" alias="subnetpool-prefix-ops" description="Provides support for adjusting the prefix list of subnet pools" updated="2019-02-08T10:00:00-00:00" {{(pid=104106) _check_extension /opt/stack/neutron/neutron/api/extensions.py:415}}
Apr 20 17:23:28.462678 np0000168430 devstack@neutron-api.service[104103]: DEBUG neutron.api.extensions [None req-dd5daac1-16b8-48b8-9586-92dafad98cf1 None None] Loading extension file: metering.py {{(pid=104103) _load_all_extensions_from_path /opt/stack/neutron/neutron/api/extensions.py:449}}
Apr 20 17:23:28.462773 np0000168430 devstack@neutron-api.service[104104]: INFO neutron.manager [None req-4ca9f6d7-107a-4de8-ac24-5025d75d4b03 None None] Loading Plugin: auto_allocate
Apr 20 17:23:28.462870 np0000168430 devstack@neutron-api.service[104106]: INFO neutron.api.extensions [None req-68ee1a92-39e2-4fbc-bf09-196f5918de6f None None] Loaded extension: subnetpool-prefix-ops
Apr 20 17:23:28.462870 np0000168430 devstack@neutron-api.service[104106]: DEBUG neutron.api.extensions [None req-68ee1a92-39e2-4fbc-bf09-196f5918de6f None None] Loading extension file: tag_creation.py {{(pid=104106) _load_all_extensions_from_path /opt/stack/neutron/neutron/api/extensions.py:449}}
Apr 20 17:23:28.462989 np0000168430 devstack@neutron-api.service[104103]: DEBUG neutron.api.extensions [None req-dd5daac1-16b8-48b8-9586-92dafad98cf1 None None] Ext name="Neutron Metering" alias="metering" description="Neutron Metering extension." updated="2013-06-12T10:00:00-00:00" {{(pid=104103) _check_extension /opt/stack/neutron/neutron/api/extensions.py:415}}
Apr 20 17:23:28.463135 np0000168430 devstack@neutron-api.service[104106]: DEBUG neutron.api.extensions [None req-68ee1a92-39e2-4fbc-bf09-196f5918de6f None None] Ext name="Tag creation extension" alias="tag-creation" description="Allow to create multiple tags for a resource" updated="2024-23-07T10:00:00-00:00" {{(pid=104106) _check_extension /opt/stack/neutron/neutron/api/extensions.py:415}}
Apr 20 17:23:28.463331 np0000168430 devstack@neutron-api.service[104103]: INFO neutron.api.extensions [None req-dd5daac1-16b8-48b8-9586-92dafad98cf1 None None] Extension metering not supported by any of loaded plugins
Apr 20 17:23:28.463417 np0000168430 devstack@neutron-api.service[104106]: INFO neutron.api.extensions [None req-68ee1a92-39e2-4fbc-bf09-196f5918de6f None None] Loaded extension: tag-creation
Apr 20 17:23:28.463417 np0000168430 devstack@neutron-api.service[104106]: DEBUG neutron.api.extensions [None req-68ee1a92-39e2-4fbc-bf09-196f5918de6f None None] Loading extension file: tag_ports_during_bulk_creation.py {{(pid=104106) _load_all_extensions_from_path /opt/stack/neutron/neutron/api/extensions.py:449}}
Apr 20 17:23:28.463617 np0000168430 devstack@neutron-api.service[104103]: DEBUG neutron.api.extensions [None req-dd5daac1-16b8-48b8-9586-92dafad98cf1 None None] Loading extension file: metering_source_and_destination_fields.py {{(pid=104103) _load_all_extensions_from_path /opt/stack/neutron/neutron/api/extensions.py:449}}
Apr 20 17:23:28.463791 np0000168430 devstack@neutron-api.service[104106]: DEBUG neutron.api.extensions [None req-68ee1a92-39e2-4fbc-bf09-196f5918de6f None None] Ext name="Tag Ports During Bulk Creation" alias="tag-ports-during-bulk-creation" description="Allow to tag ports during bulk creation" updated="2019-12-29T19:00:00-00:00" {{(pid=104106) _check_extension /opt/stack/neutron/neutron/api/extensions.py:415}}
Apr 20 17:23:28.463891 np0000168430 devstack@neutron-api.service[104104]: DEBUG neutron_lib.callbacks.manager [None req-4ca9f6d7-107a-4de8-ac24-5025d75d4b03 None None] Subscribe: network precommit_update 55550000, False {{(pid=104104) subscribe /opt/stack/data/venv/lib/python3.12/site-packages/neutron_lib/callbacks/manager.py:52}}
Apr 20 17:23:28.464027 np0000168430 devstack@neutron-api.service[104103]: DEBUG neutron.api.extensions [None req-dd5daac1-16b8-48b8-9586-92dafad98cf1 None None] Ext name="Neutron Metering with source and destination filtering" alias="metering_source_and_destination_fields" description="Neutron Metering extension that enables the use of source and destination IP prefixes to create metering label rules." updated="2020-08-21T08:12:00-00:00" {{(pid=104103) _check_extension /opt/stack/neutron/neutron/api/extensions.py:415}}
Apr 20 17:23:28.464230 np0000168430 devstack@neutron-api.service[104104]: DEBUG neutron_lib.callbacks.manager [None req-4ca9f6d7-107a-4de8-ac24-5025d75d4b03 None None] Subscribe: network precommit_create 55550000, False {{(pid=104104) subscribe /opt/stack/data/venv/lib/python3.12/site-packages/neutron_lib/callbacks/manager.py:52}}
Apr 20 17:23:28.464320 np0000168430 devstack@neutron-api.service[104106]: INFO neutron.api.extensions [None req-68ee1a92-39e2-4fbc-bf09-196f5918de6f None None] Extension tag-ports-during-bulk-creation not supported by any of loaded plugins
Apr 20 17:23:28.464320 np0000168430 devstack@neutron-api.service[104106]: DEBUG neutron.api.extensions [None req-68ee1a92-39e2-4fbc-bf09-196f5918de6f None None] Loading extension file: tagging.py {{(pid=104106) _load_all_extensions_from_path /opt/stack/neutron/neutron/api/extensions.py:449}}
Apr 20 17:23:28.464462 np0000168430 devstack@neutron-api.service[104104]: DEBUG neutron.manager [None req-4ca9f6d7-107a-4de8-ac24-5025d75d4b03 None None] Successfully loaded auto-allocated-topology plugin. Description: Auto Allocated Topology - aka get me a network. {{(pid=104104) _create_and_add_service_plugin /opt/stack/neutron/neutron/manager.py:239}}
Apr 20 17:23:28.464462 np0000168430 devstack@neutron-api.service[104104]: INFO neutron.manager [None req-4ca9f6d7-107a-4de8-ac24-5025d75d4b03 None None] Loading Plugin: tag
Apr 20 17:23:28.464596 np0000168430 devstack@neutron-api.service[104103]: INFO neutron.api.extensions [None req-dd5daac1-16b8-48b8-9586-92dafad98cf1 None None] Extension metering_source_and_destination_fields not supported by any of loaded plugins
Apr 20 17:23:28.464596 np0000168430 devstack@neutron-api.service[104103]: DEBUG neutron.api.extensions [None req-dd5daac1-16b8-48b8-9586-92dafad98cf1 None None] Loading extension file: multiprovidernet.py {{(pid=104103) _load_all_extensions_from_path /opt/stack/neutron/neutron/api/extensions.py:449}}
Apr 20 17:23:28.464723 np0000168430 devstack@neutron-api.service[104106]: DEBUG neutron.api.extensions [None req-68ee1a92-39e2-4fbc-bf09-196f5918de6f None None] Ext name="Tag support for resources with standard attribute: port, subnet, subnetpool, network, security_group, router, floatingip, policy, trunk, network_segment_range" alias="standard-attr-tag" description="Enables to set tag on resources with standard attribute." updated="2017-01-01T00:00:00-00:00" {{(pid=104106) _check_extension /opt/stack/neutron/neutron/api/extensions.py:415}}
Apr 20 17:23:28.464723 np0000168430 devstack@neutron-api.service[104106]: INFO neutron.api.extensions [None req-68ee1a92-39e2-4fbc-bf09-196f5918de6f None None] Loaded extension: standard-attr-tag
Apr 20 17:23:28.464829 np0000168430 devstack@neutron-api.service[104103]: DEBUG neutron.api.extensions [None req-dd5daac1-16b8-48b8-9586-92dafad98cf1 None None] Ext name="Multi Provider Network" alias="multi-provider" description="Expose mapping of virtual networks to multiple physical networks" updated="2013-06-27T10:00:00-00:00" {{(pid=104103) _check_extension /opt/stack/neutron/neutron/api/extensions.py:415}}
Apr 20 17:23:28.464882 np0000168430 devstack@neutron-api.service[104106]: DEBUG neutron.api.extensions [None req-68ee1a92-39e2-4fbc-bf09-196f5918de6f None None] Loading extension file: timestamp.py {{(pid=104106) _load_all_extensions_from_path /opt/stack/neutron/neutron/api/extensions.py:449}}
Apr 20 17:23:28.464921 np0000168430 devstack@neutron-api.service[104103]: INFO neutron.api.extensions [None req-dd5daac1-16b8-48b8-9586-92dafad98cf1 None None] Loaded extension: multi-provider
Apr 20 17:23:28.464921 np0000168430 devstack@neutron-api.service[104103]: DEBUG neutron.api.extensions [None req-dd5daac1-16b8-48b8-9586-92dafad98cf1 None None] Loading extension file: netmtu.py {{(pid=104103) _load_all_extensions_from_path /opt/stack/neutron/neutron/api/extensions.py:449}}
Apr 20 17:23:28.464996 np0000168430 devstack@neutron-api.service[104106]: DEBUG neutron.api.extensions [None req-68ee1a92-39e2-4fbc-bf09-196f5918de6f None None] Ext name="Resource timestamps" alias="standard-attr-timestamp" description="Adds created_at and updated_at fields to all Neutron resources that have Neutron standard attributes." updated="2016-09-12T10:00:00-00:00" {{(pid=104106) _check_extension /opt/stack/neutron/neutron/api/extensions.py:415}}
Apr 20 17:23:28.464996 np0000168430 devstack@neutron-api.service[104106]: INFO neutron.api.extensions [None req-68ee1a92-39e2-4fbc-bf09-196f5918de6f None None] Loaded extension: standard-attr-timestamp
Apr 20 17:23:28.465064 np0000168430 devstack@neutron-api.service[104103]: DEBUG neutron.api.extensions [None req-dd5daac1-16b8-48b8-9586-92dafad98cf1 None None] Ext name="Network MTU" alias="net-mtu" description="Provides MTU attribute for a network resource." updated="2015-03-25T10:00:00-00:00" {{(pid=104103) _check_extension /opt/stack/neutron/neutron/api/extensions.py:415}}
Apr 20 17:23:28.465118 np0000168430 devstack@neutron-api.service[104106]: DEBUG neutron.api.extensions [None req-68ee1a92-39e2-4fbc-bf09-196f5918de6f None None] Loading extension file: trunk.py {{(pid=104106) _load_all_extensions_from_path /opt/stack/neutron/neutron/api/extensions.py:449}}
Apr 20 17:23:28.465158 np0000168430 devstack@neutron-api.service[104103]: INFO neutron.api.extensions [None req-dd5daac1-16b8-48b8-9586-92dafad98cf1 None None] Loaded extension: net-mtu
Apr 20 17:23:28.465273 np0000168430 devstack@neutron-api.service[104106]: DEBUG neutron.api.extensions [None req-68ee1a92-39e2-4fbc-bf09-196f5918de6f None None] Ext name="Trunk Extension" alias="trunk" description="Provides support for trunk ports" updated="2016-01-01T10:00:00-00:00" {{(pid=104106) _check_extension /opt/stack/neutron/neutron/api/extensions.py:415}}
Apr 20 17:23:28.465314 np0000168430 devstack@neutron-api.service[104103]: DEBUG neutron.api.extensions [None req-dd5daac1-16b8-48b8-9586-92dafad98cf1 None None] Loading extension file: netmtu_writable.py {{(pid=104103) _load_all_extensions_from_path /opt/stack/neutron/neutron/api/extensions.py:449}}
Apr 20 17:23:28.465426 np0000168430 devstack@neutron-api.service[104106]: INFO neutron.api.extensions [None req-68ee1a92-39e2-4fbc-bf09-196f5918de6f None None] Extension trunk not supported by any of loaded plugins
Apr 20 17:23:28.465426 np0000168430 devstack@neutron-api.service[104106]: DEBUG neutron.api.extensions [None req-68ee1a92-39e2-4fbc-bf09-196f5918de6f None None] Loading extension file: trunk_details.py {{(pid=104106) _load_all_extensions_from_path /opt/stack/neutron/neutron/api/extensions.py:449}}
Apr 20 17:23:28.465503 np0000168430 devstack@neutron-api.service[104103]: DEBUG neutron.api.extensions [None req-dd5daac1-16b8-48b8-9586-92dafad98cf1 None None] Ext name="Network MTU (writable)" alias="net-mtu-writable" description="Provides a writable MTU attribute for a network resource." updated="2017-07-12T00:00:00-00:00" {{(pid=104103) _check_extension /opt/stack/neutron/neutron/api/extensions.py:415}}
Apr 20 17:23:28.465550 np0000168430 devstack@neutron-api.service[104106]: DEBUG neutron.api.extensions [None req-68ee1a92-39e2-4fbc-bf09-196f5918de6f None None] Ext name="Trunk port details" alias="trunk-details" description="Expose trunk port details" updated="2016-01-01T10:00:00-00:00" {{(pid=104106) _check_extension /opt/stack/neutron/neutron/api/extensions.py:415}}
Apr 20 17:23:28.465686 np0000168430 devstack@neutron-api.service[104103]: INFO neutron.api.extensions [None req-dd5daac1-16b8-48b8-9586-92dafad98cf1 None None] Loaded extension: net-mtu-writable
Apr 20 17:23:28.465686 np0000168430 devstack@neutron-api.service[104103]: DEBUG neutron.api.extensions [None req-dd5daac1-16b8-48b8-9586-92dafad98cf1 None None] Loading extension file: network_availability_zone.py {{(pid=104103) _load_all_extensions_from_path /opt/stack/neutron/neutron/api/extensions.py:449}}
Apr 20 17:23:28.465752 np0000168430 devstack@neutron-api.service[104106]: INFO neutron.api.extensions [None req-68ee1a92-39e2-4fbc-bf09-196f5918de6f None None] Extension trunk-details not supported by any of loaded plugins
Apr 20 17:23:28.465752 np0000168430 devstack@neutron-api.service[104106]: DEBUG neutron.api.extensions [None req-68ee1a92-39e2-4fbc-bf09-196f5918de6f None None] Loading extension file: uplink_status_propagation.py {{(pid=104106) _load_all_extensions_from_path /opt/stack/neutron/neutron/api/extensions.py:449}}
Apr 20 17:23:28.465896 np0000168430 devstack@neutron-api.service[104103]: DEBUG neutron.api.extensions [None req-dd5daac1-16b8-48b8-9586-92dafad98cf1 None None] Ext name="Network Availability Zone" alias="network_availability_zone" description="Availability zone support for network." updated="2015-01-01T10:00:00-00:00" {{(pid=104103) _check_extension /opt/stack/neutron/neutron/api/extensions.py:415}}
Apr 20 17:23:28.465949 np0000168430 devstack@neutron-api.service[104106]: DEBUG neutron.api.extensions [None req-68ee1a92-39e2-4fbc-bf09-196f5918de6f None None] Ext name="Uplink status propagation extension" alias="uplink-status-propagation" description="Provides ability to propagate port uplink status." updated="2018-05-31T18:00:00-00:00" {{(pid=104106) _check_extension /opt/stack/neutron/neutron/api/extensions.py:415}}
Apr 20 17:23:28.466033 np0000168430 devstack@neutron-api.service[104103]: INFO neutron.api.extensions [None req-dd5daac1-16b8-48b8-9586-92dafad98cf1 None None] Loaded extension: network_availability_zone
Apr 20 17:23:28.466033 np0000168430 devstack@neutron-api.service[104103]: DEBUG neutron.api.extensions [None req-dd5daac1-16b8-48b8-9586-92dafad98cf1 None None] Loading extension file: network_ha.py {{(pid=104103) _load_all_extensions_from_path /opt/stack/neutron/neutron/api/extensions.py:449}}
Apr 20 17:23:28.466103 np0000168430 devstack@neutron-api.service[104106]: INFO neutron.api.extensions [None req-68ee1a92-39e2-4fbc-bf09-196f5918de6f None None] Extension uplink-status-propagation not supported by any of loaded plugins
Apr 20 17:23:28.466103 np0000168430 devstack@neutron-api.service[104106]: DEBUG neutron.api.extensions [None req-68ee1a92-39e2-4fbc-bf09-196f5918de6f None None] Loading extension file: uplink_status_propagation_updatable.py {{(pid=104106) _load_all_extensions_from_path /opt/stack/neutron/neutron/api/extensions.py:449}}
Apr 20 17:23:28.466287 np0000168430 devstack@neutron-api.service[104103]: DEBUG neutron.api.extensions [None req-dd5daac1-16b8-48b8-9586-92dafad98cf1 None None] Ext name="Network HA creation flag" alias="network_ha" description="Network high availability creation flag." updated="2023-04-27T10:00:00-00:00" {{(pid=104103) _check_extension /opt/stack/neutron/neutron/api/extensions.py:415}}
Apr 20 17:23:28.466334 np0000168430 devstack@neutron-api.service[104106]: DEBUG neutron.api.extensions [None req-68ee1a92-39e2-4fbc-bf09-196f5918de6f None None] Ext name="Uplink status propagation updatable extension" alias="uplink-status-propagation-updatable" description="Provides ability to update the port uplink status." updated="2024-09-03T18:00:00-00:00" {{(pid=104106) _check_extension /opt/stack/neutron/neutron/api/extensions.py:415}}
