2026-06-09 02:22:30.624 16 INFO neutron.plugins.ml2.plugin [None req-3f4762bb-9bce-467e-8bb7-cfd468531903 - - - - - -] Attempt 1 to provision port 607f8aa6-d005-40b6-9cd4-ee3a25daaa26
2026-06-09 02:22:30.657 13 INFO neutron.plugins.ml2.plugin [None req-2090ef0a-a41b-4f86-a6f6-60090d92cd6f - - - - - -] Attempt 1 to provision port 490d299c-bac8-4ee0-960a-3c655854c440
2026-06-09 02:22:30.736 16 INFO neutron.notifiers.nova [-] Nova event matching ['req-ab2b7f58-6ebf-4f50-a956-1c7ecc403b0f'] response: {'server_uuid': '4316789d-6910-413d-b443-ab1eb557e129', 'name': 'network-vif-plugged', 'status': 'completed', 'tag': '607f8aa6-d005-40b6-9cd4-ee3a25daaa26', 'code': 200}
2026-06-09 02:22:30.736 13 INFO neutron.plugins.ml2.plugin [None req-2090ef0a-a41b-4f86-a6f6-60090d92cd6f - - - - - -] Attempt 1 to provision port b68ac0a0-f083-4843-a5cf-052fcecb5990
2026-06-09 02:22:30.766 13 INFO neutron.plugins.ml2.plugin [None req-2090ef0a-a41b-4f86-a6f6-60090d92cd6f - - - - - -] Attempt 1 to provision port 411cfd3d-639a-46d7-aa54-fee30b61e9af
2026-06-09 02:22:30.838 13 INFO neutron.plugins.ml2.plugin [None req-2090ef0a-a41b-4f86-a6f6-60090d92cd6f - - - - - -] Attempt 1 to provision port 607f8aa6-d005-40b6-9cd4-ee3a25daaa26
2026-06-09 02:22:31.079 16 INFO neutron.plugins.ml2.plugin [None req-3f4762bb-9bce-467e-8bb7-cfd468531903 - - - - - -] Attempt 1 to provision port 3292b089-e4be-4350-a598-b6b939e1f6d3
2026-06-09 02:22:32.056 16 INFO neutron.plugins.ml2.plugin [None req-3f4762bb-9bce-467e-8bb7-cfd468531903 - - - - - -] Attempt 1 to provision port 3292b089-e4be-4350-a598-b6b939e1f6d3
2026-06-09 02:22:32.283 16 INFO neutron.plugins.ml2.plugin [None req-3f4762bb-9bce-467e-8bb7-cfd468531903 - - - - - -] Attempt 1 to provision port 607f8aa6-d005-40b6-9cd4-ee3a25daaa26
2026-06-09 02:22:35.144 16 INFO neutron.plugins.ml2.plugin [None req-3f4762bb-9bce-467e-8bb7-cfd468531903 - - - - - -] Attempt 1 to provision port fd598e31-f426-44a9-91fc-62ba5f6b5b44
2026-06-09 02:22:35.832 16 INFO neutron.plugins.ml2.plugin [None req-3f4762bb-9bce-467e-8bb7-cfd468531903 - - - - - -] Attempt 1 to provision port 1404575f-164f-438f-915d-13c7c4ad3e3f
2026-06-09 02:22:36.010 16 INFO neutron.notifiers.nova [-] Nova event matching ['req-d1c2af62-592d-45f2-b7bb-0e7cb6ba830f'] response: {'server_uuid': '0bdb017f-14c1-49c7-b37b-07e83f18c9e2', 'name': 'network-vif-plugged', 'status': 'completed', 'tag': '1404575f-164f-438f-915d-13c7c4ad3e3f', 'code': 200}
2026-06-09 02:22:37.021 13 INFO neutron.plugins.ml2.plugin [None req-3f4762bb-9bce-467e-8bb7-cfd468531903 - - - - - -] Attempt 1 to provision port 1404575f-164f-438f-915d-13c7c4ad3e3f
2026-06-09 02:22:37.254 13 INFO neutron.plugins.ml2.plugin [None req-3f4762bb-9bce-467e-8bb7-cfd468531903 - - - - - -] Attempt 1 to provision port fd598e31-f426-44a9-91fc-62ba5f6b5b44
2026-06-09 02:22:37.446 13 INFO neutron.plugins.ml2.plugin [None req-3f4762bb-9bce-467e-8bb7-cfd468531903 - - - - - -] Attempt 1 to provision port 53d1d598-fff7-4c7f-b32a-c13f78ac8f80
2026-06-09 02:22:38.306 13 INFO neutron.plugins.ml2.plugin [None req-f34736a9-79a0-4b46-a581-300cef09c7e0 - - - - - -] Attempt 1 to provision port 71c3820c-0142-4df4-81f8-9f3702044a54
2026-06-09 02:22:38.457 13 INFO neutron.plugins.ml2.plugin [None req-f34736a9-79a0-4b46-a581-300cef09c7e0 - - - - - -] Attempt 1 to provision port fd598e31-f426-44a9-91fc-62ba5f6b5b44
2026-06-09 02:22:38.515 13 INFO neutron.plugins.ml2.plugin [None req-f34736a9-79a0-4b46-a581-300cef09c7e0 - - - - - -] Attempt 1 to provision port 2a17f266-5dfd-4a20-aae4-83294aa3e3a8
2026-06-09 02:22:38.536 13 INFO neutron.plugins.ml2.plugin [None req-f34736a9-79a0-4b46-a581-300cef09c7e0 - - - - - -] Attempt 1 to provision port 53d1d598-fff7-4c7f-b32a-c13f78ac8f80
2026-06-09 02:22:38.946 13 INFO neutron.plugins.ml2.plugin [None req-3f4762bb-9bce-467e-8bb7-cfd468531903 - - - - - -] Attempt 1 to provision port 71c3820c-0142-4df4-81f8-9f3702044a54
2026-06-09 02:22:39.158 13 INFO neutron.plugins.ml2.plugin [None req-3f4762bb-9bce-467e-8bb7-cfd468531903 - - - - - -] Attempt 1 to provision port 53d1d598-fff7-4c7f-b32a-c13f78ac8f80
2026-06-09 02:22:41.525 13 INFO neutron.plugins.ml2.plugin [None req-3f4762bb-9bce-467e-8bb7-cfd468531903 - - - - - -] Attempt 1 to provision port 36629012-1aaf-4c8a-82eb-a48fea059573
2026-06-09 02:22:41.627 13 INFO neutron.notifiers.nova [-] Nova event matching ['req-a091f986-7e85-4610-afd7-646745cfeacd'] response: {'server_uuid': '3b2920a2-3e97-47bb-8d88-0b1af60f7d01', 'name': 'network-vif-plugged', 'status': 'completed', 'tag': '36629012-1aaf-4c8a-82eb-a48fea059573', 'code': 200}
2026-06-09 02:22:42.997 16 INFO neutron.plugins.ml2.plugin [None req-3f4762bb-9bce-467e-8bb7-cfd468531903 - - - - - -] Attempt 1 to provision port 36629012-1aaf-4c8a-82eb-a48fea059573
2026-06-09 02:22:43.597 13 INFO neutron.plugins.ml2.plugin [None req-85a017f1-c9d2-416d-bc13-e539ccfa009f - - - - - -] Attempt 1 to provision port a2316f1c-231a-4649-a177-7d758302bbdc
2026-06-09 02:22:43.796 13 INFO neutron.plugins.ml2.plugin [None req-85a017f1-c9d2-416d-bc13-e539ccfa009f - - - - - -] Attempt 1 to provision port 490d299c-bac8-4ee0-960a-3c655854c440
2026-06-09 02:22:43.863 13 INFO neutron.plugins.ml2.plugin [None req-85a017f1-c9d2-416d-bc13-e539ccfa009f - - - - - -] Attempt 1 to provision port b68ac0a0-f083-4843-a5cf-052fcecb5990
2026-06-09 02:22:45.097 16 INFO neutron.plugins.ml2.plugin [None req-3f4762bb-9bce-467e-8bb7-cfd468531903 - - - - - -] Attempt 1 to provision port b68ac0a0-f083-4843-a5cf-052fcecb5990
2026-06-09 02:22:45.291 16 INFO neutron.plugins.ml2.plugin [None req-3f4762bb-9bce-467e-8bb7-cfd468531903 - - - - - -] Attempt 1 to provision port a2316f1c-231a-4649-a177-7d758302bbdc
2026-06-09 02:22:46.855 13 INFO neutron.plugins.ml2.plugin [None req-3f4762bb-9bce-467e-8bb7-cfd468531903 - - - - - -] Attempt 1 to provision port 2a17f266-5dfd-4a20-aae4-83294aa3e3a8
2026-06-09 02:22:47.166 13 INFO neutron.plugins.ml2.plugin [None req-3f4762bb-9bce-467e-8bb7-cfd468531903 - - - - - -] Attempt 1 to provision port 5480ba65-fa28-4959-a905-2639cf4bcae2
2026-06-09 02:22:48.481 16 INFO neutron.plugins.ml2.plugin [None req-a38cdb7a-81b0-47bd-91dd-7bc87b83560a - - - - - -] Attempt 1 to provision port 2a17f266-5dfd-4a20-aae4-83294aa3e3a8
2026-06-09 02:22:48.643 16 INFO neutron.plugins.ml2.plugin [None req-a38cdb7a-81b0-47bd-91dd-7bc87b83560a - - - - - -] Attempt 1 to provision port 36629012-1aaf-4c8a-82eb-a48fea059573
2026-06-09 02:22:48.906 16 INFO neutron.plugins.ml2.plugin [None req-a38cdb7a-81b0-47bd-91dd-7bc87b83560a - - - - - -] Attempt 1 to provision port fd598e31-f426-44a9-91fc-62ba5f6b5b44
2026-06-09 02:22:49.069 13 INFO neutron.plugins.ml2.plugin [None req-3f4762bb-9bce-467e-8bb7-cfd468531903 - - - - - -] Attempt 1 to provision port 2a17f266-5dfd-4a20-aae4-83294aa3e3a8
2026-06-09 02:22:49.263 13 INFO neutron.plugins.ml2.plugin [None req-3f4762bb-9bce-467e-8bb7-cfd468531903 - - - - - -] Attempt 1 to provision port 5480ba65-fa28-4959-a905-2639cf4bcae2
2026-06-09 02:22:51.129 16 INFO neutron.plugins.ml2.plugin [None req-3f4762bb-9bce-467e-8bb7-cfd468531903 - - - - - -] Attempt 1 to provision port 0511f9cb-ccec-4e00-9d1a-56cd5de49516
2026-06-09 02:22:52.924 16 INFO neutron.plugins.ml2.plugin [None req-3f4762bb-9bce-467e-8bb7-cfd468531903 - - - - - -] Attempt 1 to provision port 0511f9cb-ccec-4e00-9d1a-56cd5de49516
2026-06-09 02:22:53.091 16 INFO neutron.plugins.ml2.plugin [None req-3f4762bb-9bce-467e-8bb7-cfd468531903 - - - - - -] Attempt 1 to provision port 322bc5a0-a045-4a73-9871-ece4fb8329a9
2026-06-09 02:22:54.729 13 INFO neutron.plugins.ml2.plugin [None req-0376bcec-f3de-4e8a-8eb4-93bd879a778f - - - - - -] Attempt 1 to provision port 322bc5a0-a045-4a73-9871-ece4fb8329a9
2026-06-09 02:22:54.783 13 INFO neutron.plugins.ml2.plugin [None req-0376bcec-f3de-4e8a-8eb4-93bd879a778f - - - - - -] Attempt 1 to provision port 5480ba65-fa28-4959-a905-2639cf4bcae2
2026-06-09 02:22:54.826 13 INFO neutron.plugins.ml2.plugin [None req-0376bcec-f3de-4e8a-8eb4-93bd879a778f - - - - - -] Attempt 1 to provision port 813febd8-7167-48fd-ad3b-741960eb08a7
2026-06-09 02:22:54.836 16 INFO neutron.plugins.ml2.plugin [None req-3f4762bb-9bce-467e-8bb7-cfd468531903 - - - - - -] Attempt 1 to provision port 322bc5a0-a045-4a73-9871-ece4fb8329a9
2026-06-09 02:22:54.879 13 INFO neutron.plugins.ml2.plugin [None req-0376bcec-f3de-4e8a-8eb4-93bd879a778f - - - - - -] Attempt 1 to provision port 2a17f266-5dfd-4a20-aae4-83294aa3e3a8
2026-06-09 02:22:59.327 16 INFO neutron.plugins.ml2.plugin [None req-8dd5a1c1-23a1-43c9-b3b2-aafe6d0e352a - - - - - -] Attempt 1 to provision port beb7d812-e80e-460f-a2d2-9dbcd4a5101d
2026-06-09 02:22:59.352 16 INFO neutron.plugins.ml2.plugin [None req-8dd5a1c1-23a1-43c9-b3b2-aafe6d0e352a - - - - - -] Attempt 1 to provision port 36629012-1aaf-4c8a-82eb-a48fea059573
2026-06-09 02:22:59.405 16 INFO neutron.plugins.ml2.plugin [None req-8dd5a1c1-23a1-43c9-b3b2-aafe6d0e352a - - - - - -] Attempt 1 to provision port 2a17f266-5dfd-4a20-aae4-83294aa3e3a8
2026-06-09 02:23:01.085 16 INFO neutron.plugins.ml2.plugin [None req-6e7f7c73-61a0-4d33-b97e-1aca4ecf6e9d - - - - - -] Attempt 1 to provision port 322bc5a0-a045-4a73-9871-ece4fb8329a9
2026-06-09 02:23:01.141 16 INFO neutron.plugins.ml2.plugin [None req-6e7f7c73-61a0-4d33-b97e-1aca4ecf6e9d - - - - - -] Attempt 1 to provision port 813febd8-7167-48fd-ad3b-741960eb08a7
2026-06-09 02:23:01.367 13 INFO neutron.plugins.ml2.plugin [None req-3f4762bb-9bce-467e-8bb7-cfd468531903 - - - - - -] Attempt 1 to provision port bc0d841f-9064-4ca6-8e68-05029746389b
2026-06-09 02:23:01.480 13 INFO neutron.notifiers.nova [-] Nova event matching ['req-df808d19-7914-44c4-bbf3-1ef3fd981b22'] response: {'server_uuid': '9fa12d8f-8fb7-45d4-809d-cfbdb10ecfd6', 'name': 'network-vif-plugged', 'status': 'completed', 'tag': 'bc0d841f-9064-4ca6-8e68-05029746389b', 'code': 200}
2026-06-09 02:23:02.858 13 INFO neutron.plugins.ml2.plugin [None req-3f4762bb-9bce-467e-8bb7-cfd468531903 - - - - - -] Attempt 1 to provision port bc0d841f-9064-4ca6-8e68-05029746389b
2026-06-09 02:23:03.800 13 INFO neutron.plugins.ml2.plugin [None req-f2784954-c9b7-4704-8855-98c924e8ca7b - - - - - -] Attempt 1 to provision port 813febd8-7167-48fd-ad3b-741960eb08a7
2026-06-09 02:23:05.813 13 INFO neutron.plugins.ml2.plugin [None req-9f70fec8-a8c7-4699-9d07-1ba3018bcd50 - - - - - -] Attempt 1 to provision port bc0d841f-9064-4ca6-8e68-05029746389b
2026-06-09 02:23:06.945 16 INFO neutron.plugins.ml2.plugin [None req-3f4762bb-9bce-467e-8bb7-cfd468531903 - - - - - -] Attempt 1 to provision port 813febd8-7167-48fd-ad3b-741960eb08a7
2026-06-09 02:23:08.889 13 INFO neutron.plugins.ml2.plugin [None req-3f4762bb-9bce-467e-8bb7-cfd468531903 - - - - - -] Attempt 1 to provision port beb7d812-e80e-460f-a2d2-9dbcd4a5101d
2026-06-09 02:23:09.108 13 INFO neutron.plugins.ml2.plugin [None req-3f4762bb-9bce-467e-8bb7-cfd468531903 - - - - - -] Attempt 1 to provision port 813febd8-7167-48fd-ad3b-741960eb08a7
2026-06-09 02:23:10.866 16 INFO neutron.plugins.ml2.plugin [None req-3f4762bb-9bce-467e-8bb7-cfd468531903 - - - - - -] Attempt 1 to provision port beb7d812-e80e-460f-a2d2-9dbcd4a5101d
2026-06-09 02:23:21.399 16 INFO neutron.plugins.ml2.plugin [None req-3f4762bb-9bce-467e-8bb7-cfd468531903 - - - - - -] Attempt 1 to provision port 4ffc3c94-5d28-4ef5-aadd-ce892d7c67de
2026-06-09 02:23:21.538 16 INFO neutron.notifiers.nova [-] Nova event matching ['req-a51c1955-17ae-4f68-89ac-155adcf33e58'] response: {'server_uuid': '4a056a43-3f58-47c0-87c9-65f901768873', 'name': 'network-vif-plugged', 'status': 'completed', 'tag': '4ffc3c94-5d28-4ef5-aadd-ce892d7c67de', 'code': 200}
2026-06-09 02:23:22.868 13 INFO neutron.plugins.ml2.plugin [None req-3f4762bb-9bce-467e-8bb7-cfd468531903 - - - - - -] Attempt 1 to provision port 4ffc3c94-5d28-4ef5-aadd-ce892d7c67de
2026-06-09 02:23:26.914 13 INFO neutron.plugins.ml2.plugin [None req-3f4762bb-9bce-467e-8bb7-cfd468531903 - - - - - -] Attempt 1 to provision port 9afbba66-e58f-4404-be4f-4163c7f4a73f
2026-06-09 02:23:27.718 16 INFO neutron.plugins.ml2.plugin [None req-8b2ff043-791b-426d-ab89-af334236bd91 - - - - - -] Attempt 1 to provision port 9afbba66-e58f-4404-be4f-4163c7f4a73f
2026-06-09 02:23:28.906 13 INFO neutron.plugins.ml2.plugin [None req-3f4762bb-9bce-467e-8bb7-cfd468531903 - - - - - -] Attempt 1 to provision port 9afbba66-e58f-4404-be4f-4163c7f4a73f
2026-06-09 02:23:30.926 13 INFO neutron.plugins.ml2.plugin [None req-3f4762bb-9bce-467e-8bb7-cfd468531903 - - - - - -] Attempt 1 to provision port f9c74489-df1c-429c-b254-dd7baa92a71f
2026-06-09 02:23:31.274 13 INFO neutron.plugins.ml2.plugin [None req-3f4762bb-9bce-467e-8bb7-cfd468531903 - - - - - -] Attempt 1 to provision port 91cf3c3b-96f6-42c9-b092-ed75b16ee35f
2026-06-09 02:23:32.915 16 INFO neutron.plugins.ml2.plugin [None req-3f4762bb-9bce-467e-8bb7-cfd468531903 - - - - - -] Attempt 1 to provision port f9c74489-df1c-429c-b254-dd7baa92a71f
2026-06-09 02:23:33.156 16 INFO neutron.plugins.ml2.plugin [None req-3f4762bb-9bce-467e-8bb7-cfd468531903 - - - - - -] Attempt 1 to provision port 91cf3c3b-96f6-42c9-b092-ed75b16ee35f
2026-06-09 02:23:34.182 13 INFO neutron.notifiers.nova [-] Nova event matching ['req-92558c9b-14a2-4eb9-b3bd-5e4b925bc537'] response: {'server_uuid': '9fa12d8f-8fb7-45d4-809d-cfbdb10ecfd6', 'name': 'network-vif-unplugged', 'status': 'completed', 'tag': 'bc0d841f-9064-4ca6-8e68-05029746389b', 'code': 200}
2026-06-09 02:23:35.542 13 INFO neutron.plugins.ml2.plugin [None req-3f4762bb-9bce-467e-8bb7-cfd468531903 - - - - - -] Attempt 1 to provision port bc0d841f-9064-4ca6-8e68-05029746389b
2026-06-09 02:23:35.859 13 INFO neutron.plugins.ml2.plugin [None req-3f4762bb-9bce-467e-8bb7-cfd468531903 - - - - - -] Attempt 1 to provision port 7cd85028-24db-4310-aaf6-9303d4fa12e5
2026-06-09 02:23:36.240 13 INFO neutron.notifiers.nova [-] Nova event matching ['req-09178379-6ef8-4453-b10b-8d07eb1264c5'] response: {'server_uuid': '9fa12d8f-8fb7-45d4-809d-cfbdb10ecfd6', 'name': 'network-vif-plugged', 'status': 'completed', 'tag': 'bc0d841f-9064-4ca6-8e68-05029746389b', 'code': 200}
2026-06-09 02:23:37.223 13 INFO neutron.plugins.ml2.plugin [None req-3f4762bb-9bce-467e-8bb7-cfd468531903 - - - - - -] Attempt 1 to provision port bc0d841f-9064-4ca6-8e68-05029746389b
2026-06-09 02:23:37.435 13 INFO neutron.plugins.ml2.plugin [None req-3f4762bb-9bce-467e-8bb7-cfd468531903 - - - - - -] Attempt 1 to provision port 7cd85028-24db-4310-aaf6-9303d4fa12e5
2026-06-09 02:23:39.215 13 INFO neutron.plugins.ml2.plugin [None req-3f4762bb-9bce-467e-8bb7-cfd468531903 - - - - - -] Attempt 1 to provision port 9afbba66-e58f-4404-be4f-4163c7f4a73f
2026-06-09 02:23:41.581 13 INFO neutron.plugins.ml2.plugin [None req-17bd0752-0fbe-4696-9439-97eba2e408f0 - - - - - -] Attempt 1 to provision port 14716f50-2f75-44bd-a4c8-656307f354a6
2026-06-09 02:23:41.606 13 INFO neutron.plugins.ml2.plugin [None req-17bd0752-0fbe-4696-9439-97eba2e408f0 - - - - - -] Attempt 1 to provision port 84b2a694-8ca3-4ea3-a2e5-7c1c0221dfc5
2026-06-09 02:23:41.629 13 INFO neutron.plugins.ml2.plugin [None req-17bd0752-0fbe-4696-9439-97eba2e408f0 - - - - - -] Attempt 1 to provision port 91cf3c3b-96f6-42c9-b092-ed75b16ee35f
2026-06-09 02:23:41.676 13 INFO neutron.plugins.ml2.plugin [None req-17bd0752-0fbe-4696-9439-97eba2e408f0 - - - - - -] Attempt 1 to provision port 9afbba66-e58f-4404-be4f-4163c7f4a73f
2026-06-09 02:23:41.721 13 INFO neutron.plugins.ml2.plugin [None req-17bd0752-0fbe-4696-9439-97eba2e408f0 - - - - - -] Attempt 1 to provision port 7cd85028-24db-4310-aaf6-9303d4fa12e5
2026-06-09 02:23:41.778 13 INFO neutron.plugins.ml2.plugin [None req-17bd0752-0fbe-4696-9439-97eba2e408f0 - - - - - -] Attempt 1 to provision port 28dc1ce8-bcaf-4084-809a-fcde6dd3b4fa
2026-06-09 02:23:45.663 13 INFO neutron.plugins.ml2.plugin [None req-3f4762bb-9bce-467e-8bb7-cfd468531903 - - - - - -] Attempt 1 to provision port 560cbb63-1e03-4e4d-bfe5-9dca2448fa96
2026-06-09 02:23:45.734 16 INFO neutron.plugins.ml2.plugin [None req-86274021-70bd-4370-962d-9012de68f593 - - - - - -] Attempt 1 to provision port 91cf3c3b-96f6-42c9-b092-ed75b16ee35f
2026-06-09 02:23:45.754 13 INFO neutron.notifiers.nova [-] Nova event matching ['req-a6ac6ae4-d667-4b6f-b637-c3f176aebffe'] response: {'server_uuid': '854a45fa-0a9e-49b2-9b89-91381baaa902', 'name': 'network-vif-plugged', 'status': 'completed', 'tag': '560cbb63-1e03-4e4d-bfe5-9dca2448fa96', 'code': 200}
2026-06-09 02:23:45.783 16 INFO neutron.plugins.ml2.plugin [None req-86274021-70bd-4370-962d-9012de68f593 - - - - - -] Attempt 1 to provision port 9afbba66-e58f-4404-be4f-4163c7f4a73f
2026-06-09 02:23:45.834 16 INFO neutron.plugins.ml2.plugin [None req-86274021-70bd-4370-962d-9012de68f593 - - - - - -] Attempt 1 to provision port 28dc1ce8-bcaf-4084-809a-fcde6dd3b4fa
2026-06-09 02:23:45.862 16 INFO neutron.plugins.ml2.plugin [None req-86274021-70bd-4370-962d-9012de68f593 - - - - - -] Attempt 1 to provision port 560cbb63-1e03-4e4d-bfe5-9dca2448fa96
2026-06-09 02:23:45.934 16 INFO neutron.plugins.ml2.plugin [None req-86274021-70bd-4370-962d-9012de68f593 - - - - - -] Attempt 1 to provision port a3fb8c04-bb77-4062-a01f-d372f4637d09
2026-06-09 02:23:47.144 13 INFO neutron.plugins.ml2.plugin [None req-3f4762bb-9bce-467e-8bb7-cfd468531903 - - - - - -] Attempt 1 to provision port 560cbb63-1e03-4e4d-bfe5-9dca2448fa96
2026-06-09 02:23:49.302 16 INFO neutron.plugins.ml2.plugin [None req-3f4762bb-9bce-467e-8bb7-cfd468531903 - - - - - -] Attempt 1 to provision port 28dc1ce8-bcaf-4084-809a-fcde6dd3b4fa
2026-06-09 02:23:49.551 16 INFO neutron.plugins.ml2.plugin [None req-3f4762bb-9bce-467e-8bb7-cfd468531903 - - - - - -] Attempt 1 to provision port a3fb8c04-bb77-4062-a01f-d372f4637d09
2026-06-09 02:23:49.811 16 INFO neutron.plugins.ml2.plugin [None req-0a27722d-ea76-4a52-8060-3af17f53697e - - - - - -] Attempt 1 to provision port 84b2a694-8ca3-4ea3-a2e5-7c1c0221dfc5
2026-06-09 02:23:49.871 16 INFO neutron.plugins.ml2.plugin [None req-3f4762bb-9bce-467e-8bb7-cfd468531903 - - - - - -] Attempt 1 to provision port 14716f50-2f75-44bd-a4c8-656307f354a6
2026-06-09 02:23:50.058 16 INFO neutron.plugins.ml2.plugin [None req-0a27722d-ea76-4a52-8060-3af17f53697e - - - - - -] Attempt 1 to provision port 91cf3c3b-96f6-42c9-b092-ed75b16ee35f
2026-06-09 02:23:50.157 16 INFO neutron.plugins.ml2.plugin [None req-0a27722d-ea76-4a52-8060-3af17f53697e - - - - - -] Attempt 1 to provision port 7cd85028-24db-4310-aaf6-9303d4fa12e5
2026-06-09 02:23:50.248 16 INFO neutron.plugins.ml2.plugin [None req-0a27722d-ea76-4a52-8060-3af17f53697e - - - - - -] Attempt 1 to provision port 28dc1ce8-bcaf-4084-809a-fcde6dd3b4fa
2026-06-09 02:23:50.325 16 INFO neutron.plugins.ml2.plugin [None req-0a27722d-ea76-4a52-8060-3af17f53697e - - - - - -] Attempt 1 to provision port 560cbb63-1e03-4e4d-bfe5-9dca2448fa96
2026-06-09 02:23:50.342 16 INFO neutron.plugins.ml2.plugin [None req-3f4762bb-9bce-467e-8bb7-cfd468531903 - - - - - -] Attempt 1 to provision port 84b2a694-8ca3-4ea3-a2e5-7c1c0221dfc5
2026-06-09 02:23:50.405 16 INFO neutron.plugins.ml2.plugin [None req-0a27722d-ea76-4a52-8060-3af17f53697e - - - - - -] Attempt 1 to provision port a3fb8c04-bb77-4062-a01f-d372f4637d09
2026-06-09 02:23:51.142 16 INFO neutron.plugins.ml2.plugin [None req-3f4762bb-9bce-467e-8bb7-cfd468531903 - - - - - -] Attempt 1 to provision port 28dc1ce8-bcaf-4084-809a-fcde6dd3b4fa
2026-06-09 02:23:51.334 16 INFO neutron.plugins.ml2.plugin [None req-3f4762bb-9bce-467e-8bb7-cfd468531903 - - - - - -] Attempt 1 to provision port a3fb8c04-bb77-4062-a01f-d372f4637d09
2026-06-09 02:23:51.530 16 INFO neutron.plugins.ml2.plugin [None req-3f4762bb-9bce-467e-8bb7-cfd468531903 - - - - - -] Attempt 1 to provision port 14716f50-2f75-44bd-a4c8-656307f354a6
2026-06-09 02:23:51.668 16 INFO neutron.plugins.ml2.plugin [None req-3f4762bb-9bce-467e-8bb7-cfd468531903 - - - - - -] Attempt 1 to provision port 84b2a694-8ca3-4ea3-a2e5-7c1c0221dfc5
2026-06-09 02:23:54.275 16 INFO neutron.plugins.ml2.plugin [None req-0682e0a3-ee09-498f-ae88-3c11165d3847 - - - - - -] Attempt 1 to provision port 28dc1ce8-bcaf-4084-809a-fcde6dd3b4fa
2026-06-09 02:23:54.324 16 INFO neutron.plugins.ml2.plugin [None req-0682e0a3-ee09-498f-ae88-3c11165d3847 - - - - - -] Attempt 1 to provision port 84b2a694-8ca3-4ea3-a2e5-7c1c0221dfc5
2026-06-09 02:23:54.368 16 INFO neutron.plugins.ml2.plugin [None req-0682e0a3-ee09-498f-ae88-3c11165d3847 - - - - - -] Attempt 1 to provision port a3fb8c04-bb77-4062-a01f-d372f4637d09
2026-06-09 02:23:59.561 16 INFO neutron.plugins.ml2.plugin [None req-f29e086d-8a91-4fb5-85b1-1a82bdf6ed2e - - - - - -] Attempt 1 to provision port 560cbb63-1e03-4e4d-bfe5-9dca2448fa96
2026-06-09 02:23:59.611 16 INFO neutron.plugins.ml2.plugin [None req-f29e086d-8a91-4fb5-85b1-1a82bdf6ed2e - - - - - -] Attempt 1 to provision port 84b2a694-8ca3-4ea3-a2e5-7c1c0221dfc5
2026-06-09 02:24:03.283 16 INFO neutron.plugins.ml2.plugin [None req-3f4762bb-9bce-467e-8bb7-cfd468531903 - - - - - -] Attempt 1 to provision port 84fc3808-4483-4966-86d7-8363097495e7
2026-06-09 02:24:03.495 16 INFO neutron.notifiers.nova [-] Nova event matching ['req-4911ebbe-f750-43d6-bf65-c0cba76e464c'] response: {'server_uuid': 'dd0c9154-c8db-4c71-9a4c-7ba6152fa776', 'name': 'network-vif-plugged', 'status': 'completed', 'tag': '84fc3808-4483-4966-86d7-8363097495e7', 'code': 200}
2026-06-09 02:24:05.131 16 INFO neutron.plugins.ml2.plugin [None req-3f4762bb-9bce-467e-8bb7-cfd468531903 - - - - - -] Attempt 1 to provision port 84fc3808-4483-4966-86d7-8363097495e7
2026-06-09 02:24:29.372 16 INFO neutron.plugins.ml2.plugin [None req-a48d0088-ccdf-49b5-afc5-3e7597ea152d - - - - - -] Attempt 1 to provision port b0eed615-94c9-4c6c-b7ff-8c06a42719e6
2026-06-09 02:24:51.715 13 INFO neutron.plugins.ml2.plugin [None req-3f4762bb-9bce-467e-8bb7-cfd468531903 - - - - - -] Attempt 1 to provision port 464156b3-4ba9-4c70-9e11-e91168555c2a
2026-06-09 02:24:51.897 16 INFO neutron.plugins.ml2.plugin [None req-c259290f-fb14-4a7a-9bcd-4d7d7b4a61d1 - - - - - -] Attempt 1 to provision port 45864866-5d89-4e20-8c08-67772def5391
2026-06-09 02:24:51.901 13 INFO neutron.notifiers.nova [-] Nova event matching ['req-5dd68e16-b690-4804-8ae5-fcc6e4743532'] response: {'server_uuid': '48657b6f-d54b-4e92-9cbd-81431542ad82', 'name': 'network-vif-plugged', 'status': 'completed', 'tag': '464156b3-4ba9-4c70-9e11-e91168555c2a', 'code': 200}
2026-06-09 02:24:52.337 13 INFO neutron.plugins.ml2.plugin [None req-3f4762bb-9bce-467e-8bb7-cfd468531903 - - - - - -] Attempt 1 to provision port 45864866-5d89-4e20-8c08-67772def5391
2026-06-09 02:24:53.249 13 INFO neutron.plugins.ml2.plugin [None req-3f4762bb-9bce-467e-8bb7-cfd468531903 - - - - - -] Attempt 1 to provision port 464156b3-4ba9-4c70-9e11-e91168555c2a
2026-06-09 02:24:53.446 13 INFO neutron.plugins.ml2.plugin [None req-3f4762bb-9bce-467e-8bb7-cfd468531903 - - - - - -] Attempt 1 to provision port 01980b59-9493-4efa-9b21-afb8ed18f998
2026-06-09 02:24:53.756 13 INFO neutron.plugins.ml2.plugin [None req-3f4762bb-9bce-467e-8bb7-cfd468531903 - - - - - -] Attempt 1 to provision port 45864866-5d89-4e20-8c08-67772def5391
2026-06-09 02:24:54.663 16 INFO neutron.plugins.ml2.plugin [None req-9440d951-2521-49fc-a124-f328eede560f - - - - - -] Attempt 1 to provision port 45864866-5d89-4e20-8c08-67772def5391
2026-06-09 02:24:54.718 16 INFO neutron.plugins.ml2.plugin [None req-9440d951-2521-49fc-a124-f328eede560f - - - - - -] Attempt 1 to provision port 64810c0f-b3d0-4458-a751-1893eca78005
2026-06-09 02:24:55.138 13 INFO neutron.plugins.ml2.plugin [None req-3f4762bb-9bce-467e-8bb7-cfd468531903 - - - - - -] Attempt 1 to provision port 01980b59-9493-4efa-9b21-afb8ed18f998
2026-06-09 02:24:59.199 13 INFO neutron.plugins.ml2.plugin [None req-3f4762bb-9bce-467e-8bb7-cfd468531903 - - - - - -] Attempt 1 to provision port 636d2fed-6dce-4069-a762-1dd797fd6b3c
2026-06-09 02:24:59.711 13 INFO neutron.plugins.ml2.plugin [None req-3f4762bb-9bce-467e-8bb7-cfd468531903 - - - - - -] Attempt 1 to provision port ae5b76e1-1e17-4e1a-b0d8-d59d70ea86ff
2026-06-09 02:25:01.299 16 INFO neutron.plugins.ml2.plugin [None req-3f4762bb-9bce-467e-8bb7-cfd468531903 - - - - - -] Attempt 1 to provision port 636d2fed-6dce-4069-a762-1dd797fd6b3c
2026-06-09 02:25:01.382 13 INFO neutron.plugins.ml2.plugin [None req-1d3c8d32-5f4e-4b9e-a63c-2778b962db66 - - - - - -] Attempt 1 to provision port 01f21c3e-df5f-45a1-be36-5101dd0569ef
2026-06-09 02:25:01.412 13 INFO neutron.plugins.ml2.plugin [None req-1d3c8d32-5f4e-4b9e-a63c-2778b962db66 - - - - - -] Attempt 1 to provision port 757ac853-e232-4ca6-b478-1e9157bcba92
2026-06-09 02:25:01.445 13 INFO neutron.plugins.ml2.plugin [None req-1d3c8d32-5f4e-4b9e-a63c-2778b962db66 - - - - - -] Attempt 1 to provision port ae5b76e1-1e17-4e1a-b0d8-d59d70ea86ff
2026-06-09 02:25:01.525 16 INFO neutron.plugins.ml2.plugin [None req-3f4762bb-9bce-467e-8bb7-cfd468531903 - - - - - -] Attempt 1 to provision port ae5b76e1-1e17-4e1a-b0d8-d59d70ea86ff
2026-06-09 02:25:04.676 16 INFO neutron.plugins.ml2.plugin [None req-394fc080-3e8f-4cf4-a644-a19adf840809 - - - - - -] Attempt 1 to provision port eadc9280-1eef-4d77-98d9-eb09e6ea9a15
2026-06-09 02:25:04.744 16 INFO neutron.plugins.ml2.plugin [None req-394fc080-3e8f-4cf4-a644-a19adf840809 - - - - - -] Attempt 1 to provision port 757ac853-e232-4ca6-b478-1e9157bcba92
2026-06-09 02:25:04.797 16 INFO neutron.plugins.ml2.plugin [None req-394fc080-3e8f-4cf4-a644-a19adf840809 - - - - - -] Attempt 1 to provision port 64810c0f-b3d0-4458-a751-1893eca78005
2026-06-09 02:25:06.416 13 INFO neutron.plugins.ml2.plugin [None req-f51deea1-7759-4959-9c3d-b3bca9013eac - - - - - -] Attempt 1 to provision port 64810c0f-b3d0-4458-a751-1893eca78005
2026-06-09 02:25:12.212 16 INFO neutron.plugins.ml2.plugin [None req-3f4762bb-9bce-467e-8bb7-cfd468531903 - - - - - -] Attempt 1 to provision port 2c58247d-ae14-48ee-bad7-b3edb16b8ae6
2026-06-09 02:25:12.302 16 INFO neutron.notifiers.nova [-] Nova event matching ['req-d94f6f64-2ae2-4ff2-8e6b-1ebb1f219eab'] response: {'server_uuid': '0ebf1927-6f1c-4804-adaf-011f0e15309a', 'name': 'network-vif-plugged', 'status': 'completed', 'tag': '2c58247d-ae14-48ee-bad7-b3edb16b8ae6', 'code': 200}
2026-06-09 02:25:13.202 13 INFO neutron.plugins.ml2.plugin [None req-3f4762bb-9bce-467e-8bb7-cfd468531903 - - - - - -] Attempt 1 to provision port 01f21c3e-df5f-45a1-be36-5101dd0569ef
2026-06-09 02:25:13.527 13 INFO neutron.plugins.ml2.plugin [None req-3f4762bb-9bce-467e-8bb7-cfd468531903 - - - - - -] Attempt 1 to provision port 64810c0f-b3d0-4458-a751-1893eca78005
2026-06-09 02:25:13.904 13 INFO neutron.plugins.ml2.plugin [None req-3f4762bb-9bce-467e-8bb7-cfd468531903 - - - - - -] Attempt 1 to provision port 2c58247d-ae14-48ee-bad7-b3edb16b8ae6
2026-06-09 02:25:15.217 16 INFO neutron.plugins.ml2.plugin [None req-3f4762bb-9bce-467e-8bb7-cfd468531903 - - - - - -] Attempt 1 to provision port 01f21c3e-df5f-45a1-be36-5101dd0569ef
2026-06-09 02:25:15.443 16 INFO neutron.plugins.ml2.plugin [None req-3f4762bb-9bce-467e-8bb7-cfd468531903 - - - - - -] Attempt 1 to provision port 757ac853-e232-4ca6-b478-1e9157bcba92
2026-06-09 02:25:15.756 16 INFO neutron.plugins.ml2.plugin [None req-3f4762bb-9bce-467e-8bb7-cfd468531903 - - - - - -] Attempt 1 to provision port 64810c0f-b3d0-4458-a751-1893eca78005
2026-06-09 02:25:17.165 13 INFO neutron.plugins.ml2.plugin [None req-3f4762bb-9bce-467e-8bb7-cfd468531903 - - - - - -] Attempt 1 to provision port eadc9280-1eef-4d77-98d9-eb09e6ea9a15
2026-06-09 02:25:17.413 13 INFO neutron.plugins.ml2.plugin [None req-3f4762bb-9bce-467e-8bb7-cfd468531903 - - - - - -] Attempt 1 to provision port 757ac853-e232-4ca6-b478-1e9157bcba92
2026-06-09 02:25:19.140 16 INFO neutron.plugins.ml2.plugin [None req-3f4762bb-9bce-467e-8bb7-cfd468531903 - - - - - -] Attempt 1 to provision port eadc9280-1eef-4d77-98d9-eb09e6ea9a15
2026-06-09 02:25:29.343 13 INFO neutron.notifiers.nova [-] Nova event matching ['req-651ae80c-f62c-4fe1-893e-913bb5ec66d0'] response: {'server_uuid': '0ebf1927-6f1c-4804-adaf-011f0e15309a', 'name': 'network-vif-unplugged', 'status': 'completed', 'tag': '2c58247d-ae14-48ee-bad7-b3edb16b8ae6', 'code': 200}
2026-06-09 02:25:32.041 16 INFO neutron.plugins.ml2.plugin [None req-2ebda5e5-d97d-4902-a4ea-68d18e6a60b3 - - - - - -] Attempt 1 to provision port 044351c5-11d0-46e9-9a5f-716563ab514d
2026-06-09 02:25:37.221 13 INFO neutron.plugins.ml2.plugin [None req-3f4762bb-9bce-467e-8bb7-cfd468531903 - - - - - -] Attempt 1 to provision port 044351c5-11d0-46e9-9a5f-716563ab514d
2026-06-09 02:25:37.320 13 INFO neutron.notifiers.nova [-] Nova event matching ['req-36d0adf2-b103-48a5-8666-6c123339ff74'] response: {'server_uuid': '48657b6f-d54b-4e92-9cbd-81431542ad82', 'name': 'network-vif-plugged', 'status': 'completed', 'tag': '044351c5-11d0-46e9-9a5f-716563ab514d', 'code': 200}
2026-06-09 02:25:39.363 16 INFO neutron.plugins.ml2.plugin [None req-3f4762bb-9bce-467e-8bb7-cfd468531903 - - - - - -] Attempt 1 to provision port 044351c5-11d0-46e9-9a5f-716563ab514d
2026-06-09 02:25:41.653 16 INFO neutron.plugins.ml2.plugin [None req-3f4762bb-9bce-467e-8bb7-cfd468531903 - - - - - -] Attempt 1 to provision port 044351c5-11d0-46e9-9a5f-716563ab514d
2026-06-09 02:25:44.992 16 ERROR neutron.plugins.ml2.managers [None req-1fa15df6-81b2-43f2-9cdc-e5b0e6f1b92d - - - - - -] Mechanism driver openvswitch failed in bind_port: neutron_lib.exceptions.SubnetNotFound: Subnet ef7f615d-fa8c-4f48-8d6b-9d1650d6bcfc could not be found.
2026-06-09 02:25:44.992 16 ERROR neutron.plugins.ml2.managers
Traceback (most recent call last):
2026-06-09 02:25:44.992 16 ERROR neutron.plugins.ml2.managers
File "/var/lib/openstack/lib/python3.12/site-packages/neutron/plugins/ml2/managers.py", line 869, in _bind_port_level
2026-06-09 02:25:44.992 16 ERROR neutron.plugins.ml2.managers driver.obj.bind_port(context)
2026-06-09 02:25:44.992 16 ERROR neutron.plugins.ml2.managers
File "/var/lib/openstack/lib/python3.12/site-packages/neutron/plugins/ml2/drivers/openvswitch/mech_driver/mech_openvswitch.py", line 136, in bind_port
2026-06-09 02:25:44.992 16 ERROR neutron.plugins.ml2.managers super().bind_port(context)
2026-06-09 02:25:44.992 16 ERROR neutron.plugins.ml2.managers
File "/var/lib/openstack/lib/python3.12/site-packages/neutron/plugins/ml2/drivers/mech_agent.py", line 111, in bind_port
2026-06-09 02:25:44.992 16 ERROR neutron.plugins.ml2.managers subnets = self.get_subnets_from_fixed_ips(context)
2026-06-09 02:25:44.992 16 ERROR neutron.plugins.ml2.managers ^^^^^^^^^^^^^^^^^^^^^^^^^^^^^^^^^^^^^^^^
2026-06-09 02:25:44.992 16 ERROR neutron.plugins.ml2.managers
File "/var/lib/openstack/lib/python3.12/site-packages/neutron/plugins/ml2/drivers/mech_agent.py", line 156, in get_subnets_from_fixed_ips
2026-06-09 02:25:44.992 16 ERROR neutron.plugins.ml2.managers subnets.append(context._plugin.get_subnet(
2026-06-09 02:25:44.992 16 ERROR neutron.plugins.ml2.managers ^^^^^^^^^^^^^^^^^^^^^^^^^^^
2026-06-09 02:25:44.992 16 ERROR neutron.plugins.ml2.managers
File "/var/lib/openstack/lib/python3.12/site-packages/neutron_lib/db/api.py", line 223, in wrapped
2026-06-09 02:25:44.992 16 ERROR neutron.plugins.ml2.managers return f_with_retry(*args, **kwargs,
2026-06-09 02:25:44.992 16 ERROR neutron.plugins.ml2.managers ^^^^^^^^^^^^^^^^^^^^^^^^^^^^^
2026-06-09 02:25:44.992 16 ERROR neutron.plugins.ml2.managers
File "/var/lib/openstack/lib/python3.12/site-packages/neutron_lib/db/api.py", line 137, in wrapped
2026-06-09 02:25:44.992 16 ERROR neutron.plugins.ml2.managers with excutils.save_and_reraise_exception():
2026-06-09 02:25:44.992 16 ERROR neutron.plugins.ml2.managers
File "/var/lib/openstack/lib/python3.12/site-packages/oslo_utils/excutils.py", line 227, in __exit__
2026-06-09 02:25:44.992 16 ERROR neutron.plugins.ml2.managers self.force_reraise()
2026-06-09 02:25:44.992 16 ERROR neutron.plugins.ml2.managers
File "/var/lib/openstack/lib/python3.12/site-packages/oslo_utils/excutils.py", line 200, in force_reraise
2026-06-09 02:25:44.992 16 ERROR neutron.plugins.ml2.managers raise self.value
2026-06-09 02:25:44.992 16 ERROR neutron.plugins.ml2.managers
File "/var/lib/openstack/lib/python3.12/site-packages/neutron_lib/db/api.py", line 135, in wrapped
2026-06-09 02:25:44.992 16 ERROR neutron.plugins.ml2.managers return f(*args, **kwargs)
2026-06-09 02:25:44.992 16 ERROR neutron.plugins.ml2.managers ^^^^^^^^^^^^^^^^^^
2026-06-09 02:25:44.992 16 ERROR neutron.plugins.ml2.managers
File "/var/lib/openstack/lib/python3.12/site-packages/oslo_db/api.py", line 144, in wrapper
2026-06-09 02:25:44.992 16 ERROR neutron.plugins.ml2.managers with excutils.save_and_reraise_exception() as ectxt:
2026-06-09 02:25:44.992 16 ERROR neutron.plugins.ml2.managers
File "/var/lib/openstack/lib/python3.12/site-packages/oslo_utils/excutils.py", line 227, in __exit__
2026-06-09 02:25:44.992 16 ERROR neutron.plugins.ml2.managers self.force_reraise()
2026-06-09 02:25:44.992 16 ERROR neutron.plugins.ml2.managers
File "/var/lib/openstack/lib/python3.12/site-packages/oslo_utils/excutils.py", line 200, in force_reraise
2026-06-09 02:25:44.992 16 ERROR neutron.plugins.ml2.managers raise self.value
2026-06-09 02:25:44.992 16 ERROR neutron.plugins.ml2.managers
File "/var/lib/openstack/lib/python3.12/site-packages/oslo_db/api.py", line 142, in wrapper
2026-06-09 02:25:44.992 16 ERROR neutron.plugins.ml2.managers return f(*args, **kwargs)
2026-06-09 02:25:44.992 16 ERROR neutron.plugins.ml2.managers ^^^^^^^^^^^^^^^^^^
2026-06-09 02:25:44.992 16 ERROR neutron.plugins.ml2.managers
File "/var/lib/openstack/lib/python3.12/site-packages/neutron_lib/db/api.py", line 183, in wrapped
2026-06-09 02:25:44.992 16 ERROR neutron.plugins.ml2.managers with excutils.save_and_reraise_exception():
2026-06-09 02:25:44.992 16 ERROR neutron.plugins.ml2.managers
File "/var/lib/openstack/lib/python3.12/site-packages/oslo_utils/excutils.py", line 227, in __exit__
2026-06-09 02:25:44.992 16 ERROR neutron.plugins.ml2.managers self.force_reraise()
2026-06-09 02:25:44.992 16 ERROR neutron.plugins.ml2.managers
File "/var/lib/openstack/lib/python3.12/site-packages/oslo_utils/excutils.py", line 200, in force_reraise
2026-06-09 02:25:44.992 16 ERROR neutron.plugins.ml2.managers raise self.value
2026-06-09 02:25:44.992 16 ERROR neutron.plugins.ml2.managers
File "/var/lib/openstack/lib/python3.12/site-packages/neutron_lib/db/api.py", line 181, in wrapped
2026-06-09 02:25:44.992 16 ERROR neutron.plugins.ml2.managers return f(*dup_args, **dup_kwargs)
2026-06-09 02:25:44.992 16 ERROR neutron.plugins.ml2.managers ^^^^^^^^^^^^^^^^^^^^^^^^^^
2026-06-09 02:25:44.992 16 ERROR neutron.plugins.ml2.managers
File "/var/lib/openstack/lib/python3.12/site-packages/neutron/db/db_base_plugin_v2.py", line 1202, in get_subnet
2026-06-09 02:25:44.992 16 ERROR neutron.plugins.ml2.managers subnet_obj = self._get_subnet_object(context, id)
2026-06-09 02:25:44.992 16 ERROR neutron.plugins.ml2.managers ^^^^^^^^^^^^^^^^^^^^^^^^^^^^^^^^^^^^
2026-06-09 02:25:44.992 16 ERROR neutron.plugins.ml2.managers
File "/var/lib/openstack/lib/python3.12/site-packages/neutron/db/db_base_plugin_common.py", line 279, in _get_subnet_object
2026-06-09 02:25:44.992 16 ERROR neutron.plugins.ml2.managers raise exceptions.SubnetNotFound(subnet_id=id)
2026-06-09 02:25:44.992 16 ERROR neutron.plugins.ml2.managers neutron_lib.exceptions.SubnetNotFound: Subnet ef7f615d-fa8c-4f48-8d6b-9d1650d6bcfc could not be found.
2026-06-09 02:25:44.992 16 ERROR neutron.plugins.ml2.managers
2026-06-09 02:25:44.995 16 ERROR neutron.plugins.ml2.managers [None req-1fa15df6-81b2-43f2-9cdc-e5b0e6f1b92d - - - - - -] Failed to bind port abf08ece-26c2-4a95-bb03-28cdd1e556be on host instance for vnic_type normal using segments [{'id': '5fafec46-7295-4b70-8499-fa916d59e807', 'network_type': 'vxlan', 'physical_network': None, 'segmentation_id': 620, 'network_id': 'ed896d57-09a8-4b6b-9177-dec3c612fa8e'}]
2026-06-09 02:25:44.996 16 INFO neutron.plugins.ml2.plugin [None req-1fa15df6-81b2-43f2-9cdc-e5b0e6f1b92d - - - - - -] Attempt 2 to bind port abf08ece-26c2-4a95-bb03-28cdd1e556be
2026-06-09 02:25:45.008 16 ERROR neutron.plugins.ml2.managers [None req-1fa15df6-81b2-43f2-9cdc-e5b0e6f1b92d - - - - - -] Mechanism driver openvswitch failed in bind_port: neutron_lib.exceptions.SubnetNotFound: Subnet ef7f615d-fa8c-4f48-8d6b-9d1650d6bcfc could not be found.
2026-06-09 02:25:45.008 16 ERROR neutron.plugins.ml2.managers
Traceback (most recent call last):
2026-06-09 02:25:45.008 16 ERROR neutron.plugins.ml2.managers
File "/var/lib/openstack/lib/python3.12/site-packages/neutron/plugins/ml2/managers.py", line 869, in _bind_port_level
2026-06-09 02:25:45.008 16 ERROR neutron.plugins.ml2.managers driver.obj.bind_port(context)
2026-06-09 02:25:45.008 16 ERROR neutron.plugins.ml2.managers
File "/var/lib/openstack/lib/python3.12/site-packages/neutron/plugins/ml2/drivers/openvswitch/mech_driver/mech_openvswitch.py", line 136, in bind_port
2026-06-09 02:25:45.008 16 ERROR neutron.plugins.ml2.managers super().bind_port(context)
2026-06-09 02:25:45.008 16 ERROR neutron.plugins.ml2.managers
File "/var/lib/openstack/lib/python3.12/site-packages/neutron/plugins/ml2/drivers/mech_agent.py", line 111, in bind_port
2026-06-09 02:25:45.008 16 ERROR neutron.plugins.ml2.managers subnets = self.get_subnets_from_fixed_ips(context)
2026-06-09 02:25:45.008 16 ERROR neutron.plugins.ml2.managers ^^^^^^^^^^^^^^^^^^^^^^^^^^^^^^^^^^^^^^^^
2026-06-09 02:25:45.008 16 ERROR neutron.plugins.ml2.managers
File "/var/lib/openstack/lib/python3.12/site-packages/neutron/plugins/ml2/drivers/mech_agent.py", line 156, in get_subnets_from_fixed_ips
2026-06-09 02:25:45.008 16 ERROR neutron.plugins.ml2.managers subnets.append(context._plugin.get_subnet(
2026-06-09 02:25:45.008 16 ERROR neutron.plugins.ml2.managers ^^^^^^^^^^^^^^^^^^^^^^^^^^^
2026-06-09 02:25:45.008 16 ERROR neutron.plugins.ml2.managers
File "/var/lib/openstack/lib/python3.12/site-packages/neutron_lib/db/api.py", line 223, in wrapped
2026-06-09 02:25:45.008 16 ERROR neutron.plugins.ml2.managers return f_with_retry(*args, **kwargs,
2026-06-09 02:25:45.008 16 ERROR neutron.plugins.ml2.managers ^^^^^^^^^^^^^^^^^^^^^^^^^^^^^
2026-06-09 02:25:45.008 16 ERROR neutron.plugins.ml2.managers
File "/var/lib/openstack/lib/python3.12/site-packages/neutron_lib/db/api.py", line 137, in wrapped
2026-06-09 02:25:45.008 16 ERROR neutron.plugins.ml2.managers with excutils.save_and_reraise_exception():
2026-06-09 02:25:45.008 16 ERROR neutron.plugins.ml2.managers
File "/var/lib/openstack/lib/python3.12/site-packages/oslo_utils/excutils.py", line 227, in __exit__
2026-06-09 02:25:45.008 16 ERROR neutron.plugins.ml2.managers self.force_reraise()
2026-06-09 02:25:45.008 16 ERROR neutron.plugins.ml2.managers
File "/var/lib/openstack/lib/python3.12/site-packages/oslo_utils/excutils.py", line 200, in force_reraise
2026-06-09 02:25:45.008 16 ERROR neutron.plugins.ml2.managers raise self.value
2026-06-09 02:25:45.008 16 ERROR neutron.plugins.ml2.managers
File "/var/lib/openstack/lib/python3.12/site-packages/neutron_lib/db/api.py", line 135, in wrapped
2026-06-09 02:25:45.008 16 ERROR neutron.plugins.ml2.managers return f(*args, **kwargs)
2026-06-09 02:25:45.008 16 ERROR neutron.plugins.ml2.managers ^^^^^^^^^^^^^^^^^^
2026-06-09 02:25:45.008 16 ERROR neutron.plugins.ml2.managers
File "/var/lib/openstack/lib/python3.12/site-packages/oslo_db/api.py", line 144, in wrapper
2026-06-09 02:25:45.008 16 ERROR neutron.plugins.ml2.managers with excutils.save_and_reraise_exception() as ectxt:
2026-06-09 02:25:45.008 16 ERROR neutron.plugins.ml2.managers
File "/var/lib/openstack/lib/python3.12/site-packages/oslo_utils/excutils.py", line 227, in __exit__
2026-06-09 02:25:45.008 16 ERROR neutron.plugins.ml2.managers self.force_reraise()
2026-06-09 02:25:45.008 16 ERROR neutron.plugins.ml2.managers
File "/var/lib/openstack/lib/python3.12/site-packages/oslo_utils/excutils.py", line 200, in force_reraise
2026-06-09 02:25:45.008 16 ERROR neutron.plugins.ml2.managers raise self.value
2026-06-09 02:25:45.008 16 ERROR neutron.plugins.ml2.managers
File "/var/lib/openstack/lib/python3.12/site-packages/oslo_db/api.py", line 142, in wrapper
2026-06-09 02:25:45.008 16 ERROR neutron.plugins.ml2.managers return f(*args, **kwargs)
2026-06-09 02:25:45.008 16 ERROR neutron.plugins.ml2.managers ^^^^^^^^^^^^^^^^^^
2026-06-09 02:25:45.008 16 ERROR neutron.plugins.ml2.managers
File "/var/lib/openstack/lib/python3.12/site-packages/neutron_lib/db/api.py", line 183, in wrapped
2026-06-09 02:25:45.008 16 ERROR neutron.plugins.ml2.managers with excutils.save_and_reraise_exception():
2026-06-09 02:25:45.008 16 ERROR neutron.plugins.ml2.managers
File "/var/lib/openstack/lib/python3.12/site-packages/oslo_utils/excutils.py", line 227, in __exit__
2026-06-09 02:25:45.008 16 ERROR neutron.plugins.ml2.managers self.force_reraise()
2026-06-09 02:25:45.008 16 ERROR neutron.plugins.ml2.managers
File "/var/lib/openstack/lib/python3.12/site-packages/oslo_utils/excutils.py", line 200, in force_reraise
2026-06-09 02:25:45.008 16 ERROR neutron.plugins.ml2.managers raise self.value
2026-06-09 02:25:45.008 16 ERROR neutron.plugins.ml2.managers
File "/var/lib/openstack/lib/python3.12/site-packages/neutron_lib/db/api.py", line 181, in wrapped
2026-06-09 02:25:45.008 16 ERROR neutron.plugins.ml2.managers return f(*dup_args, **dup_kwargs)
2026-06-09 02:25:45.008 16 ERROR neutron.plugins.ml2.managers ^^^^^^^^^^^^^^^^^^^^^^^^^^
2026-06-09 02:25:45.008 16 ERROR neutron.plugins.ml2.managers
File "/var/lib/openstack/lib/python3.12/site-packages/neutron/db/db_base_plugin_v2.py", line 1202, in get_subnet
2026-06-09 02:25:45.008 16 ERROR neutron.plugins.ml2.managers subnet_obj = self._get_subnet_object(context, id)
2026-06-09 02:25:45.008 16 ERROR neutron.plugins.ml2.managers ^^^^^^^^^^^^^^^^^^^^^^^^^^^^^^^^^^^^
2026-06-09 02:25:45.008 16 ERROR neutron.plugins.ml2.managers
File "/var/lib/openstack/lib/python3.12/site-packages/neutron/db/db_base_plugin_common.py", line 279, in _get_subnet_object
2026-06-09 02:25:45.008 16 ERROR neutron.plugins.ml2.managers raise exceptions.SubnetNotFound(subnet_id=id)
2026-06-09 02:25:45.008 16 ERROR neutron.plugins.ml2.managers neutron_lib.exceptions.SubnetNotFound: Subnet ef7f615d-fa8c-4f48-8d6b-9d1650d6bcfc could not be found.
2026-06-09 02:25:45.008 16 ERROR neutron.plugins.ml2.managers
2026-06-09 02:25:45.009 16 ERROR neutron.plugins.ml2.managers [None req-1fa15df6-81b2-43f2-9cdc-e5b0e6f1b92d - - - - - -] Failed to bind port abf08ece-26c2-4a95-bb03-28cdd1e556be on host instance for vnic_type normal using segments [{'id': '5fafec46-7295-4b70-8499-fa916d59e807', 'network_type': 'vxlan', 'physical_network': None, 'segmentation_id': 620, 'network_id': 'ed896d57-09a8-4b6b-9177-dec3c612fa8e'}]
2026-06-09 02:25:45.009 16 INFO neutron.plugins.ml2.plugin [None req-1fa15df6-81b2-43f2-9cdc-e5b0e6f1b92d - - - - - -] Attempt 3 to bind port abf08ece-26c2-4a95-bb03-28cdd1e556be
2026-06-09 02:25:45.019 16 ERROR neutron.plugins.ml2.managers [None req-1fa15df6-81b2-43f2-9cdc-e5b0e6f1b92d - - - - - -] Mechanism driver openvswitch failed in bind_port: neutron_lib.exceptions.SubnetNotFound: Subnet ef7f615d-fa8c-4f48-8d6b-9d1650d6bcfc could not be found.
2026-06-09 02:25:45.019 16 ERROR neutron.plugins.ml2.managers
Traceback (most recent call last):
2026-06-09 02:25:45.019 16 ERROR neutron.plugins.ml2.managers
File "/var/lib/openstack/lib/python3.12/site-packages/neutron/plugins/ml2/managers.py", line 869, in _bind_port_level
2026-06-09 02:25:45.019 16 ERROR neutron.plugins.ml2.managers driver.obj.bind_port(context)
2026-06-09 02:25:45.019 16 ERROR neutron.plugins.ml2.managers
File "/var/lib/openstack/lib/python3.12/site-packages/neutron/plugins/ml2/drivers/openvswitch/mech_driver/mech_openvswitch.py", line 136, in bind_port
2026-06-09 02:25:45.019 16 ERROR neutron.plugins.ml2.managers super().bind_port(context)
2026-06-09 02:25:45.019 16 ERROR neutron.plugins.ml2.managers
File "/var/lib/openstack/lib/python3.12/site-packages/neutron/plugins/ml2/drivers/mech_agent.py", line 111, in bind_port
2026-06-09 02:25:45.019 16 ERROR neutron.plugins.ml2.managers subnets = self.get_subnets_from_fixed_ips(context)
2026-06-09 02:25:45.019 16 ERROR neutron.plugins.ml2.managers ^^^^^^^^^^^^^^^^^^^^^^^^^^^^^^^^^^^^^^^^
2026-06-09 02:25:45.019 16 ERROR neutron.plugins.ml2.managers
File "/var/lib/openstack/lib/python3.12/site-packages/neutron/plugins/ml2/drivers/mech_agent.py", line 156, in get_subnets_from_fixed_ips
2026-06-09 02:25:45.019 16 ERROR neutron.plugins.ml2.managers subnets.append(context._plugin.get_subnet(
2026-06-09 02:25:45.019 16 ERROR neutron.plugins.ml2.managers ^^^^^^^^^^^^^^^^^^^^^^^^^^^
2026-06-09 02:25:45.019 16 ERROR neutron.plugins.ml2.managers
File "/var/lib/openstack/lib/python3.12/site-packages/neutron_lib/db/api.py", line 223, in wrapped
2026-06-09 02:25:45.019 16 ERROR neutron.plugins.ml2.managers return f_with_retry(*args, **kwargs,
2026-06-09 02:25:45.019 16 ERROR neutron.plugins.ml2.managers ^^^^^^^^^^^^^^^^^^^^^^^^^^^^^
2026-06-09 02:25:45.019 16 ERROR neutron.plugins.ml2.managers
File "/var/lib/openstack/lib/python3.12/site-packages/neutron_lib/db/api.py", line 137, in wrapped
2026-06-09 02:25:45.019 16 ERROR neutron.plugins.ml2.managers with excutils.save_and_reraise_exception():
2026-06-09 02:25:45.019 16 ERROR neutron.plugins.ml2.managers
File "/var/lib/openstack/lib/python3.12/site-packages/oslo_utils/excutils.py", line 227, in __exit__
2026-06-09 02:25:45.019 16 ERROR neutron.plugins.ml2.managers self.force_reraise()
2026-06-09 02:25:45.019 16 ERROR neutron.plugins.ml2.managers
File "/var/lib/openstack/lib/python3.12/site-packages/oslo_utils/excutils.py", line 200, in force_reraise
2026-06-09 02:25:45.019 16 ERROR neutron.plugins.ml2.managers raise self.value
2026-06-09 02:25:45.019 16 ERROR neutron.plugins.ml2.managers
File "/var/lib/openstack/lib/python3.12/site-packages/neutron_lib/db/api.py", line 135, in wrapped
2026-06-09 02:25:45.019 16 ERROR neutron.plugins.ml2.managers return f(*args, **kwargs)
2026-06-09 02:25:45.019 16 ERROR neutron.plugins.ml2.managers ^^^^^^^^^^^^^^^^^^
2026-06-09 02:25:45.019 16 ERROR neutron.plugins.ml2.managers
File "/var/lib/openstack/lib/python3.12/site-packages/oslo_db/api.py", line 144, in wrapper
2026-06-09 02:25:45.019 16 ERROR neutron.plugins.ml2.managers with excutils.save_and_reraise_exception() as ectxt:
2026-06-09 02:25:45.019 16 ERROR neutron.plugins.ml2.managers
File "/var/lib/openstack/lib/python3.12/site-packages/oslo_utils/excutils.py", line 227, in __exit__
2026-06-09 02:25:45.019 16 ERROR neutron.plugins.ml2.managers self.force_reraise()
2026-06-09 02:25:45.019 16 ERROR neutron.plugins.ml2.managers
File "/var/lib/openstack/lib/python3.12/site-packages/oslo_utils/excutils.py", line 200, in force_reraise
2026-06-09 02:25:45.019 16 ERROR neutron.plugins.ml2.managers raise self.value
2026-06-09 02:25:45.019 16 ERROR neutron.plugins.ml2.managers
File "/var/lib/openstack/lib/python3.12/site-packages/oslo_db/api.py", line 142, in wrapper
2026-06-09 02:25:45.019 16 ERROR neutron.plugins.ml2.managers return f(*args, **kwargs)
2026-06-09 02:25:45.019 16 ERROR neutron.plugins.ml2.managers ^^^^^^^^^^^^^^^^^^
2026-06-09 02:25:45.019 16 ERROR neutron.plugins.ml2.managers
File "/var/lib/openstack/lib/python3.12/site-packages/neutron_lib/db/api.py", line 183, in wrapped
2026-06-09 02:25:45.019 16 ERROR neutron.plugins.ml2.managers with excutils.save_and_reraise_exception():
2026-06-09 02:25:45.019 16 ERROR neutron.plugins.ml2.managers
File "/var/lib/openstack/lib/python3.12/site-packages/oslo_utils/excutils.py", line 227, in __exit__
2026-06-09 02:25:45.019 16 ERROR neutron.plugins.ml2.managers self.force_reraise()
2026-06-09 02:25:45.019 16 ERROR neutron.plugins.ml2.managers
File "/var/lib/openstack/lib/python3.12/site-packages/oslo_utils/excutils.py", line 200, in force_reraise
2026-06-09 02:25:45.019 16 ERROR neutron.plugins.ml2.managers raise self.value
2026-06-09 02:25:45.019 16 ERROR neutron.plugins.ml2.managers
File "/var/lib/openstack/lib/python3.12/site-packages/neutron_lib/db/api.py", line 181, in wrapped
2026-06-09 02:25:45.019 16 ERROR neutron.plugins.ml2.managers return f(*dup_args, **dup_kwargs)
2026-06-09 02:25:45.019 16 ERROR neutron.plugins.ml2.managers ^^^^^^^^^^^^^^^^^^^^^^^^^^
2026-06-09 02:25:45.019 16 ERROR neutron.plugins.ml2.managers
File "/var/lib/openstack/lib/python3.12/site-packages/neutron/db/db_base_plugin_v2.py", line 1202, in get_subnet
2026-06-09 02:25:45.019 16 ERROR neutron.plugins.ml2.managers subnet_obj = self._get_subnet_object(context, id)
2026-06-09 02:25:45.019 16 ERROR neutron.plugins.ml2.managers ^^^^^^^^^^^^^^^^^^^^^^^^^^^^^^^^^^^^
2026-06-09 02:25:45.019 16 ERROR neutron.plugins.ml2.managers
File "/var/lib/openstack/lib/python3.12/site-packages/neutron/db/db_base_plugin_common.py", line 279, in _get_subnet_object
2026-06-09 02:25:45.019 16 ERROR neutron.plugins.ml2.managers raise exceptions.SubnetNotFound(subnet_id=id)
2026-06-09 02:25:45.019 16 ERROR neutron.plugins.ml2.managers neutron_lib.exceptions.SubnetNotFound: Subnet ef7f615d-fa8c-4f48-8d6b-9d1650d6bcfc could not be found.
2026-06-09 02:25:45.019 16 ERROR neutron.plugins.ml2.managers
2026-06-09 02:25:45.021 16 ERROR neutron.plugins.ml2.managers [None req-1fa15df6-81b2-43f2-9cdc-e5b0e6f1b92d - - - - - -] Failed to bind port abf08ece-26c2-4a95-bb03-28cdd1e556be on host instance for vnic_type normal using segments [{'id': '5fafec46-7295-4b70-8499-fa916d59e807', 'network_type': 'vxlan', 'physical_network': None, 'segmentation_id': 620, 'network_id': 'ed896d57-09a8-4b6b-9177-dec3c612fa8e'}]
2026-06-09 02:25:45.021 16 INFO neutron.plugins.ml2.plugin [None req-1fa15df6-81b2-43f2-9cdc-e5b0e6f1b92d - - - - - -] Attempt 4 to bind port abf08ece-26c2-4a95-bb03-28cdd1e556be
