2026-06-09 02:24:34.138 8 INFO placement.requestlog [None req-2b8cd2b6-202e-4bd3-b13c-6b812646e500 155e0e8fa2574b1f91a72761e65166b9 f96e8a323a1745da8470b52b4cc5d377 - - 3c89a6e69ae248588e6bda03bb9061e6 3c89a6e69ae248588e6bda03bb9061e6] 10.0.0.195 "DELETE /resource_providers/3e49e644-4ede-4d2a-9216-78660699e495" status: 404 len: 246 microversion: 1.1 [pid: 8|app: 0|req: 570/1134] 10.0.0.195 () {34 vars in 816 bytes} [Tue Jun 9 02:24:34 2026] DELETE /resource_providers/3e49e644-4ede-4d2a-9216-78660699e495 => generated 246 bytes in 10 msecs (HTTP/1.1 404) 6 headers in 231 bytes (1 switches on core 0)
2026-06-09 02:24:34.332 7 INFO placement.requestlog [None req-a843b183-6268-418f-aefb-2f47d60a0a35 155e0e8fa2574b1f91a72761e65166b9 f96e8a323a1745da8470b52b4cc5d377 - - 3c89a6e69ae248588e6bda03bb9061e6 3c89a6e69ae248588e6bda03bb9061e6] 10.0.0.195 "GET /resource_providers/6e23641d-57c3-43f0-b24c-8bed636c1392/aggregates" status: 404 len: 235 microversion: 1.1 [pid: 7|app: 0|req: 565/1135] 10.0.0.195 () {32 vars in 816 bytes} [Tue Jun 9 02:24:34 2026] GET /resource_providers/6e23641d-57c3-43f0-b24c-8bed636c1392/aggregates => generated 235 bytes in 10 msecs (HTTP/1.1 404) 5 headers in 202 bytes (1 switches on core 0)
2026-06-09 02:24:34.338 8 INFO placement.requestlog [None req-00b8ab5c-c889-43c2-b334-b5fe3704883d 155e0e8fa2574b1f91a72761e65166b9 f96e8a323a1745da8470b52b4cc5d377 - - 3c89a6e69ae248588e6bda03bb9061e6 3c89a6e69ae248588e6bda03bb9061e6] 10.0.0.195 "GET /resource_providers/6e23641d-57c3-43f0-b24c-8bed636c1392/aggregates" status: 404 len: 235 microversion: 1.1 [pid: 8|app: 0|req: 571/1136] 10.0.0.195 () {32 vars in 816 bytes} [Tue Jun 9 02:24:34 2026] GET /resource_providers/6e23641d-57c3-43f0-b24c-8bed636c1392/aggregates => generated 235 bytes in 8 msecs (HTTP/1.1 404) 5 headers in 202 bytes (1 switches on core 0)
2026-06-09 02:24:34.348 7 INFO placement.requestlog [None req-a4afe653-8e7e-4a26-ae6a-e21741c4c577 155e0e8fa2574b1f91a72761e65166b9 f96e8a323a1745da8470b52b4cc5d377 - - 3c89a6e69ae248588e6bda03bb9061e6 3c89a6e69ae248588e6bda03bb9061e6] 10.0.0.195 "DELETE /resource_providers/6e23641d-57c3-43f0-b24c-8bed636c1392" status: 404 len: 246 microversion: 1.1 [pid: 7|app: 0|req: 566/1137] 10.0.0.195 () {34 vars in 816 bytes} [Tue Jun 9 02:24:34 2026] DELETE /resource_providers/6e23641d-57c3-43f0-b24c-8bed636c1392 => generated 246 bytes in 7 msecs (HTTP/1.1 404) 6 headers in 231 bytes (1 switches on core 0)
2026-06-09 02:24:34.352 8 INFO placement.requestlog [None req-7aa6cce6-84f7-4952-ba10-b4fcdd3f42e4 155e0e8fa2574b1f91a72761e65166b9 f96e8a323a1745da8470b52b4cc5d377 - - 3c89a6e69ae248588e6bda03bb9061e6 3c89a6e69ae248588e6bda03bb9061e6] 10.0.0.195 "DELETE /resource_providers/6e23641d-57c3-43f0-b24c-8bed636c1392" status: 404 len: 246 microversion: 1.1 [pid: 8|app: 0|req: 572/1138] 10.0.0.195 () {34 vars in 816 bytes} [Tue Jun 9 02:24:34 2026] DELETE /resource_providers/6e23641d-57c3-43f0-b24c-8bed636c1392 => generated 246 bytes in 9 msecs (HTTP/1.1 404) 6 headers in 231 bytes (1 switches on core 0)
2026-06-09 02:24:36.151 7 INFO placement.requestlog [None req-e94b86fb-fb75-4939-b916-5bfdbe785655 155e0e8fa2574b1f91a72761e65166b9 f96e8a323a1745da8470b52b4cc5d377 - - 3c89a6e69ae248588e6bda03bb9061e6 3c89a6e69ae248588e6bda03bb9061e6] 10.0.0.195 "GET /resource_providers/ef8e6111-2d88-4db4-8ded-c89fe272aaad/aggregates" status: 404 len: 235 microversion: 1.1 [pid: 7|app: 0|req: 567/1139] 10.0.0.195 () {32 vars in 816 bytes} [Tue Jun 9 02:24:36 2026] GET /resource_providers/ef8e6111-2d88-4db4-8ded-c89fe272aaad/aggregates => generated 235 bytes in 10 msecs (HTTP/1.1 404) 5 headers in 202 bytes (1 switches on core 0)
2026-06-09 02:24:36.160 8 INFO placement.requestlog [None req-aa6ac9c9-0876-46ae-9f25-24619a4df069 155e0e8fa2574b1f91a72761e65166b9 f96e8a323a1745da8470b52b4cc5d377 - - 3c89a6e69ae248588e6bda03bb9061e6 3c89a6e69ae248588e6bda03bb9061e6] 10.0.0.195 "GET /resource_providers/ef8e6111-2d88-4db4-8ded-c89fe272aaad/aggregates" status: 404 len: 235 microversion: 1.1 [pid: 8|app: 0|req: 573/1140] 10.0.0.195 () {32 vars in 816 bytes} [Tue Jun 9 02:24:36 2026] GET /resource_providers/ef8e6111-2d88-4db4-8ded-c89fe272aaad/aggregates => generated 235 bytes in 14 msecs (HTTP/1.1 404) 5 headers in 202 bytes (1 switches on core 0)
2026-06-09 02:24:36.168 7 INFO placement.requestlog [None req-1886fa31-ce93-4298-909d-fc654a44d243 155e0e8fa2574b1f91a72761e65166b9 f96e8a323a1745da8470b52b4cc5d377 - - 3c89a6e69ae248588e6bda03bb9061e6 3c89a6e69ae248588e6bda03bb9061e6] 10.0.0.195 "DELETE /resource_providers/ef8e6111-2d88-4db4-8ded-c89fe272aaad" status: 404 len: 246 microversion: 1.1 [pid: 7|app: 0|req: 568/1141] 10.0.0.195 () {34 vars in 816 bytes} [Tue Jun 9 02:24:36 2026] DELETE /resource_providers/ef8e6111-2d88-4db4-8ded-c89fe272aaad => generated 246 bytes in 9 msecs (HTTP/1.1 404) 6 headers in 231 bytes (1 switches on core 0)
2026-06-09 02:24:36.175 8 INFO placement.requestlog [None req-15c1842d-da45-45c3-b95d-f76865e96925 155e0e8fa2574b1f91a72761e65166b9 f96e8a323a1745da8470b52b4cc5d377 - - 3c89a6e69ae248588e6bda03bb9061e6 3c89a6e69ae248588e6bda03bb9061e6] 10.0.0.195 "DELETE /resource_providers/ef8e6111-2d88-4db4-8ded-c89fe272aaad" status: 404 len: 246 microversion: 1.1 [pid: 8|app: 0|req: 574/1142] 10.0.0.195 () {34 vars in 816 bytes} [Tue Jun 9 02:24:36 2026] DELETE /resource_providers/ef8e6111-2d88-4db4-8ded-c89fe272aaad => generated 246 bytes in 7 msecs (HTTP/1.1 404) 6 headers in 231 bytes (1 switches on core 0)
2026-06-09 02:24:36.365 7 INFO placement.requestlog [None req-2f484fc8-e69b-462d-8d2c-a6ffc86a3200 155e0e8fa2574b1f91a72761e65166b9 f96e8a323a1745da8470b52b4cc5d377 - - 3c89a6e69ae248588e6bda03bb9061e6 3c89a6e69ae248588e6bda03bb9061e6] 10.0.0.195 "GET /resource_providers/44c1dee9-1a32-42b9-b229-c45b7c084cd8/aggregates" status: 404 len: 235 microversion: 1.1 [pid: 7|app: 0|req: 569/1143] 10.0.0.195 () {32 vars in 816 bytes} [Tue Jun 9 02:24:36 2026] GET /resource_providers/44c1dee9-1a32-42b9-b229-c45b7c084cd8/aggregates => generated 235 bytes in 8 msecs (HTTP/1.1 404) 5 headers in 202 bytes (1 switches on core 0)
2026-06-09 02:24:36.375 8 INFO placement.requestlog [None req-f887db07-bad7-4cc9-82b2-818c4bde2978 155e0e8fa2574b1f91a72761e65166b9 f96e8a323a1745da8470b52b4cc5d377 - - 3c89a6e69ae248588e6bda03bb9061e6 3c89a6e69ae248588e6bda03bb9061e6] 10.0.0.195 "GET /resource_providers/44c1dee9-1a32-42b9-b229-c45b7c084cd8/aggregates" status: 404 len: 235 microversion: 1.1 [pid: 8|app: 0|req: 575/1144] 10.0.0.195 () {32 vars in 816 bytes} [Tue Jun 9 02:24:36 2026] GET /resource_providers/44c1dee9-1a32-42b9-b229-c45b7c084cd8/aggregates => generated 235 bytes in 12 msecs (HTTP/1.1 404) 5 headers in 202 bytes (1 switches on core 0)
2026-06-09 02:24:36.384 7 INFO placement.requestlog [None req-740546ed-d756-4300-a6cb-9aff923e986e 155e0e8fa2574b1f91a72761e65166b9 f96e8a323a1745da8470b52b4cc5d377 - - 3c89a6e69ae248588e6bda03bb9061e6 3c89a6e69ae248588e6bda03bb9061e6] 10.0.0.195 "DELETE /resource_providers/44c1dee9-1a32-42b9-b229-c45b7c084cd8" status: 404 len: 246 microversion: 1.1 [pid: 7|app: 0|req: 570/1145] 10.0.0.195 () {34 vars in 816 bytes} [Tue Jun 9 02:24:36 2026] DELETE /resource_providers/44c1dee9-1a32-42b9-b229-c45b7c084cd8 => generated 246 bytes in 10 msecs (HTTP/1.1 404) 6 headers in 231 bytes (1 switches on core 0)
2026-06-09 02:24:36.393 8 INFO placement.requestlog [None req-5266d30a-3f15-46ca-8067-6fbb5b190aeb 155e0e8fa2574b1f91a72761e65166b9 f96e8a323a1745da8470b52b4cc5d377 - - 3c89a6e69ae248588e6bda03bb9061e6 3c89a6e69ae248588e6bda03bb9061e6] 10.0.0.195 "DELETE /resource_providers/44c1dee9-1a32-42b9-b229-c45b7c084cd8" status: 404 len: 246 microversion: 1.1 [pid: 8|app: 0|req: 576/1146] 10.0.0.195 () {34 vars in 816 bytes} [Tue Jun 9 02:24:36 2026] DELETE /resource_providers/44c1dee9-1a32-42b9-b229-c45b7c084cd8 => generated 246 bytes in 12 msecs (HTTP/1.1 404) 6 headers in 231 bytes (1 switches on core 0)
2026-06-09 02:24:38.188 7 INFO placement.requestlog [None req-51edd93a-f01c-477b-9fe4-6621780957d5 155e0e8fa2574b1f91a72761e65166b9 f96e8a323a1745da8470b52b4cc5d377 - - 3c89a6e69ae248588e6bda03bb9061e6 3c89a6e69ae248588e6bda03bb9061e6] 10.0.0.195 "GET /resource_providers/9799f356-ffad-4f1e-a639-e38917463dad/aggregates" status: 404 len: 235 microversion: 1.1 [pid: 7|app: 0|req: 571/1147] 10.0.0.195 () {32 vars in 816 bytes} [Tue Jun 9 02:24:38 2026] GET /resource_providers/9799f356-ffad-4f1e-a639-e38917463dad/aggregates => generated 235 bytes in 12 msecs (HTTP/1.1 404) 5 headers in 202 bytes (1 switches on core 0)
2026-06-09 02:24:38.197 8 INFO placement.requestlog [None req-d382d5fe-0bce-486f-89aa-96e8cf7bf951 155e0e8fa2574b1f91a72761e65166b9 f96e8a323a1745da8470b52b4cc5d377 - - 3c89a6e69ae248588e6bda03bb9061e6 3c89a6e69ae248588e6bda03bb9061e6] 10.0.0.195 "GET /resource_providers/9799f356-ffad-4f1e-a639-e38917463dad/aggregates" status: 404 len: 235 microversion: 1.1 [pid: 8|app: 0|req: 577/1148] 10.0.0.195 () {32 vars in 816 bytes} [Tue Jun 9 02:24:38 2026] GET /resource_providers/9799f356-ffad-4f1e-a639-e38917463dad/aggregates => generated 235 bytes in 13 msecs (HTTP/1.1 404) 5 headers in 202 bytes (1 switches on core 0)
2026-06-09 02:24:38.209 7 INFO placement.requestlog [None req-b7ec45e0-8737-4c35-8a9d-90118e48586b 155e0e8fa2574b1f91a72761e65166b9 f96e8a323a1745da8470b52b4cc5d377 - - 3c89a6e69ae248588e6bda03bb9061e6 3c89a6e69ae248588e6bda03bb9061e6] 10.0.0.195 "DELETE /resource_providers/9799f356-ffad-4f1e-a639-e38917463dad" status: 404 len: 246 microversion: 1.1 [pid: 7|app: 0|req: 572/1149] 10.0.0.195 () {34 vars in 816 bytes} [Tue Jun 9 02:24:38 2026] DELETE /resource_providers/9799f356-ffad-4f1e-a639-e38917463dad => generated 246 bytes in 9 msecs (HTTP/1.1 404) 6 headers in 231 bytes (1 switches on core 0)
2026-06-09 02:24:38.214 8 INFO placement.requestlog [None req-e7de9959-4c6c-41db-bebe-cea8caf14ca4 155e0e8fa2574b1f91a72761e65166b9 f96e8a323a1745da8470b52b4cc5d377 - - 3c89a6e69ae248588e6bda03bb9061e6 3c89a6e69ae248588e6bda03bb9061e6] 10.0.0.195 "DELETE /resource_providers/9799f356-ffad-4f1e-a639-e38917463dad" status: 404 len: 246 microversion: 1.1 [pid: 8|app: 0|req: 578/1150] 10.0.0.195 () {34 vars in 816 bytes} [Tue Jun 9 02:24:38 2026] DELETE /resource_providers/9799f356-ffad-4f1e-a639-e38917463dad => generated 246 bytes in 7 msecs (HTTP/1.1 404) 6 headers in 231 bytes (1 switches on core 0)
2026-06-09 02:24:38.406 7 INFO placement.requestlog [None req-94ba6dd9-278e-4cef-9845-bf1ddbd82575 155e0e8fa2574b1f91a72761e65166b9 f96e8a323a1745da8470b52b4cc5d377 - - 3c89a6e69ae248588e6bda03bb9061e6 3c89a6e69ae248588e6bda03bb9061e6] 10.0.0.195 "GET /resource_providers/58264407-c9ea-4c6f-a02c-8e05c6a00720/aggregates" status: 404 len: 235 microversion: 1.1 [pid: 7|app: 0|req: 573/1151] 10.0.0.195 () {32 vars in 816 bytes} [Tue Jun 9 02:24:38 2026] GET /resource_providers/58264407-c9ea-4c6f-a02c-8e05c6a00720/aggregates => generated 235 bytes in 14 msecs (HTTP/1.1 404) 5 headers in 202 bytes (1 switches on core 0)
2026-06-09 02:24:38.411 8 INFO placement.requestlog [None req-76e91484-c98f-4e50-b672-acde292964c0 155e0e8fa2574b1f91a72761e65166b9 f96e8a323a1745da8470b52b4cc5d377 - - 3c89a6e69ae248588e6bda03bb9061e6 3c89a6e69ae248588e6bda03bb9061e6] 10.0.0.195 "GET /resource_providers/58264407-c9ea-4c6f-a02c-8e05c6a00720/aggregates" status: 404 len: 235 microversion: 1.1 [pid: 8|app: 0|req: 579/1152] 10.0.0.195 () {32 vars in 816 bytes} [Tue Jun 9 02:24:38 2026] GET /resource_providers/58264407-c9ea-4c6f-a02c-8e05c6a00720/aggregates => generated 235 bytes in 9 msecs (HTTP/1.1 404) 5 headers in 202 bytes (1 switches on core 0)
2026-06-09 02:24:38.428 7 INFO placement.requestlog [None req-7c879af9-4b1e-4bcf-983b-5d4be1235a73 155e0e8fa2574b1f91a72761e65166b9 f96e8a323a1745da8470b52b4cc5d377 - - 3c89a6e69ae248588e6bda03bb9061e6 3c89a6e69ae248588e6bda03bb9061e6] 10.0.0.195 "DELETE /resource_providers/58264407-c9ea-4c6f-a02c-8e05c6a00720" status: 404 len: 246 microversion: 1.1 [pid: 7|app: 0|req: 574/1153] 10.0.0.195 () {34 vars in 816 bytes} [Tue Jun 9 02:24:38 2026] DELETE /resource_providers/58264407-c9ea-4c6f-a02c-8e05c6a00720 => generated 246 bytes in 10 msecs (HTTP/1.1 404) 6 headers in 231 bytes (1 switches on core 0)
2026-06-09 02:24:38.432 8 INFO placement.requestlog [None req-a43e79a5-5fab-435c-80a3-f86a4fdeaaea 155e0e8fa2574b1f91a72761e65166b9 f96e8a323a1745da8470b52b4cc5d377 - - 3c89a6e69ae248588e6bda03bb9061e6 3c89a6e69ae248588e6bda03bb9061e6] 10.0.0.195 "DELETE /resource_providers/58264407-c9ea-4c6f-a02c-8e05c6a00720" status: 404 len: 246 microversion: 1.1 [pid: 8|app: 0|req: 580/1154] 10.0.0.195 () {34 vars in 816 bytes} [Tue Jun 9 02:24:38 2026] DELETE /resource_providers/58264407-c9ea-4c6f-a02c-8e05c6a00720 => generated 246 bytes in 11 msecs (HTTP/1.1 404) 6 headers in 231 bytes (1 switches on core 0)
2026-06-09 02:24:40.347 8 INFO placement.requestlog [None req-e78f7679-5ff2-4602-b047-50440b7815ca 155e0e8fa2574b1f91a72761e65166b9 f96e8a323a1745da8470b52b4cc5d377 - - 3c89a6e69ae248588e6bda03bb9061e6 3c89a6e69ae248588e6bda03bb9061e6] 10.0.0.195 "GET /resource_providers/21fe8be6-8523-417c-be59-8fc2e91ff5b7/aggregates" status: 404 len: 235 microversion: 1.1 [pid: 8|app: 0|req: 581/1155] 10.0.0.195 () {32 vars in 816 bytes} [Tue Jun 9 02:24:40 2026] GET /resource_providers/21fe8be6-8523-417c-be59-8fc2e91ff5b7/aggregates => generated 235 bytes in 10 msecs (HTTP/1.1 404) 5 headers in 202 bytes (1 switches on core 0)
2026-06-09 02:24:40.356 8 INFO placement.requestlog [None req-36a4dc95-b08f-44ce-a2ae-505764185f16 155e0e8fa2574b1f91a72761e65166b9 f96e8a323a1745da8470b52b4cc5d377 - - 3c89a6e69ae248588e6bda03bb9061e6 3c89a6e69ae248588e6bda03bb9061e6] 10.0.0.195 "GET /resource_providers/21fe8be6-8523-417c-be59-8fc2e91ff5b7/aggregates" status: 404 len: 235 microversion: 1.1 [pid: 8|app: 0|req: 582/1156] 10.0.0.195 () {32 vars in 816 bytes} [Tue Jun 9 02:24:40 2026] GET /resource_providers/21fe8be6-8523-417c-be59-8fc2e91ff5b7/aggregates => generated 235 bytes in 8 msecs (HTTP/1.1 404) 5 headers in 202 bytes (1 switches on core 0)
2026-06-09 02:24:40.364 8 INFO placement.requestlog [None req-8f9ae589-345c-46d6-a293-25feea490c30 155e0e8fa2574b1f91a72761e65166b9 f96e8a323a1745da8470b52b4cc5d377 - - 3c89a6e69ae248588e6bda03bb9061e6 3c89a6e69ae248588e6bda03bb9061e6] 10.0.0.195 "DELETE /resource_providers/21fe8be6-8523-417c-be59-8fc2e91ff5b7" status: 404 len: 246 microversion: 1.1 [pid: 8|app: 0|req: 583/1157] 10.0.0.195 () {34 vars in 816 bytes} [Tue Jun 9 02:24:40 2026] DELETE /resource_providers/21fe8be6-8523-417c-be59-8fc2e91ff5b7 => generated 246 bytes in 6 msecs (HTTP/1.1 404) 6 headers in 231 bytes (1 switches on core 0)
2026-06-09 02:24:40.368 7 INFO placement.requestlog [req-3903e9e1-ecc0-4c58-b18c-bd7f29f2583d req-5c026a86-19f7-4a13-962a-764676ed0734 e43d102853734f499722a163f464e689 f96e8a323a1745da8470b52b4cc5d377 - - 3c89a6e69ae248588e6bda03bb9061e6 3c89a6e69ae248588e6bda03bb9061e6] 10.0.0.179 "GET /allocation_candidates?limit=1000&resources=MEMORY_MB%3A2048%2CVCPU%3A2&root_required=%21COMPUTE_STATUS_DISABLED" status: 200 len: 2771 microversion: 1.36 [pid: 7|app: 0|req: 575/1158] 10.0.0.179 () {34 vars in 986 bytes} [Tue Jun 9 02:24:40 2026] GET /allocation_candidates?limit=1000&resources=MEMORY_MB%3A2048%2CVCPU%3A2&root_required=%21COMPUTE_STATUS_DISABLED => generated 2771 bytes in 37 msecs (HTTP/1.1 200) 8 headers in 297 bytes (1 switches on core 0)
2026-06-09 02:24:40.370 8 INFO placement.requestlog [None req-e5bce754-5cbd-48b8-816a-f9ca482842c5 155e0e8fa2574b1f91a72761e65166b9 f96e8a323a1745da8470b52b4cc5d377 - - 3c89a6e69ae248588e6bda03bb9061e6 3c89a6e69ae248588e6bda03bb9061e6] 10.0.0.195 "DELETE /resource_providers/21fe8be6-8523-417c-be59-8fc2e91ff5b7" status: 404 len: 246 microversion: 1.1 [pid: 8|app: 0|req: 584/1159] 10.0.0.195 () {34 vars in 816 bytes} [Tue Jun 9 02:24:40 2026] DELETE /resource_providers/21fe8be6-8523-417c-be59-8fc2e91ff5b7 => generated 246 bytes in 5 msecs (HTTP/1.1 404) 6 headers in 231 bytes (1 switches on core 0)
2026-06-09 02:24:40.402 7 INFO placement.requestlog [req-3903e9e1-ecc0-4c58-b18c-bd7f29f2583d req-0787e9ef-1c9d-4cc1-b12f-213b2cadd9dc e43d102853734f499722a163f464e689 f96e8a323a1745da8470b52b4cc5d377 - - 3c89a6e69ae248588e6bda03bb9061e6 3c89a6e69ae248588e6bda03bb9061e6] 10.0.0.179 "GET /allocations/48657b6f-d54b-4e92-9cbd-81431542ad82" status: 200 len: 19 microversion: 1.28 [pid: 7|app: 0|req: 576/1160] 10.0.0.179 () {34 vars in 861 bytes} [Tue Jun 9 02:24:40 2026] GET /allocations/48657b6f-d54b-4e92-9cbd-81431542ad82 => generated 19 bytes in 11 msecs (HTTP/1.1 200) 8 headers in 295 bytes (1 switches on core 0)
2026-06-09 02:24:40.469 8 INFO placement.requestlog [req-3903e9e1-ecc0-4c58-b18c-bd7f29f2583d req-71947420-fbcb-4ed0-a087-78d4db1ff269 e43d102853734f499722a163f464e689 f96e8a323a1745da8470b52b4cc5d377 - - 3c89a6e69ae248588e6bda03bb9061e6 3c89a6e69ae248588e6bda03bb9061e6] 10.0.0.179 "PUT /allocations/48657b6f-d54b-4e92-9cbd-81431542ad82" status: 204 len: 0 microversion: 1.36 [pid: 8|app: 0|req: 585/1161] 10.0.0.179 () {38 vars in 914 bytes} [Tue Jun 9 02:24:40 2026] PUT /allocations/48657b6f-d54b-4e92-9cbd-81431542ad82 => generated 0 bytes in 60 msecs (HTTP/1.1 204) 5 headers in 199 bytes (1 switches on core 0)
2026-06-09 02:24:40.515 8 INFO placement.requestlog [None req-95c2c06c-7a42-4e06-9aee-0dc1170a8bb9 155e0e8fa2574b1f91a72761e65166b9 f96e8a323a1745da8470b52b4cc5d377 - - 3c89a6e69ae248588e6bda03bb9061e6 3c89a6e69ae248588e6bda03bb9061e6] 10.0.0.195 "GET /resource_providers/bcb581bb-54b7-451e-9207-73f6c439ff66/aggregates" status: 404 len: 235 microversion: 1.1
2026-06-09 02:24:40.515 7 INFO placement.requestlog [None req-be47cc5d-4553-46b9-9b62-6cd56ffdfe55 155e0e8fa2574b1f91a72761e65166b9 f96e8a323a1745da8470b52b4cc5d377 - - 3c89a6e69ae248588e6bda03bb9061e6 3c89a6e69ae248588e6bda03bb9061e6] 10.0.0.195 "GET /resource_providers/bcb581bb-54b7-451e-9207-73f6c439ff66/aggregates" status: 404 len: 235 microversion: 1.1 [pid: 8|app: 0|req: 586/1162] 10.0.0.195 () {32 vars in 816 bytes} [Tue Jun 9 02:24:40 2026] GET /resource_providers/bcb581bb-54b7-451e-9207-73f6c439ff66/aggregates => generated 235 bytes in 10 msecs (HTTP/1.1 404) 5 headers in 202 bytes (1 switches on core 0) [pid: 7|app: 0|req: 577/1163] 10.0.0.195 () {32 vars in 816 bytes} [Tue Jun 9 02:24:40 2026] GET /resource_providers/bcb581bb-54b7-451e-9207-73f6c439ff66/aggregates => generated 235 bytes in 12 msecs (HTTP/1.1 404) 5 headers in 202 bytes (1 switches on core 0)
2026-06-09 02:24:40.533 8 INFO placement.requestlog [None req-49a4abd2-a734-4f0c-b1e7-9fe9b37f5974 155e0e8fa2574b1f91a72761e65166b9 f96e8a323a1745da8470b52b4cc5d377 - - 3c89a6e69ae248588e6bda03bb9061e6 3c89a6e69ae248588e6bda03bb9061e6] 10.0.0.195 "DELETE /resource_providers/bcb581bb-54b7-451e-9207-73f6c439ff66" status: 404 len: 246 microversion: 1.1 [pid: 8|app: 0|req: 587/1164] 10.0.0.195 () {34 vars in 816 bytes} [Tue Jun 9 02:24:40 2026] DELETE /resource_providers/bcb581bb-54b7-451e-9207-73f6c439ff66 => generated 246 bytes in 7 msecs (HTTP/1.1 404) 6 headers in 231 bytes (1 switches on core 0)
2026-06-09 02:24:40.538 7 INFO placement.requestlog [None req-177e0acb-a200-4404-b423-e93d9b66535e 155e0e8fa2574b1f91a72761e65166b9 f96e8a323a1745da8470b52b4cc5d377 - - 3c89a6e69ae248588e6bda03bb9061e6 3c89a6e69ae248588e6bda03bb9061e6] 10.0.0.195 "DELETE /resource_providers/bcb581bb-54b7-451e-9207-73f6c439ff66" status: 404 len: 246 microversion: 1.1 [pid: 7|app: 0|req: 578/1165] 10.0.0.195 () {34 vars in 816 bytes} [Tue Jun 9 02:24:40 2026] DELETE /resource_providers/bcb581bb-54b7-451e-9207-73f6c439ff66 => generated 246 bytes in 11 msecs (HTTP/1.1 404) 6 headers in 231 bytes (1 switches on core 0)
2026-06-09 02:24:42.012 8 INFO placement.requestlog [req-3903e9e1-ecc0-4c58-b18c-bd7f29f2583d req-60ffac80-baca-4ac3-bb05-caee5324cd75 e43d102853734f499722a163f464e689 f96e8a323a1745da8470b52b4cc5d377 - - 3c89a6e69ae248588e6bda03bb9061e6 3c89a6e69ae248588e6bda03bb9061e6] 199.204.45.140 "GET /allocations/48657b6f-d54b-4e92-9cbd-81431542ad82" status: 200 len: 245 microversion: 1.28 [pid: 8|app: 0|req: 588/1166] 199.204.45.140 () {34 vars in 863 bytes} [Tue Jun 9 02:24:41 2026] GET /allocations/48657b6f-d54b-4e92-9cbd-81431542ad82 => generated 245 bytes in 13 msecs (HTTP/1.1 200) 8 headers in 296 bytes (1 switches on core 0)
2026-06-09 02:24:42.384 7 INFO placement.requestlog [None req-59468792-9982-49ef-ac22-c313fccd2ffd 155e0e8fa2574b1f91a72761e65166b9 f96e8a323a1745da8470b52b4cc5d377 - - 3c89a6e69ae248588e6bda03bb9061e6 3c89a6e69ae248588e6bda03bb9061e6] 10.0.0.195 "GET /resource_providers/4e296ffa-eccb-4928-a169-1d8019c5321f/aggregates" status: 404 len: 235 microversion: 1.1 [pid: 7|app: 0|req: 579/1167] 10.0.0.195 () {32 vars in 816 bytes} [Tue Jun 9 02:24:42 2026] GET /resource_providers/4e296ffa-eccb-4928-a169-1d8019c5321f/aggregates => generated 235 bytes in 8 msecs (HTTP/1.1 404) 5 headers in 202 bytes (1 switches on core 0)
2026-06-09 02:24:42.387 8 INFO placement.requestlog [None req-1147890d-7d8a-43c8-b88f-3cbd9e4113a0 155e0e8fa2574b1f91a72761e65166b9 f96e8a323a1745da8470b52b4cc5d377 - - 3c89a6e69ae248588e6bda03bb9061e6 3c89a6e69ae248588e6bda03bb9061e6] 10.0.0.195 "GET /resource_providers/4e296ffa-eccb-4928-a169-1d8019c5321f/aggregates" status: 404 len: 235 microversion: 1.1 [pid: 8|app: 0|req: 589/1168] 10.0.0.195 () {32 vars in 816 bytes} [Tue Jun 9 02:24:42 2026] GET /resource_providers/4e296ffa-eccb-4928-a169-1d8019c5321f/aggregates => generated 235 bytes in 10 msecs (HTTP/1.1 404) 5 headers in 202 bytes (1 switches on core 0)
2026-06-09 02:24:42.400 7 INFO placement.requestlog [None req-3c9aa8d3-7e83-4e39-8e82-ecb1c8bc5896 155e0e8fa2574b1f91a72761e65166b9 f96e8a323a1745da8470b52b4cc5d377 - - 3c89a6e69ae248588e6bda03bb9061e6 3c89a6e69ae248588e6bda03bb9061e6] 10.0.0.195 "DELETE /resource_providers/4e296ffa-eccb-4928-a169-1d8019c5321f" status: 404 len: 246 microversion: 1.1 [pid: 7|app: 0|req: 580/1169] 10.0.0.195 () {34 vars in 816 bytes} [Tue Jun 9 02:24:42 2026] DELETE /resource_providers/4e296ffa-eccb-4928-a169-1d8019c5321f => generated 246 bytes in 7 msecs (HTTP/1.1 404) 6 headers in 231 bytes (1 switches on core 0)
2026-06-09 02:24:42.401 8 INFO placement.requestlog [None req-808a8715-b2ea-4834-915e-e78d2e9ff09f 155e0e8fa2574b1f91a72761e65166b9 f96e8a323a1745da8470b52b4cc5d377 - - 3c89a6e69ae248588e6bda03bb9061e6 3c89a6e69ae248588e6bda03bb9061e6] 10.0.0.195 "DELETE /resource_providers/4e296ffa-eccb-4928-a169-1d8019c5321f" status: 404 len: 246 microversion: 1.1 [pid: 8|app: 0|req: 590/1170] 10.0.0.195 () {34 vars in 816 bytes} [Tue Jun 9 02:24:42 2026] DELETE /resource_providers/4e296ffa-eccb-4928-a169-1d8019c5321f => generated 246 bytes in 7 msecs (HTTP/1.1 404) 6 headers in 231 bytes (1 switches on core 0)
2026-06-09 02:24:42.418 7 INFO placement.requestlog [None req-5c81405a-6778-4f1a-9b67-b8e7150dfe1e 155e0e8fa2574b1f91a72761e65166b9 f96e8a323a1745da8470b52b4cc5d377 - - 3c89a6e69ae248588e6bda03bb9061e6 3c89a6e69ae248588e6bda03bb9061e6] 10.0.0.195 "GET /resource_providers/96df528f-22af-434f-ada7-f0d7ef29e2de/aggregates" status: 404 len: 235 microversion: 1.1 [pid: 7|app: 0|req: 581/1171] 10.0.0.195 () {32 vars in 816 bytes} [Tue Jun 9 02:24:42 2026] GET /resource_providers/96df528f-22af-434f-ada7-f0d7ef29e2de/aggregates => generated 235 bytes in 9 msecs (HTTP/1.1 404) 5 headers in 202 bytes (1 switches on core 0)
2026-06-09 02:24:42.420 8 INFO placement.requestlog [None req-8fd5f0a7-5b2a-424a-9126-9cd2ca38f95e 155e0e8fa2574b1f91a72761e65166b9 f96e8a323a1745da8470b52b4cc5d377 - - 3c89a6e69ae248588e6bda03bb9061e6 3c89a6e69ae248588e6bda03bb9061e6] 10.0.0.195 "GET /resource_providers/96df528f-22af-434f-ada7-f0d7ef29e2de/aggregates" status: 404 len: 235 microversion: 1.1 [pid: 8|app: 0|req: 591/1172] 10.0.0.195 () {32 vars in 816 bytes} [Tue Jun 9 02:24:42 2026] GET /resource_providers/96df528f-22af-434f-ada7-f0d7ef29e2de/aggregates => generated 235 bytes in 8 msecs (HTTP/1.1 404) 5 headers in 202 bytes (1 switches on core 0)
2026-06-09 02:24:42.437 7 INFO placement.requestlog [None req-f50336be-85da-447a-8175-186fdaf3ca5e 155e0e8fa2574b1f91a72761e65166b9 f96e8a323a1745da8470b52b4cc5d377 - - 3c89a6e69ae248588e6bda03bb9061e6 3c89a6e69ae248588e6bda03bb9061e6] 10.0.0.195 "DELETE /resource_providers/96df528f-22af-434f-ada7-f0d7ef29e2de" status: 404 len: 246 microversion: 1.1 [pid: 7|app: 0|req: 582/1173] 10.0.0.195 () {34 vars in 816 bytes} [Tue Jun 9 02:24:42 2026] DELETE /resource_providers/96df528f-22af-434f-ada7-f0d7ef29e2de => generated 246 bytes in 9 msecs (HTTP/1.1 404) 6 headers in 231 bytes (1 switches on core 0)
2026-06-09 02:24:42.438 8 INFO placement.requestlog [None req-a67dcb8d-7dc2-464e-9d2a-b2078632e69b 155e0e8fa2574b1f91a72761e65166b9 f96e8a323a1745da8470b52b4cc5d377 - - 3c89a6e69ae248588e6bda03bb9061e6 3c89a6e69ae248588e6bda03bb9061e6] 10.0.0.195 "DELETE /resource_providers/96df528f-22af-434f-ada7-f0d7ef29e2de" status: 404 len: 246 microversion: 1.1 [pid: 8|app: 0|req: 592/1174] 10.0.0.195 () {34 vars in 816 bytes} [Tue Jun 9 02:24:42 2026] DELETE /resource_providers/96df528f-22af-434f-ada7-f0d7ef29e2de => generated 246 bytes in 9 msecs (HTTP/1.1 404) 6 headers in 231 bytes (1 switches on core 0)
2026-06-09 02:24:42.882 8 INFO placement.requestlog [None req-acbd4d3a-87c9-4fd2-8edd-e57f3072c796 - - - - - -] 10.0.0.130 "GET /" status: 200 len: 136 microversion: 1.0
2026-06-09 02:24:42.882 7 INFO placement.requestlog [None req-d8b83402-9b71-4914-98fd-0fb2e44f83d7 - - - - - -] 10.0.0.130 "GET /" status: 200 len: 136 microversion: 1.0
2026-06-09 02:24:43.048 8 INFO placement.requestlog [req-3903e9e1-ecc0-4c58-b18c-bd7f29f2583d req-b21db6e8-e7ae-4ec4-9f84-7d37f3276230 e43d102853734f499722a163f464e689 f96e8a323a1745da8470b52b4cc5d377 - - 3c89a6e69ae248588e6bda03bb9061e6 3c89a6e69ae248588e6bda03bb9061e6] 199.204.45.140 "GET /resource_providers/25db7632-895b-4069-83c0-c707b8dd7186/allocations" status: 200 len: 340 microversion: 1.0 [pid: 8|app: 0|req: 594/1177] 199.204.45.140 () {32 vars in 857 bytes} [Tue Jun 9 02:24:43 2026] GET /resource_providers/25db7632-895b-4069-83c0-c707b8dd7186/allocations => generated 340 bytes in 11 msecs (HTTP/1.1 200) 6 headers in 224 bytes (1 switches on core 0)
2026-06-09 02:24:43.073 7 INFO placement.requestlog [req-3903e9e1-ecc0-4c58-b18c-bd7f29f2583d req-0c5dba12-953e-4d13-bf99-f8572dcbea0f e43d102853734f499722a163f464e689 f96e8a323a1745da8470b52b4cc5d377 - - 3c89a6e69ae248588e6bda03bb9061e6 3c89a6e69ae248588e6bda03bb9061e6] 199.204.45.140 "GET /allocations/dd0c9154-c8db-4c71-9a4c-7ba6152fa776" status: 200 len: 258 microversion: 1.28 [pid: 7|app: 0|req: 584/1178] 199.204.45.140 () {34 vars in 863 bytes} [Tue Jun 9 02:24:43 2026] GET /allocations/dd0c9154-c8db-4c71-9a4c-7ba6152fa776 => generated 258 bytes in 19 msecs (HTTP/1.1 200) 8 headers in 296 bytes (1 switches on core 0)
2026-06-09 02:24:43.086 8 INFO placement.requestlog [req-3903e9e1-ecc0-4c58-b18c-bd7f29f2583d req-aae95a98-1d50-4731-8d88-5a2442318c20 e43d102853734f499722a163f464e689 f96e8a323a1745da8470b52b4cc5d377 - - 3c89a6e69ae248588e6bda03bb9061e6 3c89a6e69ae248588e6bda03bb9061e6] 199.204.45.140 "GET /allocations/854a45fa-0a9e-49b2-9b89-91381baaa902" status: 200 len: 258 microversion: 1.28 [pid: 8|app: 0|req: 595/1179] 199.204.45.140 () {34 vars in 863 bytes} [Tue Jun 9 02:24:43 2026] GET /allocations/854a45fa-0a9e-49b2-9b89-91381baaa902 => generated 258 bytes in 8 msecs (HTTP/1.1 200) 8 headers in 296 bytes (1 switches on core 0)
2026-06-09 02:24:43.110 7 INFO placement.requestlog [req-3903e9e1-ecc0-4c58-b18c-bd7f29f2583d req-ae1f7922-a50d-4966-9e38-ba132d689af6 e43d102853734f499722a163f464e689 f96e8a323a1745da8470b52b4cc5d377 - - 3c89a6e69ae248588e6bda03bb9061e6 3c89a6e69ae248588e6bda03bb9061e6] 199.204.45.140 "GET /allocations/48657b6f-d54b-4e92-9cbd-81431542ad82" status: 200 len: 245 microversion: 1.28 [pid: 7|app: 0|req: 585/1180] 199.204.45.140 () {34 vars in 863 bytes} [Tue Jun 9 02:24:43 2026] GET /allocations/48657b6f-d54b-4e92-9cbd-81431542ad82 => generated 245 bytes in 17 msecs (HTTP/1.1 200) 8 headers in 296 bytes (1 switches on core 0)
2026-06-09 02:24:47.460 8 INFO placement.requestlog [req-0b4bb0d4-e143-477a-bfba-6ce648cf08fe req-eb324210-0a6e-4533-8e0f-85c2eb76d92d e43d102853734f499722a163f464e689 f96e8a323a1745da8470b52b4cc5d377 - - 3c89a6e69ae248588e6bda03bb9061e6 3c89a6e69ae248588e6bda03bb9061e6] 199.204.45.140 "GET /resource_providers/25db7632-895b-4069-83c0-c707b8dd7186/allocations" status: 200 len: 340 microversion: 1.0 [pid: 8|app: 0|req: 596/1181] 199.204.45.140 () {32 vars in 857 bytes} [Tue Jun 9 02:24:47 2026] GET /resource_providers/25db7632-895b-4069-83c0-c707b8dd7186/allocations => generated 340 bytes in 14 msecs (HTTP/1.1 200) 6 headers in 224 bytes (1 switches on core 0)
2026-06-09 02:24:47.490 7 INFO placement.requestlog [req-0b4bb0d4-e143-477a-bfba-6ce648cf08fe req-1471209f-99d9-4a1d-8a61-8ed3f20cae6e e43d102853734f499722a163f464e689 f96e8a323a1745da8470b52b4cc5d377 - - 3c89a6e69ae248588e6bda03bb9061e6 3c89a6e69ae248588e6bda03bb9061e6] 199.204.45.140 "GET /resource_providers/25db7632-895b-4069-83c0-c707b8dd7186/allocations" status: 200 len: 340 microversion: 1.0 [pid: 7|app: 0|req: 586/1182] 199.204.45.140 () {32 vars in 857 bytes} [Tue Jun 9 02:24:47 2026] GET /resource_providers/25db7632-895b-4069-83c0-c707b8dd7186/allocations => generated 340 bytes in 18 msecs (HTTP/1.1 200) 6 headers in 224 bytes (1 switches on core 0)
2026-06-09 02:24:47.511 8 INFO placement.requestlog [req-0b4bb0d4-e143-477a-bfba-6ce648cf08fe req-20cf902a-b4ce-46f8-a8ca-e7e5c5d90bc3 e43d102853734f499722a163f464e689 f96e8a323a1745da8470b52b4cc5d377 - - 3c89a6e69ae248588e6bda03bb9061e6 3c89a6e69ae248588e6bda03bb9061e6] 199.204.45.140 "GET /allocations/dd0c9154-c8db-4c71-9a4c-7ba6152fa776" status: 200 len: 258 microversion: 1.28 [pid: 8|app: 0|req: 597/1183] 199.204.45.140 () {34 vars in 863 bytes} [Tue Jun 9 02:24:47 2026] GET /allocations/dd0c9154-c8db-4c71-9a4c-7ba6152fa776 => generated 258 bytes in 13 msecs (HTTP/1.1 200) 8 headers in 296 bytes (1 switches on core 0)
2026-06-09 02:24:47.533 7 INFO placement.requestlog [req-0b4bb0d4-e143-477a-bfba-6ce648cf08fe req-e0237a52-ce4d-4bb9-90df-c21fe8aa02ee e43d102853734f499722a163f464e689 f96e8a323a1745da8470b52b4cc5d377 - - 3c89a6e69ae248588e6bda03bb9061e6 3c89a6e69ae248588e6bda03bb9061e6] 199.204.45.140 "GET /allocations/854a45fa-0a9e-49b2-9b89-91381baaa902" status: 200 len: 258 microversion: 1.28 [pid: 7|app: 0|req: 587/1184] 199.204.45.140 () {34 vars in 863 bytes} [Tue Jun 9 02:24:47 2026] GET /allocations/854a45fa-0a9e-49b2-9b89-91381baaa902 => generated 258 bytes in 13 msecs (HTTP/1.1 200) 8 headers in 296 bytes (1 switches on core 0)
2026-06-09 02:24:47.553 8 INFO placement.requestlog [req-0b4bb0d4-e143-477a-bfba-6ce648cf08fe req-64732ce9-76f7-4579-86b4-802040962331 e43d102853734f499722a163f464e689 f96e8a323a1745da8470b52b4cc5d377 - - 3c89a6e69ae248588e6bda03bb9061e6 3c89a6e69ae248588e6bda03bb9061e6] 199.204.45.140 "GET /allocations/48657b6f-d54b-4e92-9cbd-81431542ad82" status: 200 len: 245 microversion: 1.28 [pid: 8|app: 0|req: 598/1185] 199.204.45.140 () {34 vars in 863 bytes} [Tue Jun 9 02:24:47 2026] GET /allocations/48657b6f-d54b-4e92-9cbd-81431542ad82 => generated 245 bytes in 13 msecs (HTTP/1.1 200) 8 headers in 296 bytes (1 switches on core 0)
2026-06-09 02:24:52.882 7 INFO placement.requestlog [None req-610376d0-2c4d-43c2-851f-d67d0df45d8c - - - - - -] 10.0.0.130 "GET /" status: 200 len: 136 microversion: 1.0
2026-06-09 02:24:52.882 8 INFO placement.requestlog [None req-dcd83ead-dbf0-4970-b8f4-66f36efc7820 - - - - - -] 10.0.0.130 "GET /" status: 200 len: 136 microversion: 1.0
2026-06-09 02:25:01.237 8 INFO placement.requestlog [req-049b4ef1-ba95-46a9-b7e6-7d4c12e028cd req-f9de1db4-7cc3-4bd0-8c5b-e717bb2ca51a e43d102853734f499722a163f464e689 f96e8a323a1745da8470b52b4cc5d377 - - 3c89a6e69ae248588e6bda03bb9061e6 3c89a6e69ae248588e6bda03bb9061e6] 10.0.0.179 "GET /allocation_candidates?limit=1000&resources=DISK_GB%3A1%2CMEMORY_MB%3A512%2CVCPU%3A1&root_required=%21COMPUTE_STATUS_DISABLED" status: 200 len: 2784 microversion: 1.36 [pid: 8|app: 0|req: 600/1188] 10.0.0.179 () {34 vars in 1012 bytes} [Tue Jun 9 02:25:01 2026] GET /allocation_candidates?limit=1000&resources=DISK_GB%3A1%2CMEMORY_MB%3A512%2CVCPU%3A1&root_required=%21COMPUTE_STATUS_DISABLED => generated 2784 bytes in 78 msecs (HTTP/1.1 200) 8 headers in 297 bytes (1 switches on core 0)
2026-06-09 02:25:01.272 7 INFO placement.requestlog [req-049b4ef1-ba95-46a9-b7e6-7d4c12e028cd req-eb4e1d25-8d78-4aa6-8a67-9f3f18a94f30 e43d102853734f499722a163f464e689 f96e8a323a1745da8470b52b4cc5d377 - - 3c89a6e69ae248588e6bda03bb9061e6 3c89a6e69ae248588e6bda03bb9061e6] 10.0.0.179 "GET /allocations/0ebf1927-6f1c-4804-adaf-011f0e15309a" status: 200 len: 19 microversion: 1.28 [pid: 7|app: 0|req: 589/1189] 10.0.0.179 () {34 vars in 861 bytes} [Tue Jun 9 02:25:01 2026] GET /allocations/0ebf1927-6f1c-4804-adaf-011f0e15309a => generated 19 bytes in 8 msecs (HTTP/1.1 200) 8 headers in 295 bytes (1 switches on core 0)
2026-06-09 02:25:01.343 8 INFO placement.requestlog [req-049b4ef1-ba95-46a9-b7e6-7d4c12e028cd req-30b94820-4e15-4a02-a453-ec81cbd8f880 e43d102853734f499722a163f464e689 f96e8a323a1745da8470b52b4cc5d377 - - 3c89a6e69ae248588e6bda03bb9061e6 3c89a6e69ae248588e6bda03bb9061e6] 10.0.0.179 "PUT /allocations/0ebf1927-6f1c-4804-adaf-011f0e15309a" status: 204 len: 0 microversion: 1.36 [pid: 8|app: 0|req: 601/1190] 10.0.0.179 () {38 vars in 914 bytes} [Tue Jun 9 02:25:01 2026] PUT /allocations/0ebf1927-6f1c-4804-adaf-011f0e15309a => generated 0 bytes in 63 msecs (HTTP/1.1 204) 5 headers in 199 bytes (1 switches on core 0)
2026-06-09 02:25:02.828 7 INFO placement.requestlog [req-049b4ef1-ba95-46a9-b7e6-7d4c12e028cd req-614af2e9-eef9-4513-b37c-5d3d411e6dc9 e43d102853734f499722a163f464e689 f96e8a323a1745da8470b52b4cc5d377 - - 3c89a6e69ae248588e6bda03bb9061e6 3c89a6e69ae248588e6bda03bb9061e6] 199.204.45.140 "GET /allocations/0ebf1927-6f1c-4804-adaf-011f0e15309a" status: 200 len: 258 microversion: 1.28 [pid: 7|app: 0|req: 590/1191] 199.204.45.140 () {34 vars in 863 bytes} [Tue Jun 9 02:25:02 2026] GET /allocations/0ebf1927-6f1c-4804-adaf-011f0e15309a => generated 258 bytes in 11 msecs (HTTP/1.1 200) 8 headers in 296 bytes (1 switches on core 0)
2026-06-09 02:25:02.882 8 INFO placement.requestlog [None req-48e87a94-ad66-40f3-ac71-11aea2a71290 - - - - - -] 10.0.0.130 "GET /" status: 200 len: 136 microversion: 1.0
2026-06-09 02:25:02.882 7 INFO placement.requestlog [None req-153db280-675d-4d12-8a1e-4abaa2affb77 - - - - - -] 10.0.0.130 "GET /" status: 200 len: 136 microversion: 1.0
2026-06-09 02:25:03.871 8 INFO placement.requestlog [req-049b4ef1-ba95-46a9-b7e6-7d4c12e028cd req-bed418c1-89a6-435f-8faa-ba22260a6e8a e43d102853734f499722a163f464e689 f96e8a323a1745da8470b52b4cc5d377 - - 3c89a6e69ae248588e6bda03bb9061e6 3c89a6e69ae248588e6bda03bb9061e6] 199.204.45.140 "GET /resource_providers/25db7632-895b-4069-83c0-c707b8dd7186/allocations" status: 200 len: 440 microversion: 1.0 [pid: 8|app: 0|req: 603/1194] 199.204.45.140 () {32 vars in 857 bytes} [Tue Jun 9 02:25:03 2026] GET /resource_providers/25db7632-895b-4069-83c0-c707b8dd7186/allocations => generated 440 bytes in 16 msecs (HTTP/1.1 200) 6 headers in 224 bytes (1 switches on core 0)
2026-06-09 02:25:03.897 7 INFO placement.requestlog [req-049b4ef1-ba95-46a9-b7e6-7d4c12e028cd req-be703172-e0ff-4838-a27c-9f6dc7983d49 e43d102853734f499722a163f464e689 f96e8a323a1745da8470b52b4cc5d377 - - 3c89a6e69ae248588e6bda03bb9061e6 3c89a6e69ae248588e6bda03bb9061e6] 199.204.45.140 "GET /allocations/0ebf1927-6f1c-4804-adaf-011f0e15309a" status: 200 len: 258 microversion: 1.28 [pid: 7|app: 0|req: 592/1195] 199.204.45.140 () {34 vars in 863 bytes} [Tue Jun 9 02:25:03 2026] GET /allocations/0ebf1927-6f1c-4804-adaf-011f0e15309a => generated 258 bytes in 17 msecs (HTTP/1.1 200) 8 headers in 296 bytes (1 switches on core 0)
2026-06-09 02:25:03.914 8 INFO placement.requestlog [req-049b4ef1-ba95-46a9-b7e6-7d4c12e028cd req-4c2df325-bf50-4187-b742-7be62498dff7 e43d102853734f499722a163f464e689 f96e8a323a1745da8470b52b4cc5d377 - - 3c89a6e69ae248588e6bda03bb9061e6 3c89a6e69ae248588e6bda03bb9061e6] 199.204.45.140 "GET /allocations/dd0c9154-c8db-4c71-9a4c-7ba6152fa776" status: 200 len: 258 microversion: 1.28 [pid: 8|app: 0|req: 604/1196] 199.204.45.140 () {34 vars in 863 bytes} [Tue Jun 9 02:25:03 2026] GET /allocations/dd0c9154-c8db-4c71-9a4c-7ba6152fa776 => generated 258 bytes in 12 msecs (HTTP/1.1 200) 8 headers in 296 bytes (1 switches on core 0)
2026-06-09 02:25:03.938 7 INFO placement.requestlog [req-049b4ef1-ba95-46a9-b7e6-7d4c12e028cd req-16cd27a3-df51-4cbe-b61d-c5e7b119cbb4 e43d102853734f499722a163f464e689 f96e8a323a1745da8470b52b4cc5d377 - - 3c89a6e69ae248588e6bda03bb9061e6 3c89a6e69ae248588e6bda03bb9061e6] 199.204.45.140 "GET /allocations/854a45fa-0a9e-49b2-9b89-91381baaa902" status: 200 len: 258 microversion: 1.28 [pid: 7|app: 0|req: 593/1197] 199.204.45.140 () {34 vars in 863 bytes} [Tue Jun 9 02:25:03 2026] GET /allocations/854a45fa-0a9e-49b2-9b89-91381baaa902 => generated 258 bytes in 19 msecs (HTTP/1.1 200) 8 headers in 296 bytes (1 switches on core 0)
2026-06-09 02:25:03.958 8 INFO placement.requestlog [req-049b4ef1-ba95-46a9-b7e6-7d4c12e028cd req-243dde05-7b93-4709-a0b5-848ef64dac53 e43d102853734f499722a163f464e689 f96e8a323a1745da8470b52b4cc5d377 - - 3c89a6e69ae248588e6bda03bb9061e6 3c89a6e69ae248588e6bda03bb9061e6] 199.204.45.140 "GET /allocations/48657b6f-d54b-4e92-9cbd-81431542ad82" status: 200 len: 245 microversion: 1.28 [pid: 8|app: 0|req: 605/1198] 199.204.45.140 () {34 vars in 863 bytes} [Tue Jun 9 02:25:03 2026] GET /allocations/48657b6f-d54b-4e92-9cbd-81431542ad82 => generated 245 bytes in 14 msecs (HTTP/1.1 200) 8 headers in 296 bytes (1 switches on core 0)
2026-06-09 02:25:12.882 8 INFO placement.requestlog [None req-baa4be15-b733-4d6a-9d1d-ea861af68a73 - - - - - -] 10.0.0.130 "GET /" status: 200 len: 136 microversion: 1.0
2026-06-09 02:25:12.883 7 INFO placement.requestlog [None req-62bc0269-3857-4357-a906-7c99614bb408 - - - - - -] 10.0.0.130 "GET /" status: 200 len: 136 microversion: 1.0
2026-06-09 02:25:22.882 7 INFO placement.requestlog [None req-8611fdd6-04b3-4d05-adad-79ed894df9ff - - - - - -] 10.0.0.130 "GET /" status: 200 len: 136 microversion: 1.0
2026-06-09 02:25:22.883 8 INFO placement.requestlog [None req-88eecbbc-7a6f-4742-81c9-71abe6bfc0e8 - - - - - -] 10.0.0.130 "GET /" status: 200 len: 136 microversion: 1.0
2026-06-09 02:25:31.697 7 INFO placement.requestlog [req-bdb75132-b084-4ce6-a35c-cee0f3456ef3 req-ec75c720-12ce-46de-87b7-83683a467558 e43d102853734f499722a163f464e689 f96e8a323a1745da8470b52b4cc5d377 - - 3c89a6e69ae248588e6bda03bb9061e6 3c89a6e69ae248588e6bda03bb9061e6] 199.204.45.140 "GET /resource_providers/25db7632-895b-4069-83c0-c707b8dd7186/allocations" status: 200 len: 440 microversion: 1.0 [pid: 7|app: 0|req: 596/1203] 199.204.45.140 () {32 vars in 857 bytes} [Tue Jun 9 02:25:31 2026] GET /resource_providers/25db7632-895b-4069-83c0-c707b8dd7186/allocations => generated 440 bytes in 17 msecs (HTTP/1.1 200) 6 headers in 224 bytes (1 switches on core 0)
2026-06-09 02:25:31.716 8 INFO placement.requestlog [req-bdb75132-b084-4ce6-a35c-cee0f3456ef3 req-3254ebf8-0d2e-4a05-aa4e-b98b063b3718 e43d102853734f499722a163f464e689 f96e8a323a1745da8470b52b4cc5d377 - - 3c89a6e69ae248588e6bda03bb9061e6 3c89a6e69ae248588e6bda03bb9061e6] 199.204.45.140 "GET /allocations/0ebf1927-6f1c-4804-adaf-011f0e15309a" status: 200 len: 258 microversion: 1.28 [pid: 8|app: 0|req: 608/1204] 199.204.45.140 () {34 vars in 863 bytes} [Tue Jun 9 02:25:31 2026] GET /allocations/0ebf1927-6f1c-4804-adaf-011f0e15309a => generated 258 bytes in 13 msecs (HTTP/1.1 200) 8 headers in 296 bytes (1 switches on core 0)
2026-06-09 02:25:31.734 7 INFO placement.requestlog [req-bdb75132-b084-4ce6-a35c-cee0f3456ef3 req-3dae40b0-c701-4530-bdb0-f183247634e2 e43d102853734f499722a163f464e689 f96e8a323a1745da8470b52b4cc5d377 - - 3c89a6e69ae248588e6bda03bb9061e6 3c89a6e69ae248588e6bda03bb9061e6] 199.204.45.140 "GET /allocations/dd0c9154-c8db-4c71-9a4c-7ba6152fa776" status: 200 len: 258 microversion: 1.28 [pid: 7|app: 0|req: 597/1205] 199.204.45.140 () {34 vars in 863 bytes} [Tue Jun 9 02:25:31 2026] GET /allocations/dd0c9154-c8db-4c71-9a4c-7ba6152fa776 => generated 258 bytes in 11 msecs (HTTP/1.1 200) 8 headers in 296 bytes (1 switches on core 0)
2026-06-09 02:25:31.753 8 INFO placement.requestlog [req-bdb75132-b084-4ce6-a35c-cee0f3456ef3 req-b0291bfc-aa43-4693-b38d-00693f63e49e e43d102853734f499722a163f464e689 f96e8a323a1745da8470b52b4cc5d377 - - 3c89a6e69ae248588e6bda03bb9061e6 3c89a6e69ae248588e6bda03bb9061e6] 199.204.45.140 "GET /allocations/854a45fa-0a9e-49b2-9b89-91381baaa902" status: 200 len: 258 microversion: 1.28 [pid: 8|app: 0|req: 609/1206] 199.204.45.140 () {34 vars in 863 bytes} [Tue Jun 9 02:25:31 2026] GET /allocations/854a45fa-0a9e-49b2-9b89-91381baaa902 => generated 258 bytes in 14 msecs (HTTP/1.1 200) 8 headers in 296 bytes (1 switches on core 0)
2026-06-09 02:25:31.771 7 INFO placement.requestlog [req-bdb75132-b084-4ce6-a35c-cee0f3456ef3 req-ddcf1873-eb70-4a19-80a7-affa6782db6e e43d102853734f499722a163f464e689 f96e8a323a1745da8470b52b4cc5d377 - - 3c89a6e69ae248588e6bda03bb9061e6 3c89a6e69ae248588e6bda03bb9061e6] 199.204.45.140 "GET /allocations/48657b6f-d54b-4e92-9cbd-81431542ad82" status: 200 len: 245 microversion: 1.28 [pid: 7|app: 0|req: 598/1207] 199.204.45.140 () {34 vars in 863 bytes} [Tue Jun 9 02:25:31 2026] GET /allocations/48657b6f-d54b-4e92-9cbd-81431542ad82 => generated 245 bytes in 11 msecs (HTTP/1.1 200) 8 headers in 296 bytes (1 switches on core 0)
2026-06-09 02:25:32.828 8 INFO placement.requestlog [req-bdb75132-b084-4ce6-a35c-cee0f3456ef3 req-33ad85bc-75a0-4645-b484-bee3abd4af3d e43d102853734f499722a163f464e689 f96e8a323a1745da8470b52b4cc5d377 - - 3c89a6e69ae248588e6bda03bb9061e6 3c89a6e69ae248588e6bda03bb9061e6] 199.204.45.140 "DELETE /allocations/0ebf1927-6f1c-4804-adaf-011f0e15309a" status: 204 len: 0 microversion: 1.0 [pid: 8|app: 0|req: 610/1208] 199.204.45.140 () {34 vars in 841 bytes} [Tue Jun 9 02:25:32 2026] DELETE /allocations/0ebf1927-6f1c-4804-adaf-011f0e15309a => generated 0 bytes in 25 msecs (HTTP/1.1 204) 5 headers in 198 bytes (1 switches on core 0)
2026-06-09 02:25:32.882 7 INFO placement.requestlog [None req-8d259563-cb14-4770-897a-6239de4751df - - - - - -] 10.0.0.130 "GET /" status: 200 len: 136 microversion: 1.0
2026-06-09 02:25:32.883 8 INFO placement.requestlog [None req-3d1675a9-17b8-4cd0-b65f-918436a7ba0b - - - - - -] 10.0.0.130 "GET /" status: 200 len: 136 microversion: 1.0
2026-06-09 02:25:36.192 8 INFO placement.requestlog [None req-0a1fdc6f-5adf-4440-9f30-b89f056532c0 155e0e8fa2574b1f91a72761e65166b9 f96e8a323a1745da8470b52b4cc5d377 - - 3c89a6e69ae248588e6bda03bb9061e6 3c89a6e69ae248588e6bda03bb9061e6] 10.0.0.195 "GET /resource_providers/7e465e44-af8f-4521-b1cd-d16096fee7a0/aggregates" status: 404 len: 235 microversion: 1.1 [pid: 8|app: 0|req: 612/1211] 10.0.0.195 () {32 vars in 816 bytes} [Tue Jun 9 02:25:36 2026] GET /resource_providers/7e465e44-af8f-4521-b1cd-d16096fee7a0/aggregates => generated 235 bytes in 103 msecs (HTTP/1.1 404) 5 headers in 202 bytes (1 switches on core 0)
2026-06-09 02:25:36.203 7 INFO placement.requestlog [None req-958b1dc6-a045-4050-b23d-c9d40a8bb411 155e0e8fa2574b1f91a72761e65166b9 f96e8a323a1745da8470b52b4cc5d377 - - 3c89a6e69ae248588e6bda03bb9061e6 3c89a6e69ae248588e6bda03bb9061e6] 10.0.0.195 "GET /resource_providers/7e465e44-af8f-4521-b1cd-d16096fee7a0/aggregates" status: 404 len: 235 microversion: 1.1 [pid: 7|app: 0|req: 600/1212] 10.0.0.195 () {32 vars in 816 bytes} [Tue Jun 9 02:25:36 2026] GET /resource_providers/7e465e44-af8f-4521-b1cd-d16096fee7a0/aggregates => generated 235 bytes in 115 msecs (HTTP/1.1 404) 5 headers in 202 bytes (1 switches on core 0)
2026-06-09 02:25:36.210 8 INFO placement.requestlog [None req-959db491-1b07-4b9d-b0f7-ead19125d289 155e0e8fa2574b1f91a72761e65166b9 f96e8a323a1745da8470b52b4cc5d377 - - 3c89a6e69ae248588e6bda03bb9061e6 3c89a6e69ae248588e6bda03bb9061e6] 10.0.0.195 "DELETE /resource_providers/7e465e44-af8f-4521-b1cd-d16096fee7a0" status: 404 len: 246 microversion: 1.1 [pid: 8|app: 0|req: 613/1213] 10.0.0.195 () {34 vars in 816 bytes} [Tue Jun 9 02:25:36 2026] DELETE /resource_providers/7e465e44-af8f-4521-b1cd-d16096fee7a0 => generated 246 bytes in 10 msecs (HTTP/1.1 404) 6 headers in 231 bytes (1 switches on core 0)
2026-06-09 02:25:36.219 7 INFO placement.requestlog [None req-d7aa32f1-143e-4930-8a61-6a2c125c79ed 155e0e8fa2574b1f91a72761e65166b9 f96e8a323a1745da8470b52b4cc5d377 - - 3c89a6e69ae248588e6bda03bb9061e6 3c89a6e69ae248588e6bda03bb9061e6] 10.0.0.195 "DELETE /resource_providers/7e465e44-af8f-4521-b1cd-d16096fee7a0" status: 404 len: 246 microversion: 1.1 [pid: 7|app: 0|req: 601/1214] 10.0.0.195 () {34 vars in 816 bytes} [Tue Jun 9 02:25:36 2026] DELETE /resource_providers/7e465e44-af8f-4521-b1cd-d16096fee7a0 => generated 246 bytes in 9 msecs (HTTP/1.1 404) 6 headers in 231 bytes (1 switches on core 0)
2026-06-09 02:25:37.529 8 INFO placement.requestlog [req-1aca7f78-60e6-4d17-af10-f1f7d3f4e875 req-2ffc1ff9-4a47-4cd3-8459-6021d1bd944f e43d102853734f499722a163f464e689 f96e8a323a1745da8470b52b4cc5d377 - - 3c89a6e69ae248588e6bda03bb9061e6 3c89a6e69ae248588e6bda03bb9061e6] 199.204.45.140 "GET /resource_providers/25db7632-895b-4069-83c0-c707b8dd7186/allocations" status: 200 len: 340 microversion: 1.0 [pid: 8|app: 0|req: 614/1215] 199.204.45.140 () {32 vars in 857 bytes} [Tue Jun 9 02:25:37 2026] GET /resource_providers/25db7632-895b-4069-83c0-c707b8dd7186/allocations => generated 340 bytes in 11 msecs (HTTP/1.1 200) 6 headers in 224 bytes (1 switches on core 0)
2026-06-09 02:25:37.549 7 INFO placement.requestlog [req-1aca7f78-60e6-4d17-af10-f1f7d3f4e875 req-a6020eb9-d6b3-42e9-8970-bb1e3ad9b85b e43d102853734f499722a163f464e689 f96e8a323a1745da8470b52b4cc5d377 - - 3c89a6e69ae248588e6bda03bb9061e6 3c89a6e69ae248588e6bda03bb9061e6] 199.204.45.140 "GET /resource_providers/25db7632-895b-4069-83c0-c707b8dd7186/allocations" status: 200 len: 340 microversion: 1.0 [pid: 7|app: 0|req: 602/1216] 199.204.45.140 () {32 vars in 857 bytes} [Tue Jun 9 02:25:37 2026] GET /resource_providers/25db7632-895b-4069-83c0-c707b8dd7186/allocations => generated 340 bytes in 16 msecs (HTTP/1.1 200) 6 headers in 224 bytes (1 switches on core 0)
2026-06-09 02:25:37.563 8 INFO placement.requestlog [req-1aca7f78-60e6-4d17-af10-f1f7d3f4e875 req-3b5b056c-e0f9-4e3b-bfcf-ea7dab0307de e43d102853734f499722a163f464e689 f96e8a323a1745da8470b52b4cc5d377 - - 3c89a6e69ae248588e6bda03bb9061e6 3c89a6e69ae248588e6bda03bb9061e6] 199.204.45.140 "GET /allocations/dd0c9154-c8db-4c71-9a4c-7ba6152fa776" status: 200 len: 258 microversion: 1.28 [pid: 8|app: 0|req: 615/1217] 199.204.45.140 () {34 vars in 863 bytes} [Tue Jun 9 02:25:37 2026] GET /allocations/dd0c9154-c8db-4c71-9a4c-7ba6152fa776 => generated 258 bytes in 9 msecs (HTTP/1.1 200) 8 headers in 296 bytes (1 switches on core 0)
2026-06-09 02:25:37.582 7 INFO placement.requestlog [req-1aca7f78-60e6-4d17-af10-f1f7d3f4e875 req-d2c2793d-31c0-4137-8474-3645f088dbc8 e43d102853734f499722a163f464e689 f96e8a323a1745da8470b52b4cc5d377 - - 3c89a6e69ae248588e6bda03bb9061e6 3c89a6e69ae248588e6bda03bb9061e6] 199.204.45.140 "GET /allocations/854a45fa-0a9e-49b2-9b89-91381baaa902" status: 200 len: 258 microversion: 1.28 [pid: 7|app: 0|req: 603/1218] 199.204.45.140 () {34 vars in 863 bytes} [Tue Jun 9 02:25:37 2026] GET /allocations/854a45fa-0a9e-49b2-9b89-91381baaa902 => generated 258 bytes in 12 msecs (HTTP/1.1 200) 8 headers in 296 bytes (1 switches on core 0)
2026-06-09 02:25:37.604 8 INFO placement.requestlog [req-1aca7f78-60e6-4d17-af10-f1f7d3f4e875 req-cf713032-4e29-4d83-8292-e195086933b0 e43d102853734f499722a163f464e689 f96e8a323a1745da8470b52b4cc5d377 - - 3c89a6e69ae248588e6bda03bb9061e6 3c89a6e69ae248588e6bda03bb9061e6] 199.204.45.140 "GET /allocations/48657b6f-d54b-4e92-9cbd-81431542ad82" status: 200 len: 245 microversion: 1.28 [pid: 8|app: 0|req: 616/1219] 199.204.45.140 () {34 vars in 863 bytes} [Tue Jun 9 02:25:37 2026] GET /allocations/48657b6f-d54b-4e92-9cbd-81431542ad82 => generated 245 bytes in 17 msecs (HTTP/1.1 200) 8 headers in 296 bytes (1 switches on core 0)
2026-06-09 02:25:38.231 7 INFO placement.requestlog [None req-ee756cb8-930f-408e-b1db-d0d2974f7714 155e0e8fa2574b1f91a72761e65166b9 f96e8a323a1745da8470b52b4cc5d377 - - 3c89a6e69ae248588e6bda03bb9061e6 3c89a6e69ae248588e6bda03bb9061e6] 10.0.0.195 "GET /resource_providers/0625d797-b8ea-41bd-b7b5-f21055059d9d/aggregates" status: 404 len: 235 microversion: 1.1 [pid: 7|app: 0|req: 604/1220] 10.0.0.195 () {32 vars in 816 bytes} [Tue Jun 9 02:25:38 2026] GET /resource_providers/0625d797-b8ea-41bd-b7b5-f21055059d9d/aggregates => generated 235 bytes in 14 msecs (HTTP/1.1 404) 5 headers in 202 bytes (1 switches on core 0)
2026-06-09 02:25:38.235 8 INFO placement.requestlog [None req-6f6f7783-a2c3-46e2-8420-7c5ed6f01ace 155e0e8fa2574b1f91a72761e65166b9 f96e8a323a1745da8470b52b4cc5d377 - - 3c89a6e69ae248588e6bda03bb9061e6 3c89a6e69ae248588e6bda03bb9061e6] 10.0.0.195 "GET /resource_providers/0625d797-b8ea-41bd-b7b5-f21055059d9d/aggregates" status: 404 len: 235 microversion: 1.1 [pid: 8|app: 0|req: 617/1221] 10.0.0.195 () {32 vars in 816 bytes} [Tue Jun 9 02:25:38 2026] GET /resource_providers/0625d797-b8ea-41bd-b7b5-f21055059d9d/aggregates => generated 235 bytes in 11 msecs (HTTP/1.1 404) 5 headers in 202 bytes (1 switches on core 0)
