2026-06-09 02:15:21.588 7 INFO placement.requestlog [req-fe215f49-2ad7-4e75-8e33-bfa6076cd6b1 req-fbb53dd8-6cb6-4d14-97da-e5f791d3d107 e43d102853734f499722a163f464e689 f96e8a323a1745da8470b52b4cc5d377 - - 3c89a6e69ae248588e6bda03bb9061e6 3c89a6e69ae248588e6bda03bb9061e6] 199.204.45.140 "GET /resource_providers/25db7632-895b-4069-83c0-c707b8dd7186/allocations" status: 200 len: 54 microversion: 1.0 [pid: 7|app: 0|req: 288/577] 199.204.45.140 () {32 vars in 857 bytes} [Tue Jun 9 02:15:21 2026] GET /resource_providers/25db7632-895b-4069-83c0-c707b8dd7186/allocations => generated 54 bytes in 16 msecs (HTTP/1.1 200) 6 headers in 223 bytes (1 switches on core 0)
2026-06-09 02:15:22.882 8 INFO placement.requestlog [None req-d53239d3-ed48-46a1-971b-f192bd42e696 - - - - - -] 10.0.0.130 "GET /" status: 200 len: 136 microversion: 1.0
2026-06-09 02:15:22.883 7 INFO placement.requestlog [None req-aa19a289-dab7-46bc-8386-720f4c2ead83 - - - - - -] 10.0.0.130 "GET /" status: 200 len: 136 microversion: 1.0
2026-06-09 02:15:32.882 8 INFO placement.requestlog [None req-72e0a502-9062-4603-8ed4-1ed044dbeba9 - - - - - -] 10.0.0.130 "GET /" status: 200 len: 136 microversion: 1.0
2026-06-09 02:15:32.883 7 INFO placement.requestlog [None req-9138791b-5b6c-45a9-b0f0-7ace10c148f9 - - - - - -] 10.0.0.130 "GET /" status: 200 len: 136 microversion: 1.0
2026-06-09 02:15:42.882 8 INFO placement.requestlog [None req-744e04ef-f3a5-4d96-9bf2-e91f3529f277 - - - - - -] 10.0.0.130 "GET /" status: 200 len: 136 microversion: 1.0
2026-06-09 02:15:42.882 7 INFO placement.requestlog [None req-07af2e98-e28a-449e-8cc9-80537c7537d8 - - - - - -] 10.0.0.130 "GET /" status: 200 len: 136 microversion: 1.0
2026-06-09 02:15:52.883 8 INFO placement.requestlog [None req-2ee5aadf-a40a-4e5f-aceb-e34c31e9ef6b - - - - - -] 10.0.0.130 "GET /" status: 200 len: 136 microversion: 1.0
2026-06-09 02:15:52.883 7 INFO placement.requestlog [None req-af1b3da1-f623-45a0-95fe-fb001b0eb502 - - - - - -] 10.0.0.130 "GET /" status: 200 len: 136 microversion: 1.0
2026-06-09 02:16:02.881 8 INFO placement.requestlog [None req-bd51099e-de5a-4145-b409-06f87294a05f - - - - - -] 10.0.0.130 "GET /" status: 200 len: 136 microversion: 1.0
2026-06-09 02:16:02.882 7 INFO placement.requestlog [None req-44c3d909-fdd2-4b67-bb71-f6fefe0707a6 - - - - - -] 10.0.0.130 "GET /" status: 200 len: 136 microversion: 1.0
2026-06-09 02:16:12.883 7 INFO placement.requestlog [None req-d5fe0f9b-e24b-4863-b934-ed9470cf6d8a - - - - - -] 10.0.0.130 "GET /" status: 200 len: 136 microversion: 1.0
2026-06-09 02:16:12.884 8 INFO placement.requestlog [None req-d50e9eb9-224d-4543-9a4d-ebba06af7ebe - - - - - -] 10.0.0.130 "GET /" status: 200 len: 136 microversion: 1.0
2026-06-09 02:16:22.882 7 INFO placement.requestlog [None req-51f1d5fc-f5cb-4d2c-b650-e8ea75a2c8a2 - - - - - -] 10.0.0.130 "GET /" status: 200 len: 136 microversion: 1.0
2026-06-09 02:16:22.884 8 INFO placement.requestlog [None req-7ac99c82-0c89-4a22-a4d1-53e28cb394b7 - - - - - -] 10.0.0.130 "GET /" status: 200 len: 136 microversion: 1.0
2026-06-09 02:16:23.782 7 INFO placement.requestlog [req-a2ca06d8-7a0c-4a06-86be-4d078b19bc93 req-eff87886-6909-46bf-99df-245938f1ad0f e43d102853734f499722a163f464e689 f96e8a323a1745da8470b52b4cc5d377 - - 3c89a6e69ae248588e6bda03bb9061e6 3c89a6e69ae248588e6bda03bb9061e6] 199.204.45.140 "GET /resource_providers/25db7632-895b-4069-83c0-c707b8dd7186/allocations" status: 200 len: 54 microversion: 1.0 [pid: 7|app: 0|req: 296/592] 199.204.45.140 () {32 vars in 857 bytes} [Tue Jun 9 02:16:23 2026] GET /resource_providers/25db7632-895b-4069-83c0-c707b8dd7186/allocations => generated 54 bytes in 133 msecs (HTTP/1.1 200) 6 headers in 223 bytes (1 switches on core 0)
2026-06-09 02:16:23.814 8 INFO placement.requestlog [req-a2ca06d8-7a0c-4a06-86be-4d078b19bc93 req-ae2830df-36e7-466a-b304-4eec2619a63c e43d102853734f499722a163f464e689 f96e8a323a1745da8470b52b4cc5d377 - - 3c89a6e69ae248588e6bda03bb9061e6 3c89a6e69ae248588e6bda03bb9061e6] 199.204.45.140 "GET /resource_providers?in_tree=25db7632-895b-4069-83c0-c707b8dd7186" status: 200 len: 797 microversion: 1.14 [pid: 8|app: 0|req: 297/593] 199.204.45.140 () {34 vars in 892 bytes} [Tue Jun 9 02:16:23 2026] GET /resource_providers?in_tree=25db7632-895b-4069-83c0-c707b8dd7186 => generated 797 bytes in 26 msecs (HTTP/1.1 200) 6 headers in 225 bytes (1 switches on core 0)
2026-06-09 02:16:23.836 7 INFO placement.requestlog [req-a2ca06d8-7a0c-4a06-86be-4d078b19bc93 req-32a0c3f3-7e28-42e6-bbad-ac982aa037f9 e43d102853734f499722a163f464e689 f96e8a323a1745da8470b52b4cc5d377 - - 3c89a6e69ae248588e6bda03bb9061e6 3c89a6e69ae248588e6bda03bb9061e6] 199.204.45.140 "GET /resource_providers/25db7632-895b-4069-83c0-c707b8dd7186/inventories" status: 200 len: 400 microversion: 1.0 [pid: 7|app: 0|req: 297/594] 199.204.45.140 () {32 vars in 857 bytes} [Tue Jun 9 02:16:23 2026] GET /resource_providers/25db7632-895b-4069-83c0-c707b8dd7186/inventories => generated 400 bytes in 13 msecs (HTTP/1.1 200) 6 headers in 224 bytes (1 switches on core 0)
2026-06-09 02:16:23.854 8 INFO placement.requestlog [req-a2ca06d8-7a0c-4a06-86be-4d078b19bc93 req-464dac88-9f36-46a9-b13b-4ff926066a95 e43d102853734f499722a163f464e689 f96e8a323a1745da8470b52b4cc5d377 - - 3c89a6e69ae248588e6bda03bb9061e6 3c89a6e69ae248588e6bda03bb9061e6] 199.204.45.140 "GET /resource_providers/25db7632-895b-4069-83c0-c707b8dd7186/aggregates" status: 200 len: 53 microversion: 1.19 [pid: 8|app: 0|req: 298/595] 199.204.45.140 () {34 vars in 899 bytes} [Tue Jun 9 02:16:23 2026] GET /resource_providers/25db7632-895b-4069-83c0-c707b8dd7186/aggregates => generated 53 bytes in 12 msecs (HTTP/1.1 200) 8 headers in 295 bytes (1 switches on core 0)
2026-06-09 02:16:23.884 7 INFO placement.requestlog [req-a2ca06d8-7a0c-4a06-86be-4d078b19bc93 req-e0c9ea83-e15d-478b-89a6-78b638c27b4d e43d102853734f499722a163f464e689 f96e8a323a1745da8470b52b4cc5d377 - - 3c89a6e69ae248588e6bda03bb9061e6 3c89a6e69ae248588e6bda03bb9061e6] 199.204.45.140 "GET /resource_providers/25db7632-895b-4069-83c0-c707b8dd7186/traits" status: 200 len: 2316 microversion: 1.6 [pid: 7|app: 0|req: 298/596] 199.204.45.140 () {34 vars in 890 bytes} [Tue Jun 9 02:16:23 2026] GET /resource_providers/25db7632-895b-4069-83c0-c707b8dd7186/traits => generated 2316 bytes in 25 msecs (HTTP/1.1 200) 6 headers in 225 bytes (1 switches on core 0)
2026-06-09 02:16:23.911 8 INFO placement.requestlog [req-a2ca06d8-7a0c-4a06-86be-4d078b19bc93 req-64b197b0-6393-4613-a9a3-a84215612425 e43d102853734f499722a163f464e689 f96e8a323a1745da8470b52b4cc5d377 - - 3c89a6e69ae248588e6bda03bb9061e6 3c89a6e69ae248588e6bda03bb9061e6] 199.204.45.140 "GET /resource_providers/25db7632-895b-4069-83c0-c707b8dd7186/allocations" status: 200 len: 54 microversion: 1.0 [pid: 8|app: 0|req: 299/597] 199.204.45.140 () {32 vars in 857 bytes} [Tue Jun 9 02:16:23 2026] GET /resource_providers/25db7632-895b-4069-83c0-c707b8dd7186/allocations => generated 54 bytes in 18 msecs (HTTP/1.1 200) 6 headers in 223 bytes (1 switches on core 0)
2026-06-09 02:16:32.882 7 INFO placement.requestlog [None req-4bab8d3c-b4aa-4ea9-af2f-33f68ae8549c - - - - - -] 10.0.0.130 "GET /" status: 200 len: 136 microversion: 1.0
2026-06-09 02:16:32.882 8 INFO placement.requestlog [None req-c14400e6-e42b-4271-b5cc-8598b8bb8f25 - - - - - -] 10.0.0.130 "GET /" status: 200 len: 136 microversion: 1.0
2026-06-09 02:16:42.882 7 INFO placement.requestlog [None req-14716abe-cdee-4905-adb8-2d8dab6c366c - - - - - -] 10.0.0.130 "GET /" status: 200 len: 136 microversion: 1.0
2026-06-09 02:16:42.882 8 INFO placement.requestlog [None req-697a8204-d7ce-4c7e-914e-1af068285a2c - - - - - -] 10.0.0.130 "GET /" status: 200 len: 136 microversion: 1.0
2026-06-09 02:16:52.882 7 INFO placement.requestlog [None req-4684940a-fdbd-4f58-a2f6-77841a8d26fd - - - - - -] 10.0.0.130 "GET /" status: 200 len: 136 microversion: 1.0
2026-06-09 02:16:52.882 8 INFO placement.requestlog [None req-06d5d6de-6ed2-4ab1-8001-89e4ce41f987 - - - - - -] 10.0.0.130 "GET /" status: 200 len: 136 microversion: 1.0
2026-06-09 02:17:02.882 7 INFO placement.requestlog [None req-48cdf662-f913-4dae-bd0d-607144abd0e2 - - - - - -] 10.0.0.130 "GET /" status: 200 len: 136 microversion: 1.0
2026-06-09 02:17:02.882 8 INFO placement.requestlog [None req-56cd0432-dda8-4a86-bc8b-1dd93c3a8fcb - - - - - -] 10.0.0.130 "GET /" status: 200 len: 136 microversion: 1.0
2026-06-09 02:17:12.882 7 INFO placement.requestlog [None req-3c8b7de2-e6ff-4914-a1ea-d9b70bdb7fcb - - - - - -] 10.0.0.130 "GET /" status: 200 len: 136 microversion: 1.0
2026-06-09 02:17:12.883 8 INFO placement.requestlog [None req-b946654c-7b15-47b2-828f-99966d99ff19 - - - - - -] 10.0.0.130 "GET /" status: 200 len: 136 microversion: 1.0
2026-06-09 02:17:22.882 7 INFO placement.requestlog [None req-579e364b-d5eb-44f3-90ff-8f75e68ae1ef - - - - - -] 10.0.0.130 "GET /" status: 200 len: 136 microversion: 1.0
2026-06-09 02:17:22.883 8 INFO placement.requestlog [None req-12b403d9-8443-410e-ad56-256a4e6412de - - - - - -] 10.0.0.130 "GET /" status: 200 len: 136 microversion: 1.0
2026-06-09 02:17:24.681 7 INFO placement.requestlog [req-ddbf80d2-0228-4d44-8d86-ad7aea92bf2e req-7a3508f0-2552-4c8e-a0c0-1f1b2de21ea4 e43d102853734f499722a163f464e689 f96e8a323a1745da8470b52b4cc5d377 - - 3c89a6e69ae248588e6bda03bb9061e6 3c89a6e69ae248588e6bda03bb9061e6] 199.204.45.140 "GET /resource_providers/25db7632-895b-4069-83c0-c707b8dd7186/allocations" status: 200 len: 54 microversion: 1.0 [pid: 7|app: 0|req: 305/610] 199.204.45.140 () {32 vars in 857 bytes} [Tue Jun 9 02:17:24 2026] GET /resource_providers/25db7632-895b-4069-83c0-c707b8dd7186/allocations => generated 54 bytes in 16 msecs (HTTP/1.1 200) 6 headers in 223 bytes (1 switches on core 0)
2026-06-09 02:17:24.705 8 INFO placement.requestlog [req-ddbf80d2-0228-4d44-8d86-ad7aea92bf2e req-64a573c6-2a14-4094-9915-59463c5cf553 e43d102853734f499722a163f464e689 f96e8a323a1745da8470b52b4cc5d377 - - 3c89a6e69ae248588e6bda03bb9061e6 3c89a6e69ae248588e6bda03bb9061e6] 199.204.45.140 "GET /resource_providers/25db7632-895b-4069-83c0-c707b8dd7186/allocations" status: 200 len: 54 microversion: 1.0 [pid: 8|app: 0|req: 306/611] 199.204.45.140 () {32 vars in 857 bytes} [Tue Jun 9 02:17:24 2026] GET /resource_providers/25db7632-895b-4069-83c0-c707b8dd7186/allocations => generated 54 bytes in 14 msecs (HTTP/1.1 200) 6 headers in 223 bytes (1 switches on core 0)
2026-06-09 02:17:32.881 7 INFO placement.requestlog [None req-feb5e0af-f446-467f-9de6-c43629636fe3 - - - - - -] 10.0.0.130 "GET /" status: 200 len: 136 microversion: 1.0
2026-06-09 02:17:32.883 8 INFO placement.requestlog [None req-27a9455a-ca29-43b0-a41b-383c27e35be7 - - - - - -] 10.0.0.130 "GET /" status: 200 len: 136 microversion: 1.0
2026-06-09 02:17:42.883 7 INFO placement.requestlog [None req-bd2082f9-35e7-484e-a640-e6ec113c5bb1 - - - - - -] 10.0.0.130 "GET /" status: 200 len: 136 microversion: 1.0
2026-06-09 02:17:42.884 8 INFO placement.requestlog [None req-49212faa-d081-4474-ab89-97b32c79bb6a - - - - - -] 10.0.0.130 "GET /" status: 200 len: 136 microversion: 1.0
2026-06-09 02:17:52.881 7 INFO placement.requestlog [None req-f0bbccfe-aa58-4c56-8c32-e0c68ad2198d - - - - - -] 10.0.0.130 "GET /" status: 200 len: 136 microversion: 1.0
2026-06-09 02:17:52.882 8 INFO placement.requestlog [None req-8638dd76-46f0-4245-814a-aab1dd198fdb - - - - - -] 10.0.0.130 "GET /" status: 200 len: 136 microversion: 1.0
2026-06-09 02:18:02.882 7 INFO placement.requestlog [None req-55377344-f11c-4462-985f-0ed70085b8da - - - - - -] 10.0.0.130 "GET /" status: 200 len: 136 microversion: 1.0
2026-06-09 02:18:02.883 8 INFO placement.requestlog [None req-81636443-5ece-4289-aa3f-5fb447b9e741 - - - - - -] 10.0.0.130 "GET /" status: 200 len: 136 microversion: 1.0
2026-06-09 02:18:12.882 8 INFO placement.requestlog [None req-012d194d-df84-4687-8282-9ec602880e15 - - - - - -] 10.0.0.130 "GET /" status: 200 len: 136 microversion: 1.0
2026-06-09 02:18:12.882 7 INFO placement.requestlog [None req-663e28d0-6cf6-4b82-bf63-16601aa6936d - - - - - -] 10.0.0.130 "GET /" status: 200 len: 136 microversion: 1.0
2026-06-09 02:18:22.882 7 INFO placement.requestlog [None req-bb4eb63b-b453-479e-90e8-1bbb6b7a3344 - - - - - -] 10.0.0.130 "GET /" status: 200 len: 136 microversion: 1.0
2026-06-09 02:18:22.882 8 INFO placement.requestlog [None req-70ac6934-f33f-4899-b16e-7bf963df0f93 - - - - - -] 10.0.0.130 "GET /" status: 200 len: 136 microversion: 1.0
2026-06-09 02:18:26.514 7 INFO placement.requestlog [req-a1fdc6e6-8605-4cce-a411-c60ee935022e req-aad2006c-eb48-48f2-8fb9-c0688af47165 e43d102853734f499722a163f464e689 f96e8a323a1745da8470b52b4cc5d377 - - 3c89a6e69ae248588e6bda03bb9061e6 3c89a6e69ae248588e6bda03bb9061e6] 199.204.45.140 "GET /resource_providers/25db7632-895b-4069-83c0-c707b8dd7186/allocations" status: 200 len: 54 microversion: 1.0 [pid: 7|app: 0|req: 312/624] 199.204.45.140 () {32 vars in 857 bytes} [Tue Jun 9 02:18:26 2026] GET /resource_providers/25db7632-895b-4069-83c0-c707b8dd7186/allocations => generated 54 bytes in 15 msecs (HTTP/1.1 200) 6 headers in 223 bytes (1 switches on core 0)
2026-06-09 02:18:26.535 8 INFO placement.requestlog [req-a1fdc6e6-8605-4cce-a411-c60ee935022e req-10dd41ea-4c8a-4d2e-956b-9088ffb956f6 e43d102853734f499722a163f464e689 f96e8a323a1745da8470b52b4cc5d377 - - 3c89a6e69ae248588e6bda03bb9061e6 3c89a6e69ae248588e6bda03bb9061e6] 199.204.45.140 "GET /resource_providers/25db7632-895b-4069-83c0-c707b8dd7186/allocations" status: 200 len: 54 microversion: 1.0 [pid: 8|app: 0|req: 313/625] 199.204.45.140 () {32 vars in 857 bytes} [Tue Jun 9 02:18:26 2026] GET /resource_providers/25db7632-895b-4069-83c0-c707b8dd7186/allocations => generated 54 bytes in 14 msecs (HTTP/1.1 200) 6 headers in 223 bytes (1 switches on core 0)
2026-06-09 02:18:32.882 8 INFO placement.requestlog [None req-fa7c0c49-e927-4984-9eb3-eec8bcb19b57 - - - - - -] 10.0.0.130 "GET /" status: 200 len: 136 microversion: 1.0
2026-06-09 02:18:32.882 7 INFO placement.requestlog [None req-229a61f0-b9da-4703-b4d6-cdd52132e3ef - - - - - -] 10.0.0.130 "GET /" status: 200 len: 136 microversion: 1.0
2026-06-09 02:18:42.882 8 INFO placement.requestlog [None req-a58f75b7-fcd4-46d7-8af6-5eca2100b400 - - - - - -] 10.0.0.130 "GET /" status: 200 len: 136 microversion: 1.0
2026-06-09 02:18:42.884 7 INFO placement.requestlog [None req-e2185287-b962-4189-953f-8fbd2811fe34 - - - - - -] 10.0.0.130 "GET /" status: 200 len: 136 microversion: 1.0
2026-06-09 02:18:52.882 8 INFO placement.requestlog [None req-9b63a38a-b87c-4da6-8bad-e277c85fd610 - - - - - -] 10.0.0.130 "GET /" status: 200 len: 136 microversion: 1.0
2026-06-09 02:18:52.883 7 INFO placement.requestlog [None req-985a18c1-0e5b-4bd3-a17b-d7aa5bf77629 - - - - - -] 10.0.0.130 "GET /" status: 200 len: 136 microversion: 1.0
2026-06-09 02:19:02.882 8 INFO placement.requestlog [None req-2e45ab9e-fe9f-4c24-9343-3fcb77917539 - - - - - -] 10.0.0.130 "GET /" status: 200 len: 136 microversion: 1.0
2026-06-09 02:19:02.882 7 INFO placement.requestlog [None req-929bba78-ce67-4618-9591-07cf1f48b8d3 - - - - - -] 10.0.0.130 "GET /" status: 200 len: 136 microversion: 1.0
2026-06-09 02:19:12.882 8 INFO placement.requestlog [None req-50840275-2eb9-45ca-b9d8-f03223d41c25 - - - - - -] 10.0.0.130 "GET /" status: 200 len: 136 microversion: 1.0
2026-06-09 02:19:12.883 7 INFO placement.requestlog [None req-69ccc3db-c1d9-452f-87bf-58cc1707ed61 - - - - - -] 10.0.0.130 "GET /" status: 200 len: 136 microversion: 1.0
2026-06-09 02:19:22.882 8 INFO placement.requestlog [None req-03d337ce-97ee-42b5-9478-382d2cf51b04 - - - - - -] 10.0.0.130 "GET /" status: 200 len: 136 microversion: 1.0
2026-06-09 02:19:22.882 7 INFO placement.requestlog [None req-3e681d3b-598e-4129-b7ec-7f5dd66b8659 - - - - - -] 10.0.0.130 "GET /" status: 200 len: 136 microversion: 1.0
2026-06-09 02:19:27.578 8 INFO placement.requestlog [req-c5b168d9-4502-4782-8025-15a0397ce9ca req-128a6dba-804c-44e8-b976-043c7eac1242 e43d102853734f499722a163f464e689 f96e8a323a1745da8470b52b4cc5d377 - - 3c89a6e69ae248588e6bda03bb9061e6 3c89a6e69ae248588e6bda03bb9061e6] 199.204.45.140 "GET /resource_providers/25db7632-895b-4069-83c0-c707b8dd7186/allocations" status: 200 len: 54 microversion: 1.0 [pid: 8|app: 0|req: 320/638] 199.204.45.140 () {32 vars in 857 bytes} [Tue Jun 9 02:19:27 2026] GET /resource_providers/25db7632-895b-4069-83c0-c707b8dd7186/allocations => generated 54 bytes in 16 msecs (HTTP/1.1 200) 6 headers in 223 bytes (1 switches on core 0)
2026-06-09 02:19:27.600 7 INFO placement.requestlog [req-c5b168d9-4502-4782-8025-15a0397ce9ca req-47629f34-4677-403e-97a7-5815fe5cec97 e43d102853734f499722a163f464e689 f96e8a323a1745da8470b52b4cc5d377 - - 3c89a6e69ae248588e6bda03bb9061e6 3c89a6e69ae248588e6bda03bb9061e6] 199.204.45.140 "GET /resource_providers/25db7632-895b-4069-83c0-c707b8dd7186/allocations" status: 200 len: 54 microversion: 1.0 [pid: 7|app: 0|req: 319/639] 199.204.45.140 () {32 vars in 857 bytes} [Tue Jun 9 02:19:27 2026] GET /resource_providers/25db7632-895b-4069-83c0-c707b8dd7186/allocations => generated 54 bytes in 16 msecs (HTTP/1.1 200) 6 headers in 223 bytes (1 switches on core 0)
2026-06-09 02:19:32.882 8 INFO placement.requestlog [None req-4b67185a-352a-4096-afad-efe82e6e2a5d - - - - - -] 10.0.0.130 "GET /" status: 200 len: 136 microversion: 1.0
2026-06-09 02:19:32.882 7 INFO placement.requestlog [None req-b74a2294-240e-492b-9eb9-45c579eecc5f - - - - - -] 10.0.0.130 "GET /" status: 200 len: 136 microversion: 1.0
2026-06-09 02:19:42.882 8 INFO placement.requestlog [None req-cd5978e5-c647-4957-8012-a0440cda4a6d - - - - - -] 10.0.0.130 "GET /" status: 200 len: 136 microversion: 1.0
2026-06-09 02:19:42.882 7 INFO placement.requestlog [None req-12601791-661d-490d-8787-3b0b2ab69465 - - - - - -] 10.0.0.130 "GET /" status: 200 len: 136 microversion: 1.0
2026-06-09 02:19:52.881 8 INFO placement.requestlog [None req-0da66e2e-d073-4a2a-bec5-78b1dd060f28 - - - - - -] 10.0.0.130 "GET /" status: 200 len: 136 microversion: 1.0
2026-06-09 02:19:52.882 7 INFO placement.requestlog [None req-65e30ee8-7564-4e74-89f1-e2f2ce8cdfa8 - - - - - -] 10.0.0.130 "GET /" status: 200 len: 136 microversion: 1.0
2026-06-09 02:20:02.884 8 INFO placement.requestlog [None req-232fd856-027e-4e05-8db1-f62e0dc5d8ee - - - - - -] 10.0.0.130 "GET /" status: 200 len: 136 microversion: 1.0
2026-06-09 02:20:02.884 7 INFO placement.requestlog [None req-631e663e-c841-439a-a598-c13d10e4e5d7 - - - - - -] 10.0.0.130 "GET /" status: 200 len: 136 microversion: 1.0
2026-06-09 02:20:12.882 7 INFO placement.requestlog [None req-d9957e5f-802b-468b-8a30-42a32094fe77 - - - - - -] 10.0.0.130 "GET /" status: 200 len: 136 microversion: 1.0
2026-06-09 02:20:12.882 8 INFO placement.requestlog [None req-0ce349d2-fcea-4d5b-85c8-967429ed57be - - - - - -] 10.0.0.130 "GET /" status: 200 len: 136 microversion: 1.0
2026-06-09 02:20:22.882 7 INFO placement.requestlog [None req-9805db3d-8bc2-45b1-bf74-6d16ee914627 - - - - - -] 10.0.0.130 "GET /" status: 200 len: 136 microversion: 1.0
2026-06-09 02:20:22.885 8 INFO placement.requestlog [None req-567643ae-e053-413e-95b2-d818dd08854e - - - - - -] 10.0.0.130 "GET /" status: 200 len: 136 microversion: 1.0
2026-06-09 02:20:26.211 8 INFO placement.requestlog [None req-a9abc804-ddb4-48b5-a735-1319a39fdde7 155e0e8fa2574b1f91a72761e65166b9 f96e8a323a1745da8470b52b4cc5d377 - - 3c89a6e69ae248588e6bda03bb9061e6 3c89a6e69ae248588e6bda03bb9061e6] 10.0.0.195 "GET /resource_providers/a246ff7b-75d2-4d38-a83e-6bcefd4b6677/aggregates" status: 404 len: 235 microversion: 1.1 [pid: 8|app: 0|req: 327/652] 10.0.0.195 () {32 vars in 816 bytes} [Tue Jun 9 02:20:26 2026] GET /resource_providers/a246ff7b-75d2-4d38-a83e-6bcefd4b6677/aggregates => generated 235 bytes in 110 msecs (HTTP/1.1 404) 5 headers in 202 bytes (1 switches on core 0)
2026-06-09 02:20:26.225 7 INFO placement.requestlog [None req-35afc43f-2782-4d53-a67a-77c784e031dc 155e0e8fa2574b1f91a72761e65166b9 f96e8a323a1745da8470b52b4cc5d377 - - 3c89a6e69ae248588e6bda03bb9061e6 3c89a6e69ae248588e6bda03bb9061e6] 10.0.0.195 "GET /resource_providers/a246ff7b-75d2-4d38-a83e-6bcefd4b6677/aggregates" status: 404 len: 235 microversion: 1.1 [pid: 7|app: 0|req: 326/653] 10.0.0.195 () {32 vars in 816 bytes} [Tue Jun 9 02:20:26 2026] GET /resource_providers/a246ff7b-75d2-4d38-a83e-6bcefd4b6677/aggregates => generated 235 bytes in 129 msecs (HTTP/1.1 404) 5 headers in 202 bytes (1 switches on core 0)
2026-06-09 02:20:26.229 8 INFO placement.requestlog [None req-feab8f16-5284-4229-bf13-4196ebb679c4 155e0e8fa2574b1f91a72761e65166b9 f96e8a323a1745da8470b52b4cc5d377 - - 3c89a6e69ae248588e6bda03bb9061e6 3c89a6e69ae248588e6bda03bb9061e6] 10.0.0.195 "DELETE /resource_providers/a246ff7b-75d2-4d38-a83e-6bcefd4b6677" status: 404 len: 246 microversion: 1.1 [pid: 8|app: 0|req: 328/654] 10.0.0.195 () {34 vars in 816 bytes} [Tue Jun 9 02:20:26 2026] DELETE /resource_providers/a246ff7b-75d2-4d38-a83e-6bcefd4b6677 => generated 246 bytes in 9 msecs (HTTP/1.1 404) 6 headers in 231 bytes (1 switches on core 0)
2026-06-09 02:20:26.248 7 INFO placement.requestlog [None req-80cb0882-0c18-4733-920a-d0ab040b374a 155e0e8fa2574b1f91a72761e65166b9 f96e8a323a1745da8470b52b4cc5d377 - - 3c89a6e69ae248588e6bda03bb9061e6 3c89a6e69ae248588e6bda03bb9061e6] 10.0.0.195 "DELETE /resource_providers/a246ff7b-75d2-4d38-a83e-6bcefd4b6677" status: 404 len: 246 microversion: 1.1 [pid: 7|app: 0|req: 327/655] 10.0.0.195 () {34 vars in 816 bytes} [Tue Jun 9 02:20:26 2026] DELETE /resource_providers/a246ff7b-75d2-4d38-a83e-6bcefd4b6677 => generated 246 bytes in 12 msecs (HTTP/1.1 404) 6 headers in 231 bytes (1 switches on core 0)
2026-06-09 02:20:27.113 8 INFO placement.requestlog [req-b76cd5a3-3d1f-4021-adad-0713088ed25c req-18109554-be79-41f7-9fa9-6ac55dad869e e43d102853734f499722a163f464e689 f96e8a323a1745da8470b52b4cc5d377 - - 3c89a6e69ae248588e6bda03bb9061e6 3c89a6e69ae248588e6bda03bb9061e6] 10.0.0.179 "GET /allocation_candidates?limit=1000&resources=DISK_GB%3A1%2CMEMORY_MB%3A512%2CVCPU%3A1&root_required=%21COMPUTE_STATUS_DISABLED" status: 200 len: 2781 microversion: 1.36 [pid: 8|app: 0|req: 329/656] 10.0.0.179 () {34 vars in 1012 bytes} [Tue Jun 9 02:20:26 2026] GET /allocation_candidates?limit=1000&resources=DISK_GB%3A1%2CMEMORY_MB%3A512%2CVCPU%3A1&root_required=%21COMPUTE_STATUS_DISABLED => generated 2781 bytes in 280 msecs (HTTP/1.1 200) 8 headers in 297 bytes (1 switches on core 0)
2026-06-09 02:20:27.155 7 INFO placement.requestlog [req-b76cd5a3-3d1f-4021-adad-0713088ed25c req-5b541d3b-b03a-4784-93d5-4c0a74c71aee e43d102853734f499722a163f464e689 f96e8a323a1745da8470b52b4cc5d377 - - 3c89a6e69ae248588e6bda03bb9061e6 3c89a6e69ae248588e6bda03bb9061e6] 10.0.0.179 "GET /allocations/57497ea8-dfd0-485a-af9f-cbf25b39a91f" status: 200 len: 19 microversion: 1.28 [pid: 7|app: 0|req: 328/657] 10.0.0.179 () {34 vars in 861 bytes} [Tue Jun 9 02:20:27 2026] GET /allocations/57497ea8-dfd0-485a-af9f-cbf25b39a91f => generated 19 bytes in 10 msecs (HTTP/1.1 200) 8 headers in 295 bytes (1 switches on core 0)
2026-06-09 02:20:27.255 8 INFO placement.requestlog [req-b76cd5a3-3d1f-4021-adad-0713088ed25c req-109abaf8-c145-4536-a601-4f8e782032f1 e43d102853734f499722a163f464e689 f96e8a323a1745da8470b52b4cc5d377 - - 3c89a6e69ae248588e6bda03bb9061e6 3c89a6e69ae248588e6bda03bb9061e6] 10.0.0.179 "PUT /allocations/57497ea8-dfd0-485a-af9f-cbf25b39a91f" status: 204 len: 0 microversion: 1.36 [pid: 8|app: 0|req: 330/658] 10.0.0.179 () {38 vars in 914 bytes} [Tue Jun 9 02:20:27 2026] PUT /allocations/57497ea8-dfd0-485a-af9f-cbf25b39a91f => generated 0 bytes in 93 msecs (HTTP/1.1 204) 5 headers in 199 bytes (1 switches on core 0)
2026-06-09 02:20:27.795 7 INFO placement.requestlog [req-71b5fdd3-0c8c-4ffc-a3e2-ffa80952aad7 req-9e4e1bd8-298a-4607-8760-d9ac5c2bb807 e43d102853734f499722a163f464e689 f96e8a323a1745da8470b52b4cc5d377 - - 3c89a6e69ae248588e6bda03bb9061e6 3c89a6e69ae248588e6bda03bb9061e6] 10.0.0.179 "GET /allocation_candidates?limit=1000&resources=MEMORY_MB%3A512%2CVCPU%3A1&root_required=%21COMPUTE_STATUS_DISABLED" status: 200 len: 2769 microversion: 1.36 [pid: 7|app: 0|req: 329/659] 10.0.0.179 () {34 vars in 984 bytes} [Tue Jun 9 02:20:27 2026] GET /allocation_candidates?limit=1000&resources=MEMORY_MB%3A512%2CVCPU%3A1&root_required=%21COMPUTE_STATUS_DISABLED => generated 2769 bytes in 58 msecs (HTTP/1.1 200) 8 headers in 297 bytes (1 switches on core 0)
2026-06-09 02:20:27.838 8 INFO placement.requestlog [req-71b5fdd3-0c8c-4ffc-a3e2-ffa80952aad7 req-faa54e9f-d54a-4ff4-8978-0b5f341ffe02 e43d102853734f499722a163f464e689 f96e8a323a1745da8470b52b4cc5d377 - - 3c89a6e69ae248588e6bda03bb9061e6 3c89a6e69ae248588e6bda03bb9061e6] 10.0.0.179 "GET /allocations/253dab82-48d9-413c-830a-2bf1f272350e" status: 200 len: 19 microversion: 1.28 [pid: 8|app: 0|req: 331/660] 10.0.0.179 () {34 vars in 861 bytes} [Tue Jun 9 02:20:27 2026] GET /allocations/253dab82-48d9-413c-830a-2bf1f272350e => generated 19 bytes in 12 msecs (HTTP/1.1 200) 8 headers in 295 bytes (1 switches on core 0)
2026-06-09 02:20:27.941 7 INFO placement.requestlog [req-71b5fdd3-0c8c-4ffc-a3e2-ffa80952aad7 req-41adad74-83c7-436d-a117-5dd487722a39 e43d102853734f499722a163f464e689 f96e8a323a1745da8470b52b4cc5d377 - - 3c89a6e69ae248588e6bda03bb9061e6 3c89a6e69ae248588e6bda03bb9061e6] 10.0.0.179 "PUT /allocations/253dab82-48d9-413c-830a-2bf1f272350e" status: 204 len: 0 microversion: 1.36 [pid: 7|app: 0|req: 330/661] 10.0.0.179 () {38 vars in 914 bytes} [Tue Jun 9 02:20:27 2026] PUT /allocations/253dab82-48d9-413c-830a-2bf1f272350e => generated 0 bytes in 90 msecs (HTTP/1.1 204) 5 headers in 199 bytes (1 switches on core 0)
2026-06-09 02:20:28.264 8 INFO placement.requestlog [None req-b2823fdd-0656-4b02-a6cb-f00cfdea3628 155e0e8fa2574b1f91a72761e65166b9 f96e8a323a1745da8470b52b4cc5d377 - - 3c89a6e69ae248588e6bda03bb9061e6 3c89a6e69ae248588e6bda03bb9061e6] 10.0.0.195 "GET /resource_providers/dc7e4221-64c2-427b-904e-17fc8da118a7/aggregates" status: 404 len: 235 microversion: 1.1 [pid: 8|app: 0|req: 332/662] 10.0.0.195 () {32 vars in 816 bytes} [Tue Jun 9 02:20:28 2026] GET /resource_providers/dc7e4221-64c2-427b-904e-17fc8da118a7/aggregates => generated 235 bytes in 17 msecs (HTTP/1.1 404) 5 headers in 202 bytes (1 switches on core 0)
2026-06-09 02:20:28.275 7 INFO placement.requestlog [None req-8cd8bac9-567c-4459-9507-90bd17b40a51 155e0e8fa2574b1f91a72761e65166b9 f96e8a323a1745da8470b52b4cc5d377 - - 3c89a6e69ae248588e6bda03bb9061e6 3c89a6e69ae248588e6bda03bb9061e6] 10.0.0.195 "GET /resource_providers/dc7e4221-64c2-427b-904e-17fc8da118a7/aggregates" status: 404 len: 235 microversion: 1.1 [pid: 7|app: 0|req: 331/663] 10.0.0.195 () {32 vars in 816 bytes} [Tue Jun 9 02:20:28 2026] GET /resource_providers/dc7e4221-64c2-427b-904e-17fc8da118a7/aggregates => generated 235 bytes in 19 msecs (HTTP/1.1 404) 5 headers in 202 bytes (1 switches on core 0)
2026-06-09 02:20:28.288 8 INFO placement.requestlog [None req-22e04f0c-6a70-4c74-b119-9383c053e828 155e0e8fa2574b1f91a72761e65166b9 f96e8a323a1745da8470b52b4cc5d377 - - 3c89a6e69ae248588e6bda03bb9061e6 3c89a6e69ae248588e6bda03bb9061e6] 10.0.0.195 "DELETE /resource_providers/dc7e4221-64c2-427b-904e-17fc8da118a7" status: 404 len: 246 microversion: 1.1 [pid: 8|app: 0|req: 333/664] 10.0.0.195 () {34 vars in 816 bytes} [Tue Jun 9 02:20:28 2026] DELETE /resource_providers/dc7e4221-64c2-427b-904e-17fc8da118a7 => generated 246 bytes in 14 msecs (HTTP/1.1 404) 6 headers in 231 bytes (1 switches on core 0)
2026-06-09 02:20:28.297 7 INFO placement.requestlog [None req-a89375ad-c149-4f32-bc3f-2d37f2428517 155e0e8fa2574b1f91a72761e65166b9 f96e8a323a1745da8470b52b4cc5d377 - - 3c89a6e69ae248588e6bda03bb9061e6 3c89a6e69ae248588e6bda03bb9061e6] 10.0.0.195 "DELETE /resource_providers/dc7e4221-64c2-427b-904e-17fc8da118a7" status: 404 len: 246 microversion: 1.1 [pid: 7|app: 0|req: 332/665] 10.0.0.195 () {34 vars in 816 bytes} [Tue Jun 9 02:20:28 2026] DELETE /resource_providers/dc7e4221-64c2-427b-904e-17fc8da118a7 => generated 246 bytes in 13 msecs (HTTP/1.1 404) 6 headers in 231 bytes (1 switches on core 0)
2026-06-09 02:20:28.629 8 INFO placement.requestlog [req-b76cd5a3-3d1f-4021-adad-0713088ed25c req-f1eae598-4b97-41f6-a4e4-233abcc634c1 e43d102853734f499722a163f464e689 f96e8a323a1745da8470b52b4cc5d377 - - 3c89a6e69ae248588e6bda03bb9061e6 3c89a6e69ae248588e6bda03bb9061e6] 199.204.45.140 "GET /allocations/57497ea8-dfd0-485a-af9f-cbf25b39a91f" status: 200 len: 257 microversion: 1.28 [pid: 8|app: 0|req: 334/666] 199.204.45.140 () {34 vars in 863 bytes} [Tue Jun 9 02:20:28 2026] GET /allocations/57497ea8-dfd0-485a-af9f-cbf25b39a91f => generated 257 bytes in 17 msecs (HTTP/1.1 200) 8 headers in 296 bytes (1 switches on core 0)
2026-06-09 02:20:29.580 7 INFO placement.requestlog [req-71b5fdd3-0c8c-4ffc-a3e2-ffa80952aad7 req-b8488153-5b7f-460e-8b27-aa31da4b4b93 e43d102853734f499722a163f464e689 f96e8a323a1745da8470b52b4cc5d377 - - 3c89a6e69ae248588e6bda03bb9061e6 3c89a6e69ae248588e6bda03bb9061e6] 199.204.45.140 "GET /allocations/253dab82-48d9-413c-830a-2bf1f272350e" status: 200 len: 243 microversion: 1.28 [pid: 7|app: 0|req: 333/667] 199.204.45.140 () {34 vars in 863 bytes} [Tue Jun 9 02:20:29 2026] GET /allocations/253dab82-48d9-413c-830a-2bf1f272350e => generated 243 bytes in 15 msecs (HTTP/1.1 200) 8 headers in 296 bytes (1 switches on core 0)
2026-06-09 02:20:29.667 8 INFO placement.requestlog [req-b76cd5a3-3d1f-4021-adad-0713088ed25c req-6b98663a-4807-46e9-86c5-457d2e0d8893 e43d102853734f499722a163f464e689 f96e8a323a1745da8470b52b4cc5d377 - - 3c89a6e69ae248588e6bda03bb9061e6 3c89a6e69ae248588e6bda03bb9061e6] 199.204.45.140 "GET /resource_providers/25db7632-895b-4069-83c0-c707b8dd7186/allocations" status: 200 len: 238 microversion: 1.0 [pid: 8|app: 0|req: 335/668] 199.204.45.140 () {32 vars in 857 bytes} [Tue Jun 9 02:20:29 2026] GET /resource_providers/25db7632-895b-4069-83c0-c707b8dd7186/allocations => generated 238 bytes in 19 msecs (HTTP/1.1 200) 6 headers in 224 bytes (1 switches on core 0)
2026-06-09 02:20:29.688 7 INFO placement.requestlog [req-b76cd5a3-3d1f-4021-adad-0713088ed25c req-9b24eb27-a864-4442-a394-65f82fae5e26 e43d102853734f499722a163f464e689 f96e8a323a1745da8470b52b4cc5d377 - - 3c89a6e69ae248588e6bda03bb9061e6 3c89a6e69ae248588e6bda03bb9061e6] 199.204.45.140 "GET /allocations/57497ea8-dfd0-485a-af9f-cbf25b39a91f" status: 200 len: 257 microversion: 1.28 [pid: 7|app: 0|req: 334/669] 199.204.45.140 () {34 vars in 863 bytes} [Tue Jun 9 02:20:29 2026] GET /allocations/57497ea8-dfd0-485a-af9f-cbf25b39a91f => generated 257 bytes in 15 msecs (HTTP/1.1 200) 8 headers in 296 bytes (1 switches on core 0)
2026-06-09 02:20:29.715 8 INFO placement.requestlog [req-b76cd5a3-3d1f-4021-adad-0713088ed25c req-9e8cbceb-a4bb-4d51-8b0b-c4c7c027afaa e43d102853734f499722a163f464e689 f96e8a323a1745da8470b52b4cc5d377 - - 3c89a6e69ae248588e6bda03bb9061e6 3c89a6e69ae248588e6bda03bb9061e6] 199.204.45.140 "GET /allocations/253dab82-48d9-413c-830a-2bf1f272350e" status: 200 len: 243 microversion: 1.28 [pid: 8|app: 0|req: 336/670] 199.204.45.140 () {34 vars in 863 bytes} [Tue Jun 9 02:20:29 2026] GET /allocations/253dab82-48d9-413c-830a-2bf1f272350e => generated 243 bytes in 21 msecs (HTTP/1.1 200) 8 headers in 296 bytes (1 switches on core 0)
2026-06-09 02:20:30.307 7 INFO placement.requestlog [None req-2ebd25fd-f56a-44cc-a16e-33697c41d4b2 155e0e8fa2574b1f91a72761e65166b9 f96e8a323a1745da8470b52b4cc5d377 - - 3c89a6e69ae248588e6bda03bb9061e6 3c89a6e69ae248588e6bda03bb9061e6] 10.0.0.195 "GET /resource_providers/e32f24f2-ea8b-4083-9526-4e62e06fad36/aggregates" status: 404 len: 235 microversion: 1.1 [pid: 7|app: 0|req: 335/671] 10.0.0.195 () {32 vars in 816 bytes} [Tue Jun 9 02:20:30 2026] GET /resource_providers/e32f24f2-ea8b-4083-9526-4e62e06fad36/aggregates => generated 235 bytes in 12 msecs (HTTP/1.1 404) 5 headers in 202 bytes (1 switches on core 0)
2026-06-09 02:20:30.327 8 INFO placement.requestlog [None req-ebb2b878-679e-4e40-b9f1-818c768a3f1d 155e0e8fa2574b1f91a72761e65166b9 f96e8a323a1745da8470b52b4cc5d377 - - 3c89a6e69ae248588e6bda03bb9061e6 3c89a6e69ae248588e6bda03bb9061e6] 10.0.0.195 "GET /resource_providers/e32f24f2-ea8b-4083-9526-4e62e06fad36/aggregates" status: 404 len: 235 microversion: 1.1 [pid: 8|app: 0|req: 337/672] 10.0.0.195 () {32 vars in 816 bytes} [Tue Jun 9 02:20:30 2026] GET /resource_providers/e32f24f2-ea8b-4083-9526-4e62e06fad36/aggregates => generated 235 bytes in 16 msecs (HTTP/1.1 404) 5 headers in 202 bytes (1 switches on core 0)
2026-06-09 02:20:30.330 7 INFO placement.requestlog [None req-d17bfffc-7933-423a-a167-d70e5584eb5a 155e0e8fa2574b1f91a72761e65166b9 f96e8a323a1745da8470b52b4cc5d377 - - 3c89a6e69ae248588e6bda03bb9061e6 3c89a6e69ae248588e6bda03bb9061e6] 10.0.0.195 "DELETE /resource_providers/e32f24f2-ea8b-4083-9526-4e62e06fad36" status: 404 len: 246 microversion: 1.1 [pid: 7|app: 0|req: 336/673] 10.0.0.195 () {34 vars in 816 bytes} [Tue Jun 9 02:20:30 2026] DELETE /resource_providers/e32f24f2-ea8b-4083-9526-4e62e06fad36 => generated 246 bytes in 12 msecs (HTTP/1.1 404) 6 headers in 231 bytes (1 switches on core 0)
2026-06-09 02:20:30.344 8 INFO placement.requestlog [None req-5c60b4a8-0b46-46d6-a5fb-2d7c95be7f82 155e0e8fa2574b1f91a72761e65166b9 f96e8a323a1745da8470b52b4cc5d377 - - 3c89a6e69ae248588e6bda03bb9061e6 3c89a6e69ae248588e6bda03bb9061e6] 10.0.0.195 "DELETE /resource_providers/e32f24f2-ea8b-4083-9526-4e62e06fad36" status: 404 len: 246 microversion: 1.1 [pid: 8|app: 0|req: 338/674] 10.0.0.195 () {34 vars in 816 bytes} [Tue Jun 9 02:20:30 2026] DELETE /resource_providers/e32f24f2-ea8b-4083-9526-4e62e06fad36 => generated 246 bytes in 7 msecs (HTTP/1.1 404) 6 headers in 231 bytes (1 switches on core 0)
2026-06-09 02:20:31.789 7 INFO placement.requestlog [req-9a8107b3-226e-4f9d-825d-422cb54236f7 req-a8d1441c-7d4b-4216-b314-2e7bb25bf260 e43d102853734f499722a163f464e689 f96e8a323a1745da8470b52b4cc5d377 - - 3c89a6e69ae248588e6bda03bb9061e6 3c89a6e69ae248588e6bda03bb9061e6] 199.204.45.140 "GET /resource_providers/25db7632-895b-4069-83c0-c707b8dd7186/allocations" status: 200 len: 238 microversion: 1.0 [pid: 7|app: 0|req: 337/675] 199.204.45.140 () {32 vars in 857 bytes} [Tue Jun 9 02:20:31 2026] GET /resource_providers/25db7632-895b-4069-83c0-c707b8dd7186/allocations => generated 238 bytes in 20 msecs (HTTP/1.1 200) 6 headers in 224 bytes (1 switches on core 0)
2026-06-09 02:20:32.321 8 INFO placement.requestlog [req-9a8107b3-226e-4f9d-825d-422cb54236f7 req-c839dd9c-479a-40b9-9f3b-51351e1a285c e43d102853734f499722a163f464e689 f96e8a323a1745da8470b52b4cc5d377 - - 3c89a6e69ae248588e6bda03bb9061e6 3c89a6e69ae248588e6bda03bb9061e6] 199.204.45.140 "GET /resource_providers/25db7632-895b-4069-83c0-c707b8dd7186/allocations" status: 200 len: 238 microversion: 1.0 [pid: 8|app: 0|req: 339/676] 199.204.45.140 () {32 vars in 857 bytes} [Tue Jun 9 02:20:32 2026] GET /resource_providers/25db7632-895b-4069-83c0-c707b8dd7186/allocations => generated 238 bytes in 17 msecs (HTTP/1.1 200) 6 headers in 224 bytes (1 switches on core 0)
2026-06-09 02:20:32.341 7 INFO placement.requestlog [req-9a8107b3-226e-4f9d-825d-422cb54236f7 req-3a17d195-b83b-4fe5-ba56-702b0a61c85e e43d102853734f499722a163f464e689 f96e8a323a1745da8470b52b4cc5d377 - - 3c89a6e69ae248588e6bda03bb9061e6 3c89a6e69ae248588e6bda03bb9061e6] 199.204.45.140 "GET /allocations/57497ea8-dfd0-485a-af9f-cbf25b39a91f" status: 200 len: 257 microversion: 1.28 [pid: 7|app: 0|req: 338/677] 199.204.45.140 () {34 vars in 863 bytes} [Tue Jun 9 02:20:32 2026] GET /allocations/57497ea8-dfd0-485a-af9f-cbf25b39a91f => generated 257 bytes in 12 msecs (HTTP/1.1 200) 8 headers in 296 bytes (1 switches on core 0)
2026-06-09 02:20:32.353 8 INFO placement.requestlog [None req-d854c5a8-bcf6-4def-957b-acafc5f229d5 155e0e8fa2574b1f91a72761e65166b9 f96e8a323a1745da8470b52b4cc5d377 - - 3c89a6e69ae248588e6bda03bb9061e6 3c89a6e69ae248588e6bda03bb9061e6] 10.0.0.195 "GET /resource_providers/0967f646-a19c-4aab-9e7f-1cb4e3a85ae0/aggregates" status: 404 len: 235 microversion: 1.1 [pid: 8|app: 0|req: 340/678] 10.0.0.195 () {32 vars in 816 bytes} [Tue Jun 9 02:20:32 2026] GET /resource_providers/0967f646-a19c-4aab-9e7f-1cb4e3a85ae0/aggregates => generated 235 bytes in 8 msecs (HTTP/1.1 404) 5 headers in 202 bytes (1 switches on core 0)
2026-06-09 02:20:32.358 7 INFO placement.requestlog [req-9a8107b3-226e-4f9d-825d-422cb54236f7 req-d3d77797-ccdf-495e-9cab-680d45bfa34b e43d102853734f499722a163f464e689 f96e8a323a1745da8470b52b4cc5d377 - - 3c89a6e69ae248588e6bda03bb9061e6 3c89a6e69ae248588e6bda03bb9061e6] 199.204.45.140 "GET /allocations/253dab82-48d9-413c-830a-2bf1f272350e" status: 200 len: 243 microversion: 1.28 [pid: 7|app: 0|req: 339/679] 199.204.45.140 () {34 vars in 863 bytes} [Tue Jun 9 02:20:32 2026] GET /allocations/253dab82-48d9-413c-830a-2bf1f272350e => generated 243 bytes in 10 msecs (HTTP/1.1 200) 8 headers in 296 bytes (1 switches on core 0)
2026-06-09 02:20:32.362 8 INFO placement.requestlog [None req-62cd69f6-2619-453c-8ed2-7eb88ce6408b 155e0e8fa2574b1f91a72761e65166b9 f96e8a323a1745da8470b52b4cc5d377 - - 3c89a6e69ae248588e6bda03bb9061e6 3c89a6e69ae248588e6bda03bb9061e6] 10.0.0.195 "GET /resource_providers/0967f646-a19c-4aab-9e7f-1cb4e3a85ae0/aggregates" status: 404 len: 235 microversion: 1.1 [pid: 8|app: 0|req: 341/680] 10.0.0.195 () {32 vars in 816 bytes} [Tue Jun 9 02:20:32 2026] GET /resource_providers/0967f646-a19c-4aab-9e7f-1cb4e3a85ae0/aggregates => generated 235 bytes in 8 msecs (HTTP/1.1 404) 5 headers in 202 bytes (1 switches on core 0)
2026-06-09 02:20:32.370 7 INFO placement.requestlog [None req-53cbbdaf-e388-40c6-b951-f42a5c5cd7a2 155e0e8fa2574b1f91a72761e65166b9 f96e8a323a1745da8470b52b4cc5d377 - - 3c89a6e69ae248588e6bda03bb9061e6 3c89a6e69ae248588e6bda03bb9061e6] 10.0.0.195 "DELETE /resource_providers/0967f646-a19c-4aab-9e7f-1cb4e3a85ae0" status: 404 len: 246 microversion: 1.1 [pid: 7|app: 0|req: 340/681] 10.0.0.195 () {34 vars in 816 bytes} [Tue Jun 9 02:20:32 2026] DELETE /resource_providers/0967f646-a19c-4aab-9e7f-1cb4e3a85ae0 => generated 246 bytes in 9 msecs (HTTP/1.1 404) 6 headers in 231 bytes (1 switches on core 0)
2026-06-09 02:20:32.380 8 INFO placement.requestlog [None req-1993d07a-7416-4576-9807-4ce702f2e59c 155e0e8fa2574b1f91a72761e65166b9 f96e8a323a1745da8470b52b4cc5d377 - - 3c89a6e69ae248588e6bda03bb9061e6 3c89a6e69ae248588e6bda03bb9061e6] 10.0.0.195 "DELETE /resource_providers/0967f646-a19c-4aab-9e7f-1cb4e3a85ae0" status: 404 len: 246 microversion: 1.1 [pid: 8|app: 0|req: 342/682] 10.0.0.195 () {34 vars in 816 bytes} [Tue Jun 9 02:20:32 2026] DELETE /resource_providers/0967f646-a19c-4aab-9e7f-1cb4e3a85ae0 => generated 246 bytes in 12 msecs (HTTP/1.1 404) 6 headers in 231 bytes (1 switches on core 0)
2026-06-09 02:20:32.881 7 INFO placement.requestlog [None req-f26a1b99-6a74-4ae2-8f48-ae83ff281189 - - - - - -] 10.0.0.130 "GET /" status: 200 len: 136 microversion: 1.0
2026-06-09 02:20:32.883 8 INFO placement.requestlog [None req-eb0d0ff2-9836-4a6e-b4fd-8e6ca5486a21 - - - - - -] 10.0.0.130 "GET /" status: 200 len: 136 microversion: 1.0
2026-06-09 02:20:34.214 7 INFO placement.requestlog [req-4ae4d0b3-90cc-4d36-bd67-bd6b477dd230 req-5b2f0382-b3cb-4d6e-abc0-b2fd1d31a7c6 e43d102853734f499722a163f464e689 f96e8a323a1745da8470b52b4cc5d377 - - 3c89a6e69ae248588e6bda03bb9061e6 3c89a6e69ae248588e6bda03bb9061e6] 10.0.0.179 "GET /allocation_candidates?limit=1000&resources=DISK_GB%3A1%2CMEMORY_MB%3A512%2CVCPU%3A1&root_required=%21COMPUTE_STATUS_DISABLED" status: 200 len: 2784 microversion: 1.36 [pid: 7|app: 0|req: 342/685] 10.0.0.179 () {34 vars in 1012 bytes} [Tue Jun 9 02:20:34 2026] GET /allocation_candidates?limit=1000&resources=DISK_GB%3A1%2CMEMORY_MB%3A512%2CVCPU%3A1&root_required=%21COMPUTE_STATUS_DISABLED => generated 2784 bytes in 71 msecs (HTTP/1.1 200) 8 headers in 297 bytes (1 switches on core 0)
2026-06-09 02:20:34.249 8 INFO placement.requestlog [req-4ae4d0b3-90cc-4d36-bd67-bd6b477dd230 req-7c34c2e7-fdb0-4a68-a86f-55f311686564 e43d102853734f499722a163f464e689 f96e8a323a1745da8470b52b4cc5d377 - - 3c89a6e69ae248588e6bda03bb9061e6 3c89a6e69ae248588e6bda03bb9061e6] 10.0.0.179 "GET /allocations/512a5094-00ba-4a7a-9cbc-d0c28f18e9a7" status: 200 len: 19 microversion: 1.28 [pid: 8|app: 0|req: 344/686] 10.0.0.179 () {34 vars in 861 bytes} [Tue Jun 9 02:20:34 2026] GET /allocations/512a5094-00ba-4a7a-9cbc-d0c28f18e9a7 => generated 19 bytes in 12 msecs (HTTP/1.1 200) 8 headers in 295 bytes (1 switches on core 0)
2026-06-09 02:20:34.321 7 INFO placement.requestlog [req-4ae4d0b3-90cc-4d36-bd67-bd6b477dd230 req-dad63464-afdf-43d3-9ad5-5bd5850a52d9 e43d102853734f499722a163f464e689 f96e8a323a1745da8470b52b4cc5d377 - - 3c89a6e69ae248588e6bda03bb9061e6 3c89a6e69ae248588e6bda03bb9061e6] 10.0.0.179 "PUT /allocations/512a5094-00ba-4a7a-9cbc-d0c28f18e9a7" status: 204 len: 0 microversion: 1.36 [pid: 7|app: 0|req: 343/687] 10.0.0.179 () {38 vars in 914 bytes} [Tue Jun 9 02:20:34 2026] PUT /allocations/512a5094-00ba-4a7a-9cbc-d0c28f18e9a7 => generated 0 bytes in 67 msecs (HTTP/1.1 204) 5 headers in 199 bytes (1 switches on core 0)
2026-06-09 02:20:34.419 8 INFO placement.requestlog [req-71b5fdd3-0c8c-4ffc-a3e2-ffa80952aad7 req-1f3a0bdc-2c42-43b2-985e-e8ea621aee9c e43d102853734f499722a163f464e689 f96e8a323a1745da8470b52b4cc5d377 - - 3c89a6e69ae248588e6bda03bb9061e6 3c89a6e69ae248588e6bda03bb9061e6] 199.204.45.140 "GET /resource_providers/25db7632-895b-4069-83c0-c707b8dd7186/allocations" status: 200 len: 338 microversion: 1.0 [pid: 8|app: 0|req: 345/688] 199.204.45.140 () {32 vars in 857 bytes} [Tue Jun 9 02:20:34 2026] GET /resource_providers/25db7632-895b-4069-83c0-c707b8dd7186/allocations => generated 338 bytes in 15 msecs (HTTP/1.1 200) 6 headers in 224 bytes (1 switches on core 0)
2026-06-09 02:20:34.438 7 INFO placement.requestlog [req-71b5fdd3-0c8c-4ffc-a3e2-ffa80952aad7 req-d9f872a9-f853-4b40-8aaa-382223d901bd e43d102853734f499722a163f464e689 f96e8a323a1745da8470b52b4cc5d377 - - 3c89a6e69ae248588e6bda03bb9061e6 3c89a6e69ae248588e6bda03bb9061e6] 199.204.45.140 "GET /allocations/512a5094-00ba-4a7a-9cbc-d0c28f18e9a7" status: 200 len: 257 microversion: 1.28 [pid: 7|app: 0|req: 344/689] 199.204.45.140 () {34 vars in 863 bytes} [Tue Jun 9 02:20:34 2026] GET /allocations/512a5094-00ba-4a7a-9cbc-d0c28f18e9a7 => generated 257 bytes in 11 msecs (HTTP/1.1 200) 8 headers in 296 bytes (1 switches on core 0)
2026-06-09 02:20:34.456 8 INFO placement.requestlog [req-71b5fdd3-0c8c-4ffc-a3e2-ffa80952aad7 req-d9299e9d-8c74-4771-ade8-cc362b322ba1 e43d102853734f499722a163f464e689 f96e8a323a1745da8470b52b4cc5d377 - - 3c89a6e69ae248588e6bda03bb9061e6 3c89a6e69ae248588e6bda03bb9061e6] 199.204.45.140 "GET /allocations/57497ea8-dfd0-485a-af9f-cbf25b39a91f" status: 200 len: 257 microversion: 1.28 [pid: 8|app: 0|req: 346/690] 199.204.45.140 () {34 vars in 863 bytes} [Tue Jun 9 02:20:34 2026] GET /allocations/57497ea8-dfd0-485a-af9f-cbf25b39a91f => generated 257 bytes in 11 msecs (HTTP/1.1 200) 8 headers in 296 bytes (1 switches on core 0)
2026-06-09 02:20:34.476 7 INFO placement.requestlog [req-71b5fdd3-0c8c-4ffc-a3e2-ffa80952aad7 req-359abba1-708b-4421-bbe3-d21158096c3a e43d102853734f499722a163f464e689 f96e8a323a1745da8470b52b4cc5d377 - - 3c89a6e69ae248588e6bda03bb9061e6 3c89a6e69ae248588e6bda03bb9061e6] 199.204.45.140 "GET /allocations/253dab82-48d9-413c-830a-2bf1f272350e" status: 200 len: 243 microversion: 1.28 [pid: 7|app: 0|req: 345/691] 199.204.45.140 () {34 vars in 863 bytes} [Tue Jun 9 02:20:34 2026] GET /allocations/253dab82-48d9-413c-830a-2bf1f272350e => generated 243 bytes in 14 msecs (HTTP/1.1 200) 8 headers in 296 bytes (1 switches on core 0)
2026-06-09 02:20:35.791 8 INFO placement.requestlog [req-4ae4d0b3-90cc-4d36-bd67-bd6b477dd230 req-dc5ecaea-340c-4aba-9800-bec086a3eceb e43d102853734f499722a163f464e689 f96e8a323a1745da8470b52b4cc5d377 - - 3c89a6e69ae248588e6bda03bb9061e6 3c89a6e69ae248588e6bda03bb9061e6] 199.204.45.140 "GET /allocations/512a5094-00ba-4a7a-9cbc-d0c28f18e9a7" status: 200 len: 257 microversion: 1.28 [pid: 8|app: 0|req: 347/692] 199.204.45.140 () {34 vars in 863 bytes} [Tue Jun 9 02:20:35 2026] GET /allocations/512a5094-00ba-4a7a-9cbc-d0c28f18e9a7 => generated 257 bytes in 13 msecs (HTTP/1.1 200) 8 headers in 296 bytes (1 switches on core 0)
2026-06-09 02:20:36.847 7 INFO placement.requestlog [req-4ae4d0b3-90cc-4d36-bd67-bd6b477dd230 req-d914f82a-aafe-4c59-9d72-c948c19beb7b e43d102853734f499722a163f464e689 f96e8a323a1745da8470b52b4cc5d377 - - 3c89a6e69ae248588e6bda03bb9061e6 3c89a6e69ae248588e6bda03bb9061e6] 199.204.45.140 "GET /resource_providers/25db7632-895b-4069-83c0-c707b8dd7186/allocations" status: 200 len: 338 microversion: 1.0 [pid: 7|app: 0|req: 346/693] 199.204.45.140 () {32 vars in 857 bytes} [Tue Jun 9 02:20:36 2026] GET /resource_providers/25db7632-895b-4069-83c0-c707b8dd7186/allocations => generated 338 bytes in 33 msecs (HTTP/1.1 200) 6 headers in 224 bytes (1 switches on core 0)
2026-06-09 02:20:36.879 8 INFO placement.requestlog [req-4ae4d0b3-90cc-4d36-bd67-bd6b477dd230 req-0549d71c-c8b8-4ece-a47c-154d94622ce5 e43d102853734f499722a163f464e689 f96e8a323a1745da8470b52b4cc5d377 - - 3c89a6e69ae248588e6bda03bb9061e6 3c89a6e69ae248588e6bda03bb9061e6] 199.204.45.140 "GET /allocations/512a5094-00ba-4a7a-9cbc-d0c28f18e9a7" status: 200 len: 257 microversion: 1.28 [pid: 8|app: 0|req: 348/694] 199.204.45.140 () {34 vars in 863 bytes} [Tue Jun 9 02:20:36 2026] GET /allocations/512a5094-00ba-4a7a-9cbc-d0c28f18e9a7 => generated 257 bytes in 24 msecs (HTTP/1.1 200) 8 headers in 296 bytes (1 switches on core 0)
2026-06-09 02:20:36.902 7 INFO placement.requestlog [req-4ae4d0b3-90cc-4d36-bd67-bd6b477dd230 req-7c43d384-df0a-43a7-9dff-e6d8dacad854 e43d102853734f499722a163f464e689 f96e8a323a1745da8470b52b4cc5d377 - - 3c89a6e69ae248588e6bda03bb9061e6 3c89a6e69ae248588e6bda03bb9061e6] 199.204.45.140 "GET /allocations/57497ea8-dfd0-485a-af9f-cbf25b39a91f" status: 200 len: 257 microversion: 1.28 [pid: 7|app: 0|req: 347/695] 199.204.45.140 () {34 vars in 863 bytes} [Tue Jun 9 02:20:36 2026] GET /allocations/57497ea8-dfd0-485a-af9f-cbf25b39a91f => generated 257 bytes in 14 msecs (HTTP/1.1 200) 8 headers in 296 bytes (1 switches on core 0)
2026-06-09 02:20:36.923 8 INFO placement.requestlog [req-4ae4d0b3-90cc-4d36-bd67-bd6b477dd230 req-b4c2de4f-a923-4e66-9be7-2cee03713b92 e43d102853734f499722a163f464e689 f96e8a323a1745da8470b52b4cc5d377 - - 3c89a6e69ae248588e6bda03bb9061e6 3c89a6e69ae248588e6bda03bb9061e6] 199.204.45.140 "GET /allocations/253dab82-48d9-413c-830a-2bf1f272350e" status: 200 len: 243 microversion: 1.28 [pid: 8|app: 0|req: 349/696] 199.204.45.140 () {34 vars in 863 bytes} [Tue Jun 9 02:20:36 2026] GET /allocations/253dab82-48d9-413c-830a-2bf1f272350e => generated 243 bytes in 16 msecs (HTTP/1.1 200) 8 headers in 296 bytes (1 switches on core 0)
2026-06-09 02:20:42.882 7 INFO placement.requestlog [None req-c18841fe-b252-48dc-975c-dd1817c06b8b - - - - - -] 10.0.0.130 "GET /" status: 200 len: 136 microversion: 1.0
2026-06-09 02:20:42.885 8 INFO placement.requestlog [None req-3113f4d2-bc2f-44a9-94aa-5bc76f6a01d0 - - - - - -] 10.0.0.130 "GET /" status: 200 len: 136 microversion: 1.0
2026-06-09 02:20:52.883 7 INFO placement.requestlog [None req-57ae1511-7835-4a15-b6b7-c3460ee51971 - - - - - -] 10.0.0.130 "GET /" status: 200 len: 136 microversion: 1.0
2026-06-09 02:20:52.884 8 INFO placement.requestlog [None req-cb2b24a9-1039-41fe-b6ba-43a34318a885 - - - - - -] 10.0.0.130 "GET /" status: 200 len: 136 microversion: 1.0
2026-06-09 02:20:53.191 7 INFO placement.requestlog [req-6fd3354e-5241-42e2-b7c3-c4b2d9450564 req-8668f9a5-f5d8-403f-ac7b-6096969db0b6 e43d102853734f499722a163f464e689 f96e8a323a1745da8470b52b4cc5d377 - - 3c89a6e69ae248588e6bda03bb9061e6 3c89a6e69ae248588e6bda03bb9061e6] 199.204.45.140 "GET /resource_providers/25db7632-895b-4069-83c0-c707b8dd7186/allocations" status: 200 len: 338 microversion: 1.0 [pid: 7|app: 0|req: 350/701] 199.204.45.140 () {32 vars in 857 bytes} [Tue Jun 9 02:20:53 2026] GET /resource_providers/25db7632-895b-4069-83c0-c707b8dd7186/allocations => generated 338 bytes in 18 msecs (HTTP/1.1 200) 6 headers in 224 bytes (1 switches on core 0)
2026-06-09 02:20:53.212 8 INFO placement.requestlog [req-6fd3354e-5241-42e2-b7c3-c4b2d9450564 req-4163b4b5-9159-443a-8607-5e5648962cbc e43d102853734f499722a163f464e689 f96e8a323a1745da8470b52b4cc5d377 - - 3c89a6e69ae248588e6bda03bb9061e6 3c89a6e69ae248588e6bda03bb9061e6] 199.204.45.140 "GET /allocations/512a5094-00ba-4a7a-9cbc-d0c28f18e9a7" status: 200 len: 257 microversion: 1.28 [pid: 8|app: 0|req: 352/702] 199.204.45.140 () {34 vars in 863 bytes} [Tue Jun 9 02:20:53 2026] GET /allocations/512a5094-00ba-4a7a-9cbc-d0c28f18e9a7 => generated 257 bytes in 13 msecs (HTTP/1.1 200) 8 headers in 296 bytes (1 switches on core 0)
2026-06-09 02:20:53.233 7 INFO placement.requestlog [req-6fd3354e-5241-42e2-b7c3-c4b2d9450564 req-991bce59-83f2-4ce3-a2ea-928db2f13811 e43d102853734f499722a163f464e689 f96e8a323a1745da8470b52b4cc5d377 - - 3c89a6e69ae248588e6bda03bb9061e6 3c89a6e69ae248588e6bda03bb9061e6] 199.204.45.140 "GET /allocations/57497ea8-dfd0-485a-af9f-cbf25b39a91f" status: 200 len: 257 microversion: 1.28 [pid: 7|app: 0|req: 351/703] 199.204.45.140 () {34 vars in 863 bytes} [Tue Jun 9 02:20:53 2026] GET /allocations/57497ea8-dfd0-485a-af9f-cbf25b39a91f => generated 257 bytes in 15 msecs (HTTP/1.1 200) 8 headers in 296 bytes (1 switches on core 0)
