Apr 02 19:07:12.750737 np0000163143 nova-conductor[109703]: DEBUG cotyledon.oslo_config_glue [-] vnc.enabled = True {{(pid=109703) log_opt_values /opt/stack/data/venv/lib/python3.12/site-packages/oslo_config/cfg.py:3006}}
Apr 02 19:07:12.750737 np0000163143 nova-conductor[109703]: DEBUG cotyledon.oslo_config_glue [-] vnc.novncproxy_base_url = http://127.0.0.1:6080/vnc_auto.html {{(pid=109703) log_opt_values /opt/stack/data/venv/lib/python3.12/site-packages/oslo_config/cfg.py:3006}}
Apr 02 19:07:12.750737 np0000163143 nova-conductor[109703]: DEBUG cotyledon.oslo_config_glue [-] vnc.novncproxy_host = 0.0.0.0 {{(pid=109703) log_opt_values /opt/stack/data/venv/lib/python3.12/site-packages/oslo_config/cfg.py:3006}}
Apr 02 19:07:12.750737 np0000163143 nova-conductor[109703]: DEBUG cotyledon.oslo_config_glue [-] vnc.novncproxy_port = 6080 {{(pid=109703) log_opt_values /opt/stack/data/venv/lib/python3.12/site-packages/oslo_config/cfg.py:3006}}
Apr 02 19:07:12.750737 np0000163143 nova-conductor[109703]: DEBUG cotyledon.oslo_config_glue [-] vnc.server_listen = 127.0.0.1 {{(pid=109703) log_opt_values /opt/stack/data/venv/lib/python3.12/site-packages/oslo_config/cfg.py:3006}}
Apr 02 19:07:12.750737 np0000163143 nova-conductor[109703]: DEBUG cotyledon.oslo_config_glue [-] vnc.server_proxyclient_address = 127.0.0.1 {{(pid=109703) log_opt_values /opt/stack/data/venv/lib/python3.12/site-packages/oslo_config/cfg.py:3006}}
Apr 02 19:07:12.750737 np0000163143 nova-conductor[109703]: DEBUG cotyledon.oslo_config_glue [-] vnc.vencrypt_ca_certs = None {{(pid=109703) log_opt_values /opt/stack/data/venv/lib/python3.12/site-packages/oslo_config/cfg.py:3006}}
Apr 02 19:07:12.750737 np0000163143 nova-conductor[109703]: DEBUG cotyledon.oslo_config_glue [-] vnc.vencrypt_client_cert = None {{(pid=109703) log_opt_values /opt/stack/data/venv/lib/python3.12/site-packages/oslo_config/cfg.py:3006}}
Apr 02 19:07:12.750737 np0000163143 nova-conductor[109703]: DEBUG cotyledon.oslo_config_glue [-] vnc.vencrypt_client_key = None {{(pid=109703) log_opt_values /opt/stack/data/venv/lib/python3.12/site-packages/oslo_config/cfg.py:3006}}
Apr 02 19:07:12.750946 np0000163143 nova-conductor[109703]: DEBUG cotyledon.oslo_config_glue [-] workarounds.disable_compute_service_check_for_ffu = False {{(pid=109703) log_opt_values /opt/stack/data/venv/lib/python3.12/site-packages/oslo_config/cfg.py:3006}}
Apr 02 19:07:12.750946 np0000163143 nova-conductor[109703]: DEBUG cotyledon.oslo_config_glue [-] workarounds.disable_deep_image_inspection = False {{(pid=109703) log_opt_values /opt/stack/data/venv/lib/python3.12/site-packages/oslo_config/cfg.py:3006}}
Apr 02 19:07:12.750946 np0000163143 nova-conductor[109703]: DEBUG cotyledon.oslo_config_glue [-] workarounds.disable_fallback_pcpu_query = False {{(pid=109703) log_opt_values /opt/stack/data/venv/lib/python3.12/site-packages/oslo_config/cfg.py:3006}}
Apr 02 19:07:12.750946 np0000163143 nova-conductor[109703]: DEBUG cotyledon.oslo_config_glue [-] workarounds.disable_group_policy_check_upcall = False {{(pid=109703) log_opt_values /opt/stack/data/venv/lib/python3.12/site-packages/oslo_config/cfg.py:3006}}
Apr 02 19:07:12.750946 np0000163143 nova-conductor[109703]: DEBUG cotyledon.oslo_config_glue [-] workarounds.disable_libvirt_livesnapshot = False {{(pid=109703) log_opt_values /opt/stack/data/venv/lib/python3.12/site-packages/oslo_config/cfg.py:3006}}
Apr 02 19:07:12.750946 np0000163143 nova-conductor[109703]: DEBUG cotyledon.oslo_config_glue [-] workarounds.disable_rootwrap = False {{(pid=109703) log_opt_values /opt/stack/data/venv/lib/python3.12/site-packages/oslo_config/cfg.py:3006}}
Apr 02 19:07:12.750946 np0000163143 nova-conductor[109703]: DEBUG cotyledon.oslo_config_glue [-] workarounds.enable_numa_live_migration = False {{(pid=109703) log_opt_values /opt/stack/data/venv/lib/python3.12/site-packages/oslo_config/cfg.py:3006}}
Apr 02 19:07:12.750946 np0000163143 nova-conductor[109703]: DEBUG cotyledon.oslo_config_glue [-] workarounds.enable_qemu_monitor_announce_self = False {{(pid=109703) log_opt_values /opt/stack/data/venv/lib/python3.12/site-packages/oslo_config/cfg.py:3006}}
Apr 02 19:07:12.750946 np0000163143 nova-conductor[109703]: DEBUG cotyledon.oslo_config_glue [-] workarounds.ensure_libvirt_rbd_instance_dir_cleanup = False {{(pid=109703) log_opt_values /opt/stack/data/venv/lib/python3.12/site-packages/oslo_config/cfg.py:3006}}
Apr 02 19:07:12.751153 np0000163143 nova-conductor[109703]: DEBUG cotyledon.oslo_config_glue [-] workarounds.handle_virt_lifecycle_events = True {{(pid=109703) log_opt_values /opt/stack/data/venv/lib/python3.12/site-packages/oslo_config/cfg.py:3006}}
Apr 02 19:07:12.751153 np0000163143 nova-conductor[109703]: DEBUG cotyledon.oslo_config_glue [-] workarounds.libvirt_disable_apic = False {{(pid=109703) log_opt_values /opt/stack/data/venv/lib/python3.12/site-packages/oslo_config/cfg.py:3006}}
Apr 02 19:07:12.751153 np0000163143 nova-conductor[109703]: DEBUG cotyledon.oslo_config_glue [-] workarounds.never_download_image_if_on_rbd = False {{(pid=109703) log_opt_values /opt/stack/data/venv/lib/python3.12/site-packages/oslo_config/cfg.py:3006}}
Apr 02 19:07:12.751153 np0000163143 nova-conductor[109703]: DEBUG cotyledon.oslo_config_glue [-] workarounds.qemu_monitor_announce_self_count = 3 {{(pid=109703) log_opt_values /opt/stack/data/venv/lib/python3.12/site-packages/oslo_config/cfg.py:3006}}
Apr 02 19:07:12.751153 np0000163143 nova-conductor[109703]: DEBUG cotyledon.oslo_config_glue [-] workarounds.qemu_monitor_announce_self_interval = 1 {{(pid=109703) log_opt_values /opt/stack/data/venv/lib/python3.12/site-packages/oslo_config/cfg.py:3006}}
Apr 02 19:07:12.751153 np0000163143 nova-conductor[109703]: DEBUG cotyledon.oslo_config_glue [-] workarounds.reserve_disk_resource_for_image_cache = False {{(pid=109703) log_opt_values /opt/stack/data/venv/lib/python3.12/site-packages/oslo_config/cfg.py:3006}}
Apr 02 19:07:12.751153 np0000163143 nova-conductor[109703]: DEBUG cotyledon.oslo_config_glue [-] workarounds.skip_cpu_compare_at_startup = False {{(pid=109703) log_opt_values /opt/stack/data/venv/lib/python3.12/site-packages/oslo_config/cfg.py:3006}}
Apr 02 19:07:12.751153 np0000163143 nova-conductor[109703]: DEBUG cotyledon.oslo_config_glue [-] workarounds.skip_cpu_compare_on_dest = False {{(pid=109703) log_opt_values /opt/stack/data/venv/lib/python3.12/site-packages/oslo_config/cfg.py:3006}}
Apr 02 19:07:12.751153 np0000163143 nova-conductor[109703]: DEBUG cotyledon.oslo_config_glue [-] workarounds.skip_hypervisor_version_check_on_lm = False {{(pid=109703) log_opt_values /opt/stack/data/venv/lib/python3.12/site-packages/oslo_config/cfg.py:3006}}
Apr 02 19:07:12.751371 np0000163143 nova-conductor[109703]: DEBUG cotyledon.oslo_config_glue [-] workarounds.skip_reserve_in_use_ironic_nodes = False {{(pid=109703) log_opt_values /opt/stack/data/venv/lib/python3.12/site-packages/oslo_config/cfg.py:3006}}
Apr 02 19:07:12.751371 np0000163143 nova-conductor[109703]: DEBUG cotyledon.oslo_config_glue [-] workarounds.unified_limits_count_pcpu_as_vcpu = False {{(pid=109703) log_opt_values /opt/stack/data/venv/lib/python3.12/site-packages/oslo_config/cfg.py:3006}}
Apr 02 19:07:12.751371 np0000163143 nova-conductor[109703]: DEBUG cotyledon.oslo_config_glue [-] workarounds.wait_for_vif_plugged_event_during_hard_reboot = [] {{(pid=109703) log_opt_values /opt/stack/data/venv/lib/python3.12/site-packages/oslo_config/cfg.py:3006}}
Apr 02 19:07:12.751371 np0000163143 nova-conductor[109703]: DEBUG cotyledon.oslo_config_glue [-] wsgi.api_paste_config = /etc/nova/api-paste.ini {{(pid=109703) log_opt_values /opt/stack/data/venv/lib/python3.12/site-packages/oslo_config/cfg.py:3006}}
Apr 02 19:07:12.751371 np0000163143 nova-conductor[109703]: DEBUG cotyledon.oslo_config_glue [-] wsgi.secure_proxy_ssl_header = None {{(pid=109703) log_opt_values /opt/stack/data/venv/lib/python3.12/site-packages/oslo_config/cfg.py:3006}}
Apr 02 19:07:12.751371 np0000163143 nova-conductor[109703]: DEBUG cotyledon.oslo_config_glue [-] zvm.ca_file = None {{(pid=109703) log_opt_values /opt/stack/data/venv/lib/python3.12/site-packages/oslo_config/cfg.py:3006}}
Apr 02 19:07:12.751371 np0000163143 nova-conductor[109703]: DEBUG cotyledon.oslo_config_glue [-] zvm.cloud_connector_url = None {{(pid=109703) log_opt_values /opt/stack/data/venv/lib/python3.12/site-packages/oslo_config/cfg.py:3006}}
Apr 02 19:07:12.751371 np0000163143 nova-conductor[109703]: DEBUG cotyledon.oslo_config_glue [-] zvm.image_tmp_path = /opt/stack/data/nova/images {{(pid=109703) log_opt_values /opt/stack/data/venv/lib/python3.12/site-packages/oslo_config/cfg.py:3006}}
Apr 02 19:07:12.751371 np0000163143 nova-conductor[109703]: DEBUG cotyledon.oslo_config_glue [-] zvm.reachable_timeout = 300 {{(pid=109703) log_opt_values /opt/stack/data/venv/lib/python3.12/site-packages/oslo_config/cfg.py:3006}}
Apr 02 19:07:12.751591 np0000163143 nova-conductor[109703]: DEBUG cotyledon.oslo_config_glue [-] oslo_versionedobjects.fatal_exception_format_errors = False {{(pid=109703) log_opt_values /opt/stack/data/venv/lib/python3.12/site-packages/oslo_config/cfg.py:3006}}
Apr 02 19:07:12.751591 np0000163143 nova-conductor[109703]: DEBUG cotyledon.oslo_config_glue [-] oslo_middleware.http_basic_auth_user_file = /etc/htpasswd {{(pid=109703) log_opt_values /opt/stack/data/venv/lib/python3.12/site-packages/oslo_config/cfg.py:3006}}
Apr 02 19:07:12.751591 np0000163143 nova-conductor[109703]: DEBUG cotyledon.oslo_config_glue [-] profiler.connection_string = messaging:// {{(pid=109703) log_opt_values /opt/stack/data/venv/lib/python3.12/site-packages/oslo_config/cfg.py:3006}}
Apr 02 19:07:12.751591 np0000163143 nova-conductor[109703]: DEBUG cotyledon.oslo_config_glue [-] profiler.enabled = False {{(pid=109703) log_opt_values /opt/stack/data/venv/lib/python3.12/site-packages/oslo_config/cfg.py:3006}}
Apr 02 19:07:12.751591 np0000163143 nova-conductor[109703]: DEBUG cotyledon.oslo_config_glue [-] profiler.es_doc_type = notification {{(pid=109703) log_opt_values /opt/stack/data/venv/lib/python3.12/site-packages/oslo_config/cfg.py:3006}}
Apr 02 19:07:12.751591 np0000163143 nova-conductor[109703]: DEBUG cotyledon.oslo_config_glue [-] profiler.es_scroll_size = 10000 {{(pid=109703) log_opt_values /opt/stack/data/venv/lib/python3.12/site-packages/oslo_config/cfg.py:3006}}
Apr 02 19:07:12.751591 np0000163143 nova-conductor[109703]: DEBUG cotyledon.oslo_config_glue [-] profiler.es_scroll_time = 2m {{(pid=109703) log_opt_values /opt/stack/data/venv/lib/python3.12/site-packages/oslo_config/cfg.py:3006}}
Apr 02 19:07:12.751591 np0000163143 nova-conductor[109703]: DEBUG cotyledon.oslo_config_glue [-] profiler.filter_error_trace = False {{(pid=109703) log_opt_values /opt/stack/data/venv/lib/python3.12/site-packages/oslo_config/cfg.py:3006}}
Apr 02 19:07:12.751591 np0000163143 nova-conductor[109703]: DEBUG cotyledon.oslo_config_glue [-] profiler.hmac_keys = **** {{(pid=109703) log_opt_values /opt/stack/data/venv/lib/python3.12/site-packages/oslo_config/cfg.py:3006}}
Apr 02 19:07:12.751872 np0000163143 nova-conductor[109703]: DEBUG cotyledon.oslo_config_glue [-] profiler.sentinel_service_name = mymaster {{(pid=109703) log_opt_values /opt/stack/data/venv/lib/python3.12/site-packages/oslo_config/cfg.py:3006}}
Apr 02 19:07:12.751872 np0000163143 nova-conductor[109703]: DEBUG cotyledon.oslo_config_glue [-] profiler.socket_timeout = 0.1 {{(pid=109703) log_opt_values /opt/stack/data/venv/lib/python3.12/site-packages/oslo_config/cfg.py:3006}}
Apr 02 19:07:12.751872 np0000163143 nova-conductor[109703]: DEBUG cotyledon.oslo_config_glue [-] profiler.trace_requests = False {{(pid=109703) log_opt_values /opt/stack/data/venv/lib/python3.12/site-packages/oslo_config/cfg.py:3006}}
Apr 02 19:07:12.751872 np0000163143 nova-conductor[109703]: DEBUG cotyledon.oslo_config_glue [-] profiler.trace_sqlalchemy = False {{(pid=109703) log_opt_values /opt/stack/data/venv/lib/python3.12/site-packages/oslo_config/cfg.py:3006}}
Apr 02 19:07:12.751872 np0000163143 nova-conductor[109703]: DEBUG cotyledon.oslo_config_glue [-] profiler_jaeger.process_tags = {} {{(pid=109703) log_opt_values /opt/stack/data/venv/lib/python3.12/site-packages/oslo_config/cfg.py:3006}}
Apr 02 19:07:12.751872 np0000163143 nova-conductor[109703]: DEBUG cotyledon.oslo_config_glue [-] profiler_jaeger.service_name_prefix = None {{(pid=109703) log_opt_values /opt/stack/data/venv/lib/python3.12/site-packages/oslo_config/cfg.py:3006}}
Apr 02 19:07:12.751872 np0000163143 nova-conductor[109703]: DEBUG cotyledon.oslo_config_glue [-] profiler_otlp.service_name_prefix = None {{(pid=109703) log_opt_values /opt/stack/data/venv/lib/python3.12/site-packages/oslo_config/cfg.py:3006}}
Apr 02 19:07:12.751872 np0000163143 nova-conductor[109703]: DEBUG cotyledon.oslo_config_glue [-] oslo_messaging_rabbit.amqp_auto_delete = False {{(pid=109703) log_opt_values /opt/stack/data/venv/lib/python3.12/site-packages/oslo_config/cfg.py:3006}}
Apr 02 19:07:12.751872 np0000163143 nova-conductor[109703]: DEBUG cotyledon.oslo_config_glue [-] oslo_messaging_rabbit.amqp_durable_queues = False {{(pid=109703) log_opt_values /opt/stack/data/venv/lib/python3.12/site-packages/oslo_config/cfg.py:3006}}
Apr 02 19:07:12.752068 np0000163143 nova-conductor[109703]: DEBUG cotyledon.oslo_config_glue [-] oslo_messaging_rabbit.conn_pool_min_size = 2 {{(pid=109703) log_opt_values /opt/stack/data/venv/lib/python3.12/site-packages/oslo_config/cfg.py:3006}}
Apr 02 19:07:12.752068 np0000163143 nova-conductor[109703]: DEBUG cotyledon.oslo_config_glue [-] oslo_messaging_rabbit.conn_pool_ttl = 1200 {{(pid=109703) log_opt_values /opt/stack/data/venv/lib/python3.12/site-packages/oslo_config/cfg.py:3006}}
Apr 02 19:07:12.752068 np0000163143 nova-conductor[109703]: DEBUG cotyledon.oslo_config_glue [-] oslo_messaging_rabbit.direct_mandatory_flag = True {{(pid=109703) log_opt_values /opt/stack/data/venv/lib/python3.12/site-packages/oslo_config/cfg.py:3006}}
Apr 02 19:07:12.752068 np0000163143 nova-conductor[109703]: DEBUG cotyledon.oslo_config_glue [-] oslo_messaging_rabbit.enable_cancel_on_failover = False {{(pid=109703) log_opt_values /opt/stack/data/venv/lib/python3.12/site-packages/oslo_config/cfg.py:3006}}
Apr 02 19:07:12.752068 np0000163143 nova-conductor[109703]: DEBUG cotyledon.oslo_config_glue [-] oslo_messaging_rabbit.heartbeat_in_pthread = False {{(pid=109703) log_opt_values /opt/stack/data/venv/lib/python3.12/site-packages/oslo_config/cfg.py:3006}}
Apr 02 19:07:12.752068 np0000163143 nova-conductor[109703]: DEBUG cotyledon.oslo_config_glue [-] oslo_messaging_rabbit.heartbeat_rate = 3 {{(pid=109703) log_opt_values /opt/stack/data/venv/lib/python3.12/site-packages/oslo_config/cfg.py:3006}}
Apr 02 19:07:12.752068 np0000163143 nova-conductor[109703]: DEBUG cotyledon.oslo_config_glue [-] oslo_messaging_rabbit.heartbeat_timeout_threshold = 60 {{(pid=109703) log_opt_values /opt/stack/data/venv/lib/python3.12/site-packages/oslo_config/cfg.py:3006}}
Apr 02 19:07:12.752068 np0000163143 nova-conductor[109703]: DEBUG cotyledon.oslo_config_glue [-] oslo_messaging_rabbit.hostname = np0000163143 {{(pid=109703) log_opt_values /opt/stack/data/venv/lib/python3.12/site-packages/oslo_config/cfg.py:3006}}
Apr 02 19:07:12.752068 np0000163143 nova-conductor[109703]: DEBUG cotyledon.oslo_config_glue [-] oslo_messaging_rabbit.kombu_compression = None {{(pid=109703) log_opt_values /opt/stack/data/venv/lib/python3.12/site-packages/oslo_config/cfg.py:3006}}
Apr 02 19:07:12.752266 np0000163143 nova-conductor[109703]: DEBUG cotyledon.oslo_config_glue [-] oslo_messaging_rabbit.kombu_failover_strategy = round-robin {{(pid=109703) log_opt_values /opt/stack/data/venv/lib/python3.12/site-packages/oslo_config/cfg.py:3006}}
Apr 02 19:07:12.752266 np0000163143 nova-conductor[109703]: DEBUG cotyledon.oslo_config_glue [-] oslo_messaging_rabbit.kombu_missing_consumer_retry_timeout = 60 {{(pid=109703) log_opt_values /opt/stack/data/venv/lib/python3.12/site-packages/oslo_config/cfg.py:3006}}
Apr 02 19:07:12.752266 np0000163143 nova-conductor[109703]: DEBUG cotyledon.oslo_config_glue [-] oslo_messaging_rabbit.kombu_reconnect_delay = 1.0 {{(pid=109703) log_opt_values /opt/stack/data/venv/lib/python3.12/site-packages/oslo_config/cfg.py:3006}}
Apr 02 19:07:12.752266 np0000163143 nova-conductor[109703]: DEBUG cotyledon.oslo_config_glue [-] oslo_messaging_rabbit.kombu_reconnect_splay = 0.0 {{(pid=109703) log_opt_values /opt/stack/data/venv/lib/python3.12/site-packages/oslo_config/cfg.py:3006}}
Apr 02 19:07:12.752266 np0000163143 nova-conductor[109703]: DEBUG cotyledon.oslo_config_glue [-] oslo_messaging_rabbit.processname = nova-conductor {{(pid=109703) log_opt_values /opt/stack/data/venv/lib/python3.12/site-packages/oslo_config/cfg.py:3006}}
Apr 02 19:07:12.752266 np0000163143 nova-conductor[109703]: DEBUG cotyledon.oslo_config_glue [-] oslo_messaging_rabbit.rabbit_ha_queues = False {{(pid=109703) log_opt_values /opt/stack/data/venv/lib/python3.12/site-packages/oslo_config/cfg.py:3006}}
Apr 02 19:07:12.752266 np0000163143 nova-conductor[109703]: DEBUG cotyledon.oslo_config_glue [-] oslo_messaging_rabbit.rabbit_interval_max = 30 {{(pid=109703) log_opt_values /opt/stack/data/venv/lib/python3.12/site-packages/oslo_config/cfg.py:3006}}
Apr 02 19:07:12.752266 np0000163143 nova-conductor[109703]: DEBUG cotyledon.oslo_config_glue [-] oslo_messaging_rabbit.rabbit_login_method = AMQPLAIN {{(pid=109703) log_opt_values /opt/stack/data/venv/lib/python3.12/site-packages/oslo_config/cfg.py:3006}}
Apr 02 19:07:12.752654 np0000163143 nova-conductor[109703]: DEBUG cotyledon.oslo_config_glue [-] oslo_messaging_rabbit.rabbit_qos_prefetch_count = 0 {{(pid=109703) log_opt_values /opt/stack/data/venv/lib/python3.12/site-packages/oslo_config/cfg.py:3006}}
Apr 02 19:07:12.752654 np0000163143 nova-conductor[109703]: DEBUG cotyledon.oslo_config_glue [-] oslo_messaging_rabbit.rabbit_quorum_delivery_limit = 0 {{(pid=109703) log_opt_values /opt/stack/data/venv/lib/python3.12/site-packages/oslo_config/cfg.py:3006}}
Apr 02 19:07:12.752654 np0000163143 nova-conductor[109703]: DEBUG cotyledon.oslo_config_glue [-] oslo_messaging_rabbit.rabbit_quorum_max_memory_bytes = 0 {{(pid=109703) log_opt_values /opt/stack/data/venv/lib/python3.12/site-packages/oslo_config/cfg.py:3006}}
Apr 02 19:07:12.752654 np0000163143 nova-conductor[109703]: DEBUG cotyledon.oslo_config_glue [-] oslo_messaging_rabbit.rabbit_quorum_max_memory_length = 0 {{(pid=109703) log_opt_values /opt/stack/data/venv/lib/python3.12/site-packages/oslo_config/cfg.py:3006}}
Apr 02 19:07:12.752654 np0000163143 nova-conductor[109703]: DEBUG cotyledon.oslo_config_glue [-] oslo_messaging_rabbit.rabbit_quorum_queue = False {{(pid=109703) log_opt_values /opt/stack/data/venv/lib/python3.12/site-packages/oslo_config/cfg.py:3006}}
Apr 02 19:07:12.752654 np0000163143 nova-conductor[109703]: DEBUG cotyledon.oslo_config_glue [-] oslo_messaging_rabbit.rabbit_retry_backoff = 2 {{(pid=109703) log_opt_values /opt/stack/data/venv/lib/python3.12/site-packages/oslo_config/cfg.py:3006}}
Apr 02 19:07:12.752654 np0000163143 nova-conductor[109703]: DEBUG cotyledon.oslo_config_glue [-] oslo_messaging_rabbit.rabbit_retry_interval = 1 {{(pid=109703) log_opt_values /opt/stack/data/venv/lib/python3.12/site-packages/oslo_config/cfg.py:3006}}
Apr 02 19:07:12.752654 np0000163143 nova-conductor[109703]: DEBUG cotyledon.oslo_config_glue [-] oslo_messaging_rabbit.rabbit_stream_fanout = False {{(pid=109703) log_opt_values /opt/stack/data/venv/lib/python3.12/site-packages/oslo_config/cfg.py:3006}}
Apr 02 19:07:12.752858 np0000163143 nova-conductor[109703]: DEBUG cotyledon.oslo_config_glue [-] oslo_messaging_rabbit.rabbit_transient_queues_ttl = 1800 {{(pid=109703) log_opt_values /opt/stack/data/venv/lib/python3.12/site-packages/oslo_config/cfg.py:3006}}
Apr 02 19:07:12.752858 np0000163143 nova-conductor[109703]: DEBUG cotyledon.oslo_config_glue [-] oslo_messaging_rabbit.rabbit_transient_quorum_queue = False {{(pid=109703) log_opt_values /opt/stack/data/venv/lib/python3.12/site-packages/oslo_config/cfg.py:3006}}
Apr 02 19:07:12.752858 np0000163143 nova-conductor[109703]: DEBUG cotyledon.oslo_config_glue [-] oslo_messaging_rabbit.rpc_conn_pool_size = 30 {{(pid=109703) log_opt_values /opt/stack/data/venv/lib/python3.12/site-packages/oslo_config/cfg.py:3006}}
Apr 02 19:07:12.752858 np0000163143 nova-conductor[109703]: DEBUG cotyledon.oslo_config_glue [-] oslo_messaging_rabbit.ssl = False {{(pid=109703) log_opt_values /opt/stack/data/venv/lib/python3.12/site-packages/oslo_config/cfg.py:3006}}
Apr 02 19:07:12.752858 np0000163143 nova-conductor[109703]: DEBUG cotyledon.oslo_config_glue [-] oslo_messaging_rabbit.ssl_ca_file = {{(pid=109703) log_opt_values /opt/stack/data/venv/lib/python3.12/site-packages/oslo_config/cfg.py:3006}}
Apr 02 19:07:12.752858 np0000163143 nova-conductor[109703]: DEBUG cotyledon.oslo_config_glue [-] oslo_messaging_rabbit.ssl_cert_file = {{(pid=109703) log_opt_values /opt/stack/data/venv/lib/python3.12/site-packages/oslo_config/cfg.py:3006}}
Apr 02 19:07:12.752995 np0000163143 nova-conductor[109686]: DEBUG dbcounter [-] [109686] Writer thread running {{(pid=109686) stat_writer /opt/stack/data/venv/lib/python3.12/site-packages/dbcounter.py:102}}
Apr 02 19:07:12.753025 np0000163143 nova-conductor[109703]: DEBUG cotyledon.oslo_config_glue [-] oslo_messaging_rabbit.ssl_enforce_fips_mode = False {{(pid=109703) log_opt_values /opt/stack/data/venv/lib/python3.12/site-packages/oslo_config/cfg.py:3006}}
Apr 02 19:07:12.753025 np0000163143 nova-conductor[109703]: DEBUG cotyledon.oslo_config_glue [-] oslo_messaging_rabbit.ssl_key_file = {{(pid=109703) log_opt_values /opt/stack/data/venv/lib/python3.12/site-packages/oslo_config/cfg.py:3006}}
Apr 02 19:07:12.753025 np0000163143 nova-conductor[109703]: DEBUG cotyledon.oslo_config_glue [-] oslo_messaging_rabbit.ssl_version = {{(pid=109703) log_opt_values /opt/stack/data/venv/lib/python3.12/site-packages/oslo_config/cfg.py:3006}}
Apr 02 19:07:12.753025 np0000163143 nova-conductor[109703]: DEBUG cotyledon.oslo_config_glue [-] oslo_messaging_rabbit.use_queue_manager = False {{(pid=109703) log_opt_values /opt/stack/data/venv/lib/python3.12/site-packages/oslo_config/cfg.py:3006}}
Apr 02 19:07:12.753025 np0000163143 nova-conductor[109703]: DEBUG cotyledon.oslo_config_glue [-] oslo_messaging_notifications.driver = ['messagingv2'] {{(pid=109703) log_opt_values /opt/stack/data/venv/lib/python3.12/site-packages/oslo_config/cfg.py:3006}}
Apr 02 19:07:12.753025 np0000163143 nova-conductor[109703]: DEBUG cotyledon.oslo_config_glue [-] oslo_messaging_notifications.retry = -1 {{(pid=109703) log_opt_values /opt/stack/data/venv/lib/python3.12/site-packages/oslo_config/cfg.py:3006}}
Apr 02 19:07:12.753025 np0000163143 nova-conductor[109703]: DEBUG cotyledon.oslo_config_glue [-] oslo_messaging_notifications.topics = ['notifications'] {{(pid=109703) log_opt_values /opt/stack/data/venv/lib/python3.12/site-packages/oslo_config/cfg.py:3006}}
Apr 02 19:07:12.753025 np0000163143 nova-conductor[109703]: DEBUG cotyledon.oslo_config_glue [-] oslo_messaging_notifications.transport_url = **** {{(pid=109703) log_opt_values /opt/stack/data/venv/lib/python3.12/site-packages/oslo_config/cfg.py:3006}}
Apr 02 19:07:12.753025 np0000163143 nova-conductor[109703]: DEBUG cotyledon.oslo_config_glue [-] oslo_limit.auth_section = None {{(pid=109703) log_opt_values /opt/stack/data/venv/lib/python3.12/site-packages/oslo_config/cfg.py:3006}}
Apr 02 19:07:12.753240 np0000163143 nova-conductor[109703]: DEBUG cotyledon.oslo_config_glue [-] oslo_limit.auth_type = None {{(pid=109703) log_opt_values /opt/stack/data/venv/lib/python3.12/site-packages/oslo_config/cfg.py:3006}}
Apr 02 19:07:12.753240 np0000163143 nova-conductor[109703]: DEBUG cotyledon.oslo_config_glue [-] oslo_limit.cafile = None {{(pid=109703) log_opt_values /opt/stack/data/venv/lib/python3.12/site-packages/oslo_config/cfg.py:3006}}
Apr 02 19:07:12.753240 np0000163143 nova-conductor[109703]: DEBUG cotyledon.oslo_config_glue [-] oslo_limit.certfile = None {{(pid=109703) log_opt_values /opt/stack/data/venv/lib/python3.12/site-packages/oslo_config/cfg.py:3006}}
Apr 02 19:07:12.753240 np0000163143 nova-conductor[109703]: DEBUG cotyledon.oslo_config_glue [-] oslo_limit.collect_timing = False {{(pid=109703) log_opt_values /opt/stack/data/venv/lib/python3.12/site-packages/oslo_config/cfg.py:3006}}
Apr 02 19:07:12.753240 np0000163143 nova-conductor[109703]: DEBUG cotyledon.oslo_config_glue [-] oslo_limit.connect_retries = None {{(pid=109703) log_opt_values /opt/stack/data/venv/lib/python3.12/site-packages/oslo_config/cfg.py:3006}}
Apr 02 19:07:12.753240 np0000163143 nova-conductor[109703]: DEBUG cotyledon.oslo_config_glue [-] oslo_limit.connect_retry_delay = None {{(pid=109703) log_opt_values /opt/stack/data/venv/lib/python3.12/site-packages/oslo_config/cfg.py:3006}}
Apr 02 19:07:12.753240 np0000163143 nova-conductor[109703]: DEBUG cotyledon.oslo_config_glue [-] oslo_limit.endpoint_id = None {{(pid=109703) log_opt_values /opt/stack/data/venv/lib/python3.12/site-packages/oslo_config/cfg.py:3006}}
Apr 02 19:07:12.753240 np0000163143 nova-conductor[109703]: DEBUG cotyledon.oslo_config_glue [-] oslo_limit.endpoint_interface = public {{(pid=109703) log_opt_values /opt/stack/data/venv/lib/python3.12/site-packages/oslo_config/cfg.py:3006}}
Apr 02 19:07:12.753240 np0000163143 nova-conductor[109703]: DEBUG cotyledon.oslo_config_glue [-] oslo_limit.endpoint_override = None {{(pid=109703) log_opt_values /opt/stack/data/venv/lib/python3.12/site-packages/oslo_config/cfg.py:3006}}
Apr 02 19:07:12.753455 np0000163143 nova-conductor[109703]: DEBUG cotyledon.oslo_config_glue [-] oslo_limit.endpoint_region_name = None {{(pid=109703) log_opt_values /opt/stack/data/venv/lib/python3.12/site-packages/oslo_config/cfg.py:3006}}
Apr 02 19:07:12.753455 np0000163143 nova-conductor[109703]: DEBUG cotyledon.oslo_config_glue [-] oslo_limit.endpoint_service_name = None {{(pid=109703) log_opt_values /opt/stack/data/venv/lib/python3.12/site-packages/oslo_config/cfg.py:3006}}
Apr 02 19:07:12.753455 np0000163143 nova-conductor[109703]: DEBUG cotyledon.oslo_config_glue [-] oslo_limit.endpoint_service_type = None {{(pid=109703) log_opt_values /opt/stack/data/venv/lib/python3.12/site-packages/oslo_config/cfg.py:3006}}
Apr 02 19:07:12.753455 np0000163143 nova-conductor[109703]: DEBUG cotyledon.oslo_config_glue [-] oslo_limit.insecure = False {{(pid=109703) log_opt_values /opt/stack/data/venv/lib/python3.12/site-packages/oslo_config/cfg.py:3006}}
Apr 02 19:07:12.753455 np0000163143 nova-conductor[109703]: DEBUG cotyledon.oslo_config_glue [-] oslo_limit.keyfile = None {{(pid=109703) log_opt_values /opt/stack/data/venv/lib/python3.12/site-packages/oslo_config/cfg.py:3006}}
Apr 02 19:07:12.753455 np0000163143 nova-conductor[109703]: DEBUG cotyledon.oslo_config_glue [-] oslo_limit.max_version = None {{(pid=109703) log_opt_values /opt/stack/data/venv/lib/python3.12/site-packages/oslo_config/cfg.py:3006}}
Apr 02 19:07:12.753455 np0000163143 nova-conductor[109703]: DEBUG cotyledon.oslo_config_glue [-] oslo_limit.min_version = None {{(pid=109703) log_opt_values /opt/stack/data/venv/lib/python3.12/site-packages/oslo_config/cfg.py:3006}}
Apr 02 19:07:12.753455 np0000163143 nova-conductor[109703]: DEBUG cotyledon.oslo_config_glue [-] oslo_limit.region_name = None {{(pid=109703) log_opt_values /opt/stack/data/venv/lib/python3.12/site-packages/oslo_config/cfg.py:3006}}
Apr 02 19:07:12.753455 np0000163143 nova-conductor[109703]: DEBUG cotyledon.oslo_config_glue [-] oslo_limit.retriable_status_codes = None {{(pid=109703) log_opt_values /opt/stack/data/venv/lib/python3.12/site-packages/oslo_config/cfg.py:3006}}
Apr 02 19:07:12.753688 np0000163143 nova-conductor[109703]: DEBUG cotyledon.oslo_config_glue [-] oslo_limit.service_name = None {{(pid=109703) log_opt_values /opt/stack/data/venv/lib/python3.12/site-packages/oslo_config/cfg.py:3006}}
Apr 02 19:07:12.753688 np0000163143 nova-conductor[109703]: DEBUG cotyledon.oslo_config_glue [-] oslo_limit.service_type = None {{(pid=109703) log_opt_values /opt/stack/data/venv/lib/python3.12/site-packages/oslo_config/cfg.py:3006}}
Apr 02 19:07:12.753688 np0000163143 nova-conductor[109703]: DEBUG cotyledon.oslo_config_glue [-] oslo_limit.split_loggers = False {{(pid=109703) log_opt_values /opt/stack/data/venv/lib/python3.12/site-packages/oslo_config/cfg.py:3006}}
Apr 02 19:07:12.753688 np0000163143 nova-conductor[109703]: DEBUG cotyledon.oslo_config_glue [-] oslo_limit.status_code_retries = None {{(pid=109703) log_opt_values /opt/stack/data/venv/lib/python3.12/site-packages/oslo_config/cfg.py:3006}}
Apr 02 19:07:12.753688 np0000163143 nova-conductor[109703]: DEBUG cotyledon.oslo_config_glue [-] oslo_limit.status_code_retry_delay = None {{(pid=109703) log_opt_values /opt/stack/data/venv/lib/python3.12/site-packages/oslo_config/cfg.py:3006}}
Apr 02 19:07:12.753688 np0000163143 nova-conductor[109703]: DEBUG cotyledon.oslo_config_glue [-] oslo_limit.timeout = None {{(pid=109703) log_opt_values /opt/stack/data/venv/lib/python3.12/site-packages/oslo_config/cfg.py:3006}}
Apr 02 19:07:12.753688 np0000163143 nova-conductor[109703]: DEBUG cotyledon.oslo_config_glue [-] oslo_limit.valid_interfaces = None {{(pid=109703) log_opt_values /opt/stack/data/venv/lib/python3.12/site-packages/oslo_config/cfg.py:3006}}
Apr 02 19:07:12.753688 np0000163143 nova-conductor[109703]: DEBUG cotyledon.oslo_config_glue [-] oslo_limit.version = None {{(pid=109703) log_opt_values /opt/stack/data/venv/lib/python3.12/site-packages/oslo_config/cfg.py:3006}}
Apr 02 19:07:12.753688 np0000163143 nova-conductor[109703]: DEBUG cotyledon.oslo_config_glue [-] oslo_reports.file_event_handler = None {{(pid=109703) log_opt_values /opt/stack/data/venv/lib/python3.12/site-packages/oslo_config/cfg.py:3006}}
Apr 02 19:07:12.753888 np0000163143 nova-conductor[109703]: DEBUG cotyledon.oslo_config_glue [-] oslo_reports.file_event_handler_interval = 1 {{(pid=109703) log_opt_values /opt/stack/data/venv/lib/python3.12/site-packages/oslo_config/cfg.py:3006}}
Apr 02 19:07:12.753888 np0000163143 nova-conductor[109703]: DEBUG cotyledon.oslo_config_glue [-] oslo_reports.log_dir = None {{(pid=109703) log_opt_values /opt/stack/data/venv/lib/python3.12/site-packages/oslo_config/cfg.py:3006}}
Apr 02 19:07:12.753888 np0000163143 nova-conductor[109703]: DEBUG cotyledon.oslo_config_glue [-] ******************************************************************************** {{(pid=109703) log_opt_values /opt/stack/data/venv/lib/python3.12/site-packages/oslo_config/cfg.py:3013}}
Apr 02 19:07:12.753956 np0000163143 nova-conductor[109692]: DEBUG oslo_db.sqlalchemy.engines [None req-eab419e6-6fd1-45d1-a0cb-a1798a4a6d66 None None] MySQL server mode set to STRICT_TRANS_TABLES,STRICT_ALL_TABLES,NO_ZERO_IN_DATE,NO_ZERO_DATE,ERROR_FOR_DIVISION_BY_ZERO,TRADITIONAL,NO_ENGINE_SUBSTITUTION {{(pid=109692) _check_effective_sql_mode /opt/stack/data/venv/lib/python3.12/site-packages/oslo_db/sqlalchemy/engines.py:325}}
Apr 02 19:07:12.753984 np0000163143 nova-conductor[109703]: DEBUG cotyledon._service_worker [-] Run service ServiceWrapper(3) [109703] {{(pid=109703) wait_forever /opt/stack/data/venv/lib/python3.12/site-packages/cotyledon/_service_worker.py:218}}
Apr 02 19:07:12.753984 np0000163143 nova-conductor[109703]: INFO nova.service [-] Starting conductor node (version 33.1.0)
Apr 02 19:07:12.754037 np0000163143 nova-conductor[109679]: DEBUG nova.service [None req-e7137e1d-4fa4-469c-8de3-49a0c04c0503 None None] Creating RPC server for service: nova-conductor on topic: conductor {{(pid=109679) start /opt/stack/nova/nova/service.py:195}}
Apr 02 19:07:12.754064 np0000163143 nova-conductor[109703]: INFO dbcounter [None req-44fe298a-f013-4dfb-8f6b-33899e214f36 None None] Registered counter for database nova_cell0
Apr 02 19:07:12.754088 np0000163143 nova-conductor[109692]: DEBUG dbcounter [-] [109692] Writer thread running {{(pid=109692) stat_writer /opt/stack/data/venv/lib/python3.12/site-packages/dbcounter.py:102}}
Apr 02 19:07:12.754088 np0000163143 nova-conductor[109692]: DEBUG nova.service [None req-eab419e6-6fd1-45d1-a0cb-a1798a4a6d66 None None] Creating RPC server for service: nova-conductor on topic: conductor {{(pid=109692) start /opt/stack/nova/nova/service.py:195}}
Apr 02 19:07:12.754136 np0000163143 nova-conductor[109703]: DEBUG oslo_db.sqlalchemy.engines [None req-44fe298a-f013-4dfb-8f6b-33899e214f36 None None] MySQL server mode set to STRICT_TRANS_TABLES,STRICT_ALL_TABLES,NO_ZERO_IN_DATE,NO_ZERO_DATE,ERROR_FOR_DIVISION_BY_ZERO,TRADITIONAL,NO_ENGINE_SUBSTITUTION {{(pid=109703) _check_effective_sql_mode /opt/stack/data/venv/lib/python3.12/site-packages/oslo_db/sqlalchemy/engines.py:325}}
Apr 02 19:07:12.754163 np0000163143 nova-conductor[109686]: DEBUG nova.service [None req-b351ea2d-83a6-4c03-93c8-d333ae084772 None None] Creating RPC server for service: nova-conductor on topic: conductor {{(pid=109686) start /opt/stack/nova/nova/service.py:195}}
Apr 02 19:07:12.754193 np0000163143 nova-conductor[109703]: DEBUG dbcounter [-] [109703] Writer thread running {{(pid=109703) stat_writer /opt/stack/data/venv/lib/python3.12/site-packages/dbcounter.py:102}}
Apr 02 19:07:12.754218 np0000163143 nova-conductor[109679]: DEBUG nova.service [None req-e7137e1d-4fa4-469c-8de3-49a0c04c0503 None None] Join ServiceGroup membership for this service conductor {{(pid=109679) start /opt/stack/nova/nova/service.py:221}}
Apr 02 19:07:12.754218 np0000163143 nova-conductor[109679]: DEBUG nova.servicegroup.drivers.db [None req-e7137e1d-4fa4-469c-8de3-49a0c04c0503 None None] DB_Driver: join new ServiceGroup member np0000163143 to the conductor group, service = {{(pid=109679) join /opt/stack/nova/nova/servicegroup/drivers/db.py:44}}
Apr 02 19:07:12.754276 np0000163143 nova-conductor[109703]: DEBUG nova.service [None req-44fe298a-f013-4dfb-8f6b-33899e214f36 None None] Creating RPC server for service: nova-conductor on topic: conductor {{(pid=109703) start /opt/stack/nova/nova/service.py:195}}
Apr 02 19:07:12.759094 np0000163143 nova-conductor[109686]: DEBUG nova.service [None req-b351ea2d-83a6-4c03-93c8-d333ae084772 None None] Join ServiceGroup membership for this service conductor {{(pid=109686) start /opt/stack/nova/nova/service.py:221}}
Apr 02 19:07:12.759429 np0000163143 nova-conductor[109686]: DEBUG nova.servicegroup.drivers.db [None req-b351ea2d-83a6-4c03-93c8-d333ae084772 None None] DB_Driver: join new ServiceGroup member np0000163143 to the conductor group, service = {{(pid=109686) join /opt/stack/nova/nova/servicegroup/drivers/db.py:44}}
Apr 02 19:07:12.764380 np0000163143 nova-conductor[109692]: DEBUG nova.service [None req-eab419e6-6fd1-45d1-a0cb-a1798a4a6d66 None None] Join ServiceGroup membership for this service conductor {{(pid=109692) start /opt/stack/nova/nova/service.py:221}}
Apr 02 19:07:12.764617 np0000163143 nova-conductor[109692]: DEBUG nova.servicegroup.drivers.db [None req-eab419e6-6fd1-45d1-a0cb-a1798a4a6d66 None None] DB_Driver: join new ServiceGroup member np0000163143 to the conductor group, service = {{(pid=109692) join /opt/stack/nova/nova/servicegroup/drivers/db.py:44}}
Apr 02 19:07:12.770859 np0000163143 nova-conductor[109703]: DEBUG nova.service [None req-44fe298a-f013-4dfb-8f6b-33899e214f36 None None] Join ServiceGroup membership for this service conductor {{(pid=109703) start /opt/stack/nova/nova/service.py:221}}
Apr 02 19:07:12.771096 np0000163143 nova-conductor[109703]: DEBUG nova.servicegroup.drivers.db [None req-44fe298a-f013-4dfb-8f6b-33899e214f36 None None] DB_Driver: join new ServiceGroup member np0000163143 to the conductor group, service = {{(pid=109703) join /opt/stack/nova/nova/servicegroup/drivers/db.py:44}}
Apr 02 19:07:17.769732 np0000163143 nova-conductor[109679]: DEBUG oslo.service.backend._threading.loopingcall [-] Fixed interval looping call 'nova.servicegroup.drivers.db.DbDriver._report_state' sleeping for 119.98 seconds {{(pid=109679) _run_loop /opt/stack/data/venv/lib/python3.12/site-packages/oslo_service/backend/_threading/loopingcall.py:125}}
Apr 02 19:07:17.773802 np0000163143 nova-conductor[109686]: DEBUG oslo.service.backend._threading.loopingcall [-] Fixed interval looping call 'nova.servicegroup.drivers.db.DbDriver._report_state' sleeping for 119.99 seconds {{(pid=109686) _run_loop /opt/stack/data/venv/lib/python3.12/site-packages/oslo_service/backend/_threading/loopingcall.py:125}}
Apr 02 19:07:17.776673 np0000163143 nova-conductor[109703]: DEBUG oslo.service.backend._threading.loopingcall [None req-253cfa77-ab69-424c-8261-3be51a4ebeb6 None None] Dynamic interval looping call 'nova.service.Service.periodic_tasks' sleeping for 60.00 seconds {{(pid=109703) _run_loop /opt/stack/data/venv/lib/python3.12/site-packages/oslo_service/backend/_threading/loopingcall.py:125}}
Apr 02 19:07:17.779437 np0000163143 nova-conductor[109692]: DEBUG oslo.service.backend._threading.loopingcall [-] Fixed interval looping call 'nova.servicegroup.drivers.db.DbDriver._report_state' sleeping for 119.99 seconds {{(pid=109692) _run_loop /opt/stack/data/venv/lib/python3.12/site-packages/oslo_service/backend/_threading/loopingcall.py:125}}
Apr 02 19:07:17.790220 np0000163143 nova-conductor[109703]: DEBUG oslo.service.backend._threading.loopingcall [-] Fixed interval looping call 'nova.servicegroup.drivers.db.DbDriver._report_state' sleeping for 119.98 seconds {{(pid=109703) _run_loop /opt/stack/data/venv/lib/python3.12/site-packages/oslo_service/backend/_threading/loopingcall.py:125}}
Apr 02 19:07:21.377582 np0000163143 nova-conductor[108976]: DEBUG dbcounter [-] [108976] Writing DB stats nova_api:SELECT=1 {{(pid=108976) stat_writer /opt/stack/data/venv/lib/python3.12/site-packages/dbcounter.py:115}}
Apr 02 19:07:21.476291 np0000163143 nova-conductor[108976]: DEBUG dbcounter [-] [108976] Writing DB stats nova_cell0:SELECT=1 {{(pid=108976) stat_writer /opt/stack/data/venv/lib/python3.12/site-packages/dbcounter.py:115}}
Apr 02 19:07:21.482032 np0000163143 nova-conductor[108976]: DEBUG dbcounter [-] [108976] Writing DB stats nova_cell1:SELECT=1 {{(pid=108976) stat_writer /opt/stack/data/venv/lib/python3.12/site-packages/dbcounter.py:115}}
Apr 02 19:07:22.768102 np0000163143 nova-conductor[109692]: DEBUG oslo.service.backend._threading.loopingcall [None req-83ae4c6e-d412-491d-8b29-d69f5b53bba9 None None] Dynamic interval looping call 'nova.service.Service.periodic_tasks' sleeping for 60.00 seconds {{(pid=109692) _run_loop /opt/stack/data/venv/lib/python3.12/site-packages/oslo_service/backend/_threading/loopingcall.py:125}}
Apr 02 19:07:27.764982 np0000163143 nova-conductor[109679]: DEBUG dbcounter [-] [109679] Writing DB stats nova_cell0:SELECT=4,nova_cell0:INSERT=1,nova_cell0:UPDATE=1 {{(pid=109679) stat_writer /opt/stack/data/venv/lib/python3.12/site-packages/dbcounter.py:115}}
Apr 02 19:07:27.772692 np0000163143 nova-conductor[109686]: DEBUG dbcounter [-] [109686] Writing DB stats nova_cell0:SELECT=4,nova_cell0:INSERT=1,nova_cell0:UPDATE=1 {{(pid=109686) stat_writer /opt/stack/data/venv/lib/python3.12/site-packages/dbcounter.py:115}}
Apr 02 19:07:27.776252 np0000163143 nova-conductor[109692]: DEBUG dbcounter [-] [109692] Writing DB stats nova_cell0:SELECT=3 {{(pid=109692) stat_writer /opt/stack/data/venv/lib/python3.12/site-packages/dbcounter.py:115}}
Apr 02 19:07:27.784736 np0000163143 nova-conductor[109703]: DEBUG dbcounter [-] [109703] Writing DB stats nova_cell0:SELECT=3 {{(pid=109703) stat_writer /opt/stack/data/venv/lib/python3.12/site-packages/dbcounter.py:115}}
Apr 02 19:07:30.762826 np0000163143 nova-conductor[109686]: DEBUG oslo.service.backend._threading.loopingcall [None req-72f5b3c3-b17b-4385-8cd6-283b58b01e92 None None] Dynamic interval looping call 'nova.service.Service.periodic_tasks' sleeping for 60.00 seconds {{(pid=109686) _run_loop /opt/stack/data/venv/lib/python3.12/site-packages/oslo_service/backend/_threading/loopingcall.py:125}}
Apr 02 19:07:56.752263 np0000163143 nova-conductor[109679]: DEBUG oslo.service.backend._threading.loopingcall [None req-b742249b-17d5-4c7a-b88f-d647a435e53c None None] Dynamic interval looping call 'nova.service.Service.periodic_tasks' sleeping for 60.00 seconds {{(pid=109679) _run_loop /opt/stack/data/venv/lib/python3.12/site-packages/oslo_service/backend/_threading/loopingcall.py:125}}
Apr 02 19:08:17.777639 np0000163143 nova-conductor[109703]: DEBUG oslo.service.backend._threading.loopingcall [None req-253cfa77-ab69-424c-8261-3be51a4ebeb6 None None] Dynamic interval looping call 'nova.service.Service.periodic_tasks' sleeping for 60.00 seconds {{(pid=109703) _run_loop /opt/stack/data/venv/lib/python3.12/site-packages/oslo_service/backend/_threading/loopingcall.py:125}}
Apr 02 19:08:22.769028 np0000163143 nova-conductor[109692]: DEBUG oslo.service.backend._threading.loopingcall [None req-83ae4c6e-d412-491d-8b29-d69f5b53bba9 None None] Dynamic interval looping call 'nova.service.Service.periodic_tasks' sleeping for 60.00 seconds {{(pid=109692) _run_loop /opt/stack/data/venv/lib/python3.12/site-packages/oslo_service/backend/_threading/loopingcall.py:125}}
Apr 02 19:08:30.763751 np0000163143 nova-conductor[109686]: DEBUG oslo.service.backend._threading.loopingcall [None req-72f5b3c3-b17b-4385-8cd6-283b58b01e92 None None] Dynamic interval looping call 'nova.service.Service.periodic_tasks' sleeping for 60.00 seconds {{(pid=109686) _run_loop /opt/stack/data/venv/lib/python3.12/site-packages/oslo_service/backend/_threading/loopingcall.py:125}}
Apr 02 19:08:56.753369 np0000163143 nova-conductor[109679]: DEBUG oslo.service.backend._threading.loopingcall [None req-b742249b-17d5-4c7a-b88f-d647a435e53c None None] Dynamic interval looping call 'nova.service.Service.periodic_tasks' sleeping for 60.00 seconds {{(pid=109679) _run_loop /opt/stack/data/venv/lib/python3.12/site-packages/oslo_service/backend/_threading/loopingcall.py:125}}
Apr 02 19:09:17.763157 np0000163143 nova-conductor[109679]: DEBUG oslo.service.backend._threading.loopingcall [-] Fixed interval looping call 'nova.servicegroup.drivers.db.DbDriver._report_state' sleeping for 119.99 seconds {{(pid=109679) _run_loop /opt/stack/data/venv/lib/python3.12/site-packages/oslo_service/backend/_threading/loopingcall.py:125}}
Apr 02 19:09:17.770955 np0000163143 nova-conductor[109686]: DEBUG oslo.service.backend._threading.loopingcall [-] Fixed interval looping call 'nova.servicegroup.drivers.db.DbDriver._report_state' sleeping for 119.99 seconds {{(pid=109686) _run_loop /opt/stack/data/venv/lib/python3.12/site-packages/oslo_service/backend/_threading/loopingcall.py:125}}
Apr 02 19:09:17.776021 np0000163143 nova-conductor[109692]: DEBUG oslo.service.backend._threading.loopingcall [-] Fixed interval looping call 'nova.servicegroup.drivers.db.DbDriver._report_state' sleeping for 119.99 seconds {{(pid=109692) _run_loop /opt/stack/data/venv/lib/python3.12/site-packages/oslo_service/backend/_threading/loopingcall.py:125}}
Apr 02 19:09:17.777488 np0000163143 nova-conductor[109703]: DEBUG oslo.service.backend._threading.loopingcall [-] Fixed interval looping call 'nova.servicegroup.drivers.db.DbDriver._report_state' sleeping for 119.99 seconds {{(pid=109703) _run_loop /opt/stack/data/venv/lib/python3.12/site-packages/oslo_service/backend/_threading/loopingcall.py:125}}
Apr 02 19:09:17.778423 np0000163143 nova-conductor[109703]: DEBUG oslo.service.backend._threading.loopingcall [None req-253cfa77-ab69-424c-8261-3be51a4ebeb6 None None] Dynamic interval looping call 'nova.service.Service.periodic_tasks' sleeping for 60.00 seconds {{(pid=109703) _run_loop /opt/stack/data/venv/lib/python3.12/site-packages/oslo_service/backend/_threading/loopingcall.py:125}}
Apr 02 19:09:22.769985 np0000163143 nova-conductor[109692]: DEBUG oslo.service.backend._threading.loopingcall [None req-83ae4c6e-d412-491d-8b29-d69f5b53bba9 None None] Dynamic interval looping call 'nova.service.Service.periodic_tasks' sleeping for 60.00 seconds {{(pid=109692) _run_loop /opt/stack/data/venv/lib/python3.12/site-packages/oslo_service/backend/_threading/loopingcall.py:125}}
Apr 02 19:09:27.756219 np0000163143 nova-conductor[109679]: DEBUG dbcounter [-] [109679] Writing DB stats nova_cell0:SELECT=1,nova_cell0:UPDATE=1 {{(pid=109679) stat_writer /opt/stack/data/venv/lib/python3.12/site-packages/dbcounter.py:115}}
Apr 02 19:09:27.768438 np0000163143 nova-conductor[109686]: DEBUG dbcounter [-] [109686] Writing DB stats nova_cell0:SELECT=1 {{(pid=109686) stat_writer /opt/stack/data/venv/lib/python3.12/site-packages/dbcounter.py:115}}
Apr 02 19:09:27.772942 np0000163143 nova-conductor[109692]: DEBUG dbcounter [-] [109692] Writing DB stats nova_cell0:SELECT=1 {{(pid=109692) stat_writer /opt/stack/data/venv/lib/python3.12/site-packages/dbcounter.py:115}}
Apr 02 19:09:27.774633 np0000163143 nova-conductor[109703]: DEBUG dbcounter [-] [109703] Writing DB stats nova_cell0:SELECT=1 {{(pid=109703) stat_writer /opt/stack/data/venv/lib/python3.12/site-packages/dbcounter.py:115}}
Apr 02 19:09:30.764970 np0000163143 nova-conductor[109686]: DEBUG oslo.service.backend._threading.loopingcall [None req-72f5b3c3-b17b-4385-8cd6-283b58b01e92 None None] Dynamic interval looping call 'nova.service.Service.periodic_tasks' sleeping for 60.00 seconds {{(pid=109686) _run_loop /opt/stack/data/venv/lib/python3.12/site-packages/oslo_service/backend/_threading/loopingcall.py:125}}
Apr 02 19:09:56.754126 np0000163143 nova-conductor[109679]: DEBUG oslo.service.backend._threading.loopingcall [None req-b742249b-17d5-4c7a-b88f-d647a435e53c None None] Dynamic interval looping call 'nova.service.Service.periodic_tasks' sleeping for 60.00 seconds {{(pid=109679) _run_loop /opt/stack/data/venv/lib/python3.12/site-packages/oslo_service/backend/_threading/loopingcall.py:125}}
Apr 02 19:10:17.779374 np0000163143 nova-conductor[109703]: DEBUG oslo.service.backend._threading.loopingcall [None req-253cfa77-ab69-424c-8261-3be51a4ebeb6 None None] Dynamic interval looping call 'nova.service.Service.periodic_tasks' sleeping for 60.00 seconds {{(pid=109703) _run_loop /opt/stack/data/venv/lib/python3.12/site-packages/oslo_service/backend/_threading/loopingcall.py:125}}
Apr 02 19:10:22.770955 np0000163143 nova-conductor[109692]: DEBUG oslo.service.backend._threading.loopingcall [None req-83ae4c6e-d412-491d-8b29-d69f5b53bba9 None None] Dynamic interval looping call 'nova.service.Service.periodic_tasks' sleeping for 60.00 seconds {{(pid=109692) _run_loop /opt/stack/data/venv/lib/python3.12/site-packages/oslo_service/backend/_threading/loopingcall.py:125}}
Apr 02 19:10:30.767464 np0000163143 nova-conductor[109686]: DEBUG oslo.service.backend._threading.loopingcall [None req-72f5b3c3-b17b-4385-8cd6-283b58b01e92 None None] Dynamic interval looping call 'nova.service.Service.periodic_tasks' sleeping for 60.00 seconds {{(pid=109686) _run_loop /opt/stack/data/venv/lib/python3.12/site-packages/oslo_service/backend/_threading/loopingcall.py:125}}
Apr 02 19:10:56.755796 np0000163143 nova-conductor[109679]: DEBUG oslo.service.backend._threading.loopingcall [None req-b742249b-17d5-4c7a-b88f-d647a435e53c None None] Dynamic interval looping call 'nova.service.Service.periodic_tasks' sleeping for 60.00 seconds {{(pid=109679) _run_loop /opt/stack/data/venv/lib/python3.12/site-packages/oslo_service/backend/_threading/loopingcall.py:125}}
Apr 02 19:11:17.765161 np0000163143 nova-conductor[109679]: DEBUG oslo.service.backend._threading.loopingcall [-] Fixed interval looping call 'nova.servicegroup.drivers.db.DbDriver._report_state' sleeping for 119.99 seconds {{(pid=109679) _run_loop /opt/stack/data/venv/lib/python3.12/site-packages/oslo_service/backend/_threading/loopingcall.py:125}}
Apr 02 19:11:17.767862 np0000163143 nova-conductor[109686]: DEBUG oslo.service.backend._threading.loopingcall [-] Fixed interval looping call 'nova.servicegroup.drivers.db.DbDriver._report_state' sleeping for 119.99 seconds {{(pid=109686) _run_loop /opt/stack/data/venv/lib/python3.12/site-packages/oslo_service/backend/_threading/loopingcall.py:125}}
Apr 02 19:11:17.773142 np0000163143 nova-conductor[109692]: DEBUG oslo.service.backend._threading.loopingcall [-] Fixed interval looping call 'nova.servicegroup.drivers.db.DbDriver._report_state' sleeping for 119.99 seconds {{(pid=109692) _run_loop /opt/stack/data/venv/lib/python3.12/site-packages/oslo_service/backend/_threading/loopingcall.py:125}}
Apr 02 19:11:17.774727 np0000163143 nova-conductor[109703]: DEBUG oslo.service.backend._threading.loopingcall [-] Fixed interval looping call 'nova.servicegroup.drivers.db.DbDriver._report_state' sleeping for 119.99 seconds {{(pid=109703) _run_loop /opt/stack/data/venv/lib/python3.12/site-packages/oslo_service/backend/_threading/loopingcall.py:125}}
Apr 02 19:11:17.780556 np0000163143 nova-conductor[109703]: DEBUG oslo.service.backend._threading.loopingcall [None req-253cfa77-ab69-424c-8261-3be51a4ebeb6 None None] Dynamic interval looping call 'nova.service.Service.periodic_tasks' sleeping for 60.00 seconds {{(pid=109703) _run_loop /opt/stack/data/venv/lib/python3.12/site-packages/oslo_service/backend/_threading/loopingcall.py:125}}
Apr 02 19:11:22.772156 np0000163143 nova-conductor[109692]: DEBUG oslo.service.backend._threading.loopingcall [None req-83ae4c6e-d412-491d-8b29-d69f5b53bba9 None None] Dynamic interval looping call 'nova.service.Service.periodic_tasks' sleeping for 60.00 seconds {{(pid=109692) _run_loop /opt/stack/data/venv/lib/python3.12/site-packages/oslo_service/backend/_threading/loopingcall.py:125}}
Apr 02 19:11:27.758323 np0000163143 nova-conductor[109679]: DEBUG dbcounter [-] [109679] Writing DB stats nova_cell0:SELECT=1,nova_cell0:UPDATE=1 {{(pid=109679) stat_writer /opt/stack/data/venv/lib/python3.12/site-packages/dbcounter.py:115}}
