Mar 05 02:53:44.907408 np0000157814 devstack@n-api-meta.service[108395]: DEBUG nova.api.openstack.wsgi_app [None req-780c349f-4ea9-482e-ae52-838b287e406a None None] oslo_limit.status_code_retry_delay = None {{(pid=108395) log_opt_values /opt/stack/data/venv/lib/python3.12/site-packages/oslo_config/cfg.py:3006}}
Mar 05 02:53:44.907679 np0000157814 devstack@n-api-meta.service[108395]: DEBUG nova.api.openstack.wsgi_app [None req-780c349f-4ea9-482e-ae52-838b287e406a None None] oslo_limit.timeout = None {{(pid=108395) log_opt_values /opt/stack/data/venv/lib/python3.12/site-packages/oslo_config/cfg.py:3006}}
Mar 05 02:53:44.907815 np0000157814 devstack@n-api-meta.service[108395]: DEBUG nova.api.openstack.wsgi_app [None req-780c349f-4ea9-482e-ae52-838b287e406a None None] oslo_limit.valid_interfaces = None {{(pid=108395) log_opt_values /opt/stack/data/venv/lib/python3.12/site-packages/oslo_config/cfg.py:3006}}
Mar 05 02:53:44.907997 np0000157814 devstack@n-api-meta.service[108395]: DEBUG nova.api.openstack.wsgi_app [None req-780c349f-4ea9-482e-ae52-838b287e406a None None] oslo_limit.version = None {{(pid=108395) log_opt_values /opt/stack/data/venv/lib/python3.12/site-packages/oslo_config/cfg.py:3006}}
Mar 05 02:53:44.908148 np0000157814 devstack@n-api-meta.service[108395]: DEBUG nova.api.openstack.wsgi_app [None req-780c349f-4ea9-482e-ae52-838b287e406a None None] oslo_messaging_rabbit.amqp_auto_delete = False {{(pid=108395) log_opt_values /opt/stack/data/venv/lib/python3.12/site-packages/oslo_config/cfg.py:3006}}
Mar 05 02:53:44.908277 np0000157814 devstack@n-api-meta.service[108395]: DEBUG nova.api.openstack.wsgi_app [None req-780c349f-4ea9-482e-ae52-838b287e406a None None] oslo_messaging_rabbit.amqp_durable_queues = False {{(pid=108395) log_opt_values /opt/stack/data/venv/lib/python3.12/site-packages/oslo_config/cfg.py:3006}}
Mar 05 02:53:44.908405 np0000157814 devstack@n-api-meta.service[108395]: DEBUG nova.api.openstack.wsgi_app [None req-780c349f-4ea9-482e-ae52-838b287e406a None None] oslo_messaging_rabbit.conn_pool_min_size = 2 {{(pid=108395) log_opt_values /opt/stack/data/venv/lib/python3.12/site-packages/oslo_config/cfg.py:3006}}
Mar 05 02:53:44.908538 np0000157814 devstack@n-api-meta.service[108395]: DEBUG nova.api.openstack.wsgi_app [None req-780c349f-4ea9-482e-ae52-838b287e406a None None] oslo_messaging_rabbit.conn_pool_ttl = 1200 {{(pid=108395) log_opt_values /opt/stack/data/venv/lib/python3.12/site-packages/oslo_config/cfg.py:3006}}
Mar 05 02:53:44.908716 np0000157814 devstack@n-api-meta.service[108395]: DEBUG nova.api.openstack.wsgi_app [None req-780c349f-4ea9-482e-ae52-838b287e406a None None] oslo_messaging_rabbit.direct_mandatory_flag = True {{(pid=108395) log_opt_values /opt/stack/data/venv/lib/python3.12/site-packages/oslo_config/cfg.py:3006}}
Mar 05 02:53:44.908849 np0000157814 devstack@n-api-meta.service[108395]: DEBUG nova.api.openstack.wsgi_app [None req-780c349f-4ea9-482e-ae52-838b287e406a None None] oslo_messaging_rabbit.enable_cancel_on_failover = False {{(pid=108395) log_opt_values /opt/stack/data/venv/lib/python3.12/site-packages/oslo_config/cfg.py:3006}}
Mar 05 02:53:44.909004 np0000157814 devstack@n-api-meta.service[108395]: DEBUG nova.api.openstack.wsgi_app [None req-780c349f-4ea9-482e-ae52-838b287e406a None None] oslo_messaging_rabbit.heartbeat_in_pthread = False {{(pid=108395) log_opt_values /opt/stack/data/venv/lib/python3.12/site-packages/oslo_config/cfg.py:3006}}
Mar 05 02:53:44.909134 np0000157814 devstack@n-api-meta.service[108395]: DEBUG nova.api.openstack.wsgi_app [None req-780c349f-4ea9-482e-ae52-838b287e406a None None] oslo_messaging_rabbit.heartbeat_rate = 3 {{(pid=108395) log_opt_values /opt/stack/data/venv/lib/python3.12/site-packages/oslo_config/cfg.py:3006}}
Mar 05 02:53:44.909265 np0000157814 devstack@n-api-meta.service[108395]: DEBUG nova.api.openstack.wsgi_app [None req-780c349f-4ea9-482e-ae52-838b287e406a None None] oslo_messaging_rabbit.heartbeat_timeout_threshold = 60 {{(pid=108395) log_opt_values /opt/stack/data/venv/lib/python3.12/site-packages/oslo_config/cfg.py:3006}}
Mar 05 02:53:44.909417 np0000157814 devstack@n-api-meta.service[108395]: DEBUG nova.api.openstack.wsgi_app [None req-780c349f-4ea9-482e-ae52-838b287e406a None None] oslo_messaging_rabbit.hostname = np0000157814 {{(pid=108395) log_opt_values /opt/stack/data/venv/lib/python3.12/site-packages/oslo_config/cfg.py:3006}}
Mar 05 02:53:44.909549 np0000157814 devstack@n-api-meta.service[108395]: DEBUG nova.api.openstack.wsgi_app [None req-780c349f-4ea9-482e-ae52-838b287e406a None None] oslo_messaging_rabbit.kombu_compression = None {{(pid=108395) log_opt_values /opt/stack/data/venv/lib/python3.12/site-packages/oslo_config/cfg.py:3006}}
Mar 05 02:53:44.909686 np0000157814 devstack@n-api-meta.service[108395]: DEBUG nova.api.openstack.wsgi_app [None req-780c349f-4ea9-482e-ae52-838b287e406a None None] oslo_messaging_rabbit.kombu_failover_strategy = round-robin {{(pid=108395) log_opt_values /opt/stack/data/venv/lib/python3.12/site-packages/oslo_config/cfg.py:3006}}
Mar 05 02:53:44.909820 np0000157814 devstack@n-api-meta.service[108395]: DEBUG nova.api.openstack.wsgi_app [None req-780c349f-4ea9-482e-ae52-838b287e406a None None] oslo_messaging_rabbit.kombu_missing_consumer_retry_timeout = 60 {{(pid=108395) log_opt_values /opt/stack/data/venv/lib/python3.12/site-packages/oslo_config/cfg.py:3006}}
Mar 05 02:53:44.909972 np0000157814 devstack@n-api-meta.service[108395]: DEBUG nova.api.openstack.wsgi_app [None req-780c349f-4ea9-482e-ae52-838b287e406a None None] oslo_messaging_rabbit.kombu_reconnect_delay = 1.0 {{(pid=108395) log_opt_values /opt/stack/data/venv/lib/python3.12/site-packages/oslo_config/cfg.py:3006}}
Mar 05 02:53:44.910105 np0000157814 devstack@n-api-meta.service[108395]: DEBUG nova.api.openstack.wsgi_app [None req-780c349f-4ea9-482e-ae52-838b287e406a None None] oslo_messaging_rabbit.kombu_reconnect_splay = 0.0 {{(pid=108395) log_opt_values /opt/stack/data/venv/lib/python3.12/site-packages/oslo_config/cfg.py:3006}}
Mar 05 02:53:44.910240 np0000157814 devstack@n-api-meta.service[108395]: DEBUG nova.api.openstack.wsgi_app [None req-780c349f-4ea9-482e-ae52-838b287e406a None None] oslo_messaging_rabbit.processname = uwsgi {{(pid=108395) log_opt_values /opt/stack/data/venv/lib/python3.12/site-packages/oslo_config/cfg.py:3006}}
Mar 05 02:53:44.910369 np0000157814 devstack@n-api-meta.service[108395]: DEBUG nova.api.openstack.wsgi_app [None req-780c349f-4ea9-482e-ae52-838b287e406a None None] oslo_messaging_rabbit.rabbit_ha_queues = False {{(pid=108395) log_opt_values /opt/stack/data/venv/lib/python3.12/site-packages/oslo_config/cfg.py:3006}}
Mar 05 02:53:44.910499 np0000157814 devstack@n-api-meta.service[108395]: DEBUG nova.api.openstack.wsgi_app [None req-780c349f-4ea9-482e-ae52-838b287e406a None None] oslo_messaging_rabbit.rabbit_interval_max = 30 {{(pid=108395) log_opt_values /opt/stack/data/venv/lib/python3.12/site-packages/oslo_config/cfg.py:3006}}
Mar 05 02:53:44.910636 np0000157814 devstack@n-api-meta.service[108395]: DEBUG nova.api.openstack.wsgi_app [None req-780c349f-4ea9-482e-ae52-838b287e406a None None] oslo_messaging_rabbit.rabbit_login_method = AMQPLAIN {{(pid=108395) log_opt_values /opt/stack/data/venv/lib/python3.12/site-packages/oslo_config/cfg.py:3006}}
Mar 05 02:53:44.910776 np0000157814 devstack@n-api-meta.service[108395]: DEBUG nova.api.openstack.wsgi_app [None req-780c349f-4ea9-482e-ae52-838b287e406a None None] oslo_messaging_rabbit.rabbit_qos_prefetch_count = 0 {{(pid=108395) log_opt_values /opt/stack/data/venv/lib/python3.12/site-packages/oslo_config/cfg.py:3006}}
Mar 05 02:53:44.910930 np0000157814 devstack@n-api-meta.service[108395]: DEBUG nova.api.openstack.wsgi_app [None req-780c349f-4ea9-482e-ae52-838b287e406a None None] oslo_messaging_rabbit.rabbit_quorum_delivery_limit = 0 {{(pid=108395) log_opt_values /opt/stack/data/venv/lib/python3.12/site-packages/oslo_config/cfg.py:3006}}
Mar 05 02:53:44.911060 np0000157814 devstack@n-api-meta.service[108395]: DEBUG nova.api.openstack.wsgi_app [None req-780c349f-4ea9-482e-ae52-838b287e406a None None] oslo_messaging_rabbit.rabbit_quorum_max_memory_bytes = 0 {{(pid=108395) log_opt_values /opt/stack/data/venv/lib/python3.12/site-packages/oslo_config/cfg.py:3006}}
Mar 05 02:53:44.911189 np0000157814 devstack@n-api-meta.service[108395]: DEBUG nova.api.openstack.wsgi_app [None req-780c349f-4ea9-482e-ae52-838b287e406a None None] oslo_messaging_rabbit.rabbit_quorum_max_memory_length = 0 {{(pid=108395) log_opt_values /opt/stack/data/venv/lib/python3.12/site-packages/oslo_config/cfg.py:3006}}
Mar 05 02:53:44.911318 np0000157814 devstack@n-api-meta.service[108395]: DEBUG nova.api.openstack.wsgi_app [None req-780c349f-4ea9-482e-ae52-838b287e406a None None] oslo_messaging_rabbit.rabbit_quorum_queue = False {{(pid=108395) log_opt_values /opt/stack/data/venv/lib/python3.12/site-packages/oslo_config/cfg.py:3006}}
Mar 05 02:53:44.911511 np0000157814 devstack@n-api-meta.service[108395]: DEBUG nova.api.openstack.wsgi_app [None req-780c349f-4ea9-482e-ae52-838b287e406a None None] oslo_messaging_rabbit.rabbit_retry_backoff = 2 {{(pid=108395) log_opt_values /opt/stack/data/venv/lib/python3.12/site-packages/oslo_config/cfg.py:3006}}
Mar 05 02:53:44.911563 np0000157814 devstack@n-api-meta.service[108395]: DEBUG nova.api.openstack.wsgi_app [None req-780c349f-4ea9-482e-ae52-838b287e406a None None] oslo_messaging_rabbit.rabbit_retry_interval = 1 {{(pid=108395) log_opt_values /opt/stack/data/venv/lib/python3.12/site-packages/oslo_config/cfg.py:3006}}
Mar 05 02:53:44.911697 np0000157814 devstack@n-api-meta.service[108395]: DEBUG nova.api.openstack.wsgi_app [None req-780c349f-4ea9-482e-ae52-838b287e406a None None] oslo_messaging_rabbit.rabbit_stream_fanout = False {{(pid=108395) log_opt_values /opt/stack/data/venv/lib/python3.12/site-packages/oslo_config/cfg.py:3006}}
Mar 05 02:53:44.911825 np0000157814 devstack@n-api-meta.service[108395]: DEBUG nova.api.openstack.wsgi_app [None req-780c349f-4ea9-482e-ae52-838b287e406a None None] oslo_messaging_rabbit.rabbit_transient_queues_ttl = 1800 {{(pid=108395) log_opt_values /opt/stack/data/venv/lib/python3.12/site-packages/oslo_config/cfg.py:3006}}
Mar 05 02:53:44.911974 np0000157814 devstack@n-api-meta.service[108395]: DEBUG nova.api.openstack.wsgi_app [None req-780c349f-4ea9-482e-ae52-838b287e406a None None] oslo_messaging_rabbit.rabbit_transient_quorum_queue = False {{(pid=108395) log_opt_values /opt/stack/data/venv/lib/python3.12/site-packages/oslo_config/cfg.py:3006}}
Mar 05 02:53:44.912104 np0000157814 devstack@n-api-meta.service[108395]: DEBUG nova.api.openstack.wsgi_app [None req-780c349f-4ea9-482e-ae52-838b287e406a None None] oslo_messaging_rabbit.rpc_conn_pool_size = 30 {{(pid=108395) log_opt_values /opt/stack/data/venv/lib/python3.12/site-packages/oslo_config/cfg.py:3006}}
Mar 05 02:53:44.912234 np0000157814 devstack@n-api-meta.service[108395]: DEBUG nova.api.openstack.wsgi_app [None req-780c349f-4ea9-482e-ae52-838b287e406a None None] oslo_messaging_rabbit.ssl = False {{(pid=108395) log_opt_values /opt/stack/data/venv/lib/python3.12/site-packages/oslo_config/cfg.py:3006}}
Mar 05 02:53:44.912382 np0000157814 devstack@n-api-meta.service[108395]: DEBUG nova.api.openstack.wsgi_app [None req-780c349f-4ea9-482e-ae52-838b287e406a None None] oslo_messaging_rabbit.ssl_ca_file = {{(pid=108395) log_opt_values /opt/stack/data/venv/lib/python3.12/site-packages/oslo_config/cfg.py:3006}}
Mar 05 02:53:44.912521 np0000157814 devstack@n-api-meta.service[108395]: DEBUG nova.api.openstack.wsgi_app [None req-780c349f-4ea9-482e-ae52-838b287e406a None None] oslo_messaging_rabbit.ssl_cert_file = {{(pid=108395) log_opt_values /opt/stack/data/venv/lib/python3.12/site-packages/oslo_config/cfg.py:3006}}
Mar 05 02:53:44.912650 np0000157814 devstack@n-api-meta.service[108395]: DEBUG nova.api.openstack.wsgi_app [None req-780c349f-4ea9-482e-ae52-838b287e406a None None] oslo_messaging_rabbit.ssl_enforce_fips_mode = False {{(pid=108395) log_opt_values /opt/stack/data/venv/lib/python3.12/site-packages/oslo_config/cfg.py:3006}}
Mar 05 02:53:44.912820 np0000157814 devstack@n-api-meta.service[108395]: DEBUG nova.api.openstack.wsgi_app [None req-780c349f-4ea9-482e-ae52-838b287e406a None None] oslo_messaging_rabbit.ssl_key_file = {{(pid=108395) log_opt_values /opt/stack/data/venv/lib/python3.12/site-packages/oslo_config/cfg.py:3006}}
Mar 05 02:53:44.912971 np0000157814 devstack@n-api-meta.service[108395]: DEBUG nova.api.openstack.wsgi_app [None req-780c349f-4ea9-482e-ae52-838b287e406a None None] oslo_messaging_rabbit.ssl_version = {{(pid=108395) log_opt_values /opt/stack/data/venv/lib/python3.12/site-packages/oslo_config/cfg.py:3006}}
Mar 05 02:53:44.913098 np0000157814 devstack@n-api-meta.service[108395]: DEBUG nova.api.openstack.wsgi_app [None req-780c349f-4ea9-482e-ae52-838b287e406a None None] oslo_messaging_rabbit.use_queue_manager = False {{(pid=108395) log_opt_values /opt/stack/data/venv/lib/python3.12/site-packages/oslo_config/cfg.py:3006}}
Mar 05 02:53:44.913248 np0000157814 devstack@n-api-meta.service[108395]: DEBUG nova.api.openstack.wsgi_app [None req-780c349f-4ea9-482e-ae52-838b287e406a None None] oslo_messaging_notifications.driver = ['messagingv2'] {{(pid=108395) log_opt_values /opt/stack/data/venv/lib/python3.12/site-packages/oslo_config/cfg.py:3006}}
Mar 05 02:53:44.913376 np0000157814 devstack@n-api-meta.service[108395]: DEBUG nova.api.openstack.wsgi_app [None req-780c349f-4ea9-482e-ae52-838b287e406a None None] oslo_messaging_notifications.retry = -1 {{(pid=108395) log_opt_values /opt/stack/data/venv/lib/python3.12/site-packages/oslo_config/cfg.py:3006}}
Mar 05 02:53:44.913510 np0000157814 devstack@n-api-meta.service[108395]: DEBUG nova.api.openstack.wsgi_app [None req-780c349f-4ea9-482e-ae52-838b287e406a None None] oslo_messaging_notifications.topics = ['notifications'] {{(pid=108395) log_opt_values /opt/stack/data/venv/lib/python3.12/site-packages/oslo_config/cfg.py:3006}}
Mar 05 02:53:44.913726 np0000157814 devstack@n-api-meta.service[108395]: DEBUG nova.api.openstack.wsgi_app [None req-780c349f-4ea9-482e-ae52-838b287e406a None None] oslo_messaging_notifications.transport_url = **** {{(pid=108395) log_opt_values /opt/stack/data/venv/lib/python3.12/site-packages/oslo_config/cfg.py:3006}}
Mar 05 02:53:44.913853 np0000157814 devstack@n-api-meta.service[108395]: DEBUG nova.api.openstack.wsgi_app [None req-780c349f-4ea9-482e-ae52-838b287e406a None None] oslo_reports.file_event_handler = None {{(pid=108395) log_opt_values /opt/stack/data/venv/lib/python3.12/site-packages/oslo_config/cfg.py:3006}}
Mar 05 02:53:44.914014 np0000157814 devstack@n-api-meta.service[108395]: DEBUG nova.api.openstack.wsgi_app [None req-780c349f-4ea9-482e-ae52-838b287e406a None None] oslo_reports.file_event_handler_interval = 1 {{(pid=108395) log_opt_values /opt/stack/data/venv/lib/python3.12/site-packages/oslo_config/cfg.py:3006}}
Mar 05 02:53:44.914125 np0000157814 devstack@n-api-meta.service[108395]: DEBUG nova.api.openstack.wsgi_app [None req-780c349f-4ea9-482e-ae52-838b287e406a None None] oslo_reports.log_dir = None {{(pid=108395) log_opt_values /opt/stack/data/venv/lib/python3.12/site-packages/oslo_config/cfg.py:3006}}
Mar 05 02:53:44.914229 np0000157814 devstack@n-api-meta.service[108395]: DEBUG nova.api.openstack.wsgi_app [None req-780c349f-4ea9-482e-ae52-838b287e406a None None] ******************************************************************************** {{(pid=108395) log_opt_values /opt/stack/data/venv/lib/python3.12/site-packages/oslo_config/cfg.py:3013}}
Mar 05 02:53:44.914378 np0000157814 devstack@n-api-meta.service[108395]: WSGI app 0 (mountpoint='') ready in 2 seconds on interpreter 0x7dadf5aa3668 pid: 108395 (default app)
Mar 05 02:53:54.476430 np0000157814 devstack@n-api-meta.service[108394]: DEBUG dbcounter [-] [108394] Writing DB stats nova_api:SELECT=1 {{(pid=108394) stat_writer /opt/stack/data/venv/lib/python3.12/site-packages/dbcounter.py:115}}
Mar 05 02:53:54.508997 np0000157814 devstack@n-api-meta.service[108396]: DEBUG dbcounter [-] [108396] Writing DB stats nova_api:SELECT=1 {{(pid=108396) stat_writer /opt/stack/data/venv/lib/python3.12/site-packages/dbcounter.py:115}}
Mar 05 02:53:54.551049 np0000157814 devstack@n-api-meta.service[108393]: DEBUG dbcounter [-] [108393] Writing DB stats nova_api:SELECT=1 {{(pid=108393) stat_writer /opt/stack/data/venv/lib/python3.12/site-packages/dbcounter.py:115}}
Mar 05 02:53:54.581782 np0000157814 devstack@n-api-meta.service[108395]: DEBUG dbcounter [-] [108395] Writing DB stats nova_api:SELECT=1 {{(pid=108395) stat_writer /opt/stack/data/venv/lib/python3.12/site-packages/dbcounter.py:115}}
Mar 05 02:53:54.614652 np0000157814 devstack@n-api-meta.service[108394]: DEBUG dbcounter [-] [108394] Writing DB stats nova_cell0:SELECT=1 {{(pid=108394) stat_writer /opt/stack/data/venv/lib/python3.12/site-packages/dbcounter.py:115}}
Mar 05 02:53:54.620074 np0000157814 devstack@n-api-meta.service[108394]: DEBUG dbcounter [-] [108394] Writing DB stats nova_cell1:SELECT=1 {{(pid=108394) stat_writer /opt/stack/data/venv/lib/python3.12/site-packages/dbcounter.py:115}}
Mar 05 02:53:54.629990 np0000157814 devstack@n-api-meta.service[108396]: DEBUG dbcounter [-] [108396] Writing DB stats nova_cell0:SELECT=1 {{(pid=108396) stat_writer /opt/stack/data/venv/lib/python3.12/site-packages/dbcounter.py:115}}
Mar 05 02:53:54.640561 np0000157814 devstack@n-api-meta.service[108396]: DEBUG dbcounter [-] [108396] Writing DB stats nova_cell1:SELECT=1 {{(pid=108396) stat_writer /opt/stack/data/venv/lib/python3.12/site-packages/dbcounter.py:115}}
Mar 05 02:53:54.652665 np0000157814 devstack@n-api-meta.service[108394]: DEBUG dbcounter [-] [108394] Writing DB stats nova_cell0:SELECT=2,nova_cell0:INSERT=1 {{(pid=108394) stat_writer /opt/stack/data/venv/lib/python3.12/site-packages/dbcounter.py:115}}
Mar 05 02:53:54.670885 np0000157814 devstack@n-api-meta.service[108396]: DEBUG dbcounter [-] [108396] Writing DB stats nova_cell0:SELECT=1 {{(pid=108396) stat_writer /opt/stack/data/venv/lib/python3.12/site-packages/dbcounter.py:115}}
Mar 05 02:53:54.693296 np0000157814 devstack@n-api-meta.service[108393]: DEBUG dbcounter [-] [108393] Writing DB stats nova_cell1:SELECT=1 {{(pid=108393) stat_writer /opt/stack/data/venv/lib/python3.12/site-packages/dbcounter.py:115}}
Mar 05 02:53:54.710528 np0000157814 devstack@n-api-meta.service[108393]: DEBUG dbcounter [-] [108393] Writing DB stats nova_cell0:SELECT=1 {{(pid=108393) stat_writer /opt/stack/data/venv/lib/python3.12/site-packages/dbcounter.py:115}}
Mar 05 02:53:54.733513 np0000157814 devstack@n-api-meta.service[108395]: DEBUG dbcounter [-] [108395] Writing DB stats nova_cell0:SELECT=1 {{(pid=108395) stat_writer /opt/stack/data/venv/lib/python3.12/site-packages/dbcounter.py:115}}
Mar 05 02:53:54.735031 np0000157814 devstack@n-api-meta.service[108395]: DEBUG dbcounter [-] [108395] Writing DB stats nova_cell1:SELECT=1 {{(pid=108395) stat_writer /opt/stack/data/venv/lib/python3.12/site-packages/dbcounter.py:115}}
Mar 05 02:53:54.742155 np0000157814 devstack@n-api-meta.service[108393]: DEBUG dbcounter [-] [108393] Writing DB stats nova_cell0:SELECT=1 {{(pid=108393) stat_writer /opt/stack/data/venv/lib/python3.12/site-packages/dbcounter.py:115}}
Mar 05 02:53:54.762818 np0000157814 devstack@n-api-meta.service[108395]: DEBUG dbcounter [-] [108395] Writing DB stats nova_cell0:SELECT=1 {{(pid=108395) stat_writer /opt/stack/data/venv/lib/python3.12/site-packages/dbcounter.py:115}}
Mar 05 02:59:28.855093 np0000157814 devstack@n-api-meta.service[108394]: DEBUG nova.api.metadata.handler [None req-64ab2179-6fd0-47be-96e1-15c1ee21074d None None] Metadata request headers: {'Host': '199.204.45.113:8775', 'User-Agent': 'python-requests/2.32.5', 'Accept-Encoding': 'gzip, deflate', 'Accept': '*/*', 'Connection': 'keep-alive', 'X-Forwarded-For': '192.168.24.78', 'X-Instance-Id': 'a338d43c-1543-421e-9fca-e7fb1ed0d59e', 'X-Tenant-Id': '7b3539a01fa4483393ae1d2062ed6496', 'X-Instance-Id-Signature': 'c3cdf6021f9b9150a5acf505c19d8e8773109c5ab95005961e3b7704e9fec2a1'} {{(pid=108394) __call__ /opt/stack/nova/nova/api/metadata/handler.py:109}}
Mar 05 02:59:28.868459 np0000157814 devstack@n-api-meta.service[108394]: DEBUG oslo_concurrency.lockutils [None req-69a9e980-c677-4b32-86aa-3b905cb7073b None None] Acquiring lock "c14ddb49-6a04-4a7e-a124-849817e0d844" by "nova.context.set_target_cell..get_or_set_cached_cell_and_set_connections" {{(pid=108394) inner /opt/stack/data/venv/lib/python3.12/site-packages/oslo_concurrency/lockutils.py:506}}
Mar 05 02:59:28.868654 np0000157814 devstack@n-api-meta.service[108394]: DEBUG oslo_concurrency.lockutils [None req-69a9e980-c677-4b32-86aa-3b905cb7073b None None] Lock "c14ddb49-6a04-4a7e-a124-849817e0d844" acquired by "nova.context.set_target_cell..get_or_set_cached_cell_and_set_connections" :: waited 0.000s {{(pid=108394) inner /opt/stack/data/venv/lib/python3.12/site-packages/oslo_concurrency/lockutils.py:519}}
Mar 05 02:59:28.868738 np0000157814 devstack@n-api-meta.service[108394]: DEBUG oslo_concurrency.lockutils [None req-69a9e980-c677-4b32-86aa-3b905cb7073b None None] Lock "c14ddb49-6a04-4a7e-a124-849817e0d844" "released" by "nova.context.set_target_cell..get_or_set_cached_cell_and_set_connections" :: held 0.000s {{(pid=108394) inner /opt/stack/data/venv/lib/python3.12/site-packages/oslo_concurrency/lockutils.py:538}}
Mar 05 02:59:28.923497 np0000157814 devstack@n-api-meta.service[108394]: WARNING neutronclient.v2_0.client [None req-69a9e980-c677-4b32-86aa-3b905cb7073b None None] The python binding code in neutronclient is deprecated in favor of OpenstackSDK, please use that as this will be removed in a future release.
Mar 05 02:59:29.370281 np0000157814 devstack@n-api-meta.service[108394]: [pid: 108394|app: 0|req: 1/1] 199.204.45.113 () {40 vars in 642 bytes} [Thu Mar 5 02:59:28 2026] GET /openstack => generated 116 bytes in 517 msecs (HTTP/1.1 200) 3 headers in 100 bytes (1 switches on core 0)
Mar 05 02:59:29.387914 np0000157814 devstack@n-api-meta.service[108396]: DEBUG nova.api.metadata.handler [None req-c5e9e474-abbf-45e8-8cdf-53e3cee47a05 None None] Metadata request headers: {'Host': '199.204.45.113:8775', 'User-Agent': 'python-requests/2.32.5', 'Accept-Encoding': 'gzip, deflate', 'Accept': '*/*', 'Connection': 'keep-alive', 'X-Forwarded-For': '192.168.24.78', 'X-Instance-Id': 'a338d43c-1543-421e-9fca-e7fb1ed0d59e', 'X-Tenant-Id': '7b3539a01fa4483393ae1d2062ed6496', 'X-Instance-Id-Signature': 'c3cdf6021f9b9150a5acf505c19d8e8773109c5ab95005961e3b7704e9fec2a1'} {{(pid=108396) __call__ /opt/stack/nova/nova/api/metadata/handler.py:109}}
Mar 05 02:59:29.392570 np0000157814 devstack@n-api-meta.service[108396]: DEBUG nova.api.metadata.handler [None req-c5e9e474-abbf-45e8-8cdf-53e3cee47a05 None None] Using cached metadata for instance a338d43c-1543-421e-9fca-e7fb1ed0d59e {{(pid=108396) get_metadata_by_instance_id /opt/stack/nova/nova/api/metadata/handler.py:84}}
Mar 05 02:59:29.393182 np0000157814 devstack@n-api-meta.service[108396]: [pid: 108396|app: 0|req: 1/2] 199.204.45.113 () {40 vars in 642 bytes} [Thu Mar 5 02:59:29 2026] GET /openstack => generated 116 bytes in 8 msecs (HTTP/1.1 200) 3 headers in 100 bytes (1 switches on core 0)
Mar 05 02:59:29.405729 np0000157814 devstack@n-api-meta.service[108393]: DEBUG nova.api.metadata.handler [None req-e4dbc91f-15eb-4fe4-90bc-535b8cdd9530 None None] Metadata request headers: {'Host': '199.204.45.113:8775', 'User-Agent': 'python-requests/2.32.5', 'Accept-Encoding': 'gzip, deflate', 'Accept': '*/*', 'Connection': 'keep-alive', 'X-Forwarded-For': '192.168.24.78', 'X-Instance-Id': 'a338d43c-1543-421e-9fca-e7fb1ed0d59e', 'X-Tenant-Id': '7b3539a01fa4483393ae1d2062ed6496', 'X-Instance-Id-Signature': 'c3cdf6021f9b9150a5acf505c19d8e8773109c5ab95005961e3b7704e9fec2a1'} {{(pid=108393) __call__ /opt/stack/nova/nova/api/metadata/handler.py:109}}
Mar 05 02:59:29.412822 np0000157814 devstack@n-api-meta.service[108393]: DEBUG nova.api.metadata.handler [None req-e4dbc91f-15eb-4fe4-90bc-535b8cdd9530 None None] Using cached metadata for instance a338d43c-1543-421e-9fca-e7fb1ed0d59e {{(pid=108393) get_metadata_by_instance_id /opt/stack/nova/nova/api/metadata/handler.py:84}}
Mar 05 02:59:29.413544 np0000157814 devstack@n-api-meta.service[108393]: [pid: 108393|app: 0|req: 1/3] 199.204.45.113 () {40 vars in 694 bytes} [Thu Mar 5 02:59:29 2026] GET /openstack/2018-08-27/meta_data.json => generated 946 bytes in 9 msecs (HTTP/1.1 200) 3 headers in 91 bytes (1 switches on core 0)
Mar 05 02:59:29.423193 np0000157814 devstack@n-api-meta.service[108395]: DEBUG nova.api.metadata.handler [None req-780c349f-4ea9-482e-ae52-838b287e406a None None] Metadata request headers: {'Host': '199.204.45.113:8775', 'User-Agent': 'python-requests/2.32.5', 'Accept-Encoding': 'gzip, deflate', 'Accept': '*/*', 'Connection': 'keep-alive', 'X-Forwarded-For': '192.168.24.78', 'X-Instance-Id': 'a338d43c-1543-421e-9fca-e7fb1ed0d59e', 'X-Tenant-Id': '7b3539a01fa4483393ae1d2062ed6496', 'X-Instance-Id-Signature': 'c3cdf6021f9b9150a5acf505c19d8e8773109c5ab95005961e3b7704e9fec2a1'} {{(pid=108395) __call__ /opt/stack/nova/nova/api/metadata/handler.py:109}}
Mar 05 02:59:29.428149 np0000157814 devstack@n-api-meta.service[108395]: DEBUG nova.api.metadata.handler [None req-780c349f-4ea9-482e-ae52-838b287e406a None None] Using cached metadata for instance a338d43c-1543-421e-9fca-e7fb1ed0d59e {{(pid=108395) get_metadata_by_instance_id /opt/stack/nova/nova/api/metadata/handler.py:84}}
Mar 05 02:59:29.428683 np0000157814 devstack@n-api-meta.service[108395]: [pid: 108395|app: 0|req: 1/4] 199.204.45.113 () {40 vars in 684 bytes} [Thu Mar 5 02:59:29 2026] GET /openstack/2018-08-27/user_data => generated 26706 bytes in 6 msecs (HTTP/1.1 200) 3 headers in 102 bytes (1 switches on core 0)
Mar 05 02:59:29.439197 np0000157814 devstack@n-api-meta.service[108394]: DEBUG nova.api.metadata.handler [None req-69a9e980-c677-4b32-86aa-3b905cb7073b None None] Metadata request headers: {'Host': '199.204.45.113:8775', 'User-Agent': 'python-requests/2.32.5', 'Accept-Encoding': 'gzip, deflate', 'Accept': '*/*', 'Connection': 'keep-alive', 'X-Forwarded-For': '192.168.24.78', 'X-Instance-Id': 'a338d43c-1543-421e-9fca-e7fb1ed0d59e', 'X-Tenant-Id': '7b3539a01fa4483393ae1d2062ed6496', 'X-Instance-Id-Signature': 'c3cdf6021f9b9150a5acf505c19d8e8773109c5ab95005961e3b7704e9fec2a1'} {{(pid=108394) __call__ /opt/stack/nova/nova/api/metadata/handler.py:109}}
Mar 05 02:59:29.442078 np0000157814 devstack@n-api-meta.service[108394]: DEBUG nova.api.metadata.handler [None req-69a9e980-c677-4b32-86aa-3b905cb7073b None None] Using cached metadata for instance a338d43c-1543-421e-9fca-e7fb1ed0d59e {{(pid=108394) get_metadata_by_instance_id /opt/stack/nova/nova/api/metadata/handler.py:84}}
Mar 05 02:59:29.442697 np0000157814 devstack@n-api-meta.service[108394]: [pid: 108394|app: 0|req: 2/5] 199.204.45.113 () {40 vars in 698 bytes} [Thu Mar 5 02:59:29 2026] GET /openstack/2018-08-27/vendor_data.json => generated 2 bytes in 5 msecs (HTTP/1.1 200) 3 headers in 89 bytes (1 switches on core 0)
Mar 05 02:59:29.450503 np0000157814 devstack@n-api-meta.service[108396]: DEBUG nova.api.metadata.handler [None req-c5e9e474-abbf-45e8-8cdf-53e3cee47a05 None None] Metadata request headers: {'Host': '199.204.45.113:8775', 'User-Agent': 'python-requests/2.32.5', 'Accept-Encoding': 'gzip, deflate', 'Accept': '*/*', 'Connection': 'keep-alive', 'X-Forwarded-For': '192.168.24.78', 'X-Instance-Id': 'a338d43c-1543-421e-9fca-e7fb1ed0d59e', 'X-Tenant-Id': '7b3539a01fa4483393ae1d2062ed6496', 'X-Instance-Id-Signature': 'c3cdf6021f9b9150a5acf505c19d8e8773109c5ab95005961e3b7704e9fec2a1'} {{(pid=108396) __call__ /opt/stack/nova/nova/api/metadata/handler.py:109}}
Mar 05 02:59:29.453851 np0000157814 devstack@n-api-meta.service[108396]: DEBUG nova.api.metadata.handler [None req-c5e9e474-abbf-45e8-8cdf-53e3cee47a05 None None] Using cached metadata for instance a338d43c-1543-421e-9fca-e7fb1ed0d59e {{(pid=108396) get_metadata_by_instance_id /opt/stack/nova/nova/api/metadata/handler.py:84}}
Mar 05 02:59:29.454913 np0000157814 devstack@n-api-meta.service[108396]: [pid: 108396|app: 0|req: 2/6] 199.204.45.113 () {40 vars in 700 bytes} [Thu Mar 5 02:59:29 2026] GET /openstack/2018-08-27/vendor_data2.json => generated 14 bytes in 5 msecs (HTTP/1.1 200) 3 headers in 90 bytes (1 switches on core 0)
Mar 05 02:59:29.465711 np0000157814 devstack@n-api-meta.service[108393]: DEBUG nova.api.metadata.handler [None req-e4dbc91f-15eb-4fe4-90bc-535b8cdd9530 None None] Metadata request headers: {'Host': '199.204.45.113:8775', 'User-Agent': 'python-requests/2.32.5', 'Accept-Encoding': 'gzip, deflate', 'Accept': '*/*', 'Connection': 'keep-alive', 'X-Forwarded-For': '192.168.24.78', 'X-Instance-Id': 'a338d43c-1543-421e-9fca-e7fb1ed0d59e', 'X-Tenant-Id': '7b3539a01fa4483393ae1d2062ed6496', 'X-Instance-Id-Signature': 'c3cdf6021f9b9150a5acf505c19d8e8773109c5ab95005961e3b7704e9fec2a1'} {{(pid=108393) __call__ /opt/stack/nova/nova/api/metadata/handler.py:109}}
Mar 05 02:59:29.468271 np0000157814 devstack@n-api-meta.service[108393]: DEBUG nova.api.metadata.handler [None req-e4dbc91f-15eb-4fe4-90bc-535b8cdd9530 None None] Using cached metadata for instance a338d43c-1543-421e-9fca-e7fb1ed0d59e {{(pid=108393) get_metadata_by_instance_id /opt/stack/nova/nova/api/metadata/handler.py:84}}
Mar 05 02:59:29.468849 np0000157814 devstack@n-api-meta.service[108393]: [pid: 108393|app: 0|req: 2/7] 199.204.45.113 () {40 vars in 700 bytes} [Thu Mar 5 02:59:29 2026] GET /openstack/2018-08-27/network_data.json => generated 348 bytes in 4 msecs (HTTP/1.1 200) 3 headers in 100 bytes (1 switches on core 0)
Mar 05 02:59:29.477557 np0000157814 devstack@n-api-meta.service[108395]: DEBUG nova.api.metadata.handler [None req-780c349f-4ea9-482e-ae52-838b287e406a None None] Metadata request headers: {'Host': '199.204.45.113:8775', 'User-Agent': 'python-requests/2.32.5', 'Accept-Encoding': 'gzip, deflate', 'Accept': '*/*', 'Connection': 'keep-alive', 'X-Forwarded-For': '192.168.24.78', 'X-Instance-Id': 'a338d43c-1543-421e-9fca-e7fb1ed0d59e', 'X-Tenant-Id': '7b3539a01fa4483393ae1d2062ed6496', 'X-Instance-Id-Signature': 'c3cdf6021f9b9150a5acf505c19d8e8773109c5ab95005961e3b7704e9fec2a1'} {{(pid=108395) __call__ /opt/stack/nova/nova/api/metadata/handler.py:109}}
Mar 05 02:59:29.480760 np0000157814 devstack@n-api-meta.service[108395]: DEBUG nova.api.metadata.handler [None req-780c349f-4ea9-482e-ae52-838b287e406a None None] Using cached metadata for instance a338d43c-1543-421e-9fca-e7fb1ed0d59e {{(pid=108395) get_metadata_by_instance_id /opt/stack/nova/nova/api/metadata/handler.py:84}}
Mar 05 02:59:29.481500 np0000157814 devstack@n-api-meta.service[108395]: [pid: 108395|app: 0|req: 2/8] 199.204.45.113 () {40 vars in 658 bytes} [Thu Mar 5 02:59:29 2026] GET /latest/meta-data/ => generated 210 bytes in 5 msecs (HTTP/1.1 200) 3 headers in 100 bytes (1 switches on core 0)
Mar 05 02:59:29.490942 np0000157814 devstack@n-api-meta.service[108394]: DEBUG nova.api.metadata.handler [None req-69a9e980-c677-4b32-86aa-3b905cb7073b None None] Metadata request headers: {'Host': '199.204.45.113:8775', 'User-Agent': 'python-requests/2.32.5', 'Accept-Encoding': 'gzip, deflate', 'Accept': '*/*', 'Connection': 'keep-alive', 'X-Forwarded-For': '192.168.24.78', 'X-Instance-Id': 'a338d43c-1543-421e-9fca-e7fb1ed0d59e', 'X-Tenant-Id': '7b3539a01fa4483393ae1d2062ed6496', 'X-Instance-Id-Signature': 'c3cdf6021f9b9150a5acf505c19d8e8773109c5ab95005961e3b7704e9fec2a1'} {{(pid=108394) __call__ /opt/stack/nova/nova/api/metadata/handler.py:109}}
Mar 05 02:59:29.494123 np0000157814 devstack@n-api-meta.service[108394]: DEBUG nova.api.metadata.handler [None req-69a9e980-c677-4b32-86aa-3b905cb7073b None None] Using cached metadata for instance a338d43c-1543-421e-9fca-e7fb1ed0d59e {{(pid=108394) get_metadata_by_instance_id /opt/stack/nova/nova/api/metadata/handler.py:84}}
Mar 05 02:59:29.495215 np0000157814 devstack@n-api-meta.service[108394]: [pid: 108394|app: 0|req: 3/9] 199.204.45.113 () {40 vars in 700 bytes} [Thu Mar 5 02:59:29 2026] GET /latest/meta-data/block-device-mapping/ => generated 8 bytes in 5 msecs (HTTP/1.1 200) 3 headers in 98 bytes (1 switches on core 0)
Mar 05 02:59:29.504728 np0000157814 devstack@n-api-meta.service[108396]: DEBUG nova.api.metadata.handler [None req-c5e9e474-abbf-45e8-8cdf-53e3cee47a05 None None] Metadata request headers: {'Host': '199.204.45.113:8775', 'User-Agent': 'python-requests/2.32.5', 'Accept-Encoding': 'gzip, deflate', 'Accept': '*/*', 'Connection': 'keep-alive', 'X-Forwarded-For': '192.168.24.78', 'X-Instance-Id': 'a338d43c-1543-421e-9fca-e7fb1ed0d59e', 'X-Tenant-Id': '7b3539a01fa4483393ae1d2062ed6496', 'X-Instance-Id-Signature': 'c3cdf6021f9b9150a5acf505c19d8e8773109c5ab95005961e3b7704e9fec2a1'} {{(pid=108396) __call__ /opt/stack/nova/nova/api/metadata/handler.py:109}}
Mar 05 02:59:29.507409 np0000157814 devstack@n-api-meta.service[108396]: DEBUG nova.api.metadata.handler [None req-c5e9e474-abbf-45e8-8cdf-53e3cee47a05 None None] Using cached metadata for instance a338d43c-1543-421e-9fca-e7fb1ed0d59e {{(pid=108396) get_metadata_by_instance_id /opt/stack/nova/nova/api/metadata/handler.py:84}}
Mar 05 02:59:29.508452 np0000157814 devstack@n-api-meta.service[108396]: [pid: 108396|app: 0|req: 3/10] 199.204.45.113 () {40 vars in 706 bytes} [Thu Mar 5 02:59:29 2026] GET /latest/meta-data/block-device-mapping/ami => generated 3 bytes in 4 msecs (HTTP/1.1 200) 3 headers in 98 bytes (1 switches on core 0)
Mar 05 02:59:29.517196 np0000157814 devstack@n-api-meta.service[108393]: DEBUG nova.api.metadata.handler [None req-e4dbc91f-15eb-4fe4-90bc-535b8cdd9530 None None] Metadata request headers: {'Host': '199.204.45.113:8775', 'User-Agent': 'python-requests/2.32.5', 'Accept-Encoding': 'gzip, deflate', 'Accept': '*/*', 'Connection': 'keep-alive', 'X-Forwarded-For': '192.168.24.78', 'X-Instance-Id': 'a338d43c-1543-421e-9fca-e7fb1ed0d59e', 'X-Tenant-Id': '7b3539a01fa4483393ae1d2062ed6496', 'X-Instance-Id-Signature': 'c3cdf6021f9b9150a5acf505c19d8e8773109c5ab95005961e3b7704e9fec2a1'} {{(pid=108393) __call__ /opt/stack/nova/nova/api/metadata/handler.py:109}}
Mar 05 02:59:29.520372 np0000157814 devstack@n-api-meta.service[108393]: DEBUG nova.api.metadata.handler [None req-e4dbc91f-15eb-4fe4-90bc-535b8cdd9530 None None] Using cached metadata for instance a338d43c-1543-421e-9fca-e7fb1ed0d59e {{(pid=108393) get_metadata_by_instance_id /opt/stack/nova/nova/api/metadata/handler.py:84}}
Mar 05 02:59:29.521156 np0000157814 devstack@n-api-meta.service[108393]: [pid: 108393|app: 0|req: 3/11] 199.204.45.113 () {40 vars in 708 bytes} [Thu Mar 5 02:59:29 2026] GET /latest/meta-data/block-device-mapping/root => generated 8 bytes in 5 msecs (HTTP/1.1 200) 3 headers in 98 bytes (1 switches on core 0)
Mar 05 02:59:29.532677 np0000157814 devstack@n-api-meta.service[108395]: DEBUG nova.api.metadata.handler [None req-780c349f-4ea9-482e-ae52-838b287e406a None None] Metadata request headers: {'Host': '199.204.45.113:8775', 'User-Agent': 'python-requests/2.32.5', 'Accept-Encoding': 'gzip, deflate', 'Accept': '*/*', 'Connection': 'keep-alive', 'X-Forwarded-For': '192.168.24.78', 'X-Instance-Id': 'a338d43c-1543-421e-9fca-e7fb1ed0d59e', 'X-Tenant-Id': '7b3539a01fa4483393ae1d2062ed6496', 'X-Instance-Id-Signature': 'c3cdf6021f9b9150a5acf505c19d8e8773109c5ab95005961e3b7704e9fec2a1'} {{(pid=108395) __call__ /opt/stack/nova/nova/api/metadata/handler.py:109}}
Mar 05 02:59:29.534714 np0000157814 devstack@n-api-meta.service[108395]: DEBUG nova.api.metadata.handler [None req-780c349f-4ea9-482e-ae52-838b287e406a None None] Using cached metadata for instance a338d43c-1543-421e-9fca-e7fb1ed0d59e {{(pid=108395) get_metadata_by_instance_id /opt/stack/nova/nova/api/metadata/handler.py:84}}
Mar 05 02:59:29.535412 np0000157814 devstack@n-api-meta.service[108395]: [pid: 108395|app: 0|req: 3/12] 199.204.45.113 () {40 vars in 678 bytes} [Thu Mar 5 02:59:29 2026] GET /latest/meta-data/placement/ => generated 17 bytes in 3 msecs (HTTP/1.1 200) 3 headers in 99 bytes (1 switches on core 0)
Mar 05 02:59:29.545083 np0000157814 devstack@n-api-meta.service[108394]: DEBUG nova.api.metadata.handler [None req-69a9e980-c677-4b32-86aa-3b905cb7073b None None] Metadata request headers: {'Host': '199.204.45.113:8775', 'User-Agent': 'python-requests/2.32.5', 'Accept-Encoding': 'gzip, deflate', 'Accept': '*/*', 'Connection': 'keep-alive', 'X-Forwarded-For': '192.168.24.78', 'X-Instance-Id': 'a338d43c-1543-421e-9fca-e7fb1ed0d59e', 'X-Tenant-Id': '7b3539a01fa4483393ae1d2062ed6496', 'X-Instance-Id-Signature': 'c3cdf6021f9b9150a5acf505c19d8e8773109c5ab95005961e3b7704e9fec2a1'} {{(pid=108394) __call__ /opt/stack/nova/nova/api/metadata/handler.py:109}}
Mar 05 02:59:29.548134 np0000157814 devstack@n-api-meta.service[108394]: DEBUG nova.api.metadata.handler [None req-69a9e980-c677-4b32-86aa-3b905cb7073b None None] Using cached metadata for instance a338d43c-1543-421e-9fca-e7fb1ed0d59e {{(pid=108394) get_metadata_by_instance_id /opt/stack/nova/nova/api/metadata/handler.py:84}}
Mar 05 02:59:29.548852 np0000157814 devstack@n-api-meta.service[108394]: [pid: 108394|app: 0|req: 4/13] 199.204.45.113 () {40 vars in 712 bytes} [Thu Mar 5 02:59:29 2026] GET /latest/meta-data/placement/availability-zone => generated 4 bytes in 5 msecs (HTTP/1.1 200) 3 headers in 98 bytes (1 switches on core 0)
Mar 05 02:59:29.557631 np0000157814 devstack@n-api-meta.service[108396]: DEBUG nova.api.metadata.handler [None req-c5e9e474-abbf-45e8-8cdf-53e3cee47a05 None None] Metadata request headers: {'Host': '199.204.45.113:8775', 'User-Agent': 'python-requests/2.32.5', 'Accept-Encoding': 'gzip, deflate', 'Accept': '*/*', 'Connection': 'keep-alive', 'X-Forwarded-For': '192.168.24.78', 'X-Instance-Id': 'a338d43c-1543-421e-9fca-e7fb1ed0d59e', 'X-Tenant-Id': '7b3539a01fa4483393ae1d2062ed6496', 'X-Instance-Id-Signature': 'c3cdf6021f9b9150a5acf505c19d8e8773109c5ab95005961e3b7704e9fec2a1'} {{(pid=108396) __call__ /opt/stack/nova/nova/api/metadata/handler.py:109}}
Mar 05 02:59:29.561252 np0000157814 devstack@n-api-meta.service[108396]: DEBUG nova.api.metadata.handler [None req-c5e9e474-abbf-45e8-8cdf-53e3cee47a05 None None] Using cached metadata for instance a338d43c-1543-421e-9fca-e7fb1ed0d59e {{(pid=108396) get_metadata_by_instance_id /opt/stack/nova/nova/api/metadata/handler.py:84}}
Mar 05 02:59:29.561694 np0000157814 devstack@n-api-meta.service[108396]: [pid: 108396|app: 0|req: 4/14] 199.204.45.113 () {40 vars in 670 bytes} [Thu Mar 5 02:59:29 2026] GET /latest/meta-data/ami-id => generated 12 bytes in 4 msecs (HTTP/1.1 200) 3 headers in 99 bytes (1 switches on core 0)
Mar 05 02:59:29.571923 np0000157814 devstack@n-api-meta.service[108393]: DEBUG nova.api.metadata.handler [None req-e4dbc91f-15eb-4fe4-90bc-535b8cdd9530 None None] Metadata request headers: {'Host': '199.204.45.113:8775', 'User-Agent': 'python-requests/2.32.5', 'Accept-Encoding': 'gzip, deflate', 'Accept': '*/*', 'Connection': 'keep-alive', 'X-Forwarded-For': '192.168.24.78', 'X-Instance-Id': 'a338d43c-1543-421e-9fca-e7fb1ed0d59e', 'X-Tenant-Id': '7b3539a01fa4483393ae1d2062ed6496', 'X-Instance-Id-Signature': 'c3cdf6021f9b9150a5acf505c19d8e8773109c5ab95005961e3b7704e9fec2a1'} {{(pid=108393) __call__ /opt/stack/nova/nova/api/metadata/handler.py:109}}
Mar 05 02:59:29.575225 np0000157814 devstack@n-api-meta.service[108393]: DEBUG nova.api.metadata.handler [None req-e4dbc91f-15eb-4fe4-90bc-535b8cdd9530 None None] Using cached metadata for instance a338d43c-1543-421e-9fca-e7fb1ed0d59e {{(pid=108393) get_metadata_by_instance_id /opt/stack/nova/nova/api/metadata/handler.py:84}}
Mar 05 02:59:29.575768 np0000157814 devstack@n-api-meta.service[108393]: [pid: 108393|app: 0|req: 4/15] 199.204.45.113 () {40 vars in 690 bytes} [Thu Mar 5 02:59:29 2026] GET /latest/meta-data/ami-launch-index => generated 1 bytes in 5 msecs (HTTP/1.1 200) 3 headers in 98 bytes (1 switches on core 0)
Mar 05 02:59:29.584327 np0000157814 devstack@n-api-meta.service[108395]: DEBUG nova.api.metadata.handler [None req-780c349f-4ea9-482e-ae52-838b287e406a None None] Metadata request headers: {'Host': '199.204.45.113:8775', 'User-Agent': 'python-requests/2.32.5', 'Accept-Encoding': 'gzip, deflate', 'Accept': '*/*', 'Connection': 'keep-alive', 'X-Forwarded-For': '192.168.24.78', 'X-Instance-Id': 'a338d43c-1543-421e-9fca-e7fb1ed0d59e', 'X-Tenant-Id': '7b3539a01fa4483393ae1d2062ed6496', 'X-Instance-Id-Signature': 'c3cdf6021f9b9150a5acf505c19d8e8773109c5ab95005961e3b7704e9fec2a1'} {{(pid=108395) __call__ /opt/stack/nova/nova/api/metadata/handler.py:109}}
Mar 05 02:59:29.586639 np0000157814 devstack@n-api-meta.service[108395]: DEBUG nova.api.metadata.handler [None req-780c349f-4ea9-482e-ae52-838b287e406a None None] Using cached metadata for instance a338d43c-1543-421e-9fca-e7fb1ed0d59e {{(pid=108395) get_metadata_by_instance_id /opt/stack/nova/nova/api/metadata/handler.py:84}}
Mar 05 02:59:29.587255 np0000157814 devstack@n-api-meta.service[108395]: [pid: 108395|app: 0|req: 4/16] 199.204.45.113 () {40 vars in 692 bytes} [Thu Mar 5 02:59:29 2026] GET /latest/meta-data/ami-manifest-path => generated 5 bytes in 4 msecs (HTTP/1.1 200) 3 headers in 98 bytes (1 switches on core 0)
Mar 05 02:59:29.597457 np0000157814 devstack@n-api-meta.service[108394]: DEBUG nova.api.metadata.handler [None req-69a9e980-c677-4b32-86aa-3b905cb7073b None None] Metadata request headers: {'Host': '199.204.45.113:8775', 'User-Agent': 'python-requests/2.32.5', 'Accept-Encoding': 'gzip, deflate', 'Accept': '*/*', 'Connection': 'keep-alive', 'X-Forwarded-For': '192.168.24.78', 'X-Instance-Id': 'a338d43c-1543-421e-9fca-e7fb1ed0d59e', 'X-Tenant-Id': '7b3539a01fa4483393ae1d2062ed6496', 'X-Instance-Id-Signature': 'c3cdf6021f9b9150a5acf505c19d8e8773109c5ab95005961e3b7704e9fec2a1'} {{(pid=108394) __call__ /opt/stack/nova/nova/api/metadata/handler.py:109}}
Mar 05 02:59:29.600594 np0000157814 devstack@n-api-meta.service[108394]: DEBUG nova.api.metadata.handler [None req-69a9e980-c677-4b32-86aa-3b905cb7073b None None] Using cached metadata for instance a338d43c-1543-421e-9fca-e7fb1ed0d59e {{(pid=108394) get_metadata_by_instance_id /opt/stack/nova/nova/api/metadata/handler.py:84}}
Mar 05 02:59:29.601411 np0000157814 devstack@n-api-meta.service[108394]: [pid: 108394|app: 0|req: 5/17] 199.204.45.113 () {40 vars in 674 bytes} [Thu Mar 5 02:59:29 2026] GET /latest/meta-data/hostname => generated 32 bytes in 5 msecs (HTTP/1.1 200) 3 headers in 99 bytes (1 switches on core 0)
Mar 05 02:59:29.608761 np0000157814 devstack@n-api-meta.service[108396]: DEBUG nova.api.metadata.handler [None req-c5e9e474-abbf-45e8-8cdf-53e3cee47a05 None None] Metadata request headers: {'Host': '199.204.45.113:8775', 'User-Agent': 'python-requests/2.32.5', 'Accept-Encoding': 'gzip, deflate', 'Accept': '*/*', 'Connection': 'keep-alive', 'X-Forwarded-For': '192.168.24.78', 'X-Instance-Id': 'a338d43c-1543-421e-9fca-e7fb1ed0d59e', 'X-Tenant-Id': '7b3539a01fa4483393ae1d2062ed6496', 'X-Instance-Id-Signature': 'c3cdf6021f9b9150a5acf505c19d8e8773109c5ab95005961e3b7704e9fec2a1'} {{(pid=108396) __call__ /opt/stack/nova/nova/api/metadata/handler.py:109}}
Mar 05 02:59:29.611606 np0000157814 devstack@n-api-meta.service[108396]: DEBUG nova.api.metadata.handler [None req-c5e9e474-abbf-45e8-8cdf-53e3cee47a05 None None] Using cached metadata for instance a338d43c-1543-421e-9fca-e7fb1ed0d59e {{(pid=108396) get_metadata_by_instance_id /opt/stack/nova/nova/api/metadata/handler.py:84}}
Mar 05 02:59:29.612131 np0000157814 devstack@n-api-meta.service[108396]: [pid: 108396|app: 0|req: 5/18] 199.204.45.113 () {40 vars in 687 bytes} [Thu Mar 5 02:59:29 2026] GET /latest/meta-data/instance-action => generated 4 bytes in 4 msecs (HTTP/1.1 200) 3 headers in 98 bytes (1 switches on core 0)
Mar 05 02:59:29.622177 np0000157814 devstack@n-api-meta.service[108393]: DEBUG nova.api.metadata.handler [None req-e4dbc91f-15eb-4fe4-90bc-535b8cdd9530 None None] Metadata request headers: {'Host': '199.204.45.113:8775', 'User-Agent': 'python-requests/2.32.5', 'Accept-Encoding': 'gzip, deflate', 'Accept': '*/*', 'Connection': 'keep-alive', 'X-Forwarded-For': '192.168.24.78', 'X-Instance-Id': 'a338d43c-1543-421e-9fca-e7fb1ed0d59e', 'X-Tenant-Id': '7b3539a01fa4483393ae1d2062ed6496', 'X-Instance-Id-Signature': 'c3cdf6021f9b9150a5acf505c19d8e8773109c5ab95005961e3b7704e9fec2a1'} {{(pid=108393) __call__ /opt/stack/nova/nova/api/metadata/handler.py:109}}
Mar 05 02:59:29.625185 np0000157814 devstack@n-api-meta.service[108393]: DEBUG nova.api.metadata.handler [None req-e4dbc91f-15eb-4fe4-90bc-535b8cdd9530 None None] Using cached metadata for instance a338d43c-1543-421e-9fca-e7fb1ed0d59e {{(pid=108393) get_metadata_by_instance_id /opt/stack/nova/nova/api/metadata/handler.py:84}}
Mar 05 02:59:29.625917 np0000157814 devstack@n-api-meta.service[108393]: [pid: 108393|app: 0|req: 5/19] 199.204.45.113 () {40 vars in 679 bytes} [Thu Mar 5 02:59:29 2026] GET /latest/meta-data/instance-id => generated 10 bytes in 5 msecs (HTTP/1.1 200) 3 headers in 99 bytes (1 switches on core 0)
Mar 05 02:59:29.634711 np0000157814 devstack@n-api-meta.service[108395]: DEBUG nova.api.metadata.handler [None req-780c349f-4ea9-482e-ae52-838b287e406a None None] Metadata request headers: {'Host': '199.204.45.113:8775', 'User-Agent': 'python-requests/2.32.5', 'Accept-Encoding': 'gzip, deflate', 'Accept': '*/*', 'Connection': 'keep-alive', 'X-Forwarded-For': '192.168.24.78', 'X-Instance-Id': 'a338d43c-1543-421e-9fca-e7fb1ed0d59e', 'X-Tenant-Id': '7b3539a01fa4483393ae1d2062ed6496', 'X-Instance-Id-Signature': 'c3cdf6021f9b9150a5acf505c19d8e8773109c5ab95005961e3b7704e9fec2a1'} {{(pid=108395) __call__ /opt/stack/nova/nova/api/metadata/handler.py:109}}
Mar 05 02:59:29.637433 np0000157814 devstack@n-api-meta.service[108395]: DEBUG nova.api.metadata.handler [None req-780c349f-4ea9-482e-ae52-838b287e406a None None] Using cached metadata for instance a338d43c-1543-421e-9fca-e7fb1ed0d59e {{(pid=108395) get_metadata_by_instance_id /opt/stack/nova/nova/api/metadata/handler.py:84}}
Mar 05 02:59:29.638003 np0000157814 devstack@n-api-meta.service[108395]: [pid: 108395|app: 0|req: 5/20] 199.204.45.113 () {40 vars in 683 bytes} [Thu Mar 5 02:59:29 2026] GET /latest/meta-data/instance-type => generated 8 bytes in 4 msecs (HTTP/1.1 200) 3 headers in 98 bytes (1 switches on core 0)
Mar 05 02:59:29.647653 np0000157814 devstack@n-api-meta.service[108394]: DEBUG nova.api.metadata.handler [None req-69a9e980-c677-4b32-86aa-3b905cb7073b None None] Metadata request headers: {'Host': '199.204.45.113:8775', 'User-Agent': 'python-requests/2.32.5', 'Accept-Encoding': 'gzip, deflate', 'Accept': '*/*', 'Connection': 'keep-alive', 'X-Forwarded-For': '192.168.24.78', 'X-Instance-Id': 'a338d43c-1543-421e-9fca-e7fb1ed0d59e', 'X-Tenant-Id': '7b3539a01fa4483393ae1d2062ed6496', 'X-Instance-Id-Signature': 'c3cdf6021f9b9150a5acf505c19d8e8773109c5ab95005961e3b7704e9fec2a1'} {{(pid=108394) __call__ /opt/stack/nova/nova/api/metadata/handler.py:109}}
Mar 05 02:59:29.649215 np0000157814 devstack@n-api-meta.service[108394]: DEBUG nova.api.metadata.handler [None req-69a9e980-c677-4b32-86aa-3b905cb7073b None None] Using cached metadata for instance a338d43c-1543-421e-9fca-e7fb1ed0d59e {{(pid=108394) get_metadata_by_instance_id /opt/stack/nova/nova/api/metadata/handler.py:84}}
Mar 05 02:59:29.649673 np0000157814 devstack@n-api-meta.service[108394]: [pid: 108394|app: 0|req: 6/21] 199.204.45.113 () {40 vars in 685 bytes} [Thu Mar 5 02:59:29 2026] GET /latest/meta-data/local-hostname => generated 32 bytes in 2 msecs (HTTP/1.1 200) 3 headers in 99 bytes (1 switches on core 0)
Mar 05 02:59:29.657033 np0000157814 devstack@n-api-meta.service[108396]: DEBUG nova.api.metadata.handler [None req-c5e9e474-abbf-45e8-8cdf-53e3cee47a05 None None] Metadata request headers: {'Host': '199.204.45.113:8775', 'User-Agent': 'python-requests/2.32.5', 'Accept-Encoding': 'gzip, deflate', 'Accept': '*/*', 'Connection': 'keep-alive', 'X-Forwarded-For': '192.168.24.78', 'X-Instance-Id': 'a338d43c-1543-421e-9fca-e7fb1ed0d59e', 'X-Tenant-Id': '7b3539a01fa4483393ae1d2062ed6496', 'X-Instance-Id-Signature': 'c3cdf6021f9b9150a5acf505c19d8e8773109c5ab95005961e3b7704e9fec2a1'} {{(pid=108396) __call__ /opt/stack/nova/nova/api/metadata/handler.py:109}}
Mar 05 02:59:29.659716 np0000157814 devstack@n-api-meta.service[108396]: DEBUG nova.api.metadata.handler [None req-c5e9e474-abbf-45e8-8cdf-53e3cee47a05 None None] Using cached metadata for instance a338d43c-1543-421e-9fca-e7fb1ed0d59e {{(pid=108396) get_metadata_by_instance_id /opt/stack/nova/nova/api/metadata/handler.py:84}}
Mar 05 02:59:29.660985 np0000157814 devstack@n-api-meta.service[108396]: [pid: 108396|app: 0|req: 6/22] 199.204.45.113 () {40 vars in 677 bytes} [Thu Mar 5 02:59:29 2026] GET /latest/meta-data/local-ipv4 => generated 13 bytes in 4 msecs (HTTP/1.1 200) 3 headers in 99 bytes (1 switches on core 0)
Mar 05 02:59:29.666771 np0000157814 devstack@n-api-meta.service[108393]: DEBUG nova.api.metadata.handler [None req-e4dbc91f-15eb-4fe4-90bc-535b8cdd9530 None None] Metadata request headers: {'Host': '199.204.45.113:8775', 'User-Agent': 'python-requests/2.32.5', 'Accept-Encoding': 'gzip, deflate', 'Accept': '*/*', 'Connection': 'keep-alive', 'X-Forwarded-For': '192.168.24.78', 'X-Instance-Id': 'a338d43c-1543-421e-9fca-e7fb1ed0d59e', 'X-Tenant-Id': '7b3539a01fa4483393ae1d2062ed6496', 'X-Instance-Id-Signature': 'c3cdf6021f9b9150a5acf505c19d8e8773109c5ab95005961e3b7704e9fec2a1'} {{(pid=108393) __call__ /opt/stack/nova/nova/api/metadata/handler.py:109}}
