2026-04-29 03:14:40.221 16 ERROR neutron.plugins.ml2.managers with excutils.save_and_reraise_exception():
2026-04-29 03:14:40.221 16 ERROR neutron.plugins.ml2.managers
File "/var/lib/openstack/lib/python3.12/site-packages/oslo_utils/excutils.py", line 271, in __exit__
2026-04-29 03:14:40.221 16 ERROR neutron.plugins.ml2.managers self.force_reraise()
2026-04-29 03:14:40.221 16 ERROR neutron.plugins.ml2.managers
File "/var/lib/openstack/lib/python3.12/site-packages/oslo_utils/excutils.py", line 233, in force_reraise
2026-04-29 03:14:40.221 16 ERROR neutron.plugins.ml2.managers raise self.value
2026-04-29 03:14:40.221 16 ERROR neutron.plugins.ml2.managers
File "/var/lib/openstack/lib/python3.12/site-packages/neutron_lib/db/api.py", line 181, in wrapped
2026-04-29 03:14:40.221 16 ERROR neutron.plugins.ml2.managers return f(*dup_args, **dup_kwargs)
2026-04-29 03:14:40.221 16 ERROR neutron.plugins.ml2.managers ^^^^^^^^^^^^^^^^^^^^^^^^^^
2026-04-29 03:14:40.221 16 ERROR neutron.plugins.ml2.managers
File "/var/lib/openstack/lib/python3.12/site-packages/neutron/db/db_base_plugin_v2.py", line 1207, in get_subnet
2026-04-29 03:14:40.221 16 ERROR neutron.plugins.ml2.managers subnet_obj = self._get_subnet_object(context, id)
2026-04-29 03:14:40.221 16 ERROR neutron.plugins.ml2.managers ^^^^^^^^^^^^^^^^^^^^^^^^^^^^^^^^^^^^
2026-04-29 03:14:40.221 16 ERROR neutron.plugins.ml2.managers
File "/var/lib/openstack/lib/python3.12/site-packages/neutron/db/db_base_plugin_common.py", line 285, in _get_subnet_object
2026-04-29 03:14:40.221 16 ERROR neutron.plugins.ml2.managers raise exceptions.SubnetNotFound(subnet_id=id)
2026-04-29 03:14:40.221 16 ERROR neutron.plugins.ml2.managers neutron_lib.exceptions.SubnetNotFound: Subnet d1410082-6ea7-4928-9740-08d0c891f63d could not be found.
2026-04-29 03:14:40.221 16 ERROR neutron.plugins.ml2.managers
2026-04-29 03:14:40.222 16 ERROR neutron.plugins.ml2.managers [None req-c94c8ce1-ef7f-4c65-bb21-a9f0b4c8e1ae - - - - - -] Failed to bind port a49979c6-6ee5-49d3-b448-d0b369a853f0 on host instance for vnic_type normal using segments []
2026-04-29 03:14:55.180 13 INFO neutron.plugins.ml2.plugin [None req-380f512b-4d6c-494c-9d36-046ce1401486 - - - - - -] Attempt 1 to provision port f6881147-6978-4ef1-8fd9-b192382a82d9
2026-04-29 03:14:55.296 13 INFO neutron.notifiers.nova [-] Nova event matching ['req-6af8c3c9-1230-457a-ae59-3c769675b499'] response: {'server_uuid': '9f801f71-32fb-409b-90bd-65a8bfc198df', 'name': 'network-vif-plugged', 'status': 'completed', 'tag': 'f6881147-6978-4ef1-8fd9-b192382a82d9', 'code': 200}
2026-04-29 03:14:56.644 16 INFO neutron.plugins.ml2.plugin [None req-380f512b-4d6c-494c-9d36-046ce1401486 - - - - - -] Attempt 1 to provision port f6881147-6978-4ef1-8fd9-b192382a82d9
2026-04-29 03:14:59.219 16 INFO neutron.plugins.ml2.plugin [None req-380f512b-4d6c-494c-9d36-046ce1401486 - - - - - -] Attempt 1 to provision port 007874a2-140c-4b4c-9802-ae6de038c3ff
2026-04-29 03:14:59.348 16 INFO neutron.notifiers.nova [-] Nova event matching ['req-5a18c75b-3f9f-4672-8e65-58b4ebf76247'] response: {'server_uuid': '7495e713-1964-40c2-993f-bb86697a4930', 'name': 'network-vif-plugged', 'status': 'completed', 'tag': '007874a2-140c-4b4c-9802-ae6de038c3ff', 'code': 200}
2026-04-29 03:15:00.694 13 INFO neutron.plugins.ml2.plugin [None req-380f512b-4d6c-494c-9d36-046ce1401486 - - - - - -] Attempt 1 to provision port 007874a2-140c-4b4c-9802-ae6de038c3ff
2026-04-29 03:15:42.710 16 INFO neutron.plugins.ml2.plugin [None req-380f512b-4d6c-494c-9d36-046ce1401486 - - - - - -] Attempt 1 to provision port 49c093c8-dcd5-486b-814a-51f2824926c3
2026-04-29 03:15:42.824 16 INFO neutron.notifiers.nova [-] Nova event matching ['req-712b0e0a-b58e-4fba-8d9b-ed2297547e94'] response: {'server_uuid': '9f801f71-32fb-409b-90bd-65a8bfc198df', 'name': 'network-vif-plugged', 'status': 'completed', 'tag': '49c093c8-dcd5-486b-814a-51f2824926c3', 'code': 200}
2026-04-29 03:15:44.755 16 INFO neutron.plugins.ml2.plugin [None req-380f512b-4d6c-494c-9d36-046ce1401486 - - - - - -] Attempt 1 to provision port b3fc05d9-d28f-4f94-be28-cfc606b2f8b9
2026-04-29 03:15:45.081 16 INFO neutron.plugins.ml2.plugin [None req-380f512b-4d6c-494c-9d36-046ce1401486 - - - - - -] Attempt 1 to provision port 49c093c8-dcd5-486b-814a-51f2824926c3
2026-04-29 03:15:45.452 16 INFO neutron.plugins.ml2.plugin [None req-536ecd96-b7fa-4950-b578-df55ff4a2cfb - - - - - -] Attempt 1 to provision port cd681200-0a76-4a21-8e7a-b8bf3d799f47
2026-04-29 03:15:45.475 16 INFO neutron.plugins.ml2.plugin [None req-536ecd96-b7fa-4950-b578-df55ff4a2cfb - - - - - -] Attempt 1 to provision port b3fc05d9-d28f-4f94-be28-cfc606b2f8b9
2026-04-29 03:15:47.344 13 INFO neutron.plugins.ml2.plugin [None req-380f512b-4d6c-494c-9d36-046ce1401486 - - - - - -] Attempt 1 to provision port b3fc05d9-d28f-4f94-be28-cfc606b2f8b9
2026-04-29 03:15:47.597 13 INFO neutron.plugins.ml2.plugin [None req-380f512b-4d6c-494c-9d36-046ce1401486 - - - - - -] Attempt 1 to provision port 0221b7e9-c8eb-48c8-92be-aafc505b7189
2026-04-29 03:15:47.919 13 INFO neutron.plugins.ml2.plugin [None req-380f512b-4d6c-494c-9d36-046ce1401486 - - - - - -] Attempt 1 to provision port 49c093c8-dcd5-486b-814a-51f2824926c3
2026-04-29 03:15:48.274 13 INFO neutron.plugins.ml2.plugin [None req-ae9228b5-8049-4a0c-b8f4-7b2d054324da - - - - - -] Attempt 1 to provision port cd681200-0a76-4a21-8e7a-b8bf3d799f47
2026-04-29 03:15:48.298 13 INFO neutron.plugins.ml2.plugin [None req-ae9228b5-8049-4a0c-b8f4-7b2d054324da - - - - - -] Attempt 1 to provision port b3fc05d9-d28f-4f94-be28-cfc606b2f8b9
2026-04-29 03:15:48.800 16 INFO neutron.plugins.ml2.plugin [None req-380f512b-4d6c-494c-9d36-046ce1401486 - - - - - -] Attempt 1 to provision port 0221b7e9-c8eb-48c8-92be-aafc505b7189
2026-04-29 03:15:49.284 16 INFO neutron.plugins.ml2.plugin [None req-380f512b-4d6c-494c-9d36-046ce1401486 - - - - - -] Attempt 1 to provision port 49c093c8-dcd5-486b-814a-51f2824926c3
2026-04-29 03:15:50.667 16 INFO neutron.plugins.ml2.plugin [None req-380f512b-4d6c-494c-9d36-046ce1401486 - - - - - -] Attempt 1 to provision port 34deefab-c4a7-48f6-bb9c-8944c16de949
2026-04-29 03:15:51.563 16 INFO neutron.plugins.ml2.plugin [None req-53d7bf01-3069-4e63-9e8d-57465565a657 - - - - - -] Attempt 1 to provision port 35b4343d-0a1d-4f4d-b900-18e8b1ebd813
2026-04-29 03:15:51.605 16 INFO neutron.plugins.ml2.plugin [None req-53d7bf01-3069-4e63-9e8d-57465565a657 - - - - - -] Attempt 1 to provision port cd681200-0a76-4a21-8e7a-b8bf3d799f47
2026-04-29 03:15:51.654 16 INFO neutron.plugins.ml2.plugin [None req-53d7bf01-3069-4e63-9e8d-57465565a657 - - - - - -] Attempt 1 to provision port 59afac58-6c99-4848-98fa-d03c6f1292c7
2026-04-29 03:15:52.716 13 INFO neutron.plugins.ml2.plugin [None req-380f512b-4d6c-494c-9d36-046ce1401486 - - - - - -] Attempt 1 to provision port 34deefab-c4a7-48f6-bb9c-8944c16de949
2026-04-29 03:15:54.834 13 INFO neutron.plugins.ml2.plugin [None req-380f512b-4d6c-494c-9d36-046ce1401486 - - - - - -] Attempt 1 to provision port 52c5950e-ba64-4c27-bc30-3c5ed3723e06
2026-04-29 03:15:56.760 13 INFO neutron.plugins.ml2.plugin [None req-380f512b-4d6c-494c-9d36-046ce1401486 - - - - - -] Attempt 1 to provision port 52c5950e-ba64-4c27-bc30-3c5ed3723e06
2026-04-29 03:16:00.512 13 INFO neutron.plugins.ml2.plugin [None req-14fcb2f5-a948-4b8b-94b4-71b70ae96101 - - - - - -] Attempt 1 to provision port 52c5950e-ba64-4c27-bc30-3c5ed3723e06
2026-04-29 03:16:00.571 13 INFO neutron.plugins.ml2.plugin [None req-14fcb2f5-a948-4b8b-94b4-71b70ae96101 - - - - - -] Attempt 1 to provision port cd681200-0a76-4a21-8e7a-b8bf3d799f47
2026-04-29 03:16:00.594 13 INFO neutron.plugins.ml2.plugin [None req-14fcb2f5-a948-4b8b-94b4-71b70ae96101 - - - - - -] Attempt 1 to provision port c2bde371-ef5b-46c3-937d-53c5ca9f555c
2026-04-29 03:16:03.719 16 INFO neutron.plugins.ml2.plugin [None req-380f512b-4d6c-494c-9d36-046ce1401486 - - - - - -] Attempt 1 to provision port 02bec4b1-5522-4c3e-98b7-19fcc51c356e
2026-04-29 03:16:03.876 16 INFO neutron.notifiers.nova [-] Nova event matching ['req-ca41120e-7e11-47d8-b050-e63c32f2e1b4'] response: {'server_uuid': '69f50d62-c70c-4ecb-ba8a-dac5c63d6ce3', 'name': 'network-vif-plugged', 'status': 'completed', 'tag': '02bec4b1-5522-4c3e-98b7-19fcc51c356e', 'code': 200}
2026-04-29 03:16:04.693 13 INFO neutron.plugins.ml2.plugin [None req-380f512b-4d6c-494c-9d36-046ce1401486 - - - - - -] Attempt 1 to provision port 02bec4b1-5522-4c3e-98b7-19fcc51c356e
2026-04-29 03:16:06.733 16 INFO neutron.plugins.ml2.plugin [None req-380f512b-4d6c-494c-9d36-046ce1401486 - - - - - -] Attempt 1 to provision port 59afac58-6c99-4848-98fa-d03c6f1292c7
2026-04-29 03:16:07.025 16 INFO neutron.plugins.ml2.plugin [None req-380f512b-4d6c-494c-9d36-046ce1401486 - - - - - -] Attempt 1 to provision port cd681200-0a76-4a21-8e7a-b8bf3d799f47
2026-04-29 03:16:08.778 16 INFO neutron.plugins.ml2.plugin [None req-380f512b-4d6c-494c-9d36-046ce1401486 - - - - - -] Attempt 1 to provision port cd681200-0a76-4a21-8e7a-b8bf3d799f47
2026-04-29 03:16:08.974 16 INFO neutron.plugins.ml2.plugin [None req-380f512b-4d6c-494c-9d36-046ce1401486 - - - - - -] Attempt 1 to provision port 59afac58-6c99-4848-98fa-d03c6f1292c7
2026-04-29 03:16:09.137 16 INFO neutron.plugins.ml2.plugin [None req-380f512b-4d6c-494c-9d36-046ce1401486 - - - - - -] Attempt 1 to provision port 35b4343d-0a1d-4f4d-b900-18e8b1ebd813
2026-04-29 03:16:09.462 16 INFO neutron.plugins.ml2.plugin [None req-380f512b-4d6c-494c-9d36-046ce1401486 - - - - - -] Attempt 1 to provision port c2bde371-ef5b-46c3-937d-53c5ca9f555c
2026-04-29 03:16:09.560 13 INFO neutron.plugins.ml2.plugin [None req-ba006608-ab23-4d4c-b833-973ce52df1ac - - - - - -] Attempt 1 to provision port a50c5671-76d9-4d24-b587-c0ab0ae8bf92
2026-04-29 03:16:10.684 16 INFO neutron.plugins.ml2.plugin [None req-380f512b-4d6c-494c-9d36-046ce1401486 - - - - - -] Attempt 1 to provision port 35b4343d-0a1d-4f4d-b900-18e8b1ebd813
2026-04-29 03:16:10.846 16 INFO neutron.plugins.ml2.plugin [None req-380f512b-4d6c-494c-9d36-046ce1401486 - - - - - -] Attempt 1 to provision port c2bde371-ef5b-46c3-937d-53c5ca9f555c
2026-04-29 03:16:16.247 13 INFO neutron.plugins.ml2.plugin [None req-380f512b-4d6c-494c-9d36-046ce1401486 - - - - - -] Attempt 1 to provision port a50c5671-76d9-4d24-b587-c0ab0ae8bf92
2026-04-29 03:16:16.360 13 INFO neutron.notifiers.nova [-] Nova event matching ['req-a081c5f6-c6fe-4a91-95de-51b7fa152be4'] response: {'server_uuid': '9f801f71-32fb-409b-90bd-65a8bfc198df', 'name': 'network-vif-plugged', 'status': 'completed', 'tag': 'a50c5671-76d9-4d24-b587-c0ab0ae8bf92', 'code': 200}
2026-04-29 03:16:16.883 13 INFO neutron.plugins.ml2.plugin [None req-380f512b-4d6c-494c-9d36-046ce1401486 - - - - - -] Attempt 1 to provision port a50c5671-76d9-4d24-b587-c0ab0ae8bf92
2026-04-29 03:16:21.029 16 INFO neutron.notifiers.nova [-] Nova event matching ['req-c3b99802-fcf3-4d07-b527-fc256b5ccd4d'] response: {'server_uuid': '69f50d62-c70c-4ecb-ba8a-dac5c63d6ce3', 'name': 'network-vif-unplugged', 'status': 'completed', 'tag': '02bec4b1-5522-4c3e-98b7-19fcc51c356e', 'code': 200}
2026-04-29 03:16:34.894 16 INFO neutron.plugins.ml2.plugin [None req-380f512b-4d6c-494c-9d36-046ce1401486 - - - - - -] Attempt 1 to provision port 66af80bf-fabc-46ee-b093-6a6c417a813c
2026-04-29 03:16:34.999 16 INFO neutron.notifiers.nova [-] Nova event matching ['req-9a25e150-2cf9-4c16-bc1e-3f5376822f04'] response: {'server_uuid': '9f801f71-32fb-409b-90bd-65a8bfc198df', 'name': 'network-vif-plugged', 'status': 'completed', 'tag': '66af80bf-fabc-46ee-b093-6a6c417a813c', 'code': 200}
2026-04-29 03:16:36.858 13 INFO neutron.plugins.ml2.plugin [None req-380f512b-4d6c-494c-9d36-046ce1401486 - - - - - -] Attempt 1 to provision port 66af80bf-fabc-46ee-b093-6a6c417a813c
2026-04-29 03:16:39.245 16 INFO neutron.plugins.ml2.plugin [None req-1d3c4a2e-729c-4195-848e-3c1455a3d13e - - - - - -] Attempt 1 to provision port a50c5671-76d9-4d24-b587-c0ab0ae8bf92
2026-04-29 03:16:52.980 16 INFO neutron.plugins.ml2.plugin [None req-380f512b-4d6c-494c-9d36-046ce1401486 - - - - - -] Attempt 1 to provision port 66af80bf-fabc-46ee-b093-6a6c417a813c
2026-04-29 03:16:53.147 13 INFO neutron.plugins.ml2.plugin [None req-252fbbdf-add7-4f81-92b2-7f758fd31f05 - - - - - -] Attempt 1 to provision port 66af80bf-fabc-46ee-b093-6a6c417a813c
2026-04-29 03:16:54.557 13 INFO neutron.plugins.ml2.plugin [None req-d675553d-f527-4d31-86bb-9f56bb8a168f - - - - - -] Attempt 1 to provision port 66af80bf-fabc-46ee-b093-6a6c417a813c
2026-04-29 03:17:04.966 13 INFO neutron.plugins.ml2.plugin [None req-380f512b-4d6c-494c-9d36-046ce1401486 - - - - - -] Attempt 1 to provision port a50c5671-76d9-4d24-b587-c0ab0ae8bf92
2026-04-29 03:17:05.506 16 INFO neutron.plugins.ml2.plugin [None req-2c0523f0-c776-4b7b-87c5-4a34bd5450bd - - - - - -] Attempt 1 to provision port a50c5671-76d9-4d24-b587-c0ab0ae8bf92
2026-04-29 03:17:31.066 16 INFO neutron.notifiers.nova [-] Nova event matching ['req-62ea273b-17dc-4eed-9d7d-c4f539a1a988'] response: {'server_uuid': '9f801f71-32fb-409b-90bd-65a8bfc198df', 'name': 'network-vif-unplugged', 'status': 'completed', 'tag': 'f6881147-6978-4ef1-8fd9-b192382a82d9', 'code': 200}