2026-03-08 03:39:25.530 7 INFO placement.requestlog [None req-4dd5e896-3a71-49b1-a5de-522bd09d935f 65f4bd91780f4f56810e7c07bf961bda c6b9bab283b042d98d8ac3d167fde49c - - b45a9b8b07a74f1d98fe4ee594758062 b45a9b8b07a74f1d98fe4ee594758062] 10.0.0.247 "DELETE /resource_providers/2b97d3e0-7532-4f5d-9269-b3357454f529" status: 404 len: 246 microversion: 1.1 [pid: 7|app: 0|req: 347/697] 10.0.0.247 () {34 vars in 816 bytes} [Sun Mar 8 03:39:25 2026] DELETE /resource_providers/2b97d3e0-7532-4f5d-9269-b3357454f529 => generated 246 bytes in 10 msecs (HTTP/1.1 404) 6 headers in 231 bytes (1 switches on core 0)
2026-03-08 03:39:25.532 8 INFO placement.requestlog [None req-f82d09dc-1daa-4eba-b2e2-082b09a2ca2c 65f4bd91780f4f56810e7c07bf961bda c6b9bab283b042d98d8ac3d167fde49c - - b45a9b8b07a74f1d98fe4ee594758062 b45a9b8b07a74f1d98fe4ee594758062] 10.0.0.247 "DELETE /resource_providers/2b97d3e0-7532-4f5d-9269-b3357454f529" status: 404 len: 246 microversion: 1.1 [pid: 8|app: 0|req: 351/698] 10.0.0.247 () {34 vars in 816 bytes} [Sun Mar 8 03:39:25 2026] DELETE /resource_providers/2b97d3e0-7532-4f5d-9269-b3357454f529 => generated 246 bytes in 12 msecs (HTTP/1.1 404) 6 headers in 231 bytes (1 switches on core 0)
2026-03-08 03:39:26.698 8 INFO placement.requestlog [None req-1117e494-ea10-4ae8-ab46-dfde118fd1c4 65f4bd91780f4f56810e7c07bf961bda c6b9bab283b042d98d8ac3d167fde49c - - b45a9b8b07a74f1d98fe4ee594758062 b45a9b8b07a74f1d98fe4ee594758062] 10.0.0.247 "GET /resource_providers/541ea8b9-212f-4ee9-9dca-ad8b428c11c5/aggregates" status: 404 len: 235 microversion: 1.1 [pid: 8|app: 0|req: 352/699] 10.0.0.247 () {32 vars in 816 bytes} [Sun Mar 8 03:39:26 2026] GET /resource_providers/541ea8b9-212f-4ee9-9dca-ad8b428c11c5/aggregates => generated 235 bytes in 114 msecs (HTTP/1.1 404) 5 headers in 202 bytes (1 switches on core 0)
2026-03-08 03:39:26.717 8 INFO placement.requestlog [None req-743dce02-ecfd-4171-a3d4-22d2014945ca 65f4bd91780f4f56810e7c07bf961bda c6b9bab283b042d98d8ac3d167fde49c - - b45a9b8b07a74f1d98fe4ee594758062 b45a9b8b07a74f1d98fe4ee594758062] 10.0.0.247 "DELETE /resource_providers/541ea8b9-212f-4ee9-9dca-ad8b428c11c5" status: 404 len: 246 microversion: 1.1 [pid: 8|app: 0|req: 353/700] 10.0.0.247 () {34 vars in 816 bytes} [Sun Mar 8 03:39:26 2026] DELETE /resource_providers/541ea8b9-212f-4ee9-9dca-ad8b428c11c5 => generated 246 bytes in 11 msecs (HTTP/1.1 404) 6 headers in 231 bytes (1 switches on core 0)
2026-03-08 03:39:26.784 7 INFO placement.requestlog [None req-bf4b61cb-8a35-4dc7-8aa2-8a8aa60c7f65 65f4bd91780f4f56810e7c07bf961bda c6b9bab283b042d98d8ac3d167fde49c - - b45a9b8b07a74f1d98fe4ee594758062 b45a9b8b07a74f1d98fe4ee594758062] 10.0.0.247 "GET /resource_providers/541ea8b9-212f-4ee9-9dca-ad8b428c11c5/aggregates" status: 404 len: 235 microversion: 1.1 [pid: 7|app: 0|req: 348/701] 10.0.0.247 () {32 vars in 816 bytes} [Sun Mar 8 03:39:26 2026] GET /resource_providers/541ea8b9-212f-4ee9-9dca-ad8b428c11c5/aggregates => generated 235 bytes in 204 msecs (HTTP/1.1 404) 5 headers in 202 bytes (1 switches on core 0)
2026-03-08 03:39:26.796 8 INFO placement.requestlog [None req-c59b2198-2131-429e-a5ab-b48321206966 65f4bd91780f4f56810e7c07bf961bda c6b9bab283b042d98d8ac3d167fde49c - - b45a9b8b07a74f1d98fe4ee594758062 b45a9b8b07a74f1d98fe4ee594758062] 10.0.0.247 "DELETE /resource_providers/541ea8b9-212f-4ee9-9dca-ad8b428c11c5" status: 404 len: 246 microversion: 1.1 [pid: 8|app: 0|req: 354/702] 10.0.0.247 () {34 vars in 816 bytes} [Sun Mar 8 03:39:26 2026] DELETE /resource_providers/541ea8b9-212f-4ee9-9dca-ad8b428c11c5 => generated 246 bytes in 5 msecs (HTTP/1.1 404) 6 headers in 231 bytes (1 switches on core 0)
2026-03-08 03:39:29.274 7 INFO placement.requestlog [None req-1c738cf7-a7c8-42a6-a81d-bad2df5a2b96 65f4bd91780f4f56810e7c07bf961bda c6b9bab283b042d98d8ac3d167fde49c - - b45a9b8b07a74f1d98fe4ee594758062 b45a9b8b07a74f1d98fe4ee594758062] 10.0.0.247 "GET /resource_providers/fcdb17e1-c00c-4589-98f1-01d7355e14d9/aggregates" status: 404 len: 235 microversion: 1.1 [pid: 7|app: 0|req: 349/703] 10.0.0.247 () {32 vars in 816 bytes} [Sun Mar 8 03:39:29 2026] GET /resource_providers/fcdb17e1-c00c-4589-98f1-01d7355e14d9/aggregates => generated 235 bytes in 14 msecs (HTTP/1.1 404) 5 headers in 202 bytes (1 switches on core 0)
2026-03-08 03:39:29.279 8 INFO placement.requestlog [None req-c94b768a-e60c-467a-b690-32038f9217b8 65f4bd91780f4f56810e7c07bf961bda c6b9bab283b042d98d8ac3d167fde49c - - b45a9b8b07a74f1d98fe4ee594758062 b45a9b8b07a74f1d98fe4ee594758062] 10.0.0.247 "GET /resource_providers/fcdb17e1-c00c-4589-98f1-01d7355e14d9/aggregates" status: 404 len: 235 microversion: 1.1 [pid: 8|app: 0|req: 355/704] 10.0.0.247 () {32 vars in 816 bytes} [Sun Mar 8 03:39:29 2026] GET /resource_providers/fcdb17e1-c00c-4589-98f1-01d7355e14d9/aggregates => generated 235 bytes in 15 msecs (HTTP/1.1 404) 5 headers in 202 bytes (1 switches on core 0)
2026-03-08 03:39:29.296 7 INFO placement.requestlog [None req-a298a05c-4c39-45de-891f-e79736d7d02b 65f4bd91780f4f56810e7c07bf961bda c6b9bab283b042d98d8ac3d167fde49c - - b45a9b8b07a74f1d98fe4ee594758062 b45a9b8b07a74f1d98fe4ee594758062] 10.0.0.247 "DELETE /resource_providers/fcdb17e1-c00c-4589-98f1-01d7355e14d9" status: 404 len: 246 microversion: 1.1 [pid: 7|app: 0|req: 350/705] 10.0.0.247 () {34 vars in 816 bytes} [Sun Mar 8 03:39:29 2026] DELETE /resource_providers/fcdb17e1-c00c-4589-98f1-01d7355e14d9 => generated 246 bytes in 10 msecs (HTTP/1.1 404) 6 headers in 231 bytes (1 switches on core 0)
2026-03-08 03:39:29.303 8 INFO placement.requestlog [None req-0e2b0a92-a0a0-4405-b7a2-5065615e521d 65f4bd91780f4f56810e7c07bf961bda c6b9bab283b042d98d8ac3d167fde49c - - b45a9b8b07a74f1d98fe4ee594758062 b45a9b8b07a74f1d98fe4ee594758062] 10.0.0.247 "DELETE /resource_providers/fcdb17e1-c00c-4589-98f1-01d7355e14d9" status: 404 len: 246 microversion: 1.1 [pid: 8|app: 0|req: 356/706] 10.0.0.247 () {34 vars in 816 bytes} [Sun Mar 8 03:39:29 2026] DELETE /resource_providers/fcdb17e1-c00c-4589-98f1-01d7355e14d9 => generated 246 bytes in 13 msecs (HTTP/1.1 404) 6 headers in 231 bytes (1 switches on core 0)
2026-03-08 03:39:29.863 7 INFO placement.requestlog [None req-3784e246-68e6-4775-911d-190a403cfa55 - - - - - -] 10.0.0.215 "GET /" status: 200 len: 136 microversion: 1.0
2026-03-08 03:39:29.863 8 INFO placement.requestlog [None req-17c9f518-e320-4280-96a4-afc07b769956 - - - - - -] 10.0.0.215 "GET /" status: 200 len: 136 microversion: 1.0
2026-03-08 03:39:34.312 8 INFO placement.requestlog [None req-a3723aff-5532-4cf3-9766-4f7e854a07e3 65f4bd91780f4f56810e7c07bf961bda c6b9bab283b042d98d8ac3d167fde49c - - b45a9b8b07a74f1d98fe4ee594758062 b45a9b8b07a74f1d98fe4ee594758062] 10.0.0.247 "GET /resource_providers/ee904896-fb28-4e66-bbd0-65caed8c3292/aggregates" status: 404 len: 235 microversion: 1.1 [pid: 8|app: 0|req: 358/709] 10.0.0.247 () {32 vars in 816 bytes} [Sun Mar 8 03:39:34 2026] GET /resource_providers/ee904896-fb28-4e66-bbd0-65caed8c3292/aggregates => generated 235 bytes in 9 msecs (HTTP/1.1 404) 5 headers in 202 bytes (1 switches on core 0)
2026-03-08 03:39:34.318 7 INFO placement.requestlog [None req-9cc2d01e-2925-48e0-8d5d-5d3d05f5f654 65f4bd91780f4f56810e7c07bf961bda c6b9bab283b042d98d8ac3d167fde49c - - b45a9b8b07a74f1d98fe4ee594758062 b45a9b8b07a74f1d98fe4ee594758062] 10.0.0.247 "GET /resource_providers/ee904896-fb28-4e66-bbd0-65caed8c3292/aggregates" status: 404 len: 235 microversion: 1.1 [pid: 7|app: 0|req: 352/710] 10.0.0.247 () {32 vars in 816 bytes} [Sun Mar 8 03:39:34 2026] GET /resource_providers/ee904896-fb28-4e66-bbd0-65caed8c3292/aggregates => generated 235 bytes in 16 msecs (HTTP/1.1 404) 5 headers in 202 bytes (1 switches on core 0)
2026-03-08 03:39:34.339 8 INFO placement.requestlog [None req-cea709f2-4c38-4147-973b-e23f5a257606 65f4bd91780f4f56810e7c07bf961bda c6b9bab283b042d98d8ac3d167fde49c - - b45a9b8b07a74f1d98fe4ee594758062 b45a9b8b07a74f1d98fe4ee594758062] 10.0.0.247 "DELETE /resource_providers/ee904896-fb28-4e66-bbd0-65caed8c3292" status: 404 len: 246 microversion: 1.1 [pid: 8|app: 0|req: 359/711] 10.0.0.247 () {34 vars in 816 bytes} [Sun Mar 8 03:39:34 2026] DELETE /resource_providers/ee904896-fb28-4e66-bbd0-65caed8c3292 => generated 246 bytes in 12 msecs (HTTP/1.1 404) 6 headers in 231 bytes (1 switches on core 0)
2026-03-08 03:39:34.350 7 INFO placement.requestlog [None req-8749a6a9-7d42-4622-8cd6-7ac7a3337881 65f4bd91780f4f56810e7c07bf961bda c6b9bab283b042d98d8ac3d167fde49c - - b45a9b8b07a74f1d98fe4ee594758062 b45a9b8b07a74f1d98fe4ee594758062] 10.0.0.247 "DELETE /resource_providers/ee904896-fb28-4e66-bbd0-65caed8c3292" status: 404 len: 246 microversion: 1.1 [pid: 7|app: 0|req: 353/712] 10.0.0.247 () {34 vars in 816 bytes} [Sun Mar 8 03:39:34 2026] DELETE /resource_providers/ee904896-fb28-4e66-bbd0-65caed8c3292 => generated 246 bytes in 11 msecs (HTTP/1.1 404) 6 headers in 231 bytes (1 switches on core 0)
2026-03-08 03:39:36.374 8 INFO placement.requestlog [None req-eec814b8-9f69-4194-8227-fff7cff0e02c 65f4bd91780f4f56810e7c07bf961bda c6b9bab283b042d98d8ac3d167fde49c - - b45a9b8b07a74f1d98fe4ee594758062 b45a9b8b07a74f1d98fe4ee594758062] 10.0.0.247 "GET /resource_providers/f960c6e0-6617-466c-ac9b-0b50bae3a203/aggregates" status: 404 len: 235 microversion: 1.1 [pid: 8|app: 0|req: 360/713] 10.0.0.247 () {32 vars in 816 bytes} [Sun Mar 8 03:39:36 2026] GET /resource_providers/f960c6e0-6617-466c-ac9b-0b50bae3a203/aggregates => generated 235 bytes in 15 msecs (HTTP/1.1 404) 5 headers in 202 bytes (1 switches on core 0)
2026-03-08 03:39:36.386 7 INFO placement.requestlog [None req-c865dd09-83a6-4951-acec-bb15c6e6d572 65f4bd91780f4f56810e7c07bf961bda c6b9bab283b042d98d8ac3d167fde49c - - b45a9b8b07a74f1d98fe4ee594758062 b45a9b8b07a74f1d98fe4ee594758062] 10.0.0.247 "GET /resource_providers/f960c6e0-6617-466c-ac9b-0b50bae3a203/aggregates" status: 404 len: 235 microversion: 1.1 [pid: 7|app: 0|req: 354/714] 10.0.0.247 () {32 vars in 816 bytes} [Sun Mar 8 03:39:36 2026] GET /resource_providers/f960c6e0-6617-466c-ac9b-0b50bae3a203/aggregates => generated 235 bytes in 18 msecs (HTTP/1.1 404) 5 headers in 202 bytes (1 switches on core 0)
2026-03-08 03:39:36.406 8 INFO placement.requestlog [None req-22fd622e-80d0-4fed-9d6e-77704d21bff3 65f4bd91780f4f56810e7c07bf961bda c6b9bab283b042d98d8ac3d167fde49c - - b45a9b8b07a74f1d98fe4ee594758062 b45a9b8b07a74f1d98fe4ee594758062] 10.0.0.247 "DELETE /resource_providers/f960c6e0-6617-466c-ac9b-0b50bae3a203" status: 404 len: 246 microversion: 1.1 [pid: 8|app: 0|req: 361/715] 10.0.0.247 () {34 vars in 816 bytes} [Sun Mar 8 03:39:36 2026] DELETE /resource_providers/f960c6e0-6617-466c-ac9b-0b50bae3a203 => generated 246 bytes in 9 msecs (HTTP/1.1 404) 6 headers in 231 bytes (1 switches on core 0)
2026-03-08 03:39:36.409 7 INFO placement.requestlog [None req-b9fef032-247f-474d-981d-287613775fb8 65f4bd91780f4f56810e7c07bf961bda c6b9bab283b042d98d8ac3d167fde49c - - b45a9b8b07a74f1d98fe4ee594758062 b45a9b8b07a74f1d98fe4ee594758062] 10.0.0.247 "DELETE /resource_providers/f960c6e0-6617-466c-ac9b-0b50bae3a203" status: 404 len: 246 microversion: 1.1 [pid: 7|app: 0|req: 355/716] 10.0.0.247 () {34 vars in 816 bytes} [Sun Mar 8 03:39:36 2026] DELETE /resource_providers/f960c6e0-6617-466c-ac9b-0b50bae3a203 => generated 246 bytes in 8 msecs (HTTP/1.1 404) 6 headers in 231 bytes (1 switches on core 0)
2026-03-08 03:39:36.452 8 INFO placement.requestlog [None req-0994e5f2-2417-4673-b169-6ef82d7358f0 65f4bd91780f4f56810e7c07bf961bda c6b9bab283b042d98d8ac3d167fde49c - - b45a9b8b07a74f1d98fe4ee594758062 b45a9b8b07a74f1d98fe4ee594758062] 10.0.0.247 "GET /resource_providers/c7c93f01-7227-4a4b-b02a-296a70f4c121/aggregates" status: 404 len: 235 microversion: 1.1 [pid: 8|app: 0|req: 362/717] 10.0.0.247 () {32 vars in 816 bytes} [Sun Mar 8 03:39:36 2026] GET /resource_providers/c7c93f01-7227-4a4b-b02a-296a70f4c121/aggregates => generated 235 bytes in 10 msecs (HTTP/1.1 404) 5 headers in 202 bytes (1 switches on core 0)
2026-03-08 03:39:36.456 7 INFO placement.requestlog [None req-86276075-8a67-4635-99a2-67aff235930a 65f4bd91780f4f56810e7c07bf961bda c6b9bab283b042d98d8ac3d167fde49c - - b45a9b8b07a74f1d98fe4ee594758062 b45a9b8b07a74f1d98fe4ee594758062] 10.0.0.247 "GET /resource_providers/c7c93f01-7227-4a4b-b02a-296a70f4c121/aggregates" status: 404 len: 235 microversion: 1.1 [pid: 7|app: 0|req: 356/718] 10.0.0.247 () {32 vars in 816 bytes} [Sun Mar 8 03:39:36 2026] GET /resource_providers/c7c93f01-7227-4a4b-b02a-296a70f4c121/aggregates => generated 235 bytes in 11 msecs (HTTP/1.1 404) 5 headers in 202 bytes (1 switches on core 0)
2026-03-08 03:39:36.477 8 INFO placement.requestlog [None req-6824efe0-ec5e-4e69-91cd-d9dc2f873504 65f4bd91780f4f56810e7c07bf961bda c6b9bab283b042d98d8ac3d167fde49c - - b45a9b8b07a74f1d98fe4ee594758062 b45a9b8b07a74f1d98fe4ee594758062] 10.0.0.247 "DELETE /resource_providers/c7c93f01-7227-4a4b-b02a-296a70f4c121" status: 404 len: 246 microversion: 1.1 [pid: 8|app: 0|req: 363/719] 10.0.0.247 () {34 vars in 816 bytes} [Sun Mar 8 03:39:36 2026] DELETE /resource_providers/c7c93f01-7227-4a4b-b02a-296a70f4c121 => generated 246 bytes in 11 msecs (HTTP/1.1 404) 6 headers in 231 bytes (1 switches on core 0)
2026-03-08 03:39:36.478 7 INFO placement.requestlog [None req-cee1ee01-bede-47e9-90c6-551f05546c1a 65f4bd91780f4f56810e7c07bf961bda c6b9bab283b042d98d8ac3d167fde49c - - b45a9b8b07a74f1d98fe4ee594758062 b45a9b8b07a74f1d98fe4ee594758062] 10.0.0.247 "DELETE /resource_providers/c7c93f01-7227-4a4b-b02a-296a70f4c121" status: 404 len: 246 microversion: 1.1 [pid: 7|app: 0|req: 357/720] 10.0.0.247 () {34 vars in 816 bytes} [Sun Mar 8 03:39:36 2026] DELETE /resource_providers/c7c93f01-7227-4a4b-b02a-296a70f4c121 => generated 246 bytes in 11 msecs (HTTP/1.1 404) 6 headers in 231 bytes (1 switches on core 0)
2026-03-08 03:39:38.502 8 INFO placement.requestlog [None req-97b99e83-1138-4980-9a74-ca8485704e8d 65f4bd91780f4f56810e7c07bf961bda c6b9bab283b042d98d8ac3d167fde49c - - b45a9b8b07a74f1d98fe4ee594758062 b45a9b8b07a74f1d98fe4ee594758062] 10.0.0.247 "GET /resource_providers/4e5010e7-96fd-4c8e-bace-b62b53149adf/aggregates" status: 404 len: 235 microversion: 1.1 [pid: 8|app: 0|req: 364/721] 10.0.0.247 () {32 vars in 816 bytes} [Sun Mar 8 03:39:38 2026] GET /resource_providers/4e5010e7-96fd-4c8e-bace-b62b53149adf/aggregates => generated 235 bytes in 11 msecs (HTTP/1.1 404) 5 headers in 202 bytes (1 switches on core 0)
2026-03-08 03:39:38.504 7 INFO placement.requestlog [None req-93f81534-1170-4c1f-9a97-5a61642e8161 65f4bd91780f4f56810e7c07bf961bda c6b9bab283b042d98d8ac3d167fde49c - - b45a9b8b07a74f1d98fe4ee594758062 b45a9b8b07a74f1d98fe4ee594758062] 10.0.0.247 "GET /resource_providers/4e5010e7-96fd-4c8e-bace-b62b53149adf/aggregates" status: 404 len: 235 microversion: 1.1 [pid: 7|app: 0|req: 358/722] 10.0.0.247 () {32 vars in 816 bytes} [Sun Mar 8 03:39:38 2026] GET /resource_providers/4e5010e7-96fd-4c8e-bace-b62b53149adf/aggregates => generated 235 bytes in 10 msecs (HTTP/1.1 404) 5 headers in 202 bytes (1 switches on core 0)
2026-03-08 03:39:38.517 8 INFO placement.requestlog [None req-2a8809e3-1e4e-489a-839e-0b02cebfa749 65f4bd91780f4f56810e7c07bf961bda c6b9bab283b042d98d8ac3d167fde49c - - b45a9b8b07a74f1d98fe4ee594758062 b45a9b8b07a74f1d98fe4ee594758062] 10.0.0.247 "DELETE /resource_providers/4e5010e7-96fd-4c8e-bace-b62b53149adf" status: 404 len: 246 microversion: 1.1 [pid: 8|app: 0|req: 365/723] 10.0.0.247 () {34 vars in 816 bytes} [Sun Mar 8 03:39:38 2026] DELETE /resource_providers/4e5010e7-96fd-4c8e-bace-b62b53149adf => generated 246 bytes in 7 msecs (HTTP/1.1 404) 6 headers in 231 bytes (1 switches on core 0)
2026-03-08 03:39:38.523 7 INFO placement.requestlog [None req-e7147798-516f-49d9-90f6-10d63927a134 65f4bd91780f4f56810e7c07bf961bda c6b9bab283b042d98d8ac3d167fde49c - - b45a9b8b07a74f1d98fe4ee594758062 b45a9b8b07a74f1d98fe4ee594758062] 10.0.0.247 "DELETE /resource_providers/4e5010e7-96fd-4c8e-bace-b62b53149adf" status: 404 len: 246 microversion: 1.1 [pid: 7|app: 0|req: 359/724] 10.0.0.247 () {34 vars in 816 bytes} [Sun Mar 8 03:39:38 2026] DELETE /resource_providers/4e5010e7-96fd-4c8e-bace-b62b53149adf => generated 246 bytes in 8 msecs (HTTP/1.1 404) 6 headers in 231 bytes (1 switches on core 0)
2026-03-08 03:39:39.861 8 INFO placement.requestlog [None req-23489cc1-2758-491e-a1a5-d5079266f89d - - - - - -] 10.0.0.215 "GET /" status: 200 len: 136 microversion: 1.0
2026-03-08 03:39:39.861 7 INFO placement.requestlog [None req-fd2b4fc7-3a43-4408-a77c-9e47562b447b - - - - - -] 10.0.0.215 "GET /" status: 200 len: 136 microversion: 1.0
2026-03-08 03:39:41.251 8 INFO placement.requestlog [req-dd090fef-e53e-48a1-a5fd-6e76fd473799 req-b5fcaede-b559-4809-9b73-03836015aae7 0f94054a5a6947f09cb359f2ae167677 c6b9bab283b042d98d8ac3d167fde49c - - b45a9b8b07a74f1d98fe4ee594758062 b45a9b8b07a74f1d98fe4ee594758062] 10.0.0.146 "GET /allocation_candidates?limit=1000&resources=DISK_GB%3A1%2CMEMORY_MB%3A512%2CVCPU%3A1&root_required=%21COMPUTE_STATUS_DISABLED" status: 200 len: 2784 microversion: 1.36 [pid: 8|app: 0|req: 367/727] 10.0.0.146 () {34 vars in 1012 bytes} [Sun Mar 8 03:39:41 2026] GET /allocation_candidates?limit=1000&resources=DISK_GB%3A1%2CMEMORY_MB%3A512%2CVCPU%3A1&root_required=%21COMPUTE_STATUS_DISABLED => generated 2784 bytes in 40 msecs (HTTP/1.1 200) 8 headers in 297 bytes (1 switches on core 0)
2026-03-08 03:39:41.298 7 INFO placement.requestlog [req-dd090fef-e53e-48a1-a5fd-6e76fd473799 req-e2de9dc2-8480-4256-b662-c4a146c53098 0f94054a5a6947f09cb359f2ae167677 c6b9bab283b042d98d8ac3d167fde49c - - b45a9b8b07a74f1d98fe4ee594758062 b45a9b8b07a74f1d98fe4ee594758062] 10.0.0.146 "GET /allocations/28f66829-b4d3-4c23-804a-72edcbdb977e" status: 200 len: 19 microversion: 1.28 [pid: 7|app: 0|req: 361/728] 10.0.0.146 () {34 vars in 861 bytes} [Sun Mar 8 03:39:41 2026] GET /allocations/28f66829-b4d3-4c23-804a-72edcbdb977e => generated 19 bytes in 20 msecs (HTTP/1.1 200) 8 headers in 295 bytes (1 switches on core 0)
2026-03-08 03:39:41.354 8 INFO placement.requestlog [req-dd090fef-e53e-48a1-a5fd-6e76fd473799 req-cc2a270f-0a1c-4892-a13f-1a5374c1a005 0f94054a5a6947f09cb359f2ae167677 c6b9bab283b042d98d8ac3d167fde49c - - b45a9b8b07a74f1d98fe4ee594758062 b45a9b8b07a74f1d98fe4ee594758062] 10.0.0.146 "PUT /allocations/28f66829-b4d3-4c23-804a-72edcbdb977e" status: 204 len: 0 microversion: 1.36 [pid: 8|app: 0|req: 368/729] 10.0.0.146 () {38 vars in 914 bytes} [Sun Mar 8 03:39:41 2026] PUT /allocations/28f66829-b4d3-4c23-804a-72edcbdb977e => generated 0 bytes in 50 msecs (HTTP/1.1 204) 5 headers in 199 bytes (1 switches on core 0)
2026-03-08 03:39:42.239 7 INFO placement.requestlog [None req-74803940-6169-46f3-bbee-f91da5f3335c c9281434b7f24f1abf44182f736f171a a66f28354ac648a9a6f5b8ed048f0b09 - - default default] 10.0.0.107 "GET /resource_providers" status: 200 len: 405 microversion: 1.0 [pid: 7|app: 0|req: 362/730] 10.0.0.107 () {28 vars in 593 bytes} [Sun Mar 8 03:39:41 2026] GET /resource_providers => generated 405 bytes in 244 msecs (HTTP/1.1 200) 6 headers in 224 bytes (1 switches on core 0)
2026-03-08 03:39:42.264 8 INFO placement.requestlog [None req-f7048bf0-4150-48f2-a7f6-03076d0989df c9281434b7f24f1abf44182f736f171a a66f28354ac648a9a6f5b8ed048f0b09 - - default default] 10.0.0.107 "GET /resource_providers/f4796911-e9ad-4bbe-be2e-c4eaf9d4b861/inventories" status: 200 len: 400 microversion: 1.0 [pid: 8|app: 0|req: 369/731] 10.0.0.107 () {28 vars in 691 bytes} [Sun Mar 8 03:39:42 2026] GET /resource_providers/f4796911-e9ad-4bbe-be2e-c4eaf9d4b861/inventories => generated 400 bytes in 21 msecs (HTTP/1.1 200) 6 headers in 224 bytes (1 switches on core 0)
2026-03-08 03:39:42.281 7 INFO placement.requestlog [None req-967df16c-37ee-487b-be8e-78afda503707 c9281434b7f24f1abf44182f736f171a a66f28354ac648a9a6f5b8ed048f0b09 - - default default] 10.0.0.107 "GET /resource_providers/f4796911-e9ad-4bbe-be2e-c4eaf9d4b861/usages" status: 200 len: 91 microversion: 1.0 [pid: 7|app: 0|req: 363/732] 10.0.0.107 () {28 vars in 681 bytes} [Sun Mar 8 03:39:42 2026] GET /resource_providers/f4796911-e9ad-4bbe-be2e-c4eaf9d4b861/usages => generated 91 bytes in 13 msecs (HTTP/1.1 200) 6 headers in 223 bytes (1 switches on core 0)
2026-03-08 03:39:43.017 8 INFO placement.requestlog [req-dd090fef-e53e-48a1-a5fd-6e76fd473799 req-5df1ed65-e362-473d-b208-4a51a2081696 0f94054a5a6947f09cb359f2ae167677 c6b9bab283b042d98d8ac3d167fde49c - - b45a9b8b07a74f1d98fe4ee594758062 b45a9b8b07a74f1d98fe4ee594758062] 199.204.45.19 "GET /allocations/28f66829-b4d3-4c23-804a-72edcbdb977e" status: 200 len: 257 microversion: 1.28 [pid: 8|app: 0|req: 370/733] 199.204.45.19 () {34 vars in 862 bytes} [Sun Mar 8 03:39:43 2026] GET /allocations/28f66829-b4d3-4c23-804a-72edcbdb977e => generated 257 bytes in 12 msecs (HTTP/1.1 200) 8 headers in 296 bytes (1 switches on core 0)
2026-03-08 03:39:44.065 7 INFO placement.requestlog [req-dd090fef-e53e-48a1-a5fd-6e76fd473799 req-b718bdb3-dbae-41cd-b9df-8a2558f73bf5 0f94054a5a6947f09cb359f2ae167677 c6b9bab283b042d98d8ac3d167fde49c - - b45a9b8b07a74f1d98fe4ee594758062 b45a9b8b07a74f1d98fe4ee594758062] 199.204.45.19 "GET /resource_providers/f4796911-e9ad-4bbe-be2e-c4eaf9d4b861/allocations" status: 200 len: 338 microversion: 1.0 [pid: 7|app: 0|req: 364/734] 199.204.45.19 () {32 vars in 856 bytes} [Sun Mar 8 03:39:44 2026] GET /resource_providers/f4796911-e9ad-4bbe-be2e-c4eaf9d4b861/allocations => generated 338 bytes in 14 msecs (HTTP/1.1 200) 6 headers in 224 bytes (1 switches on core 0)
2026-03-08 03:39:44.085 8 INFO placement.requestlog [req-dd090fef-e53e-48a1-a5fd-6e76fd473799 req-6290929a-d9d7-4be8-92dc-9472487b7b23 0f94054a5a6947f09cb359f2ae167677 c6b9bab283b042d98d8ac3d167fde49c - - b45a9b8b07a74f1d98fe4ee594758062 b45a9b8b07a74f1d98fe4ee594758062] 199.204.45.19 "GET /allocations/28f66829-b4d3-4c23-804a-72edcbdb977e" status: 200 len: 257 microversion: 1.28 [pid: 8|app: 0|req: 371/735] 199.204.45.19 () {34 vars in 862 bytes} [Sun Mar 8 03:39:44 2026] GET /allocations/28f66829-b4d3-4c23-804a-72edcbdb977e => generated 257 bytes in 16 msecs (HTTP/1.1 200) 8 headers in 296 bytes (1 switches on core 0)
2026-03-08 03:39:44.104 7 INFO placement.requestlog [req-dd090fef-e53e-48a1-a5fd-6e76fd473799 req-b7f5d830-27c3-4123-8f95-abd3a1905cb1 0f94054a5a6947f09cb359f2ae167677 c6b9bab283b042d98d8ac3d167fde49c - - b45a9b8b07a74f1d98fe4ee594758062 b45a9b8b07a74f1d98fe4ee594758062] 199.204.45.19 "GET /allocations/0f8f35a1-29fb-4c8e-a302-e6e4aaabea9d" status: 200 len: 243 microversion: 1.28 [pid: 7|app: 0|req: 365/736] 199.204.45.19 () {34 vars in 862 bytes} [Sun Mar 8 03:39:44 2026] GET /allocations/0f8f35a1-29fb-4c8e-a302-e6e4aaabea9d => generated 243 bytes in 11 msecs (HTTP/1.1 200) 8 headers in 296 bytes (1 switches on core 0)
2026-03-08 03:39:44.125 8 INFO placement.requestlog [req-dd090fef-e53e-48a1-a5fd-6e76fd473799 req-34fe5a83-4f78-478b-93ef-e0ce1a4550ae 0f94054a5a6947f09cb359f2ae167677 c6b9bab283b042d98d8ac3d167fde49c - - b45a9b8b07a74f1d98fe4ee594758062 b45a9b8b07a74f1d98fe4ee594758062] 199.204.45.19 "GET /allocations/a4493122-64c3-4a2c-9e1d-574ffeea6eb3" status: 200 len: 257 microversion: 1.28 [pid: 8|app: 0|req: 372/737] 199.204.45.19 () {34 vars in 862 bytes} [Sun Mar 8 03:39:44 2026] GET /allocations/a4493122-64c3-4a2c-9e1d-574ffeea6eb3 => generated 257 bytes in 16 msecs (HTTP/1.1 200) 8 headers in 296 bytes (1 switches on core 0)
2026-03-08 03:39:45.159 8 INFO placement.requestlog [None req-809daacb-a4e2-463e-a933-f7aa6905f5a2 65f4bd91780f4f56810e7c07bf961bda c6b9bab283b042d98d8ac3d167fde49c - - b45a9b8b07a74f1d98fe4ee594758062 b45a9b8b07a74f1d98fe4ee594758062] 10.0.0.247 "GET /resource_providers/4968107f-33a4-495b-8870-e0cc532c9356/aggregates" status: 404 len: 235 microversion: 1.1 [pid: 8|app: 0|req: 373/738] 10.0.0.247 () {32 vars in 816 bytes} [Sun Mar 8 03:39:45 2026] GET /resource_providers/4968107f-33a4-495b-8870-e0cc532c9356/aggregates => generated 235 bytes in 12 msecs (HTTP/1.1 404) 5 headers in 202 bytes (1 switches on core 0)
2026-03-08 03:39:45.160 7 INFO placement.requestlog [None req-3a5adb8f-b775-4860-b987-26065b46a346 65f4bd91780f4f56810e7c07bf961bda c6b9bab283b042d98d8ac3d167fde49c - - b45a9b8b07a74f1d98fe4ee594758062 b45a9b8b07a74f1d98fe4ee594758062] 10.0.0.247 "GET /resource_providers/4968107f-33a4-495b-8870-e0cc532c9356/aggregates" status: 404 len: 235 microversion: 1.1 [pid: 7|app: 0|req: 366/739] 10.0.0.247 () {32 vars in 816 bytes} [Sun Mar 8 03:39:45 2026] GET /resource_providers/4968107f-33a4-495b-8870-e0cc532c9356/aggregates => generated 235 bytes in 13 msecs (HTTP/1.1 404) 5 headers in 202 bytes (1 switches on core 0)
2026-03-08 03:39:45.178 8 INFO placement.requestlog [None req-1d3fdfdf-fcfe-4dd7-8411-5993a47423fe 65f4bd91780f4f56810e7c07bf961bda c6b9bab283b042d98d8ac3d167fde49c - - b45a9b8b07a74f1d98fe4ee594758062 b45a9b8b07a74f1d98fe4ee594758062] 10.0.0.247 "DELETE /resource_providers/4968107f-33a4-495b-8870-e0cc532c9356" status: 404 len: 246 microversion: 1.1 [pid: 8|app: 0|req: 374/740] 10.0.0.247 () {34 vars in 816 bytes} [Sun Mar 8 03:39:45 2026] DELETE /resource_providers/4968107f-33a4-495b-8870-e0cc532c9356 => generated 246 bytes in 7 msecs (HTTP/1.1 404) 6 headers in 231 bytes (1 switches on core 0)
2026-03-08 03:39:45.184 7 INFO placement.requestlog [None req-919fb857-6088-4953-9114-47aa22e3135c 65f4bd91780f4f56810e7c07bf961bda c6b9bab283b042d98d8ac3d167fde49c - - b45a9b8b07a74f1d98fe4ee594758062 b45a9b8b07a74f1d98fe4ee594758062] 10.0.0.247 "DELETE /resource_providers/4968107f-33a4-495b-8870-e0cc532c9356" status: 404 len: 246 microversion: 1.1 [pid: 7|app: 0|req: 367/741] 10.0.0.247 () {34 vars in 816 bytes} [Sun Mar 8 03:39:45 2026] DELETE /resource_providers/4968107f-33a4-495b-8870-e0cc532c9356 => generated 246 bytes in 12 msecs (HTTP/1.1 404) 6 headers in 231 bytes (1 switches on core 0)
2026-03-08 03:39:45.742 8 INFO placement.requestlog [req-ec908e11-4e26-4a63-a382-94582491ca1b req-81e227eb-0c53-4d77-a59d-86a90c1e8a3c 0f94054a5a6947f09cb359f2ae167677 c6b9bab283b042d98d8ac3d167fde49c - - b45a9b8b07a74f1d98fe4ee594758062 b45a9b8b07a74f1d98fe4ee594758062] 199.204.45.19 "GET /resource_providers/f4796911-e9ad-4bbe-be2e-c4eaf9d4b861/allocations" status: 200 len: 338 microversion: 1.0 [pid: 8|app: 0|req: 375/742] 199.204.45.19 () {32 vars in 856 bytes} [Sun Mar 8 03:39:45 2026] GET /resource_providers/f4796911-e9ad-4bbe-be2e-c4eaf9d4b861/allocations => generated 338 bytes in 20 msecs (HTTP/1.1 200) 6 headers in 224 bytes (1 switches on core 0)
2026-03-08 03:39:45.757 7 INFO placement.requestlog [req-ec908e11-4e26-4a63-a382-94582491ca1b req-c9e050bd-0e5c-4709-9cce-230a4bd12272 0f94054a5a6947f09cb359f2ae167677 c6b9bab283b042d98d8ac3d167fde49c - - b45a9b8b07a74f1d98fe4ee594758062 b45a9b8b07a74f1d98fe4ee594758062] 199.204.45.19 "GET /allocations/28f66829-b4d3-4c23-804a-72edcbdb977e" status: 200 len: 257 microversion: 1.28 [pid: 7|app: 0|req: 368/743] 199.204.45.19 () {34 vars in 862 bytes} [Sun Mar 8 03:39:45 2026] GET /allocations/28f66829-b4d3-4c23-804a-72edcbdb977e => generated 257 bytes in 11 msecs (HTTP/1.1 200) 8 headers in 296 bytes (1 switches on core 0)
2026-03-08 03:39:45.778 8 INFO placement.requestlog [req-ec908e11-4e26-4a63-a382-94582491ca1b req-91aee66c-a540-4a92-927d-130d2b1852f5 0f94054a5a6947f09cb359f2ae167677 c6b9bab283b042d98d8ac3d167fde49c - - b45a9b8b07a74f1d98fe4ee594758062 b45a9b8b07a74f1d98fe4ee594758062] 199.204.45.19 "GET /allocations/0f8f35a1-29fb-4c8e-a302-e6e4aaabea9d" status: 200 len: 243 microversion: 1.28 [pid: 8|app: 0|req: 376/744] 199.204.45.19 () {34 vars in 862 bytes} [Sun Mar 8 03:39:45 2026] GET /allocations/0f8f35a1-29fb-4c8e-a302-e6e4aaabea9d => generated 243 bytes in 13 msecs (HTTP/1.1 200) 8 headers in 296 bytes (1 switches on core 0)
2026-03-08 03:39:45.798 7 INFO placement.requestlog [req-ec908e11-4e26-4a63-a382-94582491ca1b req-7543e833-2f50-4a31-8442-250caea377f8 0f94054a5a6947f09cb359f2ae167677 c6b9bab283b042d98d8ac3d167fde49c - - b45a9b8b07a74f1d98fe4ee594758062 b45a9b8b07a74f1d98fe4ee594758062] 199.204.45.19 "GET /allocations/a4493122-64c3-4a2c-9e1d-574ffeea6eb3" status: 200 len: 257 microversion: 1.28 [pid: 7|app: 0|req: 369/745] 199.204.45.19 () {34 vars in 862 bytes} [Sun Mar 8 03:39:45 2026] GET /allocations/a4493122-64c3-4a2c-9e1d-574ffeea6eb3 => generated 257 bytes in 14 msecs (HTTP/1.1 200) 8 headers in 296 bytes (1 switches on core 0)
2026-03-08 03:39:46.074 7 INFO placement.requestlog [None req-70938d5c-1893-4edf-b7ea-318ee1ae3ae3 65f4bd91780f4f56810e7c07bf961bda c6b9bab283b042d98d8ac3d167fde49c - - b45a9b8b07a74f1d98fe4ee594758062 b45a9b8b07a74f1d98fe4ee594758062] 10.0.0.247 "GET /resource_providers/cd7a8142-5fdf-43ca-b64d-700dcbf94a6d/aggregates" status: 404 len: 235 microversion: 1.1 [pid: 7|app: 0|req: 370/746] 10.0.0.247 () {32 vars in 816 bytes} [Sun Mar 8 03:39:46 2026] GET /resource_providers/cd7a8142-5fdf-43ca-b64d-700dcbf94a6d/aggregates => generated 235 bytes in 8 msecs (HTTP/1.1 404) 5 headers in 202 bytes (1 switches on core 0)
2026-03-08 03:39:46.074 8 INFO placement.requestlog [None req-c2609922-36ec-405f-9cd9-a64a4bdcd0bf 65f4bd91780f4f56810e7c07bf961bda c6b9bab283b042d98d8ac3d167fde49c - - b45a9b8b07a74f1d98fe4ee594758062 b45a9b8b07a74f1d98fe4ee594758062] 10.0.0.247 "GET /resource_providers/cd7a8142-5fdf-43ca-b64d-700dcbf94a6d/aggregates" status: 404 len: 235 microversion: 1.1 [pid: 8|app: 0|req: 377/747] 10.0.0.247 () {32 vars in 816 bytes} [Sun Mar 8 03:39:46 2026] GET /resource_providers/cd7a8142-5fdf-43ca-b64d-700dcbf94a6d/aggregates => generated 235 bytes in 9 msecs (HTTP/1.1 404) 5 headers in 202 bytes (1 switches on core 0)
2026-03-08 03:39:46.095 7 INFO placement.requestlog [None req-c4beaed9-c6cb-43cd-979b-10494c26d490 65f4bd91780f4f56810e7c07bf961bda c6b9bab283b042d98d8ac3d167fde49c - - b45a9b8b07a74f1d98fe4ee594758062 b45a9b8b07a74f1d98fe4ee594758062] 10.0.0.247 "DELETE /resource_providers/cd7a8142-5fdf-43ca-b64d-700dcbf94a6d" status: 404 len: 246 microversion: 1.1 [pid: 7|app: 0|req: 371/748] 10.0.0.247 () {34 vars in 816 bytes} [Sun Mar 8 03:39:46 2026] DELETE /resource_providers/cd7a8142-5fdf-43ca-b64d-700dcbf94a6d => generated 246 bytes in 9 msecs (HTTP/1.1 404) 6 headers in 231 bytes (1 switches on core 0)
2026-03-08 03:39:46.099 8 INFO placement.requestlog [None req-e2eea0cb-5e1d-4fb4-bc97-e531b88b498e 65f4bd91780f4f56810e7c07bf961bda c6b9bab283b042d98d8ac3d167fde49c - - b45a9b8b07a74f1d98fe4ee594758062 b45a9b8b07a74f1d98fe4ee594758062] 10.0.0.247 "DELETE /resource_providers/cd7a8142-5fdf-43ca-b64d-700dcbf94a6d" status: 404 len: 246 microversion: 1.1 [pid: 8|app: 0|req: 378/749] 10.0.0.247 () {34 vars in 816 bytes} [Sun Mar 8 03:39:46 2026] DELETE /resource_providers/cd7a8142-5fdf-43ca-b64d-700dcbf94a6d => generated 246 bytes in 9 msecs (HTTP/1.1 404) 6 headers in 231 bytes (1 switches on core 0)
2026-03-08 03:39:46.845 7 INFO placement.requestlog [req-ec908e11-4e26-4a63-a382-94582491ca1b req-e6e6d0c4-81af-4d48-8ba1-1b8eadf15d42 0f94054a5a6947f09cb359f2ae167677 c6b9bab283b042d98d8ac3d167fde49c - - b45a9b8b07a74f1d98fe4ee594758062 b45a9b8b07a74f1d98fe4ee594758062] 199.204.45.19 "DELETE /allocations/0f8f35a1-29fb-4c8e-a302-e6e4aaabea9d" status: 204 len: 0 microversion: 1.0 [pid: 7|app: 0|req: 372/750] 199.204.45.19 () {34 vars in 840 bytes} [Sun Mar 8 03:39:46 2026] DELETE /allocations/0f8f35a1-29fb-4c8e-a302-e6e4aaabea9d => generated 0 bytes in 26 msecs (HTTP/1.1 204) 5 headers in 198 bytes (1 switches on core 0)
2026-03-08 03:39:49.860 8 INFO placement.requestlog [None req-6705645b-7202-4500-9e56-0a57c210ebc5 - - - - - -] 10.0.0.215 "GET /" status: 200 len: 136 microversion: 1.0
2026-03-08 03:39:49.861 7 INFO placement.requestlog [None req-5f0610b3-e214-468d-beee-8731b3365dc0 - - - - - -] 10.0.0.215 "GET /" status: 200 len: 136 microversion: 1.0
2026-03-08 03:39:50.509 7 INFO placement.requestlog [None req-cd17aaef-2ae0-4fba-9d2b-834f0ba01c2e 65f4bd91780f4f56810e7c07bf961bda c6b9bab283b042d98d8ac3d167fde49c - - b45a9b8b07a74f1d98fe4ee594758062 b45a9b8b07a74f1d98fe4ee594758062] 10.0.0.247 "GET /resource_providers/09ffcc78-e732-4601-9228-b27cb8edbc34/aggregates" status: 404 len: 235 microversion: 1.1 [pid: 7|app: 0|req: 374/753] 10.0.0.247 () {32 vars in 816 bytes} [Sun Mar 8 03:39:50 2026] GET /resource_providers/09ffcc78-e732-4601-9228-b27cb8edbc34/aggregates => generated 235 bytes in 8 msecs (HTTP/1.1 404) 5 headers in 202 bytes (1 switches on core 0)
2026-03-08 03:39:50.513 8 INFO placement.requestlog [None req-a5de7993-44dc-49e9-9a16-b07a3416479f 65f4bd91780f4f56810e7c07bf961bda c6b9bab283b042d98d8ac3d167fde49c - - b45a9b8b07a74f1d98fe4ee594758062 b45a9b8b07a74f1d98fe4ee594758062] 10.0.0.247 "GET /resource_providers/09ffcc78-e732-4601-9228-b27cb8edbc34/aggregates" status: 404 len: 235 microversion: 1.1 [pid: 8|app: 0|req: 380/754] 10.0.0.247 () {32 vars in 816 bytes} [Sun Mar 8 03:39:50 2026] GET /resource_providers/09ffcc78-e732-4601-9228-b27cb8edbc34/aggregates => generated 235 bytes in 13 msecs (HTTP/1.1 404) 5 headers in 202 bytes (1 switches on core 0)
2026-03-08 03:39:50.531 7 INFO placement.requestlog [None req-4d4993bd-4697-492e-b8ce-c0d67ce74196 65f4bd91780f4f56810e7c07bf961bda c6b9bab283b042d98d8ac3d167fde49c - - b45a9b8b07a74f1d98fe4ee594758062 b45a9b8b07a74f1d98fe4ee594758062] 10.0.0.247 "DELETE /resource_providers/09ffcc78-e732-4601-9228-b27cb8edbc34" status: 404 len: 246 microversion: 1.1 [pid: 7|app: 0|req: 375/755] 10.0.0.247 () {34 vars in 816 bytes} [Sun Mar 8 03:39:50 2026] DELETE /resource_providers/09ffcc78-e732-4601-9228-b27cb8edbc34 => generated 246 bytes in 6 msecs (HTTP/1.1 404) 6 headers in 231 bytes (1 switches on core 0)
2026-03-08 03:39:50.540 8 INFO placement.requestlog [None req-47511b2f-e351-4d87-b8b4-7c948d103aac 65f4bd91780f4f56810e7c07bf961bda c6b9bab283b042d98d8ac3d167fde49c - - b45a9b8b07a74f1d98fe4ee594758062 b45a9b8b07a74f1d98fe4ee594758062] 10.0.0.247 "DELETE /resource_providers/09ffcc78-e732-4601-9228-b27cb8edbc34" status: 404 len: 246 microversion: 1.1 [pid: 8|app: 0|req: 381/756] 10.0.0.247 () {34 vars in 816 bytes} [Sun Mar 8 03:39:50 2026] DELETE /resource_providers/09ffcc78-e732-4601-9228-b27cb8edbc34 => generated 246 bytes in 14 msecs (HTTP/1.1 404) 6 headers in 231 bytes (1 switches on core 0)
2026-03-08 03:39:50.930 7 INFO placement.requestlog [req-f967a661-65e2-4b3d-b590-aa12018d57e7 req-958c80aa-9b35-4c83-83d9-10f676e46c67 0f94054a5a6947f09cb359f2ae167677 c6b9bab283b042d98d8ac3d167fde49c - - b45a9b8b07a74f1d98fe4ee594758062 b45a9b8b07a74f1d98fe4ee594758062] 199.204.45.19 "GET /resource_providers/f4796911-e9ad-4bbe-be2e-c4eaf9d4b861/allocations" status: 200 len: 252 microversion: 1.0 [pid: 7|app: 0|req: 376/757] 199.204.45.19 () {32 vars in 856 bytes} [Sun Mar 8 03:39:50 2026] GET /resource_providers/f4796911-e9ad-4bbe-be2e-c4eaf9d4b861/allocations => generated 252 bytes in 13 msecs (HTTP/1.1 200) 6 headers in 224 bytes (1 switches on core 0)
2026-03-08 03:39:50.955 8 INFO placement.requestlog [req-f967a661-65e2-4b3d-b590-aa12018d57e7 req-1cd75d8e-cbde-425a-9bd6-3da9e3d1ea0e 0f94054a5a6947f09cb359f2ae167677 c6b9bab283b042d98d8ac3d167fde49c - - b45a9b8b07a74f1d98fe4ee594758062 b45a9b8b07a74f1d98fe4ee594758062] 199.204.45.19 "GET /resource_providers/f4796911-e9ad-4bbe-be2e-c4eaf9d4b861/allocations" status: 200 len: 252 microversion: 1.0 [pid: 8|app: 0|req: 382/758] 199.204.45.19 () {32 vars in 856 bytes} [Sun Mar 8 03:39:50 2026] GET /resource_providers/f4796911-e9ad-4bbe-be2e-c4eaf9d4b861/allocations => generated 252 bytes in 17 msecs (HTTP/1.1 200) 6 headers in 224 bytes (1 switches on core 0)
2026-03-08 03:39:50.975 7 INFO placement.requestlog [req-f967a661-65e2-4b3d-b590-aa12018d57e7 req-552e7813-1480-4aba-8291-3b44468bc217 0f94054a5a6947f09cb359f2ae167677 c6b9bab283b042d98d8ac3d167fde49c - - b45a9b8b07a74f1d98fe4ee594758062 b45a9b8b07a74f1d98fe4ee594758062] 199.204.45.19 "GET /allocations/28f66829-b4d3-4c23-804a-72edcbdb977e" status: 200 len: 257 microversion: 1.28 [pid: 7|app: 0|req: 377/759] 199.204.45.19 () {34 vars in 862 bytes} [Sun Mar 8 03:39:50 2026] GET /allocations/28f66829-b4d3-4c23-804a-72edcbdb977e => generated 257 bytes in 13 msecs (HTTP/1.1 200) 8 headers in 296 bytes (1 switches on core 0)
2026-03-08 03:39:50.994 8 INFO placement.requestlog [req-f967a661-65e2-4b3d-b590-aa12018d57e7 req-6c39be83-a412-45ff-b965-94f058d2b251 0f94054a5a6947f09cb359f2ae167677 c6b9bab283b042d98d8ac3d167fde49c - - b45a9b8b07a74f1d98fe4ee594758062 b45a9b8b07a74f1d98fe4ee594758062] 199.204.45.19 "GET /allocations/a4493122-64c3-4a2c-9e1d-574ffeea6eb3" status: 200 len: 257 microversion: 1.28 [pid: 8|app: 0|req: 383/760] 199.204.45.19 () {34 vars in 862 bytes} [Sun Mar 8 03:39:50 2026] GET /allocations/a4493122-64c3-4a2c-9e1d-574ffeea6eb3 => generated 257 bytes in 12 msecs (HTTP/1.1 200) 8 headers in 296 bytes (1 switches on core 0)
2026-03-08 03:39:52.764 7 INFO placement.requestlog [None req-fea69157-3aff-4fc4-a30d-e6dc9c684296 65f4bd91780f4f56810e7c07bf961bda c6b9bab283b042d98d8ac3d167fde49c - - b45a9b8b07a74f1d98fe4ee594758062 b45a9b8b07a74f1d98fe4ee594758062] 10.0.0.247 "GET /resource_providers/d8aa5ae0-d91f-4f0d-a99b-380a3781b798/aggregates" status: 404 len: 235 microversion: 1.1 [pid: 7|app: 0|req: 378/761] 10.0.0.247 () {32 vars in 816 bytes} [Sun Mar 8 03:39:52 2026] GET /resource_providers/d8aa5ae0-d91f-4f0d-a99b-380a3781b798/aggregates => generated 235 bytes in 11 msecs (HTTP/1.1 404) 5 headers in 202 bytes (1 switches on core 0)
2026-03-08 03:39:52.768 8 INFO placement.requestlog [None req-f4477b45-d4d3-4416-ae8f-890e6bfab205 65f4bd91780f4f56810e7c07bf961bda c6b9bab283b042d98d8ac3d167fde49c - - b45a9b8b07a74f1d98fe4ee594758062 b45a9b8b07a74f1d98fe4ee594758062] 10.0.0.247 "GET /resource_providers/d8aa5ae0-d91f-4f0d-a99b-380a3781b798/aggregates" status: 404 len: 235 microversion: 1.1 [pid: 8|app: 0|req: 384/762] 10.0.0.247 () {32 vars in 816 bytes} [Sun Mar 8 03:39:52 2026] GET /resource_providers/d8aa5ae0-d91f-4f0d-a99b-380a3781b798/aggregates => generated 235 bytes in 12 msecs (HTTP/1.1 404) 5 headers in 202 bytes (1 switches on core 0)
2026-03-08 03:39:52.784 7 INFO placement.requestlog [None req-8173c3ed-013b-4753-a0f5-f98e9a767fa8 65f4bd91780f4f56810e7c07bf961bda c6b9bab283b042d98d8ac3d167fde49c - - b45a9b8b07a74f1d98fe4ee594758062 b45a9b8b07a74f1d98fe4ee594758062] 10.0.0.247 "DELETE /resource_providers/d8aa5ae0-d91f-4f0d-a99b-380a3781b798" status: 404 len: 246 microversion: 1.1 [pid: 7|app: 0|req: 379/763] 10.0.0.247 () {34 vars in 816 bytes} [Sun Mar 8 03:39:52 2026] DELETE /resource_providers/d8aa5ae0-d91f-4f0d-a99b-380a3781b798 => generated 246 bytes in 7 msecs (HTTP/1.1 404) 6 headers in 231 bytes (1 switches on core 0)
2026-03-08 03:39:52.786 8 INFO placement.requestlog [None req-b6071759-20e3-4a7a-bac7-00ca86fb3d0f 65f4bd91780f4f56810e7c07bf961bda c6b9bab283b042d98d8ac3d167fde49c - - b45a9b8b07a74f1d98fe4ee594758062 b45a9b8b07a74f1d98fe4ee594758062] 10.0.0.247 "DELETE /resource_providers/d8aa5ae0-d91f-4f0d-a99b-380a3781b798" status: 404 len: 246 microversion: 1.1 [pid: 8|app: 0|req: 385/764] 10.0.0.247 () {34 vars in 816 bytes} [Sun Mar 8 03:39:52 2026] DELETE /resource_providers/d8aa5ae0-d91f-4f0d-a99b-380a3781b798 => generated 246 bytes in 8 msecs (HTTP/1.1 404) 6 headers in 231 bytes (1 switches on core 0)
2026-03-08 03:39:55.367 8 INFO placement.requestlog [None req-16e8890f-e34f-48a3-89f9-40b2eddc7949 65f4bd91780f4f56810e7c07bf961bda c6b9bab283b042d98d8ac3d167fde49c - - b45a9b8b07a74f1d98fe4ee594758062 b45a9b8b07a74f1d98fe4ee594758062] 10.0.0.247 "GET /resource_providers/e17e4308-f92c-40be-bf58-b973b9602799/aggregates" status: 404 len: 235 microversion: 1.1 [pid: 8|app: 0|req: 386/765] 10.0.0.247 () {32 vars in 816 bytes} [Sun Mar 8 03:39:55 2026] GET /resource_providers/e17e4308-f92c-40be-bf58-b973b9602799/aggregates => generated 235 bytes in 9 msecs (HTTP/1.1 404) 5 headers in 202 bytes (1 switches on core 0)
2026-03-08 03:39:55.371 7 INFO placement.requestlog [None req-ecc47274-8b22-4388-82ef-9a84a3b7d108 65f4bd91780f4f56810e7c07bf961bda c6b9bab283b042d98d8ac3d167fde49c - - b45a9b8b07a74f1d98fe4ee594758062 b45a9b8b07a74f1d98fe4ee594758062] 10.0.0.247 "GET /resource_providers/e17e4308-f92c-40be-bf58-b973b9602799/aggregates" status: 404 len: 235 microversion: 1.1 [pid: 7|app: 0|req: 380/766] 10.0.0.247 () {32 vars in 816 bytes} [Sun Mar 8 03:39:55 2026] GET /resource_providers/e17e4308-f92c-40be-bf58-b973b9602799/aggregates => generated 235 bytes in 13 msecs (HTTP/1.1 404) 5 headers in 202 bytes (1 switches on core 0)
2026-03-08 03:39:55.393 8 INFO placement.requestlog [None req-84eb4a9c-7cf3-4864-997c-fd77636ff688 65f4bd91780f4f56810e7c07bf961bda c6b9bab283b042d98d8ac3d167fde49c - - b45a9b8b07a74f1d98fe4ee594758062 b45a9b8b07a74f1d98fe4ee594758062] 10.0.0.247 "DELETE /resource_providers/e17e4308-f92c-40be-bf58-b973b9602799" status: 404 len: 246 microversion: 1.1 [pid: 8|app: 0|req: 387/767] 10.0.0.247 () {34 vars in 816 bytes} [Sun Mar 8 03:39:55 2026] DELETE /resource_providers/e17e4308-f92c-40be-bf58-b973b9602799 => generated 246 bytes in 10 msecs (HTTP/1.1 404) 6 headers in 231 bytes (1 switches on core 0)
2026-03-08 03:39:55.400 7 INFO placement.requestlog [None req-8d01cf6b-9a09-4d78-87ac-eac646d45d51 65f4bd91780f4f56810e7c07bf961bda c6b9bab283b042d98d8ac3d167fde49c - - b45a9b8b07a74f1d98fe4ee594758062 b45a9b8b07a74f1d98fe4ee594758062] 10.0.0.247 "DELETE /resource_providers/e17e4308-f92c-40be-bf58-b973b9602799" status: 404 len: 246 microversion: 1.1 [pid: 7|app: 0|req: 381/768] 10.0.0.247 () {34 vars in 816 bytes} [Sun Mar 8 03:39:55 2026] DELETE /resource_providers/e17e4308-f92c-40be-bf58-b973b9602799 => generated 246 bytes in 17 msecs (HTTP/1.1 404) 6 headers in 231 bytes (1 switches on core 0)
2026-03-08 03:39:58.471 8 INFO placement.requestlog [None req-ba414122-bb59-4e4c-b7ef-2717b945cd68 65f4bd91780f4f56810e7c07bf961bda c6b9bab283b042d98d8ac3d167fde49c - - b45a9b8b07a74f1d98fe4ee594758062 b45a9b8b07a74f1d98fe4ee594758062] 10.0.0.247 "GET /resource_providers/1b97d1df-0173-4d97-920f-52e5ad4c70d7/aggregates" status: 404 len: 235 microversion: 1.1 [pid: 8|app: 0|req: 388/769] 10.0.0.247 () {32 vars in 816 bytes} [Sun Mar 8 03:39:58 2026] GET /resource_providers/1b97d1df-0173-4d97-920f-52e5ad4c70d7/aggregates => generated 235 bytes in 11 msecs (HTTP/1.1 404) 5 headers in 202 bytes (1 switches on core 0)
2026-03-08 03:39:58.472 7 INFO placement.requestlog [None req-f1c277c1-09a6-4ad3-97d0-b31cb5ac598c 65f4bd91780f4f56810e7c07bf961bda c6b9bab283b042d98d8ac3d167fde49c - - b45a9b8b07a74f1d98fe4ee594758062 b45a9b8b07a74f1d98fe4ee594758062] 10.0.0.247 "GET /resource_providers/1b97d1df-0173-4d97-920f-52e5ad4c70d7/aggregates" status: 404 len: 235 microversion: 1.1 [pid: 7|app: 0|req: 382/770] 10.0.0.247 () {32 vars in 816 bytes} [Sun Mar 8 03:39:58 2026] GET /resource_providers/1b97d1df-0173-4d97-920f-52e5ad4c70d7/aggregates => generated 235 bytes in 12 msecs (HTTP/1.1 404) 5 headers in 202 bytes (1 switches on core 0)
2026-03-08 03:39:58.496 8 INFO placement.requestlog [None req-4106a051-5f8a-418b-a552-a9163a24d584 65f4bd91780f4f56810e7c07bf961bda c6b9bab283b042d98d8ac3d167fde49c - - b45a9b8b07a74f1d98fe4ee594758062 b45a9b8b07a74f1d98fe4ee594758062] 10.0.0.247 "DELETE /resource_providers/1b97d1df-0173-4d97-920f-52e5ad4c70d7" status: 404 len: 246 microversion: 1.1 [pid: 8|app: 0|req: 389/771] 10.0.0.247 () {34 vars in 816 bytes} [Sun Mar 8 03:39:58 2026] DELETE /resource_providers/1b97d1df-0173-4d97-920f-52e5ad4c70d7 => generated 246 bytes in 7 msecs (HTTP/1.1 404) 6 headers in 231 bytes (1 switches on core 0)
2026-03-08 03:39:58.500 7 INFO placement.requestlog [None req-029d5467-2e50-4c21-9bbc-acb3ec703f62 65f4bd91780f4f56810e7c07bf961bda c6b9bab283b042d98d8ac3d167fde49c - - b45a9b8b07a74f1d98fe4ee594758062 b45a9b8b07a74f1d98fe4ee594758062] 10.0.0.247 "DELETE /resource_providers/1b97d1df-0173-4d97-920f-52e5ad4c70d7" status: 404 len: 246 microversion: 1.1 [pid: 7|app: 0|req: 383/772] 10.0.0.247 () {34 vars in 816 bytes} [Sun Mar 8 03:39:58 2026] DELETE /resource_providers/1b97d1df-0173-4d97-920f-52e5ad4c70d7 => generated 246 bytes in 9 msecs (HTTP/1.1 404) 6 headers in 231 bytes (1 switches on core 0)
2026-03-08 03:39:59.860 7 INFO placement.requestlog [None req-ffeb6545-9479-4ddd-8437-51ca2eda4c28 - - - - - -] 10.0.0.215 "GET /" status: 200 len: 136 microversion: 1.0
2026-03-08 03:39:59.861 8 INFO placement.requestlog [None req-294ce418-3f2d-4519-979a-c4c1213926ee - - - - - -] 10.0.0.215 "GET /" status: 200 len: 136 microversion: 1.0
2026-03-08 03:40:00.689 7 INFO placement.requestlog [req-e02300ea-18b3-43eb-ac3e-be80a9fb2568 req-564fe074-f1b8-4ef3-985e-3e43a24d5d9e 0f94054a5a6947f09cb359f2ae167677 c6b9bab283b042d98d8ac3d167fde49c - - b45a9b8b07a74f1d98fe4ee594758062 b45a9b8b07a74f1d98fe4ee594758062] 199.204.45.19 "GET /resource_providers/f4796911-e9ad-4bbe-be2e-c4eaf9d4b861/allocations" status: 200 len: 252 microversion: 1.0 [pid: 7|app: 0|req: 385/775] 199.204.45.19 () {32 vars in 856 bytes} [Sun Mar 8 03:40:00 2026] GET /resource_providers/f4796911-e9ad-4bbe-be2e-c4eaf9d4b861/allocations => generated 252 bytes in 18 msecs (HTTP/1.1 200) 6 headers in 224 bytes (1 switches on core 0)
2026-03-08 03:40:00.708 8 INFO placement.requestlog [req-e02300ea-18b3-43eb-ac3e-be80a9fb2568 req-10c24744-96f6-45fa-9f0c-c986d48bd175 0f94054a5a6947f09cb359f2ae167677 c6b9bab283b042d98d8ac3d167fde49c - - b45a9b8b07a74f1d98fe4ee594758062 b45a9b8b07a74f1d98fe4ee594758062] 199.204.45.19 "GET /allocations/28f66829-b4d3-4c23-804a-72edcbdb977e" status: 200 len: 257 microversion: 1.28 [pid: 8|app: 0|req: 391/776] 199.204.45.19 () {34 vars in 862 bytes} [Sun Mar 8 03:40:00 2026] GET /allocations/28f66829-b4d3-4c23-804a-72edcbdb977e => generated 257 bytes in 10 msecs (HTTP/1.1 200) 8 headers in 296 bytes (1 switches on core 0)
2026-03-08 03:40:00.722 7 INFO placement.requestlog [req-e02300ea-18b3-43eb-ac3e-be80a9fb2568 req-fcc75de9-88f7-4fe1-8d16-12d3ce7cb16a 0f94054a5a6947f09cb359f2ae167677 c6b9bab283b042d98d8ac3d167fde49c - - b45a9b8b07a74f1d98fe4ee594758062 b45a9b8b07a74f1d98fe4ee594758062] 199.204.45.19 "GET /allocations/a4493122-64c3-4a2c-9e1d-574ffeea6eb3" status: 200 len: 257 microversion: 1.28 [pid: 7|app: 0|req: 386/777] 199.204.45.19 () {34 vars in 862 bytes} [Sun Mar 8 03:40:00 2026] GET /allocations/a4493122-64c3-4a2c-9e1d-574ffeea6eb3 => generated 257 bytes in 10 msecs (HTTP/1.1 200) 8 headers in 296 bytes (1 switches on core 0)
2026-03-08 03:40:01.763 8 INFO placement.requestlog [req-e02300ea-18b3-43eb-ac3e-be80a9fb2568 req-c517529d-26c5-48e9-8332-fc1688734afb 0f94054a5a6947f09cb359f2ae167677 c6b9bab283b042d98d8ac3d167fde49c - - b45a9b8b07a74f1d98fe4ee594758062 b45a9b8b07a74f1d98fe4ee594758062] 199.204.45.19 "DELETE /allocations/a4493122-64c3-4a2c-9e1d-574ffeea6eb3" status: 204 len: 0 microversion: 1.0 [pid: 8|app: 0|req: 392/778] 199.204.45.19 () {34 vars in 840 bytes} [Sun Mar 8 03:40:01 2026] DELETE /allocations/a4493122-64c3-4a2c-9e1d-574ffeea6eb3 => generated 0 bytes in 19 msecs (HTTP/1.1 204) 5 headers in 198 bytes (1 switches on core 0)
2026-03-08 03:40:03.191 7 INFO placement.requestlog [req-96d00852-fd00-4d36-8a57-41d9bac42e2f req-0287bdcf-1536-4d79-912a-84bc315dd37b 0f94054a5a6947f09cb359f2ae167677 c6b9bab283b042d98d8ac3d167fde49c - - b45a9b8b07a74f1d98fe4ee594758062 b45a9b8b07a74f1d98fe4ee594758062] 199.204.45.19 "GET /resource_providers/f4796911-e9ad-4bbe-be2e-c4eaf9d4b861/allocations" status: 200 len: 152 microversion: 1.0 [pid: 7|app: 0|req: 387/779] 199.204.45.19 () {32 vars in 856 bytes} [Sun Mar 8 03:40:03 2026] GET /resource_providers/f4796911-e9ad-4bbe-be2e-c4eaf9d4b861/allocations => generated 152 bytes in 39 msecs (HTTP/1.1 200) 6 headers in 224 bytes (1 switches on core 0)
2026-03-08 03:40:03.209 8 INFO placement.requestlog [req-96d00852-fd00-4d36-8a57-41d9bac42e2f req-bd39fe8e-5f2c-46cd-92a3-6e8d2ea49fc2 0f94054a5a6947f09cb359f2ae167677 c6b9bab283b042d98d8ac3d167fde49c - - b45a9b8b07a74f1d98fe4ee594758062 b45a9b8b07a74f1d98fe4ee594758062] 199.204.45.19 "GET /allocations/28f66829-b4d3-4c23-804a-72edcbdb977e" status: 200 len: 257 microversion: 1.28 [pid: 8|app: 0|req: 393/780] 199.204.45.19 () {34 vars in 862 bytes} [Sun Mar 8 03:40:03 2026] GET /allocations/28f66829-b4d3-4c23-804a-72edcbdb977e => generated 257 bytes in 12 msecs (HTTP/1.1 200) 8 headers in 296 bytes (1 switches on core 0)
2026-03-08 03:40:04.270 7 INFO placement.requestlog [req-96d00852-fd00-4d36-8a57-41d9bac42e2f req-d0609cdd-2301-4881-8d57-25c4596ecd27 0f94054a5a6947f09cb359f2ae167677 c6b9bab283b042d98d8ac3d167fde49c - - b45a9b8b07a74f1d98fe4ee594758062 b45a9b8b07a74f1d98fe4ee594758062] 199.204.45.19 "DELETE /allocations/28f66829-b4d3-4c23-804a-72edcbdb977e" status: 204 len: 0 microversion: 1.0 [pid: 7|app: 0|req: 388/781] 199.204.45.19 () {34 vars in 840 bytes} [Sun Mar 8 03:40:04 2026] DELETE /allocations/28f66829-b4d3-4c23-804a-72edcbdb977e => generated 0 bytes in 32 msecs (HTTP/1.1 204) 5 headers in 198 bytes (1 switches on core 0)
2026-03-08 03:40:06.020 8 INFO placement.requestlog [None req-a1882e5b-4697-4278-9dfb-6ed2773826b3 65f4bd91780f4f56810e7c07bf961bda c6b9bab283b042d98d8ac3d167fde49c - - b45a9b8b07a74f1d98fe4ee594758062 b45a9b8b07a74f1d98fe4ee594758062] 10.0.0.247 "GET /resource_providers/aed32ac6-0e0f-4edf-a420-c8ae68daecdb/aggregates" status: 404 len: 235 microversion: 1.1 [pid: 8|app: 0|req: 394/782] 10.0.0.247 () {32 vars in 816 bytes} [Sun Mar 8 03:40:06 2026] GET /resource_providers/aed32ac6-0e0f-4edf-a420-c8ae68daecdb/aggregates => generated 235 bytes in 16 msecs (HTTP/1.1 404) 5 headers in 202 bytes (1 switches on core 0)
