Jun 10 13:11:31.632026 np0000179606 devstack@c-api.service[112827]: DEBUG cinder.api.extensions [-] Calling extension factory cinder.api.contrib.scheduler_hints.Scheduler_hints {{(pid=112827) load_extension /opt/stack/cinder/cinder/api/extensions.py:200}}
Jun 10 13:11:31.632088 np0000179606 devstack@c-api.service[112827]: DEBUG cinder.api.extensions [-] Ext name: SchedulerHints {{(pid=112827) _check_extension /opt/stack/cinder/cinder/api/extensions.py:174}}
Jun 10 13:11:31.632135 np0000179606 devstack@c-api.service[112827]: DEBUG cinder.api.extensions [-] Ext alias: OS-SCH-HNT {{(pid=112827) _check_extension /opt/stack/cinder/cinder/api/extensions.py:175}}
Jun 10 13:11:31.632209 np0000179606 devstack@c-api.service[112827]: DEBUG cinder.api.extensions [-] Ext description: Pass arbitrary key/value pairs to the scheduler. {{(pid=112827) _check_extension /opt/stack/cinder/cinder/api/extensions.py:176}}
Jun 10 13:11:31.632259 np0000179606 devstack@c-api.service[112827]: DEBUG cinder.api.extensions [-] Ext updated: 2013-04-18T00:00:00+00:00 {{(pid=112827) _check_extension /opt/stack/cinder/cinder/api/extensions.py:178}}
Jun 10 13:11:31.632324 np0000179606 devstack@c-api.service[112827]: DEBUG cinder.api.extensions [-] Loaded extension: OS-SCH-HNT {{(pid=112827) register /opt/stack/cinder/cinder/api/extensions.py:135}}
Jun 10 13:11:31.632408 np0000179606 devstack@c-api.service[112827]: DEBUG cinder.api.extensions [-] Loading extension cinder.api.contrib.volume_image_metadata.Volume_image_metadata {{(pid=112827) load_extension /opt/stack/cinder/cinder/api/extensions.py:194}}
Jun 10 13:11:31.633016 np0000179606 devstack@c-api.service[112827]: DEBUG cinder.api.extensions [-] Calling extension factory cinder.api.contrib.volume_image_metadata.Volume_image_metadata {{(pid=112827) load_extension /opt/stack/cinder/cinder/api/extensions.py:200}}
Jun 10 13:11:31.633069 np0000179606 devstack@c-api.service[112827]: DEBUG cinder.api.extensions [-] Ext name: VolumeImageMetadata {{(pid=112827) _check_extension /opt/stack/cinder/cinder/api/extensions.py:174}}
Jun 10 13:11:31.633142 np0000179606 devstack@c-api.service[112827]: DEBUG cinder.api.extensions [-] Ext alias: os-vol-image-meta {{(pid=112827) _check_extension /opt/stack/cinder/cinder/api/extensions.py:175}}
Jun 10 13:11:31.633193 np0000179606 devstack@c-api.service[112827]: DEBUG cinder.api.extensions [-] Ext description: Show image metadata associated with the volume. {{(pid=112827) _check_extension /opt/stack/cinder/cinder/api/extensions.py:176}}
Jun 10 13:11:31.633257 np0000179606 devstack@c-api.service[112827]: DEBUG cinder.api.extensions [-] Ext updated: 2012-12-07T00:00:00+00:00 {{(pid=112827) _check_extension /opt/stack/cinder/cinder/api/extensions.py:178}}
Jun 10 13:11:31.633338 np0000179606 devstack@c-api.service[112827]: DEBUG cinder.api.extensions [-] Loaded extension: os-vol-image-meta {{(pid=112827) register /opt/stack/cinder/cinder/api/extensions.py:135}}
Jun 10 13:11:31.633391 np0000179606 devstack@c-api.service[112827]: DEBUG cinder.api.extensions [-] Loading extension cinder.api.contrib.volume_unmanage.Volume_unmanage {{(pid=112827) load_extension /opt/stack/cinder/cinder/api/extensions.py:194}}
Jun 10 13:11:31.633852 np0000179606 devstack@c-api.service[112827]: DEBUG cinder.api.extensions [-] Calling extension factory cinder.api.contrib.volume_unmanage.Volume_unmanage {{(pid=112827) load_extension /opt/stack/cinder/cinder/api/extensions.py:200}}
Jun 10 13:11:31.633913 np0000179606 devstack@c-api.service[112827]: DEBUG cinder.api.extensions [-] Ext name: VolumeUnmanage {{(pid=112827) _check_extension /opt/stack/cinder/cinder/api/extensions.py:174}}
Jun 10 13:11:31.633956 np0000179606 devstack@c-api.service[112827]: DEBUG cinder.api.extensions [-] Ext alias: os-volume-unmanage {{(pid=112827) _check_extension /opt/stack/cinder/cinder/api/extensions.py:175}}
Jun 10 13:11:31.634048 np0000179606 devstack@c-api.service[112827]: DEBUG cinder.api.extensions [-] Ext description: Enable volume unmanage operation. {{(pid=112827) _check_extension /opt/stack/cinder/cinder/api/extensions.py:176}}
Jun 10 13:11:31.634095 np0000179606 devstack@c-api.service[112827]: DEBUG cinder.api.extensions [-] Ext updated: 2012-05-31T00:00:00+00:00 {{(pid=112827) _check_extension /opt/stack/cinder/cinder/api/extensions.py:178}}
Jun 10 13:11:31.634164 np0000179606 devstack@c-api.service[112827]: DEBUG cinder.api.extensions [-] Loaded extension: os-volume-unmanage {{(pid=112827) register /opt/stack/cinder/cinder/api/extensions.py:135}}
Jun 10 13:11:31.634231 np0000179606 devstack@c-api.service[112827]: DEBUG cinder.api.extensions [-] Loading extension cinder.api.contrib.services.Services {{(pid=112827) load_extension /opt/stack/cinder/cinder/api/extensions.py:194}}
Jun 10 13:11:31.634491 np0000179606 devstack@c-api.service[112827]: DEBUG cinder.api.extensions [-] Calling extension factory cinder.api.contrib.services.Services {{(pid=112827) load_extension /opt/stack/cinder/cinder/api/extensions.py:200}}
Jun 10 13:11:31.634539 np0000179606 devstack@c-api.service[112827]: DEBUG cinder.api.extensions [-] Ext name: Services {{(pid=112827) _check_extension /opt/stack/cinder/cinder/api/extensions.py:174}}
Jun 10 13:11:31.634608 np0000179606 devstack@c-api.service[112827]: DEBUG cinder.api.extensions [-] Ext alias: os-services {{(pid=112827) _check_extension /opt/stack/cinder/cinder/api/extensions.py:175}}
Jun 10 13:11:31.634662 np0000179606 devstack@c-api.service[112827]: DEBUG cinder.api.extensions [-] Ext description: Services support. {{(pid=112827) _check_extension /opt/stack/cinder/cinder/api/extensions.py:176}}
Jun 10 13:11:31.634731 np0000179606 devstack@c-api.service[112827]: DEBUG cinder.api.extensions [-] Ext updated: 2012-10-28T00:00:00-00:00 {{(pid=112827) _check_extension /opt/stack/cinder/cinder/api/extensions.py:178}}
Jun 10 13:11:31.634787 np0000179606 devstack@c-api.service[112827]: DEBUG cinder.api.extensions [-] Loaded extension: os-services {{(pid=112827) register /opt/stack/cinder/cinder/api/extensions.py:135}}
Jun 10 13:11:31.634858 np0000179606 devstack@c-api.service[112827]: DEBUG cinder.api.extensions [-] Loading extension cinder.api.contrib.admin_actions.Admin_actions {{(pid=112827) load_extension /opt/stack/cinder/cinder/api/extensions.py:194}}
Jun 10 13:11:31.635725 np0000179606 devstack@c-api.service[112827]: DEBUG cinder.api.extensions [-] Calling extension factory cinder.api.contrib.admin_actions.Admin_actions {{(pid=112827) load_extension /opt/stack/cinder/cinder/api/extensions.py:200}}
Jun 10 13:11:31.635782 np0000179606 devstack@c-api.service[112827]: DEBUG cinder.api.extensions [-] Ext name: AdminActions {{(pid=112827) _check_extension /opt/stack/cinder/cinder/api/extensions.py:174}}
Jun 10 13:11:31.635824 np0000179606 devstack@c-api.service[112827]: DEBUG cinder.api.extensions [-] Ext alias: os-admin-actions {{(pid=112827) _check_extension /opt/stack/cinder/cinder/api/extensions.py:175}}
Jun 10 13:11:31.635916 np0000179606 devstack@c-api.service[112827]: DEBUG cinder.api.extensions [-] Ext description: Enable admin actions. {{(pid=112827) _check_extension /opt/stack/cinder/cinder/api/extensions.py:176}}
Jun 10 13:11:31.635970 np0000179606 devstack@c-api.service[112827]: DEBUG cinder.api.extensions [-] Ext updated: 2012-08-25T00:00:00+00:00 {{(pid=112827) _check_extension /opt/stack/cinder/cinder/api/extensions.py:178}}
Jun 10 13:11:31.636012 np0000179606 devstack@c-api.service[112827]: DEBUG cinder.api.extensions [-] Loaded extension: os-admin-actions {{(pid=112827) register /opt/stack/cinder/cinder/api/extensions.py:135}}
Jun 10 13:11:31.636101 np0000179606 devstack@c-api.service[112827]: DEBUG cinder.api.extensions [-] Loading extension cinder.api.contrib.consistencygroups.Consistencygroups {{(pid=112827) load_extension /opt/stack/cinder/cinder/api/extensions.py:194}}
Jun 10 13:11:31.636163 np0000179606 devstack@c-api.service[112827]: DEBUG cinder.api.extensions [-] Calling extension factory cinder.api.contrib.consistencygroups.Consistencygroups {{(pid=112827) load_extension /opt/stack/cinder/cinder/api/extensions.py:200}}
Jun 10 13:11:31.636216 np0000179606 devstack@c-api.service[112827]: DEBUG cinder.api.extensions [-] Ext name: Consistencygroups {{(pid=112827) _check_extension /opt/stack/cinder/cinder/api/extensions.py:174}}
Jun 10 13:11:31.636341 np0000179606 devstack@c-api.service[112827]: DEBUG cinder.api.extensions [-] Ext alias: consistencygroups {{(pid=112827) _check_extension /opt/stack/cinder/cinder/api/extensions.py:175}}
Jun 10 13:11:31.636391 np0000179606 devstack@c-api.service[112827]: DEBUG cinder.api.extensions [-] Ext description: consistency groups support. {{(pid=112827) _check_extension /opt/stack/cinder/cinder/api/extensions.py:176}}
Jun 10 13:11:31.636460 np0000179606 devstack@c-api.service[112827]: DEBUG cinder.api.extensions [-] Ext updated: 2014-08-18T00:00:00+00:00 {{(pid=112827) _check_extension /opt/stack/cinder/cinder/api/extensions.py:178}}
Jun 10 13:11:31.636525 np0000179606 devstack@c-api.service[112827]: DEBUG cinder.api.extensions [-] Loaded extension: consistencygroups {{(pid=112827) register /opt/stack/cinder/cinder/api/extensions.py:135}}
Jun 10 13:11:31.636600 np0000179606 devstack@c-api.service[112827]: DEBUG cinder.api.extensions [-] Loading extension cinder.api.contrib.volume_host_attribute.Volume_host_attribute {{(pid=112827) load_extension /opt/stack/cinder/cinder/api/extensions.py:194}}
Jun 10 13:11:31.636897 np0000179606 devstack@c-api.service[112827]: DEBUG cinder.api.extensions [-] Calling extension factory cinder.api.contrib.volume_host_attribute.Volume_host_attribute {{(pid=112827) load_extension /opt/stack/cinder/cinder/api/extensions.py:200}}
Jun 10 13:11:31.636956 np0000179606 devstack@c-api.service[112827]: DEBUG cinder.api.extensions [-] Ext name: VolumeHostAttribute {{(pid=112827) _check_extension /opt/stack/cinder/cinder/api/extensions.py:174}}
Jun 10 13:11:31.637024 np0000179606 devstack@c-api.service[112827]: DEBUG cinder.api.extensions [-] Ext alias: os-vol-host-attr {{(pid=112827) _check_extension /opt/stack/cinder/cinder/api/extensions.py:175}}
Jun 10 13:11:31.637067 np0000179606 devstack@c-api.service[112827]: DEBUG cinder.api.extensions [-] Ext description: Expose host as an attribute of a volume. {{(pid=112827) _check_extension /opt/stack/cinder/cinder/api/extensions.py:176}}
Jun 10 13:11:31.637201 np0000179606 devstack@c-api.service[112827]: DEBUG cinder.api.extensions [-] Ext updated: 2011-11-03T00:00:00+00:00 {{(pid=112827) _check_extension /opt/stack/cinder/cinder/api/extensions.py:178}}
Jun 10 13:11:31.637201 np0000179606 devstack@c-api.service[112827]: DEBUG cinder.api.extensions [-] Loaded extension: os-vol-host-attr {{(pid=112827) register /opt/stack/cinder/cinder/api/extensions.py:135}}
Jun 10 13:11:31.637299 np0000179606 devstack@c-api.service[112827]: DEBUG cinder.api.extensions [-] Loading extension cinder.api.contrib.cgsnapshots.Cgsnapshots {{(pid=112827) load_extension /opt/stack/cinder/cinder/api/extensions.py:194}}
Jun 10 13:11:31.637936 np0000179606 devstack@c-api.service[112827]: DEBUG cinder.api.extensions [-] Calling extension factory cinder.api.contrib.cgsnapshots.Cgsnapshots {{(pid=112827) load_extension /opt/stack/cinder/cinder/api/extensions.py:200}}
Jun 10 13:11:31.637986 np0000179606 devstack@c-api.service[112827]: DEBUG cinder.api.extensions [-] Ext name: Cgsnapshots {{(pid=112827) _check_extension /opt/stack/cinder/cinder/api/extensions.py:174}}
Jun 10 13:11:31.638047 np0000179606 devstack@c-api.service[112827]: DEBUG cinder.api.extensions [-] Ext alias: cgsnapshots {{(pid=112827) _check_extension /opt/stack/cinder/cinder/api/extensions.py:175}}
Jun 10 13:11:31.638129 np0000179606 devstack@c-api.service[112827]: DEBUG cinder.api.extensions [-] Ext description: cgsnapshots support. {{(pid=112827) _check_extension /opt/stack/cinder/cinder/api/extensions.py:176}}
Jun 10 13:11:31.638175 np0000179606 devstack@c-api.service[112827]: DEBUG cinder.api.extensions [-] Ext updated: 2014-08-18T00:00:00+00:00 {{(pid=112827) _check_extension /opt/stack/cinder/cinder/api/extensions.py:178}}
Jun 10 13:11:31.638244 np0000179606 devstack@c-api.service[112827]: DEBUG cinder.api.extensions [-] Loaded extension: cgsnapshots {{(pid=112827) register /opt/stack/cinder/cinder/api/extensions.py:135}}
Jun 10 13:11:31.638332 np0000179606 devstack@c-api.service[112827]: DEBUG cinder.api.extensions [-] Loading extension cinder.api.contrib.snapshot_manage.Snapshot_manage {{(pid=112827) load_extension /opt/stack/cinder/cinder/api/extensions.py:194}}
Jun 10 13:11:31.638393 np0000179606 devstack@c-api.service[112827]: DEBUG cinder.api.extensions [-] Calling extension factory cinder.api.contrib.snapshot_manage.Snapshot_manage {{(pid=112827) load_extension /opt/stack/cinder/cinder/api/extensions.py:200}}
Jun 10 13:11:31.638462 np0000179606 devstack@c-api.service[112827]: DEBUG cinder.api.extensions [-] Ext name: SnapshotManage {{(pid=112827) _check_extension /opt/stack/cinder/cinder/api/extensions.py:174}}
Jun 10 13:11:31.638530 np0000179606 devstack@c-api.service[112827]: DEBUG cinder.api.extensions [-] Ext alias: os-snapshot-manage {{(pid=112827) _check_extension /opt/stack/cinder/cinder/api/extensions.py:175}}
Jun 10 13:11:31.638578 np0000179606 devstack@c-api.service[112827]: DEBUG cinder.api.extensions [-] Ext description: Allows existing backend storage to be 'managed' by Cinder. {{(pid=112827) _check_extension /opt/stack/cinder/cinder/api/extensions.py:176}}
Jun 10 13:11:31.638645 np0000179606 devstack@c-api.service[112827]: DEBUG cinder.api.extensions [-] Ext updated: 2014-12-31T00:00:00+00:00 {{(pid=112827) _check_extension /opt/stack/cinder/cinder/api/extensions.py:178}}
Jun 10 13:11:31.638713 np0000179606 devstack@c-api.service[112827]: DEBUG cinder.api.extensions [-] Loaded extension: os-snapshot-manage {{(pid=112827) register /opt/stack/cinder/cinder/api/extensions.py:135}}
Jun 10 13:11:31.638782 np0000179606 devstack@c-api.service[112827]: DEBUG cinder.api.extensions [-] Loading extension cinder.api.contrib.volume_manage.Volume_manage {{(pid=112827) load_extension /opt/stack/cinder/cinder/api/extensions.py:194}}
Jun 10 13:11:31.638848 np0000179606 devstack@c-api.service[112827]: DEBUG cinder.api.extensions [-] Calling extension factory cinder.api.contrib.volume_manage.Volume_manage {{(pid=112827) load_extension /opt/stack/cinder/cinder/api/extensions.py:200}}
Jun 10 13:11:31.638906 np0000179606 devstack@c-api.service[112827]: DEBUG cinder.api.extensions [-] Ext name: VolumeManage {{(pid=112827) _check_extension /opt/stack/cinder/cinder/api/extensions.py:174}}
Jun 10 13:11:31.638968 np0000179606 devstack@c-api.service[112827]: DEBUG cinder.api.extensions [-] Ext alias: os-volume-manage {{(pid=112827) _check_extension /opt/stack/cinder/cinder/api/extensions.py:175}}
Jun 10 13:11:31.639023 np0000179606 devstack@c-api.service[112827]: DEBUG cinder.api.extensions [-] Ext description: Allows existing backend storage to be 'managed' by Cinder. {{(pid=112827) _check_extension /opt/stack/cinder/cinder/api/extensions.py:176}}
Jun 10 13:11:31.639092 np0000179606 devstack@c-api.service[112827]: DEBUG cinder.api.extensions [-] Ext updated: 2014-02-10T00:00:00+00:00 {{(pid=112827) _check_extension /opt/stack/cinder/cinder/api/extensions.py:178}}
Jun 10 13:11:31.639141 np0000179606 devstack@c-api.service[112827]: DEBUG cinder.api.extensions [-] Loaded extension: os-volume-manage {{(pid=112827) register /opt/stack/cinder/cinder/api/extensions.py:135}}
Jun 10 13:11:31.639264 np0000179606 devstack@c-api.service[112827]: DEBUG cinder.api.extensions [-] Loading extension cinder.api.contrib.backups.Backups {{(pid=112827) load_extension /opt/stack/cinder/cinder/api/extensions.py:194}}
Jun 10 13:11:31.639331 np0000179606 devstack@c-api.service[112827]: DEBUG cinder.api.extensions [-] Calling extension factory cinder.api.contrib.backups.Backups {{(pid=112827) load_extension /opt/stack/cinder/cinder/api/extensions.py:200}}
Jun 10 13:11:31.639414 np0000179606 devstack@c-api.service[112827]: DEBUG cinder.api.extensions [-] Ext name: Backups {{(pid=112827) _check_extension /opt/stack/cinder/cinder/api/extensions.py:174}}
Jun 10 13:11:31.639463 np0000179606 devstack@c-api.service[112827]: DEBUG cinder.api.extensions [-] Ext alias: backups {{(pid=112827) _check_extension /opt/stack/cinder/cinder/api/extensions.py:175}}
Jun 10 13:11:31.639533 np0000179606 devstack@c-api.service[112827]: DEBUG cinder.api.extensions [-] Ext description: Backups support. {{(pid=112827) _check_extension /opt/stack/cinder/cinder/api/extensions.py:176}}
Jun 10 13:11:31.639582 np0000179606 devstack@c-api.service[112827]: DEBUG cinder.api.extensions [-] Ext updated: 2012-12-12T00:00:00+00:00 {{(pid=112827) _check_extension /opt/stack/cinder/cinder/api/extensions.py:178}}
Jun 10 13:11:31.639650 np0000179606 devstack@c-api.service[112827]: DEBUG cinder.api.extensions [-] Loaded extension: backups {{(pid=112827) register /opt/stack/cinder/cinder/api/extensions.py:135}}
Jun 10 13:11:31.639718 np0000179606 devstack@c-api.service[112827]: DEBUG cinder.api.extensions [-] Loading extension cinder.api.contrib.volume_encryption_metadata.Volume_encryption_metadata {{(pid=112827) load_extension /opt/stack/cinder/cinder/api/extensions.py:194}}
Jun 10 13:11:31.640024 np0000179606 devstack@c-api.service[112827]: DEBUG cinder.api.extensions [-] Calling extension factory cinder.api.contrib.volume_encryption_metadata.Volume_encryption_metadata {{(pid=112827) load_extension /opt/stack/cinder/cinder/api/extensions.py:200}}
Jun 10 13:11:31.640078 np0000179606 devstack@c-api.service[112827]: DEBUG cinder.api.extensions [-] Ext name: VolumeEncryptionMetadata {{(pid=112827) _check_extension /opt/stack/cinder/cinder/api/extensions.py:174}}
Jun 10 13:11:31.640126 np0000179606 devstack@c-api.service[112827]: DEBUG cinder.api.extensions [-] Ext alias: os-volume-encryption-metadata {{(pid=112827) _check_extension /opt/stack/cinder/cinder/api/extensions.py:175}}
Jun 10 13:11:31.640208 np0000179606 devstack@c-api.service[112827]: DEBUG cinder.api.extensions [-] Ext description: Volume encryption metadata retrieval support. {{(pid=112827) _check_extension /opt/stack/cinder/cinder/api/extensions.py:176}}
Jun 10 13:11:31.640255 np0000179606 devstack@c-api.service[112827]: DEBUG cinder.api.extensions [-] Ext updated: 2013-07-10T00:00:00+00:00 {{(pid=112827) _check_extension /opt/stack/cinder/cinder/api/extensions.py:178}}
Jun 10 13:11:31.640340 np0000179606 devstack@c-api.service[112827]: DEBUG cinder.api.extensions [-] Loaded extension: os-volume-encryption-metadata {{(pid=112827) register /opt/stack/cinder/cinder/api/extensions.py:135}}
Jun 10 13:11:31.640396 np0000179606 devstack@c-api.service[112827]: DEBUG cinder.api.extensions [-] Loading extension cinder.api.contrib.extended_snapshot_attributes.Extended_snapshot_attributes {{(pid=112827) load_extension /opt/stack/cinder/cinder/api/extensions.py:194}}
Jun 10 13:11:31.640759 np0000179606 devstack@c-api.service[112827]: DEBUG cinder.api.extensions [-] Calling extension factory cinder.api.contrib.extended_snapshot_attributes.Extended_snapshot_attributes {{(pid=112827) load_extension /opt/stack/cinder/cinder/api/extensions.py:200}}
Jun 10 13:11:31.640807 np0000179606 devstack@c-api.service[112827]: DEBUG cinder.api.extensions [-] Ext name: ExtendedSnapshotAttributes {{(pid=112827) _check_extension /opt/stack/cinder/cinder/api/extensions.py:174}}
Jun 10 13:11:31.640890 np0000179606 devstack@c-api.service[112827]: DEBUG cinder.api.extensions [-] Ext alias: os-extended-snapshot-attributes {{(pid=112827) _check_extension /opt/stack/cinder/cinder/api/extensions.py:175}}
Jun 10 13:11:31.640943 np0000179606 devstack@c-api.service[112827]: DEBUG cinder.api.extensions [-] Ext description: Extended SnapshotAttributes support. {{(pid=112827) _check_extension /opt/stack/cinder/cinder/api/extensions.py:176}}
Jun 10 13:11:31.641002 np0000179606 devstack@c-api.service[112827]: DEBUG cinder.api.extensions [-] Ext updated: 2012-06-19T00:00:00+00:00 {{(pid=112827) _check_extension /opt/stack/cinder/cinder/api/extensions.py:178}}
Jun 10 13:11:31.641071 np0000179606 devstack@c-api.service[112827]: DEBUG cinder.api.extensions [-] Loaded extension: os-extended-snapshot-attributes {{(pid=112827) register /opt/stack/cinder/cinder/api/extensions.py:135}}
Jun 10 13:11:31.641129 np0000179606 devstack@c-api.service[112827]: DEBUG cinder.api.extensions [-] Loading extension cinder.api.contrib.volume_mig_status_attribute.Volume_mig_status_attribute {{(pid=112827) load_extension /opt/stack/cinder/cinder/api/extensions.py:194}}
Jun 10 13:11:31.641449 np0000179606 devstack@c-api.service[112827]: DEBUG cinder.api.extensions [-] Calling extension factory cinder.api.contrib.volume_mig_status_attribute.Volume_mig_status_attribute {{(pid=112827) load_extension /opt/stack/cinder/cinder/api/extensions.py:200}}
Jun 10 13:11:31.641497 np0000179606 devstack@c-api.service[112827]: DEBUG cinder.api.extensions [-] Ext name: VolumeMigStatusAttribute {{(pid=112827) _check_extension /opt/stack/cinder/cinder/api/extensions.py:174}}
Jun 10 13:11:31.641563 np0000179606 devstack@c-api.service[112827]: DEBUG cinder.api.extensions [-] Ext alias: os-vol-mig-status-attr {{(pid=112827) _check_extension /opt/stack/cinder/cinder/api/extensions.py:175}}
Jun 10 13:11:31.641639 np0000179606 devstack@c-api.service[112827]: DEBUG cinder.api.extensions [-] Ext description: Expose migration_status as an attribute of a volume. {{(pid=112827) _check_extension /opt/stack/cinder/cinder/api/extensions.py:176}}
Jun 10 13:11:31.641694 np0000179606 devstack@c-api.service[112827]: DEBUG cinder.api.extensions [-] Ext updated: 2013-08-08T00:00:00+00:00 {{(pid=112827) _check_extension /opt/stack/cinder/cinder/api/extensions.py:178}}
Jun 10 13:11:31.641741 np0000179606 devstack@c-api.service[112827]: DEBUG cinder.api.extensions [-] Loaded extension: os-vol-mig-status-attr {{(pid=112827) register /opt/stack/cinder/cinder/api/extensions.py:135}}
Jun 10 13:11:31.641812 np0000179606 devstack@c-api.service[112827]: DEBUG cinder.api.extensions [-] Loading extension cinder.api.contrib.volume_transfer.Volume_transfer {{(pid=112827) load_extension /opt/stack/cinder/cinder/api/extensions.py:194}}
Jun 10 13:11:31.641882 np0000179606 devstack@c-api.service[112827]: DEBUG cinder.api.extensions [-] Calling extension factory cinder.api.contrib.volume_transfer.Volume_transfer {{(pid=112827) load_extension /opt/stack/cinder/cinder/api/extensions.py:200}}
Jun 10 13:11:31.641956 np0000179606 devstack@c-api.service[112827]: DEBUG cinder.api.extensions [-] Ext name: VolumeTransfer {{(pid=112827) _check_extension /opt/stack/cinder/cinder/api/extensions.py:174}}
Jun 10 13:11:31.642006 np0000179606 devstack@c-api.service[112827]: DEBUG cinder.api.extensions [-] Ext alias: os-volume-transfer {{(pid=112827) _check_extension /opt/stack/cinder/cinder/api/extensions.py:175}}
Jun 10 13:11:31.642079 np0000179606 devstack@c-api.service[112827]: DEBUG cinder.api.extensions [-] Ext description: Volume transfer management support. {{(pid=112827) _check_extension /opt/stack/cinder/cinder/api/extensions.py:176}}
Jun 10 13:11:31.642136 np0000179606 devstack@c-api.service[112827]: DEBUG cinder.api.extensions [-] Ext updated: 2013-05-29T00:00:00+00:00 {{(pid=112827) _check_extension /opt/stack/cinder/cinder/api/extensions.py:178}}
Jun 10 13:11:31.642195 np0000179606 devstack@c-api.service[112827]: DEBUG cinder.api.extensions [-] Loaded extension: os-volume-transfer {{(pid=112827) register /opt/stack/cinder/cinder/api/extensions.py:135}}
Jun 10 13:11:31.642281 np0000179606 devstack@c-api.service[112827]: DEBUG cinder.api.extensions [-] Loading extension cinder.api.contrib.scheduler_stats.Scheduler_stats {{(pid=112827) load_extension /opt/stack/cinder/cinder/api/extensions.py:194}}
Jun 10 13:11:31.642765 np0000179606 devstack@c-api.service[112827]: DEBUG cinder.api.extensions [-] Calling extension factory cinder.api.contrib.scheduler_stats.Scheduler_stats {{(pid=112827) load_extension /opt/stack/cinder/cinder/api/extensions.py:200}}
Jun 10 13:11:31.642827 np0000179606 devstack@c-api.service[112827]: DEBUG cinder.api.extensions [-] Ext name: Scheduler_stats {{(pid=112827) _check_extension /opt/stack/cinder/cinder/api/extensions.py:174}}
Jun 10 13:11:31.642871 np0000179606 devstack@c-api.service[112827]: DEBUG cinder.api.extensions [-] Ext alias: scheduler-stats {{(pid=112827) _check_extension /opt/stack/cinder/cinder/api/extensions.py:175}}
Jun 10 13:11:31.642938 np0000179606 devstack@c-api.service[112827]: DEBUG cinder.api.extensions [-] Ext description: Scheduler stats support. {{(pid=112827) _check_extension /opt/stack/cinder/cinder/api/extensions.py:176}}
Jun 10 13:11:31.642989 np0000179606 devstack@c-api.service[112827]: DEBUG cinder.api.extensions [-] Ext updated: 2014-09-07T00:00:00+00:00 {{(pid=112827) _check_extension /opt/stack/cinder/cinder/api/extensions.py:178}}
Jun 10 13:11:31.643053 np0000179606 devstack@c-api.service[112827]: DEBUG cinder.api.extensions [-] Loaded extension: scheduler-stats {{(pid=112827) register /opt/stack/cinder/cinder/api/extensions.py:135}}
Jun 10 13:11:31.643138 np0000179606 devstack@c-api.service[112827]: DEBUG cinder.api.extensions [-] Loading extension cinder.api.contrib.quotas.Quotas {{(pid=112827) load_extension /opt/stack/cinder/cinder/api/extensions.py:194}}
Jun 10 13:11:31.643674 np0000179606 devstack@c-api.service[112827]: DEBUG cinder.api.extensions [-] Calling extension factory cinder.api.contrib.quotas.Quotas {{(pid=112827) load_extension /opt/stack/cinder/cinder/api/extensions.py:200}}
Jun 10 13:11:31.643742 np0000179606 devstack@c-api.service[112827]: DEBUG cinder.api.extensions [-] Ext name: Quotas {{(pid=112827) _check_extension /opt/stack/cinder/cinder/api/extensions.py:174}}
Jun 10 13:11:31.643791 np0000179606 devstack@c-api.service[112827]: DEBUG cinder.api.extensions [-] Ext alias: os-quota-sets {{(pid=112827) _check_extension /opt/stack/cinder/cinder/api/extensions.py:175}}
Jun 10 13:11:31.643844 np0000179606 devstack@c-api.service[112827]: DEBUG cinder.api.extensions [-] Ext description: Quota management support. {{(pid=112827) _check_extension /opt/stack/cinder/cinder/api/extensions.py:176}}
Jun 10 13:11:31.643891 np0000179606 devstack@c-api.service[112827]: DEBUG cinder.api.extensions [-] Ext updated: 2011-08-08T00:00:00+00:00 {{(pid=112827) _check_extension /opt/stack/cinder/cinder/api/extensions.py:178}}
Jun 10 13:11:31.643950 np0000179606 devstack@c-api.service[112827]: DEBUG cinder.api.extensions [-] Loaded extension: os-quota-sets {{(pid=112827) register /opt/stack/cinder/cinder/api/extensions.py:135}}
Jun 10 13:11:31.644033 np0000179606 devstack@c-api.service[112827]: DEBUG cinder.api.extensions [-] Loading extension cinder.api.contrib.qos_specs_manage.Qos_specs_manage {{(pid=112827) load_extension /opt/stack/cinder/cinder/api/extensions.py:194}}
Jun 10 13:11:31.645086 np0000179606 devstack@c-api.service[112827]: DEBUG cinder.api.extensions [-] Calling extension factory cinder.api.contrib.qos_specs_manage.Qos_specs_manage {{(pid=112827) load_extension /opt/stack/cinder/cinder/api/extensions.py:200}}
Jun 10 13:11:31.645140 np0000179606 devstack@c-api.service[112827]: DEBUG cinder.api.extensions [-] Ext name: Qos_specs_manage {{(pid=112827) _check_extension /opt/stack/cinder/cinder/api/extensions.py:174}}
Jun 10 13:11:31.645211 np0000179606 devstack@c-api.service[112827]: DEBUG cinder.api.extensions [-] Ext alias: qos-specs {{(pid=112827) _check_extension /opt/stack/cinder/cinder/api/extensions.py:175}}
Jun 10 13:11:31.645257 np0000179606 devstack@c-api.service[112827]: DEBUG cinder.api.extensions [-] Ext description: QoS specs support. {{(pid=112827) _check_extension /opt/stack/cinder/cinder/api/extensions.py:176}}
Jun 10 13:11:31.645334 np0000179606 devstack@c-api.service[112827]: DEBUG cinder.api.extensions [-] Ext updated: 2013-08-02T00:00:00+00:00 {{(pid=112827) _check_extension /opt/stack/cinder/cinder/api/extensions.py:178}}
Jun 10 13:11:31.645478 np0000179606 devstack@c-api.service[112827]: DEBUG cinder.api.extensions [-] Loaded extension: qos-specs {{(pid=112827) register /opt/stack/cinder/cinder/api/extensions.py:135}}
Jun 10 13:11:31.696489 np0000179606 devstack@c-api.service[112827]: INFO dbcounter [None req-19f49442-95e9-46d7-b2e6-f0926c468d55 None None] Registered counter for database cinder
Jun 10 13:11:31.724697 np0000179606 devstack@c-api.service[112824]: DEBUG dbcounter [-] [112824] Writer thread running {{(pid=112824) stat_writer /opt/stack/data/venv/lib/python3.12/site-packages/dbcounter.py:102}}
Jun 10 13:11:31.727346 np0000179606 devstack@c-api.service[112824]: INFO cinder.rpc [None req-eed1f9c8-1560-4c57-8d13-dcf6749814d2 None None] Automatically selected cinder-scheduler objects version 1.39 as minimum service version.
Jun 10 13:11:31.729722 np0000179606 devstack@c-api.service[112824]: INFO cinder.rpc [None req-eed1f9c8-1560-4c57-8d13-dcf6749814d2 None None] Automatically selected cinder-scheduler RPC version 3.12 as minimum service version.
Jun 10 13:11:31.731932 np0000179606 devstack@c-api.service[112824]: INFO cinder.rpc [None req-eed1f9c8-1560-4c57-8d13-dcf6749814d2 None None] Automatically selected cinder-volume objects version 1.39 as minimum service version.
Jun 10 13:11:31.733960 np0000179606 devstack@c-api.service[112824]: INFO cinder.rpc [None req-eed1f9c8-1560-4c57-8d13-dcf6749814d2 None None] Automatically selected cinder-volume RPC version 3.20 as minimum service version.
Jun 10 13:11:31.734783 np0000179606 devstack@c-api.service[112824]: WARNING castellan.key_manager.migration [None req-eed1f9c8-1560-4c57-8d13-dcf6749814d2 None None] Using MigrationKeyManager to provide support for legacy fixed_key encryption
Jun 10 13:11:31.737994 np0000179606 devstack@c-api.service[112824]: WARNING castellan.key_manager.migration [None req-eed1f9c8-1560-4c57-8d13-dcf6749814d2 None None] Using MigrationKeyManager to provide support for legacy fixed_key encryption
Jun 10 13:11:31.738894 np0000179606 devstack@c-api.service[112825]: DEBUG dbcounter [-] [112825] Writer thread running {{(pid=112825) stat_writer /opt/stack/data/venv/lib/python3.12/site-packages/dbcounter.py:102}}
Jun 10 13:11:31.739463 np0000179606 devstack@c-api.service[112826]: DEBUG dbcounter [-] [112826] Writer thread running {{(pid=112826) stat_writer /opt/stack/data/venv/lib/python3.12/site-packages/dbcounter.py:102}}
Jun 10 13:11:31.741754 np0000179606 devstack@c-api.service[112825]: INFO cinder.rpc [None req-dc89ca43-df10-4869-8034-3801e1fdcdce None None] Automatically selected cinder-scheduler objects version 1.39 as minimum service version.
Jun 10 13:11:31.742041 np0000179606 devstack@c-api.service[112826]: INFO cinder.rpc [None req-31aefb41-4c62-4be8-9408-c66ade2c001e None None] Automatically selected cinder-scheduler objects version 1.39 as minimum service version.
Jun 10 13:11:31.744199 np0000179606 devstack@c-api.service[112825]: INFO cinder.rpc [None req-dc89ca43-df10-4869-8034-3801e1fdcdce None None] Automatically selected cinder-scheduler RPC version 3.12 as minimum service version.
Jun 10 13:11:31.744493 np0000179606 devstack@c-api.service[112826]: INFO cinder.rpc [None req-31aefb41-4c62-4be8-9408-c66ade2c001e None None] Automatically selected cinder-scheduler RPC version 3.12 as minimum service version.
Jun 10 13:11:31.746019 np0000179606 devstack@c-api.service[112827]: DEBUG oslo_db.sqlalchemy.engines [None req-19f49442-95e9-46d7-b2e6-f0926c468d55 None None] MySQL server mode set to STRICT_TRANS_TABLES,STRICT_ALL_TABLES,NO_ZERO_IN_DATE,NO_ZERO_DATE,ERROR_FOR_DIVISION_BY_ZERO,TRADITIONAL,NO_ENGINE_SUBSTITUTION {{(pid=112827) _check_effective_sql_mode /opt/stack/data/venv/lib/python3.12/site-packages/oslo_db/sqlalchemy/engines.py:325}}
Jun 10 13:11:31.746449 np0000179606 devstack@c-api.service[112825]: INFO cinder.rpc [None req-dc89ca43-df10-4869-8034-3801e1fdcdce None None] Automatically selected cinder-volume objects version 1.39 as minimum service version.
Jun 10 13:11:31.746669 np0000179606 devstack@c-api.service[112826]: INFO cinder.rpc [None req-31aefb41-4c62-4be8-9408-c66ade2c001e None None] Automatically selected cinder-volume objects version 1.39 as minimum service version.
Jun 10 13:11:31.748480 np0000179606 devstack@c-api.service[112825]: INFO cinder.rpc [None req-dc89ca43-df10-4869-8034-3801e1fdcdce None None] Automatically selected cinder-volume RPC version 3.20 as minimum service version.
Jun 10 13:11:31.748673 np0000179606 devstack@c-api.service[112826]: INFO cinder.rpc [None req-31aefb41-4c62-4be8-9408-c66ade2c001e None None] Automatically selected cinder-volume RPC version 3.20 as minimum service version.
Jun 10 13:11:31.749341 np0000179606 devstack@c-api.service[112825]: WARNING castellan.key_manager.migration [None req-dc89ca43-df10-4869-8034-3801e1fdcdce None None] Using MigrationKeyManager to provide support for legacy fixed_key encryption
Jun 10 13:11:31.749634 np0000179606 devstack@c-api.service[112826]: WARNING castellan.key_manager.migration [None req-31aefb41-4c62-4be8-9408-c66ade2c001e None None] Using MigrationKeyManager to provide support for legacy fixed_key encryption
Jun 10 13:11:31.752396 np0000179606 devstack@c-api.service[112825]: WARNING castellan.key_manager.migration [None req-dc89ca43-df10-4869-8034-3801e1fdcdce None None] Using MigrationKeyManager to provide support for legacy fixed_key encryption
Jun 10 13:11:31.753515 np0000179606 devstack@c-api.service[112826]: WARNING castellan.key_manager.migration [None req-31aefb41-4c62-4be8-9408-c66ade2c001e None None] Using MigrationKeyManager to provide support for legacy fixed_key encryption
Jun 10 13:11:31.775286 np0000179606 devstack@c-api.service[112824]: DEBUG oslo_db.sqlalchemy.engines [None req-eed1f9c8-1560-4c57-8d13-dcf6749814d2 None None] MySQL server mode set to STRICT_TRANS_TABLES,STRICT_ALL_TABLES,NO_ZERO_IN_DATE,NO_ZERO_DATE,ERROR_FOR_DIVISION_BY_ZERO,TRADITIONAL,NO_ENGINE_SUBSTITUTION {{(pid=112824) _check_effective_sql_mode /opt/stack/data/venv/lib/python3.12/site-packages/oslo_db/sqlalchemy/engines.py:325}}
Jun 10 13:11:31.777547 np0000179606 devstack@c-api.service[112824]: INFO cinder.rpc [None req-eed1f9c8-1560-4c57-8d13-dcf6749814d2 None None] Automatically selected cinder-backup objects version 1.39 as minimum service version.
Jun 10 13:11:31.779408 np0000179606 devstack@c-api.service[112824]: INFO cinder.rpc [None req-eed1f9c8-1560-4c57-8d13-dcf6749814d2 None None] Automatically selected cinder-backup RPC version 2.4 as minimum service version.
Jun 10 13:11:31.780242 np0000179606 devstack@c-api.service[112824]: WARNING castellan.key_manager.migration [None req-eed1f9c8-1560-4c57-8d13-dcf6749814d2 None None] Using MigrationKeyManager to provide support for legacy fixed_key encryption
Jun 10 13:11:31.791351 np0000179606 devstack@c-api.service[112824]: WARNING castellan.key_manager.migration [None req-eed1f9c8-1560-4c57-8d13-dcf6749814d2 None None] Using MigrationKeyManager to provide support for legacy fixed_key encryption
Jun 10 13:11:31.791451 np0000179606 devstack@c-api.service[112825]: DEBUG oslo_db.sqlalchemy.engines [None req-dc89ca43-df10-4869-8034-3801e1fdcdce None None] MySQL server mode set to STRICT_TRANS_TABLES,STRICT_ALL_TABLES,NO_ZERO_IN_DATE,NO_ZERO_DATE,ERROR_FOR_DIVISION_BY_ZERO,TRADITIONAL,NO_ENGINE_SUBSTITUTION {{(pid=112825) _check_effective_sql_mode /opt/stack/data/venv/lib/python3.12/site-packages/oslo_db/sqlalchemy/engines.py:325}}
Jun 10 13:11:31.791742 np0000179606 devstack@c-api.service[112826]: DEBUG oslo_db.sqlalchemy.engines [None req-31aefb41-4c62-4be8-9408-c66ade2c001e None None] MySQL server mode set to STRICT_TRANS_TABLES,STRICT_ALL_TABLES,NO_ZERO_IN_DATE,NO_ZERO_DATE,ERROR_FOR_DIVISION_BY_ZERO,TRADITIONAL,NO_ENGINE_SUBSTITUTION {{(pid=112826) _check_effective_sql_mode /opt/stack/data/venv/lib/python3.12/site-packages/oslo_db/sqlalchemy/engines.py:325}}
Jun 10 13:11:31.794621 np0000179606 devstack@c-api.service[112826]: INFO cinder.rpc [None req-31aefb41-4c62-4be8-9408-c66ade2c001e None None] Automatically selected cinder-backup objects version 1.39 as minimum service version.
Jun 10 13:11:31.794832 np0000179606 devstack@c-api.service[112824]: WARNING castellan.key_manager.migration [None req-eed1f9c8-1560-4c57-8d13-dcf6749814d2 None None] Using MigrationKeyManager to provide support for legacy fixed_key encryption
Jun 10 13:11:31.796566 np0000179606 devstack@c-api.service[112825]: INFO cinder.rpc [None req-dc89ca43-df10-4869-8034-3801e1fdcdce None None] Automatically selected cinder-backup objects version 1.39 as minimum service version.
Jun 10 13:11:31.797312 np0000179606 devstack@c-api.service[112826]: INFO cinder.rpc [None req-31aefb41-4c62-4be8-9408-c66ade2c001e None None] Automatically selected cinder-backup RPC version 2.4 as minimum service version.
Jun 10 13:11:31.797972 np0000179606 devstack@c-api.service[112824]: WARNING castellan.key_manager.migration [None req-eed1f9c8-1560-4c57-8d13-dcf6749814d2 None None] Using MigrationKeyManager to provide support for legacy fixed_key encryption
Jun 10 13:11:31.798551 np0000179606 devstack@c-api.service[112826]: WARNING castellan.key_manager.migration [None req-31aefb41-4c62-4be8-9408-c66ade2c001e None None] Using MigrationKeyManager to provide support for legacy fixed_key encryption
Jun 10 13:11:31.799380 np0000179606 devstack@c-api.service[112825]: INFO cinder.rpc [None req-dc89ca43-df10-4869-8034-3801e1fdcdce None None] Automatically selected cinder-backup RPC version 2.4 as minimum service version.
Jun 10 13:11:31.800809 np0000179606 devstack@c-api.service[112825]: WARNING castellan.key_manager.migration [None req-dc89ca43-df10-4869-8034-3801e1fdcdce None None] Using MigrationKeyManager to provide support for legacy fixed_key encryption
Jun 10 13:11:31.802024 np0000179606 devstack@c-api.service[112824]: WARNING castellan.key_manager.migration [None req-eed1f9c8-1560-4c57-8d13-dcf6749814d2 None None] Using MigrationKeyManager to provide support for legacy fixed_key encryption
Jun 10 13:11:31.805003 np0000179606 devstack@c-api.service[112824]: WARNING castellan.key_manager.migration [None req-eed1f9c8-1560-4c57-8d13-dcf6749814d2 None None] Using MigrationKeyManager to provide support for legacy fixed_key encryption
Jun 10 13:11:31.808258 np0000179606 devstack@c-api.service[112824]: WARNING castellan.key_manager.migration [None req-eed1f9c8-1560-4c57-8d13-dcf6749814d2 None None] Using MigrationKeyManager to provide support for legacy fixed_key encryption
Jun 10 13:11:31.811461 np0000179606 devstack@c-api.service[112824]: WARNING castellan.key_manager.migration [None req-eed1f9c8-1560-4c57-8d13-dcf6749814d2 None None] Using MigrationKeyManager to provide support for legacy fixed_key encryption
Jun 10 13:11:31.813088 np0000179606 devstack@c-api.service[112826]: WARNING castellan.key_manager.migration [None req-31aefb41-4c62-4be8-9408-c66ade2c001e None None] Using MigrationKeyManager to provide support for legacy fixed_key encryption
Jun 10 13:11:31.814202 np0000179606 devstack@c-api.service[112824]: WARNING castellan.key_manager.migration [None req-eed1f9c8-1560-4c57-8d13-dcf6749814d2 None None] Using MigrationKeyManager to provide support for legacy fixed_key encryption
Jun 10 13:11:31.815197 np0000179606 devstack@c-api.service[112825]: WARNING castellan.key_manager.migration [None req-dc89ca43-df10-4869-8034-3801e1fdcdce None None] Using MigrationKeyManager to provide support for legacy fixed_key encryption
Jun 10 13:11:31.816351 np0000179606 devstack@c-api.service[112826]: WARNING castellan.key_manager.migration [None req-31aefb41-4c62-4be8-9408-c66ade2c001e None None] Using MigrationKeyManager to provide support for legacy fixed_key encryption
Jun 10 13:11:31.817069 np0000179606 devstack@c-api.service[112824]: WARNING castellan.key_manager.migration [None req-eed1f9c8-1560-4c57-8d13-dcf6749814d2 None None] Using MigrationKeyManager to provide support for legacy fixed_key encryption
Jun 10 13:11:31.818448 np0000179606 devstack@c-api.service[112825]: WARNING castellan.key_manager.migration [None req-dc89ca43-df10-4869-8034-3801e1fdcdce None None] Using MigrationKeyManager to provide support for legacy fixed_key encryption
Jun 10 13:11:31.818558 np0000179606 devstack@c-api.service[112824]: WARNING castellan.key_manager.migration [None req-eed1f9c8-1560-4c57-8d13-dcf6749814d2 None None] Using MigrationKeyManager to provide support for legacy fixed_key encryption
Jun 10 13:11:31.819527 np0000179606 devstack@c-api.service[112826]: WARNING castellan.key_manager.migration [None req-31aefb41-4c62-4be8-9408-c66ade2c001e None None] Using MigrationKeyManager to provide support for legacy fixed_key encryption
Jun 10 13:11:31.821206 np0000179606 devstack@c-api.service[112824]: WARNING castellan.key_manager.migration [None req-eed1f9c8-1560-4c57-8d13-dcf6749814d2 None None] Using MigrationKeyManager to provide support for legacy fixed_key encryption
Jun 10 13:11:31.821687 np0000179606 devstack@c-api.service[112825]: WARNING castellan.key_manager.migration [None req-dc89ca43-df10-4869-8034-3801e1fdcdce None None] Using MigrationKeyManager to provide support for legacy fixed_key encryption
Jun 10 13:11:31.824919 np0000179606 devstack@c-api.service[112826]: WARNING castellan.key_manager.migration [None req-31aefb41-4c62-4be8-9408-c66ade2c001e None None] Using MigrationKeyManager to provide support for legacy fixed_key encryption
Jun 10 13:11:31.826183 np0000179606 devstack@c-api.service[112825]: WARNING castellan.key_manager.migration [None req-dc89ca43-df10-4869-8034-3801e1fdcdce None None] Using MigrationKeyManager to provide support for legacy fixed_key encryption
Jun 10 13:11:31.826695 np0000179606 devstack@c-api.service[112824]: WARNING castellan.key_manager.migration [None req-eed1f9c8-1560-4c57-8d13-dcf6749814d2 None None] Using MigrationKeyManager to provide support for legacy fixed_key encryption
Jun 10 13:11:31.828435 np0000179606 devstack@c-api.service[112826]: WARNING castellan.key_manager.migration [None req-31aefb41-4c62-4be8-9408-c66ade2c001e None None] Using MigrationKeyManager to provide support for legacy fixed_key encryption
Jun 10 13:11:31.829491 np0000179606 devstack@c-api.service[112825]: WARNING castellan.key_manager.migration [None req-dc89ca43-df10-4869-8034-3801e1fdcdce None None] Using MigrationKeyManager to provide support for legacy fixed_key encryption
Jun 10 13:11:31.830008 np0000179606 devstack@c-api.service[112824]: WARNING castellan.key_manager.migration [None req-eed1f9c8-1560-4c57-8d13-dcf6749814d2 None None] Using MigrationKeyManager to provide support for legacy fixed_key encryption
Jun 10 13:11:31.831451 np0000179606 devstack@c-api.service[112826]: WARNING castellan.key_manager.migration [None req-31aefb41-4c62-4be8-9408-c66ade2c001e None None] Using MigrationKeyManager to provide support for legacy fixed_key encryption
Jun 10 13:11:31.831873 np0000179606 devstack@c-api.service[112824]: WARNING cinder.api.contrib.hosts [None req-eed1f9c8-1560-4c57-8d13-dcf6749814d2 None None] Deprecated: The Host API is deprecated and will be be removed in a future version.
Jun 10 13:11:31.832426 np0000179606 devstack@c-api.service[112825]: WARNING castellan.key_manager.migration [None req-dc89ca43-df10-4869-8034-3801e1fdcdce None None] Using MigrationKeyManager to provide support for legacy fixed_key encryption
Jun 10 13:11:31.832566 np0000179606 devstack@c-api.service[112824]: WARNING castellan.key_manager.migration [None req-eed1f9c8-1560-4c57-8d13-dcf6749814d2 None None] Using MigrationKeyManager to provide support for legacy fixed_key encryption
Jun 10 13:11:31.833988 np0000179606 devstack@c-api.service[112824]: WARNING castellan.key_manager.migration [None req-eed1f9c8-1560-4c57-8d13-dcf6749814d2 None None] Using MigrationKeyManager to provide support for legacy fixed_key encryption
Jun 10 13:11:31.834631 np0000179606 devstack@c-api.service[112826]: WARNING castellan.key_manager.migration [None req-31aefb41-4c62-4be8-9408-c66ade2c001e None None] Using MigrationKeyManager to provide support for legacy fixed_key encryption
Jun 10 13:11:31.835479 np0000179606 devstack@c-api.service[112824]: WARNING castellan.key_manager.migration [None req-eed1f9c8-1560-4c57-8d13-dcf6749814d2 None None] Using MigrationKeyManager to provide support for legacy fixed_key encryption
Jun 10 13:11:31.835666 np0000179606 devstack@c-api.service[112825]: WARNING castellan.key_manager.migration [None req-dc89ca43-df10-4869-8034-3801e1fdcdce None None] Using MigrationKeyManager to provide support for legacy fixed_key encryption
Jun 10 13:11:31.836926 np0000179606 devstack@c-api.service[112824]: WARNING castellan.key_manager.migration [None req-eed1f9c8-1560-4c57-8d13-dcf6749814d2 None None] Using MigrationKeyManager to provide support for legacy fixed_key encryption
Jun 10 13:11:31.837501 np0000179606 devstack@c-api.service[112826]: WARNING castellan.key_manager.migration [None req-31aefb41-4c62-4be8-9408-c66ade2c001e None None] Using MigrationKeyManager to provide support for legacy fixed_key encryption
Jun 10 13:11:31.838307 np0000179606 devstack@c-api.service[112824]: WARNING castellan.key_manager.migration [None req-eed1f9c8-1560-4c57-8d13-dcf6749814d2 None None] Using MigrationKeyManager to provide support for legacy fixed_key encryption
Jun 10 13:11:31.838528 np0000179606 devstack@c-api.service[112825]: WARNING castellan.key_manager.migration [None req-dc89ca43-df10-4869-8034-3801e1fdcdce None None] Using MigrationKeyManager to provide support for legacy fixed_key encryption
Jun 10 13:11:31.839699 np0000179606 devstack@c-api.service[112824]: WARNING castellan.key_manager.migration [None req-eed1f9c8-1560-4c57-8d13-dcf6749814d2 None None] Using MigrationKeyManager to provide support for legacy fixed_key encryption
Jun 10 13:11:31.840559 np0000179606 devstack@c-api.service[112826]: WARNING castellan.key_manager.migration [None req-31aefb41-4c62-4be8-9408-c66ade2c001e None None] Using MigrationKeyManager to provide support for legacy fixed_key encryption
Jun 10 13:11:31.841111 np0000179606 devstack@c-api.service[112824]: WARNING castellan.key_manager.migration [None req-eed1f9c8-1560-4c57-8d13-dcf6749814d2 None None] Using MigrationKeyManager to provide support for legacy fixed_key encryption
Jun 10 13:11:31.841601 np0000179606 devstack@c-api.service[112825]: WARNING castellan.key_manager.migration [None req-dc89ca43-df10-4869-8034-3801e1fdcdce None None] Using MigrationKeyManager to provide support for legacy fixed_key encryption
Jun 10 13:11:31.842369 np0000179606 devstack@c-api.service[112826]: WARNING castellan.key_manager.migration [None req-31aefb41-4c62-4be8-9408-c66ade2c001e None None] Using MigrationKeyManager to provide support for legacy fixed_key encryption
Jun 10 13:11:31.842434 np0000179606 devstack@c-api.service[112824]: WARNING castellan.key_manager.migration [None req-eed1f9c8-1560-4c57-8d13-dcf6749814d2 None None] Using MigrationKeyManager to provide support for legacy fixed_key encryption
Jun 10 13:11:31.843462 np0000179606 devstack@c-api.service[112824]: DEBUG cinder.api.v3.router [None req-eed1f9c8-1560-4c57-8d13-dcf6749814d2 None None] Extended resource: extensions {{(pid=112824) _setup_ext_routes /opt/stack/cinder/cinder/api/v3/router.py:122}}
Jun 10 13:11:31.843540 np0000179606 devstack@c-api.service[112825]: WARNING castellan.key_manager.migration [None req-dc89ca43-df10-4869-8034-3801e1fdcdce None None] Using MigrationKeyManager to provide support for legacy fixed_key encryption
Jun 10 13:11:31.845350 np0000179606 devstack@c-api.service[112824]: DEBUG cinder.api.v3.router [None req-eed1f9c8-1560-4c57-8d13-dcf6749814d2 None None] Extended resource: encryption {{(pid=112824) _setup_ext_routes /opt/stack/cinder/cinder/api/v3/router.py:122}}
Jun 10 13:11:31.845543 np0000179606 devstack@c-api.service[112826]: WARNING castellan.key_manager.migration [None req-31aefb41-4c62-4be8-9408-c66ade2c001e None None] Using MigrationKeyManager to provide support for legacy fixed_key encryption
Jun 10 13:11:31.846162 np0000179606 devstack@c-api.service[112825]: WARNING castellan.key_manager.migration [None req-dc89ca43-df10-4869-8034-3801e1fdcdce None None] Using MigrationKeyManager to provide support for legacy fixed_key encryption
Jun 10 13:11:31.846874 np0000179606 devstack@c-api.service[112824]: DEBUG cinder.api.v3.router [None req-eed1f9c8-1560-4c57-8d13-dcf6749814d2 None None] Extended resource: capabilities {{(pid=112824) _setup_ext_routes /opt/stack/cinder/cinder/api/v3/router.py:122}}
Jun 10 13:11:31.848171 np0000179606 devstack@c-api.service[112824]: DEBUG cinder.api.v3.router [None req-eed1f9c8-1560-4c57-8d13-dcf6749814d2 None None] Extended resource: os-quota-class-sets {{(pid=112824) _setup_ext_routes /opt/stack/cinder/cinder/api/v3/router.py:122}}
Jun 10 13:11:31.849667 np0000179606 devstack@c-api.service[112824]: DEBUG cinder.api.v3.router [None req-eed1f9c8-1560-4c57-8d13-dcf6749814d2 None None] Extended resource: os-volume-type-access {{(pid=112824) _setup_ext_routes /opt/stack/cinder/cinder/api/v3/router.py:122}}
Jun 10 13:11:31.851306 np0000179606 devstack@c-api.service[112824]: DEBUG cinder.api.v3.router [None req-eed1f9c8-1560-4c57-8d13-dcf6749814d2 None None] Extended resource: extra_specs {{(pid=112824) _setup_ext_routes /opt/stack/cinder/cinder/api/v3/router.py:122}}
Jun 10 13:11:31.851567 np0000179606 devstack@c-api.service[112826]: WARNING castellan.key_manager.migration [None req-31aefb41-4c62-4be8-9408-c66ade2c001e None None] Using MigrationKeyManager to provide support for legacy fixed_key encryption
Jun 10 13:11:31.851717 np0000179606 devstack@c-api.service[112825]: WARNING castellan.key_manager.migration [None req-dc89ca43-df10-4869-8034-3801e1fdcdce None None] Using MigrationKeyManager to provide support for legacy fixed_key encryption
