2026-08-11 09:26:17.891 7 INFO neutron.db.ovn_revision_numbers_db [None req-857c67ed-8bd6-4d6e-b778-917b12b75205 3a130575cfc046c2a36106b19750e8f7 aabc1af9ab534d799dded2c110bd5d93 - - default default] Successfully bumped revision number for resource e1a61c66-16dc-46a4-91aa-18dbcb1f4a8c (type: ports) to 1 [pid: 8|app: 0|req: 1360/2550] 10.0.0.128 () {34 vars in 685 bytes} [Tue Aug 11 09:26:17 2026] POST /v2.0/vpn/vpnservices => generated 423 bytes in 422 msecs (HTTP/1.1 201) 4 headers in 162 bytes (1 switches on core 0) [pid: 7|app: 0|req: 1191/2551] 10.0.0.128 () {34 vars in 670 bytes} [Tue Aug 11 09:26:17 2026] POST /v2.0/networks => generated 650 bytes in 476 msecs (HTTP/1.1 201) 4 headers in 162 bytes (1 switches on core 0) [pid: 7|app: 0|req: 1192/2552] 10.0.0.128 () {34 vars in 684 bytes} [Tue Aug 11 09:26:17 2026] POST /v2.0/vpn/ikepolicies => generated 402 bytes in 44 msecs (HTTP/1.1 201) 4 headers in 162 bytes (1 switches on core 0) [pid: 8|app: 0|req: 1361/2553] 199.19.213.20 () {34 vars in 1063 bytes} [Tue Aug 11 09:26:17 2026] GET /v2.0/subnets?id=ee280529-4aea-42a0-8434-5b21fe0bae59&id=10b282fd-1def-408f-84a6-d6b9329bb26a => generated 1410 bytes in 63 msecs (HTTP/1.1 200) 4 headers in 158 bytes (1 switches on core 0) [pid: 8|app: 0|req: 1362/2554] 10.0.0.128 () {34 vars in 688 bytes} [Tue Aug 11 09:26:17 2026] POST /v2.0/vpn/ipsecpolicies => generated 412 bytes in 70 msecs (HTTP/1.1 201) 4 headers in 162 bytes (1 switches on core 0) [pid: 8|app: 0|req: 1363/2555] 199.19.213.20 () {34 vars in 1051 bytes} [Tue Aug 11 09:26:18 2026] GET /v2.0/ports?network_id=45fb8e11-728f-42ea-b70d-39491d8ba96a&device_owner=network%3Adhcp => generated 12 bytes in 34 msecs (HTTP/1.1 200) 4 headers in 156 bytes (1 switches on core 0) [pid: 8|app: 0|req: 1364/2556] 10.0.0.128 () {34 vars in 693 bytes} [Tue Aug 11 09:26:18 2026] POST /v2.0/vpn/endpoint-groups => generated 329 bytes in 47 msecs (HTTP/1.1 201) 4 headers in 162 bytes (1 switches on core 0)
2026-08-11 09:26:18.128 7 WARNING neutron.scheduler.dhcp_agent_scheduler [None req-e8641f43-b085-452d-b4ff-c7457a79d463 3a130575cfc046c2a36106b19750e8f7 aabc1af9ab534d799dded2c110bd5d93 - - default default] No more DHCP agents
2026-08-11 09:26:18.129 7 WARNING neutron.api.rpc.agentnotifiers.dhcp_rpc_agent_api [None req-e8641f43-b085-452d-b4ff-c7457a79d463 3a130575cfc046c2a36106b19750e8f7 aabc1af9ab534d799dded2c110bd5d93 - - default default] Unable to schedule network 469095d5-409c-40f2-99e2-0178e443fafd: no agents available; will retry on subsequent port and subnet creation events. [pid: 8|app: 0|req: 1365/2557] 199.19.213.20 () {34 vars in 1051 bytes} [Tue Aug 11 09:26:18 2026] GET /v2.0/ports?network_id=45fb8e11-728f-42ea-b70d-39491d8ba96a&device_owner=network%3Adhcp => generated 12 bytes in 23 msecs (HTTP/1.1 200) 4 headers in 156 bytes (1 switches on core 0) [pid: 8|app: 0|req: 1366/2558] 10.0.0.128 () {34 vars in 693 bytes} [Tue Aug 11 09:26:18 2026] POST /v2.0/vpn/endpoint-groups => generated 319 bytes in 38 msecs (HTTP/1.1 201) 4 headers in 162 bytes (1 switches on core 0) [pid: 8|app: 0|req: 1367/2559] 199.19.213.20 () {34 vars in 1011 bytes} [Tue Aug 11 09:26:18 2026] GET /v2.0/networks/45fb8e11-728f-42ea-b70d-39491d8ba96a?fields=segments => generated 14 bytes in 46 msecs (HTTP/1.1 200) 4 headers in 156 bytes (1 switches on core 0)
2026-08-11 09:26:18.562 7 INFO neutron.db.ovn_revision_numbers_db [None req-1a12d302-9b00-46aa-b171-8f7b551d93fa - - - - - -] Successfully bumped revision number for resource e1a61c66-16dc-46a4-91aa-18dbcb1f4a8c (type: ports) to 2
2026-08-11 09:26:18.594 7 INFO neutron.db.ovn_revision_numbers_db [None req-1a12d302-9b00-46aa-b171-8f7b551d93fa - - - - - -] Successfully bumped revision number for resource 4ccf3259-66aa-4381-aa77-64d7d93b2578 (type: subnets) to 0 [pid: 7|app: 0|req: 1193/2560] 10.0.0.128 () {34 vars in 669 bytes} [Tue Aug 11 09:26:17 2026] POST /v2.0/subnets => generated 629 bytes in 657 msecs (HTTP/1.1 201) 4 headers in 162 bytes (1 switches on core 0) [pid: 7|app: 0|req: 1194/2561] 199.19.213.20 () {34 vars in 1111 bytes} [Tue Aug 11 09:26:18 2026] GET /v2.0/networks/45fb8e11-728f-42ea-b70d-39491d8ba96a?fields=provider%3Aphysical_network&fields=provider%3Anetwork_type => generated 79 bytes in 47 msecs (HTTP/1.1 200) 4 headers in 156 bytes (1 switches on core 0)
2026-08-11 09:26:18.752 7 INFO neutron.db.segments_db [None req-dd810f5a-bf67-41e0-a51a-05d6b9033552 3a130575cfc046c2a36106b19750e8f7 aabc1af9ab534d799dded2c110bd5d93 - - default default] Added segment 66e06a87-3dfa-4cb1-8e6b-4ce340142470 of type geneve for network 8311efc4-a942-4a17-a1d7-6961c1bb0121
2026-08-11 09:26:18.882 7 INFO neutron.db.ovn_revision_numbers_db [None req-dd810f5a-bf67-41e0-a51a-05d6b9033552 3a130575cfc046c2a36106b19750e8f7 aabc1af9ab534d799dded2c110bd5d93 - - default default] Successfully bumped revision number for resource 8311efc4-a942-4a17-a1d7-6961c1bb0121 (type: networks) to 1
2026-08-11 09:26:18.967 8 INFO neutron.db.ovn_revision_numbers_db [None req-a5ed51a5-cae7-4bc6-a262-c55331c7b50c 6db7fa7ccc6746ad90933a6f19e58825 bafc1cdae41443929f764b72d4ab7628 - - default default] Successfully bumped revision number for resource 70a1d898-aaee-4c78-809b-99c97fda7efd (type: routers) to 5 [pid: 8|app: 0|req: 1368/2562] 10.0.0.128 () {34 vars in 707 bytes} [Tue Aug 11 09:26:18 2026] POST /v2.0/vpn/ipsec-site-connections => generated 803 bytes in 769 msecs (HTTP/1.1 201) 4 headers in 162 bytes (1 switches on core 0)
2026-08-11 09:26:19.042 7 WARNING neutron.scheduler.dhcp_agent_scheduler [None req-dd810f5a-bf67-41e0-a51a-05d6b9033552 3a130575cfc046c2a36106b19750e8f7 aabc1af9ab534d799dded2c110bd5d93 - - default default] No more DHCP agents
2026-08-11 09:26:19.044 7 WARNING neutron.api.rpc.agentnotifiers.dhcp_rpc_agent_api [None req-dd810f5a-bf67-41e0-a51a-05d6b9033552 3a130575cfc046c2a36106b19750e8f7 aabc1af9ab534d799dded2c110bd5d93 - - default default] Unable to schedule network 8311efc4-a942-4a17-a1d7-6961c1bb0121: no agents available; will retry on subsequent port and subnet creation events. [pid: 8|app: 0|req: 1369/2563] 10.0.0.156 () {34 vars in 990 bytes} [Tue Aug 11 09:26:18 2026] GET /v2.0/ports?device_id=7c6b0b90-8a9e-41f6-9131-ec7a37cadfc3 => generated 1194 bytes in 90 msecs (HTTP/1.1 200) 4 headers in 158 bytes (1 switches on core 0) [pid: 8|app: 0|req: 1370/2564] 10.0.0.128 () {34 vars in 693 bytes} [Tue Aug 11 09:26:19 2026] POST /v2.0/vpn/endpoint-groups => generated 290 bytes in 48 msecs (HTTP/1.1 201) 4 headers in 162 bytes (1 switches on core 0)
2026-08-11 09:26:19.147 7 INFO neutron.db.ovn_revision_numbers_db [None req-dd810f5a-bf67-41e0-a51a-05d6b9033552 3a130575cfc046c2a36106b19750e8f7 aabc1af9ab534d799dded2c110bd5d93 - - default default] Successfully bumped revision number for resource 64bdd27d-e2d5-4e04-b3fc-87eaefe94ac4 (type: ports) to 1 [pid: 7|app: 0|req: 1195/2565] 10.0.0.128 () {34 vars in 670 bytes} [Tue Aug 11 09:26:18 2026] POST /v2.0/networks => generated 650 bytes in 506 msecs (HTTP/1.1 201) 4 headers in 162 bytes (1 switches on core 0) [pid: 8|app: 0|req: 1371/2566] 10.0.0.156 () {34 vars in 1040 bytes} [Tue Aug 11 09:26:19 2026] GET /v2.0/security-groups?id=99dba74f-6e5a-486d-acf9-fa76dec5c063&fields=id&fields=name => generated 112 bytes in 37 msecs (HTTP/1.1 200) 4 headers in 157 bytes (1 switches on core 0) [pid: 7|app: 0|req: 1196/2567] 10.0.0.128 () {32 vars in 748 bytes} [Tue Aug 11 09:26:19 2026] DELETE /v2.0/vpn/endpoint-groups/d78ac921-f63d-48c3-9819-92f6d09eb817 => generated 0 bytes in 36 msecs (HTTP/1.1 204) 2 headers in 112 bytes (1 switches on core 0) [pid: 7|app: 0|req: 1197/2568] 10.0.0.128 () {32 vars in 671 bytes} [Tue Aug 11 09:26:19 2026] GET /v2.0/vpn/endpoint-groups => generated 633 bytes in 13 msecs (HTTP/1.1 200) 4 headers in 157 bytes (1 switches on core 0) [pid: 7|app: 0|req: 1198/2569] 10.0.0.128 () {32 vars in 671 bytes} [Tue Aug 11 09:26:19 2026] GET /v2.0/vpn/endpoint-groups => generated 633 bytes in 14 msecs (HTTP/1.1 200) 4 headers in 157 bytes (1 switches on core 0)
2026-08-11 09:26:19.343 8 WARNING neutron.scheduler.dhcp_agent_scheduler [None req-939c59c3-ad0e-4b89-beb8-30708f0fc428 3a130575cfc046c2a36106b19750e8f7 aabc1af9ab534d799dded2c110bd5d93 - - default default] No more DHCP agents
2026-08-11 09:26:19.344 8 WARNING neutron.api.rpc.agentnotifiers.dhcp_rpc_agent_api [None req-939c59c3-ad0e-4b89-beb8-30708f0fc428 3a130575cfc046c2a36106b19750e8f7 aabc1af9ab534d799dded2c110bd5d93 - - default default] Unable to schedule network 8311efc4-a942-4a17-a1d7-6961c1bb0121: no agents available; will retry on subsequent port and subnet creation events. [pid: 7|app: 0|req: 1199/2570] 10.0.0.128 () {34 vars in 685 bytes} [Tue Aug 11 09:26:19 2026] POST /v2.0/vpn/ikepolicies => generated 403 bytes in 63 msecs (HTTP/1.1 201) 4 headers in 162 bytes (1 switches on core 0) [pid: 7|app: 0|req: 1200/2571] 10.0.0.128 () {32 vars in 663 bytes} [Tue Aug 11 09:26:19 2026] GET /v2.0/vpn/ikepolicies => generated 796 bytes in 36 msecs (HTTP/1.1 200) 4 headers in 157 bytes (1 switches on core 0)
2026-08-11 09:26:19.717 8 INFO neutron.db.ovn_revision_numbers_db [None req-91d7a3f8-e81d-4255-bffb-62f08cb231ff - - - - - -] Successfully bumped revision number for resource 64bdd27d-e2d5-4e04-b3fc-87eaefe94ac4 (type: ports) to 2 [pid: 7|app: 0|req: 1201/2572] 10.0.0.128 () {32 vars in 740 bytes} [Tue Aug 11 09:26:19 2026] DELETE /v2.0/vpn/ikepolicies/250388dd-4385-425f-ac3c-92595ea14e48 => generated 0 bytes in 45 msecs (HTTP/1.1 204) 2 headers in 112 bytes (1 switches on core 0)
2026-08-11 09:26:19.761 8 INFO neutron.db.ovn_revision_numbers_db [None req-91d7a3f8-e81d-4255-bffb-62f08cb231ff - - - - - -] Successfully bumped revision number for resource 16fb7f64-fe78-4e99-95fb-42271a7b68b5 (type: subnets) to 0 [pid: 8|app: 0|req: 1372/2573] 10.0.0.128 () {34 vars in 669 bytes} [Tue Aug 11 09:26:19 2026] POST /v2.0/subnets => generated 629 bytes in 604 msecs (HTTP/1.1 201) 4 headers in 162 bytes (1 switches on core 0) [pid: 7|app: 0|req: 1202/2574] 10.0.0.128 () {34 vars in 689 bytes} [Tue Aug 11 09:26:19 2026] POST /v2.0/vpn/ipsecpolicies => generated 411 bytes in 49 msecs (HTTP/1.1 201) 4 headers in 162 bytes (1 switches on core 0) [pid: 7|app: 0|req: 1203/2575] 10.0.0.128 () {32 vars in 667 bytes} [Tue Aug 11 09:26:19 2026] GET /v2.0/vpn/ipsecpolicies => generated 812 bytes in 14 msecs (HTTP/1.1 200) 4 headers in 157 bytes (1 switches on core 0)
2026-08-11 09:26:19.876 8 INFO neutron.db.segments_db [None req-4bbef89e-7734-4ab4-8686-16e9f3a5951c 3a130575cfc046c2a36106b19750e8f7 aabc1af9ab534d799dded2c110bd5d93 - - default default] Added segment e6798df7-342a-4416-8733-2253fed6a7d5 of type geneve for network c1c58237-2673-49e8-8959-516da4b149d7 [pid: 7|app: 0|req: 1204/2576] 10.0.0.128 () {32 vars in 744 bytes} [Tue Aug 11 09:26:19 2026] DELETE /v2.0/vpn/ipsecpolicies/bc9030fe-5414-4254-8690-1635e3d0d6ef => generated 0 bytes in 38 msecs (HTTP/1.1 204) 2 headers in 112 bytes (1 switches on core 0)
2026-08-11 09:26:19.972 8 INFO neutron.db.ovn_revision_numbers_db [None req-4bbef89e-7734-4ab4-8686-16e9f3a5951c 3a130575cfc046c2a36106b19750e8f7 aabc1af9ab534d799dded2c110bd5d93 - - default default] Successfully bumped revision number for resource c1c58237-2673-49e8-8959-516da4b149d7 (type: networks) to 1
2026-08-11 09:26:20.137 8 WARNING neutron.scheduler.dhcp_agent_scheduler [None req-4bbef89e-7734-4ab4-8686-16e9f3a5951c 3a130575cfc046c2a36106b19750e8f7 aabc1af9ab534d799dded2c110bd5d93 - - default default] No more DHCP agents
2026-08-11 09:26:20.138 8 WARNING neutron.api.rpc.agentnotifiers.dhcp_rpc_agent_api [None req-4bbef89e-7734-4ab4-8686-16e9f3a5951c 3a130575cfc046c2a36106b19750e8f7 aabc1af9ab534d799dded2c110bd5d93 - - default default] Unable to schedule network c1c58237-2673-49e8-8959-516da4b149d7: no agents available; will retry on subsequent port and subnet creation events.
2026-08-11 09:26:20.214 8 INFO neutron.db.ovn_revision_numbers_db [None req-4bbef89e-7734-4ab4-8686-16e9f3a5951c 3a130575cfc046c2a36106b19750e8f7 aabc1af9ab534d799dded2c110bd5d93 - - default default] Successfully bumped revision number for resource 2603b45c-654e-400b-bd88-c490f60deb94 (type: ports) to 1 [pid: 8|app: 0|req: 1373/2577] 10.0.0.128 () {34 vars in 670 bytes} [Tue Aug 11 09:26:19 2026] POST /v2.0/networks => generated 651 bytes in 447 msecs (HTTP/1.1 201) 4 headers in 162 bytes (1 switches on core 0)
2026-08-11 09:26:20.387 8 WARNING neutron.scheduler.dhcp_agent_scheduler [None req-02992b37-08f4-4baa-9c93-a9253dc1dd4b 3a130575cfc046c2a36106b19750e8f7 aabc1af9ab534d799dded2c110bd5d93 - - default default] No more DHCP agents
2026-08-11 09:26:20.388 8 WARNING neutron.api.rpc.agentnotifiers.dhcp_rpc_agent_api [None req-02992b37-08f4-4baa-9c93-a9253dc1dd4b 3a130575cfc046c2a36106b19750e8f7 aabc1af9ab534d799dded2c110bd5d93 - - default default] Unable to schedule network c1c58237-2673-49e8-8959-516da4b149d7: no agents available; will retry on subsequent port and subnet creation events.
2026-08-11 09:26:20.536 7 INFO neutron.db.segments_db [None req-ac500956-df6c-45de-9c12-e4113d9c4da3 6db7fa7ccc6746ad90933a6f19e58825 bafc1cdae41443929f764b72d4ab7628 - - default default] Added segment 4ad3cc19-ff3f-4a3b-9e8f-d9f94fa84bc6 of type geneve for network 6c407068-bbb8-425d-92ec-9d024dc5a9cd
2026-08-11 09:26:20.638 7 INFO neutron.db.ovn_revision_numbers_db [None req-ac500956-df6c-45de-9c12-e4113d9c4da3 6db7fa7ccc6746ad90933a6f19e58825 bafc1cdae41443929f764b72d4ab7628 - - default default] Successfully bumped revision number for resource 6c407068-bbb8-425d-92ec-9d024dc5a9cd (type: networks) to 1
2026-08-11 09:26:20.850 7 WARNING neutron.scheduler.dhcp_agent_scheduler [None req-ac500956-df6c-45de-9c12-e4113d9c4da3 6db7fa7ccc6746ad90933a6f19e58825 bafc1cdae41443929f764b72d4ab7628 - - default default] No more DHCP agents
2026-08-11 09:26:20.852 7 WARNING neutron.api.rpc.agentnotifiers.dhcp_rpc_agent_api [None req-ac500956-df6c-45de-9c12-e4113d9c4da3 6db7fa7ccc6746ad90933a6f19e58825 bafc1cdae41443929f764b72d4ab7628 - - default default] Unable to schedule network 6c407068-bbb8-425d-92ec-9d024dc5a9cd: no agents available; will retry on subsequent port and subnet creation events.
2026-08-11 09:26:20.882 8 INFO neutron.db.ovn_revision_numbers_db [None req-376c34ad-59fc-48e1-925f-cc9f26d7aeef - - - - - -] Successfully bumped revision number for resource 2603b45c-654e-400b-bd88-c490f60deb94 (type: ports) to 2
2026-08-11 09:26:20.931 8 INFO neutron.db.ovn_revision_numbers_db [None req-376c34ad-59fc-48e1-925f-cc9f26d7aeef - - - - - -] Successfully bumped revision number for resource 611fea29-5f9d-4650-9aec-df3e5beef0fc (type: subnets) to 0 [pid: 8|app: 0|req: 1374/2578] 10.0.0.128 () {34 vars in 669 bytes} [Tue Aug 11 09:26:20 2026] POST /v2.0/subnets => generated 629 bytes in 711 msecs (HTTP/1.1 201) 4 headers in 162 bytes (1 switches on core 0)
2026-08-11 09:26:20.959 7 INFO neutron.db.ovn_revision_numbers_db [None req-ac500956-df6c-45de-9c12-e4113d9c4da3 6db7fa7ccc6746ad90933a6f19e58825 bafc1cdae41443929f764b72d4ab7628 - - default default] Successfully bumped revision number for resource 5880ee16-3b03-4cbf-aa12-d8259f6dc248 (type: ports) to 1 [pid: 7|app: 0|req: 1205/2579] 10.0.0.128 () {34 vars in 670 bytes} [Tue Aug 11 09:26:19 2026] POST /v2.0/networks => generated 651 bytes in 1097 msecs (HTTP/1.1 201) 4 headers in 162 bytes (1 switches on core 0)
2026-08-11 09:26:21.052 8 INFO neutron.db.segments_db [None req-21588f60-f5f5-4314-ac35-b1559c4e069a 3a130575cfc046c2a36106b19750e8f7 aabc1af9ab534d799dded2c110bd5d93 - - default default] Added segment 6ba45664-5d41-4321-8ad8-756c8d98bb90 of type geneve for network d1faedee-023c-4732-95be-65c3c98a36d0
2026-08-11 09:26:21.150 7 WARNING neutron.scheduler.dhcp_agent_scheduler [None req-8eb5e436-2c35-48b0-bbff-8161b4457f46 6db7fa7ccc6746ad90933a6f19e58825 bafc1cdae41443929f764b72d4ab7628 - - default default] No more DHCP agents
2026-08-11 09:26:21.151 7 WARNING neutron.api.rpc.agentnotifiers.dhcp_rpc_agent_api [None req-8eb5e436-2c35-48b0-bbff-8161b4457f46 6db7fa7ccc6746ad90933a6f19e58825 bafc1cdae41443929f764b72d4ab7628 - - default default] Unable to schedule network 6c407068-bbb8-425d-92ec-9d024dc5a9cd: no agents available; will retry on subsequent port and subnet creation events.
2026-08-11 09:26:21.186 8 INFO neutron.db.ovn_revision_numbers_db [None req-21588f60-f5f5-4314-ac35-b1559c4e069a 3a130575cfc046c2a36106b19750e8f7 aabc1af9ab534d799dded2c110bd5d93 - - default default] Successfully bumped revision number for resource d1faedee-023c-4732-95be-65c3c98a36d0 (type: networks) to 1
2026-08-11 09:26:21.354 8 INFO neutron.plugins.ml2.drivers.ovn.mech_driver.mech_driver [None req-67a8019d-d779-4536-9113-267349dc949c - - - - - -] OVN reports status up for port: a75cc3b2-916d-48bf-a743-9349299ef013
2026-08-11 09:26:21.391 8 INFO neutron.plugins.ml2.plugin [None req-67a8019d-d779-4536-9113-267349dc949c - - - - - -] Attempt 1 to provision port a75cc3b2-916d-48bf-a743-9349299ef013
2026-08-11 09:26:21.450 8 WARNING neutron.scheduler.dhcp_agent_scheduler [None req-21588f60-f5f5-4314-ac35-b1559c4e069a 3a130575cfc046c2a36106b19750e8f7 aabc1af9ab534d799dded2c110bd5d93 - - default default] No more DHCP agents
2026-08-11 09:26:21.453 8 WARNING neutron.api.rpc.agentnotifiers.dhcp_rpc_agent_api [None req-21588f60-f5f5-4314-ac35-b1559c4e069a 3a130575cfc046c2a36106b19750e8f7 aabc1af9ab534d799dded2c110bd5d93 - - default default] Unable to schedule network d1faedee-023c-4732-95be-65c3c98a36d0: no agents available; will retry on subsequent port and subnet creation events.
2026-08-11 09:26:21.560 8 INFO neutron.notifiers.nova [-] Nova event matching ['req-b70053dc-40c8-4188-bf42-2597fa8c5b0d'] response: {'server_uuid': '7c6b0b90-8a9e-41f6-9131-ec7a37cadfc3', 'name': 'network-vif-plugged', 'status': 'completed', 'tag': 'a75cc3b2-916d-48bf-a743-9349299ef013', 'code': 200}
2026-08-11 09:26:21.616 8 INFO neutron.db.ovn_revision_numbers_db [None req-21588f60-f5f5-4314-ac35-b1559c4e069a 3a130575cfc046c2a36106b19750e8f7 aabc1af9ab534d799dded2c110bd5d93 - - default default] Successfully bumped revision number for resource e15e1568-3500-413e-9c84-7903d25c2257 (type: ports) to 1 [pid: 8|app: 0|req: 1375/2580] 10.0.0.128 () {34 vars in 670 bytes} [Tue Aug 11 09:26:20 2026] POST /v2.0/networks => generated 651 bytes in 721 msecs (HTTP/1.1 201) 4 headers in 162 bytes (1 switches on core 0)
2026-08-11 09:26:21.695 7 INFO neutron.db.ovn_revision_numbers_db [None req-25ae6260-92dd-4fc6-9036-c09aaf0a89a3 - - - - - -] Successfully bumped revision number for resource 5880ee16-3b03-4cbf-aa12-d8259f6dc248 (type: ports) to 2
2026-08-11 09:26:21.727 7 INFO neutron.db.ovn_revision_numbers_db [None req-25ae6260-92dd-4fc6-9036-c09aaf0a89a3 - - - - - -] Successfully bumped revision number for resource 6ed2557b-f7fd-41b1-b630-6028b950f73e (type: subnets) to 0 [pid: 7|app: 0|req: 1206/2581] 10.0.0.128 () {34 vars in 669 bytes} [Tue Aug 11 09:26:20 2026] POST /v2.0/subnets => generated 629 bytes in 775 msecs (HTTP/1.1 201) 4 headers in 162 bytes (1 switches on core 0)
2026-08-11 09:26:21.853 8 INFO neutron.db.ovn_revision_numbers_db [None req-67a8019d-d779-4536-9113-267349dc949c - - - - - -] Successfully bumped revision number for resource a75cc3b2-916d-48bf-a743-9349299ef013 (type: ports) to 5
2026-08-11 09:26:22.056 8 INFO neutron.plugins.ml2.drivers.ovn.mech_driver.mech_driver [None req-1cb8b2ed-ed1b-423d-9412-fe33b6e482c1 - - - - - -] OVN reports status down for port: e15e1568-3500-413e-9c84-7903d25c2257
2026-08-11 09:26:22.177 8 WARNING neutron.scheduler.dhcp_agent_scheduler [None req-2c86e2aa-dc7d-475b-91f6-1d4ff61114f7 3a130575cfc046c2a36106b19750e8f7 aabc1af9ab534d799dded2c110bd5d93 - - default default] No more DHCP agents
2026-08-11 09:26:22.183 8 WARNING neutron.api.rpc.agentnotifiers.dhcp_rpc_agent_api [None req-2c86e2aa-dc7d-475b-91f6-1d4ff61114f7 3a130575cfc046c2a36106b19750e8f7 aabc1af9ab534d799dded2c110bd5d93 - - default default] Unable to schedule network d1faedee-023c-4732-95be-65c3c98a36d0: no agents available; will retry on subsequent port and subnet creation events.
2026-08-11 09:26:22.325 7 WARNING neutron.scheduler.dhcp_agent_scheduler [None req-c7cc4c81-7a3e-447b-b1b7-8fbd3cdaccdf 6db7fa7ccc6746ad90933a6f19e58825 bafc1cdae41443929f764b72d4ab7628 - - default default] No more DHCP agents
2026-08-11 09:26:22.327 7 WARNING neutron.api.rpc.agentnotifiers.dhcp_rpc_agent_api [None req-c7cc4c81-7a3e-447b-b1b7-8fbd3cdaccdf 6db7fa7ccc6746ad90933a6f19e58825 bafc1cdae41443929f764b72d4ab7628 - - default default] Unable to schedule network b5dfb650-4d86-428f-a890-5991c4032ff2: no agents available; will retry on subsequent port and subnet creation events.
2026-08-11 09:26:22.522 7 INFO neutron.db.ovn_revision_numbers_db [None req-c7cc4c81-7a3e-447b-b1b7-8fbd3cdaccdf 6db7fa7ccc6746ad90933a6f19e58825 bafc1cdae41443929f764b72d4ab7628 - - default default] Successfully bumped revision number for resource 821c6a7c-f319-4187-b9ac-617ac13cf437 (type: ports) to 1
2026-08-11 09:26:22.696 8 INFO neutron.db.ovn_revision_numbers_db [None req-2207faf8-f0f9-42da-ba34-28c6c1b9d58c - - - - - -] Successfully bumped revision number for resource e15e1568-3500-413e-9c84-7903d25c2257 (type: ports) to 2
2026-08-11 09:26:22.722 8 INFO neutron.db.ovn_revision_numbers_db [None req-2207faf8-f0f9-42da-ba34-28c6c1b9d58c - - - - - -] Successfully bumped revision number for resource 45f065db-b26b-4c25-b951-f1de5c387f96 (type: subnets) to 0 [pid: 8|app: 0|req: 1376/2582] 10.0.0.128 () {34 vars in 669 bytes} [Tue Aug 11 09:26:21 2026] POST /v2.0/subnets => generated 629 bytes in 1050 msecs (HTTP/1.1 201) 4 headers in 162 bytes (1 switches on core 0) /var/lib/openstack/lib/python3.12/site-packages/pycadf/identifier.py:70: UserWarning: Invalid uuid: neutron. To ensure interoperability, identifiers should be a valid uuid. warnings.warn(('Invalid uuid: %s. To ensure interoperability, ' [pid: 8|app: 0|req: 1377/2583] 10.0.0.128 () {34 vars in 751 bytes} [Tue Aug 11 09:26:22 2026] PUT /v2.0/subnets/88f17131-fb86-4171-bfee-4b1ddf4c3768/tags => generated 17 bytes in 83 msecs (HTTP/1.1 200) 4 headers in 156 bytes (1 switches on core 0) [pid: 8|app: 0|req: 1378/2584] 10.0.0.128 () {34 vars in 751 bytes} [Tue Aug 11 09:26:22 2026] PUT /v2.0/subnets/4ccf3259-66aa-4381-aa77-64d7d93b2578/tags => generated 25 bytes in 55 msecs (HTTP/1.1 200) 4 headers in 156 bytes (1 switches on core 0) [pid: 8|app: 0|req: 1379/2585] 10.0.0.128 () {34 vars in 751 bytes} [Tue Aug 11 09:26:22 2026] PUT /v2.0/subnets/16fb7f64-fe78-4e99-95fb-42271a7b68b5/tags => generated 34 bytes in 54 msecs (HTTP/1.1 200) 4 headers in 156 bytes (1 switches on core 0) [pid: 8|app: 0|req: 1380/2586] 10.0.0.128 () {34 vars in 751 bytes} [Tue Aug 11 09:26:22 2026] PUT /v2.0/subnets/611fea29-5f9d-4650-9aec-df3e5beef0fc/tags => generated 19 bytes in 47 msecs (HTTP/1.1 200) 4 headers in 156 bytes (1 switches on core 0) [pid: 8|app: 0|req: 1381/2587] 10.0.0.128 () {32 vars in 664 bytes} [Tue Aug 11 09:26:23 2026] GET /v2.0/subnets?tags=red => generated 1904 bytes in 42 msecs (HTTP/1.1 200) 4 headers in 158 bytes (1 switches on core 0) [pid: 8|app: 0|req: 1382/2588] 10.0.0.128 () {32 vars in 678 bytes} [Tue Aug 11 09:26:23 2026] GET /v2.0/subnets?tags=red%2Cblue => generated 1283 bytes in 38 msecs (HTTP/1.1 200) 4 headers in 158 bytes (1 switches on core 0) [pid: 8|app: 0|req: 1383/2589] 10.0.0.128 () {32 vars in 674 bytes} [Tue Aug 11 09:26:23 2026] GET /v2.0/subnets?tags-any=blue => generated 1283 bytes in 40 msecs (HTTP/1.1 200) 4 headers in 158 bytes (1 switches on core 0) [pid: 8|app: 0|req: 1384/2590] 10.0.0.128 () {32 vars in 686 bytes} [Tue Aug 11 09:26:23 2026] GET /v2.0/subnets?tags-any=red%2Cblue => generated 1904 bytes in 35 msecs (HTTP/1.1 200) 4 headers in 158 bytes (1 switches on core 0) [pid: 8|app: 0|req: 1385/2591] 10.0.0.128 () {32 vars in 672 bytes} [Tue Aug 11 09:26:23 2026] GET /v2.0/subnets?not-tags=red => generated 1894 bytes in 44 msecs (HTTP/1.1 200) 4 headers in 158 bytes (1 switches on core 0)
2026-08-11 09:26:23.243 7 INFO neutron.plugins.ml2.drivers.ovn.mech_driver.ovsdb.commands [None req-13b32054-fc6a-49f2-a04c-2cdbbd31d0c0 - - - - - -] Schedule LRP lrp-821c6a7c-f319-4187-b9ac-617ac13cf437 on gateway a820cdc8-1183-4a95-8ab5-40e967ae87c3 with priority 1
2026-08-11 09:26:23.296 7 WARNING neutron.plugins.ml2.drivers.ovn.mech_driver.ovsdb.ovn_client [None req-03d0a8f7-25e7-4aa4-bd31-6a2b56e11f38 - - - - - -] No hosting information found for port 3c20931f-7089-4f11-a0aa-16f0e1dfa166: RuntimeError: No hosting information found for port 3c20931f-7089-4f11-a0aa-16f0e1dfa166 [pid: 8|app: 0|req: 1386/2592] 10.0.0.128 () {32 vars in 686 bytes} [Tue Aug 11 09:26:23 2026] GET /v2.0/subnets?not-tags=red%2Cblue => generated 2515 bytes in 77 msecs (HTTP/1.1 200) 4 headers in 158 bytes (1 switches on core 0) [pid: 8|app: 0|req: 1387/2593] 10.0.0.128 () {32 vars in 682 bytes} [Tue Aug 11 09:26:23 2026] GET /v2.0/subnets?not-tags-any=blue => generated 2515 bytes in 50 msecs (HTTP/1.1 200) 4 headers in 158 bytes (1 switches on core 0)
2026-08-11 09:26:23.391 7 INFO neutron.db.ovn_revision_numbers_db [None req-c7cc4c81-7a3e-447b-b1b7-8fbd3cdaccdf 6db7fa7ccc6746ad90933a6f19e58825 bafc1cdae41443929f764b72d4ab7628 - - default default] Successfully bumped revision number for resource 821c6a7c-f319-4187-b9ac-617ac13cf437 (type: router_ports) to 1 [pid: 8|app: 0|req: 1388/2594] 10.0.0.128 () {32 vars in 694 bytes} [Tue Aug 11 09:26:23 2026] GET /v2.0/subnets?not-tags-any=red%2Cblue => generated 1894 bytes in 46 msecs (HTTP/1.1 200) 4 headers in 158 bytes (1 switches on core 0)
2026-08-11 09:26:23.495 7 INFO neutron.db.ovn_revision_numbers_db [None req-03d0a8f7-25e7-4aa4-bd31-6a2b56e11f38 - - - - - -] Successfully bumped revision number for resource 3c20931f-7089-4f11-a0aa-16f0e1dfa166 (type: router_ports) to 2
2026-08-11 09:26:23.497 7 INFO neutron.plugins.ml2.drivers.ovn.mech_driver.mech_driver [None req-03d0a8f7-25e7-4aa4-bd31-6a2b56e11f38 - - - - - -] OVN reports status down for port: a454fe6c-0040-41c8-828e-b46bf5698db9
2026-08-11 09:26:23.523 7 INFO neutron.db.ovn_revision_numbers_db [None req-c7cc4c81-7a3e-447b-b1b7-8fbd3cdaccdf 6db7fa7ccc6746ad90933a6f19e58825 bafc1cdae41443929f764b72d4ab7628 - - default default] Successfully bumped revision number for resource d578e4b5-562b-4c74-bd71-dace0b1faee0 (type: routers) to 2 [pid: 7|app: 0|req: 1207/2595] 10.0.0.128 () {34 vars in 669 bytes} [Tue Aug 11 09:26:21 2026] POST /v2.0/routers => generated 936 bytes in 1787 msecs (HTTP/1.1 201) 4 headers in 162 bytes (1 switches on core 0) [pid: 8|app: 0|req: 1389/2596] 10.0.0.128 () {32 vars in 724 bytes} [Tue Aug 11 09:26:23 2026] DELETE /v2.0/subnets/88f17131-fb86-4171-bfee-4b1ddf4c3768 => generated 0 bytes in 172 msecs (HTTP/1.1 204) 3 headers in 131 bytes (1 switches on core 0)
2026-08-11 09:26:23.623 8 INFO neutron.notifiers.nova [-] Nova event matching ['req-83a04da4-45ce-42be-a1c0-b3c1a9a27e84'] response: {'server_uuid': '7c6b0b90-8a9e-41f6-9131-ec7a37cadfc3', 'name': 'network-vif-plugged', 'status': 'completed', 'tag': 'a75cc3b2-916d-48bf-a743-9349299ef013', 'code': 200}
2026-08-11 09:26:23.628 7 INFO neutron.plugins.ml2.drivers.ovn.mech_driver.mech_driver [None req-03d0a8f7-25e7-4aa4-bd31-6a2b56e11f38 - - - - - -] OVN reports status down for port: d04efe31-65f1-4202-8ff8-b0f6896f40f8
2026-08-11 09:26:23.811 7 WARNING neutron.plugins.ml2.drivers.ovn.mech_driver.ovsdb.ovn_client [None req-03d0a8f7-25e7-4aa4-bd31-6a2b56e11f38 - - - - - -] Logical_Switch_Port %s host information not removed, the port state is up
2026-08-11 09:26:23.811 7 INFO neutron.plugins.ml2.drivers.ovn.mech_driver.mech_driver [None req-03d0a8f7-25e7-4aa4-bd31-6a2b56e11f38 - - - - - -] OVN reports status up for port: d04efe31-65f1-4202-8ff8-b0f6896f40f8 [pid: 8|app: 0|req: 1390/2597] 10.0.0.128 () {32 vars in 724 bytes} [Tue Aug 11 09:26:23 2026] DELETE /v2.0/subnets/4ccf3259-66aa-4381-aa77-64d7d93b2578 => generated 0 bytes in 225 msecs (HTTP/1.1 204) 3 headers in 131 bytes (1 switches on core 0)
2026-08-11 09:26:23.835 7 INFO neutron.plugins.ml2.plugin [None req-03d0a8f7-25e7-4aa4-bd31-6a2b56e11f38 - - - - - -] Attempt 1 to provision port d04efe31-65f1-4202-8ff8-b0f6896f40f8
2026-08-11 09:26:24.091 8 INFO neutron.plugins.ml2.drivers.ovn.mech_driver.mech_driver [None req-1cb8b2ed-ed1b-423d-9412-fe33b6e482c1 - - - - - -] OVN reports status up for port: 7cab9c21-4b77-42b0-afcf-a4c88319c5b4
2026-08-11 09:26:24.118 8 INFO neutron.plugins.ml2.plugin [None req-1cb8b2ed-ed1b-423d-9412-fe33b6e482c1 - - - - - -] Attempt 1 to provision port 7cab9c21-4b77-42b0-afcf-a4c88319c5b4 [pid: 8|app: 0|req: 1391/2598] 10.0.0.128 () {32 vars in 724 bytes} [Tue Aug 11 09:26:23 2026] DELETE /v2.0/subnets/16fb7f64-fe78-4e99-95fb-42271a7b68b5 => generated 0 bytes in 281 msecs (HTTP/1.1 204) 3 headers in 131 bytes (1 switches on core 0) [pid: 8|app: 0|req: 1392/2599] 10.0.0.128 () {32 vars in 724 bytes} [Tue Aug 11 09:26:24 2026] DELETE /v2.0/subnets/611fea29-5f9d-4650-9aec-df3e5beef0fc => generated 0 bytes in 330 msecs (HTTP/1.1 204) 3 headers in 131 bytes (1 switches on core 0)
2026-08-11 09:26:24.571 8 INFO neutron.db.ovn_revision_numbers_db [None req-1cb8b2ed-ed1b-423d-9412-fe33b6e482c1 - - - - - -] Successfully bumped revision number for resource 7cab9c21-4b77-42b0-afcf-a4c88319c5b4 (type: ports) to 4 [pid: 8|app: 0|req: 1393/2600] 10.0.0.156 () {34 vars in 990 bytes} [Tue Aug 11 09:26:24 2026] GET /v2.0/ports?device_id=7c6b0b90-8a9e-41f6-9131-ec7a37cadfc3 => generated 1196 bytes in 151 msecs (HTTP/1.1 200) 4 headers in 158 bytes (1 switches on core 0)
2026-08-11 09:26:24.648 7 WARNING neutron.scheduler.dhcp_agent_scheduler [None req-b1cfbaa6-8ea5-4f42-a5d8-d806bd1b5039 6db7fa7ccc6746ad90933a6f19e58825 bafc1cdae41443929f764b72d4ab7628 - - default default] No more DHCP agents
2026-08-11 09:26:24.652 7 WARNING neutron.api.rpc.agentnotifiers.dhcp_rpc_agent_api [None req-b1cfbaa6-8ea5-4f42-a5d8-d806bd1b5039 6db7fa7ccc6746ad90933a6f19e58825 bafc1cdae41443929f764b72d4ab7628 - - default default] Unable to schedule network 6c407068-bbb8-425d-92ec-9d024dc5a9cd: no agents available; will retry on subsequent port and subnet creation events.
2026-08-11 09:26:24.659 7 INFO neutron.db.ovn_revision_numbers_db [None req-03d0a8f7-25e7-4aa4-bd31-6a2b56e11f38 - - - - - -] Successfully bumped revision number for resource d04efe31-65f1-4202-8ff8-b0f6896f40f8 (type: ports) to 2
2026-08-11 09:26:24.961 7 INFO neutron.db.ovn_revision_numbers_db [None req-b1cfbaa6-8ea5-4f42-a5d8-d806bd1b5039 6db7fa7ccc6746ad90933a6f19e58825 bafc1cdae41443929f764b72d4ab7628 - - default default] Successfully bumped revision number for resource 931a4bbf-54d4-4f87-a294-53b22a2a6871 (type: ports) to 1 [pid: 8|app: 0|req: 1394/2601] 10.0.0.128 () {32 vars in 724 bytes} [Tue Aug 11 09:26:24 2026] DELETE /v2.0/subnets/45f065db-b26b-4c25-b951-f1de5c387f96 => generated 0 bytes in 360 msecs (HTTP/1.1 204) 3 headers in 131 bytes (1 switches on core 0) [pid: 8|app: 0|req: 1395/2602] 10.0.0.156 () {34 vars in 1040 bytes} [Tue Aug 11 09:26:24 2026] GET /v2.0/security-groups?id=99dba74f-6e5a-486d-acf9-fa76dec5c063&fields=id&fields=name => generated 112 bytes in 64 msecs (HTTP/1.1 200) 4 headers in 157 bytes (1 switches on core 0)
2026-08-11 09:26:25.049 8 INFO neutron.plugins.ml2.drivers.ovn.mech_driver.mech_driver [None req-31f6534f-f723-43c3-bcb8-f9aa5674d6b7 - - - - - -] OVN reports status up for port: 5d69cb3e-f1c6-4168-8f69-5f5cdaf9207d
2026-08-11 09:26:25.064 8 INFO neutron.plugins.ml2.plugin [None req-31f6534f-f723-43c3-bcb8-f9aa5674d6b7 - - - - - -] Attempt 1 to provision port 5d69cb3e-f1c6-4168-8f69-5f5cdaf9207d
2026-08-11 09:26:25.689 7 WARNING neutron.scheduler.dhcp_agent_scheduler [None req-b1cfbaa6-8ea5-4f42-a5d8-d806bd1b5039 6db7fa7ccc6746ad90933a6f19e58825 bafc1cdae41443929f764b72d4ab7628 - - default default] No more DHCP agents
2026-08-11 09:26:25.690 7 WARNING neutron.api.rpc.agentnotifiers.dhcp_rpc_agent_api [None req-b1cfbaa6-8ea5-4f42-a5d8-d806bd1b5039 6db7fa7ccc6746ad90933a6f19e58825 bafc1cdae41443929f764b72d4ab7628 - - default default] Unable to schedule network 6c407068-bbb8-425d-92ec-9d024dc5a9cd: no agents available; will retry on subsequent port and subnet creation events.
2026-08-11 09:26:25.835 8 INFO neutron_taas.services.taas.taas_plugin [None req-a55ec02b-69d6-4d14-9442-d7a750c6441c 3a130575cfc046c2a36106b19750e8f7 aabc1af9ab534d799dded2c110bd5d93 - - default default] TaaS: Handle Delete Port: f177f216-bba4-4383-b448-b2e2d4b0c977
2026-08-11 09:26:25.842 8 INFO neutron_taas.services.taas.tap_mirror_plugin [None req-a55ec02b-69d6-4d14-9442-d7a750c6441c 3a130575cfc046c2a36106b19750e8f7 aabc1af9ab534d799dded2c110bd5d93 - - default default] Tap Mirror: Handle Delete Port: f177f216-bba4-4383-b448-b2e2d4b0c977
2026-08-11 09:26:26.058 8 INFO neutron.db.ovn_revision_numbers_db [None req-31f6534f-f723-43c3-bcb8-f9aa5674d6b7 - - - - - -] Successfully bumped revision number for resource 5d69cb3e-f1c6-4168-8f69-5f5cdaf9207d (type: ports) to 4
2026-08-11 09:26:26.232 7 INFO neutron.db.ovn_revision_numbers_db [None req-b1cfbaa6-8ea5-4f42-a5d8-d806bd1b5039 6db7fa7ccc6746ad90933a6f19e58825 bafc1cdae41443929f764b72d4ab7628 - - default default] Successfully bumped revision number for resource 931a4bbf-54d4-4f87-a294-53b22a2a6871 (type: router_ports) to 1 [pid: 7|app: 0|req: 1208/2603] 10.0.0.128 () {34 vars in 783 bytes} [Tue Aug 11 09:26:23 2026] PUT /v2.0/routers/d578e4b5-562b-4c74-bd71-dace0b1faee0/add_router_interface => generated 309 bytes in 2683 msecs (HTTP/1.1 200) 4 headers in 157 bytes (1 switches on core 0)
2026-08-11 09:26:26.261 8 INFO neutron.services.segments.plugin [-] Segment 0d3da1a3-540e-411b-9cb5-a62ae486f345 resource provider aggregate not found
2026-08-11 09:26:26.267 8 INFO neutron.services.segments.plugin [-] Segment 0d3da1a3-540e-411b-9cb5-a62ae486f345 resource provider aggregate not found
2026-08-11 09:26:26.288 8 INFO neutron.services.segments.plugin [-] Segment 0d3da1a3-540e-411b-9cb5-a62ae486f345 resource provider not found; error: Placement Client Error (4xx): {"errors": [{"status": 404, "title": "Not Found", "detail": "The resource could not be found.\n\n No resource provider with uuid 0d3da1a3-540e-411b-9cb5-a62ae486f345 found for delete ", "request_id": "req-42ebf7fa-afe1-4ca1-b52a-dbb69a67a0bb"}]}
2026-08-11 09:26:26.288 8 INFO neutron.services.segments.plugin [-] Segment 0d3da1a3-540e-411b-9cb5-a62ae486f345 resource provider not found; error: Placement Client Error (4xx): {"errors": [{"status": 404, "title": "Not Found", "detail": "The resource could not be found.\n\n No resource provider with uuid 0d3da1a3-540e-411b-9cb5-a62ae486f345 found for delete ", "request_id": "req-79742a4b-727d-4785-91d6-00b189591110"}]} [pid: 8|app: 0|req: 1396/2604] 10.0.0.128 () {32 vars in 726 bytes} [Tue Aug 11 09:26:25 2026] DELETE /v2.0/networks/482b3daa-62c0-4c40-961e-8de43e841c14 => generated 0 bytes in 1304 msecs (HTTP/1.1 204) 3 headers in 131 bytes (1 switches on core 0) [pid: 7|app: 0|req: 1209/2605] 10.0.0.128 () {32 vars in 818 bytes} [Tue Aug 11 09:26:26 2026] GET /v2.0/ports?network_id=45fb8e11-728f-42ea-b70d-39491d8ba96a&mac_address=fa%3A16%3A3e%3Ac6%3A73%3Aed => generated 1196 bytes in 115 msecs (HTTP/1.1 200) 4 headers in 158 bytes (1 switches on core 0)
2026-08-11 09:26:26.479 7 INFO neutron_taas.services.taas.taas_plugin [None req-e9594f0e-d278-4712-b6fb-f070c113cc34 3a130575cfc046c2a36106b19750e8f7 aabc1af9ab534d799dded2c110bd5d93 - - default default] TaaS: Handle Delete Port: e1a61c66-16dc-46a4-91aa-18dbcb1f4a8c
2026-08-11 09:26:26.481 7 INFO neutron_taas.services.taas.tap_mirror_plugin [None req-e9594f0e-d278-4712-b6fb-f070c113cc34 3a130575cfc046c2a36106b19750e8f7 aabc1af9ab534d799dded2c110bd5d93 - - default default] Tap Mirror: Handle Delete Port: e1a61c66-16dc-46a4-91aa-18dbcb1f4a8c
2026-08-11 09:26:26.672 7 INFO neutron.services.segments.plugin [-] Segment 52126338-c23c-48bc-b74b-75f6f420b336 resource provider aggregate not found
2026-08-11 09:26:26.678 7 INFO neutron.services.segments.plugin [-] Segment 52126338-c23c-48bc-b74b-75f6f420b336 resource provider aggregate not found
2026-08-11 09:26:26.695 7 INFO neutron.services.segments.plugin [-] Segment 52126338-c23c-48bc-b74b-75f6f420b336 resource provider not found; error: Placement Client Error (4xx): {"errors": [{"status": 404, "title": "Not Found", "detail": "The resource could not be found.\n\n No resource provider with uuid 52126338-c23c-48bc-b74b-75f6f420b336 found for delete ", "request_id": "req-295c699f-97b6-4cae-ad0f-caafc45b1e73"}]}
2026-08-11 09:26:26.700 7 INFO neutron.services.segments.plugin [-] Segment 52126338-c23c-48bc-b74b-75f6f420b336 resource provider not found; error: Placement Client Error (4xx): {"errors": [{"status": 404, "title": "Not Found", "detail": "The resource could not be found.\n\n No resource provider with uuid 52126338-c23c-48bc-b74b-75f6f420b336 found for delete ", "request_id": "req-014fcec0-e424-4323-975e-6f07271ad574"}]} [pid: 7|app: 0|req: 1210/2606] 10.0.0.128 () {32 vars in 726 bytes} [Tue Aug 11 09:26:26 2026] DELETE /v2.0/networks/469095d5-409c-40f2-99e2-0178e443fafd => generated 0 bytes in 380 msecs (HTTP/1.1 204) 3 headers in 131 bytes (1 switches on core 0)
2026-08-11 09:26:26.839 8 WARNING neutron.scheduler.dhcp_agent_scheduler [None req-9c5d7332-a9f7-49aa-a44b-bd2ecc657b8b - - - - - -] No more DHCP agents
2026-08-11 09:26:26.841 8 WARNING neutron.api.rpc.agentnotifiers.dhcp_rpc_agent_api [None req-9c5d7332-a9f7-49aa-a44b-bd2ecc657b8b - - - - - -] Unable to schedule network b5dfb650-4d86-428f-a890-5991c4032ff2: no agents available; will retry on subsequent port and subnet creation events.
2026-08-11 09:26:26.936 8 INFO neutron.plugins.ml2.drivers.ovn.mech_driver.mech_driver [None req-72504207-7555-4078-bfd4-14c086eac8a6 - - - - - -] OVN reports status down for port: ee631453-0819-4109-8118-ee7bc0b94e16
2026-08-11 09:26:26.990 8 INFO neutron.db.ovn_revision_numbers_db [None req-9c5d7332-a9f7-49aa-a44b-bd2ecc657b8b - - - - - -] Successfully bumped revision number for resource ee631453-0819-4109-8118-ee7bc0b94e16 (type: ports) to 1
2026-08-11 09:26:27.007 7 WARNING neutron.scheduler.dhcp_agent_scheduler [None req-51cee34e-a3f5-46cc-a1a5-d1f36fc8716a b2dc4fa958934362b0b65e8a64e33a93 f3e53af19efb47a9a95fbb40b7e81d7a - - default default] No more DHCP agents
2026-08-11 09:26:27.009 7 WARNING neutron.api.rpc.agentnotifiers.dhcp_rpc_agent_api [None req-51cee34e-a3f5-46cc-a1a5-d1f36fc8716a b2dc4fa958934362b0b65e8a64e33a93 f3e53af19efb47a9a95fbb40b7e81d7a - - default default] Unable to schedule network b5dfb650-4d86-428f-a890-5991c4032ff2: no agents available; will retry on subsequent port and subnet creation events.
2026-08-11 09:26:27.230 8 INFO neutron.db.ovn_revision_numbers_db [None req-9c5d7332-a9f7-49aa-a44b-bd2ecc657b8b - - - - - -] Successfully bumped revision number for resource ee631453-0819-4109-8118-ee7bc0b94e16 (type: ports) to 3
2026-08-11 09:26:27.296 8 INFO neutron.db.segments_db [None req-9c5d7332-a9f7-49aa-a44b-bd2ecc657b8b - - - - - -] Added segment 3c5576a0-ec16-465b-b38f-6c0c764e02c2 of type geneve for network 2d0964e5-5b13-4841-a29d-bbea6f7eaeb9
2026-08-11 09:26:27.434 8 INFO neutron.db.ovn_revision_numbers_db [None req-e11a4c6b-c3a2-4e5f-b9c9-dc9f2abff879 - - - - - -] Successfully bumped revision number for resource 2d0964e5-5b13-4841-a29d-bbea6f7eaeb9 (type: networks) to 1
2026-08-11 09:26:27.597 8 WARNING neutron.scheduler.dhcp_agent_scheduler [None req-e11a4c6b-c3a2-4e5f-b9c9-dc9f2abff879 - - - - - -] No more DHCP agents
2026-08-11 09:26:27.598 8 WARNING neutron.api.rpc.agentnotifiers.dhcp_rpc_agent_api [None req-e11a4c6b-c3a2-4e5f-b9c9-dc9f2abff879 - - - - - -] Unable to schedule network 2d0964e5-5b13-4841-a29d-bbea6f7eaeb9: no agents available; will retry on subsequent port and subnet creation events.
2026-08-11 09:26:27.699 8 INFO neutron.db.ovn_revision_numbers_db [None req-e11a4c6b-c3a2-4e5f-b9c9-dc9f2abff879 - - - - - -] Successfully bumped revision number for resource 95d62312-7f89-46d2-b7a7-151b9b4e0d3a (type: ports) to 1
2026-08-11 09:26:27.925 8 WARNING neutron.scheduler.dhcp_agent_scheduler [None req-e11a4c6b-c3a2-4e5f-b9c9-dc9f2abff879 - - - - - -] No more DHCP agents
2026-08-11 09:26:27.927 8 WARNING neutron.api.rpc.agentnotifiers.dhcp_rpc_agent_api [None req-e11a4c6b-c3a2-4e5f-b9c9-dc9f2abff879 - - - - - -] Unable to schedule network 2d0964e5-5b13-4841-a29d-bbea6f7eaeb9: no agents available; will retry on subsequent port and subnet creation events.
2026-08-11 09:26:27.947 7 INFO neutron.db.ovn_revision_numbers_db [None req-51cee34e-a3f5-46cc-a1a5-d1f36fc8716a b2dc4fa958934362b0b65e8a64e33a93 f3e53af19efb47a9a95fbb40b7e81d7a - - default default] Successfully bumped revision number for resource 21c8b1b0-8528-4e24-b1ed-329351c07439 (type: floatingips) to 1
2026-08-11 09:26:27.948 7 INFO neutron.db.l3_db [None req-51cee34e-a3f5-46cc-a1a5-d1f36fc8716a b2dc4fa958934362b0b65e8a64e33a93 f3e53af19efb47a9a95fbb40b7e81d7a - - default default] Floating IP 21c8b1b0-8528-4e24-b1ed-329351c07439 associated. External IP: 10.96.250.203, port: a75cc3b2-916d-48bf-a743-9349299ef013.
2026-08-11 09:26:27.949 8 INFO neutron.db.ovn_revision_numbers_db [None req-e11a4c6b-c3a2-4e5f-b9c9-dc9f2abff879 - - - - - -] Successfully bumped revision number for resource 8742efdc-8ef1-4363-acdc-d79894ee3c10 (type: subnets) to 0 [pid: 7|app: 0|req: 1211/2607] 10.0.0.128 () {34 vars in 677 bytes} [Tue Aug 11 09:26:26 2026] POST /v2.0/floatingips => generated 854 bytes in 1255 msecs (HTTP/1.1 201) 4 headers in 162 bytes (1 switches on core 0)
2026-08-11 09:26:28.038 7 INFO neutron.notifiers.nova [-] Nova event matching ['req-af8129b2-9c6e-4778-94ab-71f8ad2c234c'] response: {'name': 'network-changed', 'server_uuid': '7c6b0b90-8a9e-41f6-9131-ec7a37cadfc3', 'tag': 'a75cc3b2-916d-48bf-a743-9349299ef013', 'status': 'completed', 'code': 200}
2026-08-11 09:26:28.129 7 INFO neutron_taas.services.taas.taas_plugin [None req-bcaf4580-e8bd-4820-8516-f61c3e7ce0d4 3a130575cfc046c2a36106b19750e8f7 aabc1af9ab534d799dded2c110bd5d93 - - default default] TaaS: Handle Delete Port: 64bdd27d-e2d5-4e04-b3fc-87eaefe94ac4
2026-08-11 09:26:28.131 7 INFO neutron_taas.services.taas.tap_mirror_plugin [None req-bcaf4580-e8bd-4820-8516-f61c3e7ce0d4 3a130575cfc046c2a36106b19750e8f7 aabc1af9ab534d799dded2c110bd5d93 - - default default] Tap Mirror: Handle Delete Port: 64bdd27d-e2d5-4e04-b3fc-87eaefe94ac4
2026-08-11 09:26:28.250 8 WARNING neutron.scheduler.dhcp_agent_scheduler [None req-e11a4c6b-c3a2-4e5f-b9c9-dc9f2abff879 - - - - - -] No more DHCP agents
2026-08-11 09:26:28.251 8 WARNING neutron.api.rpc.agentnotifiers.dhcp_rpc_agent_api [None req-e11a4c6b-c3a2-4e5f-b9c9-dc9f2abff879 - - - - - -] Unable to schedule network 2d0964e5-5b13-4841-a29d-bbea6f7eaeb9: no agents available; will retry on subsequent port and subnet creation events. [pid: 7|app: 0|req: 1212/2608] 10.0.0.128 () {32 vars in 726 bytes} [Tue Aug 11 09:26:27 2026] DELETE /v2.0/networks/8311efc4-a942-4a17-a1d7-6961c1bb0121 => generated 0 bytes in 342 msecs (HTTP/1.1 204) 3 headers in 131 bytes (1 switches on core 0)
2026-08-11 09:26:28.378 8 INFO neutron.db.ovn_revision_numbers_db [None req-e11a4c6b-c3a2-4e5f-b9c9-dc9f2abff879 - - - - - -] Successfully bumped revision number for resource c9da6adb-c2b7-4a97-9c3f-dc00bd7ab107 (type: ports) to 1 [pid: 7|app: 0|req: 1213/2609] 10.0.0.156 () {34 vars in 1096 bytes} [Tue Aug 11 09:26:28 2026] GET /v2.0/security-groups?name=tempest-lb_member_SG-2120749673&fields=id&tenant_id=f3e53af19efb47a9a95fbb40b7e81d7a => generated 69 bytes in 47 msecs (HTTP/1.1 200) 4 headers in 156 bytes (1 switches on core 0)
2026-08-11 09:26:28.509 7 INFO neutron_taas.services.taas.taas_plugin [None req-bd7d220f-c7ee-46ec-bb43-6a53e7b80017 3a130575cfc046c2a36106b19750e8f7 aabc1af9ab534d799dded2c110bd5d93 - - default default] TaaS: Handle Delete Port: 2603b45c-654e-400b-bd88-c490f60deb94
2026-08-11 09:26:28.512 7 INFO neutron_taas.services.taas.tap_mirror_plugin [None req-bd7d220f-c7ee-46ec-bb43-6a53e7b80017 3a130575cfc046c2a36106b19750e8f7 aabc1af9ab534d799dded2c110bd5d93 - - default default] Tap Mirror: Handle Delete Port: 2603b45c-654e-400b-bd88-c490f60deb94
2026-08-11 09:26:28.725 7 INFO neutron.services.segments.plugin [-] Segment 66e06a87-3dfa-4cb1-8e6b-4ce340142470 resource provider aggregate not found
2026-08-11 09:26:28.732 7 INFO neutron.services.segments.plugin [-] Segment 66e06a87-3dfa-4cb1-8e6b-4ce340142470 resource provider aggregate not found
2026-08-11 09:26:28.754 7 INFO neutron.services.segments.plugin [-] Segment 66e06a87-3dfa-4cb1-8e6b-4ce340142470 resource provider not found; error: Placement Client Error (4xx): {"errors": [{"status": 404, "title": "Not Found", "detail": "The resource could not be found.\n\n No resource provider with uuid 66e06a87-3dfa-4cb1-8e6b-4ce340142470 found for delete ", "request_id": "req-62b05714-351c-4320-9c69-dfd187df4c91"}]}
2026-08-11 09:26:28.763 7 INFO neutron.services.segments.plugin [-] Segment 66e06a87-3dfa-4cb1-8e6b-4ce340142470 resource provider not found; error: Placement Client Error (4xx): {"errors": [{"status": 404, "title": "Not Found", "detail": "The resource could not be found.\n\n No resource provider with uuid 66e06a87-3dfa-4cb1-8e6b-4ce340142470 found for delete ", "request_id": "req-cc5b6815-a1b0-4245-b223-86b86346df8b"}]} [pid: 7|app: 0|req: 1214/2610] 10.0.0.128 () {32 vars in 726 bytes} [Tue Aug 11 09:26:28 2026] DELETE /v2.0/networks/c1c58237-2673-49e8-8959-516da4b149d7 => generated 0 bytes in 393 msecs (HTTP/1.1 204) 3 headers in 131 bytes (1 switches on core 0)
2026-08-11 09:26:28.793 7 INFO neutron.services.segments.plugin [-] Segment e6798df7-342a-4416-8733-2253fed6a7d5 resource provider aggregate not found
2026-08-11 09:26:28.803 7 INFO neutron.services.segments.plugin [-] Segment e6798df7-342a-4416-8733-2253fed6a7d5 resource provider aggregate not found
2026-08-11 09:26:28.824 7 INFO neutron.services.segments.plugin [-] Segment e6798df7-342a-4416-8733-2253fed6a7d5 resource provider not found; error: Placement Client Error (4xx): {"errors": [{"status": 404, "title": "Not Found", "detail": "The resource could not be found.\n\n No resource provider with uuid e6798df7-342a-4416-8733-2253fed6a7d5 found for delete ", "request_id": "req-b911a434-1988-43cb-aeff-3f4a5e979a65"}]}
2026-08-11 09:26:28.827 7 INFO neutron.services.segments.plugin [-] Segment e6798df7-342a-4416-8733-2253fed6a7d5 resource provider not found; error: Placement Client Error (4xx): {"errors": [{"status": 404, "title": "Not Found", "detail": "The resource could not be found.\n\n No resource provider with uuid e6798df7-342a-4416-8733-2253fed6a7d5 found for delete ", "request_id": "req-6972f93e-1ae1-4eb6-94cf-9c325897500e"}]} [pid: 7|app: 0|req: 1215/2611] 10.0.0.156 () {34 vars in 982 bytes} [Tue Aug 11 09:26:28 2026] GET /v2.0/networks?id=1a8558fb-2b26-470a-a6a5-f144bf643d9e => generated 743 bytes in 74 msecs (HTTP/1.1 200) 4 headers in 157 bytes (1 switches on core 0) [pid: 7|app: 0|req: 1216/2612] 199.19.213.20 () {34 vars in 1079 bytes} [Tue Aug 11 09:26:28 2026] GET /v2.0/ports?tenant_id=f3e53af19efb47a9a95fbb40b7e81d7a&device_id=7c6b0b90-8a9e-41f6-9131-ec7a37cadfc3 => generated 1434 bytes in 34 msecs (HTTP/1.1 200) 4 headers in 158 bytes (1 switches on core 0)
2026-08-11 09:26:29.003 7 INFO neutron_taas.services.taas.taas_plugin [None req-cd39d64e-3ef5-48ae-abd9-cc26e825aabd 3a130575cfc046c2a36106b19750e8f7 aabc1af9ab534d799dded2c110bd5d93 - - default default] TaaS: Handle Delete Port: e15e1568-3500-413e-9c84-7903d25c2257
2026-08-11 09:26:29.005 7 INFO neutron_taas.services.taas.tap_mirror_plugin [None req-cd39d64e-3ef5-48ae-abd9-cc26e825aabd 3a130575cfc046c2a36106b19750e8f7 aabc1af9ab534d799dded2c110bd5d93 - - default default] Tap Mirror: Handle Delete Port: e15e1568-3500-413e-9c84-7903d25c2257
2026-08-11 09:26:29.114 8 WARNING neutron.scheduler.dhcp_agent_scheduler [None req-e11a4c6b-c3a2-4e5f-b9c9-dc9f2abff879 - - - - - -] No more DHCP agents
2026-08-11 09:26:29.118 8 WARNING neutron.api.rpc.agentnotifiers.dhcp_rpc_agent_api [None req-e11a4c6b-c3a2-4e5f-b9c9-dc9f2abff879 - - - - - -] Unable to schedule network 2d0964e5-5b13-4841-a29d-bbea6f7eaeb9: no agents available; will retry on subsequent port and subnet creation events. [pid: 7|app: 0|req: 1217/2613] 10.0.0.128 () {32 vars in 726 bytes} [Tue Aug 11 09:26:28 2026] DELETE /v2.0/networks/d1faedee-023c-4732-95be-65c3c98a36d0 => generated 0 bytes in 355 msecs (HTTP/1.1 204) 3 headers in 131 bytes (1 switches on core 0) [pid: 7|app: 0|req: 1218/2614] 10.0.0.156 () {34 vars in 965 bytes} [Tue Aug 11 09:26:29 2026] GET /v2.0/quotas/f3e53af19efb47a9a95fbb40b7e81d7a => generated 292 bytes in 11 msecs (HTTP/1.1 200) 4 headers in 157 bytes (1 switches on core 0) [pid: 7|app: 0|req: 1219/2615] 199.19.213.20 () {34 vars in 985 bytes} [Tue Aug 11 09:26:29 2026] GET /v2.0/networks?id=45fb8e11-728f-42ea-b70d-39491d8ba96a => generated 841 bytes in 49 msecs (HTTP/1.1 200) 4 headers in 157 bytes (1 switches on core 0) [pid: 7|app: 0|req: 1220/2616] 10.0.0.156 () {34 vars in 1002 bytes} [Tue Aug 11 09:26:29 2026] GET /v2.0/ports?tenant_id=f3e53af19efb47a9a95fbb40b7e81d7a&fields=id => generated 333 bytes in 144 msecs (HTTP/1.1 200) 4 headers in 157 bytes (1 switches on core 0) [pid: 7|app: 0|req: 1221/2617] 199.19.213.20 () {34 vars in 1055 bytes} [Tue Aug 11 09:26:29 2026] GET /v2.0/floatingips?fixed_ip_address=10.2.1.74&port_id=a75cc3b2-916d-48bf-a743-9349299ef013 => generated 859 bytes in 39 msecs (HTTP/1.1 200) 4 headers in 157 bytes (1 switches on core 0)
