2026-08-11 09:24:14.038 8 WARNING neutron.scheduler.dhcp_agent_scheduler [None req-bbbf6f5a-f228-40e1-8576-bbcc90414cb2 15bb8395e8054929994a71a2a251a6ec 4ffdb772632f46318e1c9fa92db874ce - - default default] No more DHCP agents
2026-08-11 09:24:14.040 8 WARNING neutron.api.rpc.agentnotifiers.dhcp_rpc_agent_api [None req-bbbf6f5a-f228-40e1-8576-bbcc90414cb2 15bb8395e8054929994a71a2a251a6ec 4ffdb772632f46318e1c9fa92db874ce - - default default] Unable to schedule network bb261a1a-1b1c-439b-b172-6f436ff1f5ad: no agents available; will retry on subsequent port and subnet creation events. [pid: 7|app: 0|req: 817/1811] 10.0.0.128 () {32 vars in 724 bytes} [Tue Aug 11 09:24:13 2026] DELETE /v2.0/routers/f4148f2c-fd13-4843-a4cd-36b13f765424 => generated 0 bytes in 188 msecs (HTTP/1.1 204) 2 headers in 112 bytes (1 switches on core 0) [pid: 7|app: 0|req: 818/1812] 10.0.0.128 () {32 vars in 724 bytes} [Tue Aug 11 09:24:14 2026] DELETE /v2.0/subnets/ffae2165-3f46-43d5-8df0-c715b632823f => generated 0 bytes in 131 msecs (HTTP/1.1 204) 3 headers in 131 bytes (1 switches on core 0)
2026-08-11 09:24:14.384 7 INFO neutron_taas.services.taas.taas_plugin [None req-4998e94f-af9a-48af-9e31-4fe120b5837e 63a369067e324fa883a8dc1b913a2430 ec58eb61d2794c3f9afed5788269bb2e - - default default] TaaS: Handle Delete Port: 760c6202-fb5d-4f61-9717-5a4581bad270
2026-08-11 09:24:14.387 7 INFO neutron_taas.services.taas.tap_mirror_plugin [None req-4998e94f-af9a-48af-9e31-4fe120b5837e 63a369067e324fa883a8dc1b913a2430 ec58eb61d2794c3f9afed5788269bb2e - - default default] Tap Mirror: Handle Delete Port: 760c6202-fb5d-4f61-9717-5a4581bad270
2026-08-11 09:24:14.452 8 INFO neutron.db.ovn_revision_numbers_db [None req-95b02a09-24ea-413c-ac17-0eab69969e40 - - - - - -] Successfully bumped revision number for resource 7fb84ef4-9e53-4977-9d52-d3a5485b6612 (type: ports) to 4
2026-08-11 09:24:14.585 7 INFO neutron.services.segments.plugin [-] Segment 37e6579b-f2f4-4a25-9f54-10a83e99c4f7 resource provider aggregate not found
2026-08-11 09:24:14.591 7 INFO neutron.services.segments.plugin [-] Segment 37e6579b-f2f4-4a25-9f54-10a83e99c4f7 resource provider aggregate not found
2026-08-11 09:24:14.602 7 INFO neutron.services.segments.plugin [-] Segment 37e6579b-f2f4-4a25-9f54-10a83e99c4f7 resource provider not found; error: Placement Client Error (4xx): {"errors": [{"status": 404, "title": "Not Found", "detail": "The resource could not be found.\n\n No resource provider with uuid 37e6579b-f2f4-4a25-9f54-10a83e99c4f7 found for delete ", "request_id": "req-e2358d72-1b17-4ffb-9312-1ea593adce77"}]}
2026-08-11 09:24:14.610 7 INFO neutron.services.segments.plugin [-] Segment 37e6579b-f2f4-4a25-9f54-10a83e99c4f7 resource provider not found; error: Placement Client Error (4xx): {"errors": [{"status": 404, "title": "Not Found", "detail": "The resource could not be found.\n\n No resource provider with uuid 37e6579b-f2f4-4a25-9f54-10a83e99c4f7 found for delete ", "request_id": "req-c5da0f3f-67ce-459d-8338-4ca09fb52614"}]} [pid: 7|app: 0|req: 819/1813] 10.0.0.128 () {32 vars in 726 bytes} [Tue Aug 11 09:24:14 2026] DELETE /v2.0/networks/415c8202-2228-4479-9669-e71d737a53ec => generated 0 bytes in 356 msecs (HTTP/1.1 204) 3 headers in 131 bytes (1 switches on core 0)
2026-08-11 09:24:14.742 7 INFO neutron.db.segments_db [None req-199481db-23c8-4931-85c0-4fa3d67e019f 63a369067e324fa883a8dc1b913a2430 ec58eb61d2794c3f9afed5788269bb2e - - default default] Added segment d06ec788-4814-4a25-bda0-0b15fe3d8538 of type geneve for network e1bbb821-b66a-4d5f-8b40-91510a3493c6
2026-08-11 09:24:14.871 7 INFO neutron.db.ovn_revision_numbers_db [None req-199481db-23c8-4931-85c0-4fa3d67e019f 63a369067e324fa883a8dc1b913a2430 ec58eb61d2794c3f9afed5788269bb2e - - default default] Successfully bumped revision number for resource e1bbb821-b66a-4d5f-8b40-91510a3493c6 (type: networks) to 1
2026-08-11 09:24:14.938 8 INFO neutron.db.ovn_revision_numbers_db [None req-a57c5d26-c9fe-4811-93ec-710fe37a5198 - - - - - -] Successfully bumped revision number for resource 83aa61e9-cb1f-4370-98e5-36dbf1f336e3 (type: ports) to 2
2026-08-11 09:24:15.006 8 INFO neutron.db.ovn_revision_numbers_db [None req-a57c5d26-c9fe-4811-93ec-710fe37a5198 - - - - - -] Successfully bumped revision number for resource a0474202-3969-4fd5-8d07-03c6e5ce6928 (type: subnets) to 0
2026-08-11 09:24:15.015 7 WARNING neutron.scheduler.dhcp_agent_scheduler [None req-199481db-23c8-4931-85c0-4fa3d67e019f 63a369067e324fa883a8dc1b913a2430 ec58eb61d2794c3f9afed5788269bb2e - - default default] No more DHCP agents
2026-08-11 09:24:15.016 7 WARNING neutron.api.rpc.agentnotifiers.dhcp_rpc_agent_api [None req-199481db-23c8-4931-85c0-4fa3d67e019f 63a369067e324fa883a8dc1b913a2430 ec58eb61d2794c3f9afed5788269bb2e - - default default] Unable to schedule network e1bbb821-b66a-4d5f-8b40-91510a3493c6: no agents available; will retry on subsequent port and subnet creation events. [pid: 8|app: 0|req: 995/1814] 10.0.0.128 () {34 vars in 669 bytes} [Tue Aug 11 09:24:13 2026] POST /v2.0/subnets => generated 657 bytes in 1366 msecs (HTTP/1.1 201) 4 headers in 162 bytes (1 switches on core 0)
2026-08-11 09:24:15.107 7 INFO neutron.db.ovn_revision_numbers_db [None req-199481db-23c8-4931-85c0-4fa3d67e019f 63a369067e324fa883a8dc1b913a2430 ec58eb61d2794c3f9afed5788269bb2e - - default default] Successfully bumped revision number for resource a21d698e-3c3f-457e-b8f9-c8fe4d445c37 (type: ports) to 1 [pid: 7|app: 0|req: 820/1815] 10.0.0.128 () {34 vars in 670 bytes} [Tue Aug 11 09:24:14 2026] POST /v2.0/networks => generated 652 bytes in 477 msecs (HTTP/1.1 201) 4 headers in 162 bytes (1 switches on core 0)
2026-08-11 09:24:15.144 8 INFO neutron.db.ovn_revision_numbers_db [None req-95b02a09-24ea-413c-ac17-0eab69969e40 - - - - - -] Successfully bumped revision number for resource 7fb84ef4-9e53-4977-9d52-d3a5485b6612 (type: ports) to 5
2026-08-11 09:24:15.323 7 WARNING neutron.scheduler.dhcp_agent_scheduler [None req-0e317173-fab2-49e6-9bde-3a1c1529ac9a 63a369067e324fa883a8dc1b913a2430 ec58eb61d2794c3f9afed5788269bb2e - - default default] No more DHCP agents
2026-08-11 09:24:15.324 7 WARNING neutron.api.rpc.agentnotifiers.dhcp_rpc_agent_api [None req-0e317173-fab2-49e6-9bde-3a1c1529ac9a 63a369067e324fa883a8dc1b913a2430 ec58eb61d2794c3f9afed5788269bb2e - - default default] Unable to schedule network e1bbb821-b66a-4d5f-8b40-91510a3493c6: no agents available; will retry on subsequent port and subnet creation events.
2026-08-11 09:24:15.349 7 INFO neutron.db.ovn_revision_numbers_db [None req-0e317173-fab2-49e6-9bde-3a1c1529ac9a 63a369067e324fa883a8dc1b913a2430 ec58eb61d2794c3f9afed5788269bb2e - - default default] Successfully bumped revision number for resource c66bddf0-fe16-4c6b-bae1-77821eb9e54a (type: subnets) to 0 [pid: 7|app: 0|req: 821/1816] 10.0.0.128 () {34 vars in 669 bytes} [Tue Aug 11 09:24:15 2026] POST /v2.0/subnets => generated 646 bytes in 231 msecs (HTTP/1.1 201) 4 headers in 162 bytes (1 switches on core 0)
2026-08-11 09:24:15.494 7 INFO neutron.db.ovn_revision_numbers_db [None req-9643f4ae-7f4f-4614-a0b5-1404ce09b8d1 63a369067e324fa883a8dc1b913a2430 ec58eb61d2794c3f9afed5788269bb2e - - default default] Successfully bumped revision number for resource 8a20f349-9ab0-4b6f-a007-83f3dd954788 (type: routers) to 1 [pid: 7|app: 0|req: 822/1817] 10.0.0.128 () {34 vars in 669 bytes} [Tue Aug 11 09:24:15 2026] POST /v2.0/routers => generated 606 bytes in 151 msecs (HTTP/1.1 201) 4 headers in 162 bytes (1 switches on core 0)
2026-08-11 09:24:15.691 8 WARNING neutron.scheduler.dhcp_agent_scheduler [None req-89f8aa78-8966-4e08-ba90-c7b049f85cad 15bb8395e8054929994a71a2a251a6ec 4ffdb772632f46318e1c9fa92db874ce - - default default] No more DHCP agents
2026-08-11 09:24:15.692 8 WARNING neutron.api.rpc.agentnotifiers.dhcp_rpc_agent_api [None req-89f8aa78-8966-4e08-ba90-c7b049f85cad 15bb8395e8054929994a71a2a251a6ec 4ffdb772632f46318e1c9fa92db874ce - - default default] Unable to schedule network bb261a1a-1b1c-439b-b172-6f436ff1f5ad: no agents available; will retry on subsequent port and subnet creation events.
2026-08-11 09:24:15.863 8 INFO neutron.db.ovn_revision_numbers_db [None req-89f8aa78-8966-4e08-ba90-c7b049f85cad 15bb8395e8054929994a71a2a251a6ec 4ffdb772632f46318e1c9fa92db874ce - - default default] Successfully bumped revision number for resource 3944bf28-f043-4646-84af-d9b963af87b1 (type: ports) to 1
2026-08-11 09:24:15.880 7 WARNING neutron.scheduler.dhcp_agent_scheduler [None req-b477cfc2-3a0b-46a1-a689-ff59d4f7bb63 63a369067e324fa883a8dc1b913a2430 ec58eb61d2794c3f9afed5788269bb2e - - default default] No more DHCP agents
2026-08-11 09:24:15.881 7 WARNING neutron.api.rpc.agentnotifiers.dhcp_rpc_agent_api [None req-b477cfc2-3a0b-46a1-a689-ff59d4f7bb63 63a369067e324fa883a8dc1b913a2430 ec58eb61d2794c3f9afed5788269bb2e - - default default] Unable to schedule network e1bbb821-b66a-4d5f-8b40-91510a3493c6: no agents available; will retry on subsequent port and subnet creation events.
2026-08-11 09:24:16.006 7 INFO neutron.db.ovn_revision_numbers_db [None req-b477cfc2-3a0b-46a1-a689-ff59d4f7bb63 63a369067e324fa883a8dc1b913a2430 ec58eb61d2794c3f9afed5788269bb2e - - default default] Successfully bumped revision number for resource 52fc8739-bda3-43cd-a812-ce82b91b8bcc (type: ports) to 1
2026-08-11 09:24:16.094 7 INFO neutron.plugins.ml2.drivers.ovn.mech_driver.mech_driver [None req-44743912-2917-41ac-87b3-f50a757be950 - - - - - -] OVN reports status down for port: a21d698e-3c3f-457e-b8f9-c8fe4d445c37
2026-08-11 09:24:16.207 7 INFO neutron.plugins.ml2.drivers.ovn.mech_driver.mech_driver [None req-44743912-2917-41ac-87b3-f50a757be950 - - - - - -] OVN reports status down for port: 52fc8739-bda3-43cd-a812-ce82b91b8bcc
2026-08-11 09:24:16.579 7 INFO neutron.plugins.ml2.drivers.ovn.mech_driver.mech_driver [None req-44743912-2917-41ac-87b3-f50a757be950 - - - - - -] OVN reports status up for port: 52fc8739-bda3-43cd-a812-ce82b91b8bcc
2026-08-11 09:24:16.600 7 INFO neutron.plugins.ml2.plugin [None req-44743912-2917-41ac-87b3-f50a757be950 - - - - - -] Attempt 1 to provision port 52fc8739-bda3-43cd-a812-ce82b91b8bcc
2026-08-11 09:24:16.635 8 WARNING neutron.scheduler.dhcp_agent_scheduler [None req-89f8aa78-8966-4e08-ba90-c7b049f85cad 15bb8395e8054929994a71a2a251a6ec 4ffdb772632f46318e1c9fa92db874ce - - default default] No more DHCP agents
2026-08-11 09:24:16.636 8 WARNING neutron.api.rpc.agentnotifiers.dhcp_rpc_agent_api [None req-89f8aa78-8966-4e08-ba90-c7b049f85cad 15bb8395e8054929994a71a2a251a6ec 4ffdb772632f46318e1c9fa92db874ce - - default default] Unable to schedule network bb261a1a-1b1c-439b-b172-6f436ff1f5ad: no agents available; will retry on subsequent port and subnet creation events.
2026-08-11 09:24:16.707 7 WARNING neutron.scheduler.dhcp_agent_scheduler [None req-b477cfc2-3a0b-46a1-a689-ff59d4f7bb63 63a369067e324fa883a8dc1b913a2430 ec58eb61d2794c3f9afed5788269bb2e - - default default] No more DHCP agents
2026-08-11 09:24:16.709 7 WARNING neutron.api.rpc.agentnotifiers.dhcp_rpc_agent_api [None req-b477cfc2-3a0b-46a1-a689-ff59d4f7bb63 63a369067e324fa883a8dc1b913a2430 ec58eb61d2794c3f9afed5788269bb2e - - default default] Unable to schedule network e1bbb821-b66a-4d5f-8b40-91510a3493c6: no agents available; will retry on subsequent port and subnet creation events.
2026-08-11 09:24:17.004 8 INFO neutron.db.ovn_revision_numbers_db [None req-89f8aa78-8966-4e08-ba90-c7b049f85cad 15bb8395e8054929994a71a2a251a6ec 4ffdb772632f46318e1c9fa92db874ce - - default default] Successfully bumped revision number for resource 3944bf28-f043-4646-84af-d9b963af87b1 (type: router_ports) to 1 [pid: 8|app: 0|req: 996/1818] 10.0.0.128 () {34 vars in 783 bytes} [Tue Aug 11 09:24:15 2026] PUT /v2.0/routers/86b07809-8d46-46be-826b-871451fe596c/add_router_interface => generated 309 bytes in 1970 msecs (HTTP/1.1 200) 4 headers in 157 bytes (1 switches on core 0) [pid: 8|app: 0|req: 999/1821] 10.0.0.224 () {32 vars in 802 bytes} [Tue Aug 11 09:24:17 2026] GET /v2.0/extensions => generated 20541 bytes in 5 msecs (HTTP/1.1 200) 4 headers in 159 bytes (1 switches on core 0) [pid: 8|app: 0|req: 1000/1822] 10.0.0.128 () {32 vars in 649 bytes} [Tue Aug 11 09:24:17 2026] GET /v2.0/networks => generated 3855 bytes in 53 msecs (HTTP/1.1 200) 4 headers in 158 bytes (1 switches on core 0) [pid: 8|app: 0|req: 1001/1823] 10.0.0.128 () {32 vars in 647 bytes} [Tue Aug 11 09:24:17 2026] GET /v2.0/subnets => generated 2627 bytes in 35 msecs (HTTP/1.1 200) 4 headers in 158 bytes (1 switches on core 0)
2026-08-11 09:24:17.120 7 INFO neutron.db.ovn_revision_numbers_db [None req-b477cfc2-3a0b-46a1-a689-ff59d4f7bb63 63a369067e324fa883a8dc1b913a2430 ec58eb61d2794c3f9afed5788269bb2e - - default default] Successfully bumped revision number for resource 52fc8739-bda3-43cd-a812-ce82b91b8bcc (type: router_ports) to 1 [pid: 7|app: 0|req: 823/1824] 10.0.0.128 () {34 vars in 783 bytes} [Tue Aug 11 09:24:15 2026] PUT /v2.0/routers/8a20f349-9ab0-4b6f-a007-83f3dd954788/add_router_interface => generated 309 bytes in 1609 msecs (HTTP/1.1 200) 4 headers in 157 bytes (1 switches on core 0) [pid: 8|app: 0|req: 1002/1825] 10.0.0.128 () {32 vars in 647 bytes} [Tue Aug 11 09:24:17 2026] GET /v2.0/routers => generated 1590 bytes in 84 msecs (HTTP/1.1 200) 4 headers in 158 bytes (1 switches on core 0) [pid: 7|app: 0|req: 824/1826] 10.0.0.128 () {32 vars in 717 bytes} [Tue Aug 11 09:24:17 2026] GET /v2.0/ports/52fc8739-bda3-43cd-a812-ce82b91b8bcc => generated 947 bytes in 80 msecs (HTTP/1.1 200) 4 headers in 157 bytes (1 switches on core 0) [pid: 8|app: 0|req: 1003/1827] 10.0.0.224 () {30 vars in 724 bytes} [Tue Aug 11 09:24:17 2026] GET /v2.0/quotas/5798b16b18ed4635a4c4655b6cf68118/details => generated 847 bytes in 79 msecs (HTTP/1.1 200) 4 headers in 157 bytes (1 switches on core 0) [pid: 7|app: 0|req: 825/1828] 10.0.0.128 () {32 vars in 717 bytes} [Tue Aug 11 09:24:17 2026] GET /v2.0/ports/52fc8739-bda3-43cd-a812-ce82b91b8bcc => generated 947 bytes in 77 msecs (HTTP/1.1 200) 4 headers in 157 bytes (1 switches on core 0)
2026-08-11 09:24:17.361 7 INFO neutron.db.ovn_revision_numbers_db [None req-44743912-2917-41ac-87b3-f50a757be950 - - - - - -] Successfully bumped revision number for resource 52fc8739-bda3-43cd-a812-ce82b91b8bcc (type: ports) to 2
2026-08-11 09:24:17.406 8 INFO neutron.db.ovn_revision_numbers_db [None req-15024fa5-9286-4442-925f-e21b4bcd1da4 15bb8395e8054929994a71a2a251a6ec 4ffdb772632f46318e1c9fa92db874ce - - default default] Successfully bumped revision number for resource 618e6150-7570-4893-961c-58b1668f195c (type: security_groups) to 1
2026-08-11 09:24:17.418 8 INFO neutron.db.ovn_revision_numbers_db [None req-15024fa5-9286-4442-925f-e21b4bcd1da4 15bb8395e8054929994a71a2a251a6ec 4ffdb772632f46318e1c9fa92db874ce - - default default] Successfully bumped revision number for resource 36ec674e-2ff1-44a8-80b3-18501bdf1643 (type: security_group_rules) to 0
2026-08-11 09:24:17.436 8 INFO neutron.db.ovn_revision_numbers_db [None req-15024fa5-9286-4442-925f-e21b4bcd1da4 15bb8395e8054929994a71a2a251a6ec 4ffdb772632f46318e1c9fa92db874ce - - default default] Successfully bumped revision number for resource ab7819ca-a1e9-4a38-b1ae-bb8becfb673a (type: security_group_rules) to 0 [pid: 8|app: 0|req: 1004/1829] 10.0.0.128 () {34 vars in 685 bytes} [Tue Aug 11 09:24:17 2026] POST /v2.0/security-groups => generated 1673 bytes in 195 msecs (HTTP/1.1 201) 4 headers in 163 bytes (1 switches on core 0)
2026-08-11 09:24:17.613 8 INFO neutron.db.ovn_revision_numbers_db [None req-667b7d7b-9f76-4f45-b959-824a319adcb5 15bb8395e8054929994a71a2a251a6ec 4ffdb772632f46318e1c9fa92db874ce - - default default] Successfully bumped revision number for resource b5a02b69-9e57-48e6-b311-9fad1c408476 (type: security_group_rules) to 0 [pid: 8|app: 0|req: 1005/1830] 10.0.0.128 () {34 vars in 695 bytes} [Tue Aug 11 09:24:17 2026] POST /v2.0/security-group-rules => generated 597 bytes in 161 msecs (HTTP/1.1 201) 4 headers in 162 bytes (1 switches on core 0)
2026-08-11 09:24:17.659 7 INFO neutron_taas.services.taas.taas_plugin [None req-af9f0d26-04db-4361-bea8-92b91af57c8a 63a369067e324fa883a8dc1b913a2430 ec58eb61d2794c3f9afed5788269bb2e - - default default] TaaS: Handle Delete Port: 52fc8739-bda3-43cd-a812-ce82b91b8bcc
2026-08-11 09:24:17.663 7 INFO neutron_taas.services.taas.tap_mirror_plugin [None req-af9f0d26-04db-4361-bea8-92b91af57c8a 63a369067e324fa883a8dc1b913a2430 ec58eb61d2794c3f9afed5788269bb2e - - default default] Tap Mirror: Handle Delete Port: 52fc8739-bda3-43cd-a812-ce82b91b8bcc
2026-08-11 09:24:17.761 8 INFO neutron.db.ovn_revision_numbers_db [None req-a302a9a0-6074-4ba3-9471-2ba92b7b00c0 15bb8395e8054929994a71a2a251a6ec 4ffdb772632f46318e1c9fa92db874ce - - default default] Successfully bumped revision number for resource 9bc78cad-8213-4f89-aeda-71ae9dfec201 (type: security_group_rules) to 0 [pid: 8|app: 0|req: 1006/1831] 10.0.0.128 () {34 vars in 695 bytes} [Tue Aug 11 09:24:17 2026] POST /v2.0/security-group-rules => generated 596 bytes in 151 msecs (HTTP/1.1 201) 4 headers in 162 bytes (1 switches on core 0)
2026-08-11 09:24:17.853 8 WARNING neutron.plugins.ml2.drivers.ovn.mech_driver.ovsdb.ovn_client [None req-76325ba6-73f3-43c1-af66-6f09e0adb445 - - - - - -] No port found with ID 8afba820-58c6-4862-954e-44ca40c49d11: RuntimeError: No port found with ID 8afba820-58c6-4862-954e-44ca40c49d11
2026-08-11 09:24:17.865 8 INFO neutron.plugins.ml2.drivers.ovn.mech_driver.mech_driver [None req-76325ba6-73f3-43c1-af66-6f09e0adb445 - - - - - -] OVN reports status down for port: 3944bf28-f043-4646-84af-d9b963af87b1
2026-08-11 09:24:17.980 8 WARNING neutron.plugins.ml2.drivers.ovn.mech_driver.ovsdb.ovn_client [None req-76325ba6-73f3-43c1-af66-6f09e0adb445 - - - - - -] Logical_Switch_Port %s host information not removed, the port state is up
2026-08-11 09:24:17.980 8 INFO neutron.plugins.ml2.drivers.ovn.mech_driver.mech_driver [None req-76325ba6-73f3-43c1-af66-6f09e0adb445 - - - - - -] OVN reports status up for port: 3944bf28-f043-4646-84af-d9b963af87b1 [pid: 7|app: 0|req: 826/1832] 10.0.0.128 () {34 vars in 789 bytes} [Tue Aug 11 09:24:17 2026] PUT /v2.0/routers/8a20f349-9ab0-4b6f-a007-83f3dd954788/remove_router_interface => generated 309 bytes in 688 msecs (HTTP/1.1 200) 4 headers in 157 bytes (1 switches on core 0) /var/lib/openstack/lib/python3.12/site-packages/pycadf/identifier.py:70: UserWarning: Invalid uuid: neutron. To ensure interoperability, identifiers should be a valid uuid. warnings.warn(('Invalid uuid: %s. To ensure interoperability, '
2026-08-11 09:24:18.002 8 INFO neutron.plugins.ml2.plugin [None req-76325ba6-73f3-43c1-af66-6f09e0adb445 - - - - - -] Attempt 1 to provision port 3944bf28-f043-4646-84af-d9b963af87b1 [pid: 7|app: 0|req: 827/1833] 10.0.0.128 () {32 vars in 736 bytes} [Tue Aug 11 09:24:17 2026] GET /v2.0/ports?device_id=8a20f349-9ab0-4b6f-a007-83f3dd954788 => generated 12 bytes in 27 msecs (HTTP/1.1 200) 4 headers in 156 bytes (1 switches on core 0)
2026-08-11 09:24:18.047 8 INFO neutron.db.ovn_revision_numbers_db [None req-3d3002c1-f074-4a10-a1ae-c9199d8c2cf0 15bb8395e8054929994a71a2a251a6ec 4ffdb772632f46318e1c9fa92db874ce - - default default] Successfully bumped revision number for resource e4faf77a-0572-4752-9af2-dce752469400 (type: security_group_rules) to 0 [pid: 8|app: 0|req: 1007/1834] 10.0.0.128 () {34 vars in 695 bytes} [Tue Aug 11 09:24:17 2026] POST /v2.0/security-group-rules => generated 602 bytes in 299 msecs (HTTP/1.1 201) 4 headers in 162 bytes (1 switches on core 0) [pid: 7|app: 0|req: 828/1835] 10.0.0.128 () {32 vars in 724 bytes} [Tue Aug 11 09:24:18 2026] DELETE /v2.0/routers/8a20f349-9ab0-4b6f-a007-83f3dd954788 => generated 0 bytes in 177 msecs (HTTP/1.1 204) 2 headers in 112 bytes (1 switches on core 0)
2026-08-11 09:24:18.340 8 INFO neutron.db.ovn_revision_numbers_db [None req-f6ab4be6-12b0-442b-8f0a-58fc24d6c94c 15bb8395e8054929994a71a2a251a6ec 4ffdb772632f46318e1c9fa92db874ce - - default default] Successfully bumped revision number for resource 205a3c7b-08e3-41e9-9d32-088b4ff0a851 (type: security_group_rules) to 0 [pid: 7|app: 0|req: 829/1836] 10.0.0.128 () {32 vars in 724 bytes} [Tue Aug 11 09:24:18 2026] DELETE /v2.0/subnets/c66bddf0-fe16-4c6b-bae1-77821eb9e54a => generated 0 bytes in 142 msecs (HTTP/1.1 204) 3 headers in 131 bytes (1 switches on core 0) [pid: 8|app: 0|req: 1008/1837] 10.0.0.128 () {34 vars in 695 bytes} [Tue Aug 11 09:24:18 2026] POST /v2.0/security-group-rules => generated 601 bytes in 275 msecs (HTTP/1.1 201) 4 headers in 162 bytes (1 switches on core 0)
2026-08-11 09:24:18.445 8 INFO neutron.db.securitygroups_db [None req-5a16c388-032c-4d26-b1df-d541bedd46f4 15bb8395e8054929994a71a2a251a6ec 4ffdb772632f46318e1c9fa92db874ce - - default default] Project 4ffdb772632f46318e1c9fa92db874ce added a security group rule with legacy IPv6 ICMP protocol name icmp, ipv6-icmp should be used instead. It was automatically converted.
2026-08-11 09:24:18.460 7 INFO neutron_taas.services.taas.taas_plugin [None req-a6dbbfe2-b7fd-4c3e-a7d3-b195dfb63b24 63a369067e324fa883a8dc1b913a2430 ec58eb61d2794c3f9afed5788269bb2e - - default default] TaaS: Handle Delete Port: a21d698e-3c3f-457e-b8f9-c8fe4d445c37
2026-08-11 09:24:18.465 7 INFO neutron_taas.services.taas.tap_mirror_plugin [None req-a6dbbfe2-b7fd-4c3e-a7d3-b195dfb63b24 63a369067e324fa883a8dc1b913a2430 ec58eb61d2794c3f9afed5788269bb2e - - default default] Tap Mirror: Handle Delete Port: a21d698e-3c3f-457e-b8f9-c8fe4d445c37
2026-08-11 09:24:18.624 7 INFO neutron.services.segments.plugin [-] Segment d06ec788-4814-4a25-bda0-0b15fe3d8538 resource provider aggregate not found
2026-08-11 09:24:18.639 7 INFO neutron.services.segments.plugin [-] Segment d06ec788-4814-4a25-bda0-0b15fe3d8538 resource provider aggregate not found
2026-08-11 09:24:18.645 7 INFO neutron.services.segments.plugin [-] Segment d06ec788-4814-4a25-bda0-0b15fe3d8538 resource provider not found; error: Placement Client Error (4xx): {"errors": [{"status": 404, "title": "Not Found", "detail": "The resource could not be found.\n\n No resource provider with uuid d06ec788-4814-4a25-bda0-0b15fe3d8538 found for delete ", "request_id": "req-861584ea-236a-4eaf-a09a-549a1afaab99"}]}
2026-08-11 09:24:18.654 8 INFO neutron.db.ovn_revision_numbers_db [None req-76325ba6-73f3-43c1-af66-6f09e0adb445 - - - - - -] Successfully bumped revision number for resource 3944bf28-f043-4646-84af-d9b963af87b1 (type: ports) to 2 [pid: 7|app: 0|req: 830/1838] 10.0.0.128 () {32 vars in 726 bytes} [Tue Aug 11 09:24:18 2026] DELETE /v2.0/networks/e1bbb821-b66a-4d5f-8b40-91510a3493c6 => generated 0 bytes in 311 msecs (HTTP/1.1 204) 3 headers in 131 bytes (1 switches on core 0)
2026-08-11 09:24:18.662 7 INFO neutron.services.segments.plugin [-] Segment d06ec788-4814-4a25-bda0-0b15fe3d8538 resource provider not found; error: Placement Client Error (4xx): {"errors": [{"status": 404, "title": "Not Found", "detail": "The resource could not be found.\n\n No resource provider with uuid d06ec788-4814-4a25-bda0-0b15fe3d8538 found for delete ", "request_id": "req-3dd6f3a7-709e-486f-b608-f99537236abd"}]}
2026-08-11 09:24:18.694 8 INFO neutron.db.ovn_revision_numbers_db [None req-5a16c388-032c-4d26-b1df-d541bedd46f4 15bb8395e8054929994a71a2a251a6ec 4ffdb772632f46318e1c9fa92db874ce - - default default] Successfully bumped revision number for resource 4bfb266d-4175-4336-8194-df82e4678ef9 (type: security_group_rules) to 0 [pid: 8|app: 0|req: 1009/1839] 10.0.0.128 () {34 vars in 695 bytes} [Tue Aug 11 09:24:18 2026] POST /v2.0/security-group-rules => generated 607 bytes in 364 msecs (HTTP/1.1 201) 4 headers in 162 bytes (1 switches on core 0)
2026-08-11 09:24:18.818 8 INFO neutron.db.securitygroups_db [None req-ff2fbb52-94c9-45d5-99a7-158dd043e416 15bb8395e8054929994a71a2a251a6ec 4ffdb772632f46318e1c9fa92db874ce - - default default] Project 4ffdb772632f46318e1c9fa92db874ce added a security group rule with legacy IPv6 ICMP protocol name icmp, ipv6-icmp should be used instead. It was automatically converted.
2026-08-11 09:24:18.933 8 INFO neutron.db.ovn_revision_numbers_db [None req-ff2fbb52-94c9-45d5-99a7-158dd043e416 15bb8395e8054929994a71a2a251a6ec 4ffdb772632f46318e1c9fa92db874ce - - default default] Successfully bumped revision number for resource 0645283f-4914-4347-ac0a-f8d7b3e5ecf3 (type: security_group_rules) to 0 [pid: 8|app: 0|req: 1010/1840] 10.0.0.128 () {34 vars in 695 bytes} [Tue Aug 11 09:24:18 2026] POST /v2.0/security-group-rules => generated 606 bytes in 202 msecs (HTTP/1.1 201) 4 headers in 162 bytes (1 switches on core 0)
2026-08-11 09:24:19.077 7 WARNING neutron.scheduler.dhcp_agent_scheduler [None req-acc435a2-08da-429b-a478-46936acb4514 63a369067e324fa883a8dc1b913a2430 ec58eb61d2794c3f9afed5788269bb2e - - default default] No more DHCP agents
2026-08-11 09:24:19.078 7 WARNING neutron.api.rpc.agentnotifiers.dhcp_rpc_agent_api [None req-acc435a2-08da-429b-a478-46936acb4514 63a369067e324fa883a8dc1b913a2430 ec58eb61d2794c3f9afed5788269bb2e - - default default] Unable to schedule network b5dfb650-4d86-428f-a890-5991c4032ff2: no agents available; will retry on subsequent port and subnet creation events.
2026-08-11 09:24:19.228 7 INFO neutron.db.ovn_revision_numbers_db [None req-acc435a2-08da-429b-a478-46936acb4514 63a369067e324fa883a8dc1b913a2430 ec58eb61d2794c3f9afed5788269bb2e - - default default] Successfully bumped revision number for resource b505e0d2-4f56-4550-941e-ccc5e3f6313e (type: ports) to 1 [pid: 8|app: 0|req: 1011/1841] 10.0.0.128 () {32 vars in 649 bytes} [Tue Aug 11 09:24:19 2026] GET /v2.0/networks => generated 1374 bytes in 99 msecs (HTTP/1.1 200) 4 headers in 158 bytes (1 switches on core 0) [pid: 8|app: 0|req: 1012/1842] 10.0.0.156 () {34 vars in 1098 bytes} [Tue Aug 11 09:24:19 2026] GET /v2.0/security-groups?name=tempest-secgroup-smoke-921656108&fields=id&tenant_id=4ffdb772632f46318e1c9fa92db874ce => generated 69 bytes in 28 msecs (HTTP/1.1 200) 4 headers in 156 bytes (1 switches on core 0) [pid: 8|app: 0|req: 1013/1843] 10.0.0.156 () {34 vars in 982 bytes} [Tue Aug 11 09:24:19 2026] GET /v2.0/networks?id=bb261a1a-1b1c-439b-b172-6f436ff1f5ad => generated 699 bytes in 48 msecs (HTTP/1.1 200) 4 headers in 157 bytes (1 switches on core 0) [pid: 8|app: 0|req: 1014/1844] 10.0.0.156 () {34 vars in 965 bytes} [Tue Aug 11 09:24:19 2026] GET /v2.0/quotas/4ffdb772632f46318e1c9fa92db874ce => generated 292 bytes in 8 msecs (HTTP/1.1 200) 4 headers in 157 bytes (1 switches on core 0) [pid: 8|app: 0|req: 1015/1845] 10.0.0.156 () {34 vars in 1002 bytes} [Tue Aug 11 09:24:19 2026] GET /v2.0/ports?tenant_id=4ffdb772632f46318e1c9fa92db874ce&fields=id => generated 103 bytes in 61 msecs (HTTP/1.1 200) 4 headers in 157 bytes (1 switches on core 0) [pid: 8|app: 0|req: 1016/1846] 10.0.0.156 () {34 vars in 1008 bytes} [Tue Aug 11 09:24:19 2026] GET /v2.0/networks/bb261a1a-1b1c-439b-b172-6f436ff1f5ad?fields=segments => generated 14 bytes in 39 msecs (HTTP/1.1 200) 4 headers in 156 bytes (1 switches on core 0) [pid: 8|app: 0|req: 1017/1847] 10.0.0.156 () {34 vars in 1108 bytes} [Tue Aug 11 09:24:19 2026] GET /v2.0/networks/bb261a1a-1b1c-439b-b172-6f436ff1f5ad?fields=provider%3Aphysical_network&fields=provider%3Anetwork_type => generated 79 bytes in 38 msecs (HTTP/1.1 200) 4 headers in 156 bytes (1 switches on core 0)
2026-08-11 09:24:19.863 7 INFO neutron.plugins.ml2.drivers.ovn.mech_driver.ovsdb.commands [None req-13b32054-fc6a-49f2-a04c-2cdbbd31d0c0 - - - - - -] Schedule LRP lrp-b505e0d2-4f56-4550-941e-ccc5e3f6313e on gateway a820cdc8-1183-4a95-8ab5-40e967ae87c3 with priority 1 [pid: 8|app: 0|req: 1018/1848] 10.0.0.156 () {34 vars in 990 bytes} [Tue Aug 11 09:24:19 2026] GET /v2.0/ports?device_id=d53645b0-0774-4719-8b5a-1c79f077e503 => generated 12 bytes in 41 msecs (HTTP/1.1 200) 4 headers in 156 bytes (1 switches on core 0)
2026-08-11 09:24:19.942 7 INFO neutron.db.ovn_revision_numbers_db [None req-acc435a2-08da-429b-a478-46936acb4514 63a369067e324fa883a8dc1b913a2430 ec58eb61d2794c3f9afed5788269bb2e - - default default] Successfully bumped revision number for resource b505e0d2-4f56-4550-941e-ccc5e3f6313e (type: router_ports) to 1
2026-08-11 09:24:20.007 7 INFO neutron.db.ovn_revision_numbers_db [None req-acc435a2-08da-429b-a478-46936acb4514 63a369067e324fa883a8dc1b913a2430 ec58eb61d2794c3f9afed5788269bb2e - - default default] Successfully bumped revision number for resource 805e1661-6df8-42d1-bcbd-76e3d26e5cff (type: routers) to 2 [pid: 7|app: 0|req: 831/1849] 10.0.0.128 () {34 vars in 669 bytes} [Tue Aug 11 09:24:18 2026] POST /v2.0/routers => generated 951 bytes in 1359 msecs (HTTP/1.1 201) 4 headers in 162 bytes (1 switches on core 0) [pid: 8|app: 0|req: 1019/1850] 10.0.0.128 () {32 vars in 721 bytes} [Tue Aug 11 09:24:20 2026] GET /v2.0/routers/805e1661-6df8-42d1-bcbd-76e3d26e5cff => generated 957 bytes in 62 msecs (HTTP/1.1 200) 4 headers in 157 bytes (1 switches on core 0) [pid: 7|app: 0|req: 832/1851] 10.0.0.128 () {32 vars in 647 bytes} [Tue Aug 11 09:24:20 2026] GET /v2.0/routers => generated 960 bytes in 84 msecs (HTTP/1.1 200) 4 headers in 157 bytes (1 switches on core 0)
2026-08-11 09:24:20.582 7 INFO neutron.db.ovn_revision_numbers_db [None req-7c17d49a-feea-43e8-b269-bd311564045c 03a0d8cd0a8b461fa7a58bcc4d1925a6 f5bac3ed306e4341b104836a7ee932a4 - - default default] Successfully bumped revision number for resource 969282b1-5f73-4200-8c16-33d9f4c2f1ab (type: security_groups) to 1
2026-08-11 09:24:20.593 7 INFO neutron.db.ovn_revision_numbers_db [None req-7c17d49a-feea-43e8-b269-bd311564045c 03a0d8cd0a8b461fa7a58bcc4d1925a6 f5bac3ed306e4341b104836a7ee932a4 - - default default] Successfully bumped revision number for resource 0878e9fc-65b4-425f-90e5-8cd93a40ae82 (type: security_group_rules) to 0
2026-08-11 09:24:20.607 7 INFO neutron.db.ovn_revision_numbers_db [None req-7c17d49a-feea-43e8-b269-bd311564045c 03a0d8cd0a8b461fa7a58bcc4d1925a6 f5bac3ed306e4341b104836a7ee932a4 - - default default] Successfully bumped revision number for resource 2e443abd-07bc-4cd5-a902-7c4d2bfecacb (type: security_group_rules) to 0
2026-08-11 09:24:20.613 8 INFO neutron.db.ovn_revision_numbers_db [None req-bda4a8c5-2448-4e5f-b348-703e8c9f4c30 63a369067e324fa883a8dc1b913a2430 ec58eb61d2794c3f9afed5788269bb2e - - default default] Successfully bumped revision number for resource 805e1661-6df8-42d1-bcbd-76e3d26e5cff (type: routers) to 3 [pid: 8|app: 0|req: 1020/1852] 10.0.0.128 () {34 vars in 741 bytes} [Tue Aug 11 09:24:20 2026] PUT /v2.0/routers/805e1661-6df8-42d1-bcbd-76e3d26e5cff => generated 964 bytes in 437 msecs (HTTP/1.1 200) 4 headers in 157 bytes (1 switches on core 0)
2026-08-11 09:24:20.623 7 INFO neutron.db.ovn_revision_numbers_db [None req-7c17d49a-feea-43e8-b269-bd311564045c 03a0d8cd0a8b461fa7a58bcc4d1925a6 f5bac3ed306e4341b104836a7ee932a4 - - default default] Successfully bumped revision number for resource 3c15567d-49a4-4f4c-8412-e60fa01455bd (type: security_group_rules) to 0
2026-08-11 09:24:20.634 7 INFO neutron.db.ovn_revision_numbers_db [None req-7c17d49a-feea-43e8-b269-bd311564045c 03a0d8cd0a8b461fa7a58bcc4d1925a6 f5bac3ed306e4341b104836a7ee932a4 - - default default] Successfully bumped revision number for resource 8f773fb2-cd36-47a1-ae94-5510bd19e1bf (type: security_group_rules) to 0 [pid: 7|app: 0|req: 833/1853] 10.0.0.128 () {32 vars in 774 bytes} [Tue Aug 11 09:24:20 2026] GET /v2.0/security-groups?tenant_id=5798b16b18ed4635a4c4655b6cf68118&name=default => generated 2925 bytes in 340 msecs (HTTP/1.1 200) 4 headers in 158 bytes (1 switches on core 0) [pid: 8|app: 0|req: 1021/1854] 10.0.0.128 () {32 vars in 721 bytes} [Tue Aug 11 09:24:20 2026] GET /v2.0/routers/805e1661-6df8-42d1-bcbd-76e3d26e5cff => generated 964 bytes in 57 msecs (HTTP/1.1 200) 4 headers in 157 bytes (1 switches on core 0) [pid: 8|app: 0|req: 1022/1855] 10.0.0.128 () {32 vars in 736 bytes} [Tue Aug 11 09:24:20 2026] GET /v2.0/ports?device_id=805e1661-6df8-42d1-bcbd-76e3d26e5cff => generated 12 bytes in 16 msecs (HTTP/1.1 200) 4 headers in 156 bytes (1 switches on core 0) [pid: 7|app: 0|req: 834/1856] 10.0.0.128 () {32 vars in 740 bytes} [Tue Aug 11 09:24:20 2026] DELETE /v2.0/security-groups/969282b1-5f73-4200-8c16-33d9f4c2f1ab => generated 0 bytes in 253 msecs (HTTP/1.1 204) 2 headers in 112 bytes (1 switches on core 0) [pid: 7|app: 0|req: 835/1857] 10.0.0.156 () {34 vars in 990 bytes} [Tue Aug 11 09:24:20 2026] GET /v2.0/ports?device_id=d53645b0-0774-4719-8b5a-1c79f077e503 => generated 12 bytes in 13 msecs (HTTP/1.1 200) 4 headers in 156 bytes (1 switches on core 0)
2026-08-11 09:24:21.058 8 INFO neutron_taas.services.taas.taas_plugin [None req-b727660b-63be-4b2d-9b70-f082ae2e6ba4 63a369067e324fa883a8dc1b913a2430 ec58eb61d2794c3f9afed5788269bb2e - - default default] TaaS: Handle Delete Port: b505e0d2-4f56-4550-941e-ccc5e3f6313e
2026-08-11 09:24:21.061 8 INFO neutron_taas.services.taas.tap_mirror_plugin [None req-b727660b-63be-4b2d-9b70-f082ae2e6ba4 63a369067e324fa883a8dc1b913a2430 ec58eb61d2794c3f9afed5788269bb2e - - default default] Tap Mirror: Handle Delete Port: b505e0d2-4f56-4550-941e-ccc5e3f6313e [pid: 8|app: 0|req: 1023/1858] 10.0.0.128 () {32 vars in 724 bytes} [Tue Aug 11 09:24:20 2026] DELETE /v2.0/routers/805e1661-6df8-42d1-bcbd-76e3d26e5cff => generated 0 bytes in 746 msecs (HTTP/1.1 204) 2 headers in 112 bytes (1 switches on core 0) [pid: 7|app: 0|req: 836/1859] 10.0.0.128 () {32 vars in 736 bytes} [Tue Aug 11 09:24:21 2026] GET /v2.0/ports?device_id=805e1661-6df8-42d1-bcbd-76e3d26e5cff => generated 12 bytes in 21 msecs (HTTP/1.1 200) 4 headers in 156 bytes (1 switches on core 0)
2026-08-11 09:24:21.505 8 INFO neutron.api.v2.resource [None req-7d27a1a9-4f79-4709-9893-71a5eead93d9 63a369067e324fa883a8dc1b913a2430 ec58eb61d2794c3f9afed5788269bb2e - - default default] delete failed (client error): The resource could not be found. [pid: 8|app: 0|req: 1024/1860] 10.0.0.128 () {32 vars in 724 bytes} [Tue Aug 11 09:24:21 2026] DELETE /v2.0/routers/805e1661-6df8-42d1-bcbd-76e3d26e5cff => generated 135 bytes in 23 msecs (HTTP/1.1 404) 4 headers in 164 bytes (1 switches on core 0) [pid: 7|app: 0|req: 837/1861] 10.0.0.128 () {32 vars in 736 bytes} [Tue Aug 11 09:24:21 2026] GET /v2.0/ports?device_id=8a20f349-9ab0-4b6f-a007-83f3dd954788 => generated 12 bytes in 19 msecs (HTTP/1.1 200) 4 headers in 156 bytes (1 switches on core 0)
2026-08-11 09:24:21.550 8 INFO neutron.api.v2.resource [None req-fb5d606c-7eee-4c80-9b3e-0671f3bcc206 63a369067e324fa883a8dc1b913a2430 ec58eb61d2794c3f9afed5788269bb2e - - default default] delete failed (client error): The resource could not be found. [pid: 8|app: 0|req: 1025/1862] 10.0.0.128 () {32 vars in 724 bytes} [Tue Aug 11 09:24:21 2026] DELETE /v2.0/routers/8a20f349-9ab0-4b6f-a007-83f3dd954788 => generated 135 bytes in 17 msecs (HTTP/1.1 404) 4 headers in 164 bytes (1 switches on core 0)
2026-08-11 09:24:21.568 7 INFO neutron.pecan_wsgi.hooks.translation [None req-d004ed71-7c45-41b8-9149-a04beb63d6b6 63a369067e324fa883a8dc1b913a2430 ec58eb61d2794c3f9afed5788269bb2e - - default default] DELETE failed (client error): The resource could not be found. [pid: 7|app: 0|req: 838/1863] 10.0.0.128 () {32 vars in 724 bytes} [Tue Aug 11 09:24:21 2026] DELETE /v2.0/subnets/c66bddf0-fe16-4c6b-bae1-77821eb9e54a => generated 136 bytes in 16 msecs (HTTP/1.1 404) 4 headers in 164 bytes (1 switches on core 0) [pid: 8|app: 0|req: 1026/1864] 10.0.0.128 () {32 vars in 736 bytes} [Tue Aug 11 09:24:21 2026] GET /v2.0/ports?device_id=f4148f2c-fd13-4843-a4cd-36b13f765424 => generated 12 bytes in 21 msecs (HTTP/1.1 200) 4 headers in 156 bytes (1 switches on core 0)
2026-08-11 09:24:21.619 7 INFO neutron.api.v2.resource [None req-f80a93ee-404f-421f-aa00-e1c7d24c6532 63a369067e324fa883a8dc1b913a2430 ec58eb61d2794c3f9afed5788269bb2e - - default default] delete failed (client error): The resource could not be found. [pid: 7|app: 0|req: 839/1865] 10.0.0.128 () {32 vars in 724 bytes} [Tue Aug 11 09:24:21 2026] DELETE /v2.0/routers/f4148f2c-fd13-4843-a4cd-36b13f765424 => generated 135 bytes in 20 msecs (HTTP/1.1 404) 4 headers in 164 bytes (1 switches on core 0)
2026-08-11 09:24:21.638 8 INFO neutron.pecan_wsgi.hooks.translation [None req-831c471c-82da-4fd4-8d17-bd90debab8a5 63a369067e324fa883a8dc1b913a2430 ec58eb61d2794c3f9afed5788269bb2e - - default default] DELETE failed (client error): The resource could not be found. [pid: 8|app: 0|req: 1027/1866] 10.0.0.128 () {32 vars in 724 bytes} [Tue Aug 11 09:24:21 2026] DELETE /v2.0/subnets/ffae2165-3f46-43d5-8df0-c715b632823f => generated 136 bytes in 16 msecs (HTTP/1.1 404) 4 headers in 164 bytes (1 switches on core 0) [pid: 7|app: 0|req: 840/1867] 10.0.0.128 () {32 vars in 736 bytes} [Tue Aug 11 09:24:21 2026] GET /v2.0/ports?device_id=fdc9f722-59ee-43f8-be57-308c11973306 => generated 12 bytes in 20 msecs (HTTP/1.1 200) 4 headers in 156 bytes (1 switches on core 0)
2026-08-11 09:24:21.682 7 WARNING neutron.plugins.ml2.drivers.ovn.mech_driver.ovsdb.ovn_client [None req-f7cbb9ea-bd26-47cb-9efa-85750c6b2e5b - - - - - -] No port found with ID 52fc8739-bda3-43cd-a812-ce82b91b8bcc: RuntimeError: No port found with ID 52fc8739-bda3-43cd-a812-ce82b91b8bcc
2026-08-11 09:24:21.691 8 INFO neutron.api.v2.resource [None req-dfc2fd63-ce51-4b7c-ae32-8b522c418325 63a369067e324fa883a8dc1b913a2430 ec58eb61d2794c3f9afed5788269bb2e - - default default] delete failed (client error): The resource could not be found. [pid: 8|app: 0|req: 1028/1868] 10.0.0.128 () {32 vars in 724 bytes} [Tue Aug 11 09:24:21 2026] DELETE /v2.0/routers/fdc9f722-59ee-43f8-be57-308c11973306 => generated 135 bytes in 23 msecs (HTTP/1.1 404) 4 headers in 164 bytes (1 switches on core 0)
2026-08-11 09:24:21.701 7 INFO neutron.plugins.ml2.drivers.ovn.mech_driver.mech_driver [None req-f7cbb9ea-bd26-47cb-9efa-85750c6b2e5b - - - - - -] OVN reports status down for port: b505e0d2-4f56-4550-941e-ccc5e3f6313e
2026-08-11 09:24:21.718 7 INFO neutron.plugins.ml2.drivers.ovn.mech_driver.mech_driver [None req-f7cbb9ea-bd26-47cb-9efa-85750c6b2e5b - - - - - -] OVN reports status up for port: b505e0d2-4f56-4550-941e-ccc5e3f6313e
2026-08-11 09:24:21.719 7 INFO neutron.pecan_wsgi.hooks.translation [None req-85dfa2cc-d420-4bda-940d-44e8ecfeca7a 63a369067e324fa883a8dc1b913a2430 ec58eb61d2794c3f9afed5788269bb2e - - default default] DELETE failed (client error): The resource could not be found. [pid: 7|app: 0|req: 841/1869] 10.0.0.128 () {32 vars in 724 bytes} [Tue Aug 11 09:24:21 2026] DELETE /v2.0/subnets/8558a2e0-e4cb-45b3-8a12-08e46b858058 => generated 136 bytes in 29 msecs (HTTP/1.1 404) 4 headers in 164 bytes (1 switches on core 0)
2026-08-11 09:24:21.745 8 INFO neutron.pecan_wsgi.hooks.translation [None req-6ba86cbc-f523-4b30-8335-29ba3722df61 63a369067e324fa883a8dc1b913a2430 ec58eb61d2794c3f9afed5788269bb2e - - default default] DELETE failed (client error): The resource could not be found. [pid: 8|app: 0|req: 1029/1870] 10.0.0.128 () {32 vars in 724 bytes} [Tue Aug 11 09:24:21 2026] DELETE /v2.0/subnets/73e1410f-f321-4239-812d-b085bf87c283 => generated 136 bytes in 19 msecs (HTTP/1.1 404) 4 headers in 164 bytes (1 switches on core 0) [pid: 7|app: 0|req: 842/1871] 10.0.0.156 () {34 vars in 990 bytes} [Tue Aug 11 09:24:22 2026] GET /v2.0/ports?device_id=d53645b0-0774-4719-8b5a-1c79f077e503 => generated 12 bytes in 19 msecs (HTTP/1.1 200) 4 headers in 156 bytes (1 switches on core 0) [pid: 8|app: 0|req: 1030/1872] 10.0.0.128 () {32 vars in 774 bytes} [Tue Aug 11 09:24:22 2026] GET /v2.0/security-groups?tenant_id=ec58eb61d2794c3f9afed5788269bb2e&name=default => generated 2925 bytes in 104 msecs (HTTP/1.1 200) 4 headers in 158 bytes (1 switches on core 0) [pid: 7|app: 0|req: 843/1873] 10.0.0.128 () {32 vars in 740 bytes} [Tue Aug 11 09:24:22 2026] DELETE /v2.0/security-groups/22b0edd7-6927-4281-911d-ed86de81bc53 => generated 0 bytes in 239 msecs (HTTP/1.1 204) 2 headers in 112 bytes (1 switches on core 0)
2026-08-11 09:24:22.974 8 INFO neutron.db.ovn_revision_numbers_db [None req-7813187b-cd6d-40f2-8a54-565a029d3f27 03a0d8cd0a8b461fa7a58bcc4d1925a6 f5bac3ed306e4341b104836a7ee932a4 - - default default] Successfully bumped revision number for resource a532a427-a455-40a1-96c0-5de23847bd2e (type: security_groups) to 1
2026-08-11 09:24:22.988 8 INFO neutron.db.ovn_revision_numbers_db [None req-7813187b-cd6d-40f2-8a54-565a029d3f27 03a0d8cd0a8b461fa7a58bcc4d1925a6 f5bac3ed306e4341b104836a7ee932a4 - - default default] Successfully bumped revision number for resource 4d7cd31d-2185-492a-ac93-344329ddfffa (type: security_group_rules) to 0
2026-08-11 09:24:22.999 8 INFO neutron.db.ovn_revision_numbers_db [None req-7813187b-cd6d-40f2-8a54-565a029d3f27 03a0d8cd0a8b461fa7a58bcc4d1925a6 f5bac3ed306e4341b104836a7ee932a4 - - default default] Successfully bumped revision number for resource 57e01238-7d2f-4ab2-b17d-095831b11bed (type: security_group_rules) to 0
2026-08-11 09:24:23.010 8 INFO neutron.db.ovn_revision_numbers_db [None req-7813187b-cd6d-40f2-8a54-565a029d3f27 03a0d8cd0a8b461fa7a58bcc4d1925a6 f5bac3ed306e4341b104836a7ee932a4 - - default default] Successfully bumped revision number for resource 6ea43d91-cd9e-404f-aaf9-f97369e3b1b9 (type: security_group_rules) to 0
2026-08-11 09:24:23.021 8 INFO neutron.db.ovn_revision_numbers_db [None req-7813187b-cd6d-40f2-8a54-565a029d3f27 03a0d8cd0a8b461fa7a58bcc4d1925a6 f5bac3ed306e4341b104836a7ee932a4 - - default default] Successfully bumped revision number for resource f9b2f260-0773-4285-ab22-3a709542269d (type: security_group_rules) to 0
2026-08-11 09:24:23.090 8 INFO neutron.db.segments_db [None req-7813187b-cd6d-40f2-8a54-565a029d3f27 03a0d8cd0a8b461fa7a58bcc4d1925a6 f5bac3ed306e4341b104836a7ee932a4 - - default default] Added segment 4ca16d8d-71f9-4bc6-b78d-c51a2272b66c of type geneve for network 688275c7-d07d-4a5a-a976-34e1aef7316f [pid: 7|app: 0|req: 844/1874] 10.0.0.156 () {34 vars in 990 bytes} [Tue Aug 11 09:24:23 2026] GET /v2.0/ports?device_id=d53645b0-0774-4719-8b5a-1c79f077e503 => generated 12 bytes in 25 msecs (HTTP/1.1 200) 4 headers in 156 bytes (1 switches on core 0)
2026-08-11 09:24:23.205 8 INFO neutron.db.ovn_revision_numbers_db [None req-7813187b-cd6d-40f2-8a54-565a029d3f27 03a0d8cd0a8b461fa7a58bcc4d1925a6 f5bac3ed306e4341b104836a7ee932a4 - - default default] Successfully bumped revision number for resource 688275c7-d07d-4a5a-a976-34e1aef7316f (type: networks) to 1
2026-08-11 09:24:23.354 8 WARNING neutron.scheduler.dhcp_agent_scheduler [None req-7813187b-cd6d-40f2-8a54-565a029d3f27 03a0d8cd0a8b461fa7a58bcc4d1925a6 f5bac3ed306e4341b104836a7ee932a4 - - default default] No more DHCP agents
2026-08-11 09:24:23.355 8 WARNING neutron.api.rpc.agentnotifiers.dhcp_rpc_agent_api [None req-7813187b-cd6d-40f2-8a54-565a029d3f27 03a0d8cd0a8b461fa7a58bcc4d1925a6 f5bac3ed306e4341b104836a7ee932a4 - - default default] Unable to schedule network 688275c7-d07d-4a5a-a976-34e1aef7316f: no agents available; will retry on subsequent port and subnet creation events.
2026-08-11 09:24:23.465 8 INFO neutron.db.ovn_revision_numbers_db [None req-7813187b-cd6d-40f2-8a54-565a029d3f27 03a0d8cd0a8b461fa7a58bcc4d1925a6 f5bac3ed306e4341b104836a7ee932a4 - - default default] Successfully bumped revision number for resource b332afc5-72ed-4b13-aa6e-3b0a25123158 (type: ports) to 1
2026-08-11 09:24:23.473 8 WARNING neutron.plugins.ml2.drivers.ovn.mech_driver.ovsdb.ovn_client [None req-6e2c7ca6-31e8-4c9f-b4d7-094f1c964ccb - - - - - -] No hosting information found for port 3944bf28-f043-4646-84af-d9b963af87b1: RuntimeError: No hosting information found for port 3944bf28-f043-4646-84af-d9b963af87b1 [pid: 8|app: 0|req: 1031/1875] 10.0.0.128 () {34 vars in 671 bytes} [Tue Aug 11 09:24:22 2026] POST /v2.0/networks => generated 762 bytes in 850 msecs (HTTP/1.1 201) 4 headers in 162 bytes (1 switches on core 0)
2026-08-11 09:24:23.570 8 INFO neutron.db.ovn_revision_numbers_db [None req-6e2c7ca6-31e8-4c9f-b4d7-094f1c964ccb - - - - - -] Successfully bumped revision number for resource 3944bf28-f043-4646-84af-d9b963af87b1 (type: router_ports) to 2
2026-08-11 09:24:23.611 8 INFO neutron.plugins.ml2.drivers.ovn.mech_driver.mech_driver [None req-6e2c7ca6-31e8-4c9f-b4d7-094f1c964ccb - - - - - -] OVN reports status down for port: b332afc5-72ed-4b13-aa6e-3b0a25123158
2026-08-11 09:24:23.678 7 WARNING neutron.scheduler.dhcp_agent_scheduler [None req-c4ef76fb-d485-4510-a526-bf52a2d64e33 03a0d8cd0a8b461fa7a58bcc4d1925a6 f5bac3ed306e4341b104836a7ee932a4 - - default default] No more DHCP agents
2026-08-11 09:24:23.679 7 WARNING neutron.api.rpc.agentnotifiers.dhcp_rpc_agent_api [None req-c4ef76fb-d485-4510-a526-bf52a2d64e33 03a0d8cd0a8b461fa7a58bcc4d1925a6 f5bac3ed306e4341b104836a7ee932a4 - - default default] Unable to schedule network 688275c7-d07d-4a5a-a976-34e1aef7316f: no agents available; will retry on subsequent port and subnet creation events.
2026-08-11 09:24:24.146 7 INFO neutron.db.ovn_revision_numbers_db [None req-f9ec0747-3a3c-4d26-8184-adb5a8ab4035 - - - - - -] Successfully bumped revision number for resource b332afc5-72ed-4b13-aa6e-3b0a25123158 (type: ports) to 2
2026-08-11 09:24:24.180 7 INFO neutron.db.ovn_revision_numbers_db [None req-f9ec0747-3a3c-4d26-8184-adb5a8ab4035 - - - - - -] Successfully bumped revision number for resource 75e1bf9b-f4fc-4a95-b8d7-50df4ad7c730 (type: subnets) to 0 [pid: 7|app: 0|req: 845/1876] 10.0.0.128 () {34 vars in 669 bytes} [Tue Aug 11 09:24:23 2026] POST /v2.0/subnets => generated 687 bytes in 679 msecs (HTTP/1.1 201) 4 headers in 162 bytes (1 switches on core 0)
2026-08-11 09:24:24.482 8 INFO neutron.db.ovn_revision_numbers_db [None req-ecfc2b3a-af39-4444-9833-8d1893ab477f 37888db5d08840d4af15bdb39be4aebd 6b57265b5783448a9a6d8f3c30e207a6 - - default default] Successfully bumped revision number for resource 962269db-2d4a-4bdf-bd8e-adcdaaaed7c2 (type: security_groups) to 1
2026-08-11 09:24:24.495 8 INFO neutron.db.ovn_revision_numbers_db [None req-ecfc2b3a-af39-4444-9833-8d1893ab477f 37888db5d08840d4af15bdb39be4aebd 6b57265b5783448a9a6d8f3c30e207a6 - - default default] Successfully bumped revision number for resource 336c26c2-3499-40d6-a882-fbcec40f7a00 (type: security_group_rules) to 0
2026-08-11 09:24:24.508 8 INFO neutron.db.ovn_revision_numbers_db [None req-ecfc2b3a-af39-4444-9833-8d1893ab477f 37888db5d08840d4af15bdb39be4aebd 6b57265b5783448a9a6d8f3c30e207a6 - - default default] Successfully bumped revision number for resource 3deb78a0-e327-45e5-b64b-775bcf192e98 (type: security_group_rules) to 0
2026-08-11 09:24:24.520 8 INFO neutron.db.ovn_revision_numbers_db [None req-ecfc2b3a-af39-4444-9833-8d1893ab477f 37888db5d08840d4af15bdb39be4aebd 6b57265b5783448a9a6d8f3c30e207a6 - - default default] Successfully bumped revision number for resource 4ccdfd8a-b86f-410c-a712-73c0a91e1c06 (type: security_group_rules) to 0
2026-08-11 09:24:24.534 8 INFO neutron.db.ovn_revision_numbers_db [None req-ecfc2b3a-af39-4444-9833-8d1893ab477f 37888db5d08840d4af15bdb39be4aebd 6b57265b5783448a9a6d8f3c30e207a6 - - default default] Successfully bumped revision number for resource 9554721a-dfc0-4f91-9c54-6f58137f5756 (type: security_group_rules) to 0
2026-08-11 09:24:24.584 7 WARNING neutron.scheduler.dhcp_agent_scheduler [None req-9862a4c4-cc33-48e6-a10a-4b374714bbac 03a0d8cd0a8b461fa7a58bcc4d1925a6 f5bac3ed306e4341b104836a7ee932a4 - - default default] No more DHCP agents
2026-08-11 09:24:24.585 7 WARNING neutron.api.rpc.agentnotifiers.dhcp_rpc_agent_api [None req-9862a4c4-cc33-48e6-a10a-4b374714bbac 03a0d8cd0a8b461fa7a58bcc4d1925a6 f5bac3ed306e4341b104836a7ee932a4 - - default default] Unable to schedule network b5dfb650-4d86-428f-a890-5991c4032ff2: no agents available; will retry on subsequent port and subnet creation events.
2026-08-11 09:24:24.617 8 INFO neutron.db.segments_db [None req-ecfc2b3a-af39-4444-9833-8d1893ab477f 37888db5d08840d4af15bdb39be4aebd 6b57265b5783448a9a6d8f3c30e207a6 - - default default] Added segment 54c7b5e4-d0ee-4eda-a7d8-10758249f17b of type geneve for network f94c1dc8-6408-4349-8033-a971bbc8b7c6
2026-08-11 09:24:24.715 7 INFO neutron.plugins.ml2.drivers.ovn.mech_driver.mech_driver [None req-f7cbb9ea-bd26-47cb-9efa-85750c6b2e5b - - - - - -] OVN reports status down for port: e088d7cf-10e2-40ef-85f3-f8b2af21f99e
2026-08-11 09:24:24.731 8 INFO neutron.db.ovn_revision_numbers_db [None req-ecfc2b3a-af39-4444-9833-8d1893ab477f 37888db5d08840d4af15bdb39be4aebd 6b57265b5783448a9a6d8f3c30e207a6 - - default default] Successfully bumped revision number for resource f94c1dc8-6408-4349-8033-a971bbc8b7c6 (type: networks) to 1
2026-08-11 09:24:24.797 7 INFO neutron.db.ovn_revision_numbers_db [None req-9862a4c4-cc33-48e6-a10a-4b374714bbac 03a0d8cd0a8b461fa7a58bcc4d1925a6 f5bac3ed306e4341b104836a7ee932a4 - - default default] Successfully bumped revision number for resource e088d7cf-10e2-40ef-85f3-f8b2af21f99e (type: ports) to 1
2026-08-11 09:24:24.925 8 WARNING neutron.scheduler.dhcp_agent_scheduler [None req-ecfc2b3a-af39-4444-9833-8d1893ab477f 37888db5d08840d4af15bdb39be4aebd 6b57265b5783448a9a6d8f3c30e207a6 - - default default] No more DHCP agents
2026-08-11 09:24:24.926 8 WARNING neutron.api.rpc.agentnotifiers.dhcp_rpc_agent_api [None req-ecfc2b3a-af39-4444-9833-8d1893ab477f 37888db5d08840d4af15bdb39be4aebd 6b57265b5783448a9a6d8f3c30e207a6 - - default default] Unable to schedule network f94c1dc8-6408-4349-8033-a971bbc8b7c6: no agents available; will retry on subsequent port and subnet creation events.
2026-08-11 09:24:25.003 7 INFO neutron.plugins.ml2.drivers.ovn.mech_driver.mech_driver [None req-f7cbb9ea-bd26-47cb-9efa-85750c6b2e5b - - - - - -] OVN reports status down for port: 72f35af2-0b66-4ab7-a535-5b1908d72916
