2026-08-11 09:24:25.025 8 INFO neutron.db.ovn_revision_numbers_db [None req-ecfc2b3a-af39-4444-9833-8d1893ab477f 37888db5d08840d4af15bdb39be4aebd 6b57265b5783448a9a6d8f3c30e207a6 - - default default] Successfully bumped revision number for resource 72f35af2-0b66-4ab7-a535-5b1908d72916 (type: ports) to 1 [pid: 8|app: 0|req: 1032/1877] 10.0.0.128 () {34 vars in 670 bytes} [Tue Aug 11 09:24:24 2026] POST /v2.0/networks => generated 648 bytes in 854 msecs (HTTP/1.1 201) 4 headers in 162 bytes (1 switches on core 0) [pid: 8|app: 0|req: 1033/1878] 10.0.0.156 () {34 vars in 990 bytes} [Tue Aug 11 09:24:25 2026] GET /v2.0/ports?device_id=d53645b0-0774-4719-8b5a-1c79f077e503 => generated 12 bytes in 16 msecs (HTTP/1.1 200) 4 headers in 156 bytes (1 switches on core 0)
2026-08-11 09:24:25.141 8 INFO neutron.db.segments_db [None req-c12fbe01-04f9-4983-a039-990393eb7edf 37888db5d08840d4af15bdb39be4aebd 6b57265b5783448a9a6d8f3c30e207a6 - - default default] Added segment f3c4058b-436a-4b13-aff9-29c3dc88888b of type geneve for network 39899b66-e5b9-43a6-9e6a-d2ba11009c55
2026-08-11 09:24:25.243 8 INFO neutron.db.ovn_revision_numbers_db [None req-c12fbe01-04f9-4983-a039-990393eb7edf 37888db5d08840d4af15bdb39be4aebd 6b57265b5783448a9a6d8f3c30e207a6 - - default default] Successfully bumped revision number for resource 39899b66-e5b9-43a6-9e6a-d2ba11009c55 (type: networks) to 1
2026-08-11 09:24:25.408 8 WARNING neutron.scheduler.dhcp_agent_scheduler [None req-c12fbe01-04f9-4983-a039-990393eb7edf 37888db5d08840d4af15bdb39be4aebd 6b57265b5783448a9a6d8f3c30e207a6 - - default default] No more DHCP agents
2026-08-11 09:24:25.410 8 WARNING neutron.api.rpc.agentnotifiers.dhcp_rpc_agent_api [None req-c12fbe01-04f9-4983-a039-990393eb7edf 37888db5d08840d4af15bdb39be4aebd 6b57265b5783448a9a6d8f3c30e207a6 - - default default] Unable to schedule network 39899b66-e5b9-43a6-9e6a-d2ba11009c55: no agents available; will retry on subsequent port and subnet creation events.
2026-08-11 09:24:25.483 8 INFO neutron.db.ovn_revision_numbers_db [None req-c12fbe01-04f9-4983-a039-990393eb7edf 37888db5d08840d4af15bdb39be4aebd 6b57265b5783448a9a6d8f3c30e207a6 - - default default] Successfully bumped revision number for resource 5d0eeb5b-943d-463c-8bbb-f70a147118cf (type: ports) to 1
2026-08-11 09:24:25.489 7 INFO neutron.plugins.ml2.drivers.ovn.mech_driver.mech_driver [None req-f7cbb9ea-bd26-47cb-9efa-85750c6b2e5b - - - - - -] OVN reports status down for port: 5d0eeb5b-943d-463c-8bbb-f70a147118cf [pid: 8|app: 0|req: 1034/1879] 10.0.0.128 () {34 vars in 670 bytes} [Tue Aug 11 09:24:25 2026] POST /v2.0/networks => generated 648 bytes in 437 msecs (HTTP/1.1 201) 4 headers in 162 bytes (1 switches on core 0)
2026-08-11 09:24:25.560 7 INFO neutron.plugins.ml2.drivers.ovn.mech_driver.ovsdb.commands [None req-13b32054-fc6a-49f2-a04c-2cdbbd31d0c0 - - - - - -] Schedule LRP lrp-e088d7cf-10e2-40ef-85f3-f8b2af21f99e on gateway a820cdc8-1183-4a95-8ab5-40e967ae87c3 with priority 1
2026-08-11 09:24:25.622 8 INFO neutron.plugins.ml2.drivers.ovn.mech_driver.ovsdb.ovsdb_monitor [None req-95b02a09-24ea-413c-ac17-0eab69969e40 - - - - - -] Router 16102120-01c6-46ea-8462-d4c87ead881a is bound to host instance
2026-08-11 09:24:25.829 8 WARNING neutron.scheduler.dhcp_agent_scheduler [None req-cfa5c50e-f950-49cc-bf8c-ae05edd33a12 37888db5d08840d4af15bdb39be4aebd 6b57265b5783448a9a6d8f3c30e207a6 - - default default] No more DHCP agents
2026-08-11 09:24:25.831 8 WARNING neutron.api.rpc.agentnotifiers.dhcp_rpc_agent_api [None req-cfa5c50e-f950-49cc-bf8c-ae05edd33a12 37888db5d08840d4af15bdb39be4aebd 6b57265b5783448a9a6d8f3c30e207a6 - - default default] Unable to schedule network f94c1dc8-6408-4349-8033-a971bbc8b7c6: no agents available; will retry on subsequent port and subnet creation events.
2026-08-11 09:24:26.118 7 INFO neutron.plugins.ml2.drivers.ovn.mech_driver.mech_driver [None req-f7cbb9ea-bd26-47cb-9efa-85750c6b2e5b - - - - - -] OVN reports status up for port: e088d7cf-10e2-40ef-85f3-f8b2af21f99e
2026-08-11 09:24:26.140 7 INFO neutron.plugins.ml2.plugin [None req-f7cbb9ea-bd26-47cb-9efa-85750c6b2e5b - - - - - -] Attempt 1 to provision port e088d7cf-10e2-40ef-85f3-f8b2af21f99e
2026-08-11 09:24:26.151 7 INFO neutron.db.ovn_revision_numbers_db [None req-9862a4c4-cc33-48e6-a10a-4b374714bbac 03a0d8cd0a8b461fa7a58bcc4d1925a6 f5bac3ed306e4341b104836a7ee932a4 - - default default] Successfully bumped revision number for resource e088d7cf-10e2-40ef-85f3-f8b2af21f99e (type: router_ports) to 1
2026-08-11 09:24:26.268 7 INFO neutron.db.ovn_revision_numbers_db [None req-9862a4c4-cc33-48e6-a10a-4b374714bbac 03a0d8cd0a8b461fa7a58bcc4d1925a6 f5bac3ed306e4341b104836a7ee932a4 - - default default] Successfully bumped revision number for resource 16102120-01c6-46ea-8462-d4c87ead881a (type: routers) to 2 [pid: 7|app: 0|req: 846/1880] 10.0.0.128 () {34 vars in 669 bytes} [Tue Aug 11 09:24:24 2026] POST /v2.0/routers => generated 965 bytes in 2088 msecs (HTTP/1.1 201) 4 headers in 162 bytes (1 switches on core 0) [pid: 7|app: 0|req: 847/1881] 10.0.0.156 () {34 vars in 990 bytes} [Tue Aug 11 09:24:26 2026] GET /v2.0/ports?device_id=d53645b0-0774-4719-8b5a-1c79f077e503 => generated 12 bytes in 17 msecs (HTTP/1.1 200) 4 headers in 156 bytes (1 switches on core 0)
2026-08-11 09:24:26.621 8 INFO neutron.db.ovn_revision_numbers_db [None req-ec1121da-f92a-4b59-a2d1-394b9234880a - - - - - -] Successfully bumped revision number for resource 72f35af2-0b66-4ab7-a535-5b1908d72916 (type: ports) to 2
2026-08-11 09:24:26.678 8 INFO neutron.db.ovn_revision_numbers_db [None req-ec1121da-f92a-4b59-a2d1-394b9234880a - - - - - -] Successfully bumped revision number for resource 8eeada47-a10a-4b14-b664-955220a80fd9 (type: subnets) to 0 [pid: 8|app: 0|req: 1035/1882] 10.0.0.128 () {34 vars in 669 bytes} [Tue Aug 11 09:24:25 2026] POST /v2.0/subnets => generated 626 bytes in 1209 msecs (HTTP/1.1 201) 4 headers in 162 bytes (1 switches on core 0)
2026-08-11 09:24:26.752 7 WARNING neutron.scheduler.dhcp_agent_scheduler [None req-03bce94c-7937-4b40-8465-6e29dc2da371 03a0d8cd0a8b461fa7a58bcc4d1925a6 f5bac3ed306e4341b104836a7ee932a4 - - default default] No more DHCP agents
2026-08-11 09:24:26.754 7 WARNING neutron.api.rpc.agentnotifiers.dhcp_rpc_agent_api [None req-03bce94c-7937-4b40-8465-6e29dc2da371 03a0d8cd0a8b461fa7a58bcc4d1925a6 f5bac3ed306e4341b104836a7ee932a4 - - default default] Unable to schedule network 688275c7-d07d-4a5a-a976-34e1aef7316f: no agents available; will retry on subsequent port and subnet creation events. [pid: 8|app: 0|req: 1036/1883] 199.19.213.20 () {34 vars in 985 bytes} [Tue Aug 11 09:24:26 2026] GET /v2.0/networks?id=bb261a1a-1b1c-439b-b172-6f436ff1f5ad => generated 699 bytes in 101 msecs (HTTP/1.1 200) 4 headers in 157 bytes (1 switches on core 0)
2026-08-11 09:24:26.878 7 INFO neutron.plugins.ml2.drivers.ovn.mech_driver.mech_driver [None req-f7cbb9ea-bd26-47cb-9efa-85750c6b2e5b - - - - - -] OVN reports status down for port: b5fa37bb-13d8-4bd5-b914-75a97c882d0b
2026-08-11 09:24:26.931 7 INFO neutron.db.ovn_revision_numbers_db [None req-03bce94c-7937-4b40-8465-6e29dc2da371 03a0d8cd0a8b461fa7a58bcc4d1925a6 f5bac3ed306e4341b104836a7ee932a4 - - default default] Successfully bumped revision number for resource b5fa37bb-13d8-4bd5-b914-75a97c882d0b (type: ports) to 1
2026-08-11 09:24:27.063 8 INFO neutron.db.ovn_revision_numbers_db [None req-39368fe6-a12a-4a5a-9201-3b790d289fb9 - - - - - -] Successfully bumped revision number for resource e088d7cf-10e2-40ef-85f3-f8b2af21f99e (type: ports) to 4
2026-08-11 09:24:27.163 8 WARNING neutron.scheduler.dhcp_agent_scheduler [None req-2078ff53-fce5-4112-9a39-1c0209290c50 37888db5d08840d4af15bdb39be4aebd 6b57265b5783448a9a6d8f3c30e207a6 - - default default] No more DHCP agents
2026-08-11 09:24:27.165 8 WARNING neutron.api.rpc.agentnotifiers.dhcp_rpc_agent_api [None req-2078ff53-fce5-4112-9a39-1c0209290c50 37888db5d08840d4af15bdb39be4aebd 6b57265b5783448a9a6d8f3c30e207a6 - - default default] Unable to schedule network 39899b66-e5b9-43a6-9e6a-d2ba11009c55: no agents available; will retry on subsequent port and subnet creation events.
2026-08-11 09:24:27.576 7 INFO neutron.plugins.ml2.drivers.ovn.mech_driver.mech_driver [None req-f7cbb9ea-bd26-47cb-9efa-85750c6b2e5b - - - - - -] OVN reports status up for port: b5fa37bb-13d8-4bd5-b914-75a97c882d0b
2026-08-11 09:24:27.596 8 INFO neutron.db.ovn_revision_numbers_db [None req-39368fe6-a12a-4a5a-9201-3b790d289fb9 - - - - - -] Successfully bumped revision number for resource e088d7cf-10e2-40ef-85f3-f8b2af21f99e (type: ports) to 5
2026-08-11 09:24:27.597 7 INFO neutron.plugins.ml2.plugin [None req-f7cbb9ea-bd26-47cb-9efa-85750c6b2e5b - - - - - -] Attempt 1 to provision port b5fa37bb-13d8-4bd5-b914-75a97c882d0b
2026-08-11 09:24:27.684 7 WARNING neutron.scheduler.dhcp_agent_scheduler [None req-03bce94c-7937-4b40-8465-6e29dc2da371 03a0d8cd0a8b461fa7a58bcc4d1925a6 f5bac3ed306e4341b104836a7ee932a4 - - default default] No more DHCP agents
2026-08-11 09:24:27.687 7 WARNING neutron.api.rpc.agentnotifiers.dhcp_rpc_agent_api [None req-03bce94c-7937-4b40-8465-6e29dc2da371 03a0d8cd0a8b461fa7a58bcc4d1925a6 f5bac3ed306e4341b104836a7ee932a4 - - default default] Unable to schedule network 688275c7-d07d-4a5a-a976-34e1aef7316f: no agents available; will retry on subsequent port and subnet creation events.
2026-08-11 09:24:27.882 8 INFO neutron.db.ovn_revision_numbers_db [None req-589b4501-561e-4698-bb5a-2a6a1c07db5b - - - - - -] Successfully bumped revision number for resource 5d0eeb5b-943d-463c-8bbb-f70a147118cf (type: ports) to 2
2026-08-11 09:24:27.917 8 INFO neutron.db.ovn_revision_numbers_db [None req-589b4501-561e-4698-bb5a-2a6a1c07db5b - - - - - -] Successfully bumped revision number for resource 637cb58b-fae2-4038-bdb2-9fd49c3afcee (type: subnets) to 0 [pid: 8|app: 0|req: 1037/1884] 10.0.0.128 () {34 vars in 669 bytes} [Tue Aug 11 09:24:26 2026] POST /v2.0/subnets => generated 626 bytes in 1116 msecs (HTTP/1.1 201) 4 headers in 162 bytes (1 switches on core 0) [pid: 8|app: 0|req: 1038/1885] 199.19.213.20 () {34 vars in 1049 bytes} [Tue Aug 11 09:24:27 2026] GET /v2.0/security-groups?fields=id&fields=name&tenant_id=4ffdb772632f46318e1c9fa92db874ce => generated 180 bytes in 32 msecs (HTTP/1.1 200) 4 headers in 157 bytes (1 switches on core 0) [pid: 8|app: 0|req: 1039/1886] 10.0.0.156 () {34 vars in 990 bytes} [Tue Aug 11 09:24:27 2026] GET /v2.0/ports?device_id=d53645b0-0774-4719-8b5a-1c79f077e503 => generated 12 bytes in 15 msecs (HTTP/1.1 200) 4 headers in 156 bytes (1 switches on core 0)
2026-08-11 09:24:28.086 8 INFO neutron.db.ovn_revision_numbers_db [None req-945767db-bcc0-437b-8eef-91247dc38340 37888db5d08840d4af15bdb39be4aebd 6b57265b5783448a9a6d8f3c30e207a6 - - default default] Successfully bumped revision number for resource d8927ca7-da07-46ce-bfed-e040b3f32995 (type: routers) to 1 [pid: 8|app: 0|req: 1040/1887] 10.0.0.128 () {34 vars in 669 bytes} [Tue Aug 11 09:24:27 2026] POST /v2.0/routers => generated 602 bytes in 123 msecs (HTTP/1.1 201) 4 headers in 162 bytes (1 switches on core 0)
2026-08-11 09:24:28.190 7 INFO neutron.db.ovn_revision_numbers_db [None req-f7cbb9ea-bd26-47cb-9efa-85750c6b2e5b - - - - - -] Successfully bumped revision number for resource b5fa37bb-13d8-4bd5-b914-75a97c882d0b (type: ports) to 2
2026-08-11 09:24:28.385 8 WARNING neutron.scheduler.dhcp_agent_scheduler [req-0750051e-7564-497c-86f6-e9147b0c1177 req-1e190640-fe21-4b0c-817b-127533297f9c 15bb8395e8054929994a71a2a251a6ec 4ffdb772632f46318e1c9fa92db874ce - - default default] No more DHCP agents
2026-08-11 09:24:28.386 8 WARNING neutron.api.rpc.agentnotifiers.dhcp_rpc_agent_api [req-0750051e-7564-497c-86f6-e9147b0c1177 req-1e190640-fe21-4b0c-817b-127533297f9c 15bb8395e8054929994a71a2a251a6ec 4ffdb772632f46318e1c9fa92db874ce - - default default] Unable to schedule network bb261a1a-1b1c-439b-b172-6f436ff1f5ad: no agents available; will retry on subsequent port and subnet creation events.
2026-08-11 09:24:28.458 7 INFO neutron.db.ovn_revision_numbers_db [None req-03bce94c-7937-4b40-8465-6e29dc2da371 03a0d8cd0a8b461fa7a58bcc4d1925a6 f5bac3ed306e4341b104836a7ee932a4 - - default default] Successfully bumped revision number for resource b5fa37bb-13d8-4bd5-b914-75a97c882d0b (type: router_ports) to 1 [pid: 7|app: 0|req: 848/1888] 10.0.0.128 () {34 vars in 783 bytes} [Tue Aug 11 09:24:26 2026] PUT /v2.0/routers/16102120-01c6-46ea-8462-d4c87ead881a/add_router_interface => generated 309 bytes in 2160 msecs (HTTP/1.1 200) 4 headers in 157 bytes (1 switches on core 0)
2026-08-11 09:24:28.499 8 INFO neutron.plugins.ml2.drivers.ovn.mech_driver.mech_driver [None req-6e2c7ca6-31e8-4c9f-b4d7-094f1c964ccb - - - - - -] OVN reports status down for port: 28a48eb4-e8d4-4865-ace6-217fea3bf2d3
2026-08-11 09:24:28.559 8 INFO neutron.db.ovn_revision_numbers_db [req-0750051e-7564-497c-86f6-e9147b0c1177 req-1e190640-fe21-4b0c-817b-127533297f9c 15bb8395e8054929994a71a2a251a6ec 4ffdb772632f46318e1c9fa92db874ce - - default default] Successfully bumped revision number for resource 28a48eb4-e8d4-4865-ace6-217fea3bf2d3 (type: ports) to 1 [pid: 8|app: 0|req: 1041/1889] 199.19.213.20 () {38 vars in 954 bytes} [Tue Aug 11 09:24:28 2026] POST /v2.0/ports => generated 958 bytes in 536 msecs (HTTP/1.1 201) 4 headers in 162 bytes (1 switches on core 0) /var/lib/openstack/lib/python3.12/site-packages/pycadf/identifier.py:70: UserWarning: Invalid uuid: neutron. To ensure interoperability, identifiers should be a valid uuid. warnings.warn(('Invalid uuid: %s. To ensure interoperability, '
2026-08-11 09:24:28.906 7 WARNING neutron.scheduler.dhcp_agent_scheduler [None req-0b212cb5-77bd-45f7-925f-70eaa1d94704 37888db5d08840d4af15bdb39be4aebd 6b57265b5783448a9a6d8f3c30e207a6 - - default default] No more DHCP agents
2026-08-11 09:24:28.907 7 WARNING neutron.api.rpc.agentnotifiers.dhcp_rpc_agent_api [None req-0b212cb5-77bd-45f7-925f-70eaa1d94704 37888db5d08840d4af15bdb39be4aebd 6b57265b5783448a9a6d8f3c30e207a6 - - default default] Unable to schedule network f94c1dc8-6408-4349-8033-a971bbc8b7c6: no agents available; will retry on subsequent port and subnet creation events.
2026-08-11 09:24:29.035 8 INFO neutron.db.ovn_revision_numbers_db [req-0750051e-7564-497c-86f6-e9147b0c1177 req-b6c02e75-631f-4c8e-a270-ab0ccb52d5d1 41b9668f235c4a129362f515a9a916cf b3edaf4b984942ed9c2bbb0d4f3bfe58 - - 4f756c8a303b429fa0d81d334a8ba863 4f756c8a303b429fa0d81d334a8ba863] Successfully bumped revision number for resource 28a48eb4-e8d4-4865-ace6-217fea3bf2d3 (type: ports) to 2
2026-08-11 09:24:29.062 7 INFO neutron.db.ovn_revision_numbers_db [None req-0b212cb5-77bd-45f7-925f-70eaa1d94704 37888db5d08840d4af15bdb39be4aebd 6b57265b5783448a9a6d8f3c30e207a6 - - default default] Successfully bumped revision number for resource 2462ebe8-7494-4d70-830a-999be37614a1 (type: ports) to 1
2026-08-11 09:24:29.235 8 INFO neutron.db.ovn_revision_numbers_db [req-0750051e-7564-497c-86f6-e9147b0c1177 req-b6c02e75-631f-4c8e-a270-ab0ccb52d5d1 41b9668f235c4a129362f515a9a916cf b3edaf4b984942ed9c2bbb0d4f3bfe58 - - 4f756c8a303b429fa0d81d334a8ba863 4f756c8a303b429fa0d81d334a8ba863] Successfully bumped revision number for resource 28a48eb4-e8d4-4865-ace6-217fea3bf2d3 (type: ports) to 4 [pid: 8|app: 0|req: 1042/1890] 199.19.213.20 () {38 vars in 1027 bytes} [Tue Aug 11 09:24:28 2026] PUT /v2.0/ports/28a48eb4-e8d4-4865-ace6-217fea3bf2d3 => generated 1208 bytes in 614 msecs (HTTP/1.1 200) 4 headers in 158 bytes (1 switches on core 0) /var/lib/openstack/lib/python3.12/site-packages/pycadf/identifier.py:70: UserWarning: Invalid uuid: neutron. To ensure interoperability, identifiers should be a valid uuid. warnings.warn(('Invalid uuid: %s. To ensure interoperability, ' [pid: 8|app: 0|req: 1043/1891] 10.0.0.156 () {34 vars in 990 bytes} [Tue Aug 11 09:24:29 2026] GET /v2.0/ports?device_id=d53645b0-0774-4719-8b5a-1c79f077e503 => generated 973 bytes in 32 msecs (HTTP/1.1 200) 4 headers in 157 bytes (1 switches on core 0)
2026-08-11 09:24:29.296 8 INFO neutron.notifiers.nova [-] Nova event matching ['req-453c0816-f5a2-4aa6-88cb-ea861067cf08'] response: {'name': 'network-changed', 'server_uuid': 'd53645b0-0774-4719-8b5a-1c79f077e503', 'tag': '28a48eb4-e8d4-4865-ace6-217fea3bf2d3', 'status': 'completed', 'code': 200} [pid: 8|app: 0|req: 1044/1892] 10.0.0.156 () {34 vars in 1040 bytes} [Tue Aug 11 09:24:29 2026] GET /v2.0/security-groups?id=618e6150-7570-4893-961c-58b1668f195c&fields=id&fields=name => generated 113 bytes in 35 msecs (HTTP/1.1 200) 4 headers in 157 bytes (1 switches on core 0)
2026-08-11 09:24:29.691 8 INFO neutron.db.ovn_revision_numbers_db [None req-953c230c-ffd3-4416-9eb7-74a9df4aebf2 03a0d8cd0a8b461fa7a58bcc4d1925a6 f5bac3ed306e4341b104836a7ee932a4 - - default default] Successfully bumped revision number for resource 57cec63b-fd54-40e6-9dc5-d6ed9501f2a4 (type: security_groups) to 1
2026-08-11 09:24:29.704 8 INFO neutron.db.ovn_revision_numbers_db [None req-953c230c-ffd3-4416-9eb7-74a9df4aebf2 03a0d8cd0a8b461fa7a58bcc4d1925a6 f5bac3ed306e4341b104836a7ee932a4 - - default default] Successfully bumped revision number for resource 720b1249-f3c4-4b2a-82ee-ea34bc7b5344 (type: security_group_rules) to 0
2026-08-11 09:24:29.715 8 INFO neutron.db.ovn_revision_numbers_db [None req-953c230c-ffd3-4416-9eb7-74a9df4aebf2 03a0d8cd0a8b461fa7a58bcc4d1925a6 f5bac3ed306e4341b104836a7ee932a4 - - default default] Successfully bumped revision number for resource a3f2d475-6872-416e-b734-ca44aa8bf61a (type: security_group_rules) to 0
2026-08-11 09:24:29.729 7 WARNING neutron.scheduler.dhcp_agent_scheduler [None req-0b212cb5-77bd-45f7-925f-70eaa1d94704 37888db5d08840d4af15bdb39be4aebd 6b57265b5783448a9a6d8f3c30e207a6 - - default default] No more DHCP agents
2026-08-11 09:24:29.730 7 WARNING neutron.api.rpc.agentnotifiers.dhcp_rpc_agent_api [None req-0b212cb5-77bd-45f7-925f-70eaa1d94704 37888db5d08840d4af15bdb39be4aebd 6b57265b5783448a9a6d8f3c30e207a6 - - default default] Unable to schedule network f94c1dc8-6408-4349-8033-a971bbc8b7c6: no agents available; will retry on subsequent port and subnet creation events.
2026-08-11 09:24:29.733 8 INFO neutron.db.ovn_revision_numbers_db [None req-953c230c-ffd3-4416-9eb7-74a9df4aebf2 03a0d8cd0a8b461fa7a58bcc4d1925a6 f5bac3ed306e4341b104836a7ee932a4 - - default default] Successfully bumped revision number for resource bbe4283e-ed73-4dcf-ab6e-8afedb15dba2 (type: security_group_rules) to 0
2026-08-11 09:24:29.751 8 INFO neutron.db.ovn_revision_numbers_db [None req-953c230c-ffd3-4416-9eb7-74a9df4aebf2 03a0d8cd0a8b461fa7a58bcc4d1925a6 f5bac3ed306e4341b104836a7ee932a4 - - default default] Successfully bumped revision number for resource da89229d-a020-4db8-937d-f2b83ec0c2ec (type: security_group_rules) to 0
2026-08-11 09:24:29.835 8 INFO neutron.db.segments_db [None req-953c230c-ffd3-4416-9eb7-74a9df4aebf2 03a0d8cd0a8b461fa7a58bcc4d1925a6 f5bac3ed306e4341b104836a7ee932a4 - - default default] Added segment 9a3e22bf-8857-449e-846b-62c1f7997b98 of type geneve for network f53bb9b2-93fa-4416-891c-fa8602d6fa57
2026-08-11 09:24:29.960 8 INFO neutron.db.ovn_revision_numbers_db [None req-953c230c-ffd3-4416-9eb7-74a9df4aebf2 03a0d8cd0a8b461fa7a58bcc4d1925a6 f5bac3ed306e4341b104836a7ee932a4 - - default default] Successfully bumped revision number for resource f53bb9b2-93fa-4416-891c-fa8602d6fa57 (type: networks) to 1
2026-08-11 09:24:29.988 7 INFO neutron.db.ovn_revision_numbers_db [None req-0b212cb5-77bd-45f7-925f-70eaa1d94704 37888db5d08840d4af15bdb39be4aebd 6b57265b5783448a9a6d8f3c30e207a6 - - default default] Successfully bumped revision number for resource 2462ebe8-7494-4d70-830a-999be37614a1 (type: router_ports) to 1 [pid: 7|app: 0|req: 849/1893] 10.0.0.128 () {34 vars in 783 bytes} [Tue Aug 11 09:24:28 2026] PUT /v2.0/routers/d8927ca7-da07-46ce-bfed-e040b3f32995/add_router_interface => generated 309 bytes in 1529 msecs (HTTP/1.1 200) 4 headers in 157 bytes (1 switches on core 0) [pid: 7|app: 0|req: 850/1894] 199.19.213.20 () {34 vars in 1079 bytes} [Tue Aug 11 09:24:29 2026] GET /v2.0/ports?tenant_id=4ffdb772632f46318e1c9fa92db874ce&device_id=d53645b0-0774-4719-8b5a-1c79f077e503 => generated 1211 bytes in 34 msecs (HTTP/1.1 200) 4 headers in 158 bytes (1 switches on core 0) [pid: 7|app: 0|req: 851/1895] 10.0.0.128 () {32 vars in 717 bytes} [Tue Aug 11 09:24:30 2026] GET /v2.0/ports/2462ebe8-7494-4d70-830a-999be37614a1 => generated 941 bytes in 70 msecs (HTTP/1.1 200) 4 headers in 157 bytes (1 switches on core 0)
2026-08-11 09:24:30.112 8 WARNING neutron.scheduler.dhcp_agent_scheduler [None req-953c230c-ffd3-4416-9eb7-74a9df4aebf2 03a0d8cd0a8b461fa7a58bcc4d1925a6 f5bac3ed306e4341b104836a7ee932a4 - - default default] No more DHCP agents
2026-08-11 09:24:30.114 8 WARNING neutron.api.rpc.agentnotifiers.dhcp_rpc_agent_api [None req-953c230c-ffd3-4416-9eb7-74a9df4aebf2 03a0d8cd0a8b461fa7a58bcc4d1925a6 f5bac3ed306e4341b104836a7ee932a4 - - default default] Unable to schedule network f53bb9b2-93fa-4416-891c-fa8602d6fa57: no agents available; will retry on subsequent port and subnet creation events. [pid: 7|app: 0|req: 852/1896] 199.19.213.20 () {34 vars in 1017 bytes} [Tue Aug 11 09:24:30 2026] GET /v2.0/networks?tenant_id=4ffdb772632f46318e1c9fa92db874ce&shared=False => generated 797 bytes in 62 msecs (HTTP/1.1 200) 4 headers in 157 bytes (1 switches on core 0)
2026-08-11 09:24:30.163 8 INFO neutron.plugins.ml2.drivers.ovn.mech_driver.mech_driver [None req-6e2c7ca6-31e8-4c9f-b4d7-094f1c964ccb - - - - - -] OVN reports status down for port: a81de8f2-2ee2-44e6-9952-b84e5ee0a6a9
2026-08-11 09:24:30.214 8 INFO neutron.db.ovn_revision_numbers_db [None req-953c230c-ffd3-4416-9eb7-74a9df4aebf2 03a0d8cd0a8b461fa7a58bcc4d1925a6 f5bac3ed306e4341b104836a7ee932a4 - - default default] Successfully bumped revision number for resource a81de8f2-2ee2-44e6-9952-b84e5ee0a6a9 (type: ports) to 1 [pid: 8|app: 0|req: 1045/1897] 10.0.0.128 () {34 vars in 671 bytes} [Tue Aug 11 09:24:29 2026] POST /v2.0/networks => generated 762 bytes in 737 msecs (HTTP/1.1 201) 4 headers in 162 bytes (1 switches on core 0) [pid: 8|app: 0|req: 1046/1898] 199.19.213.20 () {34 vars in 929 bytes} [Tue Aug 11 09:24:30 2026] GET /v2.0/networks?shared=True => generated 791 bytes in 42 msecs (HTTP/1.1 200) 4 headers in 157 bytes (1 switches on core 0)
2026-08-11 09:24:30.431 8 WARNING neutron.scheduler.dhcp_agent_scheduler [None req-d7ef1313-b5b6-4780-ab10-bdba742211e6 03a0d8cd0a8b461fa7a58bcc4d1925a6 f5bac3ed306e4341b104836a7ee932a4 - - default default] No more DHCP agents
2026-08-11 09:24:30.432 8 WARNING neutron.api.rpc.agentnotifiers.dhcp_rpc_agent_api [None req-d7ef1313-b5b6-4780-ab10-bdba742211e6 03a0d8cd0a8b461fa7a58bcc4d1925a6 f5bac3ed306e4341b104836a7ee932a4 - - default default] Unable to schedule network f53bb9b2-93fa-4416-891c-fa8602d6fa57: no agents available; will retry on subsequent port and subnet creation events.
2026-08-11 09:24:30.570 7 WARNING neutron.scheduler.dhcp_agent_scheduler [None req-1702a0c0-4b45-421e-b04c-5a6058f21fb6 37888db5d08840d4af15bdb39be4aebd 6b57265b5783448a9a6d8f3c30e207a6 - - default default] No more DHCP agents
2026-08-11 09:24:30.571 7 WARNING neutron.api.rpc.agentnotifiers.dhcp_rpc_agent_api [None req-1702a0c0-4b45-421e-b04c-5a6058f21fb6 37888db5d08840d4af15bdb39be4aebd 6b57265b5783448a9a6d8f3c30e207a6 - - default default] Unable to schedule network 39899b66-e5b9-43a6-9e6a-d2ba11009c55: no agents available; will retry on subsequent port and subnet creation events.
2026-08-11 09:24:30.739 7 INFO neutron.db.ovn_revision_numbers_db [None req-1702a0c0-4b45-421e-b04c-5a6058f21fb6 37888db5d08840d4af15bdb39be4aebd 6b57265b5783448a9a6d8f3c30e207a6 - - default default] Successfully bumped revision number for resource 35a675d1-4a55-4068-973c-97f99519b243 (type: ports) to 1
2026-08-11 09:24:30.904 8 INFO neutron.db.ovn_revision_numbers_db [None req-e19f5042-9fec-4e5e-bc53-35ec2839c5f1 - - - - - -] Successfully bumped revision number for resource a81de8f2-2ee2-44e6-9952-b84e5ee0a6a9 (type: ports) to 2
2026-08-11 09:24:30.942 8 INFO neutron.db.ovn_revision_numbers_db [None req-e19f5042-9fec-4e5e-bc53-35ec2839c5f1 - - - - - -] Successfully bumped revision number for resource 48bea96e-a46f-4a02-80d1-c7f8a0708018 (type: subnets) to 0 [pid: 8|app: 0|req: 1047/1899] 10.0.0.128 () {34 vars in 669 bytes} [Tue Aug 11 09:24:30 2026] POST /v2.0/subnets => generated 687 bytes in 655 msecs (HTTP/1.1 201) 4 headers in 162 bytes (1 switches on core 0) [pid: 8|app: 0|req: 1048/1900] 10.0.0.156 () {34 vars in 990 bytes} [Tue Aug 11 09:24:30 2026] GET /v2.0/ports?device_id=d53645b0-0774-4719-8b5a-1c79f077e503 => generated 973 bytes in 34 msecs (HTTP/1.1 200) 4 headers in 157 bytes (1 switches on core 0)
2026-08-11 09:24:31.356 7 WARNING neutron.scheduler.dhcp_agent_scheduler [None req-1702a0c0-4b45-421e-b04c-5a6058f21fb6 37888db5d08840d4af15bdb39be4aebd 6b57265b5783448a9a6d8f3c30e207a6 - - default default] No more DHCP agents
2026-08-11 09:24:31.357 7 WARNING neutron.api.rpc.agentnotifiers.dhcp_rpc_agent_api [None req-1702a0c0-4b45-421e-b04c-5a6058f21fb6 37888db5d08840d4af15bdb39be4aebd 6b57265b5783448a9a6d8f3c30e207a6 - - default default] Unable to schedule network 39899b66-e5b9-43a6-9e6a-d2ba11009c55: no agents available; will retry on subsequent port and subnet creation events.
2026-08-11 09:24:31.389 8 WARNING neutron.scheduler.dhcp_agent_scheduler [None req-c68e8d39-9278-42f2-950f-5ca3ee1731ec 03a0d8cd0a8b461fa7a58bcc4d1925a6 f5bac3ed306e4341b104836a7ee932a4 - - default default] No more DHCP agents
2026-08-11 09:24:31.390 8 WARNING neutron.api.rpc.agentnotifiers.dhcp_rpc_agent_api [None req-c68e8d39-9278-42f2-950f-5ca3ee1731ec 03a0d8cd0a8b461fa7a58bcc4d1925a6 f5bac3ed306e4341b104836a7ee932a4 - - default default] Unable to schedule network b5dfb650-4d86-428f-a890-5991c4032ff2: no agents available; will retry on subsequent port and subnet creation events.
2026-08-11 09:24:31.517 8 INFO neutron.plugins.ml2.drivers.ovn.mech_driver.mech_driver [None req-6e2c7ca6-31e8-4c9f-b4d7-094f1c964ccb - - - - - -] OVN reports status down for port: dbfe2536-c6ba-4f00-8b2c-e10bb80fba83
2026-08-11 09:24:31.574 8 INFO neutron.db.ovn_revision_numbers_db [None req-c68e8d39-9278-42f2-950f-5ca3ee1731ec 03a0d8cd0a8b461fa7a58bcc4d1925a6 f5bac3ed306e4341b104836a7ee932a4 - - default default] Successfully bumped revision number for resource dbfe2536-c6ba-4f00-8b2c-e10bb80fba83 (type: ports) to 1
2026-08-11 09:24:31.595 7 INFO neutron.db.ovn_revision_numbers_db [None req-1702a0c0-4b45-421e-b04c-5a6058f21fb6 37888db5d08840d4af15bdb39be4aebd 6b57265b5783448a9a6d8f3c30e207a6 - - default default] Successfully bumped revision number for resource 35a675d1-4a55-4068-973c-97f99519b243 (type: router_ports) to 1 [pid: 7|app: 0|req: 853/1901] 10.0.0.128 () {34 vars in 783 bytes} [Tue Aug 11 09:24:30 2026] PUT /v2.0/routers/d8927ca7-da07-46ce-bfed-e040b3f32995/add_router_interface => generated 309 bytes in 1439 msecs (HTTP/1.1 200) 4 headers in 157 bytes (1 switches on core 0) [pid: 7|app: 0|req: 854/1902] 10.0.0.156 () {34 vars in 1040 bytes} [Tue Aug 11 09:24:31 2026] GET /v2.0/security-groups?id=618e6150-7570-4893-961c-58b1668f195c&fields=id&fields=name => generated 113 bytes in 28 msecs (HTTP/1.1 200) 4 headers in 157 bytes (1 switches on core 0) [pid: 7|app: 0|req: 857/1905] 199.19.213.20 () {34 vars in 1079 bytes} [Tue Aug 11 09:24:31 2026] GET /v2.0/ports?tenant_id=4ffdb772632f46318e1c9fa92db874ce&device_id=d53645b0-0774-4719-8b5a-1c79f077e503 => generated 1211 bytes in 39 msecs (HTTP/1.1 200) 4 headers in 158 bytes (1 switches on core 0) [pid: 7|app: 0|req: 858/1906] 10.0.0.128 () {32 vars in 717 bytes} [Tue Aug 11 09:24:31 2026] GET /v2.0/ports/35a675d1-4a55-4068-973c-97f99519b243 => generated 941 bytes in 78 msecs (HTTP/1.1 200) 4 headers in 157 bytes (1 switches on core 0) [pid: 7|app: 0|req: 859/1907] 199.19.213.20 () {34 vars in 1059 bytes} [Tue Aug 11 09:24:31 2026] GET /v2.0/floatingips?fixed_ip_address=10.100.0.11&port_id=28a48eb4-e8d4-4865-ace6-217fea3bf2d3 => generated 19 bytes in 24 msecs (HTTP/1.1 200) 4 headers in 156 bytes (1 switches on core 0) [pid: 7|app: 0|req: 860/1908] 10.0.0.128 () {32 vars in 717 bytes} [Tue Aug 11 09:24:31 2026] GET /v2.0/ports/35a675d1-4a55-4068-973c-97f99519b243 => generated 941 bytes in 37 msecs (HTTP/1.1 200) 4 headers in 157 bytes (1 switches on core 0) [pid: 7|app: 0|req: 861/1909] 199.19.213.20 () {34 vars in 983 bytes} [Tue Aug 11 09:24:31 2026] GET /v2.0/subnets?id=a0474202-3969-4fd5-8d07-03c6e5ce6928 => generated 678 bytes in 28 msecs (HTTP/1.1 200) 4 headers in 157 bytes (1 switches on core 0) [pid: 7|app: 0|req: 862/1910] 199.19.213.20 () {34 vars in 1051 bytes} [Tue Aug 11 09:24:31 2026] GET /v2.0/ports?network_id=bb261a1a-1b1c-439b-b172-6f436ff1f5ad&device_owner=network%3Adhcp => generated 12 bytes in 22 msecs (HTTP/1.1 200) 4 headers in 156 bytes (1 switches on core 0) [pid: 7|app: 0|req: 863/1911] 199.19.213.20 () {34 vars in 1011 bytes} [Tue Aug 11 09:24:31 2026] GET /v2.0/networks/bb261a1a-1b1c-439b-b172-6f436ff1f5ad?fields=segments => generated 14 bytes in 35 msecs (HTTP/1.1 200) 4 headers in 156 bytes (1 switches on core 0) [pid: 7|app: 0|req: 864/1912] 199.19.213.20 () {34 vars in 1111 bytes} [Tue Aug 11 09:24:31 2026] GET /v2.0/networks/bb261a1a-1b1c-439b-b172-6f436ff1f5ad?fields=provider%3Aphysical_network&fields=provider%3Anetwork_type => generated 79 bytes in 34 msecs (HTTP/1.1 200) 4 headers in 156 bytes (1 switches on core 0)
2026-08-11 09:24:32.232 8 INFO neutron.plugins.ml2.drivers.ovn.mech_driver.ovsdb.commands [None req-e2a5ccbf-5311-4639-aead-cad45af7b1f5 - - - - - -] Schedule LRP lrp-dbfe2536-c6ba-4f00-8b2c-e10bb80fba83 on gateway a820cdc8-1183-4a95-8ab5-40e967ae87c3 with priority 1
2026-08-11 09:24:32.274 8 INFO neutron.plugins.ml2.drivers.ovn.mech_driver.mech_driver [None req-6e2c7ca6-31e8-4c9f-b4d7-094f1c964ccb - - - - - -] OVN reports status up for port: dbfe2536-c6ba-4f00-8b2c-e10bb80fba83
2026-08-11 09:24:32.277 7 INFO neutron.plugins.ml2.drivers.ovn.mech_driver.ovsdb.ovsdb_monitor [None req-958b1e44-5544-49eb-a31e-5677a2381946 - - - - - -] Router b114b218-d39f-4467-9219-f23be14860c3 is bound to host instance
2026-08-11 09:24:32.301 8 INFO neutron.plugins.ml2.plugin [None req-6e2c7ca6-31e8-4c9f-b4d7-094f1c964ccb - - - - - -] Attempt 1 to provision port dbfe2536-c6ba-4f00-8b2c-e10bb80fba83
2026-08-11 09:24:32.328 8 INFO neutron.db.ovn_revision_numbers_db [None req-c68e8d39-9278-42f2-950f-5ca3ee1731ec 03a0d8cd0a8b461fa7a58bcc4d1925a6 f5bac3ed306e4341b104836a7ee932a4 - - default default] Successfully bumped revision number for resource dbfe2536-c6ba-4f00-8b2c-e10bb80fba83 (type: router_ports) to 1
2026-08-11 09:24:32.431 8 INFO neutron.db.ovn_revision_numbers_db [None req-c68e8d39-9278-42f2-950f-5ca3ee1731ec 03a0d8cd0a8b461fa7a58bcc4d1925a6 f5bac3ed306e4341b104836a7ee932a4 - - default default] Successfully bumped revision number for resource b114b218-d39f-4467-9219-f23be14860c3 (type: routers) to 2 [pid: 8|app: 0|req: 1049/1913] 10.0.0.128 () {34 vars in 669 bytes} [Tue Aug 11 09:24:30 2026] POST /v2.0/routers => generated 965 bytes in 1458 msecs (HTTP/1.1 201) 4 headers in 162 bytes (1 switches on core 0) [pid: 8|app: 0|req: 1050/1914] 10.0.0.156 () {34 vars in 990 bytes} [Tue Aug 11 09:24:32 2026] GET /v2.0/ports?device_id=d53645b0-0774-4719-8b5a-1c79f077e503 => generated 973 bytes in 40 msecs (HTTP/1.1 200) 4 headers in 157 bytes (1 switches on core 0) [pid: 8|app: 0|req: 1051/1915] 10.0.0.156 () {34 vars in 1040 bytes} [Tue Aug 11 09:24:32 2026] GET /v2.0/security-groups?id=618e6150-7570-4893-961c-58b1668f195c&fields=id&fields=name => generated 113 bytes in 36 msecs (HTTP/1.1 200) 4 headers in 157 bytes (1 switches on core 0) [pid: 8|app: 0|req: 1052/1916] 10.0.0.128 () {32 vars in 717 bytes} [Tue Aug 11 09:24:32 2026] GET /v2.0/ports/35a675d1-4a55-4068-973c-97f99519b243 => generated 941 bytes in 79 msecs (HTTP/1.1 200) 4 headers in 157 bytes (1 switches on core 0)
2026-08-11 09:24:33.262 7 WARNING neutron.scheduler.dhcp_agent_scheduler [None req-d6ec2022-683e-433b-88a3-015811f84deb 03a0d8cd0a8b461fa7a58bcc4d1925a6 f5bac3ed306e4341b104836a7ee932a4 - - default default] No more DHCP agents
2026-08-11 09:24:33.265 7 WARNING neutron.api.rpc.agentnotifiers.dhcp_rpc_agent_api [None req-d6ec2022-683e-433b-88a3-015811f84deb 03a0d8cd0a8b461fa7a58bcc4d1925a6 f5bac3ed306e4341b104836a7ee932a4 - - default default] Unable to schedule network f53bb9b2-93fa-4416-891c-fa8602d6fa57: no agents available; will retry on subsequent port and subnet creation events.
2026-08-11 09:24:33.485 7 WARNING neutron.plugins.ml2.drivers.ovn.mech_driver.ovsdb.ovn_client [None req-fbe7727a-5160-4d93-8265-cfb81083fab2 - - - - - -] No hosting information found for port b5fa37bb-13d8-4bd5-b914-75a97c882d0b: RuntimeError: No hosting information found for port b5fa37bb-13d8-4bd5-b914-75a97c882d0b
2026-08-11 09:24:33.543 7 INFO neutron.db.ovn_revision_numbers_db [None req-d6ec2022-683e-433b-88a3-015811f84deb 03a0d8cd0a8b461fa7a58bcc4d1925a6 f5bac3ed306e4341b104836a7ee932a4 - - default default] Successfully bumped revision number for resource 26a411e0-7652-4e8a-b9dc-876d48e14f41 (type: ports) to 1
2026-08-11 09:24:33.762 7 INFO neutron.db.ovn_revision_numbers_db [None req-fbe7727a-5160-4d93-8265-cfb81083fab2 - - - - - -] Successfully bumped revision number for resource b5fa37bb-13d8-4bd5-b914-75a97c882d0b (type: router_ports) to 2
2026-08-11 09:24:33.763 7 INFO neutron.plugins.ml2.drivers.ovn.mech_driver.mech_driver [None req-fbe7727a-5160-4d93-8265-cfb81083fab2 - - - - - -] OVN reports status down for port: 2462ebe8-7494-4d70-830a-999be37614a1
2026-08-11 09:24:33.781 7 INFO neutron.db.ovn_revision_numbers_db [None req-3700397b-a89d-46c6-9e34-c6d7ce37b8fb - - - - - -] Successfully bumped revision number for resource dbfe2536-c6ba-4f00-8b2c-e10bb80fba83 (type: ports) to 4
2026-08-11 09:24:33.929 7 WARNING neutron.plugins.ml2.drivers.ovn.mech_driver.ovsdb.ovn_client [None req-fbe7727a-5160-4d93-8265-cfb81083fab2 - - - - - -] Logical_Switch_Port %s host information not removed, the port state is up
2026-08-11 09:24:33.931 7 INFO neutron.plugins.ml2.drivers.ovn.mech_driver.mech_driver [None req-fbe7727a-5160-4d93-8265-cfb81083fab2 - - - - - -] OVN reports status up for port: 2462ebe8-7494-4d70-830a-999be37614a1 [pid: 8|app: 0|req: 1053/1917] 10.0.0.156 () {34 vars in 990 bytes} [Tue Aug 11 09:24:33 2026] GET /v2.0/ports?device_id=d53645b0-0774-4719-8b5a-1c79f077e503 => generated 973 bytes in 95 msecs (HTTP/1.1 200) 4 headers in 157 bytes (1 switches on core 0) [pid: 8|app: 0|req: 1054/1918] 10.0.0.128 () {32 vars in 717 bytes} [Tue Aug 11 09:24:33 2026] GET /v2.0/ports/35a675d1-4a55-4068-973c-97f99519b243 => generated 941 bytes in 31 msecs (HTTP/1.1 200) 4 headers in 157 bytes (1 switches on core 0)
2026-08-11 09:24:33.964 7 INFO neutron.plugins.ml2.plugin [None req-fbe7727a-5160-4d93-8265-cfb81083fab2 - - - - - -] Attempt 1 to provision port 2462ebe8-7494-4d70-830a-999be37614a1 [pid: 8|app: 0|req: 1055/1919] 10.0.0.156 () {34 vars in 1040 bytes} [Tue Aug 11 09:24:33 2026] GET /v2.0/security-groups?id=618e6150-7570-4893-961c-58b1668f195c&fields=id&fields=name => generated 113 bytes in 27 msecs (HTTP/1.1 200) 4 headers in 157 bytes (1 switches on core 0)
2026-08-11 09:24:34.774 8 INFO neutron.plugins.ml2.drivers.ovn.mech_driver.mech_driver [None req-6e2c7ca6-31e8-4c9f-b4d7-094f1c964ccb - - - - - -] OVN reports status down for port: 26a411e0-7652-4e8a-b9dc-876d48e14f41
2026-08-11 09:24:34.846 7 INFO neutron.db.ovn_revision_numbers_db [None req-3700397b-a89d-46c6-9e34-c6d7ce37b8fb - - - - - -] Successfully bumped revision number for resource dbfe2536-c6ba-4f00-8b2c-e10bb80fba83 (type: ports) to 5
2026-08-11 09:24:34.889 8 INFO neutron.plugins.ml2.drivers.ovn.mech_driver.mech_driver [None req-6e2c7ca6-31e8-4c9f-b4d7-094f1c964ccb - - - - - -] OVN reports status up for port: 28a48eb4-e8d4-4865-ace6-217fea3bf2d3
2026-08-11 09:24:34.912 8 INFO neutron.plugins.ml2.plugin [None req-6e2c7ca6-31e8-4c9f-b4d7-094f1c964ccb - - - - - -] Attempt 1 to provision port 28a48eb4-e8d4-4865-ace6-217fea3bf2d3 [pid: 8|app: 0|req: 1056/1920] 10.0.0.128 () {32 vars in 717 bytes} [Tue Aug 11 09:24:34 2026] GET /v2.0/ports/35a675d1-4a55-4068-973c-97f99519b243 => generated 941 bytes in 53 msecs (HTTP/1.1 200) 4 headers in 157 bytes (1 switches on core 0)
2026-08-11 09:24:35.079 8 INFO neutron.notifiers.nova [-] Nova event matching ['req-b5ded668-6e5d-444e-89fd-36214dae0ebb'] response: {'server_uuid': 'd53645b0-0774-4719-8b5a-1c79f077e503', 'name': 'network-vif-plugged', 'status': 'completed', 'tag': '28a48eb4-e8d4-4865-ace6-217fea3bf2d3', 'code': 200} [pid: 8|app: 0|req: 1057/1921] 10.0.0.156 () {34 vars in 990 bytes} [Tue Aug 11 09:24:35 2026] GET /v2.0/ports?device_id=d53645b0-0774-4719-8b5a-1c79f077e503 => generated 975 bytes in 69 msecs (HTTP/1.1 200) 4 headers in 157 bytes (1 switches on core 0) [pid: 8|app: 0|req: 1058/1922] 10.0.0.156 () {34 vars in 1040 bytes} [Tue Aug 11 09:24:35 2026] GET /v2.0/security-groups?id=618e6150-7570-4893-961c-58b1668f195c&fields=id&fields=name => generated 113 bytes in 51 msecs (HTTP/1.1 200) 4 headers in 157 bytes (1 switches on core 0)
2026-08-11 09:24:35.189 7 INFO neutron.db.ovn_revision_numbers_db [None req-fbe7727a-5160-4d93-8265-cfb81083fab2 - - - - - -] Successfully bumped revision number for resource 2462ebe8-7494-4d70-830a-999be37614a1 (type: ports) to 2
2026-08-11 09:24:35.297 8 INFO neutron.db.ovn_revision_numbers_db [None req-6e2c7ca6-31e8-4c9f-b4d7-094f1c964ccb - - - - - -] Successfully bumped revision number for resource 28a48eb4-e8d4-4865-ace6-217fea3bf2d3 (type: ports) to 5
2026-08-11 09:24:35.413 8 INFO neutron.plugins.ml2.drivers.ovn.mech_driver.mech_driver [None req-f235af65-2800-478d-84e6-182d6f269ef6 - - - - - -] OVN reports status up for port: 26a411e0-7652-4e8a-b9dc-876d48e14f41
2026-08-11 09:24:35.431 8 INFO neutron.plugins.ml2.plugin [None req-f235af65-2800-478d-84e6-182d6f269ef6 - - - - - -] Attempt 1 to provision port 26a411e0-7652-4e8a-b9dc-876d48e14f41
2026-08-11 09:24:35.481 7 WARNING neutron.scheduler.dhcp_agent_scheduler [None req-d6ec2022-683e-433b-88a3-015811f84deb 03a0d8cd0a8b461fa7a58bcc4d1925a6 f5bac3ed306e4341b104836a7ee932a4 - - default default] No more DHCP agents
2026-08-11 09:24:35.482 7 WARNING neutron.api.rpc.agentnotifiers.dhcp_rpc_agent_api [None req-d6ec2022-683e-433b-88a3-015811f84deb 03a0d8cd0a8b461fa7a58bcc4d1925a6 f5bac3ed306e4341b104836a7ee932a4 - - default default] Unable to schedule network f53bb9b2-93fa-4416-891c-fa8602d6fa57: no agents available; will retry on subsequent port and subnet creation events.
2026-08-11 09:24:35.916 7 INFO neutron.db.ovn_revision_numbers_db [None req-d6ec2022-683e-433b-88a3-015811f84deb 03a0d8cd0a8b461fa7a58bcc4d1925a6 f5bac3ed306e4341b104836a7ee932a4 - - default default] Successfully bumped revision number for resource 26a411e0-7652-4e8a-b9dc-876d48e14f41 (type: router_ports) to 1 [pid: 7|app: 0|req: 865/1923] 10.0.0.128 () {34 vars in 783 bytes} [Tue Aug 11 09:24:32 2026] PUT /v2.0/routers/b114b218-d39f-4467-9219-f23be14860c3/add_router_interface => generated 309 bytes in 3465 msecs (HTTP/1.1 200) 4 headers in 157 bytes (1 switches on core 0) /var/lib/openstack/lib/python3.12/site-packages/pycadf/identifier.py:70: UserWarning: Invalid uuid: neutron. To ensure interoperability, identifiers should be a valid uuid. warnings.warn(('Invalid uuid: %s. To ensure interoperability, ' [pid: 8|app: 0|req: 1059/1924] 10.0.0.128 () {32 vars in 717 bytes} [Tue Aug 11 09:24:36 2026] GET /v2.0/ports/35a675d1-4a55-4068-973c-97f99519b243 => generated 941 bytes in 75 msecs (HTTP/1.1 200) 4 headers in 157 bytes (1 switches on core 0)
2026-08-11 09:24:36.150 8 INFO neutron.db.ovn_revision_numbers_db [None req-f235af65-2800-478d-84e6-182d6f269ef6 - - - - - -] Successfully bumped revision number for resource 26a411e0-7652-4e8a-b9dc-876d48e14f41 (type: ports) to 2 [pid: 7|app: 0|req: 866/1925] 10.0.0.156 () {34 vars in 990 bytes} [Tue Aug 11 09:24:36 2026] GET /v2.0/ports?device_id=d53645b0-0774-4719-8b5a-1c79f077e503 => generated 975 bytes in 84 msecs (HTTP/1.1 200) 4 headers in 157 bytes (1 switches on core 0)
2026-08-11 09:24:36.707 7 INFO neutron.db.ovn_revision_numbers_db [None req-f00269d8-8a3d-4c16-83e0-238068078838 5c6dd660513b40b88069d3f6896f0e76 8d230e24ec0b4f45acce944c9b525894 - - default default] Successfully bumped revision number for resource c2f68079-86e3-4e7b-9337-f64408844494 (type: security_groups) to 1
2026-08-11 09:24:36.722 7 INFO neutron.db.ovn_revision_numbers_db [None req-f00269d8-8a3d-4c16-83e0-238068078838 5c6dd660513b40b88069d3f6896f0e76 8d230e24ec0b4f45acce944c9b525894 - - default default] Successfully bumped revision number for resource 5a5ae865-922c-4102-a5ec-85f7519508b9 (type: security_group_rules) to 0
2026-08-11 09:24:36.739 7 INFO neutron.db.ovn_revision_numbers_db [None req-f00269d8-8a3d-4c16-83e0-238068078838 5c6dd660513b40b88069d3f6896f0e76 8d230e24ec0b4f45acce944c9b525894 - - default default] Successfully bumped revision number for resource b8842f74-3b6f-422e-b8db-823aa9d039e1 (type: security_group_rules) to 0 [pid: 8|app: 0|req: 1060/1926] 10.0.0.156 () {34 vars in 1040 bytes} [Tue Aug 11 09:24:36 2026] GET /v2.0/security-groups?id=618e6150-7570-4893-961c-58b1668f195c&fields=id&fields=name => generated 113 bytes in 426 msecs (HTTP/1.1 200) 4 headers in 157 bytes (1 switches on core 0) [pid: 7|app: 0|req: 867/1927] 10.0.0.128 () {34 vars in 685 bytes} [Tue Aug 11 09:24:36 2026] POST /v2.0/security-groups => generated 1673 bytes in 192 msecs (HTTP/1.1 201) 4 headers in 163 bytes (1 switches on core 0)
2026-08-11 09:24:36.920 8 INFO neutron.db.ovn_revision_numbers_db [None req-89824269-99f1-4b06-b548-cd589b27316f 5c6dd660513b40b88069d3f6896f0e76 8d230e24ec0b4f45acce944c9b525894 - - default default] Successfully bumped revision number for resource d904a461-c1c7-4495-a759-1d0c3b76e9fc (type: security_group_rules) to 0 [pid: 8|app: 0|req: 1061/1928] 10.0.0.128 () {34 vars in 695 bytes} [Tue Aug 11 09:24:36 2026] POST /v2.0/security-group-rules => generated 597 bytes in 160 msecs (HTTP/1.1 201) 4 headers in 162 bytes (1 switches on core 0)
2026-08-11 09:24:37.067 7 INFO neutron.db.ovn_revision_numbers_db [None req-4d879fa0-f89e-4a16-b261-54e186dae053 5c6dd660513b40b88069d3f6896f0e76 8d230e24ec0b4f45acce944c9b525894 - - default default] Successfully bumped revision number for resource d2b4b168-b58a-4d1f-82b1-465dc7d7f2c3 (type: security_group_rules) to 0 [pid: 7|app: 0|req: 868/1929] 10.0.0.128 () {34 vars in 695 bytes} [Tue Aug 11 09:24:36 2026] POST /v2.0/security-group-rules => generated 596 bytes in 153 msecs (HTTP/1.1 201) 4 headers in 162 bytes (1 switches on core 0)
2026-08-11 09:24:37.129 8 INFO neutron.notifiers.nova [-] Nova event matching ['req-af7cab8d-409e-49cf-8c7f-e2d22ee786ae'] response: {'server_uuid': 'd53645b0-0774-4719-8b5a-1c79f077e503', 'name': 'network-vif-plugged', 'status': 'completed', 'tag': '28a48eb4-e8d4-4865-ace6-217fea3bf2d3', 'code': 200} [pid: 8|app: 0|req: 1062/1930] 10.0.0.128 () {32 vars in 717 bytes} [Tue Aug 11 09:24:37 2026] GET /v2.0/ports/35a675d1-4a55-4068-973c-97f99519b243 => generated 941 bytes in 33 msecs (HTTP/1.1 200) 4 headers in 157 bytes (1 switches on core 0)
2026-08-11 09:24:37.235 7 INFO neutron.db.ovn_revision_numbers_db [None req-3dd37092-6e71-48c6-bd04-86c0bd28ab9a 5c6dd660513b40b88069d3f6896f0e76 8d230e24ec0b4f45acce944c9b525894 - - default default] Successfully bumped revision number for resource 9e14ca94-1384-4e22-b8ec-a1cd7a57e70e (type: security_group_rules) to 0 [pid: 7|app: 0|req: 869/1931] 10.0.0.128 () {34 vars in 695 bytes} [Tue Aug 11 09:24:37 2026] POST /v2.0/security-group-rules => generated 602 bytes in 151 msecs (HTTP/1.1 201) 4 headers in 162 bytes (1 switches on core 0)
2026-08-11 09:24:37.411 8 INFO neutron.db.ovn_revision_numbers_db [None req-30d52a25-e49e-4eda-b2bd-c6302f7f8511 5c6dd660513b40b88069d3f6896f0e76 8d230e24ec0b4f45acce944c9b525894 - - default default] Successfully bumped revision number for resource ddbfe9bf-1044-4a44-a94c-05e95a7e8dff (type: security_group_rules) to 0 [pid: 8|app: 0|req: 1063/1932] 10.0.0.128 () {34 vars in 695 bytes} [Tue Aug 11 09:24:37 2026] POST /v2.0/security-group-rules => generated 601 bytes in 187 msecs (HTTP/1.1 201) 4 headers in 162 bytes (1 switches on core 0)
2026-08-11 09:24:37.498 7 INFO neutron.db.securitygroups_db [None req-f2b615eb-9f71-4a40-959a-f592b77defa6 5c6dd660513b40b88069d3f6896f0e76 8d230e24ec0b4f45acce944c9b525894 - - default default] Project 8d230e24ec0b4f45acce944c9b525894 added a security group rule with legacy IPv6 ICMP protocol name icmp, ipv6-icmp should be used instead. It was automatically converted.
2026-08-11 09:24:37.615 7 INFO neutron.db.ovn_revision_numbers_db [None req-f2b615eb-9f71-4a40-959a-f592b77defa6 5c6dd660513b40b88069d3f6896f0e76 8d230e24ec0b4f45acce944c9b525894 - - default default] Successfully bumped revision number for resource 735c3883-00c3-4572-bbd7-4705136891d3 (type: security_group_rules) to 0 [pid: 7|app: 0|req: 870/1933] 10.0.0.128 () {34 vars in 695 bytes} [Tue Aug 11 09:24:37 2026] POST /v2.0/security-group-rules => generated 607 bytes in 224 msecs (HTTP/1.1 201) 4 headers in 162 bytes (1 switches on core 0)
2026-08-11 09:24:37.727 8 INFO neutron.db.securitygroups_db [None req-e2f3e25a-2377-4bd4-93b1-37928ce3aff0 5c6dd660513b40b88069d3f6896f0e76 8d230e24ec0b4f45acce944c9b525894 - - default default] Project 8d230e24ec0b4f45acce944c9b525894 added a security group rule with legacy IPv6 ICMP protocol name icmp, ipv6-icmp should be used instead. It was automatically converted.
2026-08-11 09:24:37.849 8 INFO neutron.db.ovn_revision_numbers_db [None req-e2f3e25a-2377-4bd4-93b1-37928ce3aff0 5c6dd660513b40b88069d3f6896f0e76 8d230e24ec0b4f45acce944c9b525894 - - default default] Successfully bumped revision number for resource 71f079a1-c414-4df6-a4c9-185be7937308 (type: security_group_rules) to 0 [pid: 8|app: 0|req: 1064/1934] 10.0.0.128 () {34 vars in 695 bytes} [Tue Aug 11 09:24:37 2026] POST /v2.0/security-group-rules => generated 606 bytes in 188 msecs (HTTP/1.1 201) 4 headers in 162 bytes (1 switches on core 0) [pid: 7|app: 0|req: 871/1935] 10.0.0.156 () {34 vars in 990 bytes} [Tue Aug 11 09:24:37 2026] GET /v2.0/ports?device_id=d53645b0-0774-4719-8b5a-1c79f077e503 => generated 975 bytes in 56 msecs (HTTP/1.1 200) 4 headers in 157 bytes (1 switches on core 0) [pid: 8|app: 0|req: 1065/1936] 10.0.0.156 () {34 vars in 1040 bytes} [Tue Aug 11 09:24:37 2026] GET /v2.0/security-groups?id=618e6150-7570-4893-961c-58b1668f195c&fields=id&fields=name => generated 113 bytes in 36 msecs (HTTP/1.1 200) 4 headers in 157 bytes (1 switches on core 0) [pid: 7|app: 0|req: 872/1937] 10.0.0.156 () {34 vars in 990 bytes} [Tue Aug 11 09:24:38 2026] GET /v2.0/ports?device_id=d53645b0-0774-4719-8b5a-1c79f077e503 => generated 975 bytes in 40 msecs (HTTP/1.1 200) 4 headers in 157 bytes (1 switches on core 0) [pid: 8|app: 0|req: 1066/1938] 10.0.0.156 () {34 vars in 1040 bytes} [Tue Aug 11 09:24:38 2026] GET /v2.0/security-groups?id=618e6150-7570-4893-961c-58b1668f195c&fields=id&fields=name => generated 113 bytes in 31 msecs (HTTP/1.1 200) 4 headers in 157 bytes (1 switches on core 0) [pid: 7|app: 0|req: 873/1939] 10.0.0.128 () {32 vars in 736 bytes} [Tue Aug 11 09:24:38 2026] GET /v2.0/ports?device_id=d53645b0-0774-4719-8b5a-1c79f077e503 => generated 1213 bytes in 66 msecs (HTTP/1.1 200) 4 headers in 158 bytes (1 switches on core 0) [pid: 8|app: 0|req: 1067/1940] 10.0.0.128 () {32 vars in 717 bytes} [Tue Aug 11 09:24:38 2026] GET /v2.0/ports/35a675d1-4a55-4068-973c-97f99519b243 => generated 941 bytes in 73 msecs (HTTP/1.1 200) 4 headers in 157 bytes (1 switches on core 0)
2026-08-11 09:24:38.358 8 INFO neutron.db.ovn_revision_numbers_db [None req-e2369380-7da0-463f-a39d-f839fc505755 5c6dd660513b40b88069d3f6896f0e76 8d230e24ec0b4f45acce944c9b525894 - - default default] Successfully bumped revision number for resource b5807a78-7aff-4f6e-8731-c19a48b40b84 (type: security_groups) to 1
2026-08-11 09:24:38.370 8 INFO neutron.db.ovn_revision_numbers_db [None req-e2369380-7da0-463f-a39d-f839fc505755 5c6dd660513b40b88069d3f6896f0e76 8d230e24ec0b4f45acce944c9b525894 - - default default] Successfully bumped revision number for resource 898051cf-731e-44e8-ba3a-311c2c21353d (type: security_group_rules) to 0
2026-08-11 09:24:38.382 8 INFO neutron.db.ovn_revision_numbers_db [None req-e2369380-7da0-463f-a39d-f839fc505755 5c6dd660513b40b88069d3f6896f0e76 8d230e24ec0b4f45acce944c9b525894 - - default default] Successfully bumped revision number for resource c6e7b11b-ad7f-47ff-ac40-d47410ca725b (type: security_group_rules) to 0
2026-08-11 09:24:38.404 7 WARNING neutron.scheduler.dhcp_agent_scheduler [None req-9f308ac4-f3b9-46f6-a015-4166bf1191ca 15bb8395e8054929994a71a2a251a6ec 4ffdb772632f46318e1c9fa92db874ce - - default default] No more DHCP agents
2026-08-11 09:24:38.405 7 WARNING neutron.api.rpc.agentnotifiers.dhcp_rpc_agent_api [None req-9f308ac4-f3b9-46f6-a015-4166bf1191ca 15bb8395e8054929994a71a2a251a6ec 4ffdb772632f46318e1c9fa92db874ce - - default default] Unable to schedule network b5dfb650-4d86-428f-a890-5991c4032ff2: no agents available; will retry on subsequent port and subnet creation events. [pid: 8|app: 0|req: 1068/1941] 10.0.0.128 () {34 vars in 685 bytes} [Tue Aug 11 09:24:38 2026] POST /v2.0/security-groups => generated 1660 bytes in 179 msecs (HTTP/1.1 201) 4 headers in 163 bytes (1 switches on core 0)
