2026-08-11 09:22:12.362 8 WARNING neutron.api.rpc.agentnotifiers.dhcp_rpc_agent_api [None req-221ed1bb-58a5-4a21-bf93-a909fc2c8b65 03a0d8cd0a8b461fa7a58bcc4d1925a6 f5bac3ed306e4341b104836a7ee932a4 - - default default] Unable to schedule network b5dfb650-4d86-428f-a890-5991c4032ff2: no agents available; will retry on subsequent port and subnet creation events.
2026-08-11 09:22:12.473 8 INFO neutron.plugins.ml2.drivers.ovn.mech_driver.mech_driver [None req-39503dac-6b6a-4eda-b329-d4f1f201ad6c - - - - - -] OVN reports status down for port: 5d0090c9-7600-4544-ab7a-eb38b03b2caa
2026-08-11 09:22:12.530 8 INFO neutron.db.ovn_revision_numbers_db [None req-221ed1bb-58a5-4a21-bf93-a909fc2c8b65 03a0d8cd0a8b461fa7a58bcc4d1925a6 f5bac3ed306e4341b104836a7ee932a4 - - default default] Successfully bumped revision number for resource 5d0090c9-7600-4544-ab7a-eb38b03b2caa (type: ports) to 1
2026-08-11 09:22:12.896 7 INFO neutron.db.ovn_revision_numbers_db [None req-acfb729d-90cc-4ce0-a858-f83e6fc700ad 03a0d8cd0a8b461fa7a58bcc4d1925a6 f5bac3ed306e4341b104836a7ee932a4 - - default default] Successfully bumped revision number for resource 83182eda-6b80-420b-8953-613364764cb8 (type: security_groups) to 1
2026-08-11 09:22:12.906 7 INFO neutron.db.ovn_revision_numbers_db [None req-acfb729d-90cc-4ce0-a858-f83e6fc700ad 03a0d8cd0a8b461fa7a58bcc4d1925a6 f5bac3ed306e4341b104836a7ee932a4 - - default default] Successfully bumped revision number for resource 0d36d517-84a2-43e3-9390-164f2a696443 (type: security_group_rules) to 0
2026-08-11 09:22:12.918 7 INFO neutron.db.ovn_revision_numbers_db [None req-acfb729d-90cc-4ce0-a858-f83e6fc700ad 03a0d8cd0a8b461fa7a58bcc4d1925a6 f5bac3ed306e4341b104836a7ee932a4 - - default default] Successfully bumped revision number for resource b4223e92-d9d2-432c-836d-6772bba3ba99 (type: security_group_rules) to 0
2026-08-11 09:22:12.929 7 INFO neutron.db.ovn_revision_numbers_db [None req-acfb729d-90cc-4ce0-a858-f83e6fc700ad 03a0d8cd0a8b461fa7a58bcc4d1925a6 f5bac3ed306e4341b104836a7ee932a4 - - default default] Successfully bumped revision number for resource b8ec6d5b-e14c-4824-a449-d320b339cb6c (type: security_group_rules) to 0
2026-08-11 09:22:12.940 7 INFO neutron.db.ovn_revision_numbers_db [None req-acfb729d-90cc-4ce0-a858-f83e6fc700ad 03a0d8cd0a8b461fa7a58bcc4d1925a6 f5bac3ed306e4341b104836a7ee932a4 - - default default] Successfully bumped revision number for resource c26c8cab-1952-423a-8573-14479bce8632 (type: security_group_rules) to 0 [pid: 7|app: 0|req: 441/1029] 10.0.0.128 () {32 vars in 774 bytes} [Tue Aug 11 09:22:12 2026] GET /v2.0/security-groups?tenant_id=e7a041fa59b94e858ddc8c5ae4db9a3d&name=default => generated 2925 bytes in 324 msecs (HTTP/1.1 200) 4 headers in 158 bytes (1 switches on core 0)
2026-08-11 09:22:13.147 8 INFO neutron.plugins.ml2.drivers.ovn.mech_driver.ovsdb.commands [None req-e2a5ccbf-5311-4639-aead-cad45af7b1f5 - - - - - -] Schedule LRP lrp-5d0090c9-7600-4544-ab7a-eb38b03b2caa on gateway a820cdc8-1183-4a95-8ab5-40e967ae87c3 with priority 1
2026-08-11 09:22:13.196 8 INFO neutron.plugins.ml2.drivers.ovn.mech_driver.ovsdb.ovsdb_monitor [None req-1b19628b-d043-44f7-a3e5-1116b84acf31 - - - - - -] Router 00bf7e23-5ba9-4c2b-a2ee-a3081bdfd587 is bound to host instance
2026-08-11 09:22:13.196 8 INFO neutron.plugins.ml2.drivers.ovn.mech_driver.mech_driver [None req-39503dac-6b6a-4eda-b329-d4f1f201ad6c - - - - - -] OVN reports status up for port: 5d0090c9-7600-4544-ab7a-eb38b03b2caa
2026-08-11 09:22:13.235 8 INFO neutron.plugins.ml2.plugin [None req-39503dac-6b6a-4eda-b329-d4f1f201ad6c - - - - - -] Attempt 1 to provision port 5d0090c9-7600-4544-ab7a-eb38b03b2caa [pid: 7|app: 0|req: 442/1030] 10.0.0.128 () {32 vars in 740 bytes} [Tue Aug 11 09:22:12 2026] DELETE /v2.0/security-groups/83182eda-6b80-420b-8953-613364764cb8 => generated 0 bytes in 275 msecs (HTTP/1.1 204) 2 headers in 112 bytes (1 switches on core 0) [pid: 7|app: 0|req: 443/1031] 10.0.0.156 () {34 vars in 990 bytes} [Tue Aug 11 09:22:13 2026] GET /v2.0/ports?device_id=3a4ce1f7-3411-40e3-8c41-95545088f637 => generated 12 bytes in 18 msecs (HTTP/1.1 200) 4 headers in 156 bytes (1 switches on core 0)
2026-08-11 09:22:13.299 8 INFO neutron.db.ovn_revision_numbers_db [None req-221ed1bb-58a5-4a21-bf93-a909fc2c8b65 03a0d8cd0a8b461fa7a58bcc4d1925a6 f5bac3ed306e4341b104836a7ee932a4 - - default default] Successfully bumped revision number for resource 5d0090c9-7600-4544-ab7a-eb38b03b2caa (type: router_ports) to 1
2026-08-11 09:22:13.467 8 INFO neutron.db.ovn_revision_numbers_db [None req-221ed1bb-58a5-4a21-bf93-a909fc2c8b65 03a0d8cd0a8b461fa7a58bcc4d1925a6 f5bac3ed306e4341b104836a7ee932a4 - - default default] Successfully bumped revision number for resource 00bf7e23-5ba9-4c2b-a2ee-a3081bdfd587 (type: routers) to 2 [pid: 8|app: 0|req: 589/1032] 10.0.0.128 () {34 vars in 669 bytes} [Tue Aug 11 09:22:11 2026] POST /v2.0/routers => generated 971 bytes in 1509 msecs (HTTP/1.1 201) 4 headers in 162 bytes (1 switches on core 0)
2026-08-11 09:22:13.912 7 WARNING neutron.scheduler.dhcp_agent_scheduler [None req-c9846baf-6f09-48b2-9ab3-7f5e129deb3c 03a0d8cd0a8b461fa7a58bcc4d1925a6 f5bac3ed306e4341b104836a7ee932a4 - - default default] No more DHCP agents
2026-08-11 09:22:13.914 7 WARNING neutron.api.rpc.agentnotifiers.dhcp_rpc_agent_api [None req-c9846baf-6f09-48b2-9ab3-7f5e129deb3c 03a0d8cd0a8b461fa7a58bcc4d1925a6 f5bac3ed306e4341b104836a7ee932a4 - - default default] Unable to schedule network edb1e304-dc48-4296-87df-a53407f30a1c: no agents available; will retry on subsequent port and subnet creation events.
2026-08-11 09:22:13.997 7 INFO neutron.plugins.ml2.drivers.ovn.mech_driver.mech_driver [None req-16ddf3c6-28cb-4189-8603-8749e0a672d5 - - - - - -] OVN reports status down for port: 2341fbd8-284a-4708-bbfc-f783d5215283
2026-08-11 09:22:14.039 7 INFO neutron.db.ovn_revision_numbers_db [None req-c9846baf-6f09-48b2-9ab3-7f5e129deb3c 03a0d8cd0a8b461fa7a58bcc4d1925a6 f5bac3ed306e4341b104836a7ee932a4 - - default default] Successfully bumped revision number for resource 2341fbd8-284a-4708-bbfc-f783d5215283 (type: ports) to 1
2026-08-11 09:22:14.177 8 INFO neutron.db.ovn_revision_numbers_db [None req-e85a464f-81f9-4279-ac74-3c56030210b8 - - - - - -] Successfully bumped revision number for resource 5d0090c9-7600-4544-ab7a-eb38b03b2caa (type: ports) to 4
2026-08-11 09:22:14.563 8 INFO neutron.db.ovn_revision_numbers_db [None req-e85a464f-81f9-4279-ac74-3c56030210b8 - - - - - -] Successfully bumped revision number for resource 5d0090c9-7600-4544-ab7a-eb38b03b2caa (type: ports) to 5 [pid: 8|app: 0|req: 590/1033] 10.0.0.128 () {32 vars in 740 bytes} [Tue Aug 11 09:22:14 2026] DELETE /v2.0/security-groups/4633e326-4bfb-48eb-aa81-687fd28584d2 => generated 0 bytes in 282 msecs (HTTP/1.1 204) 2 headers in 112 bytes (1 switches on core 0)
2026-08-11 09:22:14.637 7 INFO neutron.plugins.ml2.drivers.ovn.mech_driver.mech_driver [None req-16ddf3c6-28cb-4189-8603-8749e0a672d5 - - - - - -] OVN reports status up for port: 2341fbd8-284a-4708-bbfc-f783d5215283
2026-08-11 09:22:14.658 8 INFO neutron.api.v2.resource [None req-2b22c701-c346-4e12-8219-ee433859ec17 38b9d07ce34c4f8fb6275cc816ffc074 51688f3a23bb4683a2dee7ffc0b2540f - - default default] show failed (client error): The resource could not be found. [pid: 8|app: 0|req: 591/1034] 10.0.0.128 () {32 vars in 737 bytes} [Tue Aug 11 09:22:14 2026] GET /v2.0/security-groups/4633e326-4bfb-48eb-aa81-687fd28584d2 => generated 146 bytes in 23 msecs (HTTP/1.1 404) 4 headers in 164 bytes (1 switches on core 0)
2026-08-11 09:22:14.664 7 INFO neutron.plugins.ml2.plugin [None req-16ddf3c6-28cb-4189-8603-8749e0a672d5 - - - - - -] Attempt 1 to provision port 2341fbd8-284a-4708-bbfc-f783d5215283
2026-08-11 09:22:14.802 7 WARNING neutron.scheduler.dhcp_agent_scheduler [None req-c9846baf-6f09-48b2-9ab3-7f5e129deb3c 03a0d8cd0a8b461fa7a58bcc4d1925a6 f5bac3ed306e4341b104836a7ee932a4 - - default default] No more DHCP agents
2026-08-11 09:22:14.807 7 WARNING neutron.api.rpc.agentnotifiers.dhcp_rpc_agent_api [None req-c9846baf-6f09-48b2-9ab3-7f5e129deb3c 03a0d8cd0a8b461fa7a58bcc4d1925a6 f5bac3ed306e4341b104836a7ee932a4 - - default default] Unable to schedule network edb1e304-dc48-4296-87df-a53407f30a1c: no agents available; will retry on subsequent port and subnet creation events.
2026-08-11 09:22:14.816 8 INFO neutron_taas.services.taas.taas_plugin [None req-3b47ea2d-a3e6-4986-b0e3-66082ecb93a8 38b9d07ce34c4f8fb6275cc816ffc074 51688f3a23bb4683a2dee7ffc0b2540f - - default default] TaaS: Handle Delete Port: 916bed41-0189-4dd3-9728-01f13352ffe2
2026-08-11 09:22:14.820 8 INFO neutron_taas.services.taas.tap_mirror_plugin [None req-3b47ea2d-a3e6-4986-b0e3-66082ecb93a8 38b9d07ce34c4f8fb6275cc816ffc074 51688f3a23bb4683a2dee7ffc0b2540f - - default default] Tap Mirror: Handle Delete Port: 916bed41-0189-4dd3-9728-01f13352ffe2 [pid: 8|app: 0|req: 592/1035] 10.0.0.128 () {32 vars in 732 bytes} [Tue Aug 11 09:22:14 2026] DELETE /v2.0/floatingips/07df0ea3-38f9-484b-a801-668dbd7dab39 => generated 0 bytes in 310 msecs (HTTP/1.1 204) 2 headers in 112 bytes (1 switches on core 0)
2026-08-11 09:22:15.148 8 INFO neutron.db.ovn_revision_numbers_db [None req-fa647436-79b0-4b35-938b-8169333cb9bd b1a483d0f9d541c2b6a2f56c43653e4b d314a8ba3f62460da5e2af34fc9ddb96 - - default default] Successfully bumped revision number for resource bd09c975-68c1-45ac-ba29-6776f85bff6b (type: security_groups) to 1
2026-08-11 09:22:15.162 8 INFO neutron.db.ovn_revision_numbers_db [None req-fa647436-79b0-4b35-938b-8169333cb9bd b1a483d0f9d541c2b6a2f56c43653e4b d314a8ba3f62460da5e2af34fc9ddb96 - - default default] Successfully bumped revision number for resource 329983f8-c78d-4611-9772-c10516dab703 (type: security_group_rules) to 0
2026-08-11 09:22:15.179 8 INFO neutron.db.ovn_revision_numbers_db [None req-fa647436-79b0-4b35-938b-8169333cb9bd b1a483d0f9d541c2b6a2f56c43653e4b d314a8ba3f62460da5e2af34fc9ddb96 - - default default] Successfully bumped revision number for resource 7641252b-a3c2-4b24-afc9-2075f80facbf (type: security_group_rules) to 0
2026-08-11 09:22:15.193 8 INFO neutron.db.ovn_revision_numbers_db [None req-fa647436-79b0-4b35-938b-8169333cb9bd b1a483d0f9d541c2b6a2f56c43653e4b d314a8ba3f62460da5e2af34fc9ddb96 - - default default] Successfully bumped revision number for resource 8fa16a31-d5c0-4d1f-b886-dd877cd5fa8b (type: security_group_rules) to 0
2026-08-11 09:22:15.205 8 INFO neutron.db.ovn_revision_numbers_db [None req-fa647436-79b0-4b35-938b-8169333cb9bd b1a483d0f9d541c2b6a2f56c43653e4b d314a8ba3f62460da5e2af34fc9ddb96 - - default default] Successfully bumped revision number for resource fd5457ff-6670-4c1b-bf2c-7b916ed527d1 (type: security_group_rules) to 0
2026-08-11 09:22:15.290 7 INFO neutron.db.ovn_revision_numbers_db [None req-16ddf3c6-28cb-4189-8603-8749e0a672d5 - - - - - -] Successfully bumped revision number for resource 2341fbd8-284a-4708-bbfc-f783d5215283 (type: ports) to 2
2026-08-11 09:22:15.302 8 INFO neutron.db.segments_db [None req-fa647436-79b0-4b35-938b-8169333cb9bd b1a483d0f9d541c2b6a2f56c43653e4b d314a8ba3f62460da5e2af34fc9ddb96 - - default default] Added segment c33545bf-f570-4ba5-8ce9-729dd0cc88b6 of type geneve for network 4f729c71-9115-4ced-9c76-2ed647280870
2026-08-11 09:22:15.412 8 INFO neutron.db.segments_db [None req-fa647436-79b0-4b35-938b-8169333cb9bd b1a483d0f9d541c2b6a2f56c43653e4b d314a8ba3f62460da5e2af34fc9ddb96 - - default default] Added segment 013a2f04-1fbf-40e9-beda-2aedf00be2d9 of type geneve for network 12afd846-f75a-42db-8858-de96e6c151d7
2026-08-11 09:22:15.526 8 INFO neutron.db.ovn_revision_numbers_db [None req-fa647436-79b0-4b35-938b-8169333cb9bd b1a483d0f9d541c2b6a2f56c43653e4b d314a8ba3f62460da5e2af34fc9ddb96 - - default default] Successfully bumped revision number for resource 4f729c71-9115-4ced-9c76-2ed647280870 (type: networks) to 1
2026-08-11 09:22:15.693 7 INFO neutron.db.ovn_revision_numbers_db [None req-c9846baf-6f09-48b2-9ab3-7f5e129deb3c 03a0d8cd0a8b461fa7a58bcc4d1925a6 f5bac3ed306e4341b104836a7ee932a4 - - default default] Successfully bumped revision number for resource 2341fbd8-284a-4708-bbfc-f783d5215283 (type: router_ports) to 1 [pid: 7|app: 0|req: 444/1036] 10.0.0.128 () {34 vars in 783 bytes} [Tue Aug 11 09:22:13 2026] PUT /v2.0/routers/00bf7e23-5ba9-4c2b-a2ee-a3081bdfd587/add_router_interface => generated 309 bytes in 2200 msecs (HTTP/1.1 200) 4 headers in 157 bytes (1 switches on core 0)
2026-08-11 09:22:15.737 8 WARNING neutron.scheduler.dhcp_agent_scheduler [None req-fa647436-79b0-4b35-938b-8169333cb9bd b1a483d0f9d541c2b6a2f56c43653e4b d314a8ba3f62460da5e2af34fc9ddb96 - - default default] No more DHCP agents
2026-08-11 09:22:15.738 8 WARNING neutron.api.rpc.agentnotifiers.dhcp_rpc_agent_api [None req-fa647436-79b0-4b35-938b-8169333cb9bd b1a483d0f9d541c2b6a2f56c43653e4b d314a8ba3f62460da5e2af34fc9ddb96 - - default default] Unable to schedule network 4f729c71-9115-4ced-9c76-2ed647280870: no agents available; will retry on subsequent port and subnet creation events.
2026-08-11 09:22:15.843 8 INFO neutron.db.ovn_revision_numbers_db [None req-fa647436-79b0-4b35-938b-8169333cb9bd b1a483d0f9d541c2b6a2f56c43653e4b d314a8ba3f62460da5e2af34fc9ddb96 - - default default] Successfully bumped revision number for resource 02bdd1a1-31d4-4edc-934a-07ec54cf397c (type: ports) to 1
2026-08-11 09:22:15.925 8 INFO neutron.db.ovn_revision_numbers_db [None req-fa647436-79b0-4b35-938b-8169333cb9bd b1a483d0f9d541c2b6a2f56c43653e4b d314a8ba3f62460da5e2af34fc9ddb96 - - default default] Successfully bumped revision number for resource 12afd846-f75a-42db-8858-de96e6c151d7 (type: networks) to 1
2026-08-11 09:22:16.017 7 INFO neutron_taas.services.taas.taas_plugin [None req-14a9f9bb-1c3d-4afd-a0e0-39711cc9f53d 03a0d8cd0a8b461fa7a58bcc4d1925a6 f5bac3ed306e4341b104836a7ee932a4 - - default default] TaaS: Handle Delete Port: 780b9133-3916-408c-a35d-3439ce278f52
2026-08-11 09:22:16.020 7 INFO neutron_taas.services.taas.tap_mirror_plugin [None req-14a9f9bb-1c3d-4afd-a0e0-39711cc9f53d 03a0d8cd0a8b461fa7a58bcc4d1925a6 f5bac3ed306e4341b104836a7ee932a4 - - default default] Tap Mirror: Handle Delete Port: 780b9133-3916-408c-a35d-3439ce278f52
2026-08-11 09:22:16.103 8 WARNING neutron.scheduler.dhcp_agent_scheduler [None req-fa647436-79b0-4b35-938b-8169333cb9bd b1a483d0f9d541c2b6a2f56c43653e4b d314a8ba3f62460da5e2af34fc9ddb96 - - default default] No more DHCP agents
2026-08-11 09:22:16.105 8 WARNING neutron.api.rpc.agentnotifiers.dhcp_rpc_agent_api [None req-fa647436-79b0-4b35-938b-8169333cb9bd b1a483d0f9d541c2b6a2f56c43653e4b d314a8ba3f62460da5e2af34fc9ddb96 - - default default] Unable to schedule network 12afd846-f75a-42db-8858-de96e6c151d7: no agents available; will retry on subsequent port and subnet creation events.
2026-08-11 09:22:16.191 8 INFO neutron.db.ovn_revision_numbers_db [None req-fa647436-79b0-4b35-938b-8169333cb9bd b1a483d0f9d541c2b6a2f56c43653e4b d314a8ba3f62460da5e2af34fc9ddb96 - - default default] Successfully bumped revision number for resource 586ac25c-8e38-4a1a-9c31-811f560fd0c4 (type: ports) to 1 [pid: 8|app: 0|req: 593/1037] 10.0.0.128 () {34 vars in 670 bytes} [Tue Aug 11 09:22:14 2026] POST /v2.0/networks => generated 1282 bytes in 1241 msecs (HTTP/1.1 201) 4 headers in 163 bytes (1 switches on core 0)
2026-08-11 09:22:16.277 8 INFO neutron.plugins.ml2.drivers.ovn.mech_driver.mech_driver [None req-39503dac-6b6a-4eda-b329-d4f1f201ad6c - - - - - -] OVN reports status down for port: 02bdd1a1-31d4-4edc-934a-07ec54cf397c [pid: 8|app: 0|req: 594/1038] 10.0.0.198 () {34 vars in 990 bytes} [Tue Aug 11 09:22:16 2026] GET /v2.0/ports?device_id=0b597d50-b07f-4706-8e01-04879b2f6b0d => generated 1209 bytes in 154 msecs (HTTP/1.1 200) 4 headers in 158 bytes (1 switches on core 0) [pid: 8|app: 0|req: 597/1041] 10.0.0.128 () {32 vars in 649 bytes} [Tue Aug 11 09:22:16 2026] GET /v2.0/networks => generated 1969 bytes in 77 msecs (HTTP/1.1 200) 4 headers in 158 bytes (1 switches on core 0) [pid: 8|app: 0|req: 598/1042] 10.0.0.198 () {34 vars in 1040 bytes} [Tue Aug 11 09:22:16 2026] GET /v2.0/security-groups?id=ffefb218-8e8a-434b-91e5-964625468bb8&fields=id&fields=name => generated 112 bytes in 34 msecs (HTTP/1.1 200) 4 headers in 157 bytes (1 switches on core 0)
2026-08-11 09:22:16.593 8 INFO neutron_taas.services.taas.taas_plugin [None req-05fc53cb-db50-427f-8c1f-b2054556ebc3 b1a483d0f9d541c2b6a2f56c43653e4b d314a8ba3f62460da5e2af34fc9ddb96 - - default default] TaaS: Handle Delete Port: 02bdd1a1-31d4-4edc-934a-07ec54cf397c
2026-08-11 09:22:16.595 8 INFO neutron_taas.services.taas.tap_mirror_plugin [None req-05fc53cb-db50-427f-8c1f-b2054556ebc3 b1a483d0f9d541c2b6a2f56c43653e4b d314a8ba3f62460da5e2af34fc9ddb96 - - default default] Tap Mirror: Handle Delete Port: 02bdd1a1-31d4-4edc-934a-07ec54cf397c [pid: 7|app: 0|req: 445/1043] 10.0.0.128 () {34 vars in 789 bytes} [Tue Aug 11 09:22:15 2026] PUT /v2.0/routers/7886a080-377f-4dcb-a244-523e11ccab20/remove_router_interface => generated 309 bytes in 1035 msecs (HTTP/1.1 200) 4 headers in 157 bytes (1 switches on core 0) /var/lib/openstack/lib/python3.12/site-packages/pycadf/identifier.py:70: UserWarning: Invalid uuid: neutron. To ensure interoperability, identifiers should be a valid uuid. warnings.warn(('Invalid uuid: %s. To ensure interoperability, ' [pid: 7|app: 0|req: 446/1044] 10.0.0.156 () {34 vars in 982 bytes} [Tue Aug 11 09:22:16 2026] GET /v2.0/networks?id=edb1e304-dc48-4296-87df-a53407f30a1c => generated 716 bytes in 51 msecs (HTTP/1.1 200) 4 headers in 157 bytes (1 switches on core 0)
2026-08-11 09:22:16.811 8 INFO neutron.services.segments.plugin [-] Segment c33545bf-f570-4ba5-8ce9-729dd0cc88b6 resource provider aggregate not found
2026-08-11 09:22:16.815 8 INFO neutron.services.segments.plugin [-] Segment c33545bf-f570-4ba5-8ce9-729dd0cc88b6 resource provider aggregate not found
2026-08-11 09:22:16.841 8 INFO neutron.services.segments.plugin [-] Segment c33545bf-f570-4ba5-8ce9-729dd0cc88b6 resource provider not found; error: Placement Client Error (4xx): {"errors": [{"status": 404, "title": "Not Found", "detail": "The resource could not be found.\n\n No resource provider with uuid c33545bf-f570-4ba5-8ce9-729dd0cc88b6 found for delete ", "request_id": "req-08165f19-b92a-443b-bdee-36e0aba13a7d"}]}
2026-08-11 09:22:16.843 8 INFO neutron.services.segments.plugin [-] Segment c33545bf-f570-4ba5-8ce9-729dd0cc88b6 resource provider not found; error: Placement Client Error (4xx): {"errors": [{"status": 404, "title": "Not Found", "detail": "The resource could not be found.\n\n No resource provider with uuid c33545bf-f570-4ba5-8ce9-729dd0cc88b6 found for delete ", "request_id": "req-51cfae24-1325-477f-80e3-c174fa0e56f6"}]} [pid: 8|app: 0|req: 599/1045] 10.0.0.128 () {32 vars in 726 bytes} [Tue Aug 11 09:22:16 2026] DELETE /v2.0/networks/4f729c71-9115-4ced-9c76-2ed647280870 => generated 0 bytes in 376 msecs (HTTP/1.1 204) 3 headers in 131 bytes (1 switches on core 0) [pid: 8|app: 0|req: 600/1046] 10.0.0.156 () {34 vars in 965 bytes} [Tue Aug 11 09:22:16 2026] GET /v2.0/quotas/75a15f5c3b2f4952a7b3eb8932c85800 => generated 292 bytes in 8 msecs (HTTP/1.1 200) 4 headers in 157 bytes (1 switches on core 0)
2026-08-11 09:22:16.969 8 INFO neutron_taas.services.taas.taas_plugin [None req-9105ea61-06c1-48f8-a4bb-3dce90a7f8e9 b1a483d0f9d541c2b6a2f56c43653e4b d314a8ba3f62460da5e2af34fc9ddb96 - - default default] TaaS: Handle Delete Port: 586ac25c-8e38-4a1a-9c31-811f560fd0c4
2026-08-11 09:22:16.972 8 INFO neutron_taas.services.taas.tap_mirror_plugin [None req-9105ea61-06c1-48f8-a4bb-3dce90a7f8e9 b1a483d0f9d541c2b6a2f56c43653e4b d314a8ba3f62460da5e2af34fc9ddb96 - - default default] Tap Mirror: Handle Delete Port: 586ac25c-8e38-4a1a-9c31-811f560fd0c4
2026-08-11 09:22:17.088 7 INFO neutron_taas.services.taas.taas_plugin [None req-c5d71a25-54b7-411b-baea-9f5d5a2e3f80 03a0d8cd0a8b461fa7a58bcc4d1925a6 f5bac3ed306e4341b104836a7ee932a4 - - default default] TaaS: Handle Delete Port: 278c2ef9-7261-49b5-a724-6270edec0bf8
2026-08-11 09:22:17.092 7 INFO neutron_taas.services.taas.tap_mirror_plugin [None req-c5d71a25-54b7-411b-baea-9f5d5a2e3f80 03a0d8cd0a8b461fa7a58bcc4d1925a6 f5bac3ed306e4341b104836a7ee932a4 - - default default] Tap Mirror: Handle Delete Port: 278c2ef9-7261-49b5-a724-6270edec0bf8 [pid: 8|app: 0|req: 601/1047] 10.0.0.128 () {32 vars in 726 bytes} [Tue Aug 11 09:22:16 2026] DELETE /v2.0/networks/12afd846-f75a-42db-8858-de96e6c151d7 => generated 0 bytes in 275 msecs (HTTP/1.1 204) 3 headers in 131 bytes (1 switches on core 0) [pid: 8|app: 0|req: 602/1048] 10.0.0.156 () {34 vars in 1002 bytes} [Tue Aug 11 09:22:17 2026] GET /v2.0/ports?tenant_id=75a15f5c3b2f4952a7b3eb8932c85800&fields=id => generated 103 bytes in 68 msecs (HTTP/1.1 200) 4 headers in 157 bytes (1 switches on core 0) [pid: 8|app: 0|req: 603/1049] 10.0.0.128 () {32 vars in 649 bytes} [Tue Aug 11 09:22:17 2026] GET /v2.0/networks => generated 689 bytes in 33 msecs (HTTP/1.1 200) 4 headers in 157 bytes (1 switches on core 0) [pid: 8|app: 0|req: 604/1050] 10.0.0.156 () {34 vars in 1008 bytes} [Tue Aug 11 09:22:17 2026] GET /v2.0/networks/edb1e304-dc48-4296-87df-a53407f30a1c?fields=segments => generated 14 bytes in 60 msecs (HTTP/1.1 200) 4 headers in 156 bytes (1 switches on core 0)
2026-08-11 09:22:17.389 8 INFO neutron.db.segments_db [None req-c108a5c5-33f0-42cb-bec5-55288277614f b1a483d0f9d541c2b6a2f56c43653e4b d314a8ba3f62460da5e2af34fc9ddb96 - - default default] Added segment 4405de39-c3e6-4ed1-8333-b7e19105c793 of type geneve for network 8026a203-1d6b-464a-b013-a109e68a7156 [pid: 7|app: 0|req: 447/1051] 10.0.0.128 () {32 vars in 724 bytes} [Tue Aug 11 09:22:16 2026] DELETE /v2.0/routers/7886a080-377f-4dcb-a244-523e11ccab20 => generated 0 bytes in 728 msecs (HTTP/1.1 204) 2 headers in 112 bytes (1 switches on core 0)
2026-08-11 09:22:17.536 8 INFO neutron.db.ovn_revision_numbers_db [None req-c108a5c5-33f0-42cb-bec5-55288277614f b1a483d0f9d541c2b6a2f56c43653e4b d314a8ba3f62460da5e2af34fc9ddb96 - - default default] Successfully bumped revision number for resource 8026a203-1d6b-464a-b013-a109e68a7156 (type: networks) to 1 [pid: 7|app: 0|req: 448/1052] 10.0.0.156 () {34 vars in 1108 bytes} [Tue Aug 11 09:22:17 2026] GET /v2.0/networks/edb1e304-dc48-4296-87df-a53407f30a1c?fields=provider%3Aphysical_network&fields=provider%3Anetwork_type => generated 79 bytes in 60 msecs (HTTP/1.1 200) 4 headers in 156 bytes (1 switches on core 0)
2026-08-11 09:22:17.678 8 WARNING neutron.scheduler.dhcp_agent_scheduler [None req-c108a5c5-33f0-42cb-bec5-55288277614f b1a483d0f9d541c2b6a2f56c43653e4b d314a8ba3f62460da5e2af34fc9ddb96 - - default default] No more DHCP agents
2026-08-11 09:22:17.679 8 WARNING neutron.api.rpc.agentnotifiers.dhcp_rpc_agent_api [None req-c108a5c5-33f0-42cb-bec5-55288277614f b1a483d0f9d541c2b6a2f56c43653e4b d314a8ba3f62460da5e2af34fc9ddb96 - - default default] Unable to schedule network 8026a203-1d6b-464a-b013-a109e68a7156: no agents available; will retry on subsequent port and subnet creation events.
2026-08-11 09:22:17.760 8 INFO neutron.db.ovn_revision_numbers_db [None req-c108a5c5-33f0-42cb-bec5-55288277614f b1a483d0f9d541c2b6a2f56c43653e4b d314a8ba3f62460da5e2af34fc9ddb96 - - default default] Successfully bumped revision number for resource 286aaaf1-cedd-4e34-a3ec-7bea1f3e86a8 (type: ports) to 1 [pid: 7|app: 0|req: 449/1053] 10.0.0.128 () {32 vars in 724 bytes} [Tue Aug 11 09:22:17 2026] DELETE /v2.0/subnets/62230bf7-b73f-4a91-ab42-696ca5c8a5b7 => generated 0 bytes in 200 msecs (HTTP/1.1 204) 3 headers in 131 bytes (1 switches on core 0) [pid: 8|app: 0|req: 605/1054] 10.0.0.128 () {34 vars in 670 bytes} [Tue Aug 11 09:22:17 2026] POST /v2.0/networks => generated 668 bytes in 478 msecs (HTTP/1.1 201) 4 headers in 162 bytes (1 switches on core 0) [pid: 7|app: 0|req: 450/1055] 10.0.0.156 () {34 vars in 990 bytes} [Tue Aug 11 09:22:17 2026] GET /v2.0/ports?device_id=bda458a4-f084-49c4-9d57-c03e2950c1c8 => generated 12 bytes in 19 msecs (HTTP/1.1 200) 4 headers in 156 bytes (1 switches on core 0)
2026-08-11 09:22:17.887 7 INFO neutron.db.segments_db [None req-8e42774c-f341-4edf-8a54-1c33cda6fe34 b1a483d0f9d541c2b6a2f56c43653e4b d314a8ba3f62460da5e2af34fc9ddb96 - - default default] Added segment 73ba1620-248a-4da1-b92b-17ce454e761c of type geneve for network 577516d4-b0df-4893-ba60-68e8e7b94dfa
2026-08-11 09:22:17.918 8 INFO neutron_taas.services.taas.taas_plugin [None req-99b50dc0-62ee-45f9-ba83-760802b8887a 03a0d8cd0a8b461fa7a58bcc4d1925a6 f5bac3ed306e4341b104836a7ee932a4 - - default default] TaaS: Handle Delete Port: 4e587c9c-23ba-4bf9-9b86-4a02d1624dc7
2026-08-11 09:22:17.922 8 INFO neutron_taas.services.taas.tap_mirror_plugin [None req-99b50dc0-62ee-45f9-ba83-760802b8887a 03a0d8cd0a8b461fa7a58bcc4d1925a6 f5bac3ed306e4341b104836a7ee932a4 - - default default] Tap Mirror: Handle Delete Port: 4e587c9c-23ba-4bf9-9b86-4a02d1624dc7
2026-08-11 09:22:18.043 7 INFO neutron.db.ovn_revision_numbers_db [None req-8e42774c-f341-4edf-8a54-1c33cda6fe34 b1a483d0f9d541c2b6a2f56c43653e4b d314a8ba3f62460da5e2af34fc9ddb96 - - default default] Successfully bumped revision number for resource 577516d4-b0df-4893-ba60-68e8e7b94dfa (type: networks) to 1 [pid: 8|app: 0|req: 606/1056] 10.0.0.128 () {32 vars in 726 bytes} [Tue Aug 11 09:22:17 2026] DELETE /v2.0/networks/a628b85e-c6fe-4ed9-92e8-12d1c6b93e54 => generated 0 bytes in 334 msecs (HTTP/1.1 204) 3 headers in 131 bytes (1 switches on core 0)
2026-08-11 09:22:18.232 7 WARNING neutron.scheduler.dhcp_agent_scheduler [None req-8e42774c-f341-4edf-8a54-1c33cda6fe34 b1a483d0f9d541c2b6a2f56c43653e4b d314a8ba3f62460da5e2af34fc9ddb96 - - default default] No more DHCP agents
2026-08-11 09:22:18.233 7 WARNING neutron.api.rpc.agentnotifiers.dhcp_rpc_agent_api [None req-8e42774c-f341-4edf-8a54-1c33cda6fe34 b1a483d0f9d541c2b6a2f56c43653e4b d314a8ba3f62460da5e2af34fc9ddb96 - - default default] Unable to schedule network 577516d4-b0df-4893-ba60-68e8e7b94dfa: no agents available; will retry on subsequent port and subnet creation events. [pid: 8|app: 0|req: 607/1057] 10.0.0.128 () {32 vars in 774 bytes} [Tue Aug 11 09:22:18 2026] GET /v2.0/security-groups?tenant_id=51688f3a23bb4683a2dee7ffc0b2540f&name=default => generated 2925 bytes in 25 msecs (HTTP/1.1 200) 4 headers in 158 bytes (1 switches on core 0)
2026-08-11 09:22:18.323 7 INFO neutron.db.ovn_revision_numbers_db [None req-8e42774c-f341-4edf-8a54-1c33cda6fe34 b1a483d0f9d541c2b6a2f56c43653e4b d314a8ba3f62460da5e2af34fc9ddb96 - - default default] Successfully bumped revision number for resource 9cf02126-78dc-40ef-bc59-b71065e0bf3a (type: ports) to 1 [pid: 7|app: 0|req: 451/1058] 10.0.0.128 () {34 vars in 670 bytes} [Tue Aug 11 09:22:17 2026] POST /v2.0/networks => generated 669 bytes in 549 msecs (HTTP/1.1 201) 4 headers in 162 bytes (1 switches on core 0) [pid: 8|app: 0|req: 608/1059] 10.0.0.128 () {32 vars in 740 bytes} [Tue Aug 11 09:22:18 2026] DELETE /v2.0/security-groups/7de2fac8-4fb1-46a6-abb3-3d22f38eb64a => generated 0 bytes in 237 msecs (HTTP/1.1 204) 2 headers in 112 bytes (1 switches on core 0)
2026-08-11 09:22:18.758 7 WARNING neutron.scheduler.dhcp_agent_scheduler [None req-1e616da5-76f5-4e1f-9c64-6760a216e649 b1a483d0f9d541c2b6a2f56c43653e4b d314a8ba3f62460da5e2af34fc9ddb96 - - default default] No more DHCP agents
2026-08-11 09:22:18.759 7 WARNING neutron.api.rpc.agentnotifiers.dhcp_rpc_agent_api [None req-1e616da5-76f5-4e1f-9c64-6760a216e649 b1a483d0f9d541c2b6a2f56c43653e4b d314a8ba3f62460da5e2af34fc9ddb96 - - default default] Unable to schedule network 8026a203-1d6b-464a-b013-a109e68a7156: no agents available; will retry on subsequent port and subnet creation events.
2026-08-11 09:22:18.863 8 INFO neutron.services.segments.plugin [-] Segment 013a2f04-1fbf-40e9-beda-2aedf00be2d9 resource provider aggregate not found
2026-08-11 09:22:18.868 8 INFO neutron.services.segments.plugin [-] Segment 013a2f04-1fbf-40e9-beda-2aedf00be2d9 resource provider aggregate not found
2026-08-11 09:22:18.871 7 INFO neutron.db.ovn_revision_numbers_db [None req-1e616da5-76f5-4e1f-9c64-6760a216e649 b1a483d0f9d541c2b6a2f56c43653e4b d314a8ba3f62460da5e2af34fc9ddb96 - - default default] Successfully bumped revision number for resource 1fc4f147-739b-4c8d-8e69-a348cdab3f92 (type: ports) to 1
2026-08-11 09:22:18.882 8 INFO neutron.services.segments.plugin [-] Segment 013a2f04-1fbf-40e9-beda-2aedf00be2d9 resource provider not found; error: Placement Client Error (4xx): {"errors": [{"status": 404, "title": "Not Found", "detail": "The resource could not be found.\n\n No resource provider with uuid 013a2f04-1fbf-40e9-beda-2aedf00be2d9 found for delete ", "request_id": "req-a9a40468-99e5-413c-b168-eca853430b37"}]}
2026-08-11 09:22:18.891 8 INFO neutron.services.segments.plugin [-] Segment 013a2f04-1fbf-40e9-beda-2aedf00be2d9 resource provider not found; error: Placement Client Error (4xx): {"errors": [{"status": 404, "title": "Not Found", "detail": "The resource could not be found.\n\n No resource provider with uuid 013a2f04-1fbf-40e9-beda-2aedf00be2d9 found for delete ", "request_id": "req-6389fa29-139e-4034-b47c-a5e534c63e3f"}]}
2026-08-11 09:22:18.912 8 INFO neutron.services.segments.plugin [-] Segment ebbf7697-aa86-492f-96a2-42f54b906d14 resource provider aggregate not found [pid: 8|app: 0|req: 609/1060] 10.0.0.156 () {34 vars in 990 bytes} [Tue Aug 11 09:22:18 2026] GET /v2.0/ports?device_id=bda458a4-f084-49c4-9d57-c03e2950c1c8 => generated 12 bytes in 47 msecs (HTTP/1.1 200) 4 headers in 156 bytes (1 switches on core 0)
2026-08-11 09:22:18.921 7 WARNING neutron.scheduler.dhcp_agent_scheduler [None req-1e616da5-76f5-4e1f-9c64-6760a216e649 b1a483d0f9d541c2b6a2f56c43653e4b d314a8ba3f62460da5e2af34fc9ddb96 - - default default] No more DHCP agents
2026-08-11 09:22:18.922 7 WARNING neutron.api.rpc.agentnotifiers.dhcp_rpc_agent_api [None req-1e616da5-76f5-4e1f-9c64-6760a216e649 b1a483d0f9d541c2b6a2f56c43653e4b d314a8ba3f62460da5e2af34fc9ddb96 - - default default] Unable to schedule network 577516d4-b0df-4893-ba60-68e8e7b94dfa: no agents available; will retry on subsequent port and subnet creation events.
2026-08-11 09:22:18.923 8 INFO neutron.services.segments.plugin [-] Segment ebbf7697-aa86-492f-96a2-42f54b906d14 resource provider aggregate not found
2026-08-11 09:22:18.930 8 INFO neutron.services.segments.plugin [-] Segment ebbf7697-aa86-492f-96a2-42f54b906d14 resource provider not found; error: Placement Client Error (4xx): {"errors": [{"status": 404, "title": "Not Found", "detail": "The resource could not be found.\n\n No resource provider with uuid ebbf7697-aa86-492f-96a2-42f54b906d14 found for delete ", "request_id": "req-fc4c25f5-e37d-416d-8c48-62fee2e232e8"}]}
2026-08-11 09:22:18.943 8 INFO neutron.services.segments.plugin [-] Segment ebbf7697-aa86-492f-96a2-42f54b906d14 resource provider not found; error: Placement Client Error (4xx): {"errors": [{"status": 404, "title": "Not Found", "detail": "The resource could not be found.\n\n No resource provider with uuid ebbf7697-aa86-492f-96a2-42f54b906d14 found for delete ", "request_id": "req-28588026-cf22-4e9c-990d-8bd656b44cf3"}]}
2026-08-11 09:22:18.978 8 INFO neutron.plugins.ml2.drivers.ovn.mech_driver.mech_driver [None req-39503dac-6b6a-4eda-b329-d4f1f201ad6c - - - - - -] OVN reports status down for port: d437815f-a0ec-4ab5-972a-579856c7baa2
2026-08-11 09:22:19.007 7 INFO neutron.db.ovn_revision_numbers_db [None req-1e616da5-76f5-4e1f-9c64-6760a216e649 b1a483d0f9d541c2b6a2f56c43653e4b d314a8ba3f62460da5e2af34fc9ddb96 - - default default] Successfully bumped revision number for resource d437815f-a0ec-4ab5-972a-579856c7baa2 (type: ports) to 1 [pid: 7|app: 0|req: 452/1061] 10.0.0.128 () {34 vars in 665 bytes} [Tue Aug 11 09:22:18 2026] POST /v2.0/ports => generated 1505 bytes in 733 msecs (HTTP/1.1 201) 4 headers in 163 bytes (1 switches on core 0) [pid: 8|app: 0|req: 610/1062] 10.0.0.128 () {32 vars in 643 bytes} [Tue Aug 11 09:22:19 2026] GET /v2.0/ports => generated 3017 bytes in 489 msecs (HTTP/1.1 200) 4 headers in 158 bytes (1 switches on core 0) /var/lib/openstack/lib/python3.12/site-packages/pycadf/identifier.py:70: UserWarning: Invalid uuid: neutron. To ensure interoperability, identifiers should be a valid uuid. warnings.warn(('Invalid uuid: %s. To ensure interoperability, '
2026-08-11 09:22:19.733 7 INFO neutron_taas.services.taas.taas_plugin [None req-43831f80-243e-4d0c-9056-bccfa9cd34e6 b1a483d0f9d541c2b6a2f56c43653e4b d314a8ba3f62460da5e2af34fc9ddb96 - - default default] TaaS: Handle Delete Port: 1fc4f147-739b-4c8d-8e69-a348cdab3f92
2026-08-11 09:22:19.741 7 INFO neutron_taas.services.taas.tap_mirror_plugin [None req-43831f80-243e-4d0c-9056-bccfa9cd34e6 b1a483d0f9d541c2b6a2f56c43653e4b d314a8ba3f62460da5e2af34fc9ddb96 - - default default] Tap Mirror: Handle Delete Port: 1fc4f147-739b-4c8d-8e69-a348cdab3f92 [pid: 7|app: 0|req: 453/1063] 10.0.0.128 () {32 vars in 720 bytes} [Tue Aug 11 09:22:19 2026] DELETE /v2.0/ports/1fc4f147-739b-4c8d-8e69-a348cdab3f92 => generated 0 bytes in 255 msecs (HTTP/1.1 204) 3 headers in 131 bytes (1 switches on core 0)
2026-08-11 09:22:19.970 8 INFO neutron_taas.services.taas.taas_plugin [None req-6de80673-bf2b-4e47-9ada-ccf68224a85f b1a483d0f9d541c2b6a2f56c43653e4b d314a8ba3f62460da5e2af34fc9ddb96 - - default default] TaaS: Handle Delete Port: d437815f-a0ec-4ab5-972a-579856c7baa2
2026-08-11 09:22:19.976 8 INFO neutron_taas.services.taas.tap_mirror_plugin [None req-6de80673-bf2b-4e47-9ada-ccf68224a85f b1a483d0f9d541c2b6a2f56c43653e4b d314a8ba3f62460da5e2af34fc9ddb96 - - default default] Tap Mirror: Handle Delete Port: d437815f-a0ec-4ab5-972a-579856c7baa2 [pid: 7|app: 0|req: 454/1064] 10.0.0.156 () {34 vars in 990 bytes} [Tue Aug 11 09:22:19 2026] GET /v2.0/ports?device_id=bda458a4-f084-49c4-9d57-c03e2950c1c8 => generated 12 bytes in 37 msecs (HTTP/1.1 200) 4 headers in 156 bytes (1 switches on core 0)
2026-08-11 09:22:20.039 7 WARNING neutron.plugins.ml2.drivers.ovn.mech_driver.ovsdb.ovn_client [None req-65527b1a-c129-4aa1-a715-4f915a376325 - - - - - -] No hosting information found for port 2341fbd8-284a-4708-bbfc-f783d5215283: RuntimeError: No hosting information found for port 2341fbd8-284a-4708-bbfc-f783d5215283 [pid: 8|app: 0|req: 611/1065] 10.0.0.128 () {32 vars in 720 bytes} [Tue Aug 11 09:22:19 2026] DELETE /v2.0/ports/d437815f-a0ec-4ab5-972a-579856c7baa2 => generated 0 bytes in 262 msecs (HTTP/1.1 204) 3 headers in 131 bytes (1 switches on core 0)
2026-08-11 09:22:20.167 7 INFO neutron.db.ovn_revision_numbers_db [None req-65527b1a-c129-4aa1-a715-4f915a376325 - - - - - -] Successfully bumped revision number for resource 2341fbd8-284a-4708-bbfc-f783d5215283 (type: router_ports) to 2
2026-08-11 09:22:20.168 7 INFO neutron.plugins.ml2.drivers.ovn.mech_driver.mech_driver [None req-65527b1a-c129-4aa1-a715-4f915a376325 - - - - - -] OVN reports status down for port: 586ac25c-8e38-4a1a-9c31-811f560fd0c4
2026-08-11 09:22:20.181 7 INFO neutron.plugins.ml2.drivers.ovn.mech_driver.mech_driver [None req-65527b1a-c129-4aa1-a715-4f915a376325 - - - - - -] OVN reports status down for port: 286aaaf1-cedd-4e34-a3ec-7bea1f3e86a8 [pid: 7|app: 0|req: 455/1066] 10.0.0.128 () {32 vars in 643 bytes} [Tue Aug 11 09:22:20 2026] GET /v2.0/ports => generated 1523 bytes in 99 msecs (HTTP/1.1 200) 4 headers in 158 bytes (1 switches on core 0)
2026-08-11 09:22:20.279 7 INFO neutron.plugins.ml2.drivers.ovn.mech_driver.mech_driver [None req-65527b1a-c129-4aa1-a715-4f915a376325 - - - - - -] OVN reports status down for port: 9cf02126-78dc-40ef-bc59-b71065e0bf3a
2026-08-11 09:22:20.338 7 INFO neutron.db.segments_db [None req-2f5f0b8a-cee5-4de2-8aed-41c38f6a0352 b1a483d0f9d541c2b6a2f56c43653e4b d314a8ba3f62460da5e2af34fc9ddb96 - - default default] Added segment 0d22c803-cf26-42c3-bd35-f3f1d96be48f of type geneve for network 28aad75e-6c41-4cbc-b531-af64e4d54d74
2026-08-11 09:22:20.355 7 INFO neutron.plugins.ml2.drivers.ovn.mech_driver.mech_driver [None req-65527b1a-c129-4aa1-a715-4f915a376325 - - - - - -] OVN reports status down for port: 1fc4f147-739b-4c8d-8e69-a348cdab3f92
2026-08-11 09:22:20.431 8 INFO neutron.db.ovn_revision_numbers_db [None req-d47da514-ca96-43e3-83ac-f185a6a85b46 03a0d8cd0a8b461fa7a58bcc4d1925a6 f5bac3ed306e4341b104836a7ee932a4 - - default default] Successfully bumped revision number for resource c1f16102-abd6-41c7-bfb0-97c9bfaa9866 (type: security_groups) to 1
2026-08-11 09:22:20.454 8 INFO neutron.db.ovn_revision_numbers_db [None req-d47da514-ca96-43e3-83ac-f185a6a85b46 03a0d8cd0a8b461fa7a58bcc4d1925a6 f5bac3ed306e4341b104836a7ee932a4 - - default default] Successfully bumped revision number for resource 20a3dcf5-5d53-4b9f-aaa9-1557c977ac29 (type: security_group_rules) to 0
2026-08-11 09:22:20.467 8 INFO neutron.db.ovn_revision_numbers_db [None req-d47da514-ca96-43e3-83ac-f185a6a85b46 03a0d8cd0a8b461fa7a58bcc4d1925a6 f5bac3ed306e4341b104836a7ee932a4 - - default default] Successfully bumped revision number for resource 4f225469-be8a-4ab1-9193-1b50a516a7bc (type: security_group_rules) to 0
2026-08-11 09:22:20.468 7 INFO neutron.db.ovn_revision_numbers_db [None req-2f5f0b8a-cee5-4de2-8aed-41c38f6a0352 b1a483d0f9d541c2b6a2f56c43653e4b d314a8ba3f62460da5e2af34fc9ddb96 - - default default] Successfully bumped revision number for resource 28aad75e-6c41-4cbc-b531-af64e4d54d74 (type: networks) to 1
2026-08-11 09:22:20.479 8 INFO neutron.db.ovn_revision_numbers_db [None req-d47da514-ca96-43e3-83ac-f185a6a85b46 03a0d8cd0a8b461fa7a58bcc4d1925a6 f5bac3ed306e4341b104836a7ee932a4 - - default default] Successfully bumped revision number for resource 522cb13d-4bd4-418d-b2d8-8538d31614bb (type: security_group_rules) to 0
2026-08-11 09:22:20.490 8 INFO neutron.db.ovn_revision_numbers_db [None req-d47da514-ca96-43e3-83ac-f185a6a85b46 03a0d8cd0a8b461fa7a58bcc4d1925a6 f5bac3ed306e4341b104836a7ee932a4 - - default default] Successfully bumped revision number for resource e7fe6eb3-069b-4b94-a18d-a75674f4c2ed (type: security_group_rules) to 0
2026-08-11 09:22:20.561 8 INFO neutron.db.segments_db [None req-d47da514-ca96-43e3-83ac-f185a6a85b46 03a0d8cd0a8b461fa7a58bcc4d1925a6 f5bac3ed306e4341b104836a7ee932a4 - - default default] Added segment 934d0fe6-7c0c-4a29-8638-ed62fdb01c97 of type geneve for network 1a0089f7-4717-411e-b7c2-148c744a427f
2026-08-11 09:22:20.635 7 WARNING neutron.scheduler.dhcp_agent_scheduler [None req-2f5f0b8a-cee5-4de2-8aed-41c38f6a0352 b1a483d0f9d541c2b6a2f56c43653e4b d314a8ba3f62460da5e2af34fc9ddb96 - - default default] No more DHCP agents
2026-08-11 09:22:20.636 7 WARNING neutron.api.rpc.agentnotifiers.dhcp_rpc_agent_api [None req-2f5f0b8a-cee5-4de2-8aed-41c38f6a0352 b1a483d0f9d541c2b6a2f56c43653e4b d314a8ba3f62460da5e2af34fc9ddb96 - - default default] Unable to schedule network 28aad75e-6c41-4cbc-b531-af64e4d54d74: no agents available; will retry on subsequent port and subnet creation events.
2026-08-11 09:22:20.682 8 INFO neutron.db.ovn_revision_numbers_db [None req-d47da514-ca96-43e3-83ac-f185a6a85b46 03a0d8cd0a8b461fa7a58bcc4d1925a6 f5bac3ed306e4341b104836a7ee932a4 - - default default] Successfully bumped revision number for resource 1a0089f7-4717-411e-b7c2-148c744a427f (type: networks) to 1
2026-08-11 09:22:20.689 7 INFO neutron.plugins.ml2.drivers.ovn.mech_driver.mech_driver [None req-65527b1a-c129-4aa1-a715-4f915a376325 - - - - - -] OVN reports status down for port: 34b11ccd-e9d4-4f21-b6b8-4b0d188cc6fd
2026-08-11 09:22:20.750 7 INFO neutron.db.ovn_revision_numbers_db [None req-2f5f0b8a-cee5-4de2-8aed-41c38f6a0352 b1a483d0f9d541c2b6a2f56c43653e4b d314a8ba3f62460da5e2af34fc9ddb96 - - default default] Successfully bumped revision number for resource 34b11ccd-e9d4-4f21-b6b8-4b0d188cc6fd (type: ports) to 1 [pid: 7|app: 0|req: 456/1067] 10.0.0.128 () {34 vars in 670 bytes} [Tue Aug 11 09:22:20 2026] POST /v2.0/networks => generated 668 bytes in 603 msecs (HTTP/1.1 201) 4 headers in 162 bytes (1 switches on core 0)
2026-08-11 09:22:20.872 8 WARNING neutron.scheduler.dhcp_agent_scheduler [None req-d47da514-ca96-43e3-83ac-f185a6a85b46 03a0d8cd0a8b461fa7a58bcc4d1925a6 f5bac3ed306e4341b104836a7ee932a4 - - default default] No more DHCP agents
2026-08-11 09:22:20.873 8 WARNING neutron.api.rpc.agentnotifiers.dhcp_rpc_agent_api [None req-d47da514-ca96-43e3-83ac-f185a6a85b46 03a0d8cd0a8b461fa7a58bcc4d1925a6 f5bac3ed306e4341b104836a7ee932a4 - - default default] Unable to schedule network 1a0089f7-4717-411e-b7c2-148c744a427f: no agents available; will retry on subsequent port and subnet creation events. [pid: 7|app: 0|req: 457/1068] 10.0.0.156 () {34 vars in 990 bytes} [Tue Aug 11 09:22:20 2026] GET /v2.0/ports?device_id=0b597d50-b07f-4706-8e01-04879b2f6b0d => generated 971 bytes in 77 msecs (HTTP/1.1 200) 4 headers in 157 bytes (1 switches on core 0)
2026-08-11 09:22:20.933 7 INFO neutron.plugins.ml2.drivers.ovn.mech_driver.mech_driver [None req-65527b1a-c129-4aa1-a715-4f915a376325 - - - - - -] OVN reports status down for port: 524a939f-57b7-403e-99e1-6beec9cbf81c
2026-08-11 09:22:20.953 8 INFO neutron.db.ovn_revision_numbers_db [None req-d47da514-ca96-43e3-83ac-f185a6a85b46 03a0d8cd0a8b461fa7a58bcc4d1925a6 f5bac3ed306e4341b104836a7ee932a4 - - default default] Successfully bumped revision number for resource 524a939f-57b7-403e-99e1-6beec9cbf81c (type: ports) to 1 [pid: 8|app: 0|req: 612/1069] 10.0.0.128 () {34 vars in 671 bytes} [Tue Aug 11 09:22:20 2026] POST /v2.0/networks => generated 765 bytes in 804 msecs (HTTP/1.1 201) 4 headers in 162 bytes (1 switches on core 0)
2026-08-11 09:22:21.021 7 INFO neutron.db.segments_db [None req-336b512c-22f2-447a-8eaa-8e6068796fb8 b1a483d0f9d541c2b6a2f56c43653e4b d314a8ba3f62460da5e2af34fc9ddb96 - - default default] Added segment c01c2866-bd09-486b-a7bd-b6eb7eaf6cf2 of type geneve for network c88187bd-8e49-4441-aa40-33c3084107ee [pid: 8|app: 0|req: 613/1070] 10.0.0.156 () {34 vars in 971 bytes} [Tue Aug 11 09:22:20 2026] GET /v2.0/ports/343bf090-2d03-4b47-96ad-b119a67205bb => generated 968 bytes in 71 msecs (HTTP/1.1 200) 4 headers in 157 bytes (1 switches on core 0)
2026-08-11 09:22:21.138 7 INFO neutron.db.ovn_revision_numbers_db [None req-336b512c-22f2-447a-8eaa-8e6068796fb8 b1a483d0f9d541c2b6a2f56c43653e4b d314a8ba3f62460da5e2af34fc9ddb96 - - default default] Successfully bumped revision number for resource c88187bd-8e49-4441-aa40-33c3084107ee (type: networks) to 1
2026-08-11 09:22:21.187 8 WARNING neutron.scheduler.dhcp_agent_scheduler [None req-09036257-6baa-441b-9e42-994eab78d1b2 03a0d8cd0a8b461fa7a58bcc4d1925a6 f5bac3ed306e4341b104836a7ee932a4 - - default default] No more DHCP agents
2026-08-11 09:22:21.189 8 WARNING neutron.api.rpc.agentnotifiers.dhcp_rpc_agent_api [None req-09036257-6baa-441b-9e42-994eab78d1b2 03a0d8cd0a8b461fa7a58bcc4d1925a6 f5bac3ed306e4341b104836a7ee932a4 - - default default] Unable to schedule network 1a0089f7-4717-411e-b7c2-148c744a427f: no agents available; will retry on subsequent port and subnet creation events.
2026-08-11 09:22:21.290 7 WARNING neutron.scheduler.dhcp_agent_scheduler [None req-336b512c-22f2-447a-8eaa-8e6068796fb8 b1a483d0f9d541c2b6a2f56c43653e4b d314a8ba3f62460da5e2af34fc9ddb96 - - default default] No more DHCP agents
2026-08-11 09:22:21.292 7 WARNING neutron.api.rpc.agentnotifiers.dhcp_rpc_agent_api [None req-336b512c-22f2-447a-8eaa-8e6068796fb8 b1a483d0f9d541c2b6a2f56c43653e4b d314a8ba3f62460da5e2af34fc9ddb96 - - default default] Unable to schedule network c88187bd-8e49-4441-aa40-33c3084107ee: no agents available; will retry on subsequent port and subnet creation events.
2026-08-11 09:22:21.350 7 INFO neutron.plugins.ml2.drivers.ovn.mech_driver.mech_driver [None req-65527b1a-c129-4aa1-a715-4f915a376325 - - - - - -] OVN reports status down for port: d2ab9003-9508-4f32-8c2e-00a6162e5bdc
2026-08-11 09:22:21.405 7 INFO neutron.db.ovn_revision_numbers_db [None req-336b512c-22f2-447a-8eaa-8e6068796fb8 b1a483d0f9d541c2b6a2f56c43653e4b d314a8ba3f62460da5e2af34fc9ddb96 - - default default] Successfully bumped revision number for resource d2ab9003-9508-4f32-8c2e-00a6162e5bdc (type: ports) to 1 [pid: 7|app: 0|req: 458/1071] 10.0.0.128 () {34 vars in 670 bytes} [Tue Aug 11 09:22:20 2026] POST /v2.0/networks => generated 668 bytes in 558 msecs (HTTP/1.1 201) 4 headers in 162 bytes (1 switches on core 0) [pid: 7|app: 0|req: 459/1072] 10.0.0.156 () {34 vars in 990 bytes} [Tue Aug 11 09:22:21 2026] GET /v2.0/ports?device_id=bda458a4-f084-49c4-9d57-c03e2950c1c8 => generated 12 bytes in 31 msecs (HTTP/1.1 200) 4 headers in 156 bytes (1 switches on core 0)
2026-08-11 09:22:21.665 8 INFO neutron.db.ovn_revision_numbers_db [None req-b4d39a56-6ce3-4308-9618-801921b928b6 - - - - - -] Successfully bumped revision number for resource 524a939f-57b7-403e-99e1-6beec9cbf81c (type: ports) to 2
2026-08-11 09:22:21.700 8 INFO neutron.db.ovn_revision_numbers_db [None req-b4d39a56-6ce3-4308-9618-801921b928b6 - - - - - -] Successfully bumped revision number for resource de6565a8-ea7e-47b1-b3ad-821c5013a56f (type: subnets) to 0 [pid: 8|app: 0|req: 614/1073] 10.0.0.128 () {34 vars in 669 bytes} [Tue Aug 11 09:22:21 2026] POST /v2.0/subnets => generated 690 bytes in 679 msecs (HTTP/1.1 201) 4 headers in 162 bytes (1 switches on core 0) [pid: 8|app: 0|req: 615/1074] 199.19.213.20 () {34 vars in 999 bytes} [Tue Aug 11 09:22:21 2026] GET /v2.0/subnets?network_id=f1dcadc6-a773-4953-ab66-6f1c03bb7c8a => generated 684 bytes in 52 msecs (HTTP/1.1 200) 4 headers in 157 bytes (1 switches on core 0)
2026-08-11 09:22:21.867 7 WARNING neutron.scheduler.dhcp_agent_scheduler [None req-1d25c1f0-686d-4f97-8a2a-d9e4fefee0d7 b1a483d0f9d541c2b6a2f56c43653e4b d314a8ba3f62460da5e2af34fc9ddb96 - - default default] No more DHCP agents
2026-08-11 09:22:21.869 7 WARNING neutron.api.rpc.agentnotifiers.dhcp_rpc_agent_api [None req-1d25c1f0-686d-4f97-8a2a-d9e4fefee0d7 b1a483d0f9d541c2b6a2f56c43653e4b d314a8ba3f62460da5e2af34fc9ddb96 - - default default] Unable to schedule network 28aad75e-6c41-4cbc-b531-af64e4d54d74: no agents available; will retry on subsequent port and subnet creation events.
2026-08-11 09:22:22.193 8 WARNING neutron.scheduler.dhcp_agent_scheduler [None req-4e86e8e8-6537-4512-851f-754bd02c19ae 03a0d8cd0a8b461fa7a58bcc4d1925a6 f5bac3ed306e4341b104836a7ee932a4 - - default default] No more DHCP agents
2026-08-11 09:22:22.194 8 WARNING neutron.api.rpc.agentnotifiers.dhcp_rpc_agent_api [None req-4e86e8e8-6537-4512-851f-754bd02c19ae 03a0d8cd0a8b461fa7a58bcc4d1925a6 f5bac3ed306e4341b104836a7ee932a4 - - default default] Unable to schedule network b5dfb650-4d86-428f-a890-5991c4032ff2: no agents available; will retry on subsequent port and subnet creation events.
2026-08-11 09:22:22.318 8 INFO neutron.plugins.ml2.drivers.ovn.mech_driver.mech_driver [None req-39503dac-6b6a-4eda-b329-d4f1f201ad6c - - - - - -] OVN reports status down for port: 10c44ce5-dc53-4621-a58c-85ac25a69de4
2026-08-11 09:22:22.392 7 INFO neutron.db.ovn_revision_numbers_db [None req-e8d6aa6c-3577-4eef-8019-ed4fcf020a01 - - - - - -] Successfully bumped revision number for resource 34b11ccd-e9d4-4f21-b6b8-4b0d188cc6fd (type: ports) to 2
2026-08-11 09:22:22.403 8 INFO neutron.db.ovn_revision_numbers_db [None req-4e86e8e8-6537-4512-851f-754bd02c19ae 03a0d8cd0a8b461fa7a58bcc4d1925a6 f5bac3ed306e4341b104836a7ee932a4 - - default default] Successfully bumped revision number for resource 10c44ce5-dc53-4621-a58c-85ac25a69de4 (type: ports) to 1
2026-08-11 09:22:22.447 7 INFO neutron.db.ovn_revision_numbers_db [None req-e8d6aa6c-3577-4eef-8019-ed4fcf020a01 - - - - - -] Successfully bumped revision number for resource 7cbd2ec3-3450-415a-9f80-a025fbade2d3 (type: subnets) to 0
2026-08-11 09:22:22.495 7 WARNING neutron.scheduler.dhcp_agent_scheduler [None req-1d25c1f0-686d-4f97-8a2a-d9e4fefee0d7 b1a483d0f9d541c2b6a2f56c43653e4b d314a8ba3f62460da5e2af34fc9ddb96 - - default default] No more DHCP agents
2026-08-11 09:22:22.497 7 WARNING neutron.api.rpc.agentnotifiers.dhcp_rpc_agent_api [None req-1d25c1f0-686d-4f97-8a2a-d9e4fefee0d7 b1a483d0f9d541c2b6a2f56c43653e4b d314a8ba3f62460da5e2af34fc9ddb96 - - default default] Unable to schedule network c88187bd-8e49-4441-aa40-33c3084107ee: no agents available; will retry on subsequent port and subnet creation events.
2026-08-11 09:22:22.945 7 INFO neutron.db.ovn_revision_numbers_db [None req-b5a394bf-48b5-40f3-951d-51b2f1e99f11 - - - - - -] Successfully bumped revision number for resource d2ab9003-9508-4f32-8c2e-00a6162e5bdc (type: ports) to 2
2026-08-11 09:22:22.989 7 INFO neutron.db.ovn_revision_numbers_db [None req-b5a394bf-48b5-40f3-951d-51b2f1e99f11 - - - - - -] Successfully bumped revision number for resource e4c27963-c260-4cda-871e-7d0de9dcaae8 (type: subnets) to 0 [pid: 7|app: 0|req: 460/1075] 10.0.0.128 () {34 vars in 669 bytes} [Tue Aug 11 09:22:21 2026] POST /v2.0/subnets => generated 1274 bytes in 1526 msecs (HTTP/1.1 201) 4 headers in 163 bytes (1 switches on core 0) [pid: 7|app: 0|req: 461/1076] 199.19.213.20 () {34 vars in 1145 bytes} [Tue Aug 11 09:22:23 2026] GET /v2.0/ports?device_id=0b597d50-b07f-4706-8e01-04879b2f6b0d&device_owner=compute%3Anova&network_id=f1dcadc6-a773-4953-ab66-6f1c03bb7c8a => generated 971 bytes in 54 msecs (HTTP/1.1 200) 4 headers in 157 bytes (1 switches on core 0)
2026-08-11 09:22:23.073 8 INFO neutron.plugins.ml2.drivers.ovn.mech_driver.ovsdb.commands [None req-e2a5ccbf-5311-4639-aead-cad45af7b1f5 - - - - - -] Schedule LRP lrp-10c44ce5-dc53-4621-a58c-85ac25a69de4 on gateway a820cdc8-1183-4a95-8ab5-40e967ae87c3 with priority 1
2026-08-11 09:22:23.111 8 INFO neutron.plugins.ml2.drivers.ovn.mech_driver.ovsdb.ovsdb_monitor [None req-e85a464f-81f9-4279-ac74-3c56030210b8 - - - - - -] Router d516682c-c2d7-4bf9-b586-d7c3b9fe2295 is bound to host instance
