2026-08-11 09:23:46.877 8 INFO neutron.db.ovn_revision_numbers_db [None req-c5feaefc-5fef-484f-99b4-a60481fcdfaa 03a0d8cd0a8b461fa7a58bcc4d1925a6 f5bac3ed306e4341b104836a7ee932a4 - - default default] Successfully bumped revision number for resource b6cbb064-040f-4349-8064-8034aaecac6a (type: security_group_rules) to 0 [pid: 8|app: 0|req: 946/1711] 10.0.0.128 () {32 vars in 774 bytes} [Tue Aug 11 09:23:46 2026] GET /v2.0/security-groups?tenant_id=d7ff77582f784e98bf3505c01f646461&name=default => generated 2925 bytes in 246 msecs (HTTP/1.1 200) 4 headers in 158 bytes (1 switches on core 0)
2026-08-11 09:23:46.970 7 INFO neutron_taas.services.taas.taas_plugin [None req-c5d59494-115f-4d50-916a-c47a097eafba 2f60a72886804c848337ead71bf98235 c2ac48fcfc6e43ef83c33ebdf4688fdf - - default default] TaaS: Handle Delete Port: 0c53f977-cbce-4dbc-b242-d7d83d0faf78
2026-08-11 09:23:46.973 7 INFO neutron_taas.services.taas.tap_mirror_plugin [None req-c5d59494-115f-4d50-916a-c47a097eafba 2f60a72886804c848337ead71bf98235 c2ac48fcfc6e43ef83c33ebdf4688fdf - - default default] Tap Mirror: Handle Delete Port: 0c53f977-cbce-4dbc-b242-d7d83d0faf78
2026-08-11 09:23:47.144 7 INFO neutron.services.segments.plugin [-] Segment 92602d71-42b0-4823-a331-a4006afc51e5 resource provider aggregate not found
2026-08-11 09:23:47.150 7 INFO neutron.services.segments.plugin [-] Segment 92602d71-42b0-4823-a331-a4006afc51e5 resource provider aggregate not found
2026-08-11 09:23:47.167 7 INFO neutron.services.segments.plugin [-] Segment 92602d71-42b0-4823-a331-a4006afc51e5 resource provider not found; error: Placement Client Error (4xx): {"errors": [{"status": 404, "title": "Not Found", "detail": "The resource could not be found.\n\n No resource provider with uuid 92602d71-42b0-4823-a331-a4006afc51e5 found for delete ", "request_id": "req-b3a3f606-6d45-4834-812a-274f22f97e72"}]}
2026-08-11 09:23:47.168 7 INFO neutron.services.segments.plugin [-] Segment 92602d71-42b0-4823-a331-a4006afc51e5 resource provider not found; error: Placement Client Error (4xx): {"errors": [{"status": 404, "title": "Not Found", "detail": "The resource could not be found.\n\n No resource provider with uuid 92602d71-42b0-4823-a331-a4006afc51e5 found for delete ", "request_id": "req-e2c49b52-85c8-476c-be5b-548375803b9d"}]} [pid: 8|app: 0|req: 947/1712] 10.0.0.128 () {32 vars in 740 bytes} [Tue Aug 11 09:23:46 2026] DELETE /v2.0/security-groups/3f609bfb-7b2b-4eba-81be-02b19f8ee972 => generated 0 bytes in 261 msecs (HTTP/1.1 204) 2 headers in 112 bytes (1 switches on core 0) [pid: 7|app: 0|req: 766/1713] 10.0.0.128 () {32 vars in 726 bytes} [Tue Aug 11 09:23:46 2026] DELETE /v2.0/networks/daf7b953-cc2b-4707-b31e-e196c60ee378 => generated 0 bytes in 340 msecs (HTTP/1.1 204) 3 headers in 131 bytes (1 switches on core 0)
2026-08-11 09:23:47.308 8 INFO neutron_taas.services.taas.taas_plugin [None req-709f22c8-06a8-4cb5-bc88-e7eb52439359 2f60a72886804c848337ead71bf98235 c2ac48fcfc6e43ef83c33ebdf4688fdf - - default default] TaaS: Handle Delete Port: efa11015-b941-41b6-a27f-1eaf79856c36
2026-08-11 09:23:47.311 8 INFO neutron_taas.services.taas.tap_mirror_plugin [None req-709f22c8-06a8-4cb5-bc88-e7eb52439359 2f60a72886804c848337ead71bf98235 c2ac48fcfc6e43ef83c33ebdf4688fdf - - default default] Tap Mirror: Handle Delete Port: efa11015-b941-41b6-a27f-1eaf79856c36
2026-08-11 09:23:47.477 8 INFO neutron.services.segments.plugin [-] Segment 7533bd8e-bb78-47ce-9687-3c8a818afb04 resource provider aggregate not found
2026-08-11 09:23:47.477 8 INFO neutron.services.segments.plugin [-] Segment 7533bd8e-bb78-47ce-9687-3c8a818afb04 resource provider aggregate not found
2026-08-11 09:23:47.497 8 INFO neutron.services.segments.plugin [-] Segment 7533bd8e-bb78-47ce-9687-3c8a818afb04 resource provider not found; error: Placement Client Error (4xx): {"errors": [{"status": 404, "title": "Not Found", "detail": "The resource could not be found.\n\n No resource provider with uuid 7533bd8e-bb78-47ce-9687-3c8a818afb04 found for delete ", "request_id": "req-79673664-a371-4f2c-99a7-cbcdd92588aa"}]}
2026-08-11 09:23:47.505 8 INFO neutron.services.segments.plugin [-] Segment 7533bd8e-bb78-47ce-9687-3c8a818afb04 resource provider not found; error: Placement Client Error (4xx): {"errors": [{"status": 404, "title": "Not Found", "detail": "The resource could not be found.\n\n No resource provider with uuid 7533bd8e-bb78-47ce-9687-3c8a818afb04 found for delete ", "request_id": "req-3528c31a-cd95-461b-981d-e155dda24b6a"}]} [pid: 8|app: 0|req: 948/1714] 10.0.0.128 () {32 vars in 726 bytes} [Tue Aug 11 09:23:47 2026] DELETE /v2.0/networks/13c7a9a4-cc93-4492-af00-792304774fa1 => generated 0 bytes in 336 msecs (HTTP/1.1 204) 3 headers in 131 bytes (1 switches on core 0)
2026-08-11 09:23:47.662 7 INFO neutron_taas.services.taas.taas_plugin [None req-d30c19ea-740a-457a-85d0-a9398f756859 2f60a72886804c848337ead71bf98235 c2ac48fcfc6e43ef83c33ebdf4688fdf - - default default] TaaS: Handle Delete Port: 39b16c1a-5322-4e8e-8055-29557c00c22d
2026-08-11 09:23:47.664 7 INFO neutron_taas.services.taas.tap_mirror_plugin [None req-d30c19ea-740a-457a-85d0-a9398f756859 2f60a72886804c848337ead71bf98235 c2ac48fcfc6e43ef83c33ebdf4688fdf - - default default] Tap Mirror: Handle Delete Port: 39b16c1a-5322-4e8e-8055-29557c00c22d [pid: 7|app: 0|req: 767/1715] 10.0.0.128 () {32 vars in 726 bytes} [Tue Aug 11 09:23:47 2026] DELETE /v2.0/networks/8565ed80-3208-4ede-a833-94a544a27a81 => generated 0 bytes in 372 msecs (HTTP/1.1 204) 3 headers in 131 bytes (1 switches on core 0)
2026-08-11 09:23:48.028 8 INFO neutron_taas.services.taas.taas_plugin [None req-f1cb8b56-68c5-47aa-a9d0-566678424473 2f60a72886804c848337ead71bf98235 c2ac48fcfc6e43ef83c33ebdf4688fdf - - default default] TaaS: Handle Delete Port: e71dc7a6-9d36-4161-9fcf-46189d4ea631
2026-08-11 09:23:48.031 8 INFO neutron_taas.services.taas.tap_mirror_plugin [None req-f1cb8b56-68c5-47aa-a9d0-566678424473 2f60a72886804c848337ead71bf98235 c2ac48fcfc6e43ef83c33ebdf4688fdf - - default default] Tap Mirror: Handle Delete Port: e71dc7a6-9d36-4161-9fcf-46189d4ea631 [pid: 8|app: 0|req: 949/1716] 10.0.0.128 () {32 vars in 726 bytes} [Tue Aug 11 09:23:47 2026] DELETE /v2.0/networks/0e4aa324-1b0d-479f-89d8-87f2b3e5f530 => generated 0 bytes in 323 msecs (HTTP/1.1 204) 3 headers in 131 bytes (1 switches on core 0) [pid: 7|app: 0|req: 768/1717] 10.0.0.128 () {32 vars in 774 bytes} [Tue Aug 11 09:23:48 2026] GET /v2.0/security-groups?tenant_id=c2ac48fcfc6e43ef83c33ebdf4688fdf&name=default => generated 2925 bytes in 197 msecs (HTTP/1.1 200) 4 headers in 158 bytes (1 switches on core 0) [pid: 7|app: 0|req: 769/1718] 10.0.0.128 () {34 vars in 676 bytes} [Tue Aug 11 09:23:48 2026] POST /v2.0/subnetpools => generated 548 bytes in 85 msecs (HTTP/1.1 201) 4 headers in 162 bytes (1 switches on core 0) [pid: 7|app: 0|req: 770/1719] 10.0.0.128 () {32 vars in 729 bytes} [Tue Aug 11 09:23:49 2026] GET /v2.0/subnetpools/a3f053d4-44c4-4b7e-a9a2-13a24506df76 => generated 548 bytes in 21 msecs (HTTP/1.1 200) 4 headers in 157 bytes (1 switches on core 0) [pid: 8|app: 0|req: 950/1720] 10.0.0.128 () {32 vars in 740 bytes} [Tue Aug 11 09:23:48 2026] DELETE /v2.0/security-groups/fc60b9e1-8024-4a54-92e6-2c294c7a94f7 => generated 0 bytes in 211 msecs (HTTP/1.1 204) 2 headers in 112 bytes (1 switches on core 0) [pid: 7|app: 0|req: 771/1721] 10.0.0.128 () {34 vars in 749 bytes} [Tue Aug 11 09:23:49 2026] PUT /v2.0/subnetpools/a3f053d4-44c4-4b7e-a9a2-13a24506df76 => generated 500 bytes in 56 msecs (HTTP/1.1 200) 4 headers in 157 bytes (1 switches on core 0)
2026-08-11 09:23:49.189 7 INFO neutron.services.segments.plugin [-] Segment ce3594b4-13f5-4124-9264-cdf4dea26653 resource provider aggregate not found [pid: 8|app: 0|req: 951/1722] 10.0.0.128 () {32 vars in 732 bytes} [Tue Aug 11 09:23:49 2026] DELETE /v2.0/subnetpools/a3f053d4-44c4-4b7e-a9a2-13a24506df76 => generated 0 bytes in 58 msecs (HTTP/1.1 204) 2 headers in 112 bytes (1 switches on core 0)
2026-08-11 09:23:49.196 7 INFO neutron.services.segments.plugin [-] Segment ce3594b4-13f5-4124-9264-cdf4dea26653 resource provider aggregate not found
2026-08-11 09:23:49.212 7 INFO neutron.api.v2.resource [None req-c2e104a0-35c7-4f9a-a27e-6545dc62b268 b3a9fdf833314b87841347f3439ff84c 3adec6ee96b24047b017b0dbfcf8f47d - - default default] show failed (client error): The resource could not be found. [pid: 7|app: 0|req: 772/1723] 10.0.0.128 () {32 vars in 729 bytes} [Tue Aug 11 09:23:49 2026] GET /v2.0/subnetpools/a3f053d4-44c4-4b7e-a9a2-13a24506df76 => generated 145 bytes in 19 msecs (HTTP/1.1 404) 4 headers in 164 bytes (1 switches on core 0)
2026-08-11 09:23:49.215 7 INFO neutron.services.segments.plugin [-] Segment ce3594b4-13f5-4124-9264-cdf4dea26653 resource provider not found; error: Placement Client Error (4xx): {"errors": [{"status": 404, "title": "Not Found", "detail": "The resource could not be found.\n\n No resource provider with uuid ce3594b4-13f5-4124-9264-cdf4dea26653 found for delete ", "request_id": "req-45bfdbfb-e00d-4296-8c14-c4e7709a4c4a"}]}
2026-08-11 09:23:49.217 7 INFO neutron.services.segments.plugin [-] Segment ce3594b4-13f5-4124-9264-cdf4dea26653 resource provider not found; error: Placement Client Error (4xx): {"errors": [{"status": 404, "title": "Not Found", "detail": "The resource could not be found.\n\n No resource provider with uuid ce3594b4-13f5-4124-9264-cdf4dea26653 found for delete ", "request_id": "req-12ff9411-8cba-4aea-8697-42dc49311b5d"}]}
2026-08-11 09:23:49.228 8 INFO neutron.api.v2.resource [None req-c8d2c276-83e4-4c2f-ba4f-92fee2f721a2 b3a9fdf833314b87841347f3439ff84c 3adec6ee96b24047b017b0dbfcf8f47d - - default default] delete failed (client error): The resource could not be found. [pid: 8|app: 0|req: 952/1724] 10.0.0.128 () {32 vars in 732 bytes} [Tue Aug 11 09:23:49 2026] DELETE /v2.0/subnetpools/a3f053d4-44c4-4b7e-a9a2-13a24506df76 => generated 145 bytes in 11 msecs (HTTP/1.1 404) 4 headers in 164 bytes (1 switches on core 0)
2026-08-11 09:23:49.518 8 INFO neutron.services.segments.plugin [-] Segment 0347e50e-430c-45ba-b84c-7988bfeb2017 resource provider aggregate not found
2026-08-11 09:23:49.525 8 INFO neutron.services.segments.plugin [-] Segment 0347e50e-430c-45ba-b84c-7988bfeb2017 resource provider aggregate not found
2026-08-11 09:23:49.539 8 INFO neutron.services.segments.plugin [-] Segment 0347e50e-430c-45ba-b84c-7988bfeb2017 resource provider not found; error: Placement Client Error (4xx): {"errors": [{"status": 404, "title": "Not Found", "detail": "The resource could not be found.\n\n No resource provider with uuid 0347e50e-430c-45ba-b84c-7988bfeb2017 found for delete ", "request_id": "req-63557c0e-eafe-40ec-b612-9decf8a7a138"}]}
2026-08-11 09:23:49.546 8 INFO neutron.services.segments.plugin [-] Segment 0347e50e-430c-45ba-b84c-7988bfeb2017 resource provider not found; error: Placement Client Error (4xx): {"errors": [{"status": 404, "title": "Not Found", "detail": "The resource could not be found.\n\n No resource provider with uuid 0347e50e-430c-45ba-b84c-7988bfeb2017 found for delete ", "request_id": "req-cfd6572c-3eae-457a-9ac2-4f3d704a5113"}]}
2026-08-11 09:23:49.904 7 INFO neutron.db.ovn_revision_numbers_db [None req-97c550f2-7b6f-4534-b38a-0f2fe144ef94 03a0d8cd0a8b461fa7a58bcc4d1925a6 f5bac3ed306e4341b104836a7ee932a4 - - default default] Successfully bumped revision number for resource e1f3b693-2694-4e45-8854-c3a0491a38bf (type: security_groups) to 1
2026-08-11 09:23:49.916 7 INFO neutron.db.ovn_revision_numbers_db [None req-97c550f2-7b6f-4534-b38a-0f2fe144ef94 03a0d8cd0a8b461fa7a58bcc4d1925a6 f5bac3ed306e4341b104836a7ee932a4 - - default default] Successfully bumped revision number for resource 604beffe-ca5b-4ac9-865a-4c4342786712 (type: security_group_rules) to 0
2026-08-11 09:23:49.930 7 INFO neutron.db.ovn_revision_numbers_db [None req-97c550f2-7b6f-4534-b38a-0f2fe144ef94 03a0d8cd0a8b461fa7a58bcc4d1925a6 f5bac3ed306e4341b104836a7ee932a4 - - default default] Successfully bumped revision number for resource 8d9bf76a-cfa0-44af-b55d-78dd8052b914 (type: security_group_rules) to 0
2026-08-11 09:23:49.949 7 INFO neutron.db.ovn_revision_numbers_db [None req-97c550f2-7b6f-4534-b38a-0f2fe144ef94 03a0d8cd0a8b461fa7a58bcc4d1925a6 f5bac3ed306e4341b104836a7ee932a4 - - default default] Successfully bumped revision number for resource e026f0ae-9c08-4c3a-baf6-412a734d518e (type: security_group_rules) to 0
2026-08-11 09:23:49.961 7 INFO neutron.db.ovn_revision_numbers_db [None req-97c550f2-7b6f-4534-b38a-0f2fe144ef94 03a0d8cd0a8b461fa7a58bcc4d1925a6 f5bac3ed306e4341b104836a7ee932a4 - - default default] Successfully bumped revision number for resource e0817869-9361-4e39-ad11-d863380e507a (type: security_group_rules) to 0 [pid: 7|app: 0|req: 773/1725] 10.0.0.128 () {32 vars in 774 bytes} [Tue Aug 11 09:23:49 2026] GET /v2.0/security-groups?tenant_id=3adec6ee96b24047b017b0dbfcf8f47d&name=default => generated 2925 bytes in 319 msecs (HTTP/1.1 200) 4 headers in 158 bytes (1 switches on core 0) [pid: 8|app: 0|req: 953/1726] 10.0.0.128 () {32 vars in 740 bytes} [Tue Aug 11 09:23:50 2026] DELETE /v2.0/security-groups/e1f3b693-2694-4e45-8854-c3a0491a38bf => generated 0 bytes in 213 msecs (HTTP/1.1 204) 2 headers in 112 bytes (1 switches on core 0)
2026-08-11 09:23:51.143 7 INFO neutron.db.ovn_revision_numbers_db [None req-02671d51-cbd6-4201-85f3-d550e9799bbd fdc2a432bc26477095e7695688fd19f7 7f99ba074d7e4378b5ad4ea197fcb0f5 - - default default] Successfully bumped revision number for resource e5634728-ee27-4c3b-9314-cf89329a52aa (type: security_groups) to 1
2026-08-11 09:23:51.155 7 INFO neutron.db.ovn_revision_numbers_db [None req-02671d51-cbd6-4201-85f3-d550e9799bbd fdc2a432bc26477095e7695688fd19f7 7f99ba074d7e4378b5ad4ea197fcb0f5 - - default default] Successfully bumped revision number for resource 7aad9c57-7bd6-4c66-9f12-689a8735335b (type: security_group_rules) to 0
2026-08-11 09:23:51.167 7 INFO neutron.db.ovn_revision_numbers_db [None req-02671d51-cbd6-4201-85f3-d550e9799bbd fdc2a432bc26477095e7695688fd19f7 7f99ba074d7e4378b5ad4ea197fcb0f5 - - default default] Successfully bumped revision number for resource 8237f437-d324-40e9-948d-0cea046a7efd (type: security_group_rules) to 0
2026-08-11 09:23:51.181 7 INFO neutron.db.ovn_revision_numbers_db [None req-02671d51-cbd6-4201-85f3-d550e9799bbd fdc2a432bc26477095e7695688fd19f7 7f99ba074d7e4378b5ad4ea197fcb0f5 - - default default] Successfully bumped revision number for resource 976c655c-6479-418a-bc7b-1773abbda489 (type: security_group_rules) to 0
2026-08-11 09:23:51.195 7 INFO neutron.db.ovn_revision_numbers_db [None req-02671d51-cbd6-4201-85f3-d550e9799bbd fdc2a432bc26477095e7695688fd19f7 7f99ba074d7e4378b5ad4ea197fcb0f5 - - default default] Successfully bumped revision number for resource daea4c7d-998d-480f-9dfd-9e6d05d751bc (type: security_group_rules) to 0
2026-08-11 09:23:51.295 7 INFO neutron.db.segments_db [None req-02671d51-cbd6-4201-85f3-d550e9799bbd fdc2a432bc26477095e7695688fd19f7 7f99ba074d7e4378b5ad4ea197fcb0f5 - - default default] Added segment 14d1afd3-15f0-422d-860a-c706bce48e7a of type geneve for network 26360048-662b-4335-8943-a3e101098061
2026-08-11 09:23:51.396 7 INFO neutron.db.ovn_revision_numbers_db [None req-02671d51-cbd6-4201-85f3-d550e9799bbd fdc2a432bc26477095e7695688fd19f7 7f99ba074d7e4378b5ad4ea197fcb0f5 - - default default] Successfully bumped revision number for resource 26360048-662b-4335-8943-a3e101098061 (type: networks) to 1
2026-08-11 09:23:51.559 7 WARNING neutron.scheduler.dhcp_agent_scheduler [None req-02671d51-cbd6-4201-85f3-d550e9799bbd fdc2a432bc26477095e7695688fd19f7 7f99ba074d7e4378b5ad4ea197fcb0f5 - - default default] No more DHCP agents
2026-08-11 09:23:51.561 7 WARNING neutron.api.rpc.agentnotifiers.dhcp_rpc_agent_api [None req-02671d51-cbd6-4201-85f3-d550e9799bbd fdc2a432bc26477095e7695688fd19f7 7f99ba074d7e4378b5ad4ea197fcb0f5 - - default default] Unable to schedule network 26360048-662b-4335-8943-a3e101098061: no agents available; will retry on subsequent port and subnet creation events.
2026-08-11 09:23:51.608 7 INFO neutron.plugins.ml2.drivers.ovn.mech_driver.mech_driver [None req-7a68cbbd-706a-441b-98c3-479807f5661d - - - - - -] OVN reports status down for port: 45b1adff-05b0-4302-9567-65c76697d626
2026-08-11 09:23:51.658 7 INFO neutron.db.ovn_revision_numbers_db [None req-02671d51-cbd6-4201-85f3-d550e9799bbd fdc2a432bc26477095e7695688fd19f7 7f99ba074d7e4378b5ad4ea197fcb0f5 - - default default] Successfully bumped revision number for resource 45b1adff-05b0-4302-9567-65c76697d626 (type: ports) to 1 [pid: 7|app: 0|req: 774/1727] 10.0.0.128 () {34 vars in 670 bytes} [Tue Aug 11 09:23:50 2026] POST /v2.0/networks => generated 667 bytes in 832 msecs (HTTP/1.1 201) 4 headers in 162 bytes (1 switches on core 0) [pid: 7|app: 0|req: 775/1728] 10.0.0.128 () {32 vars in 623 bytes} [Tue Aug 11 09:23:51 2026] GET / => generated 151 bytes in 4 msecs (HTTP/1.1 200) 3 headers in 91 bytes (1 switches on core 0)
2026-08-11 09:23:51.922 8 WARNING neutron.scheduler.dhcp_agent_scheduler [None req-253bb247-2e2c-4f48-adae-e8515988bfe4 fdc2a432bc26477095e7695688fd19f7 7f99ba074d7e4378b5ad4ea197fcb0f5 - - default default] No more DHCP agents
2026-08-11 09:23:51.923 8 WARNING neutron.api.rpc.agentnotifiers.dhcp_rpc_agent_api [None req-253bb247-2e2c-4f48-adae-e8515988bfe4 fdc2a432bc26477095e7695688fd19f7 7f99ba074d7e4378b5ad4ea197fcb0f5 - - default default] Unable to schedule network 26360048-662b-4335-8943-a3e101098061: no agents available; will retry on subsequent port and subnet creation events.
2026-08-11 09:23:51.972 7 INFO neutron.plugins.ml2.drivers.ovn.mech_driver.mech_driver [None req-7a68cbbd-706a-441b-98c3-479807f5661d - - - - - -] OVN reports status down for port: 96d47410-74cf-47a9-b906-48d5e260df63
2026-08-11 09:23:52.009 8 INFO neutron.db.ovn_revision_numbers_db [None req-253bb247-2e2c-4f48-adae-e8515988bfe4 fdc2a432bc26477095e7695688fd19f7 7f99ba074d7e4378b5ad4ea197fcb0f5 - - default default] Successfully bumped revision number for resource 96d47410-74cf-47a9-b906-48d5e260df63 (type: ports) to 1 [pid: 7|app: 0|req: 776/1729] 10.0.0.128 () {32 vars in 633 bytes} [Tue Aug 11 09:23:51 2026] GET /v2.0/ => generated 632 bytes in 171 msecs (HTTP/1.1 200) 4 headers in 157 bytes (1 switches on core 0) [pid: 8|app: 0|req: 954/1730] 10.0.0.128 () {34 vars in 665 bytes} [Tue Aug 11 09:23:51 2026] POST /v2.0/ports => generated 778 bytes in 372 msecs (HTTP/1.1 201) 4 headers in 162 bytes (1 switches on core 0)
2026-08-11 09:23:52.161 7 INFO neutron.db.segments_db [None req-7ebaeb67-f4e7-4fbe-8a58-701a90a141cf fdc2a432bc26477095e7695688fd19f7 7f99ba074d7e4378b5ad4ea197fcb0f5 - - default default] Added segment 2251f3a2-1891-4846-86ca-421b31893bbb of type geneve for network cdc166c4-2d1a-4fd6-85c2-f37419d6f0e2
2026-08-11 09:23:52.270 7 INFO neutron.db.ovn_revision_numbers_db [None req-7ebaeb67-f4e7-4fbe-8a58-701a90a141cf fdc2a432bc26477095e7695688fd19f7 7f99ba074d7e4378b5ad4ea197fcb0f5 - - default default] Successfully bumped revision number for resource cdc166c4-2d1a-4fd6-85c2-f37419d6f0e2 (type: networks) to 1
2026-08-11 09:23:52.479 7 WARNING neutron.scheduler.dhcp_agent_scheduler [None req-7ebaeb67-f4e7-4fbe-8a58-701a90a141cf fdc2a432bc26477095e7695688fd19f7 7f99ba074d7e4378b5ad4ea197fcb0f5 - - default default] No more DHCP agents
2026-08-11 09:23:52.481 7 WARNING neutron.api.rpc.agentnotifiers.dhcp_rpc_agent_api [None req-7ebaeb67-f4e7-4fbe-8a58-701a90a141cf fdc2a432bc26477095e7695688fd19f7 7f99ba074d7e4378b5ad4ea197fcb0f5 - - default default] Unable to schedule network cdc166c4-2d1a-4fd6-85c2-f37419d6f0e2: no agents available; will retry on subsequent port and subnet creation events.
2026-08-11 09:23:52.536 8 INFO neutron.plugins.ml2.drivers.ovn.mech_driver.mech_driver [None req-09d73aaf-ccdc-43f7-9e57-2d21a7e6d9df - - - - - -] OVN reports status down for port: e5b7b743-9d69-4c59-9be0-63be669f21c0
2026-08-11 09:23:52.566 7 INFO neutron.db.ovn_revision_numbers_db [None req-7ebaeb67-f4e7-4fbe-8a58-701a90a141cf fdc2a432bc26477095e7695688fd19f7 7f99ba074d7e4378b5ad4ea197fcb0f5 - - default default] Successfully bumped revision number for resource e5b7b743-9d69-4c59-9be0-63be669f21c0 (type: ports) to 1 [pid: 7|app: 0|req: 777/1731] 10.0.0.128 () {34 vars in 670 bytes} [Tue Aug 11 09:23:52 2026] POST /v2.0/networks => generated 655 bytes in 522 msecs (HTTP/1.1 201) 4 headers in 162 bytes (1 switches on core 0) /var/lib/openstack/lib/python3.12/site-packages/pycadf/identifier.py:70: UserWarning: Invalid uuid: neutron. To ensure interoperability, identifiers should be a valid uuid. warnings.warn(('Invalid uuid: %s. To ensure interoperability, '
2026-08-11 09:23:52.786 7 WARNING neutron.scheduler.dhcp_agent_scheduler [None req-914bcd3e-30b7-4923-8161-3bbf1ba263eb fdc2a432bc26477095e7695688fd19f7 7f99ba074d7e4378b5ad4ea197fcb0f5 - - default default] No more DHCP agents
2026-08-11 09:23:52.787 7 WARNING neutron.api.rpc.agentnotifiers.dhcp_rpc_agent_api [None req-914bcd3e-30b7-4923-8161-3bbf1ba263eb fdc2a432bc26477095e7695688fd19f7 7f99ba074d7e4378b5ad4ea197fcb0f5 - - default default] Unable to schedule network cdc166c4-2d1a-4fd6-85c2-f37419d6f0e2: no agents available; will retry on subsequent port and subnet creation events.
2026-08-11 09:23:52.829 7 INFO neutron.db.ovn_revision_numbers_db [None req-914bcd3e-30b7-4923-8161-3bbf1ba263eb fdc2a432bc26477095e7695688fd19f7 7f99ba074d7e4378b5ad4ea197fcb0f5 - - default default] Successfully bumped revision number for resource bfc8c905-5a5b-47bf-9040-f0f077343f82 (type: subnets) to 0
2026-08-11 09:23:52.832 8 INFO neutron.db.ovn_revision_numbers_db [None req-53824872-e358-48b5-be3f-83625d38189a 03a0d8cd0a8b461fa7a58bcc4d1925a6 f5bac3ed306e4341b104836a7ee932a4 - - default default] Successfully bumped revision number for resource 2bf7463e-9930-4f28-bcbb-c146ba0052b5 (type: security_groups) to 1
2026-08-11 09:23:52.849 8 INFO neutron.db.ovn_revision_numbers_db [None req-53824872-e358-48b5-be3f-83625d38189a 03a0d8cd0a8b461fa7a58bcc4d1925a6 f5bac3ed306e4341b104836a7ee932a4 - - default default] Successfully bumped revision number for resource 0f6a904f-c93f-457c-90bc-f5c575d281a6 (type: security_group_rules) to 0 [pid: 7|app: 0|req: 778/1732] 10.0.0.128 () {34 vars in 669 bytes} [Tue Aug 11 09:23:52 2026] POST /v2.0/subnets => generated 646 bytes in 251 msecs (HTTP/1.1 201) 4 headers in 162 bytes (1 switches on core 0)
2026-08-11 09:23:52.867 8 INFO neutron.db.ovn_revision_numbers_db [None req-53824872-e358-48b5-be3f-83625d38189a 03a0d8cd0a8b461fa7a58bcc4d1925a6 f5bac3ed306e4341b104836a7ee932a4 - - default default] Successfully bumped revision number for resource 180a6019-726d-4653-8acd-7b8c364eb13e (type: security_group_rules) to 0
2026-08-11 09:23:52.882 8 INFO neutron.db.ovn_revision_numbers_db [None req-53824872-e358-48b5-be3f-83625d38189a 03a0d8cd0a8b461fa7a58bcc4d1925a6 f5bac3ed306e4341b104836a7ee932a4 - - default default] Successfully bumped revision number for resource 2d57a4a5-6ad2-44b8-a816-a7e8dca17516 (type: security_group_rules) to 0
2026-08-11 09:23:52.902 8 INFO neutron.db.ovn_revision_numbers_db [None req-53824872-e358-48b5-be3f-83625d38189a 03a0d8cd0a8b461fa7a58bcc4d1925a6 f5bac3ed306e4341b104836a7ee932a4 - - default default] Successfully bumped revision number for resource 6525f90d-1415-4070-b3c6-05ba54d2d501 (type: security_group_rules) to 0 [pid: 8|app: 0|req: 955/1733] 10.0.0.128 () {32 vars in 774 bytes} [Tue Aug 11 09:23:52 2026] GET /v2.0/security-groups?tenant_id=f24a89b7daa04513b6f89e261cd9f464&name=default => generated 2925 bytes in 371 msecs (HTTP/1.1 200) 4 headers in 158 bytes (1 switches on core 0)
2026-08-11 09:23:53.139 7 WARNING neutron.scheduler.dhcp_agent_scheduler [None req-d7fdb0bc-2afb-4418-a710-3b6dca0fadbf fdc2a432bc26477095e7695688fd19f7 7f99ba074d7e4378b5ad4ea197fcb0f5 - - default default] No more DHCP agents
2026-08-11 09:23:53.140 7 WARNING neutron.api.rpc.agentnotifiers.dhcp_rpc_agent_api [None req-d7fdb0bc-2afb-4418-a710-3b6dca0fadbf fdc2a432bc26477095e7695688fd19f7 7f99ba074d7e4378b5ad4ea197fcb0f5 - - default default] Unable to schedule network cdc166c4-2d1a-4fd6-85c2-f37419d6f0e2: no agents available; will retry on subsequent port and subnet creation events. [pid: 8|app: 0|req: 956/1734] 10.0.0.128 () {32 vars in 740 bytes} [Tue Aug 11 09:23:52 2026] DELETE /v2.0/security-groups/2bf7463e-9930-4f28-bcbb-c146ba0052b5 => generated 0 bytes in 207 msecs (HTTP/1.1 204) 2 headers in 112 bytes (1 switches on core 0)
2026-08-11 09:23:53.202 8 INFO neutron.plugins.ml2.drivers.ovn.mech_driver.mech_driver [None req-09d73aaf-ccdc-43f7-9e57-2d21a7e6d9df - - - - - -] OVN reports status down for port: e1fbfb9e-d4f5-416f-8568-597e43317027
2026-08-11 09:23:53.226 7 INFO neutron.db.ovn_revision_numbers_db [None req-d7fdb0bc-2afb-4418-a710-3b6dca0fadbf fdc2a432bc26477095e7695688fd19f7 7f99ba074d7e4378b5ad4ea197fcb0f5 - - default default] Successfully bumped revision number for resource e1fbfb9e-d4f5-416f-8568-597e43317027 (type: ports) to 1 [pid: 7|app: 0|req: 779/1735] 10.0.0.128 () {34 vars in 665 bytes} [Tue Aug 11 09:23:52 2026] POST /v2.0/ports => generated 962 bytes in 391 msecs (HTTP/1.1 201) 4 headers in 162 bytes (1 switches on core 0)
2026-08-11 09:23:53.415 8 INFO neutron_taas.services.taas.taas_plugin [None req-e096f4c7-ae48-495c-8c76-739841618739 fdc2a432bc26477095e7695688fd19f7 7f99ba074d7e4378b5ad4ea197fcb0f5 - - default default] TaaS: Handle Delete Port: e1fbfb9e-d4f5-416f-8568-597e43317027
2026-08-11 09:23:53.418 8 INFO neutron_taas.services.taas.tap_mirror_plugin [None req-e096f4c7-ae48-495c-8c76-739841618739 fdc2a432bc26477095e7695688fd19f7 7f99ba074d7e4378b5ad4ea197fcb0f5 - - default default] Tap Mirror: Handle Delete Port: e1fbfb9e-d4f5-416f-8568-597e43317027 [pid: 8|app: 0|req: 957/1736] 10.0.0.128 () {32 vars in 720 bytes} [Tue Aug 11 09:23:53 2026] DELETE /v2.0/ports/e1fbfb9e-d4f5-416f-8568-597e43317027 => generated 0 bytes in 253 msecs (HTTP/1.1 204) 3 headers in 131 bytes (1 switches on core 0) /var/lib/openstack/lib/python3.12/site-packages/pycadf/identifier.py:70: UserWarning: Invalid uuid: neutron. To ensure interoperability, identifiers should be a valid uuid. warnings.warn(('Invalid uuid: %s. To ensure interoperability, '
2026-08-11 09:23:53.544 7 INFO neutron.pecan_wsgi.hooks.translation [None req-2f4080ef-09ae-4943-b464-61557538b98b fdc2a432bc26477095e7695688fd19f7 7f99ba074d7e4378b5ad4ea197fcb0f5 - - default default] DELETE failed (client error): The resource could not be found. [pid: 7|app: 0|req: 780/1737] 10.0.0.128 () {32 vars in 720 bytes} [Tue Aug 11 09:23:53 2026] DELETE /v2.0/ports/e1fbfb9e-d4f5-416f-8568-597e43317027 => generated 132 bytes in 29 msecs (HTTP/1.1 404) 4 headers in 164 bytes (1 switches on core 0)
2026-08-11 09:23:53.569 8 INFO neutron.pecan_wsgi.hooks.translation [None req-0c7536c0-38d5-47db-b6c6-876beb58fd8d fdc2a432bc26477095e7695688fd19f7 7f99ba074d7e4378b5ad4ea197fcb0f5 - - default default] GET failed (client error): The resource could not be found. [pid: 8|app: 0|req: 958/1738] 10.0.0.128 () {32 vars in 717 bytes} [Tue Aug 11 09:23:53 2026] GET /v2.0/ports/e1fbfb9e-d4f5-416f-8568-597e43317027 => generated 132 bytes in 19 msecs (HTTP/1.1 404) 4 headers in 164 bytes (1 switches on core 0) [pid: 7|app: 0|req: 781/1739] 10.0.0.128 () {32 vars in 724 bytes} [Tue Aug 11 09:23:53 2026] DELETE /v2.0/subnets/bfc8c905-5a5b-47bf-9040-f0f077343f82 => generated 0 bytes in 167 msecs (HTTP/1.1 204) 3 headers in 131 bytes (1 switches on core 0)
2026-08-11 09:23:53.889 8 INFO neutron_taas.services.taas.taas_plugin [None req-db1a3f26-f18b-4997-9c82-27d778ccf0a5 fdc2a432bc26477095e7695688fd19f7 7f99ba074d7e4378b5ad4ea197fcb0f5 - - default default] TaaS: Handle Delete Port: e5b7b743-9d69-4c59-9be0-63be669f21c0
2026-08-11 09:23:53.895 8 INFO neutron_taas.services.taas.tap_mirror_plugin [None req-db1a3f26-f18b-4997-9c82-27d778ccf0a5 fdc2a432bc26477095e7695688fd19f7 7f99ba074d7e4378b5ad4ea197fcb0f5 - - default default] Tap Mirror: Handle Delete Port: e5b7b743-9d69-4c59-9be0-63be669f21c0
2026-08-11 09:23:54.072 8 INFO neutron.services.segments.plugin [-] Segment 2251f3a2-1891-4846-86ca-421b31893bbb resource provider aggregate not found
2026-08-11 09:23:54.073 8 INFO neutron.services.segments.plugin [-] Segment 2251f3a2-1891-4846-86ca-421b31893bbb resource provider aggregate not found
2026-08-11 09:23:54.098 8 INFO neutron.services.segments.plugin [-] Segment 2251f3a2-1891-4846-86ca-421b31893bbb resource provider not found; error: Placement Client Error (4xx): {"errors": [{"status": 404, "title": "Not Found", "detail": "The resource could not be found.\n\n No resource provider with uuid 2251f3a2-1891-4846-86ca-421b31893bbb found for delete ", "request_id": "req-c3f99f7a-5e5b-4752-91fc-21fbcee8652b"}]}
2026-08-11 09:23:54.100 8 INFO neutron.services.segments.plugin [-] Segment 2251f3a2-1891-4846-86ca-421b31893bbb resource provider not found; error: Placement Client Error (4xx): {"errors": [{"status": 404, "title": "Not Found", "detail": "The resource could not be found.\n\n No resource provider with uuid 2251f3a2-1891-4846-86ca-421b31893bbb found for delete ", "request_id": "req-a0819d33-6acc-4246-afa0-391763dcbc37"}]} [pid: 8|app: 0|req: 959/1740] 10.0.0.128 () {32 vars in 726 bytes} [Tue Aug 11 09:23:53 2026] DELETE /v2.0/networks/cdc166c4-2d1a-4fd6-85c2-f37419d6f0e2 => generated 0 bytes in 375 msecs (HTTP/1.1 204) 3 headers in 131 bytes (1 switches on core 0)
2026-08-11 09:23:54.211 7 INFO neutron.db.segments_db [None req-6b1eeb6a-1a52-49fc-b161-7c1207bd1c73 fdc2a432bc26477095e7695688fd19f7 7f99ba074d7e4378b5ad4ea197fcb0f5 - - default default] Added segment 3d84bd89-dd0b-4b31-acc2-d4ef1cc4af98 of type geneve for network 2bcfcbb8-c3eb-4515-8fe8-f695c82b0ef1
2026-08-11 09:23:54.309 7 INFO neutron.db.ovn_revision_numbers_db [None req-6b1eeb6a-1a52-49fc-b161-7c1207bd1c73 fdc2a432bc26477095e7695688fd19f7 7f99ba074d7e4378b5ad4ea197fcb0f5 - - default default] Successfully bumped revision number for resource 2bcfcbb8-c3eb-4515-8fe8-f695c82b0ef1 (type: networks) to 1
2026-08-11 09:23:54.467 7 WARNING neutron.scheduler.dhcp_agent_scheduler [None req-6b1eeb6a-1a52-49fc-b161-7c1207bd1c73 fdc2a432bc26477095e7695688fd19f7 7f99ba074d7e4378b5ad4ea197fcb0f5 - - default default] No more DHCP agents
2026-08-11 09:23:54.476 7 WARNING neutron.api.rpc.agentnotifiers.dhcp_rpc_agent_api [None req-6b1eeb6a-1a52-49fc-b161-7c1207bd1c73 fdc2a432bc26477095e7695688fd19f7 7f99ba074d7e4378b5ad4ea197fcb0f5 - - default default] Unable to schedule network 2bcfcbb8-c3eb-4515-8fe8-f695c82b0ef1: no agents available; will retry on subsequent port and subnet creation events.
2026-08-11 09:23:54.519 8 INFO neutron.plugins.ml2.drivers.ovn.mech_driver.mech_driver [None req-09d73aaf-ccdc-43f7-9e57-2d21a7e6d9df - - - - - -] OVN reports status down for port: 224743d1-0ad5-4c64-901f-f7ff83991257
2026-08-11 09:23:54.553 7 INFO neutron.db.ovn_revision_numbers_db [None req-6b1eeb6a-1a52-49fc-b161-7c1207bd1c73 fdc2a432bc26477095e7695688fd19f7 7f99ba074d7e4378b5ad4ea197fcb0f5 - - default default] Successfully bumped revision number for resource 224743d1-0ad5-4c64-901f-f7ff83991257 (type: ports) to 1 [pid: 7|app: 0|req: 782/1741] 10.0.0.128 () {34 vars in 670 bytes} [Tue Aug 11 09:23:54 2026] POST /v2.0/networks => generated 654 bytes in 445 msecs (HTTP/1.1 201) 4 headers in 162 bytes (1 switches on core 0)
2026-08-11 09:23:54.820 8 WARNING neutron.scheduler.dhcp_agent_scheduler [None req-342207fc-80b0-4b94-9999-0cb621a28b7e fdc2a432bc26477095e7695688fd19f7 7f99ba074d7e4378b5ad4ea197fcb0f5 - - default default] No more DHCP agents
2026-08-11 09:23:54.822 8 WARNING neutron.api.rpc.agentnotifiers.dhcp_rpc_agent_api [None req-342207fc-80b0-4b94-9999-0cb621a28b7e fdc2a432bc26477095e7695688fd19f7 7f99ba074d7e4378b5ad4ea197fcb0f5 - - default default] Unable to schedule network 2bcfcbb8-c3eb-4515-8fe8-f695c82b0ef1: no agents available; will retry on subsequent port and subnet creation events.
2026-08-11 09:23:54.869 8 INFO neutron.db.ovn_revision_numbers_db [None req-342207fc-80b0-4b94-9999-0cb621a28b7e fdc2a432bc26477095e7695688fd19f7 7f99ba074d7e4378b5ad4ea197fcb0f5 - - default default] Successfully bumped revision number for resource 5befa3f4-28c3-4c19-9454-12aa2c13b8d4 (type: subnets) to 0 [pid: 8|app: 0|req: 960/1742] 10.0.0.128 () {34 vars in 669 bytes} [Tue Aug 11 09:23:54 2026] POST /v2.0/subnets => generated 646 bytes in 307 msecs (HTTP/1.1 201) 4 headers in 162 bytes (1 switches on core 0)
2026-08-11 09:23:55.140 7 WARNING neutron.scheduler.dhcp_agent_scheduler [None req-74d827c1-2b13-4fdd-a38c-ff51ae0bba21 fdc2a432bc26477095e7695688fd19f7 7f99ba074d7e4378b5ad4ea197fcb0f5 - - default default] No more DHCP agents
2026-08-11 09:23:55.141 7 WARNING neutron.api.rpc.agentnotifiers.dhcp_rpc_agent_api [None req-74d827c1-2b13-4fdd-a38c-ff51ae0bba21 fdc2a432bc26477095e7695688fd19f7 7f99ba074d7e4378b5ad4ea197fcb0f5 - - default default] Unable to schedule network 2bcfcbb8-c3eb-4515-8fe8-f695c82b0ef1: no agents available; will retry on subsequent port and subnet creation events.
2026-08-11 09:23:55.214 7 INFO neutron.plugins.ml2.drivers.ovn.mech_driver.mech_driver [None req-7a68cbbd-706a-441b-98c3-479807f5661d - - - - - -] OVN reports status down for port: 098e8590-0220-4af4-b4cc-1280ce263af7
2026-08-11 09:23:55.271 7 INFO neutron.db.ovn_revision_numbers_db [None req-74d827c1-2b13-4fdd-a38c-ff51ae0bba21 fdc2a432bc26477095e7695688fd19f7 7f99ba074d7e4378b5ad4ea197fcb0f5 - - default default] Successfully bumped revision number for resource 098e8590-0220-4af4-b4cc-1280ce263af7 (type: ports) to 1 [pid: 7|app: 0|req: 783/1743] 10.0.0.128 () {34 vars in 665 bytes} [Tue Aug 11 09:23:54 2026] POST /v2.0/ports => generated 928 bytes in 494 msecs (HTTP/1.1 201) 4 headers in 162 bytes (1 switches on core 0)
2026-08-11 09:23:55.535 8 INFO neutron_taas.services.taas.taas_plugin [None req-da598bae-4228-4572-ba04-7aec05cfc4ff fdc2a432bc26477095e7695688fd19f7 7f99ba074d7e4378b5ad4ea197fcb0f5 - - default default] TaaS: Handle Delete Port: 098e8590-0220-4af4-b4cc-1280ce263af7
2026-08-11 09:23:55.540 8 INFO neutron_taas.services.taas.tap_mirror_plugin [None req-da598bae-4228-4572-ba04-7aec05cfc4ff fdc2a432bc26477095e7695688fd19f7 7f99ba074d7e4378b5ad4ea197fcb0f5 - - default default] Tap Mirror: Handle Delete Port: 098e8590-0220-4af4-b4cc-1280ce263af7 [pid: 8|app: 0|req: 961/1744] 10.0.0.128 () {32 vars in 720 bytes} [Tue Aug 11 09:23:55 2026] DELETE /v2.0/ports/098e8590-0220-4af4-b4cc-1280ce263af7 => generated 0 bytes in 265 msecs (HTTP/1.1 204) 3 headers in 131 bytes (1 switches on core 0)
2026-08-11 09:23:55.684 7 INFO neutron.pecan_wsgi.hooks.translation [None req-e8715a06-b5ed-4f1b-970b-70ebea6c868b fdc2a432bc26477095e7695688fd19f7 7f99ba074d7e4378b5ad4ea197fcb0f5 - - default default] GET failed (client error): The resource could not be found. [pid: 7|app: 0|req: 784/1745] 10.0.0.128 () {32 vars in 717 bytes} [Tue Aug 11 09:23:55 2026] GET /v2.0/ports/098e8590-0220-4af4-b4cc-1280ce263af7 => generated 132 bytes in 20 msecs (HTTP/1.1 404) 4 headers in 164 bytes (1 switches on core 0) [pid: 8|app: 0|req: 962/1746] 10.0.0.128 () {32 vars in 724 bytes} [Tue Aug 11 09:23:55 2026] DELETE /v2.0/subnets/5befa3f4-28c3-4c19-9454-12aa2c13b8d4 => generated 0 bytes in 148 msecs (HTTP/1.1 204) 3 headers in 131 bytes (1 switches on core 0)
2026-08-11 09:23:56.014 7 INFO neutron_taas.services.taas.taas_plugin [None req-45b12a42-601b-4c64-990a-31c56f2020c1 fdc2a432bc26477095e7695688fd19f7 7f99ba074d7e4378b5ad4ea197fcb0f5 - - default default] TaaS: Handle Delete Port: 224743d1-0ad5-4c64-901f-f7ff83991257
2026-08-11 09:23:56.017 7 INFO neutron_taas.services.taas.tap_mirror_plugin [None req-45b12a42-601b-4c64-990a-31c56f2020c1 fdc2a432bc26477095e7695688fd19f7 7f99ba074d7e4378b5ad4ea197fcb0f5 - - default default] Tap Mirror: Handle Delete Port: 224743d1-0ad5-4c64-901f-f7ff83991257
2026-08-11 09:23:56.205 7 INFO neutron.services.segments.plugin [-] Segment 3d84bd89-dd0b-4b31-acc2-d4ef1cc4af98 resource provider aggregate not found
2026-08-11 09:23:56.210 7 INFO neutron.services.segments.plugin [-] Segment 3d84bd89-dd0b-4b31-acc2-d4ef1cc4af98 resource provider aggregate not found
2026-08-11 09:23:56.222 7 INFO neutron.services.segments.plugin [-] Segment 3d84bd89-dd0b-4b31-acc2-d4ef1cc4af98 resource provider not found; error: Placement Client Error (4xx): {"errors": [{"status": 404, "title": "Not Found", "detail": "The resource could not be found.\n\n No resource provider with uuid 3d84bd89-dd0b-4b31-acc2-d4ef1cc4af98 found for delete ", "request_id": "req-11ca70e5-92e4-4b89-9f3e-d4d9e0e9db60"}]}
2026-08-11 09:23:56.228 7 INFO neutron.services.segments.plugin [-] Segment 3d84bd89-dd0b-4b31-acc2-d4ef1cc4af98 resource provider not found; error: Placement Client Error (4xx): {"errors": [{"status": 404, "title": "Not Found", "detail": "The resource could not be found.\n\n No resource provider with uuid 3d84bd89-dd0b-4b31-acc2-d4ef1cc4af98 found for delete ", "request_id": "req-d72a2a96-f7cc-4e5a-9f18-e6445eef8631"}]} [pid: 7|app: 0|req: 785/1747] 10.0.0.128 () {32 vars in 726 bytes} [Tue Aug 11 09:23:55 2026] DELETE /v2.0/networks/2bcfcbb8-c3eb-4515-8fe8-f695c82b0ef1 => generated 0 bytes in 412 msecs (HTTP/1.1 204) 3 headers in 131 bytes (1 switches on core 0)
2026-08-11 09:23:56.497 8 WARNING neutron.scheduler.dhcp_agent_scheduler [None req-7ca3395b-330d-4a00-a5c4-65dab6fe64ba fdc2a432bc26477095e7695688fd19f7 7f99ba074d7e4378b5ad4ea197fcb0f5 - - default default] No more DHCP agents
2026-08-11 09:23:56.498 8 WARNING neutron.api.rpc.agentnotifiers.dhcp_rpc_agent_api [None req-7ca3395b-330d-4a00-a5c4-65dab6fe64ba fdc2a432bc26477095e7695688fd19f7 7f99ba074d7e4378b5ad4ea197fcb0f5 - - default default] Unable to schedule network 26360048-662b-4335-8943-a3e101098061: no agents available; will retry on subsequent port and subnet creation events.
2026-08-11 09:23:56.577 7 INFO neutron.plugins.ml2.drivers.ovn.mech_driver.mech_driver [None req-7a68cbbd-706a-441b-98c3-479807f5661d - - - - - -] OVN reports status down for port: 672bbabc-e9d5-4197-93b1-694422cf24a8
2026-08-11 09:23:56.605 8 INFO neutron.db.ovn_revision_numbers_db [None req-7ca3395b-330d-4a00-a5c4-65dab6fe64ba fdc2a432bc26477095e7695688fd19f7 7f99ba074d7e4378b5ad4ea197fcb0f5 - - default default] Successfully bumped revision number for resource 672bbabc-e9d5-4197-93b1-694422cf24a8 (type: ports) to 1 [pid: 8|app: 0|req: 963/1748] 10.0.0.128 () {34 vars in 665 bytes} [Tue Aug 11 09:23:56 2026] POST /v2.0/ports => generated 779 bytes in 372 msecs (HTTP/1.1 201) 4 headers in 162 bytes (1 switches on core 0) /var/lib/openstack/lib/python3.12/site-packages/pycadf/identifier.py:70: UserWarning: Invalid uuid: neutron. To ensure interoperability, identifiers should be a valid uuid. warnings.warn(('Invalid uuid: %s. To ensure interoperability, '
2026-08-11 09:23:56.933 7 INFO neutron.plugins.ml2.drivers.ovn.mech_driver.mech_driver [None req-7a68cbbd-706a-441b-98c3-479807f5661d - - - - - -] OVN reports status down for port: 672bbabc-e9d5-4197-93b1-694422cf24a8
2026-08-11 09:23:56.996 7 INFO neutron.db.ovn_revision_numbers_db [None req-0c1f1da5-0137-4d00-bc00-0bfae12d5a7b fdc2a432bc26477095e7695688fd19f7 7f99ba074d7e4378b5ad4ea197fcb0f5 - - default default] Successfully bumped revision number for resource 672bbabc-e9d5-4197-93b1-694422cf24a8 (type: ports) to 2
2026-08-11 09:23:57.013 8 INFO neutron.db.ovn_revision_numbers_db [None req-59877f54-8dad-4f09-b75b-eb03bed2edc4 03a0d8cd0a8b461fa7a58bcc4d1925a6 f5bac3ed306e4341b104836a7ee932a4 - - default default] Successfully bumped revision number for resource 9b42b7dc-48fd-4fc2-8e5a-ba52b84d7afa (type: security_groups) to 1
2026-08-11 09:23:57.027 8 INFO neutron.db.ovn_revision_numbers_db [None req-59877f54-8dad-4f09-b75b-eb03bed2edc4 03a0d8cd0a8b461fa7a58bcc4d1925a6 f5bac3ed306e4341b104836a7ee932a4 - - default default] Successfully bumped revision number for resource 0e175a8b-ff9a-466c-a8b1-ac4d0984e0bf (type: security_group_rules) to 0
2026-08-11 09:23:57.045 8 INFO neutron.db.ovn_revision_numbers_db [None req-59877f54-8dad-4f09-b75b-eb03bed2edc4 03a0d8cd0a8b461fa7a58bcc4d1925a6 f5bac3ed306e4341b104836a7ee932a4 - - default default] Successfully bumped revision number for resource 721f6a77-ab07-4eef-abf0-2d3bdabd5e1c (type: security_group_rules) to 0
2026-08-11 09:23:57.058 8 INFO neutron.db.ovn_revision_numbers_db [None req-59877f54-8dad-4f09-b75b-eb03bed2edc4 03a0d8cd0a8b461fa7a58bcc4d1925a6 f5bac3ed306e4341b104836a7ee932a4 - - default default] Successfully bumped revision number for resource a5f10e6f-eba4-4b94-b7f7-81726ab23387 (type: security_group_rules) to 0
2026-08-11 09:23:57.069 8 INFO neutron.db.ovn_revision_numbers_db [None req-59877f54-8dad-4f09-b75b-eb03bed2edc4 03a0d8cd0a8b461fa7a58bcc4d1925a6 f5bac3ed306e4341b104836a7ee932a4 - - default default] Successfully bumped revision number for resource a945be9c-0a39-4419-a1b1-6426e0571d28 (type: security_group_rules) to 0 [pid: 7|app: 0|req: 786/1749] 10.0.0.128 () {34 vars in 737 bytes} [Tue Aug 11 09:23:56 2026] PUT /v2.0/ports/672bbabc-e9d5-4197-93b1-694422cf24a8 => generated 752 bytes in 441 msecs (HTTP/1.1 200) 4 headers in 157 bytes (1 switches on core 0) /var/lib/openstack/lib/python3.12/site-packages/pycadf/identifier.py:70: UserWarning: Invalid uuid: neutron. To ensure interoperability, identifiers should be a valid uuid. warnings.warn(('Invalid uuid: %s. To ensure interoperability, ' [pid: 8|app: 0|req: 964/1750] 10.0.0.128 () {32 vars in 774 bytes} [Tue Aug 11 09:23:56 2026] GET /v2.0/security-groups?tenant_id=65177ac45de044a1a5ada5cabf55f1fe&name=default => generated 2925 bytes in 443 msecs (HTTP/1.1 200) 4 headers in 158 bytes (1 switches on core 0)
2026-08-11 09:23:57.210 7 INFO neutron_taas.services.taas.taas_plugin [None req-fdde10d5-bb62-4234-927c-e0dfdcd1e37c fdc2a432bc26477095e7695688fd19f7 7f99ba074d7e4378b5ad4ea197fcb0f5 - - default default] TaaS: Handle Delete Port: 672bbabc-e9d5-4197-93b1-694422cf24a8
2026-08-11 09:23:57.213 7 INFO neutron_taas.services.taas.tap_mirror_plugin [None req-fdde10d5-bb62-4234-927c-e0dfdcd1e37c fdc2a432bc26477095e7695688fd19f7 7f99ba074d7e4378b5ad4ea197fcb0f5 - - default default] Tap Mirror: Handle Delete Port: 672bbabc-e9d5-4197-93b1-694422cf24a8 [pid: 8|app: 0|req: 965/1751] 10.0.0.128 () {32 vars in 740 bytes} [Tue Aug 11 09:23:57 2026] DELETE /v2.0/security-groups/9b42b7dc-48fd-4fc2-8e5a-ba52b84d7afa => generated 0 bytes in 259 msecs (HTTP/1.1 204) 2 headers in 112 bytes (1 switches on core 0) [pid: 7|app: 0|req: 787/1752] 10.0.0.128 () {32 vars in 720 bytes} [Tue Aug 11 09:23:57 2026] DELETE /v2.0/ports/672bbabc-e9d5-4197-93b1-694422cf24a8 => generated 0 bytes in 302 msecs (HTTP/1.1 204) 3 headers in 131 bytes (1 switches on core 0) [pid: 8|app: 0|req: 966/1753] 10.0.0.128 () {32 vars in 643 bytes} [Tue Aug 11 09:23:57 2026] GET /v2.0/ports => generated 1537 bytes in 57 msecs (HTTP/1.1 200) 4 headers in 158 bytes (1 switches on core 0)
2026-08-11 09:23:57.473 7 INFO neutron.pecan_wsgi.hooks.translation [None req-c965b738-5579-4cdc-a041-eaa1bdfca4ee fdc2a432bc26477095e7695688fd19f7 7f99ba074d7e4378b5ad4ea197fcb0f5 - - default default] GET failed (client error): The resource could not be found. [pid: 7|app: 0|req: 788/1754] 10.0.0.128 () {32 vars in 717 bytes} [Tue Aug 11 09:23:57 2026] GET /v2.0/ports/672bbabc-e9d5-4197-93b1-694422cf24a8 => generated 132 bytes in 21 msecs (HTTP/1.1 404) 4 headers in 164 bytes (1 switches on core 0) [pid: 8|app: 0|req: 967/1755] 10.0.0.128 () {32 vars in 643 bytes} [Tue Aug 11 09:23:57 2026] GET /v2.0/ports => generated 1537 bytes in 38 msecs (HTTP/1.1 200) 4 headers in 158 bytes (1 switches on core 0) [pid: 7|app: 0|req: 789/1756] 10.0.0.128 () {32 vars in 717 bytes} [Tue Aug 11 09:23:57 2026] GET /v2.0/ports/96d47410-74cf-47a9-b906-48d5e260df63 => generated 778 bytes in 34 msecs (HTTP/1.1 200) 4 headers in 157 bytes (1 switches on core 0)
2026-08-11 09:23:57.585 8 INFO neutron.pecan_wsgi.hooks.translation [None req-caa4b39d-3d66-4338-8279-657202b9fbbb fdc2a432bc26477095e7695688fd19f7 7f99ba074d7e4378b5ad4ea197fcb0f5 - - default default] DELETE failed (client error): The resource could not be found. [pid: 8|app: 0|req: 968/1757] 10.0.0.128 () {32 vars in 720 bytes} [Tue Aug 11 09:23:57 2026] DELETE /v2.0/ports/098e8590-0220-4af4-b4cc-1280ce263af7 => generated 132 bytes in 16 msecs (HTTP/1.1 404) 4 headers in 164 bytes (1 switches on core 0)
2026-08-11 09:23:57.607 7 INFO neutron.pecan_wsgi.hooks.translation [None req-c48303eb-d2dd-4b66-87cf-cec49437eeee fdc2a432bc26477095e7695688fd19f7 7f99ba074d7e4378b5ad4ea197fcb0f5 - - default default] DELETE failed (client error): The resource could not be found. [pid: 7|app: 0|req: 790/1758] 10.0.0.128 () {32 vars in 724 bytes} [Tue Aug 11 09:23:57 2026] DELETE /v2.0/subnets/5befa3f4-28c3-4c19-9454-12aa2c13b8d4 => generated 136 bytes in 16 msecs (HTTP/1.1 404) 4 headers in 164 bytes (1 switches on core 0)
2026-08-11 09:23:57.624 8 INFO neutron.pecan_wsgi.hooks.translation [None req-9e181837-9e01-4ca6-a898-536066d4783f fdc2a432bc26477095e7695688fd19f7 7f99ba074d7e4378b5ad4ea197fcb0f5 - - default default] DELETE failed (client error): The resource could not be found. [pid: 8|app: 0|req: 969/1759] 10.0.0.128 () {32 vars in 724 bytes} [Tue Aug 11 09:23:57 2026] DELETE /v2.0/subnets/bfc8c905-5a5b-47bf-9040-f0f077343f82 => generated 136 bytes in 11 msecs (HTTP/1.1 404) 4 headers in 164 bytes (1 switches on core 0)
2026-08-11 09:23:57.753 7 INFO neutron_taas.services.taas.taas_plugin [None req-fe761e80-00f9-4324-a9f4-e073c22420ed fdc2a432bc26477095e7695688fd19f7 7f99ba074d7e4378b5ad4ea197fcb0f5 - - default default] TaaS: Handle Delete Port: 96d47410-74cf-47a9-b906-48d5e260df63
2026-08-11 09:23:57.756 7 INFO neutron_taas.services.taas.tap_mirror_plugin [None req-fe761e80-00f9-4324-a9f4-e073c22420ed fdc2a432bc26477095e7695688fd19f7 7f99ba074d7e4378b5ad4ea197fcb0f5 - - default default] Tap Mirror: Handle Delete Port: 96d47410-74cf-47a9-b906-48d5e260df63 [pid: 7|app: 0|req: 791/1760] 10.0.0.128 () {32 vars in 720 bytes} [Tue Aug 11 09:23:57 2026] DELETE /v2.0/ports/96d47410-74cf-47a9-b906-48d5e260df63 => generated 0 bytes in 282 msecs (HTTP/1.1 204) 3 headers in 131 bytes (1 switches on core 0)
2026-08-11 09:23:58.034 7 INFO neutron_taas.services.taas.taas_plugin [None req-f7c9db23-3d2a-448e-9d76-bb6ffb3e9233 fdc2a432bc26477095e7695688fd19f7 7f99ba074d7e4378b5ad4ea197fcb0f5 - - default default] TaaS: Handle Delete Port: 45b1adff-05b0-4302-9567-65c76697d626
2026-08-11 09:23:58.037 7 INFO neutron_taas.services.taas.tap_mirror_plugin [None req-f7c9db23-3d2a-448e-9d76-bb6ffb3e9233 fdc2a432bc26477095e7695688fd19f7 7f99ba074d7e4378b5ad4ea197fcb0f5 - - default default] Tap Mirror: Handle Delete Port: 45b1adff-05b0-4302-9567-65c76697d626
2026-08-11 09:23:58.132 8 INFO neutron.db.ovn_revision_numbers_db [None req-bc3186a9-cd7d-46fd-97d6-c60409c4cc39 03a0d8cd0a8b461fa7a58bcc4d1925a6 f5bac3ed306e4341b104836a7ee932a4 - - default default] Successfully bumped revision number for resource 15771d4d-e18e-4004-84ac-18d952a2f567 (type: security_groups) to 1
2026-08-11 09:23:58.157 8 INFO neutron.db.ovn_revision_numbers_db [None req-bc3186a9-cd7d-46fd-97d6-c60409c4cc39 03a0d8cd0a8b461fa7a58bcc4d1925a6 f5bac3ed306e4341b104836a7ee932a4 - - default default] Successfully bumped revision number for resource 2762b784-1871-4933-9b75-dc97376c3f97 (type: security_group_rules) to 0
2026-08-11 09:23:58.176 8 INFO neutron.db.ovn_revision_numbers_db [None req-bc3186a9-cd7d-46fd-97d6-c60409c4cc39 03a0d8cd0a8b461fa7a58bcc4d1925a6 f5bac3ed306e4341b104836a7ee932a4 - - default default] Successfully bumped revision number for resource 911ba39c-30db-4d19-a215-96297329b0ef (type: security_group_rules) to 0
2026-08-11 09:23:58.189 8 INFO neutron.db.ovn_revision_numbers_db [None req-bc3186a9-cd7d-46fd-97d6-c60409c4cc39 03a0d8cd0a8b461fa7a58bcc4d1925a6 f5bac3ed306e4341b104836a7ee932a4 - - default default] Successfully bumped revision number for resource a2fe6608-392e-49a7-81c1-fd7b7684a8ac (type: security_group_rules) to 0
2026-08-11 09:23:58.198 8 INFO neutron.db.ovn_revision_numbers_db [None req-bc3186a9-cd7d-46fd-97d6-c60409c4cc39 03a0d8cd0a8b461fa7a58bcc4d1925a6 f5bac3ed306e4341b104836a7ee932a4 - - default default] Successfully bumped revision number for resource ffc3c770-7116-4d8a-8614-8b81f8744fd7 (type: security_group_rules) to 0 [pid: 8|app: 0|req: 970/1761] 10.0.0.128 () {32 vars in 774 bytes} [Tue Aug 11 09:23:57 2026] GET /v2.0/security-groups?tenant_id=a8b0116e0d8847d8ac2934fd140ff30c&name=default => generated 2925 bytes in 327 msecs (HTTP/1.1 200) 4 headers in 158 bytes (1 switches on core 0)
2026-08-11 09:23:58.254 7 INFO neutron.services.segments.plugin [-] Segment 14d1afd3-15f0-422d-860a-c706bce48e7a resource provider aggregate not found
2026-08-11 09:23:58.257 7 INFO neutron.services.segments.plugin [-] Segment 14d1afd3-15f0-422d-860a-c706bce48e7a resource provider aggregate not found
2026-08-11 09:23:58.274 7 INFO neutron.services.segments.plugin [-] Segment 14d1afd3-15f0-422d-860a-c706bce48e7a resource provider not found; error: Placement Client Error (4xx): {"errors": [{"status": 404, "title": "Not Found", "detail": "The resource could not be found.\n\n No resource provider with uuid 14d1afd3-15f0-422d-860a-c706bce48e7a found for delete ", "request_id": "req-0db74b85-1633-47df-b665-86180e40d59b"}]}
