2026-08-05 08:25:02.190 10 INFO neutron.wsgi [None req-e7e1bcb4-4a98-470c-afa4-4fa22e79bcff 9a26d78f281b4a7d95aeafce01af4d4f aa7baf76e6f04907862c720d3e0f0f9d - - default default] 10.0.0.211 "POST /v2.0/security-group-rules HTTP/1.1" status: 201 len: 764 time: 1.0008841
2026-08-05 08:25:02.193 10 INFO neutron.wsgi [None req-547c294a-c4ca-4d57-9d86-2e25f1272ac0 bad9087eb07a46fcaa754ad35477751f f9a2e9ff2e834de9970cd1125ab30f77 - - default default] 10.0.0.211 "DELETE /v2.0/security-groups/917b3d8f-9d4a-4503-a1ce-17755e380cb0 HTTP/1.1" status: 204 len: 168 time: 1.0884993
2026-08-05 08:25:02.196 10 INFO neutron.wsgi [None req-ed36f2ea-bbea-45b9-8d6c-0d7405563a4a bad9087eb07a46fcaa754ad35477751f f9a2e9ff2e834de9970cd1125ab30f77 - - default default] 10.0.0.211 "DELETE /v2.0/security-groups/9edea36f-7267-4efc-9afe-e5ad57666af8 HTTP/1.1" status: 204 len: 168 time: 1.1872587
2026-08-05 08:25:02.673 9 INFO neutron.db.ovn_revision_numbers_db [None req-d3e945bb-264a-436e-836b-865937801f50 9a26d78f281b4a7d95aeafce01af4d4f aa7baf76e6f04907862c720d3e0f0f9d - - default default] Successfully bumped revision number for resource 9318baf6-09c1-4eb5-b9f8-826f52877975 (type: security_group_rules) to 0
2026-08-05 08:25:02.844 9 INFO neutron.wsgi [None req-d3e945bb-264a-436e-836b-865937801f50 9a26d78f281b4a7d95aeafce01af4d4f aa7baf76e6f04907862c720d3e0f0f9d - - default default] 10.0.0.211 "POST /v2.0/security-group-rules HTTP/1.1" status: 201 len: 763 time: 0.6494250
2026-08-05 08:25:03.115 9 INFO neutron.db.ovn_revision_numbers_db [None req-2db087f6-c029-48e5-b9ae-d7418da5ca1d 9a26d78f281b4a7d95aeafce01af4d4f aa7baf76e6f04907862c720d3e0f0f9d - - default default] Successfully bumped revision number for resource c2d9cd90-f51c-42c9-9d7a-3c8b37018195 (type: security_group_rules) to 0
2026-08-05 08:25:03.250 9 INFO neutron.wsgi [None req-2db087f6-c029-48e5-b9ae-d7418da5ca1d 9a26d78f281b4a7d95aeafce01af4d4f aa7baf76e6f04907862c720d3e0f0f9d - - default default] 10.0.0.211 "POST /v2.0/security-group-rules HTTP/1.1" status: 201 len: 769 time: 0.3996298
2026-08-05 08:25:03.609 9 INFO neutron.db.ovn_revision_numbers_db [None req-7c159c82-5121-4980-adb7-9bf5abcce05f 9a26d78f281b4a7d95aeafce01af4d4f aa7baf76e6f04907862c720d3e0f0f9d - - default default] Successfully bumped revision number for resource 462384f1-e3f2-4ef7-ba6d-43e331b9ca40 (type: security_group_rules) to 0
2026-08-05 08:25:03.675 9 INFO neutron.wsgi [None req-7c159c82-5121-4980-adb7-9bf5abcce05f 9a26d78f281b4a7d95aeafce01af4d4f aa7baf76e6f04907862c720d3e0f0f9d - - default default] 10.0.0.211 "POST /v2.0/security-group-rules HTTP/1.1" status: 201 len: 768 time: 0.4209814
2026-08-05 08:25:03.776 9 INFO neutron.db.securitygroups_db [None req-8ab6b75c-cbe7-4288-9dd9-46ab69072924 9a26d78f281b4a7d95aeafce01af4d4f aa7baf76e6f04907862c720d3e0f0f9d - - default default] Project aa7baf76e6f04907862c720d3e0f0f9d added a security group rule with legacy IPv6 ICMP protocol name icmp, ipv6-icmp should be used instead. It was automatically converted.
2026-08-05 08:25:03.904 9 INFO neutron.db.ovn_revision_numbers_db [None req-8ab6b75c-cbe7-4288-9dd9-46ab69072924 9a26d78f281b4a7d95aeafce01af4d4f aa7baf76e6f04907862c720d3e0f0f9d - - default default] Successfully bumped revision number for resource 04a2d611-dbb0-48bf-a9c5-b6a292b2d8e4 (type: security_group_rules) to 0
2026-08-05 08:25:04.115 9 INFO neutron.wsgi [None req-8ab6b75c-cbe7-4288-9dd9-46ab69072924 9a26d78f281b4a7d95aeafce01af4d4f aa7baf76e6f04907862c720d3e0f0f9d - - default default] 10.0.0.211 "POST /v2.0/security-group-rules HTTP/1.1" status: 201 len: 774 time: 0.4318089
2026-08-05 08:25:04.141 9 INFO neutron.wsgi [-] 10.0.0.69 "GET / HTTP/1.1" status: 200 len: 245 time: 0.0013006
2026-08-05 08:25:04.143 9 INFO neutron.wsgi [-] 10.0.0.69 "GET / HTTP/1.1" status: 200 len: 245 time: 0.0014286
2026-08-05 08:25:04.432 10 INFO neutron.db.securitygroups_db [None req-c47966ab-4a93-4397-974e-a1551d04106a 9a26d78f281b4a7d95aeafce01af4d4f aa7baf76e6f04907862c720d3e0f0f9d - - default default] Project aa7baf76e6f04907862c720d3e0f0f9d added a security group rule with legacy IPv6 ICMP protocol name icmp, ipv6-icmp should be used instead. It was automatically converted.
2026-08-05 08:25:04.619 10 INFO neutron.db.ovn_revision_numbers_db [None req-c47966ab-4a93-4397-974e-a1551d04106a 9a26d78f281b4a7d95aeafce01af4d4f aa7baf76e6f04907862c720d3e0f0f9d - - default default] Successfully bumped revision number for resource ec52861b-4fda-4a72-9810-36b110b003b3 (type: security_group_rules) to 0
2026-08-05 08:25:04.676 10 INFO neutron.wsgi [None req-c47966ab-4a93-4397-974e-a1551d04106a 9a26d78f281b4a7d95aeafce01af4d4f aa7baf76e6f04907862c720d3e0f0f9d - - default default] 10.0.0.211 "POST /v2.0/security-group-rules HTTP/1.1" status: 201 len: 773 time: 0.5537076
2026-08-05 08:25:05.022 9 INFO neutron.wsgi [req-dfcade07-2417-4fbe-87e6-b89770fb6468 req-4cc50df1-a022-4270-9554-48ef1f25b8d0 47e5dd3cffeb46ee85fb38407116c26c f17a963fe3d4436987fb9b60a90b29a9 - - default default] 10.0.0.230 "GET /v2.0/ports?device_id=9fe47321-dae3-4762-b4dd-014e02bd0ea5 HTTP/1.1" status: 200 len: 1210 time: 0.1008327
2026-08-05 08:25:05.090 9 INFO neutron.wsgi [req-dfcade07-2417-4fbe-87e6-b89770fb6468 req-80348f67-90b0-4fac-8cd4-a379a278c9ed 47e5dd3cffeb46ee85fb38407116c26c f17a963fe3d4436987fb9b60a90b29a9 - - default default] 10.0.0.230 "GET /v2.0/security-groups?id=499bb11b-0464-403b-808e-135f5138f695&id=db863e9f-5489-4738-afa9-6f542c45c55d&fields=id&fields=name HTTP/1.1" status: 200 len: 406 time: 0.0578222
2026-08-05 08:25:05.288 10 INFO neutron.wsgi [None req-8c3e9383-2860-42f6-a81b-e8a4eaf0fe3d 9a26d78f281b4a7d95aeafce01af4d4f aa7baf76e6f04907862c720d3e0f0f9d - - default default] 10.0.0.211 "GET /v2.0/networks HTTP/1.1" status: 200 len: 1493 time: 0.2264905
2026-08-05 08:25:05.351 10 INFO neutron.wsgi [None req-2268dd72-a320-4e94-acd0-76abdb314225 4cb0247de47d420f8ac710f9cc3d8e8c 7b2beaff7141442aad9d4a9529525e7f - - default default] 10.0.0.211 "GET /v2.0/ports?device_id=9fe47321-dae3-4762-b4dd-014e02bd0ea5 HTTP/1.1" status: 200 len: 1443 time: 0.2237055
2026-08-05 08:25:05.445 10 INFO neutron.wsgi [None req-0c44cf91-e8cb-47ff-85df-96120563c738 47e5dd3cffeb46ee85fb38407116c26c f17a963fe3d4436987fb9b60a90b29a9 - - default default] 10.0.0.211 "GET /v2.0/floatingips?floating_network_id=75671639-418b-4cd4-9307-cb01dcf271c9&port_id=d50f4ec0-370f-434c-a22d-28033e0050ad HTTP/1.1" status: 200 len: 1054 time: 0.0883369
2026-08-05 08:25:05.456 10 INFO neutron.wsgi [req-d1a13715-b213-48bd-a72c-e8aa911d1729 req-43174b71-62bf-4d9f-bd1b-b8039716834d 9a26d78f281b4a7d95aeafce01af4d4f aa7baf76e6f04907862c720d3e0f0f9d - - default default] 10.0.0.230 "GET /v2.0/security-groups?name=tempest-secgroup-smoke-1933539050&fields=id&tenant_id=aa7baf76e6f04907862c720d3e0f0f9d HTTP/1.1" status: 200 len: 267 time: 0.0710599
2026-08-05 08:25:05.547 10 INFO neutron.wsgi [req-d1a13715-b213-48bd-a72c-e8aa911d1729 req-6b7fa4c0-7fe2-48be-8999-e1cf1b6b4de9 9a26d78f281b4a7d95aeafce01af4d4f aa7baf76e6f04907862c720d3e0f0f9d - - default default] 10.0.0.230 "GET /v2.0/networks?id=288fd30f-0f5f-465d-b589-8cd750d9047b HTTP/1.1" status: 200 len: 860 time: 0.0827661
2026-08-05 08:25:05.569 10 INFO neutron.wsgi [req-d1a13715-b213-48bd-a72c-e8aa911d1729 req-75577023-9021-4f3d-b839-0c834dc8f8b7 9a26d78f281b4a7d95aeafce01af4d4f aa7baf76e6f04907862c720d3e0f0f9d - - default default] 10.0.0.230 "GET /v2.0/quotas/aa7baf76e6f04907862c720d3e0f0f9d HTTP/1.1" status: 200 len: 386 time: 0.0117476
2026-08-05 08:25:05.665 10 INFO neutron.wsgi [req-d1a13715-b213-48bd-a72c-e8aa911d1729 req-3ed3ea9f-84ed-40cb-ad56-9539955c8096 9a26d78f281b4a7d95aeafce01af4d4f aa7baf76e6f04907862c720d3e0f0f9d - - default default] 10.0.0.230 "GET /v2.0/ports?tenant_id=aa7baf76e6f04907862c720d3e0f0f9d&fields=id HTTP/1.1" status: 200 len: 348 time: 0.0881805
2026-08-05 08:25:05.704 9 INFO neutron.wsgi [req-8402cc2c-0612-4db3-821b-20feda0a96b2 req-073295c3-a774-441a-91eb-51f712164c30 e59f289152a74e91821ad11e46f41e18 e843fee6b96548a287d5e0b3e8691838 - - d532ca504b334c3eb24ac80fa6190aa3 d532ca504b334c3eb24ac80fa6190aa3] 10.0.0.203 "GET /v2.0/ports?device_id=9fe47321-dae3-4762-b4dd-014e02bd0ea5 HTTP/1.1" status: 200 len: 1448 time: 0.0463912
2026-08-05 08:25:05.734 10 INFO neutron.wsgi [req-d1a13715-b213-48bd-a72c-e8aa911d1729 req-718c1cb1-f51f-43c4-8cf1-d66a41284a3b e59f289152a74e91821ad11e46f41e18 e843fee6b96548a287d5e0b3e8691838 - - d532ca504b334c3eb24ac80fa6190aa3 d532ca504b334c3eb24ac80fa6190aa3] 10.0.0.230 "GET /v2.0/networks/288fd30f-0f5f-465d-b589-8cd750d9047b?fields=segments HTTP/1.1" status: 200 len: 212 time: 0.0582743
2026-08-05 08:25:05.751 9 INFO neutron.wsgi [req-8402cc2c-0612-4db3-821b-20feda0a96b2 req-8969fd78-7397-438e-b62d-47fbf99cfcde e59f289152a74e91821ad11e46f41e18 e843fee6b96548a287d5e0b3e8691838 - - d532ca504b334c3eb24ac80fa6190aa3 d532ca504b334c3eb24ac80fa6190aa3] 10.0.0.203 "GET /v2.0/security-groups?id=db863e9f-5489-4738-afa9-6f542c45c55d&id=499bb11b-0464-403b-808e-135f5138f695&fields=id&fields=name HTTP/1.1" status: 200 len: 406 time: 0.0414684
2026-08-05 08:25:05.798 10 INFO neutron.wsgi [req-d1a13715-b213-48bd-a72c-e8aa911d1729 req-daa12288-9f0d-46b5-8ccf-5b609a7208af e59f289152a74e91821ad11e46f41e18 e843fee6b96548a287d5e0b3e8691838 - - d532ca504b334c3eb24ac80fa6190aa3 d532ca504b334c3eb24ac80fa6190aa3] 10.0.0.230 "GET /v2.0/networks/288fd30f-0f5f-465d-b589-8cd750d9047b?fields=provider%3Aphysical_network&fields=provider%3Anetwork_type HTTP/1.1" status: 200 len: 277 time: 0.0550642
2026-08-05 08:25:05.994 9 INFO neutron.wsgi [req-3d43ff09-5a32-421e-9668-74850b743753 req-a264ee0d-57e3-454f-bc1f-61edbaa5b79a 9a26d78f281b4a7d95aeafce01af4d4f aa7baf76e6f04907862c720d3e0f0f9d - - default default] 10.0.0.230 "GET /v2.0/ports?device_id=7a17c694-a3f5-48fe-ab31-dda7c9c81fcd HTTP/1.1" status: 200 len: 210 time: 0.0215454
2026-08-05 08:25:07.117 9 INFO neutron.wsgi [req-58e7143c-acdb-4fd1-a779-90a502420792 req-b3da9d1d-b4da-4f1b-be87-00b8d33080e3 9a26d78f281b4a7d95aeafce01af4d4f aa7baf76e6f04907862c720d3e0f0f9d - - default default] 10.0.0.230 "GET /v2.0/ports?device_id=7a17c694-a3f5-48fe-ab31-dda7c9c81fcd HTTP/1.1" status: 200 len: 210 time: 0.0296290
2026-08-05 08:25:07.354 9 INFO neutron.wsgi [req-d1a13715-b213-48bd-a72c-e8aa911d1729 req-23a6b915-7db5-43e1-b854-0edcde3a9f16 9a26d78f281b4a7d95aeafce01af4d4f aa7baf76e6f04907862c720d3e0f0f9d - - default default] 199.204.45.35 "GET /v2.0/networks?id=288fd30f-0f5f-465d-b589-8cd750d9047b HTTP/1.1" status: 200 len: 860 time: 0.0674942
2026-08-05 08:25:07.414 9 INFO neutron.wsgi [req-d1a13715-b213-48bd-a72c-e8aa911d1729 req-5a9b661a-eaa9-410e-b7fe-e4c38ec8c934 9a26d78f281b4a7d95aeafce01af4d4f aa7baf76e6f04907862c720d3e0f0f9d - - default default] 199.204.45.35 "GET /v2.0/security-groups?fields=id&fields=name&tenant_id=aa7baf76e6f04907862c720d3e0f0f9d HTTP/1.1" status: 200 len: 473 time: 0.0565598
2026-08-05 08:25:08.146 9 WARNING neutron.scheduler.dhcp_agent_scheduler [req-d1a13715-b213-48bd-a72c-e8aa911d1729 req-feef5d17-0641-43a5-802a-78a71f2589fc 9a26d78f281b4a7d95aeafce01af4d4f aa7baf76e6f04907862c720d3e0f0f9d - - default default] No more DHCP agents
2026-08-05 08:25:08.149 9 WARNING neutron.api.rpc.agentnotifiers.dhcp_rpc_agent_api [req-d1a13715-b213-48bd-a72c-e8aa911d1729 req-feef5d17-0641-43a5-802a-78a71f2589fc 9a26d78f281b4a7d95aeafce01af4d4f aa7baf76e6f04907862c720d3e0f0f9d - - default default] Unable to schedule network 288fd30f-0f5f-465d-b589-8cd750d9047b: no agents available; will retry on subsequent port and subnet creation events. /var/lib/openstack/lib/python3.10/site-packages/pycadf/identifier.py:71: UserWarning: Invalid uuid: neutron. To ensure interoperability, identifiers should be a valid uuid. warnings.warn(('Invalid uuid: %s. To ensure interoperability, '
2026-08-05 08:25:08.333 10 INFO neutron.plugins.ml2.drivers.ovn.mech_driver.mech_driver [None req-dae38973-109e-4f5b-8203-0129e33c5fd5 - - - - - -] OVN reports status down for port: d50f4ec0-370f-434c-a22d-28033e0050ad
2026-08-05 08:25:08.376 9 INFO neutron.wsgi [req-775b7bcb-299c-409c-8d40-5d52da906bf0 req-c8a62e57-94b6-4893-9cd1-df55640e5c50 9a26d78f281b4a7d95aeafce01af4d4f aa7baf76e6f04907862c720d3e0f0f9d - - default default] 10.0.0.230 "GET /v2.0/ports?device_id=7a17c694-a3f5-48fe-ab31-dda7c9c81fcd HTTP/1.1" status: 200 len: 1160 time: 0.1841953
2026-08-05 08:25:08.421 9 INFO neutron.db.ovn_revision_numbers_db [req-d1a13715-b213-48bd-a72c-e8aa911d1729 req-feef5d17-0641-43a5-802a-78a71f2589fc 9a26d78f281b4a7d95aeafce01af4d4f aa7baf76e6f04907862c720d3e0f0f9d - - default default] Successfully bumped revision number for resource 64a6995a-0ea0-48a9-a606-13b794b26573 (type: ports) to 1
2026-08-05 08:25:08.447 9 INFO neutron.wsgi [req-775b7bcb-299c-409c-8d40-5d52da906bf0 req-cdc62fbe-64da-4843-8dc0-ff45746b878d 9a26d78f281b4a7d95aeafce01af4d4f aa7baf76e6f04907862c720d3e0f0f9d - - default default] 10.0.0.230 "GET /v2.0/security-groups?id=8dc7df96-d6e6-4fac-af30-9c3ad640fe0c&fields=id&fields=name HTTP/1.1" status: 200 len: 313 time: 0.0535226
2026-08-05 08:25:08.455 9 INFO neutron.wsgi [req-d1a13715-b213-48bd-a72c-e8aa911d1729 req-feef5d17-0641-43a5-802a-78a71f2589fc 9a26d78f281b4a7d95aeafce01af4d4f aa7baf76e6f04907862c720d3e0f0f9d - - default default] 199.204.45.35 "POST /v2.0/ports HTTP/1.1" status: 201 len: 1162 time: 1.0370264
2026-08-05 08:25:08.479 10 INFO neutron.wsgi [req-d31ac0ac-034b-42b0-9141-081554dd4f01 req-0f36c7ab-1e59-4f00-b26d-9c0cf10390a8 47e5dd3cffeb46ee85fb38407116c26c f17a963fe3d4436987fb9b60a90b29a9 - - default default] 10.0.0.230 "GET /v2.0/ports?device_id=9fe47321-dae3-4762-b4dd-014e02bd0ea5 HTTP/1.1" status: 200 len: 1210 time: 0.1672659
2026-08-05 08:25:08.558 10 INFO neutron.notifiers.nova [-] Nova event matching ['req-4387f36e-6e13-4287-9a4e-50464e53b09e'] response: {'server_uuid': '9fe47321-dae3-4762-b4dd-014e02bd0ea5', 'name': 'network-vif-unplugged', 'status': 'completed', 'tag': 'd50f4ec0-370f-434c-a22d-28033e0050ad', 'code': 200}
2026-08-05 08:25:08.572 10 INFO neutron.wsgi [req-d31ac0ac-034b-42b0-9141-081554dd4f01 req-d2be73c5-2f11-4c0b-ac45-42ecc1736ea8 47e5dd3cffeb46ee85fb38407116c26c f17a963fe3d4436987fb9b60a90b29a9 - - default default] 10.0.0.230 "GET /v2.0/security-groups?id=499bb11b-0464-403b-808e-135f5138f695&id=db863e9f-5489-4738-afa9-6f542c45c55d&fields=id&fields=name HTTP/1.1" status: 200 len: 406 time: 0.0872638
2026-08-05 08:25:08.717 10 INFO neutron.wsgi [req-a64de31b-ce19-4030-ae1a-145ab6692c9e req-1e1140fb-4d5b-4efb-90b7-7fd05be79248 47e5dd3cffeb46ee85fb38407116c26c f17a963fe3d4436987fb9b60a90b29a9 - - default default] 199.204.45.35 "GET /v2.0/ports?device_id=9fe47321-dae3-4762-b4dd-014e02bd0ea5 HTTP/1.1" status: 200 len: 1208 time: 0.0535967
2026-08-05 08:25:08.846 10 INFO neutron.db.ovn_revision_numbers_db [None req-dae38973-109e-4f5b-8203-0129e33c5fd5 - - - - - -] Successfully bumped revision number for resource d50f4ec0-370f-434c-a22d-28033e0050ad (type: ports) to 5
2026-08-05 08:25:09.036 9 INFO neutron.db.ovn_revision_numbers_db [req-d1a13715-b213-48bd-a72c-e8aa911d1729 req-a2d3bd92-9ccd-499f-b4e9-a8e0ce1a5b4d e59f289152a74e91821ad11e46f41e18 e843fee6b96548a287d5e0b3e8691838 - - d532ca504b334c3eb24ac80fa6190aa3 d532ca504b334c3eb24ac80fa6190aa3] Successfully bumped revision number for resource 64a6995a-0ea0-48a9-a606-13b794b26573 (type: ports) to 2 /var/lib/openstack/lib/python3.10/site-packages/pycadf/identifier.py:71: UserWarning: Invalid uuid: neutron. To ensure interoperability, identifiers should be a valid uuid. warnings.warn(('Invalid uuid: %s. To ensure interoperability, '
2026-08-05 08:25:09.148 10 INFO neutron.db.l3_db [req-a64de31b-ce19-4030-ae1a-145ab6692c9e req-7b4937de-fade-4da6-bb78-99fb2f566c24 47e5dd3cffeb46ee85fb38407116c26c f17a963fe3d4436987fb9b60a90b29a9 - - default default] Floating IP ed209219-9b80-4acc-94a4-1ad8389c03af disassociated. External IP: 10.96.250.204, port: d50f4ec0-370f-434c-a22d-28033e0050ad.
2026-08-05 08:25:09.271 9 INFO neutron.db.ovn_revision_numbers_db [None req-a4359b0f-361f-4caa-8aa5-c831ea4b0282 bad9087eb07a46fcaa754ad35477751f f9a2e9ff2e834de9970cd1125ab30f77 - - default default] Successfully bumped revision number for resource 64ce65f0-1380-4e65-9cdb-05496f4c945d (type: security_groups) to 1
2026-08-05 08:25:09.321 9 INFO neutron.db.ovn_revision_numbers_db [req-d1a13715-b213-48bd-a72c-e8aa911d1729 req-a2d3bd92-9ccd-499f-b4e9-a8e0ce1a5b4d e59f289152a74e91821ad11e46f41e18 e843fee6b96548a287d5e0b3e8691838 - - d532ca504b334c3eb24ac80fa6190aa3 d532ca504b334c3eb24ac80fa6190aa3] Successfully bumped revision number for resource 64a6995a-0ea0-48a9-a606-13b794b26573 (type: ports) to 2
2026-08-05 08:25:09.337 9 INFO neutron.wsgi [req-d1a13715-b213-48bd-a72c-e8aa911d1729 req-a2d3bd92-9ccd-499f-b4e9-a8e0ce1a5b4d e59f289152a74e91821ad11e46f41e18 e843fee6b96548a287d5e0b3e8691838 - - d532ca504b334c3eb24ac80fa6190aa3 d532ca504b334c3eb24ac80fa6190aa3] 199.204.45.35 "PUT /v2.0/ports/64a6995a-0ea0-48a9-a606-13b794b26573 HTTP/1.1" status: 200 len: 1380 time: 0.8485394
2026-08-05 08:25:09.346 9 INFO neutron.db.ovn_revision_numbers_db [None req-a4359b0f-361f-4caa-8aa5-c831ea4b0282 bad9087eb07a46fcaa754ad35477751f f9a2e9ff2e834de9970cd1125ab30f77 - - default default] Successfully bumped revision number for resource 8a4ec760-e241-4dec-bb2d-5378285b831b (type: security_group_rules) to 0
2026-08-05 08:25:09.360 10 INFO neutron.db.ovn_revision_numbers_db [None req-f8d5aff3-8a2c-41d4-8f04-c97f6e6352be f4b9ad4748254b24b70ed73d5133d414 c6f917516d6e4a1eb8d61c2232291b09 - - default default] Successfully bumped revision number for resource 64a21ae6-4a8a-43c6-b267-dc030baf04bf (type: security_groups) to 1
2026-08-05 08:25:09.376 9 INFO neutron.notifiers.nova [-] Nova event matching ['req-3b75c53f-dadc-4c97-bbad-657e90555d82'] response: {'name': 'network-changed', 'server_uuid': '7a17c694-a3f5-48fe-ab31-dda7c9c81fcd', 'tag': '64a6995a-0ea0-48a9-a606-13b794b26573', 'status': 'completed', 'code': 200}
2026-08-05 08:25:09.380 9 INFO neutron.db.ovn_revision_numbers_db [None req-a4359b0f-361f-4caa-8aa5-c831ea4b0282 bad9087eb07a46fcaa754ad35477751f f9a2e9ff2e834de9970cd1125ab30f77 - - default default] Successfully bumped revision number for resource b763f432-8546-44e1-b13f-d1675cd0c690 (type: security_group_rules) to 0 /var/lib/openstack/lib/python3.10/site-packages/pycadf/identifier.py:71: UserWarning: Invalid uuid: neutron. To ensure interoperability, identifiers should be a valid uuid. warnings.warn(('Invalid uuid: %s. To ensure interoperability, '
2026-08-05 08:25:09.414 10 INFO neutron.db.ovn_revision_numbers_db [None req-f8d5aff3-8a2c-41d4-8f04-c97f6e6352be f4b9ad4748254b24b70ed73d5133d414 c6f917516d6e4a1eb8d61c2232291b09 - - default default] Successfully bumped revision number for resource 5bdabda9-3663-4c30-84b0-6f4c22182c72 (type: security_group_rules) to 0
2026-08-05 08:25:09.415 9 INFO neutron.db.ovn_revision_numbers_db [None req-a4359b0f-361f-4caa-8aa5-c831ea4b0282 bad9087eb07a46fcaa754ad35477751f f9a2e9ff2e834de9970cd1125ab30f77 - - default default] Successfully bumped revision number for resource c059d70c-f3fd-4e22-b782-cc8750d65c77 (type: security_group_rules) to 0
2026-08-05 08:25:09.429 10 INFO neutron.wsgi [req-a64de31b-ce19-4030-ae1a-145ab6692c9e req-7b4937de-fade-4da6-bb78-99fb2f566c24 47e5dd3cffeb46ee85fb38407116c26c f17a963fe3d4436987fb9b60a90b29a9 - - default default] 199.204.45.35 "DELETE /v2.0/ports/d50f4ec0-370f-434c-a22d-28033e0050ad HTTP/1.1" status: 204 len: 173 time: 0.7064300
2026-08-05 08:25:09.442 9 INFO neutron.wsgi [req-c01a9091-2d4b-443b-9a5f-3251d8cf55e6 req-d9d20d42-9826-4ad1-8c4e-65bb62f7d17b e59f289152a74e91821ad11e46f41e18 e843fee6b96548a287d5e0b3e8691838 - - d532ca504b334c3eb24ac80fa6190aa3 d532ca504b334c3eb24ac80fa6190aa3] 199.204.45.35 "GET /v2.0/ports?tenant_id=aa7baf76e6f04907862c720d3e0f0f9d&device_id=7a17c694-a3f5-48fe-ab31-dda7c9c81fcd HTTP/1.1" status: 200 len: 1411 time: 0.0458839
2026-08-05 08:25:09.445 10 INFO neutron.db.ovn_revision_numbers_db [None req-f8d5aff3-8a2c-41d4-8f04-c97f6e6352be f4b9ad4748254b24b70ed73d5133d414 c6f917516d6e4a1eb8d61c2232291b09 - - default default] Successfully bumped revision number for resource 5c2192d2-d667-450f-af33-81fb022beb1b (type: security_group_rules) to 0
2026-08-05 08:25:09.462 9 INFO neutron.db.ovn_revision_numbers_db [None req-a4359b0f-361f-4caa-8aa5-c831ea4b0282 bad9087eb07a46fcaa754ad35477751f f9a2e9ff2e834de9970cd1125ab30f77 - - default default] Successfully bumped revision number for resource d8e813ef-bad4-4fcc-b9ff-69c01915bc7e (type: security_group_rules) to 0
2026-08-05 08:25:09.477 10 INFO neutron.db.ovn_revision_numbers_db [None req-f8d5aff3-8a2c-41d4-8f04-c97f6e6352be f4b9ad4748254b24b70ed73d5133d414 c6f917516d6e4a1eb8d61c2232291b09 - - default default] Successfully bumped revision number for resource 847cf986-e030-4f8c-a1f7-dcc321a9588e (type: security_group_rules) to 0
2026-08-05 08:25:09.501 9 INFO neutron.wsgi [None req-a4359b0f-361f-4caa-8aa5-c831ea4b0282 bad9087eb07a46fcaa754ad35477751f f9a2e9ff2e834de9970cd1125ab30f77 - - default default] 10.0.0.211 "GET /v2.0/security-groups?tenant_id=f4e2f5a232d8410d96585554059aaec3&name=default HTTP/1.1" status: 200 len: 2996 time: 0.4617779 /var/lib/openstack/lib/python3.10/site-packages/pycadf/identifier.py:71: UserWarning: Invalid uuid: neutron. To ensure interoperability, identifiers should be a valid uuid. warnings.warn(('Invalid uuid: %s. To ensure interoperability, '
2026-08-05 08:25:09.525 9 INFO neutron.wsgi [req-c01a9091-2d4b-443b-9a5f-3251d8cf55e6 req-d473ea9e-9136-4e39-9306-612e410873a8 e59f289152a74e91821ad11e46f41e18 e843fee6b96548a287d5e0b3e8691838 - - d532ca504b334c3eb24ac80fa6190aa3 d532ca504b334c3eb24ac80fa6190aa3] 199.204.45.35 "GET /v2.0/networks?tenant_id=aa7baf76e6f04907862c720d3e0f0f9d&shared=False HTTP/1.1" status: 200 len: 959 time: 0.0755105
2026-08-05 08:25:09.557 10 INFO neutron.wsgi [req-225bfa5b-b77b-4c52-96e1-9970d8104dc4 req-0227787b-b0d5-4337-ab44-0b8c8c6156d0 9a26d78f281b4a7d95aeafce01af4d4f aa7baf76e6f04907862c720d3e0f0f9d - - default default] 10.0.0.230 "GET /v2.0/ports?device_id=7a17c694-a3f5-48fe-ab31-dda7c9c81fcd HTTP/1.1" status: 200 len: 1172 time: 0.0512621
2026-08-05 08:25:09.562 10 INFO neutron.db.ovn_revision_numbers_db [None req-f8d5aff3-8a2c-41d4-8f04-c97f6e6352be f4b9ad4748254b24b70ed73d5133d414 c6f917516d6e4a1eb8d61c2232291b09 - - default default] Successfully bumped revision number for resource 97473f20-4659-4c94-848f-57c8ea8c3e82 (type: security_group_rules) to 0
2026-08-05 08:25:09.611 9 INFO neutron.wsgi [req-c01a9091-2d4b-443b-9a5f-3251d8cf55e6 req-8dbaf729-63d0-4fad-8693-01def92b7499 e59f289152a74e91821ad11e46f41e18 e843fee6b96548a287d5e0b3e8691838 - - d532ca504b334c3eb24ac80fa6190aa3 d532ca504b334c3eb24ac80fa6190aa3] 199.204.45.35 "GET /v2.0/networks?shared=True HTTP/1.1" status: 200 len: 952 time: 0.0764380
2026-08-05 08:25:09.634 10 INFO neutron.wsgi [req-225bfa5b-b77b-4c52-96e1-9970d8104dc4 req-67443132-65cf-4d61-829b-ebd237f8b3d1 9a26d78f281b4a7d95aeafce01af4d4f aa7baf76e6f04907862c720d3e0f0f9d - - default default] 10.0.0.230 "GET /v2.0/security-groups?id=8dc7df96-d6e6-4fac-af30-9c3ad640fe0c&fields=id&fields=name HTTP/1.1" status: 200 len: 313 time: 0.0701237
2026-08-05 08:25:09.641 10 INFO neutron.db.segments_db [None req-f8d5aff3-8a2c-41d4-8f04-c97f6e6352be f4b9ad4748254b24b70ed73d5133d414 c6f917516d6e4a1eb8d61c2232291b09 - - default default] Added segment a53a1a48-f8de-4122-ba90-896f2abd54c3 of type geneve for network d3f20f31-1520-4c72-920c-8fcc976e0670
2026-08-05 08:25:09.675 9 INFO neutron.wsgi [req-56120420-ea69-4ee4-b0a6-9df4713c1285 req-77e5d37f-1900-4014-848b-16c62021efa4 47e5dd3cffeb46ee85fb38407116c26c f17a963fe3d4436987fb9b60a90b29a9 - - default default] 10.0.0.230 "GET /v2.0/ports?device_id=9fe47321-dae3-4762-b4dd-014e02bd0ea5 HTTP/1.1" status: 200 len: 210 time: 0.0235810
2026-08-05 08:25:09.696 9 INFO neutron.wsgi [req-d1a13715-b213-48bd-a72c-e8aa911d1729 req-b95ad018-2299-4d98-8699-30abead99ec4 e59f289152a74e91821ad11e46f41e18 e843fee6b96548a287d5e0b3e8691838 - - d532ca504b334c3eb24ac80fa6190aa3 d532ca504b334c3eb24ac80fa6190aa3] 199.204.45.35 "GET /v2.0/ports?tenant_id=aa7baf76e6f04907862c720d3e0f0f9d&device_id=7a17c694-a3f5-48fe-ab31-dda7c9c81fcd HTTP/1.1" status: 200 len: 1411 time: 0.0421488
2026-08-05 08:25:09.730 9 INFO neutron.wsgi [req-d1a13715-b213-48bd-a72c-e8aa911d1729 req-9993c1d8-8f2c-4c79-b135-a39d3c97d1cf e59f289152a74e91821ad11e46f41e18 e843fee6b96548a287d5e0b3e8691838 - - d532ca504b334c3eb24ac80fa6190aa3 d532ca504b334c3eb24ac80fa6190aa3] 199.204.45.35 "GET /v2.0/floatingips?fixed_ip_address=10.100.0.14&port_id=64a6995a-0ea0-48a9-a606-13b794b26573 HTTP/1.1" status: 200 len: 217 time: 0.0202944
2026-08-05 08:25:09.772 9 INFO neutron.wsgi [req-d1a13715-b213-48bd-a72c-e8aa911d1729 req-1db1834e-d8a6-485c-9350-d911820b7504 e59f289152a74e91821ad11e46f41e18 e843fee6b96548a287d5e0b3e8691838 - - d532ca504b334c3eb24ac80fa6190aa3 d532ca504b334c3eb24ac80fa6190aa3] 199.204.45.35 "GET /v2.0/subnets?id=cf0c4100-bc79-40a6-9391-57d9a0bdcd2b HTTP/1.1" status: 200 len: 853 time: 0.0377069
2026-08-05 08:25:09.793 9 INFO neutron.wsgi [req-d1a13715-b213-48bd-a72c-e8aa911d1729 req-80044359-a8db-4367-ba69-e3b691c7b019 e59f289152a74e91821ad11e46f41e18 e843fee6b96548a287d5e0b3e8691838 - - d532ca504b334c3eb24ac80fa6190aa3 d532ca504b334c3eb24ac80fa6190aa3] 199.204.45.35 "GET /v2.0/ports?network_id=288fd30f-0f5f-465d-b589-8cd750d9047b&device_owner=network%3Adhcp HTTP/1.1" status: 200 len: 210 time: 0.0168266
2026-08-05 08:25:09.856 9 INFO neutron.wsgi [req-d1a13715-b213-48bd-a72c-e8aa911d1729 req-ff7a9f4c-4ffe-4546-8ef0-f064f8c81d33 e59f289152a74e91821ad11e46f41e18 e843fee6b96548a287d5e0b3e8691838 - - d532ca504b334c3eb24ac80fa6190aa3 d532ca504b334c3eb24ac80fa6190aa3] 199.204.45.35 "GET /v2.0/networks/288fd30f-0f5f-465d-b589-8cd750d9047b?fields=segments HTTP/1.1" status: 200 len: 212 time: 0.0564632
2026-08-05 08:25:09.915 9 INFO neutron.wsgi [req-d1a13715-b213-48bd-a72c-e8aa911d1729 req-8b24ce6a-0827-461d-ad31-f6c82b0480c1 e59f289152a74e91821ad11e46f41e18 e843fee6b96548a287d5e0b3e8691838 - - d532ca504b334c3eb24ac80fa6190aa3 d532ca504b334c3eb24ac80fa6190aa3] 199.204.45.35 "GET /v2.0/networks/288fd30f-0f5f-465d-b589-8cd750d9047b?fields=provider%3Aphysical_network&fields=provider%3Anetwork_type HTTP/1.1" status: 200 len: 277 time: 0.0510440
2026-08-05 08:25:10.597 10 INFO neutron.notifiers.nova [-] Nova event matching ['req-0c0c2396-a51f-4037-bec5-b9e5012a85bf'] response: {'server_uuid': '9fe47321-dae3-4762-b4dd-014e02bd0ea5', 'name': 'network-vif-plugged', 'status': 'completed', 'tag': 'd50f4ec0-370f-434c-a22d-28033e0050ad', 'code': 200}
2026-08-05 08:25:10.598 10 INFO neutron.notifiers.nova [-] Nova event matching ['req-0c0c2396-a51f-4037-bec5-b9e5012a85bf'] response: {'server_uuid': '9fe47321-dae3-4762-b4dd-014e02bd0ea5', 'name': 'network-vif-deleted', 'tag': 'd50f4ec0-370f-434c-a22d-28033e0050ad', 'status': 'completed', 'code': 200}
2026-08-05 08:25:10.730 9 INFO neutron.wsgi [req-d28db92b-d63b-4753-9e62-e9f3fced35de req-c3543a58-148b-449d-80b4-d401e36afc33 9a26d78f281b4a7d95aeafce01af4d4f aa7baf76e6f04907862c720d3e0f0f9d - - default default] 10.0.0.230 "GET /v2.0/ports?device_id=7a17c694-a3f5-48fe-ab31-dda7c9c81fcd HTTP/1.1" status: 200 len: 1172 time: 0.0394688
2026-08-05 08:25:10.776 10 INFO neutron.wsgi [req-b1993712-1a80-4cb0-a541-7726e805b908 req-2ae25998-9b15-45ed-b1be-a30ea7576705 47e5dd3cffeb46ee85fb38407116c26c f17a963fe3d4436987fb9b60a90b29a9 - - default default] 10.0.0.230 "GET /v2.0/ports?device_id=9fe47321-dae3-4762-b4dd-014e02bd0ea5 HTTP/1.1" status: 200 len: 210 time: 0.0273912
2026-08-05 08:25:10.780 9 INFO neutron.wsgi [req-d28db92b-d63b-4753-9e62-e9f3fced35de req-62905279-855f-4d57-b730-42d17c2f9afa 9a26d78f281b4a7d95aeafce01af4d4f aa7baf76e6f04907862c720d3e0f0f9d - - default default] 10.0.0.230 "GET /v2.0/security-groups?id=8dc7df96-d6e6-4fac-af30-9c3ad640fe0c&fields=id&fields=name HTTP/1.1" status: 200 len: 313 time: 0.0430462
2026-08-05 08:25:11.652 9 INFO neutron.plugins.ml2.drivers.ovn.mech_driver.mech_driver [None req-6eeebc64-6083-4af1-b313-107984a94cb5 - - - - - -] OVN reports status up for port: 64a6995a-0ea0-48a9-a606-13b794b26573
2026-08-05 08:25:11.731 10 INFO neutron.db.ovn_revision_numbers_db [None req-f8d5aff3-8a2c-41d4-8f04-c97f6e6352be f4b9ad4748254b24b70ed73d5133d414 c6f917516d6e4a1eb8d61c2232291b09 - - default default] Successfully bumped revision number for resource d3f20f31-1520-4c72-920c-8fcc976e0670 (type: networks) to 1
2026-08-05 08:25:11.852 9 INFO neutron.plugins.ml2.plugin [None req-6eeebc64-6083-4af1-b313-107984a94cb5 - - - - - -] Attempt 1 to provision port 64a6995a-0ea0-48a9-a606-13b794b26573
2026-08-05 08:25:11.888 9 INFO neutron.wsgi [req-36172122-297f-4fbc-9be9-e70098db4cd2 req-f70afb92-7924-47cf-a9fe-b211c1f05c54 47e5dd3cffeb46ee85fb38407116c26c f17a963fe3d4436987fb9b60a90b29a9 - - default default] 10.0.0.230 "GET /v2.0/ports?device_id=9fe47321-dae3-4762-b4dd-014e02bd0ea5 HTTP/1.1" status: 200 len: 210 time: 0.0325615
2026-08-05 08:25:11.963 10 INFO neutron.wsgi [req-d2daadcb-9ded-49af-a5ea-bada70d34e76 req-d48c3e6e-798e-45a6-8701-b2debdff9eeb 9a26d78f281b4a7d95aeafce01af4d4f aa7baf76e6f04907862c720d3e0f0f9d - - default default] 10.0.0.230 "GET /v2.0/ports?device_id=7a17c694-a3f5-48fe-ab31-dda7c9c81fcd HTTP/1.1" status: 200 len: 1172 time: 0.1212702
2026-08-05 08:25:11.998 9 INFO neutron.notifiers.nova [-] Nova event matching ['req-5d7cd019-13fb-43db-a3be-37f170a3bbe8'] response: {'server_uuid': '7a17c694-a3f5-48fe-ab31-dda7c9c81fcd', 'name': 'network-vif-plugged', 'status': 'completed', 'tag': '64a6995a-0ea0-48a9-a606-13b794b26573', 'code': 200}
2026-08-05 08:25:12.016 10 INFO neutron.wsgi [req-d2daadcb-9ded-49af-a5ea-bada70d34e76 req-5b56e1d4-2b31-48f0-bb53-5a60a32cf758 9a26d78f281b4a7d95aeafce01af4d4f aa7baf76e6f04907862c720d3e0f0f9d - - default default] 10.0.0.230 "GET /v2.0/security-groups?id=8dc7df96-d6e6-4fac-af30-9c3ad640fe0c&fields=id&fields=name HTTP/1.1" status: 200 len: 313 time: 0.0448847
2026-08-05 08:25:12.205 10 INFO neutron.wsgi [None req-38a66c2f-764d-4252-a363-b74f499a978c bad9087eb07a46fcaa754ad35477751f f9a2e9ff2e834de9970cd1125ab30f77 - - default default] 10.0.0.211 "DELETE /v2.0/security-groups/64ce65f0-1380-4e65-9cdb-05496f4c945d HTTP/1.1" status: 204 len: 168 time: 2.6971834
2026-08-05 08:25:12.238 10 WARNING neutron.scheduler.dhcp_agent_scheduler [None req-f8d5aff3-8a2c-41d4-8f04-c97f6e6352be f4b9ad4748254b24b70ed73d5133d414 c6f917516d6e4a1eb8d61c2232291b09 - - default default] No more DHCP agents
2026-08-05 08:25:12.241 10 WARNING neutron.api.rpc.agentnotifiers.dhcp_rpc_agent_api [None req-f8d5aff3-8a2c-41d4-8f04-c97f6e6352be f4b9ad4748254b24b70ed73d5133d414 c6f917516d6e4a1eb8d61c2232291b09 - - default default] Unable to schedule network d3f20f31-1520-4c72-920c-8fcc976e0670: no agents available; will retry on subsequent port and subnet creation events.
2026-08-05 08:25:12.352 10 INFO neutron.db.ovn_revision_numbers_db [None req-f8d5aff3-8a2c-41d4-8f04-c97f6e6352be f4b9ad4748254b24b70ed73d5133d414 c6f917516d6e4a1eb8d61c2232291b09 - - default default] Successfully bumped revision number for resource 740dff67-84be-4b3e-b02b-ebf33ff42149 (type: ports) to 1
2026-08-05 08:25:12.605 10 INFO neutron.wsgi [None req-f8d5aff3-8a2c-41d4-8f04-c97f6e6352be f4b9ad4748254b24b70ed73d5133d414 c6f917516d6e4a1eb8d61c2232291b09 - - default default] 10.0.0.211 "POST /v2.0/networks HTTP/1.1" status: 201 len: 831 time: 3.9800959
2026-08-05 08:25:12.605 9 INFO neutron.db.ovn_revision_numbers_db [None req-6eeebc64-6083-4af1-b313-107984a94cb5 - - - - - -] Successfully bumped revision number for resource 64a6995a-0ea0-48a9-a606-13b794b26573 (type: ports) to 4 /var/lib/openstack/lib/python3.10/site-packages/pycadf/identifier.py:71: UserWarning: Invalid uuid: neutron. To ensure interoperability, identifiers should be a valid uuid. warnings.warn(('Invalid uuid: %s. To ensure interoperability, '
2026-08-05 08:25:12.824 9 INFO neutron.wsgi [None req-83a99025-d071-47fb-ba0b-af28ad258603 bad9087eb07a46fcaa754ad35477751f f9a2e9ff2e834de9970cd1125ab30f77 - - default default] 10.0.0.163 "GET /v2.0/floatingips HTTP/1.1" status: 200 len: 1269 time: 0.2708547 /var/lib/openstack/lib/python3.10/site-packages/pycadf/identifier.py:71: UserWarning: Invalid uuid: neutron. To ensure interoperability, identifiers should be a valid uuid. warnings.warn(('Invalid uuid: %s. To ensure interoperability, '
2026-08-05 08:25:13.137 10 INFO neutron.wsgi [req-584690d5-dae3-4e26-b957-dc4644dad1b3 req-f48434ac-3672-411c-ab2e-ebdc2a1ad2d9 9a26d78f281b4a7d95aeafce01af4d4f aa7baf76e6f04907862c720d3e0f0f9d - - default default] 10.0.0.230 "GET /v2.0/ports?device_id=7a17c694-a3f5-48fe-ab31-dda7c9c81fcd HTTP/1.1" status: 200 len: 1174 time: 0.0376804
2026-08-05 08:25:13.175 10 WARNING neutron.scheduler.dhcp_agent_scheduler [None req-474ae02d-35bc-4407-8a11-3b00a09776fe f4b9ad4748254b24b70ed73d5133d414 c6f917516d6e4a1eb8d61c2232291b09 - - default default] No more DHCP agents
2026-08-05 08:25:13.182 10 WARNING neutron.api.rpc.agentnotifiers.dhcp_rpc_agent_api [None req-474ae02d-35bc-4407-8a11-3b00a09776fe f4b9ad4748254b24b70ed73d5133d414 c6f917516d6e4a1eb8d61c2232291b09 - - default default] Unable to schedule network d3f20f31-1520-4c72-920c-8fcc976e0670: no agents available; will retry on subsequent port and subnet creation events.
2026-08-05 08:25:13.185 9 INFO neutron.wsgi [None req-16e70a20-9298-4086-b664-9dde6ac698a5 bad9087eb07a46fcaa754ad35477751f f9a2e9ff2e834de9970cd1125ab30f77 - - default default] 10.0.0.163 "GET /v2.0/networks HTTP/1.1" status: 200 len: 5317 time: 0.3587770
2026-08-05 08:25:13.216 10 INFO neutron.wsgi [req-584690d5-dae3-4e26-b957-dc4644dad1b3 req-ea4ddb47-e927-404a-b7d5-83a4d6c77e2f 9a26d78f281b4a7d95aeafce01af4d4f aa7baf76e6f04907862c720d3e0f0f9d - - default default] 10.0.0.230 "GET /v2.0/security-groups?id=8dc7df96-d6e6-4fac-af30-9c3ad640fe0c&fields=id&fields=name HTTP/1.1" status: 200 len: 313 time: 0.0723183
2026-08-05 08:25:13.237 9 INFO neutron.wsgi [None req-f487919c-629b-46b5-9f4f-b1542de32176 bad9087eb07a46fcaa754ad35477751f f9a2e9ff2e834de9970cd1125ab30f77 - - default default] 10.0.0.163 "GET /v2.0/ports HTTP/1.1" status: 200 len: 21148 time: 0.0454595
2026-08-05 08:25:13.275 9 INFO neutron.wsgi [None req-bb9ab30a-cfbf-435b-b8cd-26cf8d4e187d bad9087eb07a46fcaa754ad35477751f f9a2e9ff2e834de9970cd1125ab30f77 - - default default] 10.0.0.163 "GET /v2.0/agents HTTP/1.1" status: 200 len: 997 time: 0.0243690
2026-08-05 08:25:13.302 9 INFO neutron.wsgi [None req-ddaeaf04-92b4-433d-87ec-8151ecde20bd bad9087eb07a46fcaa754ad35477751f f9a2e9ff2e834de9970cd1125ab30f77 - - default default] 10.0.0.163 "GET /v2.0/network-ip-availabilities HTTP/1.1" status: 200 len: 2935 time: 0.0220878
2026-08-05 08:25:13.347 9 INFO neutron.wsgi [req-bc50843d-eefa-4d3c-9d90-c4e2b9a51a13 req-f185a4bc-87ea-453c-ba6d-ee4b8ee8204a 9a26d78f281b4a7d95aeafce01af4d4f aa7baf76e6f04907862c720d3e0f0f9d - - default default] 10.0.0.230 "GET /v2.0/ports?device_id=7a17c694-a3f5-48fe-ab31-dda7c9c81fcd HTTP/1.1" status: 200 len: 1174 time: 0.0561278
2026-08-05 08:25:13.354 10 INFO neutron.db.ovn_revision_numbers_db [None req-474ae02d-35bc-4407-8a11-3b00a09776fe f4b9ad4748254b24b70ed73d5133d414 c6f917516d6e4a1eb8d61c2232291b09 - - default default] Successfully bumped revision number for resource f674e27c-3a4a-4b98-b57b-bfcf1cbe5040 (type: ports) to 1
2026-08-05 08:25:13.400 9 INFO neutron.wsgi [req-bc50843d-eefa-4d3c-9d90-c4e2b9a51a13 req-7e3c238d-b59f-4c6e-aef6-d1378cf68043 9a26d78f281b4a7d95aeafce01af4d4f aa7baf76e6f04907862c720d3e0f0f9d - - default default] 10.0.0.230 "GET /v2.0/security-groups?id=8dc7df96-d6e6-4fac-af30-9c3ad640fe0c&fields=id&fields=name HTTP/1.1" status: 200 len: 313 time: 0.0406091
2026-08-05 08:25:13.401 9 INFO neutron.wsgi [None req-c570b4f0-e644-48eb-b5dd-33be39fe3327 bad9087eb07a46fcaa754ad35477751f f9a2e9ff2e834de9970cd1125ab30f77 - - default default] 10.0.0.163 "GET /v2.0/routers HTTP/1.1" status: 200 len: 2200 time: 0.0975349
2026-08-05 08:25:13.411 9 INFO neutron.wsgi [None req-6d4a3c01-5b29-4ad9-b3e6-1d97319434cf bad9087eb07a46fcaa754ad35477751f f9a2e9ff2e834de9970cd1125ab30f77 - - default default] 10.0.0.163 "GET /v2.0/agents?binary=ovn-controller HTTP/1.1" status: 200 len: 591 time: 0.0087900
2026-08-05 08:25:13.423 10 INFO neutron.wsgi [None req-474ae02d-35bc-4407-8a11-3b00a09776fe f4b9ad4748254b24b70ed73d5133d414 c6f917516d6e4a1eb8d61c2232291b09 - - default default] 10.0.0.211 "POST /v2.0/ports HTTP/1.1" status: 201 len: 942 time: 0.8129153 /var/lib/openstack/lib/python3.10/site-packages/pycadf/identifier.py:71: UserWarning: Invalid uuid: neutron. To ensure interoperability, identifiers should be a valid uuid. warnings.warn(('Invalid uuid: %s. To ensure interoperability, '
2026-08-05 08:25:13.454 9 INFO neutron.wsgi [None req-56b8eefc-6f9b-4404-b4d1-b61e9777e083 bad9087eb07a46fcaa754ad35477751f f9a2e9ff2e834de9970cd1125ab30f77 - - default default] 10.0.0.163 "GET /v2.0/subnets HTTP/1.1" status: 200 len: 3384 time: 0.0394056
2026-08-05 08:25:13.468 9 INFO neutron.wsgi [None req-58a7634a-1667-47f9-b52f-94f69b607d56 bad9087eb07a46fcaa754ad35477751f f9a2e9ff2e834de9970cd1125ab30f77 - - default default] 10.0.0.163 "GET /v2.0/subnetpools HTTP/1.1" status: 200 len: 193 time: 0.0118866
2026-08-05 08:25:13.475 10 INFO neutron.wsgi [None req-accb8628-ff98-4531-8db2-08bba13d1c42 df291761bde44417873a70eb926d9ff4 df7d57f887834d4995ec2e08e5f1e7d8 - - default default] 10.0.0.211 "GET /v2.0/ports?device_id=7a17c694-a3f5-48fe-ab31-dda7c9c81fcd HTTP/1.1" status: 200 len: 1408 time: 0.0439956
2026-08-05 08:25:13.551 9 INFO neutron.wsgi [None req-466d8a6e-d9cb-4a64-9b49-dca3ab6ec78a bad9087eb07a46fcaa754ad35477751f f9a2e9ff2e834de9970cd1125ab30f77 - - default default] 10.0.0.163 "GET /v2.0/security-groups HTTP/1.1" status: 200 len: 45947 time: 0.0809572
2026-08-05 08:25:13.566 9 INFO neutron.wsgi [None req-baf0d134-2a29-4ce6-83ef-1c7dc17a6230 47e5dd3cffeb46ee85fb38407116c26c f17a963fe3d4436987fb9b60a90b29a9 - - default default] 10.0.0.211 "DELETE /v2.0/security-groups/499bb11b-0464-403b-808e-135f5138f695 HTTP/1.1" status: 204 len: 168 time: 0.3852203
2026-08-05 08:25:13.599 9 INFO neutron.api.v2.resource [None req-615e6e6f-ffcb-4451-af1d-384298484f8a 47e5dd3cffeb46ee85fb38407116c26c f17a963fe3d4436987fb9b60a90b29a9 - - default default] show failed (client error): The resource could not be found.
2026-08-05 08:25:13.601 9 INFO neutron.wsgi [None req-615e6e6f-ffcb-4451-af1d-384298484f8a 47e5dd3cffeb46ee85fb38407116c26c f17a963fe3d4436987fb9b60a90b29a9 - - default default] 10.0.0.211 "GET /v2.0/security-groups/499bb11b-0464-403b-808e-135f5138f695 HTTP/1.1" status: 404 len: 347 time: 0.0300722
2026-08-05 08:25:13.615 9 INFO neutron.db.segments_db [None req-8836845e-2813-4f60-bc8c-0f0a608058b6 f4b9ad4748254b24b70ed73d5133d414 c6f917516d6e4a1eb8d61c2232291b09 - - default default] Added segment 47c5992e-3023-4011-a378-f5898ee3cb3c of type geneve for network 7db54734-08ab-4e81-8cc2-bc238b936cbf
2026-08-05 08:25:13.645 9 INFO neutron.wsgi [None req-90eb10c9-02fc-416e-9585-d38536b1b3e9 bad9087eb07a46fcaa754ad35477751f f9a2e9ff2e834de9970cd1125ab30f77 - - default default] 10.0.0.163 "GET /v2.0/subnets HTTP/1.1" status: 200 len: 3384 time: 0.0684755
2026-08-05 08:25:14.032 9 INFO neutron.notifiers.nova [-] Nova event matching ['req-db5db083-f46a-4fe8-bd73-e43c5bc93f75'] response: {'server_uuid': '7a17c694-a3f5-48fe-ab31-dda7c9c81fcd', 'name': 'network-vif-plugged', 'status': 'completed', 'tag': '64a6995a-0ea0-48a9-a606-13b794b26573', 'code': 200}
2026-08-05 08:25:14.082 9 INFO neutron.db.ovn_revision_numbers_db [None req-8836845e-2813-4f60-bc8c-0f0a608058b6 f4b9ad4748254b24b70ed73d5133d414 c6f917516d6e4a1eb8d61c2232291b09 - - default default] Successfully bumped revision number for resource 7db54734-08ab-4e81-8cc2-bc238b936cbf (type: networks) to 1
2026-08-05 08:25:14.082 10 INFO neutron.db.l3_db [None req-058d289f-3166-488b-8d2e-238671635d12 9a26d78f281b4a7d95aeafce01af4d4f aa7baf76e6f04907862c720d3e0f0f9d - - default default] Floating IP 14c05a12-3aa5-4b48-b92b-4c6c8b848e84 associated. External IP: 10.96.250.215, port: 64a6995a-0ea0-48a9-a606-13b794b26573.
2026-08-05 08:25:14.337 9 WARNING neutron.scheduler.dhcp_agent_scheduler [None req-8836845e-2813-4f60-bc8c-0f0a608058b6 f4b9ad4748254b24b70ed73d5133d414 c6f917516d6e4a1eb8d61c2232291b09 - - default default] No more DHCP agents
2026-08-05 08:25:14.340 9 WARNING neutron.api.rpc.agentnotifiers.dhcp_rpc_agent_api [None req-8836845e-2813-4f60-bc8c-0f0a608058b6 f4b9ad4748254b24b70ed73d5133d414 c6f917516d6e4a1eb8d61c2232291b09 - - default default] Unable to schedule network 7db54734-08ab-4e81-8cc2-bc238b936cbf: no agents available; will retry on subsequent port and subnet creation events.
2026-08-05 08:25:14.486 9 INFO neutron.db.ovn_revision_numbers_db [None req-8836845e-2813-4f60-bc8c-0f0a608058b6 f4b9ad4748254b24b70ed73d5133d414 c6f917516d6e4a1eb8d61c2232291b09 - - default default] Successfully bumped revision number for resource a4ce7d65-58db-473b-a2f1-7a3b9e9a2212 (type: ports) to 1
2026-08-05 08:25:14.555 9 INFO neutron.wsgi [None req-8836845e-2813-4f60-bc8c-0f0a608058b6 f4b9ad4748254b24b70ed73d5133d414 c6f917516d6e4a1eb8d61c2232291b09 - - default default] 10.0.0.211 "POST /v2.0/networks HTTP/1.1" status: 201 len: 831 time: 1.1206634
2026-08-05 08:25:14.591 10 INFO neutron.wsgi [None req-11e95a2d-f37b-4989-985f-5d8c95c100cb 47e5dd3cffeb46ee85fb38407116c26c f17a963fe3d4436987fb9b60a90b29a9 - - default default] 10.0.0.211 "DELETE /v2.0/floatingips/ed209219-9b80-4acc-94a4-1ad8389c03af HTTP/1.1" status: 204 len: 168 time: 0.9798810
2026-08-05 08:25:14.740 10 INFO neutron.db.ovn_revision_numbers_db [None req-058d289f-3166-488b-8d2e-238671635d12 9a26d78f281b4a7d95aeafce01af4d4f aa7baf76e6f04907862c720d3e0f0f9d - - default default] Successfully bumped revision number for resource 14c05a12-3aa5-4b48-b92b-4c6c8b848e84 (type: floatingips) to 4
2026-08-05 08:25:14.820 10 INFO neutron.wsgi [None req-9bc5f31a-2732-4077-b03a-0170b88027cd 47e5dd3cffeb46ee85fb38407116c26c f17a963fe3d4436987fb9b60a90b29a9 - - default default] 10.0.0.211 "DELETE /v2.0/security-groups/db863e9f-5489-4738-afa9-6f542c45c55d HTTP/1.1" status: 204 len: 168 time: 0.2229102 /var/lib/openstack/lib/python3.10/site-packages/pycadf/identifier.py:71: UserWarning: Invalid uuid: neutron. To ensure interoperability, identifiers should be a valid uuid. warnings.warn(('Invalid uuid: %s. To ensure interoperability, '
2026-08-05 08:25:15.091 10 INFO neutron.db.ovn_revision_numbers_db [None req-058d289f-3166-488b-8d2e-238671635d12 9a26d78f281b4a7d95aeafce01af4d4f aa7baf76e6f04907862c720d3e0f0f9d - - default default] Successfully bumped revision number for resource 14c05a12-3aa5-4b48-b92b-4c6c8b848e84 (type: floatingips) to 5
2026-08-05 08:25:15.114 10 INFO neutron.wsgi [None req-058d289f-3166-488b-8d2e-238671635d12 9a26d78f281b4a7d95aeafce01af4d4f aa7baf76e6f04907862c720d3e0f0f9d - - default default] 10.0.0.211 "PUT /v2.0/floatingips/14c05a12-3aa5-4b48-b92b-4c6c8b848e84 HTTP/1.1" status: 200 len: 1050 time: 1.6340723
2026-08-05 08:25:15.132 9 WARNING neutron.scheduler.dhcp_agent_scheduler [None req-64d5f77d-84ad-4939-9c0f-748a28e977ad f4b9ad4748254b24b70ed73d5133d414 c6f917516d6e4a1eb8d61c2232291b09 - - default default] No more DHCP agents
2026-08-05 08:25:15.135 9 WARNING neutron.api.rpc.agentnotifiers.dhcp_rpc_agent_api [None req-64d5f77d-84ad-4939-9c0f-748a28e977ad f4b9ad4748254b24b70ed73d5133d414 c6f917516d6e4a1eb8d61c2232291b09 - - default default] Unable to schedule network 7db54734-08ab-4e81-8cc2-bc238b936cbf: no agents available; will retry on subsequent port and subnet creation events.
2026-08-05 08:25:15.156 10 INFO neutron.notifiers.nova [-] Nova event matching ['req-0df702b1-2d14-45af-919c-c6722dba963b'] response: {'name': 'network-changed', 'server_uuid': '7a17c694-a3f5-48fe-ab31-dda7c9c81fcd', 'tag': '64a6995a-0ea0-48a9-a606-13b794b26573', 'status': 'completed', 'code': 200}
2026-08-05 08:25:15.169 10 INFO neutron.wsgi [None req-b1925cc6-cd17-478b-b9db-fb6ac88620ec 9a26d78f281b4a7d95aeafce01af4d4f aa7baf76e6f04907862c720d3e0f0f9d - - default default] 10.0.0.211 "GET /v2.0/floatingips/14c05a12-3aa5-4b48-b92b-4c6c8b848e84 HTTP/1.1" status: 200 len: 1052 time: 0.0487719 /var/lib/openstack/lib/python3.10/site-packages/pycadf/identifier.py:71: UserWarning: Invalid uuid: neutron. To ensure interoperability, identifiers should be a valid uuid. warnings.warn(('Invalid uuid: %s. To ensure interoperability, '
2026-08-05 08:25:15.220 9 INFO neutron.wsgi [req-c3e67e5a-5b21-41d5-90a2-c8a1d7b6220f req-7f6dd4eb-a4b5-4a4f-8a43-1296877da785 e59f289152a74e91821ad11e46f41e18 e843fee6b96548a287d5e0b3e8691838 - - d532ca504b334c3eb24ac80fa6190aa3 d532ca504b334c3eb24ac80fa6190aa3] 199.204.45.35 "GET /v2.0/ports?tenant_id=aa7baf76e6f04907862c720d3e0f0f9d&device_id=7a17c694-a3f5-48fe-ab31-dda7c9c81fcd HTTP/1.1" status: 200 len: 1413 time: 0.0450315
2026-08-05 08:25:15.296 9 INFO neutron.db.ovn_revision_numbers_db [None req-64d5f77d-84ad-4939-9c0f-748a28e977ad f4b9ad4748254b24b70ed73d5133d414 c6f917516d6e4a1eb8d61c2232291b09 - - default default] Successfully bumped revision number for resource 6857cd25-8fb3-4d13-b2a6-d0e275272a31 (type: ports) to 1
2026-08-05 08:25:15.321 9 INFO neutron.wsgi [req-c3e67e5a-5b21-41d5-90a2-c8a1d7b6220f req-1b802c76-3882-481e-b831-cb221cdff28d e59f289152a74e91821ad11e46f41e18 e843fee6b96548a287d5e0b3e8691838 - - d532ca504b334c3eb24ac80fa6190aa3 d532ca504b334c3eb24ac80fa6190aa3] 199.204.45.35 "GET /v2.0/networks?id=288fd30f-0f5f-465d-b589-8cd750d9047b HTTP/1.1" status: 200 len: 959 time: 0.0891511
2026-08-05 08:25:15.329 9 INFO neutron.db.ovn_revision_numbers_db [None req-75ff30be-453a-42e8-a91f-55d858babf4c bad9087eb07a46fcaa754ad35477751f f9a2e9ff2e834de9970cd1125ab30f77 - - default default] Successfully bumped revision number for resource d9925b19-38f8-40b2-bfad-4be4e3de3fb5 (type: security_groups) to 1
2026-08-05 08:25:15.374 9 INFO neutron.wsgi [req-c3e67e5a-5b21-41d5-90a2-c8a1d7b6220f req-d74e5817-bae4-47e1-9f8b-5fb5911d1ef4 e59f289152a74e91821ad11e46f41e18 e843fee6b96548a287d5e0b3e8691838 - - d532ca504b334c3eb24ac80fa6190aa3 d532ca504b334c3eb24ac80fa6190aa3] 199.204.45.35 "GET /v2.0/floatingips?fixed_ip_address=10.100.0.14&port_id=64a6995a-0ea0-48a9-a606-13b794b26573 HTTP/1.1" status: 200 len: 1060 time: 0.0445735
2026-08-05 08:25:15.382 9 INFO neutron.wsgi [None req-64d5f77d-84ad-4939-9c0f-748a28e977ad f4b9ad4748254b24b70ed73d5133d414 c6f917516d6e4a1eb8d61c2232291b09 - - default default] 10.0.0.211 "POST /v2.0/ports HTTP/1.1" status: 201 len: 942 time: 0.8212028
2026-08-05 08:25:15.407 9 INFO neutron.db.ovn_revision_numbers_db [None req-75ff30be-453a-42e8-a91f-55d858babf4c bad9087eb07a46fcaa754ad35477751f f9a2e9ff2e834de9970cd1125ab30f77 - - default default] Successfully bumped revision number for resource 23783880-68cd-42a0-a2d0-d1f4f4ba7a05 (type: security_group_rules) to 0
2026-08-05 08:25:15.432 9 INFO neutron.wsgi [req-c3e67e5a-5b21-41d5-90a2-c8a1d7b6220f req-5b112f29-5365-4883-b136-4e29cfc55ac5 e59f289152a74e91821ad11e46f41e18 e843fee6b96548a287d5e0b3e8691838 - - d532ca504b334c3eb24ac80fa6190aa3 d532ca504b334c3eb24ac80fa6190aa3] 199.204.45.35 "GET /v2.0/subnets?id=cf0c4100-bc79-40a6-9391-57d9a0bdcd2b HTTP/1.1" status: 200 len: 853 time: 0.0425205
2026-08-05 08:25:15.461 9 INFO neutron.wsgi [req-c3e67e5a-5b21-41d5-90a2-c8a1d7b6220f req-89786206-80f6-4813-9439-48cb49c3fa4f e59f289152a74e91821ad11e46f41e18 e843fee6b96548a287d5e0b3e8691838 - - d532ca504b334c3eb24ac80fa6190aa3 d532ca504b334c3eb24ac80fa6190aa3] 199.204.45.35 "GET /v2.0/ports?network_id=288fd30f-0f5f-465d-b589-8cd750d9047b&device_owner=network%3Adhcp HTTP/1.1" status: 200 len: 210 time: 0.0201859
2026-08-05 08:25:15.496 9 INFO neutron.db.ovn_revision_numbers_db [None req-75ff30be-453a-42e8-a91f-55d858babf4c bad9087eb07a46fcaa754ad35477751f f9a2e9ff2e834de9970cd1125ab30f77 - - default default] Successfully bumped revision number for resource 88146e4f-c378-4141-9907-796ee28636f3 (type: security_group_rules) to 0
2026-08-05 08:25:15.544 9 INFO neutron.wsgi [req-c3e67e5a-5b21-41d5-90a2-c8a1d7b6220f req-f4858b35-de0e-41c8-bf02-21f1ac310f1d e59f289152a74e91821ad11e46f41e18 e843fee6b96548a287d5e0b3e8691838 - - d532ca504b334c3eb24ac80fa6190aa3 d532ca504b334c3eb24ac80fa6190aa3] 199.204.45.35 "GET /v2.0/networks/288fd30f-0f5f-465d-b589-8cd750d9047b?fields=segments HTTP/1.1" status: 200 len: 212 time: 0.0732164
2026-08-05 08:25:15.557 9 INFO neutron.db.ovn_revision_numbers_db [None req-75ff30be-453a-42e8-a91f-55d858babf4c bad9087eb07a46fcaa754ad35477751f f9a2e9ff2e834de9970cd1125ab30f77 - - default default] Successfully bumped revision number for resource 95ba8056-9d81-498e-a93c-01374e0a796e (type: security_group_rules) to 0
2026-08-05 08:25:15.587 9 INFO neutron.db.segments_db [None req-64af199f-96a4-4091-b49f-4c5cd1ca9262 f4b9ad4748254b24b70ed73d5133d414 c6f917516d6e4a1eb8d61c2232291b09 - - default default] Added segment 42486389-c93a-4025-bf8c-f17e97f1c6e4 of type geneve for network ae4fbefe-3df2-4552-9260-cb69218d698d
2026-08-05 08:25:15.621 9 INFO neutron.wsgi [req-c3e67e5a-5b21-41d5-90a2-c8a1d7b6220f req-206de2e3-ae4b-4f6f-b187-ce1df2780552 e59f289152a74e91821ad11e46f41e18 e843fee6b96548a287d5e0b3e8691838 - - d532ca504b334c3eb24ac80fa6190aa3 d532ca504b334c3eb24ac80fa6190aa3] 199.204.45.35 "GET /v2.0/networks/288fd30f-0f5f-465d-b589-8cd750d9047b?fields=provider%3Aphysical_network&fields=provider%3Anetwork_type HTTP/1.1" status: 200 len: 277 time: 0.0722828
2026-08-05 08:25:15.825 9 INFO neutron.db.ovn_revision_numbers_db [None req-75ff30be-453a-42e8-a91f-55d858babf4c bad9087eb07a46fcaa754ad35477751f f9a2e9ff2e834de9970cd1125ab30f77 - - default default] Successfully bumped revision number for resource d16b3b42-c9b5-4347-bd8c-e1d27a52aa92 (type: security_group_rules) to 0
