2026-08-05 08:04:51.478 9 INFO neutron.wsgi [None req-321c4833-e5a8-497e-a486-f6a5ff3967ca 5c482517e2da465b81b38692097eb578 e843fee6b96548a287d5e0b3e8691838 - - d532ca504b334c3eb24ac80fa6190aa3 d532ca504b334c3eb24ac80fa6190aa3] 199.204.45.35 "GET /v2.0/extensions HTTP/1.1" status: 200 len: 16525 time: 0.0055373
2026-08-05 08:04:51.702 9 WARNING neutron.scheduler.dhcp_agent_scheduler [None req-2be59938-2870-45bd-a6e0-5f960480a04f 5c482517e2da465b81b38692097eb578 e843fee6b96548a287d5e0b3e8691838 - - d532ca504b334c3eb24ac80fa6190aa3 d532ca504b334c3eb24ac80fa6190aa3] No more DHCP agents
2026-08-05 08:04:51.704 9 WARNING neutron.api.rpc.agentnotifiers.dhcp_rpc_agent_api [None req-2be59938-2870-45bd-a6e0-5f960480a04f 5c482517e2da465b81b38692097eb578 e843fee6b96548a287d5e0b3e8691838 - - d532ca504b334c3eb24ac80fa6190aa3 d532ca504b334c3eb24ac80fa6190aa3] Unable to schedule network 95970836-d194-4863-ad03-f349faeb66cd: no agents available; will retry on subsequent port and subnet creation events.
2026-08-05 08:04:51.807 9 INFO neutron.db.ovn_revision_numbers_db [None req-2be59938-2870-45bd-a6e0-5f960480a04f 5c482517e2da465b81b38692097eb578 e843fee6b96548a287d5e0b3e8691838 - - d532ca504b334c3eb24ac80fa6190aa3 d532ca504b334c3eb24ac80fa6190aa3] Successfully bumped revision number for resource d548d7b1-d115-46fe-bf2c-c498da9b2193 (type: ports) to 1
2026-08-05 08:04:52.006 9 INFO neutron.db.ovn_revision_numbers_db [None req-2be59938-2870-45bd-a6e0-5f960480a04f 5c482517e2da465b81b38692097eb578 e843fee6b96548a287d5e0b3e8691838 - - d532ca504b334c3eb24ac80fa6190aa3 d532ca504b334c3eb24ac80fa6190aa3] Successfully bumped revision number for resource d548d7b1-d115-46fe-bf2c-c498da9b2193 (type: ports) to 1
2026-08-05 08:04:52.042 9 INFO neutron.wsgi [None req-2be59938-2870-45bd-a6e0-5f960480a04f 5c482517e2da465b81b38692097eb578 e843fee6b96548a287d5e0b3e8691838 - - d532ca504b334c3eb24ac80fa6190aa3 d532ca504b334c3eb24ac80fa6190aa3] 199.204.45.35 "POST /v2.0/ports HTTP/1.1" status: 201 len: 1144 time: 0.5596981
2026-08-05 08:04:52.111 9 INFO neutron.wsgi [None req-a97618e3-a824-4995-9ae0-43bc8899beb1 5c482517e2da465b81b38692097eb578 e843fee6b96548a287d5e0b3e8691838 - - d532ca504b334c3eb24ac80fa6190aa3 d532ca504b334c3eb24ac80fa6190aa3] 199.204.45.35 "GET /v2.0/networks/95970836-d194-4863-ad03-f349faeb66cd HTTP/1.1" status: 200 len: 907 time: 0.0601902
2026-08-05 08:04:52.884 10 INFO neutron.plugins.ml2.drivers.ovn.mech_driver.mech_driver [-] OVN reports status up for port: d548d7b1-d115-46fe-bf2c-c498da9b2193
2026-08-05 08:04:52.895 10 INFO neutron.plugins.ml2.plugin [None req-dae38973-109e-4f5b-8203-0129e33c5fd5 - - - - - -] Attempt 1 to provision port d548d7b1-d115-46fe-bf2c-c498da9b2193
2026-08-05 08:04:53.183 10 INFO neutron.db.ovn_revision_numbers_db [None req-dae38973-109e-4f5b-8203-0129e33c5fd5 - - - - - -] Successfully bumped revision number for resource d548d7b1-d115-46fe-bf2c-c498da9b2193 (type: ports) to 3
2026-08-05 08:04:54.567 9 INFO neutron.wsgi [None req-a33de1c7-927f-4f37-a665-3e6572f4b7b8 5c482517e2da465b81b38692097eb578 e843fee6b96548a287d5e0b3e8691838 - - d532ca504b334c3eb24ac80fa6190aa3 d532ca504b334c3eb24ac80fa6190aa3] 199.204.45.35 "GET /v2.0/ports?device_id=manila-share&binding%3Ahost_id=instance HTTP/1.1" status: 200 len: 1172 time: 0.0484157
2026-08-05 08:04:54.624 9 INFO neutron.wsgi [None req-6e06d653-bdf3-414d-8d2e-1996b37db0a3 5c482517e2da465b81b38692097eb578 e843fee6b96548a287d5e0b3e8691838 - - d532ca504b334c3eb24ac80fa6190aa3 d532ca504b334c3eb24ac80fa6190aa3] 199.204.45.35 "GET /v2.0/networks/95970836-d194-4863-ad03-f349faeb66cd HTTP/1.1" status: 200 len: 907 time: 0.0474384
2026-08-05 08:05:04.143 9 INFO neutron.wsgi [-] 10.0.0.69 "GET / HTTP/1.1" status: 200 len: 245 time: 0.0023148
2026-08-05 08:05:04.143 10 INFO neutron.wsgi [-] 10.0.0.69 "GET / HTTP/1.1" status: 200 len: 245 time: 0.0025234
2026-08-05 08:05:05.549 10 INFO neutron.wsgi [None req-b9819fa8-39f2-44fc-8357-2c244811d6c3 bad9087eb07a46fcaa754ad35477751f f9a2e9ff2e834de9970cd1125ab30f77 - - default default] 199.204.45.35,10.0.0.69 "GET /v2.0/quotas/e843fee6b96548a287d5e0b3e8691838 HTTP/1.1" status: 200 len: 362 time: 0.0151560 /var/lib/openstack/lib/python3.10/site-packages/neutron/extensions/quotasv2.py:140: UserWarning: Neutron quota engine will require "--force" parameter to set a quota limit without checking the resource usage. warnings.warn('Neutron quota engine will require "--force" '
2026-08-05 08:05:05.941 10 INFO neutron.wsgi [None req-158028db-d33b-432b-940a-b683ac77338d bad9087eb07a46fcaa754ad35477751f f9a2e9ff2e834de9970cd1125ab30f77 - - default default] 199.204.45.35,10.0.0.69 "PUT /v2.0/quotas/e843fee6b96548a287d5e0b3e8691838 HTTP/1.1" status: 200 len: 361 time: 0.0411515
2026-08-05 08:05:06.313 10 INFO neutron.wsgi [None req-ff1089c7-9cd1-4046-b5a0-587df95c9107 bad9087eb07a46fcaa754ad35477751f f9a2e9ff2e834de9970cd1125ab30f77 - - default default] 199.204.45.35,10.0.0.69 "GET /v2.0/quotas/e843fee6b96548a287d5e0b3e8691838 HTTP/1.1" status: 200 len: 361 time: 0.0126076
2026-08-05 08:05:19.142 10 INFO neutron.wsgi [-] 10.0.0.69 "GET / HTTP/1.1" status: 200 len: 245 time: 0.0023510
2026-08-05 08:05:19.142 9 INFO neutron.wsgi [-] 10.0.0.69 "GET / HTTP/1.1" status: 200 len: 245 time: 0.0025291
2026-08-05 08:05:34.142 9 INFO neutron.wsgi [-] 10.0.0.69 "GET / HTTP/1.1" status: 200 len: 245 time: 0.0023761
2026-08-05 08:05:34.143 10 INFO neutron.wsgi [-] 10.0.0.69 "GET / HTTP/1.1" status: 200 len: 245 time: 0.0029235
2026-08-05 08:05:49.141 9 INFO neutron.wsgi [-] 10.0.0.69 "GET / HTTP/1.1" status: 200 len: 245 time: 0.0015607
2026-08-05 08:05:49.142 10 INFO neutron.wsgi [-] 10.0.0.69 "GET / HTTP/1.1" status: 200 len: 245 time: 0.0023246
2026-08-05 08:06:04.141 9 INFO neutron.wsgi [-] 10.0.0.69 "GET / HTTP/1.1" status: 200 len: 245 time: 0.0016425
2026-08-05 08:06:04.143 9 INFO neutron.wsgi [-] 10.0.0.69 "GET / HTTP/1.1" status: 200 len: 245 time: 0.0012696
2026-08-05 08:06:12.623 9 INFO neutron.wsgi [None req-5987eae3-b8aa-4942-b32f-bb6e12712d57 bad9087eb07a46fcaa754ad35477751f f9a2e9ff2e834de9970cd1125ab30f77 - - default default] 10.0.0.163 "GET /v2.0/subnets HTTP/1.1" status: 200 len: 1437 time: 0.0777521
2026-08-05 08:06:12.634 9 INFO neutron.wsgi [None req-c6d363a1-ca18-4466-9400-bd95b8b8f238 bad9087eb07a46fcaa754ad35477751f f9a2e9ff2e834de9970cd1125ab30f77 - - default default] 10.0.0.163 "GET /v2.0/subnetpools HTTP/1.1" status: 200 len: 193 time: 0.0095477
2026-08-05 08:06:12.659 9 INFO neutron.wsgi [None req-57adf561-b77b-4b0e-947f-fad7990b42ee bad9087eb07a46fcaa754ad35477751f f9a2e9ff2e834de9970cd1125ab30f77 - - default default] 10.0.0.163 "GET /v2.0/routers HTTP/1.1" status: 200 len: 189 time: 0.0251043
2026-08-05 08:06:12.689 9 INFO neutron.wsgi [None req-22e15559-9635-4cf5-8959-fc08b622a8d1 bad9087eb07a46fcaa754ad35477751f f9a2e9ff2e834de9970cd1125ab30f77 - - default default] 10.0.0.163 "GET /v2.0/agents?binary=ovn-controller HTTP/1.1" status: 200 len: 591 time: 0.0293024
2026-08-05 08:06:12.700 9 INFO neutron.wsgi [None req-98574de8-fb2c-4965-8f0e-0f787c6af70a bad9087eb07a46fcaa754ad35477751f f9a2e9ff2e834de9970cd1125ab30f77 - - default default] 10.0.0.163 "GET /v2.0/network-ip-availabilities HTTP/1.1" status: 200 len: 1280 time: 0.0095849
2026-08-05 08:06:12.758 9 INFO neutron.wsgi [None req-fe1b5c38-9449-43fa-86c5-328bd4657475 bad9087eb07a46fcaa754ad35477751f f9a2e9ff2e834de9970cd1125ab30f77 - - default default] 10.0.0.163 "GET /v2.0/subnets HTTP/1.1" status: 200 len: 1437 time: 0.0569906
2026-08-05 08:06:12.865 9 INFO neutron.wsgi [None req-b057af85-65c1-4b5f-8003-57b6beab25b7 bad9087eb07a46fcaa754ad35477751f f9a2e9ff2e834de9970cd1125ab30f77 - - default default] 10.0.0.163 "GET /v2.0/networks HTTP/1.1" status: 200 len: 2350 time: 0.1060336
2026-08-05 08:06:12.878 9 INFO neutron.wsgi [None req-fc953442-8768-4e74-a20b-41a7627fc0f9 bad9087eb07a46fcaa754ad35477751f f9a2e9ff2e834de9970cd1125ab30f77 - - default default] 10.0.0.163 "GET /v2.0/agents HTTP/1.1" status: 200 len: 997 time: 0.0106516
2026-08-05 08:06:12.906 9 INFO neutron.wsgi [None req-ecc8b786-13d3-4113-80a7-82190aab2387 bad9087eb07a46fcaa754ad35477751f f9a2e9ff2e834de9970cd1125ab30f77 - - default default] 10.0.0.163 "GET /v2.0/floatingips HTTP/1.1" status: 200 len: 193 time: 0.0258565
2026-08-05 08:06:12.948 9 INFO neutron.wsgi [None req-f0722453-24b8-4cf2-bf53-fd7a562f94e8 bad9087eb07a46fcaa754ad35477751f f9a2e9ff2e834de9970cd1125ab30f77 - - default default] 10.0.0.163 "GET /v2.0/security-groups HTTP/1.1" status: 200 len: 16803 time: 0.0413144
2026-08-05 08:06:12.995 9 INFO neutron.wsgi [None req-ac4e7af1-0a70-4e66-8f41-b0407b8878af bad9087eb07a46fcaa754ad35477751f f9a2e9ff2e834de9970cd1125ab30f77 - - default default] 10.0.0.163 "GET /v2.0/ports HTTP/1.1" status: 200 len: 5349 time: 0.0438800
2026-08-05 08:06:19.142 10 INFO neutron.wsgi [-] 10.0.0.69 "GET / HTTP/1.1" status: 200 len: 245 time: 0.0023813
2026-08-05 08:06:19.145 10 INFO neutron.wsgi [-] 10.0.0.69 "GET / HTTP/1.1" status: 200 len: 245 time: 0.0019550
2026-08-05 08:06:33.455 15 INFO neutron.db.ovn_revision_numbers_db [None req-cd7605da-006c-4aa4-9a2e-3638f104ed62 - - - - - -] Successfully bumped revision number for resource 4118ab68-46cd-48fd-8c8f-344c3b1df475 (type: security_groups) to 5
2026-08-05 08:06:33.455 15 INFO neutron.plugins.ml2.drivers.ovn.mech_driver.ovsdb.maintenance [None req-cd7605da-006c-4aa4-9a2e-3638f104ed62 - - - - - -] Maintenance task: Synchronization finished (took 0.04 seconds)
2026-08-05 08:06:34.142 9 INFO neutron.wsgi [-] 10.0.0.69 "GET / HTTP/1.1" status: 200 len: 245 time: 0.0022728
2026-08-05 08:06:34.146 9 INFO neutron.wsgi [-] 10.0.0.69 "GET / HTTP/1.1" status: 200 len: 245 time: 0.0019054
2026-08-05 08:06:49.143 10 INFO neutron.wsgi [-] 10.0.0.69 "GET / HTTP/1.1" status: 200 len: 245 time: 0.0033841
2026-08-05 08:06:49.147 9 INFO neutron.wsgi [-] 10.0.0.69 "GET / HTTP/1.1" status: 200 len: 245 time: 0.0074325
2026-08-05 08:07:04.141 9 INFO neutron.wsgi [-] 10.0.0.69 "GET / HTTP/1.1" status: 200 len: 245 time: 0.0015850
2026-08-05 08:07:04.143 10 INFO neutron.wsgi [-] 10.0.0.69 "GET / HTTP/1.1" status: 200 len: 245 time: 0.0031948
2026-08-05 08:07:12.566 9 INFO neutron.wsgi [None req-586b3761-cd2f-45c5-ae45-922f221e0671 bad9087eb07a46fcaa754ad35477751f f9a2e9ff2e834de9970cd1125ab30f77 - - default default] 10.0.0.163 "GET /v2.0/ports HTTP/1.1" status: 200 len: 5349 time: 0.0794458
2026-08-05 08:07:12.606 9 INFO neutron.wsgi [None req-5f8846d2-bfd2-41a5-8494-f83f3570599a bad9087eb07a46fcaa754ad35477751f f9a2e9ff2e834de9970cd1125ab30f77 - - default default] 10.0.0.163 "GET /v2.0/subnets HTTP/1.1" status: 200 len: 1437 time: 0.0357940
2026-08-05 08:07:12.615 9 INFO neutron.wsgi [None req-a1467235-cf5d-431f-98e3-79830d66e629 bad9087eb07a46fcaa754ad35477751f f9a2e9ff2e834de9970cd1125ab30f77 - - default default] 10.0.0.163 "GET /v2.0/subnetpools HTTP/1.1" status: 200 len: 193 time: 0.0073764
2026-08-05 08:07:12.631 9 INFO neutron.wsgi [None req-bc67992c-49f7-4ade-9544-3d216a0c32ec bad9087eb07a46fcaa754ad35477751f f9a2e9ff2e834de9970cd1125ab30f77 - - default default] 10.0.0.163 "GET /v2.0/routers HTTP/1.1" status: 200 len: 189 time: 0.0163233
2026-08-05 08:07:12.658 9 INFO neutron.wsgi [None req-5efce06e-8963-45d0-95a0-d7bc825ab3a4 bad9087eb07a46fcaa754ad35477751f f9a2e9ff2e834de9970cd1125ab30f77 - - default default] 10.0.0.163 "GET /v2.0/agents?binary=ovn-controller HTTP/1.1" status: 200 len: 591 time: 0.0254979
2026-08-05 08:07:12.668 9 INFO neutron.wsgi [None req-3f9983e4-635c-4abd-b2c2-73eed4661942 bad9087eb07a46fcaa754ad35477751f f9a2e9ff2e834de9970cd1125ab30f77 - - default default] 10.0.0.163 "GET /v2.0/network-ip-availabilities HTTP/1.1" status: 200 len: 1280 time: 0.0098259
2026-08-05 08:07:12.716 9 INFO neutron.wsgi [None req-dbebf7fc-385c-43da-8d09-63d366c30109 bad9087eb07a46fcaa754ad35477751f f9a2e9ff2e834de9970cd1125ab30f77 - - default default] 10.0.0.163 "GET /v2.0/networks HTTP/1.1" status: 200 len: 2350 time: 0.0471745
2026-08-05 08:07:12.733 9 INFO neutron.wsgi [None req-95bbd156-9537-447c-9cd7-37fc5c1c97ab bad9087eb07a46fcaa754ad35477751f f9a2e9ff2e834de9970cd1125ab30f77 - - default default] 10.0.0.163 "GET /v2.0/floatingips HTTP/1.1" status: 200 len: 193 time: 0.0148478
2026-08-05 08:07:12.759 9 INFO neutron.wsgi [None req-9588fe6f-a187-41d5-8b90-3f5441d83840 bad9087eb07a46fcaa754ad35477751f f9a2e9ff2e834de9970cd1125ab30f77 - - default default] 10.0.0.163 "GET /v2.0/subnets HTTP/1.1" status: 200 len: 1437 time: 0.0249569
2026-08-05 08:07:12.835 9 INFO neutron.wsgi [None req-3971b724-085d-4317-bcae-20fdb95e9db9 bad9087eb07a46fcaa754ad35477751f f9a2e9ff2e834de9970cd1125ab30f77 - - default default] 10.0.0.163 "GET /v2.0/security-groups HTTP/1.1" status: 200 len: 16803 time: 0.0755847
2026-08-05 08:07:12.853 9 INFO neutron.wsgi [None req-79864b65-1dd4-45ed-a652-5f048b0cf25d bad9087eb07a46fcaa754ad35477751f f9a2e9ff2e834de9970cd1125ab30f77 - - default default] 10.0.0.163 "GET /v2.0/agents HTTP/1.1" status: 200 len: 997 time: 0.0097609
2026-08-05 08:07:19.142 9 INFO neutron.wsgi [-] 10.0.0.69 "GET / HTTP/1.1" status: 200 len: 245 time: 0.0022359
2026-08-05 08:07:19.142 10 INFO neutron.wsgi [-] 10.0.0.69 "GET / HTTP/1.1" status: 200 len: 245 time: 0.0022078
2026-08-05 08:07:34.143 9 INFO neutron.wsgi [-] 10.0.0.69 "GET / HTTP/1.1" status: 200 len: 245 time: 0.0026851
2026-08-05 08:07:34.143 10 INFO neutron.wsgi [-] 10.0.0.69 "GET / HTTP/1.1" status: 200 len: 245 time: 0.0028613
2026-08-05 08:07:49.140 10 INFO neutron.wsgi [-] 10.0.0.69 "GET / HTTP/1.1" status: 200 len: 245 time: 0.0012419
2026-08-05 08:07:49.145 9 INFO neutron.wsgi [-] 10.0.0.69 "GET / HTTP/1.1" status: 200 len: 245 time: 0.0049961
2026-08-05 08:08:04.142 9 INFO neutron.wsgi [-] 10.0.0.69 "GET / HTTP/1.1" status: 200 len: 245 time: 0.0024018
2026-08-05 08:08:04.142 10 INFO neutron.wsgi [-] 10.0.0.69 "GET / HTTP/1.1" status: 200 len: 245 time: 0.0024080
2026-08-05 08:08:12.612 9 INFO neutron.wsgi [None req-217f7a11-fe7a-42ed-ba0c-4a790ec0ecbb bad9087eb07a46fcaa754ad35477751f f9a2e9ff2e834de9970cd1125ab30f77 - - default default] 10.0.0.163 "GET /v2.0/security-groups HTTP/1.1" status: 200 len: 16803 time: 0.1152165
2026-08-05 08:08:12.653 9 INFO neutron.wsgi [None req-9026b7e4-853a-464b-adc9-f7b0169c2605 bad9087eb07a46fcaa754ad35477751f f9a2e9ff2e834de9970cd1125ab30f77 - - default default] 10.0.0.163 "GET /v2.0/subnets HTTP/1.1" status: 200 len: 1437 time: 0.0344429
2026-08-05 08:08:12.693 9 INFO neutron.wsgi [None req-3deda9d2-3446-44aa-8c25-5b7dfabc788a bad9087eb07a46fcaa754ad35477751f f9a2e9ff2e834de9970cd1125ab30f77 - - default default] 10.0.0.163 "GET /v2.0/ports HTTP/1.1" status: 200 len: 5349 time: 0.0392485
2026-08-05 08:08:12.718 9 INFO neutron.wsgi [None req-3d4c763a-cde5-424c-8f51-ce938f8f3e37 bad9087eb07a46fcaa754ad35477751f f9a2e9ff2e834de9970cd1125ab30f77 - - default default] 10.0.0.163 "GET /v2.0/routers HTTP/1.1" status: 200 len: 189 time: 0.0208163
2026-08-05 08:08:12.744 9 INFO neutron.wsgi [None req-51db8564-20bf-488c-a531-1ee2bc315b4f bad9087eb07a46fcaa754ad35477751f f9a2e9ff2e834de9970cd1125ab30f77 - - default default] 10.0.0.163 "GET /v2.0/agents?binary=ovn-controller HTTP/1.1" status: 200 len: 591 time: 0.0256422
2026-08-05 08:08:12.774 9 INFO neutron.wsgi [None req-aebbc549-9b73-40ef-b05a-e2d1fe1261e4 bad9087eb07a46fcaa754ad35477751f f9a2e9ff2e834de9970cd1125ab30f77 - - default default] 10.0.0.163 "GET /v2.0/subnets HTTP/1.1" status: 200 len: 1437 time: 0.0287666
2026-08-05 08:08:12.788 9 INFO neutron.wsgi [None req-c094c646-8a8b-4fb8-8188-29dd6f58cf24 bad9087eb07a46fcaa754ad35477751f f9a2e9ff2e834de9970cd1125ab30f77 - - default default] 10.0.0.163 "GET /v2.0/subnetpools HTTP/1.1" status: 200 len: 193 time: 0.0132432
2026-08-05 08:08:12.803 9 INFO neutron.wsgi [None req-e8a82473-e10a-4dcb-b1bb-8395392e3f8f bad9087eb07a46fcaa754ad35477751f f9a2e9ff2e834de9970cd1125ab30f77 - - default default] 10.0.0.163 "GET /v2.0/network-ip-availabilities HTTP/1.1" status: 200 len: 1280 time: 0.0139792
2026-08-05 08:08:12.826 9 INFO neutron.wsgi [None req-52f4e582-ff84-480d-9db5-c675f8982662 bad9087eb07a46fcaa754ad35477751f f9a2e9ff2e834de9970cd1125ab30f77 - - default default] 10.0.0.163 "GET /v2.0/floatingips HTTP/1.1" status: 200 len: 193 time: 0.0214195
2026-08-05 08:08:12.884 9 INFO neutron.wsgi [None req-2079b1f9-827c-4d53-ad4d-5c7e48971bc9 bad9087eb07a46fcaa754ad35477751f f9a2e9ff2e834de9970cd1125ab30f77 - - default default] 10.0.0.163 "GET /v2.0/networks HTTP/1.1" status: 200 len: 2350 time: 0.0570168
2026-08-05 08:08:12.901 9 INFO neutron.wsgi [None req-8a9d933d-d2e5-464d-ae03-ef10c02a0711 bad9087eb07a46fcaa754ad35477751f f9a2e9ff2e834de9970cd1125ab30f77 - - default default] 10.0.0.163 "GET /v2.0/agents HTTP/1.1" status: 200 len: 997 time: 0.0121825
2026-08-05 08:08:19.143 10 INFO neutron.wsgi [-] 10.0.0.69 "GET / HTTP/1.1" status: 200 len: 245 time: 0.0026903
2026-08-05 08:08:19.143 9 INFO neutron.wsgi [-] 10.0.0.69 "GET / HTTP/1.1" status: 200 len: 245 time: 0.0027213
2026-08-05 08:08:34.142 9 INFO neutron.wsgi [-] 10.0.0.69 "GET / HTTP/1.1" status: 200 len: 245 time: 0.0026104
2026-08-05 08:08:34.143 10 INFO neutron.wsgi [-] 10.0.0.69 "GET / HTTP/1.1" status: 200 len: 245 time: 0.0033543
2026-08-05 08:08:49.146 9 INFO neutron.wsgi [-] 10.0.0.69 "GET / HTTP/1.1" status: 200 len: 245 time: 0.0051467
2026-08-05 08:08:49.148 9 INFO neutron.wsgi [-] 10.0.0.69 "GET / HTTP/1.1" status: 200 len: 245 time: 0.0016539
2026-08-05 08:09:04.143 10 INFO neutron.wsgi [-] 10.0.0.69 "GET / HTTP/1.1" status: 200 len: 245 time: 0.0023155
2026-08-05 08:09:04.144 9 INFO neutron.wsgi [-] 10.0.0.69 "GET / HTTP/1.1" status: 200 len: 245 time: 0.0037208
2026-08-05 08:09:12.592 9 INFO neutron.wsgi [None req-b15111e3-2671-4f26-8317-62fc570338ef bad9087eb07a46fcaa754ad35477751f f9a2e9ff2e834de9970cd1125ab30f77 - - default default] 10.0.0.163 "GET /v2.0/networks HTTP/1.1" status: 200 len: 2350 time: 0.1061954
2026-08-05 08:09:12.623 9 INFO neutron.wsgi [None req-31e22596-8033-4c60-b44d-5a766ae7baf0 bad9087eb07a46fcaa754ad35477751f f9a2e9ff2e834de9970cd1125ab30f77 - - default default] 10.0.0.163 "GET /v2.0/subnets HTTP/1.1" status: 200 len: 1437 time: 0.0278461
2026-08-05 08:09:12.633 9 INFO neutron.wsgi [None req-c591e1ba-0114-4a7e-909d-ba4f832d7048 bad9087eb07a46fcaa754ad35477751f f9a2e9ff2e834de9970cd1125ab30f77 - - default default] 10.0.0.163 "GET /v2.0/subnetpools HTTP/1.1" status: 200 len: 193 time: 0.0087857
2026-08-05 08:09:12.669 9 INFO neutron.wsgi [None req-e1fc391e-408f-4141-9888-e4be14c2577c bad9087eb07a46fcaa754ad35477751f f9a2e9ff2e834de9970cd1125ab30f77 - - default default] 10.0.0.163 "GET /v2.0/agents HTTP/1.1" status: 200 len: 997 time: 0.0350525
2026-08-05 08:09:12.692 9 INFO neutron.wsgi [None req-1fd4d62f-43cc-4a56-8c0c-9ec7d632a5db bad9087eb07a46fcaa754ad35477751f f9a2e9ff2e834de9970cd1125ab30f77 - - default default] 10.0.0.163 "GET /v2.0/floatingips HTTP/1.1" status: 200 len: 193 time: 0.0220654
2026-08-05 08:09:12.744 9 INFO neutron.wsgi [None req-5557983a-b382-4aa3-89b6-f58dbda4e4b2 bad9087eb07a46fcaa754ad35477751f f9a2e9ff2e834de9970cd1125ab30f77 - - default default] 10.0.0.163 "GET /v2.0/security-groups HTTP/1.1" status: 200 len: 16803 time: 0.0502305
2026-08-05 08:09:12.781 9 INFO neutron.wsgi [None req-453ee462-a956-4494-91de-c37217245b0a bad9087eb07a46fcaa754ad35477751f f9a2e9ff2e834de9970cd1125ab30f77 - - default default] 10.0.0.163 "GET /v2.0/subnets HTTP/1.1" status: 200 len: 1437 time: 0.0312965
2026-08-05 08:09:12.811 9 INFO neutron.wsgi [None req-71c9e598-9a38-44b5-bb97-856bd49e5af0 bad9087eb07a46fcaa754ad35477751f f9a2e9ff2e834de9970cd1125ab30f77 - - default default] 10.0.0.163 "GET /v2.0/ports HTTP/1.1" status: 200 len: 5349 time: 0.0299578
2026-08-05 08:09:12.840 9 INFO neutron.wsgi [None req-6517e22e-1ad6-4e82-bcae-f68f9a9265c8 bad9087eb07a46fcaa754ad35477751f f9a2e9ff2e834de9970cd1125ab30f77 - - default default] 10.0.0.163 "GET /v2.0/routers HTTP/1.1" status: 200 len: 189 time: 0.0234926
2026-08-05 08:09:12.849 9 INFO neutron.wsgi [None req-f3088ff9-8ec2-4934-aa2a-433aad730cb1 bad9087eb07a46fcaa754ad35477751f f9a2e9ff2e834de9970cd1125ab30f77 - - default default] 10.0.0.163 "GET /v2.0/agents?binary=ovn-controller HTTP/1.1" status: 200 len: 591 time: 0.0078673
2026-08-05 08:09:12.858 9 INFO neutron.wsgi [None req-7dbe38f7-2da8-4aa3-a6c2-8223805260b1 bad9087eb07a46fcaa754ad35477751f f9a2e9ff2e834de9970cd1125ab30f77 - - default default] 10.0.0.163 "GET /v2.0/network-ip-availabilities HTTP/1.1" status: 200 len: 1280 time: 0.0080090
2026-08-05 08:09:19.142 9 INFO neutron.wsgi [-] 10.0.0.69 "GET / HTTP/1.1" status: 200 len: 245 time: 0.0025120
2026-08-05 08:09:19.142 10 INFO neutron.wsgi [-] 10.0.0.69 "GET / HTTP/1.1" status: 200 len: 245 time: 0.0023677
2026-08-05 08:09:34.143 10 INFO neutron.wsgi [-] 10.0.0.69 "GET / HTTP/1.1" status: 200 len: 245 time: 0.0030339
2026-08-05 08:09:34.144 9 INFO neutron.wsgi [-] 10.0.0.69 "GET / HTTP/1.1" status: 200 len: 245 time: 0.0043838
2026-08-05 08:09:49.142 9 INFO neutron.wsgi [-] 10.0.0.69 "GET / HTTP/1.1" status: 200 len: 245 time: 0.0025523
2026-08-05 08:09:49.142 10 INFO neutron.wsgi [-] 10.0.0.69 "GET / HTTP/1.1" status: 200 len: 245 time: 0.0024610
2026-08-05 08:10:04.141 9 INFO neutron.wsgi [-] 10.0.0.69 "GET / HTTP/1.1" status: 200 len: 245 time: 0.0016091
2026-08-05 08:10:04.144 10 INFO neutron.wsgi [-] 10.0.0.69 "GET / HTTP/1.1" status: 200 len: 245 time: 0.0048559
2026-08-05 08:10:12.579 9 INFO neutron.wsgi [None req-c076264c-c57e-4eb4-ba28-4e05d35cd083 bad9087eb07a46fcaa754ad35477751f f9a2e9ff2e834de9970cd1125ab30f77 - - default default] 10.0.0.163 "GET /v2.0/networks HTTP/1.1" status: 200 len: 2350 time: 0.1037872
2026-08-05 08:10:12.613 9 INFO neutron.wsgi [None req-04b1f851-6b31-43c2-8e0b-ea6ce3050400 bad9087eb07a46fcaa754ad35477751f f9a2e9ff2e834de9970cd1125ab30f77 - - default default] 10.0.0.163 "GET /v2.0/subnets HTTP/1.1" status: 200 len: 1437 time: 0.0313218
2026-08-05 08:10:12.645 9 INFO neutron.wsgi [None req-5494f668-1684-4c0b-9d88-9c8ac0eaa841 bad9087eb07a46fcaa754ad35477751f f9a2e9ff2e834de9970cd1125ab30f77 - - default default] 10.0.0.163 "GET /v2.0/agents HTTP/1.1" status: 200 len: 997 time: 0.0306990
2026-08-05 08:10:12.662 9 INFO neutron.wsgi [None req-a02ba6f3-9d37-4b35-afd6-e176eacaf4e3 bad9087eb07a46fcaa754ad35477751f f9a2e9ff2e834de9970cd1125ab30f77 - - default default] 10.0.0.163 "GET /v2.0/routers HTTP/1.1" status: 200 len: 189 time: 0.0155320
2026-08-05 08:10:12.669 9 INFO neutron.wsgi [None req-19333aa7-27fb-4acd-a8e4-5989f50715a1 bad9087eb07a46fcaa754ad35477751f f9a2e9ff2e834de9970cd1125ab30f77 - - default default] 10.0.0.163 "GET /v2.0/agents?binary=ovn-controller HTTP/1.1" status: 200 len: 591 time: 0.0071797
2026-08-05 08:10:12.680 9 INFO neutron.wsgi [None req-9781dd41-a917-46e9-a1c9-8be2cfc928b6 bad9087eb07a46fcaa754ad35477751f f9a2e9ff2e834de9970cd1125ab30f77 - - default default] 10.0.0.163 "GET /v2.0/network-ip-availabilities HTTP/1.1" status: 200 len: 1280 time: 0.0102830
2026-08-05 08:10:12.699 9 INFO neutron.wsgi [None req-e254a67f-7c51-4b1a-a762-929c3d193ce5 bad9087eb07a46fcaa754ad35477751f f9a2e9ff2e834de9970cd1125ab30f77 - - default default] 10.0.0.163 "GET /v2.0/floatingips HTTP/1.1" status: 200 len: 193 time: 0.0177510
2026-08-05 08:10:12.740 9 INFO neutron.wsgi [None req-d466e15d-5bb7-4fb4-b58d-53aab85fa0ae bad9087eb07a46fcaa754ad35477751f f9a2e9ff2e834de9970cd1125ab30f77 - - default default] 10.0.0.163 "GET /v2.0/security-groups HTTP/1.1" status: 200 len: 16803 time: 0.0405195
2026-08-05 08:10:12.785 9 INFO neutron.wsgi [None req-f36f888a-0c3d-4987-b498-05798474b55b bad9087eb07a46fcaa754ad35477751f f9a2e9ff2e834de9970cd1125ab30f77 - - default default] 10.0.0.163 "GET /v2.0/ports HTTP/1.1" status: 200 len: 5349 time: 0.0392504
2026-08-05 08:10:12.822 9 INFO neutron.wsgi [None req-f9d21906-cc12-4e88-affc-2847bfbc66be bad9087eb07a46fcaa754ad35477751f f9a2e9ff2e834de9970cd1125ab30f77 - - default default] 10.0.0.163 "GET /v2.0/subnets HTTP/1.1" status: 200 len: 1437 time: 0.0314968
2026-08-05 08:10:12.833 9 INFO neutron.wsgi [None req-f2cbc5be-7e85-4e69-87d4-0d9f76329e46 bad9087eb07a46fcaa754ad35477751f f9a2e9ff2e834de9970cd1125ab30f77 - - default default] 10.0.0.163 "GET /v2.0/subnetpools HTTP/1.1" status: 200 len: 193 time: 0.0106111
2026-08-05 08:10:19.142 10 INFO neutron.wsgi [-] 10.0.0.69 "GET / HTTP/1.1" status: 200 len: 245 time: 0.0023105
2026-08-05 08:10:19.142 9 INFO neutron.wsgi [-] 10.0.0.69 "GET / HTTP/1.1" status: 200 len: 245 time: 0.0023553
2026-08-05 08:10:34.143 10 INFO neutron.wsgi [-] 10.0.0.69 "GET / HTTP/1.1" status: 200 len: 245 time: 0.0024917
2026-08-05 08:10:34.145 9 INFO neutron.wsgi [-] 10.0.0.69 "GET / HTTP/1.1" status: 200 len: 245 time: 0.0050671
2026-08-05 08:10:49.141 9 INFO neutron.wsgi [-] 10.0.0.69 "GET / HTTP/1.1" status: 200 len: 245 time: 0.0017283
2026-08-05 08:10:49.142 10 INFO neutron.wsgi [-] 10.0.0.69 "GET / HTTP/1.1" status: 200 len: 245 time: 0.0027740
2026-08-05 08:11:04.142 9 INFO neutron.wsgi [-] 10.0.0.69 "GET / HTTP/1.1" status: 200 len: 245 time: 0.0018783
2026-08-05 08:11:04.143 10 INFO neutron.wsgi [-] 10.0.0.69 "GET / HTTP/1.1" status: 200 len: 245 time: 0.0030475
2026-08-05 08:11:12.589 9 INFO neutron.wsgi [None req-51b0d0a4-5f55-4359-9f92-d21ec56a5622 bad9087eb07a46fcaa754ad35477751f f9a2e9ff2e834de9970cd1125ab30f77 - - default default] 10.0.0.163 "GET /v2.0/routers HTTP/1.1" status: 200 len: 189 time: 0.0771172
2026-08-05 08:11:12.612 9 INFO neutron.wsgi [None req-14a3908e-3311-4888-9714-a43b09ab200b bad9087eb07a46fcaa754ad35477751f f9a2e9ff2e834de9970cd1125ab30f77 - - default default] 10.0.0.163 "GET /v2.0/agents?binary=ovn-controller HTTP/1.1" status: 200 len: 591 time: 0.0226438
2026-08-05 08:11:12.666 9 INFO neutron.wsgi [None req-c096e991-0bea-4000-be02-14970d4c528f bad9087eb07a46fcaa754ad35477751f f9a2e9ff2e834de9970cd1125ab30f77 - - default default] 10.0.0.163 "GET /v2.0/networks HTTP/1.1" status: 200 len: 2350 time: 0.0528080
2026-08-05 08:11:12.713 9 INFO neutron.wsgi [None req-8f85f1ee-1614-44c5-882b-99120b06a169 bad9087eb07a46fcaa754ad35477751f f9a2e9ff2e834de9970cd1125ab30f77 - - default default] 10.0.0.163 "GET /v2.0/security-groups HTTP/1.1" status: 200 len: 16803 time: 0.0447049
2026-08-05 08:11:12.737 9 INFO neutron.wsgi [None req-5fd42852-f8f7-4037-866e-d5051a51244e bad9087eb07a46fcaa754ad35477751f f9a2e9ff2e834de9970cd1125ab30f77 - - default default] 10.0.0.163 "GET /v2.0/floatingips HTTP/1.1" status: 200 len: 193 time: 0.0186195
2026-08-05 08:11:12.764 9 INFO neutron.wsgi [None req-06d12a59-7e8f-4e08-a043-4d20a96af98e bad9087eb07a46fcaa754ad35477751f f9a2e9ff2e834de9970cd1125ab30f77 - - default default] 10.0.0.163 "GET /v2.0/subnets HTTP/1.1" status: 200 len: 1437 time: 0.0261021
2026-08-05 08:11:12.793 9 INFO neutron.wsgi [None req-5a155b07-4801-4b74-9193-888915d050b0 bad9087eb07a46fcaa754ad35477751f f9a2e9ff2e834de9970cd1125ab30f77 - - default default] 10.0.0.163 "GET /v2.0/ports HTTP/1.1" status: 200 len: 5349 time: 0.0285072
2026-08-05 08:11:12.805 9 INFO neutron.wsgi [None req-e32a7617-7f0d-4e4d-9b68-ab7c147790b2 bad9087eb07a46fcaa754ad35477751f f9a2e9ff2e834de9970cd1125ab30f77 - - default default] 10.0.0.163 "GET /v2.0/agents HTTP/1.1" status: 200 len: 997 time: 0.0097406
2026-08-05 08:11:12.814 9 INFO neutron.wsgi [None req-1c4ff109-89e9-4dea-b5c4-dbeca1e82d1f bad9087eb07a46fcaa754ad35477751f f9a2e9ff2e834de9970cd1125ab30f77 - - default default] 10.0.0.163 "GET /v2.0/network-ip-availabilities HTTP/1.1" status: 200 len: 1280 time: 0.0077598
2026-08-05 08:11:12.842 9 INFO neutron.wsgi [None req-396e63c9-9e96-4c50-a04b-089bfa404f1f bad9087eb07a46fcaa754ad35477751f f9a2e9ff2e834de9970cd1125ab30f77 - - default default] 10.0.0.163 "GET /v2.0/subnets HTTP/1.1" status: 200 len: 1437 time: 0.0271423
2026-08-05 08:11:12.851 9 INFO neutron.wsgi [None req-55709858-b67c-4dcd-bb8c-31a307256b26 bad9087eb07a46fcaa754ad35477751f f9a2e9ff2e834de9970cd1125ab30f77 - - default default] 10.0.0.163 "GET /v2.0/subnetpools HTTP/1.1" status: 200 len: 193 time: 0.0082693
2026-08-05 08:11:19.142 10 INFO neutron.wsgi [-] 10.0.0.69 "GET / HTTP/1.1" status: 200 len: 245 time: 0.0026524
2026-08-05 08:11:19.143 9 INFO neutron.wsgi [-] 10.0.0.69 "GET / HTTP/1.1" status: 200 len: 245 time: 0.0026886
2026-08-05 08:11:34.142 10 INFO neutron.wsgi [-] 10.0.0.69 "GET / HTTP/1.1" status: 200 len: 245 time: 0.0022323
2026-08-05 08:11:34.145 10 INFO neutron.wsgi [-] 10.0.0.69 "GET / HTTP/1.1" status: 200 len: 245 time: 0.0023947
2026-08-05 08:11:49.142 10 INFO neutron.wsgi [-] 10.0.0.69 "GET / HTTP/1.1" status: 200 len: 245 time: 0.0016580
2026-08-05 08:11:49.146 9 INFO neutron.wsgi [-] 10.0.0.69 "GET / HTTP/1.1" status: 200 len: 245 time: 0.0059998
2026-08-05 08:12:04.142 10 INFO neutron.wsgi [-] 10.0.0.69 "GET / HTTP/1.1" status: 200 len: 245 time: 0.0021780
2026-08-05 08:12:04.143 9 INFO neutron.wsgi [-] 10.0.0.69 "GET / HTTP/1.1" status: 200 len: 245 time: 0.0026491
2026-08-05 08:12:12.543 9 INFO neutron.wsgi [None req-f797dc07-f4ad-4dd7-b492-28be8846cdb1 bad9087eb07a46fcaa754ad35477751f f9a2e9ff2e834de9970cd1125ab30f77 - - default default] 10.0.0.163 "GET /v2.0/floatingips HTTP/1.1" status: 200 len: 193 time: 0.0608225
2026-08-05 08:12:12.561 9 INFO neutron.wsgi [None req-450c1177-3f1e-4887-9e5a-0aa7bc0103b9 bad9087eb07a46fcaa754ad35477751f f9a2e9ff2e834de9970cd1125ab30f77 - - default default] 10.0.0.163 "GET /v2.0/routers HTTP/1.1" status: 200 len: 189 time: 0.0174649
2026-08-05 08:12:12.581 9 INFO neutron.wsgi [None req-b9463894-1433-4c6f-b061-8c28776da2f4 bad9087eb07a46fcaa754ad35477751f f9a2e9ff2e834de9970cd1125ab30f77 - - default default] 10.0.0.163 "GET /v2.0/agents?binary=ovn-controller HTTP/1.1" status: 200 len: 591 time: 0.0188456
2026-08-05 08:12:12.588 9 INFO neutron.wsgi [None req-99753e1e-4ea1-456e-962e-edb347942517 bad9087eb07a46fcaa754ad35477751f f9a2e9ff2e834de9970cd1125ab30f77 - - default default] 10.0.0.163 "GET /v2.0/agents HTTP/1.1" status: 200 len: 997 time: 0.0070534
2026-08-05 08:12:12.600 9 INFO neutron.wsgi [None req-c5debc12-fa19-48e5-aa8c-cfd1151daa3a bad9087eb07a46fcaa754ad35477751f f9a2e9ff2e834de9970cd1125ab30f77 - - default default] 10.0.0.163 "GET /v2.0/network-ip-availabilities HTTP/1.1" status: 200 len: 1280 time: 0.0105271
2026-08-05 08:12:12.632 9 INFO neutron.wsgi [None req-3f1b8cd1-3f1f-4f53-a176-6f67bf061a38 bad9087eb07a46fcaa754ad35477751f f9a2e9ff2e834de9970cd1125ab30f77 - - default default] 10.0.0.163 "GET /v2.0/subnets HTTP/1.1" status: 200 len: 1437 time: 0.0308790
2026-08-05 08:12:12.642 9 INFO neutron.wsgi [None req-a8c8a669-1477-4a38-820f-48be857ff357 bad9087eb07a46fcaa754ad35477751f f9a2e9ff2e834de9970cd1125ab30f77 - - default default] 10.0.0.163 "GET /v2.0/subnetpools HTTP/1.1" status: 200 len: 193 time: 0.0094166
2026-08-05 08:12:12.686 9 INFO neutron.wsgi [None req-c4699bbd-3f76-4d23-a2b6-659af68ed5df bad9087eb07a46fcaa754ad35477751f f9a2e9ff2e834de9970cd1125ab30f77 - - default default] 10.0.0.163 "GET /v2.0/security-groups HTTP/1.1" status: 200 len: 16803 time: 0.0425167
2026-08-05 08:12:12.728 9 INFO neutron.wsgi [None req-29821489-9a04-49fb-bde1-408415056f2a bad9087eb07a46fcaa754ad35477751f f9a2e9ff2e834de9970cd1125ab30f77 - - default default] 10.0.0.163 "GET /v2.0/subnets HTTP/1.1" status: 200 len: 1437 time: 0.0345945
2026-08-05 08:12:12.758 9 INFO neutron.wsgi [None req-e5151b12-cb23-4726-8cc9-9782e3ef1dc8 bad9087eb07a46fcaa754ad35477751f f9a2e9ff2e834de9970cd1125ab30f77 - - default default] 10.0.0.163 "GET /v2.0/ports HTTP/1.1" status: 200 len: 5349 time: 0.0283432
2026-08-05 08:12:12.826 9 INFO neutron.wsgi [None req-21e9c6d3-e63b-4625-b31b-d40a49879882 bad9087eb07a46fcaa754ad35477751f f9a2e9ff2e834de9970cd1125ab30f77 - - default default] 10.0.0.163 "GET /v2.0/networks HTTP/1.1" status: 200 len: 2350 time: 0.0647912
2026-08-05 08:12:19.141 10 INFO neutron.wsgi [-] 10.0.0.69 "GET / HTTP/1.1" status: 200 len: 245 time: 0.0013249
2026-08-05 08:12:19.143 10 INFO neutron.wsgi [-] 10.0.0.69 "GET / HTTP/1.1" status: 200 len: 245 time: 0.0008838
2026-08-05 08:12:34.141 9 INFO neutron.wsgi [-] 10.0.0.69 "GET / HTTP/1.1" status: 200 len: 245 time: 0.0017388
2026-08-05 08:12:34.143 10 INFO neutron.wsgi [-] 10.0.0.69 "GET / HTTP/1.1" status: 200 len: 245 time: 0.0031981
2026-08-05 08:12:49.142 9 INFO neutron.wsgi [-] 10.0.0.69 "GET / HTTP/1.1" status: 200 len: 245 time: 0.0025282
2026-08-05 08:12:49.143 10 INFO neutron.wsgi [-] 10.0.0.69 "GET / HTTP/1.1" status: 200 len: 245 time: 0.0031047
2026-08-05 08:13:04.141 10 INFO neutron.wsgi [-] 10.0.0.69 "GET / HTTP/1.1" status: 200 len: 245 time: 0.0015783
2026-08-05 08:13:04.144 9 INFO neutron.wsgi [-] 10.0.0.69 "GET / HTTP/1.1" status: 200 len: 245 time: 0.0042017
2026-08-05 08:13:12.670 9 INFO neutron.wsgi [None req-9b537213-5280-44d7-8bc4-af7383a8ae36 bad9087eb07a46fcaa754ad35477751f f9a2e9ff2e834de9970cd1125ab30f77 - - default default] 10.0.0.163 "GET /v2.0/networks HTTP/1.1" status: 200 len: 2350 time: 0.1472948
2026-08-05 08:13:12.737 9 INFO neutron.wsgi [None req-7e8d4a54-8974-4394-b18b-e262c5c60e67 bad9087eb07a46fcaa754ad35477751f f9a2e9ff2e834de9970cd1125ab30f77 - - default default] 10.0.0.163 "GET /v2.0/agents HTTP/1.1" status: 200 len: 997 time: 0.0658112
2026-08-05 08:13:12.756 9 INFO neutron.wsgi [None req-a8a1adc6-b187-4a65-9341-df79d8a7a2f2 bad9087eb07a46fcaa754ad35477751f f9a2e9ff2e834de9970cd1125ab30f77 - - default default] 10.0.0.163 "GET /v2.0/network-ip-availabilities HTTP/1.1" status: 200 len: 1280 time: 0.0158298
2026-08-05 08:13:12.803 9 INFO neutron.wsgi [None req-dc163c5a-6ebb-4a57-8b57-cbb1840472d6 bad9087eb07a46fcaa754ad35477751f f9a2e9ff2e834de9970cd1125ab30f77 - - default default] 10.0.0.163 "GET /v2.0/subnets HTTP/1.1" status: 200 len: 1437 time: 0.0462985
2026-08-05 08:13:12.821 9 INFO neutron.wsgi [None req-746779fe-ff3f-42cd-b1ab-9ae1aa60284a bad9087eb07a46fcaa754ad35477751f f9a2e9ff2e834de9970cd1125ab30f77 - - default default] 10.0.0.163 "GET /v2.0/subnetpools HTTP/1.1" status: 200 len: 193 time: 0.0169523
2026-08-05 08:13:12.852 9 INFO neutron.wsgi [None req-d8e7f325-9d78-4fee-99f6-04d569ed8ef9 bad9087eb07a46fcaa754ad35477751f f9a2e9ff2e834de9970cd1125ab30f77 - - default default] 10.0.0.163 "GET /v2.0/floatingips HTTP/1.1" status: 200 len: 193 time: 0.0302680
2026-08-05 08:13:12.880 9 INFO neutron.wsgi [None req-8e633c0b-d3af-42c3-9b44-e59d40b7b89f bad9087eb07a46fcaa754ad35477751f f9a2e9ff2e834de9970cd1125ab30f77 - - default default] 10.0.0.163 "GET /v2.0/subnets HTTP/1.1" status: 200 len: 1437 time: 0.0275762
2026-08-05 08:13:12.906 9 INFO neutron.wsgi [None req-8ae2703d-04dc-4940-8bf6-14a1ca35596b bad9087eb07a46fcaa754ad35477751f f9a2e9ff2e834de9970cd1125ab30f77 - - default default] 10.0.0.163 "GET /v2.0/routers HTTP/1.1" status: 200 len: 189 time: 0.0198059
2026-08-05 08:13:12.915 9 INFO neutron.wsgi [None req-26c63263-d83e-44df-b25b-8b86dfd8d268 bad9087eb07a46fcaa754ad35477751f f9a2e9ff2e834de9970cd1125ab30f77 - - default default] 10.0.0.163 "GET /v2.0/agents?binary=ovn-controller HTTP/1.1" status: 200 len: 591 time: 0.0077517
2026-08-05 08:13:12.967 9 INFO neutron.wsgi [None req-839a4ca1-7f1c-4503-bdcd-b25705337061 bad9087eb07a46fcaa754ad35477751f f9a2e9ff2e834de9970cd1125ab30f77 - - default default] 10.0.0.163 "GET /v2.0/security-groups HTTP/1.1" status: 200 len: 16803 time: 0.0495107
2026-08-05 08:13:13.004 9 INFO neutron.wsgi [None req-d012306c-1aba-4016-a4c6-c2476088cac2 bad9087eb07a46fcaa754ad35477751f f9a2e9ff2e834de9970cd1125ab30f77 - - default default] 10.0.0.163 "GET /v2.0/ports HTTP/1.1" status: 200 len: 5349 time: 0.0340424
2026-08-05 08:13:19.142 9 INFO neutron.wsgi [-] 10.0.0.69 "GET / HTTP/1.1" status: 200 len: 245 time: 0.0024042
2026-08-05 08:13:19.143 10 INFO neutron.wsgi [-] 10.0.0.69 "GET / HTTP/1.1" status: 200 len: 245 time: 0.0025570
2026-08-05 08:13:34.142 10 INFO neutron.wsgi [-] 10.0.0.69 "GET / HTTP/1.1" status: 200 len: 245 time: 0.0016818
2026-08-05 08:13:34.143 9 INFO neutron.wsgi [-] 10.0.0.69 "GET / HTTP/1.1" status: 200 len: 245 time: 0.0024996
2026-08-05 08:13:49.144 10 INFO neutron.wsgi [-] 10.0.0.69 "GET / HTTP/1.1" status: 200 len: 245 time: 0.0038135
2026-08-05 08:13:49.144 9 INFO neutron.wsgi [-] 10.0.0.69 "GET / HTTP/1.1" status: 200 len: 245 time: 0.0039105
2026-08-05 08:14:04.144 9 INFO neutron.wsgi [-] 10.0.0.69 "GET / HTTP/1.1" status: 200 len: 245 time: 0.0038605
2026-08-05 08:14:04.146 9 INFO neutron.wsgi [-] 10.0.0.69 "GET / HTTP/1.1" status: 200 len: 245 time: 0.0017593
2026-08-05 08:14:12.522 9 INFO neutron.wsgi [None req-df2184ff-f23a-4485-99be-91ce35d56288 bad9087eb07a46fcaa754ad35477751f f9a2e9ff2e834de9970cd1125ab30f77 - - default default] 10.0.0.163 "GET /v2.0/network-ip-availabilities HTTP/1.1" status: 200 len: 1280 time: 0.0477800
2026-08-05 08:14:12.552 9 INFO neutron.wsgi [None req-065d6ee9-fe8c-4448-94a1-31998f9fa670 bad9087eb07a46fcaa754ad35477751f f9a2e9ff2e834de9970cd1125ab30f77 - - default default] 10.0.0.163 "GET /v2.0/ports HTTP/1.1" status: 200 len: 5349 time: 0.0294631
2026-08-05 08:14:12.627 9 INFO neutron.wsgi [None req-dc5f543a-e674-4ed0-8ecc-14423c62ec81 bad9087eb07a46fcaa754ad35477751f f9a2e9ff2e834de9970cd1125ab30f77 - - default default] 10.0.0.163 "GET /v2.0/subnets HTTP/1.1" status: 200 len: 1437 time: 0.0718620
2026-08-05 08:14:12.638 9 INFO neutron.wsgi [None req-9b365d1a-4355-4c0f-a8a0-75fdda0db5c3 bad9087eb07a46fcaa754ad35477751f f9a2e9ff2e834de9970cd1125ab30f77 - - default default] 10.0.0.163 "GET /v2.0/subnetpools HTTP/1.1" status: 200 len: 193 time: 0.0091939
2026-08-05 08:14:12.680 9 INFO neutron.wsgi [None req-26fb5bb0-253d-410f-b3b0-ca8925715ff2 bad9087eb07a46fcaa754ad35477751f f9a2e9ff2e834de9970cd1125ab30f77 - - default default] 10.0.0.163 "GET /v2.0/security-groups HTTP/1.1" status: 200 len: 16803 time: 0.0412331
2026-08-05 08:14:12.716 9 INFO neutron.wsgi [None req-cbe691d9-b298-47b8-b17c-de60c4d85f60 bad9087eb07a46fcaa754ad35477751f f9a2e9ff2e834de9970cd1125ab30f77 - - default default] 10.0.0.163 "GET /v2.0/subnets HTTP/1.1" status: 200 len: 1437 time: 0.0307710
2026-08-05 08:14:12.737 9 INFO neutron.wsgi [None req-1899e33f-072f-4004-9eca-e179a6d90c66 bad9087eb07a46fcaa754ad35477751f f9a2e9ff2e834de9970cd1125ab30f77 - - default default] 10.0.0.163 "GET /v2.0/floatingips HTTP/1.1" status: 200 len: 193 time: 0.0191698
2026-08-05 08:14:12.796 9 INFO neutron.wsgi [None req-a6736d11-09b7-411d-848d-a274fabe9134 bad9087eb07a46fcaa754ad35477751f f9a2e9ff2e834de9970cd1125ab30f77 - - default default] 10.0.0.163 "GET /v2.0/networks HTTP/1.1" status: 200 len: 2350 time: 0.0581379
2026-08-05 08:14:12.821 9 INFO neutron.wsgi [None req-7df7bacc-aeb0-4938-bef4-52944508a659 bad9087eb07a46fcaa754ad35477751f f9a2e9ff2e834de9970cd1125ab30f77 - - default default] 10.0.0.163 "GET /v2.0/routers HTTP/1.1" status: 200 len: 189 time: 0.0204685
2026-08-05 08:14:12.850 9 INFO neutron.wsgi [None req-fd4576e2-ae4c-4cc6-8d8a-540285ad7b1e bad9087eb07a46fcaa754ad35477751f f9a2e9ff2e834de9970cd1125ab30f77 - - default default] 10.0.0.163 "GET /v2.0/agents?binary=ovn-controller HTTP/1.1" status: 200 len: 591 time: 0.0277538
2026-08-05 08:14:12.860 9 INFO neutron.wsgi [None req-ec8a39a0-9944-4584-afbe-009e5d1681be bad9087eb07a46fcaa754ad35477751f f9a2e9ff2e834de9970cd1125ab30f77 - - default default] 10.0.0.163 "GET /v2.0/agents HTTP/1.1" status: 200 len: 997 time: 0.0093923
2026-08-05 08:14:19.141 10 INFO neutron.wsgi [-] 10.0.0.69 "GET / HTTP/1.1" status: 200 len: 245 time: 0.0014155
2026-08-05 08:14:19.142 10 INFO neutron.wsgi [-] 10.0.0.69 "GET / HTTP/1.1" status: 200 len: 245 time: 0.0008676
2026-08-05 08:14:34.141 9 INFO neutron.wsgi [-] 10.0.0.69 "GET / HTTP/1.1" status: 200 len: 245 time: 0.0013378
2026-08-05 08:14:34.143 9 INFO neutron.wsgi [-] 10.0.0.69 "GET / HTTP/1.1" status: 200 len: 245 time: 0.0008652
2026-08-05 08:14:49.143 10 INFO neutron.wsgi [-] 10.0.0.69 "GET / HTTP/1.1" status: 200 len: 245 time: 0.0031118
2026-08-05 08:14:49.146 9 INFO neutron.wsgi [-] 10.0.0.69 "GET / HTTP/1.1" status: 200 len: 245 time: 0.0064423
2026-08-05 08:15:04.141 9 INFO neutron.wsgi [-] 10.0.0.69 "GET / HTTP/1.1" status: 200 len: 245 time: 0.0016465
2026-08-05 08:15:04.143 10 INFO neutron.wsgi [-] 10.0.0.69 "GET / HTTP/1.1" status: 200 len: 245 time: 0.0031724
2026-08-05 08:15:12.634 9 INFO neutron.wsgi [None req-9e3dd88b-158b-4610-b234-6c2876ad3f65 bad9087eb07a46fcaa754ad35477751f f9a2e9ff2e834de9970cd1125ab30f77 - - default default] 10.0.0.163 "GET /v2.0/routers HTTP/1.1" status: 200 len: 189 time: 0.1602330
2026-08-05 08:15:12.672 9 INFO neutron.wsgi [None req-d1036e12-96c5-40de-b5a0-e50536a04963 bad9087eb07a46fcaa754ad35477751f f9a2e9ff2e834de9970cd1125ab30f77 - - default default] 10.0.0.163 "GET /v2.0/agents?binary=ovn-controller HTTP/1.1" status: 200 len: 591 time: 0.0371768
2026-08-05 08:15:12.684 9 INFO neutron.wsgi [None req-74a97663-65b0-4034-a28e-336d37ebc37a bad9087eb07a46fcaa754ad35477751f f9a2e9ff2e834de9970cd1125ab30f77 - - default default] 10.0.0.163 "GET /v2.0/agents HTTP/1.1" status: 200 len: 997 time: 0.0093749
2026-08-05 08:15:12.739 9 INFO neutron.wsgi [None req-20b86868-0a45-443f-8737-6e3ff413a5d7 bad9087eb07a46fcaa754ad35477751f f9a2e9ff2e834de9970cd1125ab30f77 - - default default] 10.0.0.163 "GET /v2.0/networks HTTP/1.1" status: 200 len: 2350 time: 0.0542135
2026-08-05 08:15:12.752 9 INFO neutron.wsgi [None req-4807a97b-4aa1-4d16-8580-727d9ef71b2b bad9087eb07a46fcaa754ad35477751f f9a2e9ff2e834de9970cd1125ab30f77 - - default default] 10.0.0.163 "GET /v2.0/network-ip-availabilities HTTP/1.1" status: 200 len: 1280 time: 0.0101352
2026-08-05 08:15:12.805 9 INFO neutron.wsgi [None req-c4b1af9d-97bf-4165-82aa-91ee76ec0696 bad9087eb07a46fcaa754ad35477751f f9a2e9ff2e834de9970cd1125ab30f77 - - default default] 10.0.0.163 "GET /v2.0/subnets HTTP/1.1" status: 200 len: 1437 time: 0.0446601
2026-08-05 08:15:12.832 9 INFO neutron.wsgi [None req-c8f3e2a1-10c8-4e83-a238-09b1641c70f1 bad9087eb07a46fcaa754ad35477751f f9a2e9ff2e834de9970cd1125ab30f77 - - default default] 10.0.0.163 "GET /v2.0/ports HTTP/1.1" status: 200 len: 5349 time: 0.0254369
2026-08-05 08:15:12.862 9 INFO neutron.wsgi [None req-b16ee2e6-ca34-4292-97f3-94277bc6d564 bad9087eb07a46fcaa754ad35477751f f9a2e9ff2e834de9970cd1125ab30f77 - - default default] 10.0.0.163 "GET /v2.0/subnets HTTP/1.1" status: 200 len: 1437 time: 0.0265064
2026-08-05 08:15:12.870 9 INFO neutron.wsgi [None req-245cbe87-05a5-4651-a4e0-d23bbce29cd3 bad9087eb07a46fcaa754ad35477751f f9a2e9ff2e834de9970cd1125ab30f77 - - default default] 10.0.0.163 "GET /v2.0/subnetpools HTTP/1.1" status: 200 len: 193 time: 0.0067418
2026-08-05 08:15:12.888 9 INFO neutron.wsgi [None req-11a2f140-d4ca-4285-8f4b-534aa0623d3c bad9087eb07a46fcaa754ad35477751f f9a2e9ff2e834de9970cd1125ab30f77 - - default default] 10.0.0.163 "GET /v2.0/floatingips HTTP/1.1" status: 200 len: 193 time: 0.0174093
2026-08-05 08:15:12.928 9 INFO neutron.wsgi [None req-506cc92b-9a15-4b96-9f48-8023a9fb09ab bad9087eb07a46fcaa754ad35477751f f9a2e9ff2e834de9970cd1125ab30f77 - - default default] 10.0.0.163 "GET /v2.0/security-groups HTTP/1.1" status: 200 len: 16803 time: 0.0397754
2026-08-05 08:15:19.143 10 INFO neutron.wsgi [-] 10.0.0.69 "GET / HTTP/1.1" status: 200 len: 245 time: 0.0023594
2026-08-05 08:15:19.143 9 INFO neutron.wsgi [-] 10.0.0.69 "GET / HTTP/1.1" status: 200 len: 245 time: 0.0025861
2026-08-05 08:15:34.144 9 INFO neutron.wsgi [-] 10.0.0.69 "GET / HTTP/1.1" status: 200 len: 245 time: 0.0024636
2026-08-05 08:15:34.146 9 INFO neutron.wsgi [-] 10.0.0.69 "GET / HTTP/1.1" status: 200 len: 245 time: 0.0012174
2026-08-05 08:15:49.143 9 INFO neutron.wsgi [-] 10.0.0.69 "GET / HTTP/1.1" status: 200 len: 245 time: 0.0027609
2026-08-05 08:15:49.146 9 INFO neutron.wsgi [-] 10.0.0.69 "GET / HTTP/1.1" status: 200 len: 245 time: 0.0015256
2026-08-05 08:16:04.141 10 INFO neutron.wsgi [-] 10.0.0.69 "GET / HTTP/1.1" status: 200 len: 245 time: 0.0016031
2026-08-05 08:16:04.142 9 INFO neutron.wsgi [-] 10.0.0.69 "GET / HTTP/1.1" status: 200 len: 245 time: 0.0022273
2026-08-05 08:16:12.616 9 INFO neutron.wsgi [None req-7391f560-e9d6-4d12-8578-23d918bd0a1c bad9087eb07a46fcaa754ad35477751f f9a2e9ff2e834de9970cd1125ab30f77 - - default default] 10.0.0.163 "GET /v2.0/agents HTTP/1.1" status: 200 len: 997 time: 0.0739365
2026-08-05 08:16:12.634 9 INFO neutron.wsgi [None req-8cab3018-9d3e-45a0-88a6-6dd71e191fea bad9087eb07a46fcaa754ad35477751f f9a2e9ff2e834de9970cd1125ab30f77 - - default default] 10.0.0.163 "GET /v2.0/floatingips HTTP/1.1" status: 200 len: 193 time: 0.0169389
2026-08-05 08:16:12.678 9 INFO neutron.wsgi [None req-37dd94d9-ef92-4bbf-9382-4e0ef198fc84 bad9087eb07a46fcaa754ad35477751f f9a2e9ff2e834de9970cd1125ab30f77 - - default default] 10.0.0.163 "GET /v2.0/security-groups HTTP/1.1" status: 200 len: 16803 time: 0.0439270
2026-08-05 08:16:12.704 9 INFO neutron.wsgi [None req-04b8e9ba-0964-4b26-9cdf-5320a885926a bad9087eb07a46fcaa754ad35477751f f9a2e9ff2e834de9970cd1125ab30f77 - - default default] 10.0.0.163 "GET /v2.0/routers HTTP/1.1" status: 200 len: 189 time: 0.0196371
2026-08-05 08:16:12.716 9 INFO neutron.wsgi [None req-a9543e15-5304-463c-ba8a-7fd442007ed9 bad9087eb07a46fcaa754ad35477751f f9a2e9ff2e834de9970cd1125ab30f77 - - default default] 10.0.0.163 "GET /v2.0/agents?binary=ovn-controller HTTP/1.1" status: 200 len: 591 time: 0.0095232
2026-08-05 08:16:12.726 9 INFO neutron.wsgi [None req-15adfa2d-a980-4e02-94af-a261cf7e0ac0 bad9087eb07a46fcaa754ad35477751f f9a2e9ff2e834de9970cd1125ab30f77 - - default default] 10.0.0.163 "GET /v2.0/network-ip-availabilities HTTP/1.1" status: 200 len: 1280 time: 0.0091918
2026-08-05 08:16:12.759 9 INFO neutron.wsgi [None req-6a6675aa-e17e-4644-aaa3-27e73da85a18 bad9087eb07a46fcaa754ad35477751f f9a2e9ff2e834de9970cd1125ab30f77 - - default default] 10.0.0.163 "GET /v2.0/subnets HTTP/1.1" status: 200 len: 1437 time: 0.0319731
2026-08-05 08:16:12.767 9 INFO neutron.wsgi [None req-000fb0f2-6df1-4259-94d1-f0992219fa39 bad9087eb07a46fcaa754ad35477751f f9a2e9ff2e834de9970cd1125ab30f77 - - default default] 10.0.0.163 "GET /v2.0/subnetpools HTTP/1.1" status: 200 len: 193 time: 0.0068567
2026-08-05 08:16:12.793 9 INFO neutron.wsgi [None req-75ea77b0-7cf5-4086-a339-13cdf847e2ad bad9087eb07a46fcaa754ad35477751f f9a2e9ff2e834de9970cd1125ab30f77 - - default default] 10.0.0.163 "GET /v2.0/subnets HTTP/1.1" status: 200 len: 1437 time: 0.0258360
2026-08-05 08:16:12.857 9 INFO neutron.wsgi [None req-7882ceb8-e4fa-4977-81c7-8e66dd82a845 bad9087eb07a46fcaa754ad35477751f f9a2e9ff2e834de9970cd1125ab30f77 - - default default] 10.0.0.163 "GET /v2.0/networks HTTP/1.1" status: 200 len: 2350 time: 0.0618062
2026-08-05 08:16:12.892 9 INFO neutron.wsgi [None req-c9279a99-6207-43aa-b077-21c263abfca4 bad9087eb07a46fcaa754ad35477751f f9a2e9ff2e834de9970cd1125ab30f77 - - default default] 10.0.0.163 "GET /v2.0/ports HTTP/1.1" status: 200 len: 5349 time: 0.0328987
2026-08-05 08:16:19.141 10 INFO neutron.wsgi [-] 10.0.0.69 "GET / HTTP/1.1" status: 200 len: 245 time: 0.0016177
2026-08-05 08:16:19.142 9 INFO neutron.wsgi [-] 10.0.0.69 "GET / HTTP/1.1" status: 200 len: 245 time: 0.0022769
2026-08-05 08:16:34.142 9 INFO neutron.wsgi [-] 10.0.0.69 "GET / HTTP/1.1" status: 200 len: 245 time: 0.0022969
2026-08-05 08:16:34.142 10 INFO neutron.wsgi [-] 10.0.0.69 "GET / HTTP/1.1" status: 200 len: 245 time: 0.0027020
2026-08-05 08:16:49.143 9 INFO neutron.wsgi [-] 10.0.0.69 "GET / HTTP/1.1" status: 200 len: 245 time: 0.0031233
2026-08-05 08:16:49.145 9 INFO neutron.wsgi [-] 10.0.0.69 "GET / HTTP/1.1" status: 200 len: 245 time: 0.0011735
2026-08-05 08:17:04.145 10 INFO neutron.wsgi [-] 10.0.0.69 "GET / HTTP/1.1" status: 200 len: 245 time: 0.0026343
2026-08-05 08:17:04.145 9 INFO neutron.wsgi [-] 10.0.0.69 "GET / HTTP/1.1" status: 200 len: 245 time: 0.0026073
2026-08-05 08:17:08.619 9 INFO neutron.wsgi [None req-fd3dc454-6ff8-4c2a-b364-e2f2d6852af4 bad9087eb07a46fcaa754ad35477751f f9a2e9ff2e834de9970cd1125ab30f77 - - default default] 199.204.45.35,10.0.0.69 "GET /v2.0/networks HTTP/1.1" status: 200 len: 2350 time: 0.1078196
2026-08-05 08:17:09.627 9 INFO neutron.wsgi [None req-35e811b7-226f-425e-aff2-e3748f44f6d3 bad9087eb07a46fcaa754ad35477751f f9a2e9ff2e834de9970cd1125ab30f77 - - default default] 199.204.45.35,10.0.0.69 "GET /v2.0/subnets HTTP/1.1" status: 200 len: 1437 time: 0.0556026
2026-08-05 08:17:09.677 9 INFO neutron.wsgi [None req-034b7ab4-4649-44b4-92f6-d9d3226e1764 bad9087eb07a46fcaa754ad35477751f f9a2e9ff2e834de9970cd1125ab30f77 - - default default] 199.204.45.35,10.0.0.69 "GET /v2.0/networks HTTP/1.1" status: 200 len: 2350 time: 0.0459890
2026-08-05 08:17:12.627 9 INFO neutron.wsgi [None req-8a0e15a7-543f-4a5f-b774-738c832c2a5a bad9087eb07a46fcaa754ad35477751f f9a2e9ff2e834de9970cd1125ab30f77 - - default default] 10.0.0.163 "GET /v2.0/security-groups HTTP/1.1" status: 200 len: 16803 time: 0.1227987
2026-08-05 08:17:12.679 9 INFO neutron.wsgi [None req-85e61a9c-5343-4af8-af68-3a4f2a36dba9 bad9087eb07a46fcaa754ad35477751f f9a2e9ff2e834de9970cd1125ab30f77 - - default default] 10.0.0.163 "GET /v2.0/ports HTTP/1.1" status: 200 len: 5349 time: 0.0430768
2026-08-05 08:17:12.703 9 INFO neutron.wsgi [None req-1f77a8eb-56e8-4627-a74c-ea5aa922438a bad9087eb07a46fcaa754ad35477751f f9a2e9ff2e834de9970cd1125ab30f77 - - default default] 10.0.0.163 "GET /v2.0/routers HTTP/1.1" status: 200 len: 189 time: 0.0201154
2026-08-05 08:17:12.744 9 INFO neutron.wsgi [None req-9e090236-6274-4e01-b8b4-0aa71e618850 bad9087eb07a46fcaa754ad35477751f f9a2e9ff2e834de9970cd1125ab30f77 - - default default] 10.0.0.163 "GET /v2.0/agents?binary=ovn-controller HTTP/1.1" status: 200 len: 591 time: 0.0405650
2026-08-05 08:17:12.753 9 INFO neutron.wsgi [None req-88efdc9c-bbef-4ed6-9f76-2d230df91768 bad9087eb07a46fcaa754ad35477751f f9a2e9ff2e834de9970cd1125ab30f77 - - default default] 10.0.0.163 "GET /v2.0/agents HTTP/1.1" status: 200 len: 997 time: 0.0077446
