2026-08-05 08:36:12.889 9 INFO neutron.wsgi [None req-a7ce13a6-2425-494f-9fe7-666dccfc4084 bad9087eb07a46fcaa754ad35477751f f9a2e9ff2e834de9970cd1125ab30f77 - - default default] 10.0.0.163 "GET /v2.0/subnets HTTP/1.1" status: 200 len: 1437 time: 0.0360198
2026-08-05 08:36:12.925 9 INFO neutron.wsgi [None req-ef777a79-4b8f-4cbb-bfbf-fcc5526014b3 bad9087eb07a46fcaa754ad35477751f f9a2e9ff2e834de9970cd1125ab30f77 - - default default] 10.0.0.163 "GET /v2.0/ports HTTP/1.1" status: 200 len: 5349 time: 0.0345299
2026-08-05 08:36:19.143 9 INFO neutron.wsgi [-] 10.0.0.69 "GET / HTTP/1.1" status: 200 len: 245 time: 0.0024405
2026-08-05 08:36:19.143 10 INFO neutron.wsgi [-] 10.0.0.69 "GET / HTTP/1.1" status: 200 len: 245 time: 0.0028851
2026-08-05 08:36:34.143 9 INFO neutron.wsgi [-] 10.0.0.69 "GET / HTTP/1.1" status: 200 len: 245 time: 0.0029523
2026-08-05 08:36:34.143 10 INFO neutron.wsgi [-] 10.0.0.69 "GET / HTTP/1.1" status: 200 len: 245 time: 0.0029500
2026-08-05 08:36:49.143 10 INFO neutron.wsgi [-] 10.0.0.69 "GET / HTTP/1.1" status: 200 len: 245 time: 0.0030131
2026-08-05 08:36:49.143 9 INFO neutron.wsgi [-] 10.0.0.69 "GET / HTTP/1.1" status: 200 len: 245 time: 0.0034869
2026-08-05 08:37:04.143 10 INFO neutron.wsgi [-] 10.0.0.69 "GET / HTTP/1.1" status: 200 len: 245 time: 0.0023477
2026-08-05 08:37:04.143 9 INFO neutron.wsgi [-] 10.0.0.69 "GET / HTTP/1.1" status: 200 len: 245 time: 0.0026824
2026-08-05 08:37:12.822 9 INFO neutron.wsgi [None req-cf2395ea-b05b-4965-a9e3-f0ed229d82fe bad9087eb07a46fcaa754ad35477751f f9a2e9ff2e834de9970cd1125ab30f77 - - default default] 10.0.0.163 "GET /v2.0/security-groups HTTP/1.1" status: 200 len: 16803 time: 0.1825268
2026-08-05 08:37:12.867 9 INFO neutron.wsgi [None req-68eb38d3-9498-426e-9eab-5bda9cd6dbde bad9087eb07a46fcaa754ad35477751f f9a2e9ff2e834de9970cd1125ab30f77 - - default default] 10.0.0.163 "GET /v2.0/subnets HTTP/1.1" status: 200 len: 1437 time: 0.0413649
2026-08-05 08:37:12.886 9 INFO neutron.wsgi [None req-e2e91b6c-cb38-41e9-b01d-387a071e4305 bad9087eb07a46fcaa754ad35477751f f9a2e9ff2e834de9970cd1125ab30f77 - - default default] 10.0.0.163 "GET /v2.0/network-ip-availabilities HTTP/1.1" status: 200 len: 1280 time: 0.0145130
2026-08-05 08:37:12.955 9 INFO neutron.wsgi [None req-c893c8e8-2eeb-47b1-8fc2-7e5c3d92a17e bad9087eb07a46fcaa754ad35477751f f9a2e9ff2e834de9970cd1125ab30f77 - - default default] 10.0.0.163 "GET /v2.0/networks HTTP/1.1" status: 200 len: 2350 time: 0.0679898
2026-08-05 08:37:13.008 9 INFO neutron.wsgi [None req-c57ba6ff-55db-49c3-8d87-9a3bc7b678c0 bad9087eb07a46fcaa754ad35477751f f9a2e9ff2e834de9970cd1125ab30f77 - - default default] 10.0.0.163 "GET /v2.0/subnets HTTP/1.1" status: 200 len: 1437 time: 0.0474968
2026-08-05 08:37:13.020 9 INFO neutron.wsgi [None req-5569ed22-89b0-43c6-964f-61e688e31b2a bad9087eb07a46fcaa754ad35477751f f9a2e9ff2e834de9970cd1125ab30f77 - - default default] 10.0.0.163 "GET /v2.0/subnetpools HTTP/1.1" status: 200 len: 193 time: 0.0108621
2026-08-05 08:37:13.067 9 INFO neutron.wsgi [None req-718708b9-9bb8-4ae4-8d0b-19b1ae2528ef bad9087eb07a46fcaa754ad35477751f f9a2e9ff2e834de9970cd1125ab30f77 - - default default] 10.0.0.163 "GET /v2.0/routers HTTP/1.1" status: 200 len: 189 time: 0.0379026
2026-08-05 08:37:13.106 9 INFO neutron.wsgi [None req-10ccb9ed-164d-4e5a-8010-369fa54fe24a bad9087eb07a46fcaa754ad35477751f f9a2e9ff2e834de9970cd1125ab30f77 - - default default] 10.0.0.163 "GET /v2.0/agents?binary=ovn-controller HTTP/1.1" status: 200 len: 591 time: 0.0380993
2026-08-05 08:37:13.121 9 INFO neutron.wsgi [None req-52f50e8e-546c-485a-b22c-dad8eb40005d bad9087eb07a46fcaa754ad35477751f f9a2e9ff2e834de9970cd1125ab30f77 - - default default] 10.0.0.163 "GET /v2.0/agents HTTP/1.1" status: 200 len: 997 time: 0.0143545
2026-08-05 08:37:13.153 9 INFO neutron.wsgi [None req-8f73dfe1-2454-4777-ac1f-711727e29268 bad9087eb07a46fcaa754ad35477751f f9a2e9ff2e834de9970cd1125ab30f77 - - default default] 10.0.0.163 "GET /v2.0/floatingips HTTP/1.1" status: 200 len: 193 time: 0.0304248
2026-08-05 08:37:13.188 9 INFO neutron.wsgi [None req-88dcd665-4b43-4d64-b6bd-d3c7111ab6a0 bad9087eb07a46fcaa754ad35477751f f9a2e9ff2e834de9970cd1125ab30f77 - - default default] 10.0.0.163 "GET /v2.0/ports HTTP/1.1" status: 200 len: 5349 time: 0.0347893
2026-08-05 08:37:19.143 9 INFO neutron.wsgi [-] 10.0.0.69 "GET / HTTP/1.1" status: 200 len: 245 time: 0.0027704
2026-08-05 08:37:19.147 9 INFO neutron.wsgi [-] 10.0.0.69 "GET / HTTP/1.1" status: 200 len: 245 time: 0.0027823
2026-08-05 08:37:34.141 9 INFO neutron.wsgi [-] 10.0.0.69 "GET / HTTP/1.1" status: 200 len: 245 time: 0.0016901
2026-08-05 08:37:34.142 10 INFO neutron.wsgi [-] 10.0.0.69 "GET / HTTP/1.1" status: 200 len: 245 time: 0.0025108
2026-08-05 08:37:49.143 9 INFO neutron.wsgi [-] 10.0.0.69 "GET / HTTP/1.1" status: 200 len: 245 time: 0.0023291
2026-08-05 08:37:49.143 10 INFO neutron.wsgi [-] 10.0.0.69 "GET / HTTP/1.1" status: 200 len: 245 time: 0.0025997
2026-08-05 08:37:53.825 10 INFO neutron.db.ovn_revision_numbers_db [None req-d48be81c-5399-41d2-8bef-c8452f8ed3c3 bad9087eb07a46fcaa754ad35477751f f9a2e9ff2e834de9970cd1125ab30f77 - - default default] Successfully bumped revision number for resource a2d2aa32-4cb2-4dbd-9e9c-fb7d5de790e0 (type: security_groups) to 1
2026-08-05 08:37:53.842 10 INFO neutron.db.ovn_revision_numbers_db [None req-d48be81c-5399-41d2-8bef-c8452f8ed3c3 bad9087eb07a46fcaa754ad35477751f f9a2e9ff2e834de9970cd1125ab30f77 - - default default] Successfully bumped revision number for resource 3d0e8827-3ce1-4301-b63f-60007b895b82 (type: security_group_rules) to 0
2026-08-05 08:37:53.856 10 INFO neutron.db.ovn_revision_numbers_db [None req-d48be81c-5399-41d2-8bef-c8452f8ed3c3 bad9087eb07a46fcaa754ad35477751f f9a2e9ff2e834de9970cd1125ab30f77 - - default default] Successfully bumped revision number for resource 7156350b-aa3f-4005-ac77-b604eed01ed3 (type: security_group_rules) to 0
2026-08-05 08:37:53.872 10 INFO neutron.db.ovn_revision_numbers_db [None req-d48be81c-5399-41d2-8bef-c8452f8ed3c3 bad9087eb07a46fcaa754ad35477751f f9a2e9ff2e834de9970cd1125ab30f77 - - default default] Successfully bumped revision number for resource b14dcb56-b202-4ef5-9cfe-cd3dff326c5a (type: security_group_rules) to 0
2026-08-05 08:37:53.886 10 INFO neutron.db.ovn_revision_numbers_db [None req-d48be81c-5399-41d2-8bef-c8452f8ed3c3 bad9087eb07a46fcaa754ad35477751f f9a2e9ff2e834de9970cd1125ab30f77 - - default default] Successfully bumped revision number for resource ebfb06c5-e18d-4a2b-abb2-bfe9e0a86423 (type: security_group_rules) to 0
2026-08-05 08:37:53.908 10 INFO neutron.wsgi [None req-d48be81c-5399-41d2-8bef-c8452f8ed3c3 bad9087eb07a46fcaa754ad35477751f f9a2e9ff2e834de9970cd1125ab30f77 - - default default] 10.0.0.211 "GET /v2.0/security-groups?tenant_id=3ac376669ff0431e9f31cc45f3eb72f1&name=default HTTP/1.1" status: 200 len: 3000 time: 0.4016762
2026-08-05 08:37:54.136 9 INFO neutron.wsgi [None req-cee9480e-07f6-40de-bf37-964531ac1504 bad9087eb07a46fcaa754ad35477751f f9a2e9ff2e834de9970cd1125ab30f77 - - default default] 10.0.0.211 "DELETE /v2.0/security-groups/a2d2aa32-4cb2-4dbd-9e9c-fb7d5de790e0 HTTP/1.1" status: 204 len: 168 time: 0.2182369
2026-08-05 08:37:54.358 9 INFO neutron.db.ovn_revision_numbers_db [None req-850c42f5-8314-4a97-a795-cba9919aee47 bad9087eb07a46fcaa754ad35477751f f9a2e9ff2e834de9970cd1125ab30f77 - - default default] Successfully bumped revision number for resource 4ccb7f08-9022-45af-8b52-c0b62419d08b (type: security_groups) to 1
2026-08-05 08:37:54.373 9 INFO neutron.db.ovn_revision_numbers_db [None req-850c42f5-8314-4a97-a795-cba9919aee47 bad9087eb07a46fcaa754ad35477751f f9a2e9ff2e834de9970cd1125ab30f77 - - default default] Successfully bumped revision number for resource 5faf16d3-0db9-4da3-9f37-4c6016206a8d (type: security_group_rules) to 0
2026-08-05 08:37:54.386 9 INFO neutron.db.ovn_revision_numbers_db [None req-850c42f5-8314-4a97-a795-cba9919aee47 bad9087eb07a46fcaa754ad35477751f f9a2e9ff2e834de9970cd1125ab30f77 - - default default] Successfully bumped revision number for resource 622c7c04-9353-4a40-9666-f08bd5f94682 (type: security_group_rules) to 0
2026-08-05 08:37:54.399 9 INFO neutron.db.ovn_revision_numbers_db [None req-850c42f5-8314-4a97-a795-cba9919aee47 bad9087eb07a46fcaa754ad35477751f f9a2e9ff2e834de9970cd1125ab30f77 - - default default] Successfully bumped revision number for resource 7c145421-1ad3-4ed5-8efe-ffb481c9be04 (type: security_group_rules) to 0
2026-08-05 08:37:54.412 9 INFO neutron.db.ovn_revision_numbers_db [None req-850c42f5-8314-4a97-a795-cba9919aee47 bad9087eb07a46fcaa754ad35477751f f9a2e9ff2e834de9970cd1125ab30f77 - - default default] Successfully bumped revision number for resource e1322e88-dec9-42f3-84d0-7750d01ccc3c (type: security_group_rules) to 0
2026-08-05 08:37:54.432 9 INFO neutron.wsgi [None req-850c42f5-8314-4a97-a795-cba9919aee47 bad9087eb07a46fcaa754ad35477751f f9a2e9ff2e834de9970cd1125ab30f77 - - default default] 10.0.0.211 "GET /v2.0/security-groups?tenant_id=fea44bb25fe3481db5198afe32c7bc15&name=default HTTP/1.1" status: 200 len: 3000 time: 0.1841376
2026-08-05 08:37:54.609 9 INFO neutron.wsgi [None req-0c953d03-398e-4d5b-be1d-f11ee70737e1 bad9087eb07a46fcaa754ad35477751f f9a2e9ff2e834de9970cd1125ab30f77 - - default default] 10.0.0.211 "DELETE /v2.0/security-groups/4ccb7f08-9022-45af-8b52-c0b62419d08b HTTP/1.1" status: 204 len: 168 time: 0.1705232
2026-08-05 08:37:54.894 10 INFO neutron.db.ovn_revision_numbers_db [None req-5ac83057-b12c-43ed-97ba-5c53c3ab1754 bad9087eb07a46fcaa754ad35477751f f9a2e9ff2e834de9970cd1125ab30f77 - - default default] Successfully bumped revision number for resource 533af28b-62cb-4506-bd90-34b5659fbc46 (type: security_groups) to 1
2026-08-05 08:37:54.908 10 INFO neutron.db.ovn_revision_numbers_db [None req-5ac83057-b12c-43ed-97ba-5c53c3ab1754 bad9087eb07a46fcaa754ad35477751f f9a2e9ff2e834de9970cd1125ab30f77 - - default default] Successfully bumped revision number for resource 19cc36c0-f41d-4b2c-ab98-bd032c1d7912 (type: security_group_rules) to 0
2026-08-05 08:37:54.922 10 INFO neutron.db.ovn_revision_numbers_db [None req-5ac83057-b12c-43ed-97ba-5c53c3ab1754 bad9087eb07a46fcaa754ad35477751f f9a2e9ff2e834de9970cd1125ab30f77 - - default default] Successfully bumped revision number for resource 257d48a3-036c-4a4a-854e-7df6cb6e8978 (type: security_group_rules) to 0
2026-08-05 08:37:54.939 10 INFO neutron.db.ovn_revision_numbers_db [None req-5ac83057-b12c-43ed-97ba-5c53c3ab1754 bad9087eb07a46fcaa754ad35477751f f9a2e9ff2e834de9970cd1125ab30f77 - - default default] Successfully bumped revision number for resource accc1e9b-d3c6-4adf-9394-2fa7cc2567a6 (type: security_group_rules) to 0
2026-08-05 08:37:54.951 10 INFO neutron.db.ovn_revision_numbers_db [None req-5ac83057-b12c-43ed-97ba-5c53c3ab1754 bad9087eb07a46fcaa754ad35477751f f9a2e9ff2e834de9970cd1125ab30f77 - - default default] Successfully bumped revision number for resource e3457912-2280-448d-bb71-c865c10ef8f8 (type: security_group_rules) to 0
2026-08-05 08:37:54.974 10 INFO neutron.wsgi [None req-5ac83057-b12c-43ed-97ba-5c53c3ab1754 bad9087eb07a46fcaa754ad35477751f f9a2e9ff2e834de9970cd1125ab30f77 - - default default] 10.0.0.211 "GET /v2.0/security-groups?tenant_id=2bdcd3ee2ea4488998a4fe72138eb800&name=default HTTP/1.1" status: 200 len: 3000 time: 0.1958172
2026-08-05 08:37:55.206 10 INFO neutron.wsgi [None req-c2ee5dee-eb9a-481f-a9c5-9adacdf2abf8 bad9087eb07a46fcaa754ad35477751f f9a2e9ff2e834de9970cd1125ab30f77 - - default default] 10.0.0.211 "DELETE /v2.0/security-groups/533af28b-62cb-4506-bd90-34b5659fbc46 HTTP/1.1" status: 204 len: 168 time: 0.2250516
2026-08-05 08:37:55.465 10 INFO neutron.db.ovn_revision_numbers_db [None req-87ec6030-d07c-44f9-adfa-4c832f01d12c bad9087eb07a46fcaa754ad35477751f f9a2e9ff2e834de9970cd1125ab30f77 - - default default] Successfully bumped revision number for resource dfb320af-878b-498a-8041-d8b8e838a801 (type: security_groups) to 1
2026-08-05 08:37:55.479 10 INFO neutron.db.ovn_revision_numbers_db [None req-87ec6030-d07c-44f9-adfa-4c832f01d12c bad9087eb07a46fcaa754ad35477751f f9a2e9ff2e834de9970cd1125ab30f77 - - default default] Successfully bumped revision number for resource 0def5712-f87d-4d35-acde-2938a7c3a9db (type: security_group_rules) to 0
2026-08-05 08:37:55.496 10 INFO neutron.db.ovn_revision_numbers_db [None req-87ec6030-d07c-44f9-adfa-4c832f01d12c bad9087eb07a46fcaa754ad35477751f f9a2e9ff2e834de9970cd1125ab30f77 - - default default] Successfully bumped revision number for resource 32b85733-28dd-4a3c-a272-9b80af3083f2 (type: security_group_rules) to 0
2026-08-05 08:37:55.512 10 INFO neutron.db.ovn_revision_numbers_db [None req-87ec6030-d07c-44f9-adfa-4c832f01d12c bad9087eb07a46fcaa754ad35477751f f9a2e9ff2e834de9970cd1125ab30f77 - - default default] Successfully bumped revision number for resource 45e68865-bb67-40f3-af24-ca7cb209e05a (type: security_group_rules) to 0
2026-08-05 08:37:55.527 10 INFO neutron.db.ovn_revision_numbers_db [None req-87ec6030-d07c-44f9-adfa-4c832f01d12c bad9087eb07a46fcaa754ad35477751f f9a2e9ff2e834de9970cd1125ab30f77 - - default default] Successfully bumped revision number for resource 80f7225b-77df-4a1e-ae90-bf9728d699bc (type: security_group_rules) to 0
2026-08-05 08:37:55.560 10 INFO neutron.wsgi [None req-87ec6030-d07c-44f9-adfa-4c832f01d12c bad9087eb07a46fcaa754ad35477751f f9a2e9ff2e834de9970cd1125ab30f77 - - default default] 10.0.0.211 "GET /v2.0/security-groups?tenant_id=c337388eed7447f68c617ceed48a60a9&name=default HTTP/1.1" status: 200 len: 3000 time: 0.2050495
2026-08-05 08:37:55.777 10 INFO neutron.wsgi [None req-5eb790d7-ee8b-49ca-b58a-fe5227853397 bad9087eb07a46fcaa754ad35477751f f9a2e9ff2e834de9970cd1125ab30f77 - - default default] 10.0.0.211 "DELETE /v2.0/security-groups/dfb320af-878b-498a-8041-d8b8e838a801 HTTP/1.1" status: 204 len: 168 time: 0.2106700
2026-08-05 08:37:56.107 10 INFO neutron.db.ovn_revision_numbers_db [None req-20bd2b24-41f6-49cb-afec-8648fac7ccc2 bad9087eb07a46fcaa754ad35477751f f9a2e9ff2e834de9970cd1125ab30f77 - - default default] Successfully bumped revision number for resource 1506dbb0-f68f-42aa-b8bf-99f7a46429ed (type: security_groups) to 1
2026-08-05 08:37:56.119 10 INFO neutron.db.ovn_revision_numbers_db [None req-20bd2b24-41f6-49cb-afec-8648fac7ccc2 bad9087eb07a46fcaa754ad35477751f f9a2e9ff2e834de9970cd1125ab30f77 - - default default] Successfully bumped revision number for resource 2488be38-4d88-4c24-88e2-af05dbf785b2 (type: security_group_rules) to 0
2026-08-05 08:37:56.136 10 INFO neutron.db.ovn_revision_numbers_db [None req-20bd2b24-41f6-49cb-afec-8648fac7ccc2 bad9087eb07a46fcaa754ad35477751f f9a2e9ff2e834de9970cd1125ab30f77 - - default default] Successfully bumped revision number for resource 5c6a8ca3-cdb0-4718-a3f2-4a1ac495e771 (type: security_group_rules) to 0
2026-08-05 08:37:56.149 10 INFO neutron.db.ovn_revision_numbers_db [None req-20bd2b24-41f6-49cb-afec-8648fac7ccc2 bad9087eb07a46fcaa754ad35477751f f9a2e9ff2e834de9970cd1125ab30f77 - - default default] Successfully bumped revision number for resource 817b36af-17d4-495c-9102-686cc2108787 (type: security_group_rules) to 0
2026-08-05 08:37:56.163 10 INFO neutron.db.ovn_revision_numbers_db [None req-20bd2b24-41f6-49cb-afec-8648fac7ccc2 bad9087eb07a46fcaa754ad35477751f f9a2e9ff2e834de9970cd1125ab30f77 - - default default] Successfully bumped revision number for resource 8767c76a-f61a-478c-939c-b388bf01db2e (type: security_group_rules) to 0
2026-08-05 08:37:56.183 10 INFO neutron.wsgi [None req-20bd2b24-41f6-49cb-afec-8648fac7ccc2 bad9087eb07a46fcaa754ad35477751f f9a2e9ff2e834de9970cd1125ab30f77 - - default default] 10.0.0.211 "GET /v2.0/security-groups?tenant_id=bfbc632898b94831a8d0df622fed0541&name=default HTTP/1.1" status: 200 len: 3000 time: 0.2188182
2026-08-05 08:37:56.367 10 INFO neutron.wsgi [None req-80be180b-fd88-4ea1-b366-942be1c09249 bad9087eb07a46fcaa754ad35477751f f9a2e9ff2e834de9970cd1125ab30f77 - - default default] 10.0.0.211 "DELETE /v2.0/security-groups/1506dbb0-f68f-42aa-b8bf-99f7a46429ed HTTP/1.1" status: 204 len: 168 time: 0.1792572
2026-08-05 08:37:56.637 10 INFO neutron.db.ovn_revision_numbers_db [None req-f5894bef-b5f6-4ac7-a04f-58fff721e545 bad9087eb07a46fcaa754ad35477751f f9a2e9ff2e834de9970cd1125ab30f77 - - default default] Successfully bumped revision number for resource 510965e5-1c75-4185-ac8f-33915fbb1c30 (type: security_groups) to 1
2026-08-05 08:37:56.650 10 INFO neutron.db.ovn_revision_numbers_db [None req-f5894bef-b5f6-4ac7-a04f-58fff721e545 bad9087eb07a46fcaa754ad35477751f f9a2e9ff2e834de9970cd1125ab30f77 - - default default] Successfully bumped revision number for resource 68f9181e-26a9-491f-b4b1-6e9fa048e95f (type: security_group_rules) to 0
2026-08-05 08:37:56.664 10 INFO neutron.db.ovn_revision_numbers_db [None req-f5894bef-b5f6-4ac7-a04f-58fff721e545 bad9087eb07a46fcaa754ad35477751f f9a2e9ff2e834de9970cd1125ab30f77 - - default default] Successfully bumped revision number for resource 9b883515-f394-4b5e-8258-b9db5d5d79b8 (type: security_group_rules) to 0
2026-08-05 08:37:56.679 10 INFO neutron.db.ovn_revision_numbers_db [None req-f5894bef-b5f6-4ac7-a04f-58fff721e545 bad9087eb07a46fcaa754ad35477751f f9a2e9ff2e834de9970cd1125ab30f77 - - default default] Successfully bumped revision number for resource ed944092-932d-4200-adc7-65aea2d9512b (type: security_group_rules) to 0
2026-08-05 08:37:56.694 10 INFO neutron.db.ovn_revision_numbers_db [None req-f5894bef-b5f6-4ac7-a04f-58fff721e545 bad9087eb07a46fcaa754ad35477751f f9a2e9ff2e834de9970cd1125ab30f77 - - default default] Successfully bumped revision number for resource f44de6cc-9bc0-48e1-9cb4-93798b1f4ccd (type: security_group_rules) to 0
2026-08-05 08:37:56.715 10 INFO neutron.wsgi [None req-f5894bef-b5f6-4ac7-a04f-58fff721e545 bad9087eb07a46fcaa754ad35477751f f9a2e9ff2e834de9970cd1125ab30f77 - - default default] 10.0.0.211 "GET /v2.0/security-groups?tenant_id=cc481d45d14e41838f3223e38df121b5&name=default HTTP/1.1" status: 200 len: 3000 time: 0.1881771
2026-08-05 08:37:56.902 10 INFO neutron.wsgi [None req-b1cb764b-48ac-4e2c-a6f9-de75f80d99a2 bad9087eb07a46fcaa754ad35477751f f9a2e9ff2e834de9970cd1125ab30f77 - - default default] 10.0.0.211 "DELETE /v2.0/security-groups/510965e5-1c75-4185-ac8f-33915fbb1c30 HTTP/1.1" status: 204 len: 168 time: 0.1812401
2026-08-05 08:37:57.176 9 INFO neutron.db.ovn_revision_numbers_db [None req-06705551-1717-4141-8253-3880f45bfc31 bad9087eb07a46fcaa754ad35477751f f9a2e9ff2e834de9970cd1125ab30f77 - - default default] Successfully bumped revision number for resource cc9affbd-8bcc-45ea-9356-51c6a8ddd470 (type: security_groups) to 1
2026-08-05 08:37:57.189 9 INFO neutron.db.ovn_revision_numbers_db [None req-06705551-1717-4141-8253-3880f45bfc31 bad9087eb07a46fcaa754ad35477751f f9a2e9ff2e834de9970cd1125ab30f77 - - default default] Successfully bumped revision number for resource 4b7c863b-a005-479f-8d76-c146064375aa (type: security_group_rules) to 0
2026-08-05 08:37:57.203 9 INFO neutron.db.ovn_revision_numbers_db [None req-06705551-1717-4141-8253-3880f45bfc31 bad9087eb07a46fcaa754ad35477751f f9a2e9ff2e834de9970cd1125ab30f77 - - default default] Successfully bumped revision number for resource 85d616f5-7fe3-475b-b293-5fcf2df6a937 (type: security_group_rules) to 0
2026-08-05 08:37:57.216 9 INFO neutron.db.ovn_revision_numbers_db [None req-06705551-1717-4141-8253-3880f45bfc31 bad9087eb07a46fcaa754ad35477751f f9a2e9ff2e834de9970cd1125ab30f77 - - default default] Successfully bumped revision number for resource 9fa2b015-160e-4713-97c4-711d476b93ac (type: security_group_rules) to 0
2026-08-05 08:37:57.229 9 INFO neutron.db.ovn_revision_numbers_db [None req-06705551-1717-4141-8253-3880f45bfc31 bad9087eb07a46fcaa754ad35477751f f9a2e9ff2e834de9970cd1125ab30f77 - - default default] Successfully bumped revision number for resource fba65e5a-7a22-4185-9f5c-74ecc2be7820 (type: security_group_rules) to 0
2026-08-05 08:37:57.253 9 INFO neutron.wsgi [None req-06705551-1717-4141-8253-3880f45bfc31 bad9087eb07a46fcaa754ad35477751f f9a2e9ff2e834de9970cd1125ab30f77 - - default default] 10.0.0.211 "GET /v2.0/security-groups?tenant_id=be715b00627b4834b2ab6386b6209f59&name=default HTTP/1.1" status: 200 len: 3000 time: 0.1776898
2026-08-05 08:37:57.457 9 INFO neutron.wsgi [None req-50c2e2ca-7bd6-494b-9c3b-c1bf92a975cc bad9087eb07a46fcaa754ad35477751f f9a2e9ff2e834de9970cd1125ab30f77 - - default default] 10.0.0.211 "DELETE /v2.0/security-groups/cc9affbd-8bcc-45ea-9356-51c6a8ddd470 HTTP/1.1" status: 204 len: 168 time: 0.1991103
2026-08-05 08:38:04.142 9 INFO neutron.wsgi [-] 10.0.0.69 "GET / HTTP/1.1" status: 200 len: 245 time: 0.0018973
2026-08-05 08:38:04.144 10 INFO neutron.wsgi [-] 10.0.0.69 "GET / HTTP/1.1" status: 200 len: 245 time: 0.0042174
2026-08-05 08:38:12.746 9 INFO neutron.wsgi [None req-ac2227c3-956a-4a6b-ba9a-dacc441d5b51 bad9087eb07a46fcaa754ad35477751f f9a2e9ff2e834de9970cd1125ab30f77 - - default default] 10.0.0.163 "GET /v2.0/network-ip-availabilities HTTP/1.1" status: 200 len: 1280 time: 0.1250238
2026-08-05 08:38:12.776 9 INFO neutron.wsgi [None req-fa4e961b-03c4-44d3-a6d2-af8f09fb2b45 bad9087eb07a46fcaa754ad35477751f f9a2e9ff2e834de9970cd1125ab30f77 - - default default] 10.0.0.163 "GET /v2.0/floatingips HTTP/1.1" status: 200 len: 193 time: 0.0287862
2026-08-05 08:38:12.843 9 INFO neutron.wsgi [None req-e4e5f0bd-e603-465c-83e7-52a2489cb45f bad9087eb07a46fcaa754ad35477751f f9a2e9ff2e834de9970cd1125ab30f77 - - default default] 10.0.0.163 "GET /v2.0/networks HTTP/1.1" status: 200 len: 2350 time: 0.0666409
2026-08-05 08:38:12.877 9 INFO neutron.wsgi [None req-8d7fbc48-8e16-43bd-b63e-0e1a384bf54e bad9087eb07a46fcaa754ad35477751f f9a2e9ff2e834de9970cd1125ab30f77 - - default default] 10.0.0.163 "GET /v2.0/ports HTTP/1.1" status: 200 len: 5349 time: 0.0327795
2026-08-05 08:38:12.905 9 INFO neutron.wsgi [None req-3eb8dfeb-3c71-44b1-a0b2-37cb79edc7d8 bad9087eb07a46fcaa754ad35477751f f9a2e9ff2e834de9970cd1125ab30f77 - - default default] 10.0.0.163 "GET /v2.0/routers HTTP/1.1" status: 200 len: 189 time: 0.0210290
2026-08-05 08:38:12.914 9 INFO neutron.wsgi [None req-fe55b937-7fd1-4749-a740-bc695677e8fa bad9087eb07a46fcaa754ad35477751f f9a2e9ff2e834de9970cd1125ab30f77 - - default default] 10.0.0.163 "GET /v2.0/agents?binary=ovn-controller HTTP/1.1" status: 200 len: 591 time: 0.0088310
2026-08-05 08:38:12.961 9 INFO neutron.wsgi [None req-6603787f-106c-45dc-8765-cd7ff3138d93 bad9087eb07a46fcaa754ad35477751f f9a2e9ff2e834de9970cd1125ab30f77 - - default default] 10.0.0.163 "GET /v2.0/security-groups HTTP/1.1" status: 200 len: 16803 time: 0.0457451
2026-08-05 08:38:12.979 9 INFO neutron.wsgi [None req-43fdb0db-fe58-4720-896a-77487a0f57e3 bad9087eb07a46fcaa754ad35477751f f9a2e9ff2e834de9970cd1125ab30f77 - - default default] 10.0.0.163 "GET /v2.0/agents HTTP/1.1" status: 200 len: 997 time: 0.0134983
2026-08-05 08:38:13.028 9 INFO neutron.wsgi [None req-d7124603-10c4-4dab-99c7-2059a73dbe6a bad9087eb07a46fcaa754ad35477751f f9a2e9ff2e834de9970cd1125ab30f77 - - default default] 10.0.0.163 "GET /v2.0/subnets HTTP/1.1" status: 200 len: 1437 time: 0.0471189
2026-08-05 08:38:13.042 9 INFO neutron.wsgi [None req-e9055cc7-fbcc-489c-8265-4f01a77139b9 bad9087eb07a46fcaa754ad35477751f f9a2e9ff2e834de9970cd1125ab30f77 - - default default] 10.0.0.163 "GET /v2.0/subnetpools HTTP/1.1" status: 200 len: 193 time: 0.0130200
2026-08-05 08:38:13.076 9 INFO neutron.wsgi [None req-38df8fd1-f344-4113-bd1a-9752ece56ceb bad9087eb07a46fcaa754ad35477751f f9a2e9ff2e834de9970cd1125ab30f77 - - default default] 10.0.0.163 "GET /v2.0/subnets HTTP/1.1" status: 200 len: 1437 time: 0.0330141
2026-08-05 08:38:19.141 9 INFO neutron.wsgi [-] 10.0.0.69 "GET / HTTP/1.1" status: 200 len: 245 time: 0.0018423
2026-08-05 08:38:19.141 10 INFO neutron.wsgi [-] 10.0.0.69 "GET / HTTP/1.1" status: 200 len: 245 time: 0.0020366
2026-08-05 08:38:34.142 10 INFO neutron.wsgi [-] 10.0.0.69 "GET / HTTP/1.1" status: 200 len: 245 time: 0.0026293
2026-08-05 08:38:34.144 10 INFO neutron.wsgi [-] 10.0.0.69 "GET / HTTP/1.1" status: 200 len: 245 time: 0.0012102
2026-08-05 08:38:49.141 10 INFO neutron.wsgi [-] 10.0.0.69 "GET / HTTP/1.1" status: 200 len: 245 time: 0.0016618
2026-08-05 08:38:49.141 9 INFO neutron.wsgi [-] 10.0.0.69 "GET / HTTP/1.1" status: 200 len: 245 time: 0.0016618
2026-08-05 08:39:04.141 10 INFO neutron.wsgi [-] 10.0.0.69 "GET / HTTP/1.1" status: 200 len: 245 time: 0.0018516
2026-08-05 08:39:04.143 9 INFO neutron.wsgi [-] 10.0.0.69 "GET / HTTP/1.1" status: 200 len: 245 time: 0.0032144
2026-08-05 08:39:12.573 9 INFO neutron.wsgi [None req-ab08769e-fd28-4eac-9360-293b7d4756ab bad9087eb07a46fcaa754ad35477751f f9a2e9ff2e834de9970cd1125ab30f77 - - default default] 10.0.0.163 "GET /v2.0/network-ip-availabilities HTTP/1.1" status: 200 len: 1280 time: 0.0880318
2026-08-05 08:39:12.603 9 INFO neutron.wsgi [None req-8571e9ac-8dc4-4997-8e08-d6fa0bdcd1ce bad9087eb07a46fcaa754ad35477751f f9a2e9ff2e834de9970cd1125ab30f77 - - default default] 10.0.0.163 "GET /v2.0/floatingips HTTP/1.1" status: 200 len: 193 time: 0.0292208
2026-08-05 08:39:12.681 9 INFO neutron.wsgi [None req-283c377b-c131-4a5b-a689-2fa10f917120 bad9087eb07a46fcaa754ad35477751f f9a2e9ff2e834de9970cd1125ab30f77 - - default default] 10.0.0.163 "GET /v2.0/networks HTTP/1.1" status: 200 len: 2350 time: 0.0767250
2026-08-05 08:39:12.713 9 INFO neutron.wsgi [None req-eaad1f36-d5c7-47d4-9276-c3d9143d43cf bad9087eb07a46fcaa754ad35477751f f9a2e9ff2e834de9970cd1125ab30f77 - - default default] 10.0.0.163 "GET /v2.0/routers HTTP/1.1" status: 200 len: 189 time: 0.0298963
2026-08-05 08:39:12.762 9 INFO neutron.wsgi [None req-d2135ec2-c0d6-4f85-bc4e-afbcb0791619 bad9087eb07a46fcaa754ad35477751f f9a2e9ff2e834de9970cd1125ab30f77 - - default default] 10.0.0.163 "GET /v2.0/agents?binary=ovn-controller HTTP/1.1" status: 200 len: 591 time: 0.0486367
2026-08-05 08:39:12.805 9 INFO neutron.wsgi [None req-7b7a4867-11b7-4713-b72d-5f68f564128f bad9087eb07a46fcaa754ad35477751f f9a2e9ff2e834de9970cd1125ab30f77 - - default default] 10.0.0.163 "GET /v2.0/subnets HTTP/1.1" status: 200 len: 1437 time: 0.0411971
2026-08-05 08:39:12.817 9 INFO neutron.wsgi [None req-195d1b47-63a4-4141-a167-49a636bc6aa0 bad9087eb07a46fcaa754ad35477751f f9a2e9ff2e834de9970cd1125ab30f77 - - default default] 10.0.0.163 "GET /v2.0/subnetpools HTTP/1.1" status: 200 len: 193 time: 0.0111823
2026-08-05 08:39:12.869 9 INFO neutron.wsgi [None req-141d6553-afd9-417b-86db-c218293925bb bad9087eb07a46fcaa754ad35477751f f9a2e9ff2e834de9970cd1125ab30f77 - - default default] 10.0.0.163 "GET /v2.0/security-groups HTTP/1.1" status: 200 len: 16803 time: 0.0508866
2026-08-05 08:39:12.908 9 INFO neutron.wsgi [None req-5ae98b4e-d2e9-4751-8697-9eea3a878020 bad9087eb07a46fcaa754ad35477751f f9a2e9ff2e834de9970cd1125ab30f77 - - default default] 10.0.0.163 "GET /v2.0/subnets HTTP/1.1" status: 200 len: 1437 time: 0.0333498
2026-08-05 08:39:12.919 9 INFO neutron.wsgi [None req-b3f19a32-8508-4711-9349-d0992ad2699b bad9087eb07a46fcaa754ad35477751f f9a2e9ff2e834de9970cd1125ab30f77 - - default default] 10.0.0.163 "GET /v2.0/agents HTTP/1.1" status: 200 len: 997 time: 0.0094717
2026-08-05 08:39:12.953 9 INFO neutron.wsgi [None req-02d38e79-c74a-43ca-9865-e00b69244996 bad9087eb07a46fcaa754ad35477751f f9a2e9ff2e834de9970cd1125ab30f77 - - default default] 10.0.0.163 "GET /v2.0/ports HTTP/1.1" status: 200 len: 5349 time: 0.0334971
2026-08-05 08:39:19.141 10 INFO neutron.wsgi [-] 10.0.0.69 "GET / HTTP/1.1" status: 200 len: 245 time: 0.0019743
2026-08-05 08:39:19.144 10 INFO neutron.wsgi [-] 10.0.0.69 "GET / HTTP/1.1" status: 200 len: 245 time: 0.0017240
2026-08-05 08:39:34.141 9 INFO neutron.wsgi [-] 10.0.0.69 "GET / HTTP/1.1" status: 200 len: 245 time: 0.0017259
2026-08-05 08:39:34.142 10 INFO neutron.wsgi [-] 10.0.0.69 "GET / HTTP/1.1" status: 200 len: 245 time: 0.0025468
2026-08-05 08:39:49.141 10 INFO neutron.wsgi [-] 10.0.0.69 "GET / HTTP/1.1" status: 200 len: 245 time: 0.0015945
2026-08-05 08:39:49.144 9 INFO neutron.wsgi [-] 10.0.0.69 "GET / HTTP/1.1" status: 200 len: 245 time: 0.0014236
2026-08-05 08:40:04.141 9 INFO neutron.wsgi [-] 10.0.0.69 "GET / HTTP/1.1" status: 200 len: 245 time: 0.0022917
2026-08-05 08:40:04.141 10 INFO neutron.wsgi [-] 10.0.0.69 "GET / HTTP/1.1" status: 200 len: 245 time: 0.0022674
2026-08-05 08:40:12.672 9 INFO neutron.wsgi [None req-923b6281-f397-4b3b-b02d-a3acdd9e8d73 bad9087eb07a46fcaa754ad35477751f f9a2e9ff2e834de9970cd1125ab30f77 - - default default] 10.0.0.163 "GET /v2.0/security-groups HTTP/1.1" status: 200 len: 16803 time: 0.1251371
2026-08-05 08:40:12.728 9 INFO neutron.wsgi [None req-5190b450-79e9-432d-a217-49c96492ca90 bad9087eb07a46fcaa754ad35477751f f9a2e9ff2e834de9970cd1125ab30f77 - - default default] 10.0.0.163 "GET /v2.0/agents HTTP/1.1" status: 200 len: 997 time: 0.0446382
2026-08-05 08:40:12.740 9 INFO neutron.wsgi [None req-42d97712-174c-40e7-aba4-26b2abc8bdf2 bad9087eb07a46fcaa754ad35477751f f9a2e9ff2e834de9970cd1125ab30f77 - - default default] 10.0.0.163 "GET /v2.0/network-ip-availabilities HTTP/1.1" status: 200 len: 1280 time: 0.0110915
2026-08-05 08:40:12.770 9 INFO neutron.wsgi [None req-96015acc-fc0c-4ff9-b617-4d3932252230 bad9087eb07a46fcaa754ad35477751f f9a2e9ff2e834de9970cd1125ab30f77 - - default default] 10.0.0.163 "GET /v2.0/subnets HTTP/1.1" status: 200 len: 1437 time: 0.0285480
2026-08-05 08:40:12.781 9 INFO neutron.wsgi [None req-7045f4fa-07fe-45b4-a356-66c4173b8bc4 bad9087eb07a46fcaa754ad35477751f f9a2e9ff2e834de9970cd1125ab30f77 - - default default] 10.0.0.163 "GET /v2.0/subnetpools HTTP/1.1" status: 200 len: 193 time: 0.0104294
2026-08-05 08:40:12.805 9 INFO neutron.wsgi [None req-0dfbcd53-b78b-4cec-8bf9-6e3b6120b11c bad9087eb07a46fcaa754ad35477751f f9a2e9ff2e834de9970cd1125ab30f77 - - default default] 10.0.0.163 "GET /v2.0/floatingips HTTP/1.1" status: 200 len: 193 time: 0.0229628
2026-08-05 08:40:12.836 9 INFO neutron.wsgi [None req-be729163-1a74-4230-9cd2-081edd01c201 bad9087eb07a46fcaa754ad35477751f f9a2e9ff2e834de9970cd1125ab30f77 - - default default] 10.0.0.163 "GET /v2.0/routers HTTP/1.1" status: 200 len: 189 time: 0.0301435
2026-08-05 08:40:12.853 9 INFO neutron.wsgi [None req-4e013a22-a818-4479-9cad-98fb11ce871a bad9087eb07a46fcaa754ad35477751f f9a2e9ff2e834de9970cd1125ab30f77 - - default default] 10.0.0.163 "GET /v2.0/agents?binary=ovn-controller HTTP/1.1" status: 200 len: 591 time: 0.0163360
2026-08-05 08:40:12.898 9 INFO neutron.wsgi [None req-510cd65a-d180-48dc-b17a-61a4c5b4bf3a bad9087eb07a46fcaa754ad35477751f f9a2e9ff2e834de9970cd1125ab30f77 - - default default] 10.0.0.163 "GET /v2.0/subnets HTTP/1.1" status: 200 len: 1437 time: 0.0438409
2026-08-05 08:40:12.929 9 INFO neutron.wsgi [None req-81d5d038-61e8-4aa7-af4a-410022af9c4b bad9087eb07a46fcaa754ad35477751f f9a2e9ff2e834de9970cd1125ab30f77 - - default default] 10.0.0.163 "GET /v2.0/ports HTTP/1.1" status: 200 len: 5349 time: 0.0297241
2026-08-05 08:40:13.015 9 INFO neutron.wsgi [None req-f7297fd1-7583-40a8-b7fe-fd801ede8b32 bad9087eb07a46fcaa754ad35477751f f9a2e9ff2e834de9970cd1125ab30f77 - - default default] 10.0.0.163 "GET /v2.0/networks HTTP/1.1" status: 200 len: 2350 time: 0.0789886
2026-08-05 08:40:19.144 10 INFO neutron.wsgi [-] 10.0.0.69 "GET / HTTP/1.1" status: 200 len: 245 time: 0.0030684
2026-08-05 08:40:19.144 9 INFO neutron.wsgi [-] 10.0.0.69 "GET / HTTP/1.1" status: 200 len: 245 time: 0.0038185
2026-08-05 08:40:34.142 9 INFO neutron.wsgi [-] 10.0.0.69 "GET / HTTP/1.1" status: 200 len: 245 time: 0.0018964
2026-08-05 08:40:34.144 9 INFO neutron.wsgi [-] 10.0.0.69 "GET / HTTP/1.1" status: 200 len: 245 time: 0.0016556
2026-08-05 08:40:49.143 10 INFO neutron.wsgi [-] 10.0.0.69 "GET / HTTP/1.1" status: 200 len: 245 time: 0.0027869
2026-08-05 08:40:49.145 9 INFO neutron.wsgi [-] 10.0.0.69 "GET / HTTP/1.1" status: 200 len: 245 time: 0.0033486
2026-08-05 08:41:04.141 10 INFO neutron.wsgi [-] 10.0.0.69 "GET / HTTP/1.1" status: 200 len: 245 time: 0.0016940
2026-08-05 08:41:04.147 10 INFO neutron.wsgi [-] 10.0.0.69 "GET / HTTP/1.1" status: 200 len: 245 time: 0.0020783
2026-08-05 08:41:12.632 9 INFO neutron.wsgi [None req-c27059ed-0735-40d2-8001-01b5215ba650 bad9087eb07a46fcaa754ad35477751f f9a2e9ff2e834de9970cd1125ab30f77 - - default default] 10.0.0.163 "GET /v2.0/networks HTTP/1.1" status: 200 len: 2350 time: 0.1452811
2026-08-05 08:41:12.672 9 INFO neutron.wsgi [None req-56e0d66c-dcb7-44a6-8d53-b5bddcfb991c bad9087eb07a46fcaa754ad35477751f f9a2e9ff2e834de9970cd1125ab30f77 - - default default] 10.0.0.163 "GET /v2.0/subnets HTTP/1.1" status: 200 len: 1437 time: 0.0376368
2026-08-05 08:41:12.694 9 INFO neutron.wsgi [None req-62f0bd2d-0d3d-4173-b887-5d9a784e55b8 bad9087eb07a46fcaa754ad35477751f f9a2e9ff2e834de9970cd1125ab30f77 - - default default] 10.0.0.163 "GET /v2.0/routers HTTP/1.1" status: 200 len: 189 time: 0.0206223
2026-08-05 08:41:12.739 9 INFO neutron.wsgi [None req-76a805a1-7fe0-4f07-9c62-2c8f71e3d576 bad9087eb07a46fcaa754ad35477751f f9a2e9ff2e834de9970cd1125ab30f77 - - default default] 10.0.0.163 "GET /v2.0/agents?binary=ovn-controller HTTP/1.1" status: 200 len: 591 time: 0.0446417
2026-08-05 08:41:12.754 9 INFO neutron.wsgi [None req-903187dd-564d-44c9-9ce4-3c204129eb3a bad9087eb07a46fcaa754ad35477751f f9a2e9ff2e834de9970cd1125ab30f77 - - default default] 10.0.0.163 "GET /v2.0/agents HTTP/1.1" status: 200 len: 997 time: 0.0144114
2026-08-05 08:41:12.803 9 INFO neutron.wsgi [None req-e129a734-0f57-42d5-87fe-3b9ffad9a40e bad9087eb07a46fcaa754ad35477751f f9a2e9ff2e834de9970cd1125ab30f77 - - default default] 10.0.0.163 "GET /v2.0/subnets HTTP/1.1" status: 200 len: 1437 time: 0.0481222
2026-08-05 08:41:12.814 9 INFO neutron.wsgi [None req-85d4ee3e-0d79-48c7-8781-c452e7697825 bad9087eb07a46fcaa754ad35477751f f9a2e9ff2e834de9970cd1125ab30f77 - - default default] 10.0.0.163 "GET /v2.0/subnetpools HTTP/1.1" status: 200 len: 193 time: 0.0098991
2026-08-05 08:41:12.825 9 INFO neutron.wsgi [None req-48a45724-825f-41bf-86ce-79206f7bd581 bad9087eb07a46fcaa754ad35477751f f9a2e9ff2e834de9970cd1125ab30f77 - - default default] 10.0.0.163 "GET /v2.0/network-ip-availabilities HTTP/1.1" status: 200 len: 1280 time: 0.0105815
2026-08-05 08:41:12.855 9 INFO neutron.wsgi [None req-f8c3a287-9679-44b8-82aa-6f949f9fa83e bad9087eb07a46fcaa754ad35477751f f9a2e9ff2e834de9970cd1125ab30f77 - - default default] 10.0.0.163 "GET /v2.0/floatingips HTTP/1.1" status: 200 len: 193 time: 0.0279765
2026-08-05 08:41:12.918 9 INFO neutron.wsgi [None req-eb964494-8f05-4d35-905b-8e9a7bbd184b bad9087eb07a46fcaa754ad35477751f f9a2e9ff2e834de9970cd1125ab30f77 - - default default] 10.0.0.163 "GET /v2.0/security-groups HTTP/1.1" status: 200 len: 16803 time: 0.0621979
2026-08-05 08:41:12.967 9 INFO neutron.wsgi [None req-c5bfbbb5-913c-4df7-bea4-76801c6ebe13 bad9087eb07a46fcaa754ad35477751f f9a2e9ff2e834de9970cd1125ab30f77 - - default default] 10.0.0.163 "GET /v2.0/ports HTTP/1.1" status: 200 len: 5349 time: 0.0421069
2026-08-05 08:41:19.141 9 INFO neutron.wsgi [-] 10.0.0.69 "GET / HTTP/1.1" status: 200 len: 245 time: 0.0013235
2026-08-05 08:41:19.142 10 INFO neutron.wsgi [-] 10.0.0.69 "GET / HTTP/1.1" status: 200 len: 245 time: 0.0018272
2026-08-05 08:41:33.575 15 INFO neutron.plugins.ml2.drivers.ovn.mech_driver.ovsdb.maintenance [None req-cd7605da-006c-4aa4-9a2e-3638f104ed62 - - - - - -] Maintenance task: Synchronization finished (took 0.10 seconds)
2026-08-05 08:41:34.143 10 INFO neutron.wsgi [-] 10.0.0.69 "GET / HTTP/1.1" status: 200 len: 245 time: 0.0031977
2026-08-05 08:41:34.143 9 INFO neutron.wsgi [-] 10.0.0.69 "GET / HTTP/1.1" status: 200 len: 245 time: 0.0024729
2026-08-05 08:41:49.143 9 INFO neutron.wsgi [-] 10.0.0.69 "GET / HTTP/1.1" status: 200 len: 245 time: 0.0033514
2026-08-05 08:41:49.147 9 INFO neutron.wsgi [-] 10.0.0.69 "GET / HTTP/1.1" status: 200 len: 245 time: 0.0021420
2026-08-05 08:42:04.141 9 INFO neutron.wsgi [-] 10.0.0.69 "GET / HTTP/1.1" status: 200 len: 245 time: 0.0017443
2026-08-05 08:42:04.142 10 INFO neutron.wsgi [-] 10.0.0.69 "GET / HTTP/1.1" status: 200 len: 245 time: 0.0018153
2026-08-05 08:42:12.573 9 INFO neutron.wsgi [None req-2699dc4e-2e9c-404d-82cf-0385c186b2ce bad9087eb07a46fcaa754ad35477751f f9a2e9ff2e834de9970cd1125ab30f77 - - default default] 10.0.0.163 "GET /v2.0/ports HTTP/1.1" status: 200 len: 5349 time: 0.0845387
2026-08-05 08:42:12.585 9 INFO neutron.wsgi [None req-cc013f58-4716-4a5a-90ae-dd1e1332d6fc bad9087eb07a46fcaa754ad35477751f f9a2e9ff2e834de9970cd1125ab30f77 - - default default] 10.0.0.163 "GET /v2.0/network-ip-availabilities HTTP/1.1" status: 200 len: 1280 time: 0.0087938
2026-08-05 08:42:12.636 9 INFO neutron.wsgi [None req-cbda9bd2-3adf-432c-99e6-58083d6238b5 bad9087eb07a46fcaa754ad35477751f f9a2e9ff2e834de9970cd1125ab30f77 - - default default] 10.0.0.163 "GET /v2.0/security-groups HTTP/1.1" status: 200 len: 16803 time: 0.0492609
2026-08-05 08:42:12.664 9 INFO neutron.wsgi [None req-79f69610-b3e7-4e5a-a127-cf72f08c6175 bad9087eb07a46fcaa754ad35477751f f9a2e9ff2e834de9970cd1125ab30f77 - - default default] 10.0.0.163 "GET /v2.0/routers HTTP/1.1" status: 200 len: 189 time: 0.0224164
2026-08-05 08:42:12.709 9 INFO neutron.wsgi [None req-1ff2e611-14ed-4587-be72-18feeb100d23 bad9087eb07a46fcaa754ad35477751f f9a2e9ff2e834de9970cd1125ab30f77 - - default default] 10.0.0.163 "GET /v2.0/agents?binary=ovn-controller HTTP/1.1" status: 200 len: 591 time: 0.0437505
2026-08-05 08:42:12.718 9 INFO neutron.wsgi [None req-3e3dfe86-8543-43d6-ac17-3d1943f83248 bad9087eb07a46fcaa754ad35477751f f9a2e9ff2e834de9970cd1125ab30f77 - - default default] 10.0.0.163 "GET /v2.0/agents HTTP/1.1" status: 200 len: 997 time: 0.0086951
2026-08-05 08:42:12.792 9 INFO neutron.wsgi [None req-64cf7ff5-5d8a-403a-a2f4-fd35620146ab bad9087eb07a46fcaa754ad35477751f f9a2e9ff2e834de9970cd1125ab30f77 - - default default] 10.0.0.163 "GET /v2.0/networks HTTP/1.1" status: 200 len: 2350 time: 0.0732682
2026-08-05 08:42:12.827 9 INFO neutron.wsgi [None req-2e1711e3-dcd1-4f58-9a3f-9c9e30c3f16d bad9087eb07a46fcaa754ad35477751f f9a2e9ff2e834de9970cd1125ab30f77 - - default default] 10.0.0.163 "GET /v2.0/subnets HTTP/1.1" status: 200 len: 1437 time: 0.0322149
2026-08-05 08:42:12.857 9 INFO neutron.wsgi [None req-cf30148b-971b-4af5-9ecd-5d987171ff29 bad9087eb07a46fcaa754ad35477751f f9a2e9ff2e834de9970cd1125ab30f77 - - default default] 10.0.0.163 "GET /v2.0/subnets HTTP/1.1" status: 200 len: 1437 time: 0.0289819
2026-08-05 08:42:12.868 9 INFO neutron.wsgi [None req-0a739e3c-862b-4cb8-819a-c3941a35829b bad9087eb07a46fcaa754ad35477751f f9a2e9ff2e834de9970cd1125ab30f77 - - default default] 10.0.0.163 "GET /v2.0/subnetpools HTTP/1.1" status: 200 len: 193 time: 0.0093653
2026-08-05 08:42:12.892 9 INFO neutron.wsgi [None req-76db003c-b398-44d4-8951-b9d59536c277 bad9087eb07a46fcaa754ad35477751f f9a2e9ff2e834de9970cd1125ab30f77 - - default default] 10.0.0.163 "GET /v2.0/floatingips HTTP/1.1" status: 200 len: 193 time: 0.0233564
2026-08-05 08:42:19.141 10 INFO neutron.wsgi [-] 10.0.0.69 "GET / HTTP/1.1" status: 200 len: 245 time: 0.0017149
2026-08-05 08:42:19.143 9 INFO neutron.wsgi [-] 10.0.0.69 "GET / HTTP/1.1" status: 200 len: 245 time: 0.0025389
2026-08-05 08:42:34.141 10 INFO neutron.wsgi [-] 10.0.0.69 "GET / HTTP/1.1" status: 200 len: 245 time: 0.0017142
2026-08-05 08:42:34.143 10 INFO neutron.wsgi [-] 10.0.0.69 "GET / HTTP/1.1" status: 200 len: 245 time: 0.0014718
2026-08-05 08:42:49.142 9 INFO neutron.wsgi [-] 10.0.0.69 "GET / HTTP/1.1" status: 200 len: 245 time: 0.0016968
2026-08-05 08:42:49.142 10 INFO neutron.wsgi [-] 10.0.0.69 "GET / HTTP/1.1" status: 200 len: 245 time: 0.0023122
2026-08-05 08:43:04.141 9 INFO neutron.wsgi [-] 10.0.0.69 "GET / HTTP/1.1" status: 200 len: 245 time: 0.0018892
2026-08-05 08:43:04.142 10 INFO neutron.wsgi [-] 10.0.0.69 "GET / HTTP/1.1" status: 200 len: 245 time: 0.0020933
2026-08-05 08:43:12.606 9 INFO neutron.wsgi [None req-5d39b495-b0d9-494e-baa7-30743d707681 bad9087eb07a46fcaa754ad35477751f f9a2e9ff2e834de9970cd1125ab30f77 - - default default] 10.0.0.163 "GET /v2.0/security-groups HTTP/1.1" status: 200 len: 16803 time: 0.1092439
2026-08-05 08:43:12.634 9 INFO neutron.wsgi [None req-836d911c-3e56-42c0-bd43-67e44b4df421 bad9087eb07a46fcaa754ad35477751f f9a2e9ff2e834de9970cd1125ab30f77 - - default default] 10.0.0.163 "GET /v2.0/network-ip-availabilities HTTP/1.1" status: 200 len: 1280 time: 0.0242038
2026-08-05 08:43:12.727 9 INFO neutron.wsgi [None req-15cbe785-7410-4ebc-a42f-99d2fc1a8536 bad9087eb07a46fcaa754ad35477751f f9a2e9ff2e834de9970cd1125ab30f77 - - default default] 10.0.0.163 "GET /v2.0/networks HTTP/1.1" status: 200 len: 2350 time: 0.0852921
2026-08-05 08:43:12.773 9 INFO neutron.wsgi [None req-26a85ed1-cb10-4af9-8d3f-053c534f9911 bad9087eb07a46fcaa754ad35477751f f9a2e9ff2e834de9970cd1125ab30f77 - - default default] 10.0.0.163 "GET /v2.0/subnets HTTP/1.1" status: 200 len: 1437 time: 0.0447133
2026-08-05 08:43:12.825 9 INFO neutron.wsgi [None req-c51a0270-d09c-4bf0-bbf8-b9a77d0eaa63 bad9087eb07a46fcaa754ad35477751f f9a2e9ff2e834de9970cd1125ab30f77 - - default default] 10.0.0.163 "GET /v2.0/ports HTTP/1.1" status: 200 len: 5349 time: 0.0488939
2026-08-05 08:43:12.857 9 INFO neutron.wsgi [None req-222499c5-854a-4200-bf9a-5acabdc59aa1 bad9087eb07a46fcaa754ad35477751f f9a2e9ff2e834de9970cd1125ab30f77 - - default default] 10.0.0.163 "GET /v2.0/routers HTTP/1.1" status: 200 len: 189 time: 0.0297127
2026-08-05 08:43:12.884 9 INFO neutron.wsgi [None req-0e10dadd-2267-4397-8484-ef4e911737bc bad9087eb07a46fcaa754ad35477751f f9a2e9ff2e834de9970cd1125ab30f77 - - default default] 10.0.0.163 "GET /v2.0/agents?binary=ovn-controller HTTP/1.1" status: 200 len: 591 time: 0.0256355
2026-08-05 08:43:12.901 9 INFO neutron.wsgi [None req-aa2aa412-6a6e-470b-8116-10cdb2c282ef bad9087eb07a46fcaa754ad35477751f f9a2e9ff2e834de9970cd1125ab30f77 - - default default] 10.0.0.163 "GET /v2.0/floatingips HTTP/1.1" status: 200 len: 193 time: 0.0165586
2026-08-05 08:43:12.916 9 INFO neutron.wsgi [None req-d4a88e8a-e4e1-4ddd-9a7f-c9a6e1223bfb bad9087eb07a46fcaa754ad35477751f f9a2e9ff2e834de9970cd1125ab30f77 - - default default] 10.0.0.163 "GET /v2.0/agents HTTP/1.1" status: 200 len: 997 time: 0.0135992
2026-08-05 08:43:12.946 9 INFO neutron.wsgi [None req-23268e32-eb84-4dd9-a924-288cb8b7b7e5 bad9087eb07a46fcaa754ad35477751f f9a2e9ff2e834de9970cd1125ab30f77 - - default default] 10.0.0.163 "GET /v2.0/subnets HTTP/1.1" status: 200 len: 1437 time: 0.0293832
2026-08-05 08:43:12.960 9 INFO neutron.wsgi [None req-ea5fd993-d394-470f-a23d-a63a4031d9ef bad9087eb07a46fcaa754ad35477751f f9a2e9ff2e834de9970cd1125ab30f77 - - default default] 10.0.0.163 "GET /v2.0/subnetpools HTTP/1.1" status: 200 len: 193 time: 0.0124414
2026-08-05 08:43:19.142 10 INFO neutron.wsgi [-] 10.0.0.69 "GET / HTTP/1.1" status: 200 len: 245 time: 0.0020106
2026-08-05 08:43:19.146 10 INFO neutron.wsgi [-] 10.0.0.69 "GET / HTTP/1.1" status: 200 len: 245 time: 0.0026369