2026-08-05 08:23:45.069 10 INFO neutron.db.ovn_revision_numbers_db [None req-b0d083cf-f3e5-4963-8a15-84e4b938dd52 b0f1f7328c3c4a14af16e17fa57e16c9 2c8ed7e96f2d4c1cac4e2348ff0d5469 - - default default] Successfully bumped revision number for resource e36494fc-c4c5-4b03-ba73-9d387b0b5beb (type: security_group_rules) to 0
2026-08-05 08:23:45.088 10 INFO neutron.wsgi [None req-fe67a779-85c5-4415-8968-bace3d419fb0 894bdce4ec294c5ba7d3242b41ede3b5 09f76e1bddb1464eb6a9bd7316658b1f - - default default] 10.0.0.211 "GET /v2.0/ports/8911e63b-84af-4ad1-b639-5e877455ad6d HTTP/1.1" status: 200 len: 1141 time: 0.0957253
2026-08-05 08:23:45.193 10 INFO neutron.db.ovn_revision_numbers_db [None req-b0d083cf-f3e5-4963-8a15-84e4b938dd52 b0f1f7328c3c4a14af16e17fa57e16c9 2c8ed7e96f2d4c1cac4e2348ff0d5469 - - default default] Successfully bumped revision number for resource f7ebc03f-22db-4289-ada7-4bb799a227a0 (type: security_group_rules) to 0
2026-08-05 08:23:45.259 10 INFO neutron.db.segments_db [None req-b0d083cf-f3e5-4963-8a15-84e4b938dd52 b0f1f7328c3c4a14af16e17fa57e16c9 2c8ed7e96f2d4c1cac4e2348ff0d5469 - - default default] Added segment 9d1bf8bc-a657-481d-899a-b9fa91c621d6 of type geneve for network 516a9c9b-2ece-4fe4-9322-9dc3bc2d276a
2026-08-05 08:23:45.274 9 INFO neutron.wsgi [None req-b400a566-2699-4705-8039-a1688bdb9d61 37acc2ce628c43f08bead20f54702cec 674f4531451b49cda6f58933bd04afad - - default default] 10.0.0.211 "DELETE /v2.0/subnets/097778ab-e177-4188-a1af-7b4993a25691 HTTP/1.1" status: 204 len: 168 time: 0.2366152
2026-08-05 08:23:45.503 10 INFO neutron.db.ovn_revision_numbers_db [None req-b0d083cf-f3e5-4963-8a15-84e4b938dd52 b0f1f7328c3c4a14af16e17fa57e16c9 2c8ed7e96f2d4c1cac4e2348ff0d5469 - - default default] Successfully bumped revision number for resource 516a9c9b-2ece-4fe4-9322-9dc3bc2d276a (type: networks) to 1
2026-08-05 08:23:45.844 10 WARNING neutron.scheduler.dhcp_agent_scheduler [None req-b0d083cf-f3e5-4963-8a15-84e4b938dd52 b0f1f7328c3c4a14af16e17fa57e16c9 2c8ed7e96f2d4c1cac4e2348ff0d5469 - - default default] No more DHCP agents
2026-08-05 08:23:45.851 10 WARNING neutron.api.rpc.agentnotifiers.dhcp_rpc_agent_api [None req-b0d083cf-f3e5-4963-8a15-84e4b938dd52 b0f1f7328c3c4a14af16e17fa57e16c9 2c8ed7e96f2d4c1cac4e2348ff0d5469 - - default default] Unable to schedule network 516a9c9b-2ece-4fe4-9322-9dc3bc2d276a: no agents available; will retry on subsequent port and subnet creation events.
2026-08-05 08:23:45.962 9 INFO neutron.services.segments.plugin [-] Segment 341aee29-1c56-4ee6-b89a-abcac020fe88 resource provider aggregate not found
2026-08-05 08:23:45.970 9 INFO neutron.services.segments.plugin [-] Segment 341aee29-1c56-4ee6-b89a-abcac020fe88 resource provider aggregate not found
2026-08-05 08:23:45.983 9 INFO neutron.services.segments.plugin [-] Segment 341aee29-1c56-4ee6-b89a-abcac020fe88 resource provider not found; error: Placement Client Error (4xx): {"errors": [{"status": 404, "title": "Not Found", "detail": "The resource could not be found.\n\n No resource provider with uuid 341aee29-1c56-4ee6-b89a-abcac020fe88 found for delete ", "request_id": "req-538ede63-ebc2-40c5-9f31-afd6ddddc66f"}]}
2026-08-05 08:23:45.990 9 INFO neutron.services.segments.plugin [-] Segment 341aee29-1c56-4ee6-b89a-abcac020fe88 resource provider not found; error: Placement Client Error (4xx): {"errors": [{"status": 404, "title": "Not Found", "detail": "The resource could not be found.\n\n No resource provider with uuid 341aee29-1c56-4ee6-b89a-abcac020fe88 found for delete ", "request_id": "req-32c02ee9-7036-441f-ba57-c969997814a2"}]}
2026-08-05 08:23:45.997 10 INFO neutron.db.ovn_revision_numbers_db [None req-b0d083cf-f3e5-4963-8a15-84e4b938dd52 b0f1f7328c3c4a14af16e17fa57e16c9 2c8ed7e96f2d4c1cac4e2348ff0d5469 - - default default] Successfully bumped revision number for resource 054e38f1-600a-40d4-959c-031f903841f2 (type: ports) to 1
2026-08-05 08:23:46.128 10 INFO neutron.wsgi [None req-b0d083cf-f3e5-4963-8a15-84e4b938dd52 b0f1f7328c3c4a14af16e17fa57e16c9 2c8ed7e96f2d4c1cac4e2348ff0d5469 - - default default] 10.0.0.211 "POST /v2.0/networks HTTP/1.1" status: 201 len: 848 time: 1.5958974
2026-08-05 08:23:46.144 9 INFO neutron.wsgi [None req-6dde4511-b7bd-42bf-9746-934af924d6aa 37acc2ce628c43f08bead20f54702cec 674f4531451b49cda6f58933bd04afad - - default default] 10.0.0.211 "DELETE /v2.0/networks/d755759d-5b13-47ff-a1a7-b42bcca385c4 HTTP/1.1" status: 204 len: 168 time: 0.8632264
2026-08-05 08:23:46.179 10 INFO neutron.wsgi [None req-980d061a-0fbe-4fb7-a23e-653ff3bc357c 894bdce4ec294c5ba7d3242b41ede3b5 09f76e1bddb1464eb6a9bd7316658b1f - - default default] 10.0.0.211 "PUT /v2.0/routers/b83505c5-d6b2-46e6-924a-1c816855c4ee/remove_router_interface HTTP/1.1" status: 200 len: 503 time: 1.0817473 /var/lib/openstack/lib/python3.10/site-packages/pycadf/identifier.py:71: UserWarning: Invalid uuid: neutron. To ensure interoperability, identifiers should be a valid uuid. warnings.warn(('Invalid uuid: %s. To ensure interoperability, '
2026-08-05 08:23:46.211 10 INFO neutron.wsgi [None req-33be68eb-64f8-4341-a4e3-cd517607f71a 894bdce4ec294c5ba7d3242b41ede3b5 09f76e1bddb1464eb6a9bd7316658b1f - - default default] 10.0.0.211 "GET /v2.0/ports?device_id=b83505c5-d6b2-46e6-924a-1c816855c4ee HTTP/1.1" status: 200 len: 205 time: 0.0275743
2026-08-05 08:23:46.662 9 WARNING neutron.scheduler.dhcp_agent_scheduler [None req-ace9f684-8fa9-45f8-86b6-e46313374bf1 b0f1f7328c3c4a14af16e17fa57e16c9 2c8ed7e96f2d4c1cac4e2348ff0d5469 - - default default] No more DHCP agents
2026-08-05 08:23:46.667 9 WARNING neutron.api.rpc.agentnotifiers.dhcp_rpc_agent_api [None req-ace9f684-8fa9-45f8-86b6-e46313374bf1 b0f1f7328c3c4a14af16e17fa57e16c9 2c8ed7e96f2d4c1cac4e2348ff0d5469 - - default default] Unable to schedule network 516a9c9b-2ece-4fe4-9322-9dc3bc2d276a: no agents available; will retry on subsequent port and subnet creation events.
2026-08-05 08:23:46.786 10 INFO neutron.wsgi [None req-2893594e-ee14-42f3-b7d4-174c3c1b6c3f 894bdce4ec294c5ba7d3242b41ede3b5 09f76e1bddb1464eb6a9bd7316658b1f - - default default] 10.0.0.211 "DELETE /v2.0/routers/b83505c5-d6b2-46e6-924a-1c816855c4ee HTTP/1.1" status: 204 len: 168 time: 0.5688155 /var/lib/openstack/lib/python3.10/site-packages/pycadf/identifier.py:71: UserWarning: Invalid uuid: neutron. To ensure interoperability, identifiers should be a valid uuid. warnings.warn(('Invalid uuid: %s. To ensure interoperability, '
2026-08-05 08:23:46.804 9 INFO neutron.db.ovn_revision_numbers_db [None req-ace9f684-8fa9-45f8-86b6-e46313374bf1 b0f1f7328c3c4a14af16e17fa57e16c9 2c8ed7e96f2d4c1cac4e2348ff0d5469 - - default default] Successfully bumped revision number for resource bc49b6cb-e092-4857-92b3-bf019f0a3fb3 (type: ports) to 1
2026-08-05 08:23:46.985 9 INFO neutron.wsgi [None req-ace9f684-8fa9-45f8-86b6-e46313374bf1 b0f1f7328c3c4a14af16e17fa57e16c9 2c8ed7e96f2d4c1cac4e2348ff0d5469 - - default default] 10.0.0.211 "POST /v2.0/ports HTTP/1.1" status: 201 len: 977 time: 0.8513029
2026-08-05 08:23:47.156 9 INFO neutron.db.segments_db [None req-b7cda8d6-50b7-43ba-9095-95deaa91689f b0f1f7328c3c4a14af16e17fa57e16c9 2c8ed7e96f2d4c1cac4e2348ff0d5469 - - default default] Added segment e2ed1e36-8cbe-4997-adb4-dfbd101e9396 of type geneve for network 3d2155ee-e517-4af0-849b-4982bfc5fdca
2026-08-05 08:23:47.245 9 INFO neutron.wsgi [None req-dbc2aa4c-d24b-4597-9e8e-fb9a54436b09 bad9087eb07a46fcaa754ad35477751f f9a2e9ff2e834de9970cd1125ab30f77 - - default default] 10.0.0.211 "GET /v2.0/security-groups?tenant_id=674f4531451b49cda6f58933bd04afad&name=default HTTP/1.1" status: 200 len: 2996 time: 0.1695898
2026-08-05 08:23:47.256 9 INFO neutron.wsgi [None req-ac476705-27e6-4bb3-9dd3-cdfd3985c731 894bdce4ec294c5ba7d3242b41ede3b5 09f76e1bddb1464eb6a9bd7316658b1f - - default default] 10.0.0.211 "DELETE /v2.0/subnets/fe52ed83-f35e-42c7-a51f-27b6c4f928f3 HTTP/1.1" status: 204 len: 168 time: 0.4649050
2026-08-05 08:23:47.735 9 INFO neutron.db.ovn_revision_numbers_db [None req-b7cda8d6-50b7-43ba-9095-95deaa91689f b0f1f7328c3c4a14af16e17fa57e16c9 2c8ed7e96f2d4c1cac4e2348ff0d5469 - - default default] Successfully bumped revision number for resource 3d2155ee-e517-4af0-849b-4982bfc5fdca (type: networks) to 1
2026-08-05 08:23:48.014 9 INFO neutron.services.segments.plugin [-] Segment 0f68a4b6-afc2-4e13-b41f-82073aa1c5e7 resource provider aggregate not found
2026-08-05 08:23:48.024 9 INFO neutron.services.segments.plugin [-] Segment 0f68a4b6-afc2-4e13-b41f-82073aa1c5e7 resource provider aggregate not found
2026-08-05 08:23:48.049 9 INFO neutron.services.segments.plugin [-] Segment 0f68a4b6-afc2-4e13-b41f-82073aa1c5e7 resource provider not found; error: Placement Client Error (4xx): {"errors": [{"status": 404, "title": "Not Found", "detail": "The resource could not be found.\n\n No resource provider with uuid 0f68a4b6-afc2-4e13-b41f-82073aa1c5e7 found for delete ", "request_id": "req-32597da7-610a-43a9-a899-a37dcf0a2744"}]}
2026-08-05 08:23:48.051 9 INFO neutron.services.segments.plugin [-] Segment 0f68a4b6-afc2-4e13-b41f-82073aa1c5e7 resource provider not found; error: Placement Client Error (4xx): {"errors": [{"status": 404, "title": "Not Found", "detail": "The resource could not be found.\n\n No resource provider with uuid 0f68a4b6-afc2-4e13-b41f-82073aa1c5e7 found for delete ", "request_id": "req-89da8969-e9cb-4ea8-89ba-35cff1b64adf"}]}
2026-08-05 08:23:48.693 9 WARNING neutron.scheduler.dhcp_agent_scheduler [None req-b7cda8d6-50b7-43ba-9095-95deaa91689f b0f1f7328c3c4a14af16e17fa57e16c9 2c8ed7e96f2d4c1cac4e2348ff0d5469 - - default default] No more DHCP agents
2026-08-05 08:23:48.696 9 WARNING neutron.api.rpc.agentnotifiers.dhcp_rpc_agent_api [None req-b7cda8d6-50b7-43ba-9095-95deaa91689f b0f1f7328c3c4a14af16e17fa57e16c9 2c8ed7e96f2d4c1cac4e2348ff0d5469 - - default default] Unable to schedule network 3d2155ee-e517-4af0-849b-4982bfc5fdca: no agents available; will retry on subsequent port and subnet creation events.
2026-08-05 08:23:49.106 10 INFO neutron.wsgi [None req-58dba214-6223-4aab-a674-8dc7f8db160b bad9087eb07a46fcaa754ad35477751f f9a2e9ff2e834de9970cd1125ab30f77 - - default default] 10.0.0.211 "DELETE /v2.0/security-groups/08930269-f5a9-4b5d-b2ca-efcc73db6e03 HTTP/1.1" status: 204 len: 168 time: 1.8549755
2026-08-05 08:23:49.141 10 INFO neutron.wsgi [-] 10.0.0.69 "GET / HTTP/1.1" status: 200 len: 245 time: 0.0013163
2026-08-05 08:23:49.143 10 INFO neutron.wsgi [-] 10.0.0.69 "GET / HTTP/1.1" status: 200 len: 245 time: 0.0014815
2026-08-05 08:23:49.391 9 INFO neutron.wsgi [None req-e33e78d2-41f2-4267-af29-922502a0afcf 894bdce4ec294c5ba7d3242b41ede3b5 09f76e1bddb1464eb6a9bd7316658b1f - - default default] 10.0.0.211 "DELETE /v2.0/networks/848b158a-5376-4c07-a7fc-0e1185a383dc HTTP/1.1" status: 204 len: 168 time: 2.1287456
2026-08-05 08:23:49.392 9 INFO neutron.db.ovn_revision_numbers_db [None req-b7cda8d6-50b7-43ba-9095-95deaa91689f b0f1f7328c3c4a14af16e17fa57e16c9 2c8ed7e96f2d4c1cac4e2348ff0d5469 - - default default] Successfully bumped revision number for resource 7620b013-a86e-4f22-bf59-45a4165b6de4 (type: ports) to 1
2026-08-05 08:23:50.003 9 INFO neutron.wsgi [None req-b7cda8d6-50b7-43ba-9095-95deaa91689f b0f1f7328c3c4a14af16e17fa57e16c9 2c8ed7e96f2d4c1cac4e2348ff0d5469 - - default default] 10.0.0.211 "POST /v2.0/networks HTTP/1.1" status: 201 len: 834 time: 3.0098829
2026-08-05 08:23:50.337 10 WARNING neutron.plugins.ml2.drivers.ovn.mech_driver.ovsdb.ovn_client [None req-dae38973-109e-4f5b-8203-0129e33c5fd5 - - - - - -] No port found with ID 8911e63b-84af-4ad1-b639-5e877455ad6d: RuntimeError: No port found with ID 8911e63b-84af-4ad1-b639-5e877455ad6d
2026-08-05 08:23:50.819 10 WARNING neutron.scheduler.dhcp_agent_scheduler [None req-1810449e-fb5a-42e1-93b9-ac1e239fba83 b0f1f7328c3c4a14af16e17fa57e16c9 2c8ed7e96f2d4c1cac4e2348ff0d5469 - - default default] No more DHCP agents
2026-08-05 08:23:50.823 10 WARNING neutron.api.rpc.agentnotifiers.dhcp_rpc_agent_api [None req-1810449e-fb5a-42e1-93b9-ac1e239fba83 b0f1f7328c3c4a14af16e17fa57e16c9 2c8ed7e96f2d4c1cac4e2348ff0d5469 - - default default] Unable to schedule network 3d2155ee-e517-4af0-849b-4982bfc5fdca: no agents available; will retry on subsequent port and subnet creation events.
2026-08-05 08:23:51.273 10 INFO neutron.db.ovn_revision_numbers_db [None req-1810449e-fb5a-42e1-93b9-ac1e239fba83 b0f1f7328c3c4a14af16e17fa57e16c9 2c8ed7e96f2d4c1cac4e2348ff0d5469 - - default default] Successfully bumped revision number for resource a0cb71e9-0e72-404f-8af3-e6919ec2ebbc (type: subnets) to 0
2026-08-05 08:23:51.407 10 INFO neutron.wsgi [None req-1810449e-fb5a-42e1-93b9-ac1e239fba83 b0f1f7328c3c4a14af16e17fa57e16c9 2c8ed7e96f2d4c1cac4e2348ff0d5469 - - default default] 10.0.0.211 "POST /v2.0/subnets HTTP/1.1" status: 201 len: 821 time: 1.3983293
2026-08-05 08:23:51.591 10 WARNING neutron.scheduler.dhcp_agent_scheduler [None req-014d61ff-5af7-4c7c-8860-034828205fbf 894bdce4ec294c5ba7d3242b41ede3b5 09f76e1bddb1464eb6a9bd7316658b1f - - default default] No more DHCP agents
2026-08-05 08:23:51.594 10 WARNING neutron.api.rpc.agentnotifiers.dhcp_rpc_agent_api [None req-014d61ff-5af7-4c7c-8860-034828205fbf 894bdce4ec294c5ba7d3242b41ede3b5 09f76e1bddb1464eb6a9bd7316658b1f - - default default] Unable to schedule network 75671639-418b-4cd4-9307-cb01dcf271c9: no agents available; will retry on subsequent port and subnet creation events.
2026-08-05 08:23:52.194 10 INFO neutron.db.ovn_revision_numbers_db [None req-014d61ff-5af7-4c7c-8860-034828205fbf 894bdce4ec294c5ba7d3242b41ede3b5 09f76e1bddb1464eb6a9bd7316658b1f - - default default] Successfully bumped revision number for resource 9bc8043a-bff9-4536-aefa-902926567af8 (type: ports) to 1
2026-08-05 08:23:52.359 9 WARNING neutron.scheduler.dhcp_agent_scheduler [None req-89d10f17-470b-4465-8e86-0d2b45e63d97 b0f1f7328c3c4a14af16e17fa57e16c9 2c8ed7e96f2d4c1cac4e2348ff0d5469 - - default default] No more DHCP agents
2026-08-05 08:23:52.363 9 WARNING neutron.api.rpc.agentnotifiers.dhcp_rpc_agent_api [None req-89d10f17-470b-4465-8e86-0d2b45e63d97 b0f1f7328c3c4a14af16e17fa57e16c9 2c8ed7e96f2d4c1cac4e2348ff0d5469 - - default default] Unable to schedule network 3d2155ee-e517-4af0-849b-4982bfc5fdca: no agents available; will retry on subsequent port and subnet creation events. /var/lib/openstack/lib/python3.10/site-packages/pycadf/identifier.py:71: UserWarning: Invalid uuid: neutron. To ensure interoperability, identifiers should be a valid uuid. warnings.warn(('Invalid uuid: %s. To ensure interoperability, '
2026-08-05 08:23:52.725 9 INFO neutron.db.ovn_revision_numbers_db [None req-89d10f17-470b-4465-8e86-0d2b45e63d97 b0f1f7328c3c4a14af16e17fa57e16c9 2c8ed7e96f2d4c1cac4e2348ff0d5469 - - default default] Successfully bumped revision number for resource 2b0a96a2-89d0-4415-804e-77e3f6accfb5 (type: ports) to 1
2026-08-05 08:23:52.919 9 INFO neutron.wsgi [None req-89d10f17-470b-4465-8e86-0d2b45e63d97 b0f1f7328c3c4a14af16e17fa57e16c9 2c8ed7e96f2d4c1cac4e2348ff0d5469 - - default default] 10.0.0.211 "POST /v2.0/ports HTTP/1.1" status: 201 len: 1165 time: 1.5083640
2026-08-05 08:23:52.925 9 INFO neutron.plugins.ml2.drivers.ovn.mech_driver.mech_driver [None req-6eeebc64-6083-4af1-b313-107984a94cb5 - - - - - -] OVN reports status up for port: 9bc8043a-bff9-4536-aefa-902926567af8
2026-08-05 08:23:52.933 9 INFO neutron.plugins.ml2.plugin [None req-6eeebc64-6083-4af1-b313-107984a94cb5 - - - - - -] Attempt 1 to provision port 9bc8043a-bff9-4536-aefa-902926567af8
2026-08-05 08:23:53.185 10 INFO neutron.db.ovn_revision_numbers_db [None req-014d61ff-5af7-4c7c-8860-034828205fbf 894bdce4ec294c5ba7d3242b41ede3b5 09f76e1bddb1464eb6a9bd7316658b1f - - default default] Successfully bumped revision number for resource 9bc8043a-bff9-4536-aefa-902926567af8 (type: router_ports) to 1
2026-08-05 08:23:53.374 10 INFO neutron.db.ovn_revision_numbers_db [None req-014d61ff-5af7-4c7c-8860-034828205fbf 894bdce4ec294c5ba7d3242b41ede3b5 09f76e1bddb1464eb6a9bd7316658b1f - - default default] Successfully bumped revision number for resource ad7912f3-7e66-4c3c-b26c-711020736c83 (type: routers) to 2
2026-08-05 08:23:53.549 9 INFO neutron.db.ovn_revision_numbers_db [None req-b07316f6-3095-4fc8-b002-75dc658d1e98 fda451b95896477da9086f81caacd4a9 6277363f815246e5bcce78755c15d408 - - default default] Successfully bumped revision number for resource 1062ca09-d444-4cd3-82a6-239adf301426 (type: security_groups) to 1
2026-08-05 08:23:53.753 10 INFO neutron.wsgi [None req-014d61ff-5af7-4c7c-8860-034828205fbf 894bdce4ec294c5ba7d3242b41ede3b5 09f76e1bddb1464eb6a9bd7316658b1f - - default default] 10.0.0.211 "POST /v2.0/routers HTTP/1.1" status: 201 len: 871 time: 4.3535297
2026-08-05 08:23:53.758 10 INFO neutron.wsgi [None req-d3f040c5-507b-4eec-b84a-d97777a544fa b0f1f7328c3c4a14af16e17fa57e16c9 2c8ed7e96f2d4c1cac4e2348ff0d5469 - - default default] 10.0.0.211 "DELETE /v2.0/ports/2b0a96a2-89d0-4415-804e-77e3f6accfb5 HTTP/1.1" status: 204 len: 168 time: 0.8333008
2026-08-05 08:23:53.781 10 INFO neutron.pecan_wsgi.hooks.translation [None req-78f4a5e2-b1a2-4356-bd3f-2b6dfb53e48e b0f1f7328c3c4a14af16e17fa57e16c9 2c8ed7e96f2d4c1cac4e2348ff0d5469 - - default default] DELETE failed (client error): The resource could not be found.
2026-08-05 08:23:53.783 10 INFO neutron.wsgi [None req-78f4a5e2-b1a2-4356-bd3f-2b6dfb53e48e b0f1f7328c3c4a14af16e17fa57e16c9 2c8ed7e96f2d4c1cac4e2348ff0d5469 - - default default] 10.0.0.211 "DELETE /v2.0/ports/2b0a96a2-89d0-4415-804e-77e3f6accfb5 HTTP/1.1" status: 404 len: 333 time: 0.0195918
2026-08-05 08:23:53.784 9 INFO neutron.db.ovn_revision_numbers_db [None req-b07316f6-3095-4fc8-b002-75dc658d1e98 fda451b95896477da9086f81caacd4a9 6277363f815246e5bcce78755c15d408 - - default default] Successfully bumped revision number for resource 3efeb346-8536-43df-9ccf-ddce40720e00 (type: security_group_rules) to 0
2026-08-05 08:23:53.807 10 INFO neutron.pecan_wsgi.hooks.translation [None req-cb8903f7-c146-482b-bddf-3fedb61166cd b0f1f7328c3c4a14af16e17fa57e16c9 2c8ed7e96f2d4c1cac4e2348ff0d5469 - - default default] GET failed (client error): The resource could not be found.
2026-08-05 08:23:53.809 10 INFO neutron.wsgi [None req-cb8903f7-c146-482b-bddf-3fedb61166cd b0f1f7328c3c4a14af16e17fa57e16c9 2c8ed7e96f2d4c1cac4e2348ff0d5469 - - default default] 10.0.0.211 "GET /v2.0/ports/2b0a96a2-89d0-4415-804e-77e3f6accfb5 HTTP/1.1" status: 404 len: 333 time: 0.0213039
2026-08-05 08:23:53.826 9 INFO neutron.wsgi [None req-e2c2e7d6-ca5d-489e-9175-3b8b005881d6 894bdce4ec294c5ba7d3242b41ede3b5 09f76e1bddb1464eb6a9bd7316658b1f - - default default] 10.0.0.211 "GET /v2.0/routers/ad7912f3-7e66-4c3c-b26c-711020736c83 HTTP/1.1" status: 200 len: 872 time: 0.0683193
2026-08-05 08:23:53.964 10 INFO neutron.wsgi [None req-59bb3be9-6edd-4792-bff0-b1e4b68cbea8 894bdce4ec294c5ba7d3242b41ede3b5 09f76e1bddb1464eb6a9bd7316658b1f - - default default] 10.0.0.211 "GET /v2.0/routers HTTP/1.1" status: 200 len: 875 time: 0.1332088
2026-08-05 08:23:54.094 9 INFO neutron.db.ovn_revision_numbers_db [None req-b07316f6-3095-4fc8-b002-75dc658d1e98 fda451b95896477da9086f81caacd4a9 6277363f815246e5bcce78755c15d408 - - default default] Successfully bumped revision number for resource 83316269-f1eb-4b00-8e5e-190bc14d2bab (type: security_group_rules) to 0
2026-08-05 08:23:54.604 9 INFO neutron.db.ovn_revision_numbers_db [None req-b07316f6-3095-4fc8-b002-75dc658d1e98 fda451b95896477da9086f81caacd4a9 6277363f815246e5bcce78755c15d408 - - default default] Successfully bumped revision number for resource b061eb78-4c5b-4d36-8c25-45a1390552d9 (type: security_group_rules) to 0
2026-08-05 08:23:55.508 9 INFO neutron.db.ovn_revision_numbers_db [None req-b07316f6-3095-4fc8-b002-75dc658d1e98 fda451b95896477da9086f81caacd4a9 6277363f815246e5bcce78755c15d408 - - default default] Successfully bumped revision number for resource b1a9dbc8-e1f8-484e-94f1-965155e0ab51 (type: security_group_rules) to 0
2026-08-05 08:23:55.515 10 INFO neutron.db.ovn_revision_numbers_db [None req-326bd401-04d1-4952-b62d-2ffdc418f162 894bdce4ec294c5ba7d3242b41ede3b5 09f76e1bddb1464eb6a9bd7316658b1f - - default default] Successfully bumped revision number for resource ad7912f3-7e66-4c3c-b26c-711020736c83 (type: routers) to 3
2026-08-05 08:23:55.518 10 INFO neutron.wsgi [None req-326bd401-04d1-4952-b62d-2ffdc418f162 894bdce4ec294c5ba7d3242b41ede3b5 09f76e1bddb1464eb6a9bd7316658b1f - - default default] 10.0.0.211 "PUT /v2.0/routers/ad7912f3-7e66-4c3c-b26c-711020736c83 HTTP/1.1" status: 200 len: 879 time: 1.5488350
2026-08-05 08:23:55.522 10 INFO neutron.wsgi [None req-e4172538-5281-48da-b362-8eda3e824447 b0f1f7328c3c4a14af16e17fa57e16c9 2c8ed7e96f2d4c1cac4e2348ff0d5469 - - default default] 10.0.0.211 "DELETE /v2.0/subnets/a0cb71e9-0e72-404f-8af3-e6919ec2ebbc HTTP/1.1" status: 204 len: 168 time: 1.7082224
2026-08-05 08:23:55.580 9 INFO neutron.db.segments_db [None req-b07316f6-3095-4fc8-b002-75dc658d1e98 fda451b95896477da9086f81caacd4a9 6277363f815246e5bcce78755c15d408 - - default default] Added segment bff6673c-7cdf-4280-a526-acc8e02dab51 of type geneve for network 338d2780-ae92-4c52-b108-7b5d15380af0
2026-08-05 08:23:55.749 10 INFO neutron.wsgi [None req-27191a37-6459-4e1c-9114-8cf988ad72ae 894bdce4ec294c5ba7d3242b41ede3b5 09f76e1bddb1464eb6a9bd7316658b1f - - default default] 10.0.0.211 "GET /v2.0/routers/ad7912f3-7e66-4c3c-b26c-711020736c83 HTTP/1.1" status: 200 len: 879 time: 0.2242386
2026-08-05 08:23:55.774 10 INFO neutron.wsgi [None req-3dfaa951-a7ac-4c42-8fa1-f60be6031e3d 894bdce4ec294c5ba7d3242b41ede3b5 09f76e1bddb1464eb6a9bd7316658b1f - - default default] 10.0.0.211 "GET /v2.0/ports?device_id=ad7912f3-7e66-4c3c-b26c-711020736c83 HTTP/1.1" status: 200 len: 205 time: 0.0193226
2026-08-05 08:23:56.456 9 INFO neutron.db.ovn_revision_numbers_db [None req-b07316f6-3095-4fc8-b002-75dc658d1e98 fda451b95896477da9086f81caacd4a9 6277363f815246e5bcce78755c15d408 - - default default] Successfully bumped revision number for resource 338d2780-ae92-4c52-b108-7b5d15380af0 (type: networks) to 1
2026-08-05 08:23:56.762 9 INFO neutron.services.segments.plugin [-] Segment e2ed1e36-8cbe-4997-adb4-dfbd101e9396 resource provider aggregate not found
2026-08-05 08:23:56.766 9 INFO neutron.services.segments.plugin [-] Segment e2ed1e36-8cbe-4997-adb4-dfbd101e9396 resource provider aggregate not found
2026-08-05 08:23:56.780 9 INFO neutron.services.segments.plugin [-] Segment e2ed1e36-8cbe-4997-adb4-dfbd101e9396 resource provider not found; error: Placement Client Error (4xx): {"errors": [{"status": 404, "title": "Not Found", "detail": "The resource could not be found.\n\n No resource provider with uuid e2ed1e36-8cbe-4997-adb4-dfbd101e9396 found for delete ", "request_id": "req-510502e4-ea0e-49d7-897f-acad30e2951d"}]}
2026-08-05 08:23:56.782 9 INFO neutron.services.segments.plugin [-] Segment e2ed1e36-8cbe-4997-adb4-dfbd101e9396 resource provider not found; error: Placement Client Error (4xx): {"errors": [{"status": 404, "title": "Not Found", "detail": "The resource could not be found.\n\n No resource provider with uuid e2ed1e36-8cbe-4997-adb4-dfbd101e9396 found for delete ", "request_id": "req-31e90a72-11a7-455d-8f63-9a60f6ae4265"}]}
2026-08-05 08:23:57.153 9 WARNING neutron.scheduler.dhcp_agent_scheduler [None req-b07316f6-3095-4fc8-b002-75dc658d1e98 fda451b95896477da9086f81caacd4a9 6277363f815246e5bcce78755c15d408 - - default default] No more DHCP agents
2026-08-05 08:23:57.155 9 WARNING neutron.api.rpc.agentnotifiers.dhcp_rpc_agent_api [None req-b07316f6-3095-4fc8-b002-75dc658d1e98 fda451b95896477da9086f81caacd4a9 6277363f815246e5bcce78755c15d408 - - default default] Unable to schedule network 338d2780-ae92-4c52-b108-7b5d15380af0: no agents available; will retry on subsequent port and subnet creation events.
2026-08-05 08:23:57.520 9 INFO neutron.db.ovn_revision_numbers_db [None req-b07316f6-3095-4fc8-b002-75dc658d1e98 fda451b95896477da9086f81caacd4a9 6277363f815246e5bcce78755c15d408 - - default default] Successfully bumped revision number for resource 608ff74e-960e-4605-8120-542926b05c43 (type: ports) to 1
2026-08-05 08:23:57.529 9 INFO neutron.wsgi [None req-3278bf6c-4d03-4f24-99f3-892e88b01e89 b0f1f7328c3c4a14af16e17fa57e16c9 2c8ed7e96f2d4c1cac4e2348ff0d5469 - - default default] 10.0.0.211 "DELETE /v2.0/networks/3d2155ee-e517-4af0-849b-4982bfc5fdca HTTP/1.1" status: 204 len: 168 time: 2.0007918
2026-08-05 08:23:57.771 9 INFO neutron.wsgi [None req-b07316f6-3095-4fc8-b002-75dc658d1e98 fda451b95896477da9086f81caacd4a9 6277363f815246e5bcce78755c15d408 - - default default] 10.0.0.211 "POST /v2.0/networks HTTP/1.1" status: 201 len: 846 time: 5.2829509
2026-08-05 08:23:57.833 10 INFO neutron.wsgi [None req-6f3fe2e9-ec5a-494e-a511-f93ba967f13f 894bdce4ec294c5ba7d3242b41ede3b5 09f76e1bddb1464eb6a9bd7316658b1f - - default default] 10.0.0.211 "DELETE /v2.0/routers/ad7912f3-7e66-4c3c-b26c-711020736c83 HTTP/1.1" status: 204 len: 168 time: 2.0543134
2026-08-05 08:23:57.853 10 INFO neutron.db.segments_db [None req-9debafd7-b3e2-4db5-a661-666e90e647b1 b0f1f7328c3c4a14af16e17fa57e16c9 2c8ed7e96f2d4c1cac4e2348ff0d5469 - - default default] Added segment ecd46056-61ec-445d-9681-2944a42030dc of type geneve for network a5230cad-6177-4bfc-8073-7c7c8778a91b
2026-08-05 08:23:57.863 10 INFO neutron.wsgi [None req-41d82d26-a6cb-4572-b211-fa33def665fd 894bdce4ec294c5ba7d3242b41ede3b5 09f76e1bddb1464eb6a9bd7316658b1f - - default default] 10.0.0.211 "GET /v2.0/ports?device_id=ad7912f3-7e66-4c3c-b26c-711020736c83 HTTP/1.1" status: 200 len: 205 time: 0.0241990
2026-08-05 08:23:57.905 9 INFO neutron.api.v2.resource [None req-fd5513cf-f9ac-4201-b06f-042a7a919f4b 894bdce4ec294c5ba7d3242b41ede3b5 09f76e1bddb1464eb6a9bd7316658b1f - - default default] delete failed (client error): The resource could not be found.
2026-08-05 08:23:57.906 9 INFO neutron.wsgi [None req-fd5513cf-f9ac-4201-b06f-042a7a919f4b 894bdce4ec294c5ba7d3242b41ede3b5 09f76e1bddb1464eb6a9bd7316658b1f - - default default] 10.0.0.211 "DELETE /v2.0/routers/ad7912f3-7e66-4c3c-b26c-711020736c83 HTTP/1.1" status: 404 len: 336 time: 0.0381725
2026-08-05 08:23:57.945 9 INFO neutron.wsgi [None req-93118fe4-4c2b-4a48-a981-57338fbf52ed 894bdce4ec294c5ba7d3242b41ede3b5 09f76e1bddb1464eb6a9bd7316658b1f - - default default] 10.0.0.211 "GET /v2.0/ports?device_id=b83505c5-d6b2-46e6-924a-1c816855c4ee HTTP/1.1" status: 200 len: 205 time: 0.0343797
2026-08-05 08:23:57.986 9 INFO neutron.api.v2.resource [None req-054b4a93-2dcb-4217-8705-9fc301761104 894bdce4ec294c5ba7d3242b41ede3b5 09f76e1bddb1464eb6a9bd7316658b1f - - default default] delete failed (client error): The resource could not be found.
2026-08-05 08:23:57.989 9 INFO neutron.wsgi [None req-054b4a93-2dcb-4217-8705-9fc301761104 894bdce4ec294c5ba7d3242b41ede3b5 09f76e1bddb1464eb6a9bd7316658b1f - - default default] 10.0.0.211 "DELETE /v2.0/routers/b83505c5-d6b2-46e6-924a-1c816855c4ee HTTP/1.1" status: 404 len: 336 time: 0.0288644
2026-08-05 08:23:58.016 9 INFO neutron.pecan_wsgi.hooks.translation [None req-e18fe1ec-f30a-4451-b90e-39747e5fea8c 894bdce4ec294c5ba7d3242b41ede3b5 09f76e1bddb1464eb6a9bd7316658b1f - - default default] DELETE failed (client error): The resource could not be found.
2026-08-05 08:23:58.019 9 INFO neutron.wsgi [None req-e18fe1ec-f30a-4451-b90e-39747e5fea8c 894bdce4ec294c5ba7d3242b41ede3b5 09f76e1bddb1464eb6a9bd7316658b1f - - default default] 10.0.0.211 "DELETE /v2.0/subnets/fe52ed83-f35e-42c7-a51f-27b6c4f928f3 HTTP/1.1" status: 404 len: 337 time: 0.0223217
2026-08-05 08:23:58.041 10 INFO neutron.wsgi [None req-06aa75c2-f980-407e-aa6d-ba9590920bca 894bdce4ec294c5ba7d3242b41ede3b5 09f76e1bddb1464eb6a9bd7316658b1f - - default default] 10.0.0.211 "GET /v2.0/ports?device_id=7076e858-44a9-4a5d-97d3-38102cf13875 HTTP/1.1" status: 200 len: 205 time: 0.0185642
2026-08-05 08:23:58.084 9 INFO neutron.api.v2.resource [None req-083750ad-2da8-4d40-a498-475091ecb261 894bdce4ec294c5ba7d3242b41ede3b5 09f76e1bddb1464eb6a9bd7316658b1f - - default default] delete failed (client error): The resource could not be found.
2026-08-05 08:23:58.085 9 INFO neutron.wsgi [None req-083750ad-2da8-4d40-a498-475091ecb261 894bdce4ec294c5ba7d3242b41ede3b5 09f76e1bddb1464eb6a9bd7316658b1f - - default default] 10.0.0.211 "DELETE /v2.0/routers/7076e858-44a9-4a5d-97d3-38102cf13875 HTTP/1.1" status: 404 len: 336 time: 0.0391870
2026-08-05 08:23:58.117 9 INFO neutron.pecan_wsgi.hooks.translation [None req-7b982d78-565e-4020-b5f7-1fb9b4d7ddf1 894bdce4ec294c5ba7d3242b41ede3b5 09f76e1bddb1464eb6a9bd7316658b1f - - default default] DELETE failed (client error): The resource could not be found.
2026-08-05 08:23:58.120 9 INFO neutron.wsgi [None req-7b982d78-565e-4020-b5f7-1fb9b4d7ddf1 894bdce4ec294c5ba7d3242b41ede3b5 09f76e1bddb1464eb6a9bd7316658b1f - - default default] 10.0.0.211 "DELETE /v2.0/subnets/801a79db-f2bc-4b57-ab76-32b4c56b8505 HTTP/1.1" status: 404 len: 337 time: 0.0251870
2026-08-05 08:23:58.148 10 INFO neutron.wsgi [None req-6ba4e024-e47c-40c8-b52c-10eefa2d024a 894bdce4ec294c5ba7d3242b41ede3b5 09f76e1bddb1464eb6a9bd7316658b1f - - default default] 10.0.0.211 "GET /v2.0/ports?device_id=654c8721-8b50-4063-998b-99f61e189696 HTTP/1.1" status: 200 len: 205 time: 0.0200734
2026-08-05 08:23:58.175 9 INFO neutron.api.v2.resource [None req-2542197b-eb23-4599-90a2-95edc36b5e20 894bdce4ec294c5ba7d3242b41ede3b5 09f76e1bddb1464eb6a9bd7316658b1f - - default default] delete failed (client error): The resource could not be found.
2026-08-05 08:23:58.176 9 INFO neutron.wsgi [None req-2542197b-eb23-4599-90a2-95edc36b5e20 894bdce4ec294c5ba7d3242b41ede3b5 09f76e1bddb1464eb6a9bd7316658b1f - - default default] 10.0.0.211 "DELETE /v2.0/routers/654c8721-8b50-4063-998b-99f61e189696 HTTP/1.1" status: 404 len: 336 time: 0.0228455
2026-08-05 08:23:58.202 9 INFO neutron.pecan_wsgi.hooks.translation [None req-54947de6-a38e-46f2-8969-5237d3e2c971 894bdce4ec294c5ba7d3242b41ede3b5 09f76e1bddb1464eb6a9bd7316658b1f - - default default] DELETE failed (client error): The resource could not be found.
2026-08-05 08:23:58.205 9 INFO neutron.wsgi [None req-54947de6-a38e-46f2-8969-5237d3e2c971 894bdce4ec294c5ba7d3242b41ede3b5 09f76e1bddb1464eb6a9bd7316658b1f - - default default] 10.0.0.211 "DELETE /v2.0/subnets/c0a368bd-cefc-4503-bb79-504fd23411fe HTTP/1.1" status: 404 len: 337 time: 0.0222735
2026-08-05 08:23:58.225 9 INFO neutron.pecan_wsgi.hooks.translation [None req-cbddc661-ea9c-4f0a-8f48-f5150c2400e2 894bdce4ec294c5ba7d3242b41ede3b5 09f76e1bddb1464eb6a9bd7316658b1f - - default default] DELETE failed (client error): The resource could not be found.
2026-08-05 08:23:58.228 9 INFO neutron.wsgi [None req-cbddc661-ea9c-4f0a-8f48-f5150c2400e2 894bdce4ec294c5ba7d3242b41ede3b5 09f76e1bddb1464eb6a9bd7316658b1f - - default default] 10.0.0.211 "DELETE /v2.0/subnets/2b551af3-7a5d-4ee6-a407-4e17eb65c72b HTTP/1.1" status: 404 len: 337 time: 0.0189862
2026-08-05 08:23:58.326 10 INFO neutron.db.ovn_revision_numbers_db [None req-9debafd7-b3e2-4db5-a661-666e90e647b1 b0f1f7328c3c4a14af16e17fa57e16c9 2c8ed7e96f2d4c1cac4e2348ff0d5469 - - default default] Successfully bumped revision number for resource a5230cad-6177-4bfc-8073-7c7c8778a91b (type: networks) to 1
2026-08-05 08:23:58.357 9 WARNING neutron.plugins.ml2.drivers.ovn.mech_driver.ovsdb.ovn_client [None req-6eeebc64-6083-4af1-b313-107984a94cb5 - - - - - -] No port found with ID 9bc8043a-bff9-4536-aefa-902926567af8: RuntimeError: No port found with ID 9bc8043a-bff9-4536-aefa-902926567af8
2026-08-05 08:23:59.065 10 WARNING neutron.scheduler.dhcp_agent_scheduler [None req-d069cd25-3766-4d9e-a506-a770fa07d269 fda451b95896477da9086f81caacd4a9 6277363f815246e5bcce78755c15d408 - - default default] No more DHCP agents
2026-08-05 08:23:59.066 10 WARNING neutron.scheduler.dhcp_agent_scheduler [None req-9debafd7-b3e2-4db5-a661-666e90e647b1 b0f1f7328c3c4a14af16e17fa57e16c9 2c8ed7e96f2d4c1cac4e2348ff0d5469 - - default default] No more DHCP agents
2026-08-05 08:23:59.071 10 WARNING neutron.api.rpc.agentnotifiers.dhcp_rpc_agent_api [None req-d069cd25-3766-4d9e-a506-a770fa07d269 fda451b95896477da9086f81caacd4a9 6277363f815246e5bcce78755c15d408 - - default default] Unable to schedule network 338d2780-ae92-4c52-b108-7b5d15380af0: no agents available; will retry on subsequent port and subnet creation events.
2026-08-05 08:23:59.072 10 WARNING neutron.api.rpc.agentnotifiers.dhcp_rpc_agent_api [None req-9debafd7-b3e2-4db5-a661-666e90e647b1 b0f1f7328c3c4a14af16e17fa57e16c9 2c8ed7e96f2d4c1cac4e2348ff0d5469 - - default default] Unable to schedule network a5230cad-6177-4bfc-8073-7c7c8778a91b: no agents available; will retry on subsequent port and subnet creation events.
2026-08-05 08:23:59.257 10 INFO neutron.db.ovn_revision_numbers_db [None req-d069cd25-3766-4d9e-a506-a770fa07d269 fda451b95896477da9086f81caacd4a9 6277363f815246e5bcce78755c15d408 - - default default] Successfully bumped revision number for resource 79af76ec-d0c0-4ab9-bc6d-767e93bead0f (type: subnets) to 0
2026-08-05 08:23:59.327 10 INFO neutron.db.ovn_revision_numbers_db [None req-9debafd7-b3e2-4db5-a661-666e90e647b1 b0f1f7328c3c4a14af16e17fa57e16c9 2c8ed7e96f2d4c1cac4e2348ff0d5469 - - default default] Successfully bumped revision number for resource e9a5b890-25d1-4467-b4ef-3232bffe005a (type: ports) to 1
2026-08-05 08:23:59.364 10 INFO neutron.wsgi [None req-d069cd25-3766-4d9e-a506-a770fa07d269 fda451b95896477da9086f81caacd4a9 6277363f815246e5bcce78755c15d408 - - default default] 10.0.0.211 "POST /v2.0/subnets HTTP/1.1" status: 201 len: 848 time: 1.1050546
2026-08-05 08:23:59.430 10 INFO neutron.wsgi [None req-9debafd7-b3e2-4db5-a661-666e90e647b1 b0f1f7328c3c4a14af16e17fa57e16c9 2c8ed7e96f2d4c1cac4e2348ff0d5469 - - default default] 10.0.0.211 "POST /v2.0/networks HTTP/1.1" status: 201 len: 835 time: 1.8940997
2026-08-05 08:23:59.565 10 INFO neutron.db.segments_db [None req-08493898-7a8b-4b1c-87a5-f256ab640e30 fda451b95896477da9086f81caacd4a9 6277363f815246e5bcce78755c15d408 - - default default] Added segment ffa5f98f-a4c2-4ddf-a574-43d7be047448 of type geneve for network 9c82e8bd-c7f1-4677-9318-ca1bbc543cde
2026-08-05 08:23:59.901 10 INFO neutron.wsgi [None req-20385d29-1568-4f55-b24b-35508a6d5669 bad9087eb07a46fcaa754ad35477751f f9a2e9ff2e834de9970cd1125ab30f77 - - default default] 10.0.0.211 "GET /v2.0/security-groups?tenant_id=09f76e1bddb1464eb6a9bd7316658b1f&name=default HTTP/1.1" status: 200 len: 2996 time: 0.3545008
2026-08-05 08:23:59.911 9 WARNING neutron.scheduler.dhcp_agent_scheduler [None req-fc6f65ad-7289-4b14-a425-3b71c06ee075 b0f1f7328c3c4a14af16e17fa57e16c9 2c8ed7e96f2d4c1cac4e2348ff0d5469 - - default default] No more DHCP agents
2026-08-05 08:23:59.913 9 WARNING neutron.api.rpc.agentnotifiers.dhcp_rpc_agent_api [None req-fc6f65ad-7289-4b14-a425-3b71c06ee075 b0f1f7328c3c4a14af16e17fa57e16c9 2c8ed7e96f2d4c1cac4e2348ff0d5469 - - default default] Unable to schedule network a5230cad-6177-4bfc-8073-7c7c8778a91b: no agents available; will retry on subsequent port and subnet creation events.
2026-08-05 08:24:00.583 9 INFO neutron.db.ovn_revision_numbers_db [None req-fc6f65ad-7289-4b14-a425-3b71c06ee075 b0f1f7328c3c4a14af16e17fa57e16c9 2c8ed7e96f2d4c1cac4e2348ff0d5469 - - default default] Successfully bumped revision number for resource 7917f007-df70-44fa-99b3-748ec6d13be6 (type: subnets) to 0
2026-08-05 08:24:00.746 10 INFO neutron.db.ovn_revision_numbers_db [None req-08493898-7a8b-4b1c-87a5-f256ab640e30 fda451b95896477da9086f81caacd4a9 6277363f815246e5bcce78755c15d408 - - default default] Successfully bumped revision number for resource 9c82e8bd-c7f1-4677-9318-ca1bbc543cde (type: networks) to 1
2026-08-05 08:24:00.780 9 INFO neutron.wsgi [None req-fc6f65ad-7289-4b14-a425-3b71c06ee075 b0f1f7328c3c4a14af16e17fa57e16c9 2c8ed7e96f2d4c1cac4e2348ff0d5469 - - default default] 10.0.0.211 "POST /v2.0/subnets HTTP/1.1" status: 201 len: 821 time: 1.3438444
2026-08-05 08:24:01.171 10 INFO neutron.wsgi [None req-341a7900-6776-4616-9db3-6a28d3bc23b1 bad9087eb07a46fcaa754ad35477751f f9a2e9ff2e834de9970cd1125ab30f77 - - default default] 10.0.0.211 "DELETE /v2.0/security-groups/3a19260b-6ba3-4133-90e7-f4ad37642a5b HTTP/1.1" status: 204 len: 168 time: 1.2650042
2026-08-05 08:24:01.189 10 WARNING neutron.scheduler.dhcp_agent_scheduler [None req-08493898-7a8b-4b1c-87a5-f256ab640e30 fda451b95896477da9086f81caacd4a9 6277363f815246e5bcce78755c15d408 - - default default] No more DHCP agents
2026-08-05 08:24:01.191 10 WARNING neutron.api.rpc.agentnotifiers.dhcp_rpc_agent_api [None req-08493898-7a8b-4b1c-87a5-f256ab640e30 fda451b95896477da9086f81caacd4a9 6277363f815246e5bcce78755c15d408 - - default default] Unable to schedule network 9c82e8bd-c7f1-4677-9318-ca1bbc543cde: no agents available; will retry on subsequent port and subnet creation events.
2026-08-05 08:24:01.325 9 WARNING neutron.scheduler.dhcp_agent_scheduler [None req-a278354e-2da9-446a-b9a3-dc5825384593 b0f1f7328c3c4a14af16e17fa57e16c9 2c8ed7e96f2d4c1cac4e2348ff0d5469 - - default default] No more DHCP agents
2026-08-05 08:24:01.327 9 WARNING neutron.api.rpc.agentnotifiers.dhcp_rpc_agent_api [None req-a278354e-2da9-446a-b9a3-dc5825384593 b0f1f7328c3c4a14af16e17fa57e16c9 2c8ed7e96f2d4c1cac4e2348ff0d5469 - - default default] Unable to schedule network a5230cad-6177-4bfc-8073-7c7c8778a91b: no agents available; will retry on subsequent port and subnet creation events.
2026-08-05 08:24:01.463 10 INFO neutron.db.ovn_revision_numbers_db [None req-08493898-7a8b-4b1c-87a5-f256ab640e30 fda451b95896477da9086f81caacd4a9 6277363f815246e5bcce78755c15d408 - - default default] Successfully bumped revision number for resource c67cdc73-93a1-42ff-b9a8-d8a3e1ce9548 (type: ports) to 1
2026-08-05 08:24:01.643 9 INFO neutron.db.ovn_revision_numbers_db [None req-a278354e-2da9-446a-b9a3-dc5825384593 b0f1f7328c3c4a14af16e17fa57e16c9 2c8ed7e96f2d4c1cac4e2348ff0d5469 - - default default] Successfully bumped revision number for resource 13a8a5e5-81c8-43d7-8d4a-3b4d6487ae62 (type: ports) to 1
2026-08-05 08:24:01.761 10 INFO neutron.wsgi [None req-08493898-7a8b-4b1c-87a5-f256ab640e30 fda451b95896477da9086f81caacd4a9 6277363f815246e5bcce78755c15d408 - - default default] 10.0.0.211 "POST /v2.0/networks HTTP/1.1" status: 201 len: 846 time: 2.3901212
2026-08-05 08:24:01.952 9 INFO neutron.wsgi [None req-a278354e-2da9-446a-b9a3-dc5825384593 b0f1f7328c3c4a14af16e17fa57e16c9 2c8ed7e96f2d4c1cac4e2348ff0d5469 - - default default] 10.0.0.211 "POST /v2.0/ports HTTP/1.1" status: 201 len: 1121 time: 1.1669176
2026-08-05 08:24:02.082 10 INFO neutron.db.ovn_revision_numbers_db [None req-66f4eae9-f3d0-42a6-be05-33be4e68a0c4 fda451b95896477da9086f81caacd4a9 6277363f815246e5bcce78755c15d408 - - default default] Successfully bumped revision number for resource 9c82e8bd-c7f1-4677-9318-ca1bbc543cde (type: networks) to 2
2026-08-05 08:24:02.089 10 INFO neutron.wsgi [None req-66f4eae9-f3d0-42a6-be05-33be4e68a0c4 fda451b95896477da9086f81caacd4a9 6277363f815246e5bcce78755c15d408 - - default default] 10.0.0.211 "PUT /v2.0/networks/9c82e8bd-c7f1-4677-9318-ca1bbc543cde HTTP/1.1" status: 200 len: 792 time: 0.3235998
2026-08-05 08:24:02.403 9 INFO neutron.wsgi [None req-a4b8a29d-2e48-45db-986c-5a6f9f9d6d71 b0f1f7328c3c4a14af16e17fa57e16c9 2c8ed7e96f2d4c1cac4e2348ff0d5469 - - default default] 10.0.0.211 "DELETE /v2.0/ports/13a8a5e5-81c8-43d7-8d4a-3b4d6487ae62 HTTP/1.1" status: 204 len: 168 time: 0.4457188
2026-08-05 08:24:02.430 10 INFO neutron.pecan_wsgi.hooks.translation [None req-8f87a461-ee88-4c6b-9d4c-244292679c20 b0f1f7328c3c4a14af16e17fa57e16c9 2c8ed7e96f2d4c1cac4e2348ff0d5469 - - default default] GET failed (client error): The resource could not be found.
2026-08-05 08:24:02.432 10 INFO neutron.wsgi [None req-8f87a461-ee88-4c6b-9d4c-244292679c20 b0f1f7328c3c4a14af16e17fa57e16c9 2c8ed7e96f2d4c1cac4e2348ff0d5469 - - default default] 10.0.0.211 "GET /v2.0/ports/13a8a5e5-81c8-43d7-8d4a-3b4d6487ae62 HTTP/1.1" status: 404 len: 333 time: 0.0224576
2026-08-05 08:24:02.464 9 WARNING neutron.scheduler.dhcp_agent_scheduler [None req-2902be9e-6b6c-472e-9e05-278eb7313138 fda451b95896477da9086f81caacd4a9 6277363f815246e5bcce78755c15d408 - - default default] No more DHCP agents
2026-08-05 08:24:02.465 9 WARNING neutron.api.rpc.agentnotifiers.dhcp_rpc_agent_api [None req-2902be9e-6b6c-472e-9e05-278eb7313138 fda451b95896477da9086f81caacd4a9 6277363f815246e5bcce78755c15d408 - - default default] Unable to schedule network 9c82e8bd-c7f1-4677-9318-ca1bbc543cde: no agents available; will retry on subsequent port and subnet creation events.
2026-08-05 08:24:02.498 9 INFO neutron.db.ovn_revision_numbers_db [None req-2902be9e-6b6c-472e-9e05-278eb7313138 fda451b95896477da9086f81caacd4a9 6277363f815246e5bcce78755c15d408 - - default default] Successfully bumped revision number for resource 57488513-0837-4b1a-99c2-1c0749d2a06e (type: subnets) to 0
2026-08-05 08:24:02.518 9 INFO neutron.wsgi [None req-2902be9e-6b6c-472e-9e05-278eb7313138 fda451b95896477da9086f81caacd4a9 6277363f815246e5bcce78755c15d408 - - default default] 10.0.0.211 "POST /v2.0/subnets HTTP/1.1" status: 201 len: 821 time: 0.4225318
2026-08-05 08:24:02.644 10 INFO neutron.wsgi [None req-6bd73536-5ed9-421c-a590-b47702909b37 b0f1f7328c3c4a14af16e17fa57e16c9 2c8ed7e96f2d4c1cac4e2348ff0d5469 - - default default] 10.0.0.211 "DELETE /v2.0/subnets/7917f007-df70-44fa-99b3-748ec6d13be6 HTTP/1.1" status: 204 len: 168 time: 0.2082162
2026-08-05 08:24:03.025 10 INFO neutron.services.segments.plugin [-] Segment ecd46056-61ec-445d-9681-2944a42030dc resource provider aggregate not found
2026-08-05 08:24:03.031 10 INFO neutron.services.segments.plugin [-] Segment ecd46056-61ec-445d-9681-2944a42030dc resource provider aggregate not found
2026-08-05 08:24:03.049 10 INFO neutron.services.segments.plugin [-] Segment ecd46056-61ec-445d-9681-2944a42030dc resource provider not found; error: Placement Client Error (4xx): {"errors": [{"status": 404, "title": "Not Found", "detail": "The resource could not be found.\n\n No resource provider with uuid ecd46056-61ec-445d-9681-2944a42030dc found for delete ", "request_id": "req-6d6f7bd8-0f4c-43a4-b55d-d5b502a47a8c"}]}
2026-08-05 08:24:03.066 10 INFO neutron.services.segments.plugin [-] Segment ecd46056-61ec-445d-9681-2944a42030dc resource provider not found; error: Placement Client Error (4xx): {"errors": [{"status": 404, "title": "Not Found", "detail": "The resource could not be found.\n\n No resource provider with uuid ecd46056-61ec-445d-9681-2944a42030dc found for delete ", "request_id": "req-24121da6-25f0-4323-8882-54b550cfbab2"}]}
2026-08-05 08:24:03.194 10 INFO neutron.wsgi [None req-d8690a6b-02bd-457f-b951-ce8ba6bbc56c b0f1f7328c3c4a14af16e17fa57e16c9 2c8ed7e96f2d4c1cac4e2348ff0d5469 - - default default] 10.0.0.211 "DELETE /v2.0/networks/a5230cad-6177-4bfc-8073-7c7c8778a91b HTTP/1.1" status: 204 len: 168 time: 0.5448360
2026-08-05 08:24:03.434 9 INFO neutron.db.ovn_revision_numbers_db [None req-6ca5f78a-4436-4a89-a013-435c0691c828 fda451b95896477da9086f81caacd4a9 6277363f815246e5bcce78755c15d408 - - default default] Successfully bumped revision number for resource c67cdc73-93a1-42ff-b9a8-d8a3e1ce9548 (type: ports) to 2
2026-08-05 08:24:03.514 9 INFO neutron.db.ovn_revision_numbers_db [None req-6ca5f78a-4436-4a89-a013-435c0691c828 fda451b95896477da9086f81caacd4a9 6277363f815246e5bcce78755c15d408 - - default default] Successfully bumped revision number for resource 57488513-0837-4b1a-99c2-1c0749d2a06e (type: subnets) to 1
2026-08-05 08:24:03.517 9 INFO neutron.wsgi [None req-6ca5f78a-4436-4a89-a013-435c0691c828 fda451b95896477da9086f81caacd4a9 6277363f815246e5bcce78755c15d408 - - default default] 10.0.0.211 "PUT /v2.0/subnets/57488513-0837-4b1a-99c2-1c0749d2a06e HTTP/1.1" status: 200 len: 826 time: 0.9929647
2026-08-05 08:24:03.547 9 WARNING neutron.scheduler.dhcp_agent_scheduler [None req-76e1f8d1-bde4-4a01-8923-c9196c484da1 b0f1f7328c3c4a14af16e17fa57e16c9 2c8ed7e96f2d4c1cac4e2348ff0d5469 - - default default] No more DHCP agents
2026-08-05 08:24:03.550 9 WARNING neutron.api.rpc.agentnotifiers.dhcp_rpc_agent_api [None req-76e1f8d1-bde4-4a01-8923-c9196c484da1 b0f1f7328c3c4a14af16e17fa57e16c9 2c8ed7e96f2d4c1cac4e2348ff0d5469 - - default default] Unable to schedule network 516a9c9b-2ece-4fe4-9322-9dc3bc2d276a: no agents available; will retry on subsequent port and subnet creation events.
2026-08-05 08:24:03.610 10 INFO neutron.db.ovn_revision_numbers_db [None req-2b628564-79af-4a3d-9ebc-8f7b491122c6 bad9087eb07a46fcaa754ad35477751f f9a2e9ff2e834de9970cd1125ab30f77 - - default default] Successfully bumped revision number for resource 0bfc25a7-01ab-400c-af72-e5235d9f8dd3 (type: security_groups) to 1
2026-08-05 08:24:03.631 10 INFO neutron.db.ovn_revision_numbers_db [None req-2b628564-79af-4a3d-9ebc-8f7b491122c6 bad9087eb07a46fcaa754ad35477751f f9a2e9ff2e834de9970cd1125ab30f77 - - default default] Successfully bumped revision number for resource 781b1308-5b77-49e8-8191-3497d61b0bc4 (type: security_group_rules) to 0
2026-08-05 08:24:03.650 10 INFO neutron.db.ovn_revision_numbers_db [None req-2b628564-79af-4a3d-9ebc-8f7b491122c6 bad9087eb07a46fcaa754ad35477751f f9a2e9ff2e834de9970cd1125ab30f77 - - default default] Successfully bumped revision number for resource 9cdef440-8cc7-4c4a-9a14-48449a540e50 (type: security_group_rules) to 0
2026-08-05 08:24:03.656 9 INFO neutron.db.ovn_revision_numbers_db [None req-76e1f8d1-bde4-4a01-8923-c9196c484da1 b0f1f7328c3c4a14af16e17fa57e16c9 2c8ed7e96f2d4c1cac4e2348ff0d5469 - - default default] Successfully bumped revision number for resource 8132ebea-36b7-4463-a140-2c770adda5f1 (type: ports) to 1
2026-08-05 08:24:03.667 10 INFO neutron.db.ovn_revision_numbers_db [None req-2b628564-79af-4a3d-9ebc-8f7b491122c6 bad9087eb07a46fcaa754ad35477751f f9a2e9ff2e834de9970cd1125ab30f77 - - default default] Successfully bumped revision number for resource bb5d78fe-9c29-42ad-8fe8-c36318f4119e (type: security_group_rules) to 0
2026-08-05 08:24:03.679 9 INFO neutron.wsgi [None req-76e1f8d1-bde4-4a01-8923-c9196c484da1 b0f1f7328c3c4a14af16e17fa57e16c9 2c8ed7e96f2d4c1cac4e2348ff0d5469 - - default default] 10.0.0.211 "POST /v2.0/ports HTTP/1.1" status: 201 len: 978 time: 0.4765978
2026-08-05 08:24:03.691 10 INFO neutron.db.ovn_revision_numbers_db [None req-2b628564-79af-4a3d-9ebc-8f7b491122c6 bad9087eb07a46fcaa754ad35477751f f9a2e9ff2e834de9970cd1125ab30f77 - - default default] Successfully bumped revision number for resource cabfbf35-3418-463c-ba39-c43e6f495e3d (type: security_group_rules) to 0 /var/lib/openstack/lib/python3.10/site-packages/pycadf/identifier.py:71: UserWarning: Invalid uuid: neutron. To ensure interoperability, identifiers should be a valid uuid. warnings.warn(('Invalid uuid: %s. To ensure interoperability, '
2026-08-05 08:24:03.724 10 INFO neutron.wsgi [None req-2b628564-79af-4a3d-9ebc-8f7b491122c6 bad9087eb07a46fcaa754ad35477751f f9a2e9ff2e834de9970cd1125ab30f77 - - default default] 10.0.0.211 "GET /v2.0/security-groups?tenant_id=34f63761e262498297f77716e9baa5a2&name=default HTTP/1.1" status: 200 len: 2996 time: 0.4746649
2026-08-05 08:24:03.928 10 INFO neutron.plugins.ml2.drivers.ovn.mech_driver.mech_driver [None req-dae38973-109e-4f5b-8203-0129e33c5fd5 - - - - - -] OVN reports status down for port: 8132ebea-36b7-4463-a140-2c770adda5f1
2026-08-05 08:24:03.954 9 INFO neutron.db.ovn_revision_numbers_db [None req-5e391eea-43ea-4c5b-a0be-9efa3bcf872f b0f1f7328c3c4a14af16e17fa57e16c9 2c8ed7e96f2d4c1cac4e2348ff0d5469 - - default default] Successfully bumped revision number for resource 8132ebea-36b7-4463-a140-2c770adda5f1 (type: ports) to 2
2026-08-05 08:24:03.965 9 INFO neutron.wsgi [None req-5e391eea-43ea-4c5b-a0be-9efa3bcf872f b0f1f7328c3c4a14af16e17fa57e16c9 2c8ed7e96f2d4c1cac4e2348ff0d5469 - - default default] 10.0.0.211 "PUT /v2.0/ports/8132ebea-36b7-4463-a140-2c770adda5f1 HTTP/1.1" status: 200 len: 946 time: 0.2741306 /var/lib/openstack/lib/python3.10/site-packages/pycadf/identifier.py:71: UserWarning: Invalid uuid: neutron. To ensure interoperability, identifiers should be a valid uuid. warnings.warn(('Invalid uuid: %s. To ensure interoperability, '
2026-08-05 08:24:04.024 10 INFO neutron.db.ovn_revision_numbers_db [None req-4f15aeec-ba43-449e-aeaa-0b6b1e4c621f 4833e98627b747c8aab14818f0bd0847 b367453d2dd04223b19180be154e1fdd - - default default] Successfully bumped revision number for resource feda6b1c-b5c8-4009-9d7c-ade3184331fd (type: security_groups) to 1
2026-08-05 08:24:04.084 10 INFO neutron.db.ovn_revision_numbers_db [None req-4f15aeec-ba43-449e-aeaa-0b6b1e4c621f 4833e98627b747c8aab14818f0bd0847 b367453d2dd04223b19180be154e1fdd - - default default] Successfully bumped revision number for resource 3effa9c0-503c-41cd-a264-69ae4dad750c (type: security_group_rules) to 0
2026-08-05 08:24:04.115 10 INFO neutron.wsgi [None req-5bb7ad49-8203-4821-aa08-6d2902b6bada bad9087eb07a46fcaa754ad35477751f f9a2e9ff2e834de9970cd1125ab30f77 - - default default] 10.0.0.211 "DELETE /v2.0/security-groups/0bfc25a7-01ab-400c-af72-e5235d9f8dd3 HTTP/1.1" status: 204 len: 168 time: 0.3846407
2026-08-05 08:24:04.131 10 INFO neutron.db.ovn_revision_numbers_db [None req-4f15aeec-ba43-449e-aeaa-0b6b1e4c621f 4833e98627b747c8aab14818f0bd0847 b367453d2dd04223b19180be154e1fdd - - default default] Successfully bumped revision number for resource 68f9bbc5-04de-434e-aec3-130054c63620 (type: security_group_rules) to 0
2026-08-05 08:24:04.144 10 INFO neutron.wsgi [-] 10.0.0.69 "GET / HTTP/1.1" status: 200 len: 245 time: 0.0013368
2026-08-05 08:24:04.147 10 INFO neutron.wsgi [-] 10.0.0.69 "GET / HTTP/1.1" status: 200 len: 245 time: 0.0012252
2026-08-05 08:24:04.168 10 INFO neutron.db.ovn_revision_numbers_db [None req-4f15aeec-ba43-449e-aeaa-0b6b1e4c621f 4833e98627b747c8aab14818f0bd0847 b367453d2dd04223b19180be154e1fdd - - default default] Successfully bumped revision number for resource b3d5d7df-df1f-457e-9227-5084b839ceff (type: security_group_rules) to 0
