2026-08-05 08:22:18.036 10 INFO neutron.notifiers.nova [-] Nova event matching ['req-a4b26373-b695-488b-a786-7929d8c69440'] response: {'server_uuid': '25f9c2a2-9b1b-48d4-929e-76af3602acb8', 'name': 'network-vif-deleted', 'tag': '30af0643-13fe-4d85-a5a8-74b3aa2063ee', 'status': 'completed', 'code': 200}
2026-08-05 08:22:18.041 10 INFO neutron.wsgi [req-b8b95aef-eb33-487b-8ae9-d3128cc3edb2 req-df57f4ce-9699-4b1c-a055-38b4b3815779 f6a72e99fdcf4ab28be5688f80b0e0b6 390d828748474e56a4770c63967b85c7 - - default default] 10.0.0.230 "GET /v2.0/ports?device_id=25f9c2a2-9b1b-48d4-929e-76af3602acb8 HTTP/1.1" status: 200 len: 210 time: 0.0446036
2026-08-05 08:22:18.077 9 INFO neutron.wsgi [None req-9fb3e8ee-2a89-4cde-bd08-08459e5a2905 bad9087eb07a46fcaa754ad35477751f f9a2e9ff2e834de9970cd1125ab30f77 - - default default] 10.0.0.211 "DELETE /v2.0/security-groups/9dcd9b64-8ac3-4bf9-a795-e550e6bc6485 HTTP/1.1" status: 204 len: 168 time: 0.2412345
2026-08-05 08:22:18.087 9 INFO neutron.services.segments.plugin [-] Segment b177b87e-b7b9-4b9c-ad29-73b76c2f9b77 resource provider aggregate not found
2026-08-05 08:22:18.114 9 INFO neutron.services.segments.plugin [-] Segment b177b87e-b7b9-4b9c-ad29-73b76c2f9b77 resource provider not found; error: Placement Client Error (4xx): {"errors": [{"status": 404, "title": "Not Found", "detail": "The resource could not be found.\n\n No resource provider with uuid b177b87e-b7b9-4b9c-ad29-73b76c2f9b77 found for delete ", "request_id": "req-5853b35f-d595-4789-a75d-10dc7ea8fb54"}]}
2026-08-05 08:22:18.138 9 INFO neutron.services.segments.plugin [-] Segment b177b87e-b7b9-4b9c-ad29-73b76c2f9b77 resource provider aggregate not found
2026-08-05 08:22:18.160 9 INFO neutron.services.segments.plugin [-] Segment b177b87e-b7b9-4b9c-ad29-73b76c2f9b77 resource provider not found; error: Placement Client Error (4xx): {"errors": [{"status": 404, "title": "Not Found", "detail": "The resource could not be found.\n\n No resource provider with uuid b177b87e-b7b9-4b9c-ad29-73b76c2f9b77 found for delete ", "request_id": "req-0adb0a17-a0fc-4348-bd45-b1e7557be867"}]}
2026-08-05 08:22:18.588 9 INFO neutron.db.ovn_revision_numbers_db [None req-1d40f597-6f4c-4b24-9c39-90b1280a56da bad9087eb07a46fcaa754ad35477751f f9a2e9ff2e834de9970cd1125ab30f77 - - default default] Successfully bumped revision number for resource e5d63ec9-c708-4c43-96ad-908ca30f8d1f (type: security_groups) to 1
2026-08-05 08:22:18.661 9 INFO neutron.db.ovn_revision_numbers_db [None req-1d40f597-6f4c-4b24-9c39-90b1280a56da bad9087eb07a46fcaa754ad35477751f f9a2e9ff2e834de9970cd1125ab30f77 - - default default] Successfully bumped revision number for resource 67217744-104a-4a10-902d-f35d4cd62e0b (type: security_group_rules) to 0
2026-08-05 08:22:18.677 9 INFO neutron.db.ovn_revision_numbers_db [None req-1d40f597-6f4c-4b24-9c39-90b1280a56da bad9087eb07a46fcaa754ad35477751f f9a2e9ff2e834de9970cd1125ab30f77 - - default default] Successfully bumped revision number for resource 98fd15a1-071b-403e-a66e-5b9f37c893bd (type: security_group_rules) to 0
2026-08-05 08:22:18.740 9 INFO neutron.db.ovn_revision_numbers_db [None req-1d40f597-6f4c-4b24-9c39-90b1280a56da bad9087eb07a46fcaa754ad35477751f f9a2e9ff2e834de9970cd1125ab30f77 - - default default] Successfully bumped revision number for resource b0c4a8c9-d8df-41c1-bcea-eb54d3cf07be (type: security_group_rules) to 0
2026-08-05 08:22:18.779 9 INFO neutron.db.ovn_revision_numbers_db [None req-1d40f597-6f4c-4b24-9c39-90b1280a56da bad9087eb07a46fcaa754ad35477751f f9a2e9ff2e834de9970cd1125ab30f77 - - default default] Successfully bumped revision number for resource c42a47f8-9743-4041-8ac1-24e143abb31a (type: security_group_rules) to 0
2026-08-05 08:22:18.840 9 INFO neutron.db.segments_db [None req-1d40f597-6f4c-4b24-9c39-90b1280a56da bad9087eb07a46fcaa754ad35477751f f9a2e9ff2e834de9970cd1125ab30f77 - - default default] Added segment 59078389-66c2-4086-bbbf-ae95e13d08ea of type geneve for network 7da44e56-a39d-4ee3-ac21-09ccb2e04d47
2026-08-05 08:22:19.152 9 INFO neutron.wsgi [-] 10.0.0.69 "GET / HTTP/1.1" status: 200 len: 245 time: 0.0055554
2026-08-05 08:22:19.155 9 INFO neutron.wsgi [-] 10.0.0.69 "GET / HTTP/1.1" status: 200 len: 245 time: 0.0025620
2026-08-05 08:22:19.283 9 INFO neutron.db.ovn_revision_numbers_db [None req-1d40f597-6f4c-4b24-9c39-90b1280a56da bad9087eb07a46fcaa754ad35477751f f9a2e9ff2e834de9970cd1125ab30f77 - - default default] Successfully bumped revision number for resource 7da44e56-a39d-4ee3-ac21-09ccb2e04d47 (type: networks) to 1
2026-08-05 08:22:19.339 9 INFO neutron.notifiers.nova [-] Nova event matching ['req-4a98dc7a-2174-4362-a01e-ed89e693335f'] response: {'server_uuid': '25f9c2a2-9b1b-48d4-929e-76af3602acb8', 'name': 'network-vif-plugged', 'status': 'completed', 'tag': '30af0643-13fe-4d85-a5a8-74b3aa2063ee', 'code': 200}
2026-08-05 08:22:19.367 10 INFO neutron.wsgi [None req-551402f4-f00a-4e32-829c-f6017f86f8eb f6a72e99fdcf4ab28be5688f80b0e0b6 390d828748474e56a4770c63967b85c7 - - default default] 10.0.0.211 "DELETE /v2.0/security-groups/f1d094c4-9d10-4397-ab1f-8c503bd7d9c7 HTTP/1.1" status: 204 len: 168 time: 0.1654506
2026-08-05 08:22:19.382 10 INFO neutron.api.v2.resource [None req-0eabf3e1-8290-4d10-ab03-3e908f5b4f65 f6a72e99fdcf4ab28be5688f80b0e0b6 390d828748474e56a4770c63967b85c7 - - default default] show failed (client error): The resource could not be found.
2026-08-05 08:22:19.384 10 INFO neutron.wsgi [None req-0eabf3e1-8290-4d10-ab03-3e908f5b4f65 f6a72e99fdcf4ab28be5688f80b0e0b6 390d828748474e56a4770c63967b85c7 - - default default] 10.0.0.211 "GET /v2.0/security-groups/f1d094c4-9d10-4397-ab1f-8c503bd7d9c7 HTTP/1.1" status: 404 len: 347 time: 0.0107722
2026-08-05 08:22:19.465 9 WARNING neutron.scheduler.dhcp_agent_scheduler [None req-1d40f597-6f4c-4b24-9c39-90b1280a56da bad9087eb07a46fcaa754ad35477751f f9a2e9ff2e834de9970cd1125ab30f77 - - default default] No more DHCP agents
2026-08-05 08:22:19.469 9 WARNING neutron.api.rpc.agentnotifiers.dhcp_rpc_agent_api [None req-1d40f597-6f4c-4b24-9c39-90b1280a56da bad9087eb07a46fcaa754ad35477751f f9a2e9ff2e834de9970cd1125ab30f77 - - default default] Unable to schedule network 7da44e56-a39d-4ee3-ac21-09ccb2e04d47: no agents available; will retry on subsequent port and subnet creation events.
2026-08-05 08:22:19.556 9 INFO neutron.db.ovn_revision_numbers_db [None req-1d40f597-6f4c-4b24-9c39-90b1280a56da bad9087eb07a46fcaa754ad35477751f f9a2e9ff2e834de9970cd1125ab30f77 - - default default] Successfully bumped revision number for resource 1c898bbd-ccff-4b07-ba25-5ab439f4c951 (type: ports) to 1
2026-08-05 08:22:19.614 9 INFO neutron.wsgi [None req-1d40f597-6f4c-4b24-9c39-90b1280a56da bad9087eb07a46fcaa754ad35477751f f9a2e9ff2e834de9970cd1125ab30f77 - - default default] 10.0.0.211 "POST /v2.0/networks HTTP/1.1" status: 201 len: 946 time: 1.4917917
2026-08-05 08:22:19.801 10 INFO neutron.wsgi [None req-99631c87-bd01-4ccd-bb3c-387e2e29b4aa f6a72e99fdcf4ab28be5688f80b0e0b6 390d828748474e56a4770c63967b85c7 - - default default] 10.0.0.211 "DELETE /v2.0/floatingips/6f77da2c-52e9-4d00-85fe-52f3e05548af HTTP/1.1" status: 204 len: 168 time: 0.4122453
2026-08-05 08:22:19.823 9 WARNING neutron.scheduler.dhcp_agent_scheduler [None req-b9b0443a-bb75-4518-9d4f-229442a315cf bad9087eb07a46fcaa754ad35477751f f9a2e9ff2e834de9970cd1125ab30f77 - - default default] No more DHCP agents
2026-08-05 08:22:19.826 9 WARNING neutron.api.rpc.agentnotifiers.dhcp_rpc_agent_api [None req-b9b0443a-bb75-4518-9d4f-229442a315cf bad9087eb07a46fcaa754ad35477751f f9a2e9ff2e834de9970cd1125ab30f77 - - default default] Unable to schedule network 7da44e56-a39d-4ee3-ac21-09ccb2e04d47: no agents available; will retry on subsequent port and subnet creation events.
2026-08-05 08:22:20.398 9 INFO neutron.db.ovn_revision_numbers_db [None req-b9b0443a-bb75-4518-9d4f-229442a315cf bad9087eb07a46fcaa754ad35477751f f9a2e9ff2e834de9970cd1125ab30f77 - - default default] Successfully bumped revision number for resource 1c898bbd-ccff-4b07-ba25-5ab439f4c951 (type: ports) to 2
2026-08-05 08:22:20.431 9 INFO neutron.db.ovn_revision_numbers_db [None req-b9b0443a-bb75-4518-9d4f-229442a315cf bad9087eb07a46fcaa754ad35477751f f9a2e9ff2e834de9970cd1125ab30f77 - - default default] Successfully bumped revision number for resource ab3dee70-2fb5-4a5f-beb8-3f59f0b6b7c2 (type: subnets) to 0
2026-08-05 08:22:20.433 10 INFO neutron.db.ovn_revision_numbers_db [None req-83328019-6d5e-4e2e-84ad-1c1234c6141f bad9087eb07a46fcaa754ad35477751f f9a2e9ff2e834de9970cd1125ab30f77 - - default default] Successfully bumped revision number for resource 59e903bd-da55-44c3-a4da-96b5e3c0b933 (type: security_groups) to 1
2026-08-05 08:22:20.448 9 INFO neutron.wsgi [None req-b9b0443a-bb75-4518-9d4f-229442a315cf bad9087eb07a46fcaa754ad35477751f f9a2e9ff2e834de9970cd1125ab30f77 - - default default] 10.0.0.211 "POST /v2.0/subnets HTTP/1.1" status: 201 len: 867 time: 0.8276916
2026-08-05 08:22:20.454 10 INFO neutron.db.ovn_revision_numbers_db [None req-83328019-6d5e-4e2e-84ad-1c1234c6141f bad9087eb07a46fcaa754ad35477751f f9a2e9ff2e834de9970cd1125ab30f77 - - default default] Successfully bumped revision number for resource 1bd301f4-c41e-4773-93f8-de9c217d5e01 (type: security_group_rules) to 0
2026-08-05 08:22:20.480 10 INFO neutron.db.ovn_revision_numbers_db [None req-83328019-6d5e-4e2e-84ad-1c1234c6141f bad9087eb07a46fcaa754ad35477751f f9a2e9ff2e834de9970cd1125ab30f77 - - default default] Successfully bumped revision number for resource 6d80c9ea-f743-45e5-a364-339795ed04b9 (type: security_group_rules) to 0
2026-08-05 08:22:20.504 10 INFO neutron.db.ovn_revision_numbers_db [None req-83328019-6d5e-4e2e-84ad-1c1234c6141f bad9087eb07a46fcaa754ad35477751f f9a2e9ff2e834de9970cd1125ab30f77 - - default default] Successfully bumped revision number for resource c33f1f74-181b-49e0-9898-36f9ee2ad01f (type: security_group_rules) to 0
2026-08-05 08:22:20.520 10 INFO neutron.db.ovn_revision_numbers_db [None req-83328019-6d5e-4e2e-84ad-1c1234c6141f bad9087eb07a46fcaa754ad35477751f f9a2e9ff2e834de9970cd1125ab30f77 - - default default] Successfully bumped revision number for resource f5d62ebd-ab8a-4376-b68a-c6752ee66392 (type: security_group_rules) to 0
2026-08-05 08:22:20.584 10 INFO neutron.db.segments_db [None req-83328019-6d5e-4e2e-84ad-1c1234c6141f bad9087eb07a46fcaa754ad35477751f f9a2e9ff2e834de9970cd1125ab30f77 - - default default] Added segment c5b6239e-7a36-4c14-bacc-3d8ab2f3b534 of type geneve for network 791598b6-aabd-4959-b9a3-677ddc409ca7
2026-08-05 08:22:20.934 9 WARNING neutron.scheduler.dhcp_agent_scheduler [None req-788e3814-a467-4aa2-a67b-22014940ca33 bad9087eb07a46fcaa754ad35477751f f9a2e9ff2e834de9970cd1125ab30f77 - - default default] No more DHCP agents
2026-08-05 08:22:20.937 9 WARNING neutron.api.rpc.agentnotifiers.dhcp_rpc_agent_api [None req-788e3814-a467-4aa2-a67b-22014940ca33 bad9087eb07a46fcaa754ad35477751f f9a2e9ff2e834de9970cd1125ab30f77 - - default default] Unable to schedule network 75671639-418b-4cd4-9307-cb01dcf271c9: no agents available; will retry on subsequent port and subnet creation events.
2026-08-05 08:22:20.982 10 INFO neutron.db.ovn_revision_numbers_db [None req-83328019-6d5e-4e2e-84ad-1c1234c6141f bad9087eb07a46fcaa754ad35477751f f9a2e9ff2e834de9970cd1125ab30f77 - - default default] Successfully bumped revision number for resource 791598b6-aabd-4959-b9a3-677ddc409ca7 (type: networks) to 1
2026-08-05 08:22:21.112 9 INFO neutron.db.ovn_revision_numbers_db [None req-788e3814-a467-4aa2-a67b-22014940ca33 bad9087eb07a46fcaa754ad35477751f f9a2e9ff2e834de9970cd1125ab30f77 - - default default] Successfully bumped revision number for resource b12ba918-3890-43f8-94f2-22159fe9d4f7 (type: ports) to 1
2026-08-05 08:22:21.250 10 WARNING neutron.scheduler.dhcp_agent_scheduler [None req-83328019-6d5e-4e2e-84ad-1c1234c6141f bad9087eb07a46fcaa754ad35477751f f9a2e9ff2e834de9970cd1125ab30f77 - - default default] No more DHCP agents
2026-08-05 08:22:21.256 10 WARNING neutron.api.rpc.agentnotifiers.dhcp_rpc_agent_api [None req-83328019-6d5e-4e2e-84ad-1c1234c6141f bad9087eb07a46fcaa754ad35477751f f9a2e9ff2e834de9970cd1125ab30f77 - - default default] Unable to schedule network 791598b6-aabd-4959-b9a3-677ddc409ca7: no agents available; will retry on subsequent port and subnet creation events.
2026-08-05 08:22:21.323 10 INFO neutron.wsgi [None req-0e57a0ca-5497-4d7f-9938-42d86c631aa4 bad9087eb07a46fcaa754ad35477751f f9a2e9ff2e834de9970cd1125ab30f77 - - default default] 10.0.0.211 "PUT /v2.0/routers/d62fd97f-70c0-446d-8e21-180888131acb/remove_router_interface HTTP/1.1" status: 200 len: 503 time: 1.5180256 /var/lib/openstack/lib/python3.10/site-packages/pycadf/identifier.py:71: UserWarning: Invalid uuid: neutron. To ensure interoperability, identifiers should be a valid uuid. warnings.warn(('Invalid uuid: %s. To ensure interoperability, '
2026-08-05 08:22:21.406 10 INFO neutron.db.ovn_revision_numbers_db [None req-83328019-6d5e-4e2e-84ad-1c1234c6141f bad9087eb07a46fcaa754ad35477751f f9a2e9ff2e834de9970cd1125ab30f77 - - default default] Successfully bumped revision number for resource d1a0197e-707c-4492-ae2a-84ec6c0fe2c3 (type: ports) to 1
2026-08-05 08:22:21.445 10 INFO neutron.wsgi [None req-83328019-6d5e-4e2e-84ad-1c1234c6141f bad9087eb07a46fcaa754ad35477751f f9a2e9ff2e834de9970cd1125ab30f77 - - default default] 10.0.0.211 "POST /v2.0/networks HTTP/1.1" status: 201 len: 939 time: 1.3220549
2026-08-05 08:22:21.642 9 WARNING neutron.scheduler.dhcp_agent_scheduler [None req-98c3b937-ac85-4f2f-a6d9-8889ed0e7a12 bad9087eb07a46fcaa754ad35477751f f9a2e9ff2e834de9970cd1125ab30f77 - - default default] No more DHCP agents
2026-08-05 08:22:21.646 9 WARNING neutron.api.rpc.agentnotifiers.dhcp_rpc_agent_api [None req-98c3b937-ac85-4f2f-a6d9-8889ed0e7a12 bad9087eb07a46fcaa754ad35477751f f9a2e9ff2e834de9970cd1125ab30f77 - - default default] Unable to schedule network 791598b6-aabd-4959-b9a3-677ddc409ca7: no agents available; will retry on subsequent port and subnet creation events.
2026-08-05 08:22:21.742 10 INFO neutron.plugins.ml2.drivers.ovn.mech_driver.mech_driver [None req-dae38973-109e-4f5b-8203-0129e33c5fd5 - - - - - -] OVN reports status up for port: b12ba918-3890-43f8-94f2-22159fe9d4f7
2026-08-05 08:22:21.766 10 INFO neutron.plugins.ml2.drivers.ovn.mech_driver.ovsdb.ovsdb_monitor [None req-72edbc1b-07a6-4548-ac7a-0ccc48f1c272 - - - - - -] Router 0735bbc0-d951-4936-b0a3-2e1b2a439982 is bound to host instance
2026-08-05 08:22:21.769 10 INFO neutron.plugins.ml2.plugin [None req-dae38973-109e-4f5b-8203-0129e33c5fd5 - - - - - -] Attempt 1 to provision port b12ba918-3890-43f8-94f2-22159fe9d4f7
2026-08-05 08:22:21.967 9 INFO neutron.db.ovn_revision_numbers_db [None req-788e3814-a467-4aa2-a67b-22014940ca33 bad9087eb07a46fcaa754ad35477751f f9a2e9ff2e834de9970cd1125ab30f77 - - default default] Successfully bumped revision number for resource b12ba918-3890-43f8-94f2-22159fe9d4f7 (type: router_ports) to 1
2026-08-05 08:22:22.052 10 INFO neutron.wsgi [None req-0a61fa17-5f1a-4d9f-8255-f6b1c4bd12de bad9087eb07a46fcaa754ad35477751f f9a2e9ff2e834de9970cd1125ab30f77 - - default default] 10.0.0.211 "DELETE /v2.0/routers/d62fd97f-70c0-446d-8e21-180888131acb HTTP/1.1" status: 204 len: 168 time: 0.7231646
2026-08-05 08:22:22.060 9 INFO neutron.db.ovn_revision_numbers_db [None req-788e3814-a467-4aa2-a67b-22014940ca33 bad9087eb07a46fcaa754ad35477751f f9a2e9ff2e834de9970cd1125ab30f77 - - default default] Successfully bumped revision number for resource 0735bbc0-d951-4936-b0a3-2e1b2a439982 (type: routers) to 2
2026-08-05 08:22:22.140 9 INFO neutron.wsgi [None req-788e3814-a467-4aa2-a67b-22014940ca33 bad9087eb07a46fcaa754ad35477751f f9a2e9ff2e834de9970cd1125ab30f77 - - default default] 10.0.0.211 "POST /v2.0/routers HTTP/1.1" status: 201 len: 878 time: 1.6870530
2026-08-05 08:22:22.339 10 INFO neutron.wsgi [req-ce431473-8ad5-45c7-8637-ac5214181c29 req-883f86a4-71b1-40b1-b36c-8b490ca66a3c e59f289152a74e91821ad11e46f41e18 e843fee6b96548a287d5e0b3e8691838 - - d532ca504b334c3eb24ac80fa6190aa3 d532ca504b334c3eb24ac80fa6190aa3] 10.0.0.203 "GET /v2.0/ports?device_id=b8b09951-b967-4442-a021-cd88dd9ba553 HTTP/1.1" status: 200 len: 1413 time: 0.1533613
2026-08-05 08:22:22.406 9 INFO neutron.wsgi [None req-bf6577d6-2091-498b-af8c-05aea0f0cf66 bad9087eb07a46fcaa754ad35477751f f9a2e9ff2e834de9970cd1125ab30f77 - - default default] 10.0.0.211 "DELETE /v2.0/subnets/074e2bdc-5438-4d7f-b957-e750afda33da HTTP/1.1" status: 204 len: 168 time: 0.3480661
2026-08-05 08:22:22.416 10 INFO neutron.wsgi [req-ce431473-8ad5-45c7-8637-ac5214181c29 req-bfcf2d29-dd4a-46a4-9cf3-1915396f098b e59f289152a74e91821ad11e46f41e18 e843fee6b96548a287d5e0b3e8691838 - - d532ca504b334c3eb24ac80fa6190aa3 d532ca504b334c3eb24ac80fa6190aa3] 10.0.0.203 "GET /v2.0/security-groups?id=32af8d2c-5a38-440a-be19-2bbec28a6f8b&fields=id&fields=name HTTP/1.1" status: 200 len: 313 time: 0.0666873
2026-08-05 08:22:22.444 9 INFO neutron.db.ovn_revision_numbers_db [None req-98c3b937-ac85-4f2f-a6d9-8889ed0e7a12 bad9087eb07a46fcaa754ad35477751f f9a2e9ff2e834de9970cd1125ab30f77 - - default default] Successfully bumped revision number for resource d1a0197e-707c-4492-ae2a-84ec6c0fe2c3 (type: ports) to 2
2026-08-05 08:22:22.635 9 INFO neutron.db.ovn_revision_numbers_db [None req-98c3b937-ac85-4f2f-a6d9-8889ed0e7a12 bad9087eb07a46fcaa754ad35477751f f9a2e9ff2e834de9970cd1125ab30f77 - - default default] Successfully bumped revision number for resource b9aa43b5-37f5-41de-b1d1-862535445110 (type: subnets) to 0
2026-08-05 08:22:22.769 10 INFO neutron.db.ovn_revision_numbers_db [None req-72edbc1b-07a6-4548-ac7a-0ccc48f1c272 - - - - - -] Successfully bumped revision number for resource b12ba918-3890-43f8-94f2-22159fe9d4f7 (type: ports) to 1
2026-08-05 08:22:23.035 9 INFO neutron.wsgi [None req-98c3b937-ac85-4f2f-a6d9-8889ed0e7a12 bad9087eb07a46fcaa754ad35477751f f9a2e9ff2e834de9970cd1125ab30f77 - - default default] 10.0.0.211 "POST /v2.0/subnets HTTP/1.1" status: 201 len: 859 time: 1.5815742
2026-08-05 08:22:23.072 10 WARNING neutron.scheduler.dhcp_agent_scheduler [None req-13bd96f6-12e4-4a63-a839-1f963f52ce38 bad9087eb07a46fcaa754ad35477751f f9a2e9ff2e834de9970cd1125ab30f77 - - default default] No more DHCP agents
2026-08-05 08:22:23.075 10 WARNING neutron.api.rpc.agentnotifiers.dhcp_rpc_agent_api [None req-13bd96f6-12e4-4a63-a839-1f963f52ce38 bad9087eb07a46fcaa754ad35477751f f9a2e9ff2e834de9970cd1125ab30f77 - - default default] Unable to schedule network 7da44e56-a39d-4ee3-ac21-09ccb2e04d47: no agents available; will retry on subsequent port and subnet creation events.
2026-08-05 08:22:23.189 9 INFO neutron.services.segments.plugin [-] Segment e8212da2-8ad9-4dd9-988d-883509a117d5 resource provider aggregate not found
2026-08-05 08:22:23.202 9 INFO neutron.services.segments.plugin [-] Segment e8212da2-8ad9-4dd9-988d-883509a117d5 resource provider aggregate not found
2026-08-05 08:22:23.220 9 INFO neutron.services.segments.plugin [-] Segment e8212da2-8ad9-4dd9-988d-883509a117d5 resource provider not found; error: Placement Client Error (4xx): {"errors": [{"status": 404, "title": "Not Found", "detail": "The resource could not be found.\n\n No resource provider with uuid e8212da2-8ad9-4dd9-988d-883509a117d5 found for delete ", "request_id": "req-44342ba4-bd87-4e1b-b218-7c0e3f9349d7"}]}
2026-08-05 08:22:23.236 9 INFO neutron.services.segments.plugin [-] Segment e8212da2-8ad9-4dd9-988d-883509a117d5 resource provider not found; error: Placement Client Error (4xx): {"errors": [{"status": 404, "title": "Not Found", "detail": "The resource could not be found.\n\n No resource provider with uuid e8212da2-8ad9-4dd9-988d-883509a117d5 found for delete ", "request_id": "req-bc117a96-1295-4f3c-add1-4b7828b650a8"}]}
2026-08-05 08:22:23.286 10 INFO neutron.db.ovn_revision_numbers_db [None req-72edbc1b-07a6-4548-ac7a-0ccc48f1c272 - - - - - -] Successfully bumped revision number for resource b12ba918-3890-43f8-94f2-22159fe9d4f7 (type: router_ports) to 3
2026-08-05 08:22:23.302 10 INFO neutron.db.ovn_revision_numbers_db [None req-13bd96f6-12e4-4a63-a839-1f963f52ce38 bad9087eb07a46fcaa754ad35477751f f9a2e9ff2e834de9970cd1125ab30f77 - - default default] Successfully bumped revision number for resource 6463f275-3d57-49a6-a124-1701c2f835dc (type: ports) to 1
2026-08-05 08:22:23.305 9 INFO neutron.wsgi [None req-68d94e67-f5f2-4e47-aeb8-04db07759ac4 bad9087eb07a46fcaa754ad35477751f f9a2e9ff2e834de9970cd1125ab30f77 - - default default] 10.0.0.211 "DELETE /v2.0/networks/4242ac4c-c7b1-419e-83fc-9348eaf7a553 HTTP/1.1" status: 204 len: 168 time: 0.8902657
2026-08-05 08:22:23.487 10 INFO neutron.wsgi [None req-6e92f936-5540-4c91-a5e8-423e372f65d0 bad9087eb07a46fcaa754ad35477751f f9a2e9ff2e834de9970cd1125ab30f77 - - default default] 10.0.0.211 "GET /v2.0/security-groups?tenant_id=390d828748474e56a4770c63967b85c7&name=default HTTP/1.1" status: 200 len: 2996 time: 0.0788674
2026-08-05 08:22:23.516 10 INFO neutron.db.ovn_revision_numbers_db [None req-72edbc1b-07a6-4548-ac7a-0ccc48f1c272 - - - - - -] Successfully bumped revision number for resource b12ba918-3890-43f8-94f2-22159fe9d4f7 (type: ports) to 2
2026-08-05 08:22:23.606 9 WARNING neutron.scheduler.dhcp_agent_scheduler [None req-26429afa-9b45-40d0-8322-9c215aa26a65 bad9087eb07a46fcaa754ad35477751f f9a2e9ff2e834de9970cd1125ab30f77 - - default default] No more DHCP agents
2026-08-05 08:22:23.613 9 WARNING neutron.api.rpc.agentnotifiers.dhcp_rpc_agent_api [None req-26429afa-9b45-40d0-8322-9c215aa26a65 bad9087eb07a46fcaa754ad35477751f f9a2e9ff2e834de9970cd1125ab30f77 - - default default] Unable to schedule network 75671639-418b-4cd4-9307-cb01dcf271c9: no agents available; will retry on subsequent port and subnet creation events.
2026-08-05 08:22:23.799 9 INFO neutron.db.ovn_revision_numbers_db [None req-26429afa-9b45-40d0-8322-9c215aa26a65 bad9087eb07a46fcaa754ad35477751f f9a2e9ff2e834de9970cd1125ab30f77 - - default default] Successfully bumped revision number for resource f13734a2-9f25-40f0-83b3-e63ded2726a3 (type: ports) to 1
2026-08-05 08:22:23.813 9 INFO neutron.wsgi [None req-54043410-801e-40d4-8ac2-808b0f263ecb bad9087eb07a46fcaa754ad35477751f f9a2e9ff2e834de9970cd1125ab30f77 - - default default] 10.0.0.211 "DELETE /v2.0/security-groups/dc1d9e17-b65b-48c9-9618-122925d92c1a HTTP/1.1" status: 204 len: 168 time: 0.3211434
2026-08-05 08:22:23.933 10 INFO neutron.db.ovn_revision_numbers_db [None req-72edbc1b-07a6-4548-ac7a-0ccc48f1c272 - - - - - -] Successfully bumped revision number for resource b12ba918-3890-43f8-94f2-22159fe9d4f7 (type: ports) to 4
2026-08-05 08:22:23.937 10 INFO neutron.db.ovn_revision_numbers_db [None req-13bd96f6-12e4-4a63-a839-1f963f52ce38 bad9087eb07a46fcaa754ad35477751f f9a2e9ff2e834de9970cd1125ab30f77 - - default default] Successfully bumped revision number for resource 6463f275-3d57-49a6-a124-1701c2f835dc (type: router_ports) to 1
2026-08-05 08:22:24.042 10 INFO neutron.plugins.ml2.drivers.ovn.mech_driver.mech_driver [None req-dae38973-109e-4f5b-8203-0129e33c5fd5 - - - - - -] OVN reports status up for port: 6463f275-3d57-49a6-a124-1701c2f835dc
2026-08-05 08:22:24.060 10 INFO neutron.plugins.ml2.plugin [None req-dae38973-109e-4f5b-8203-0129e33c5fd5 - - - - - -] Attempt 1 to provision port 6463f275-3d57-49a6-a124-1701c2f835dc
2026-08-05 08:22:24.232 10 INFO neutron.db.ovn_revision_numbers_db [None req-13bd96f6-12e4-4a63-a839-1f963f52ce38 bad9087eb07a46fcaa754ad35477751f f9a2e9ff2e834de9970cd1125ab30f77 - - default default] Successfully bumped revision number for resource 6463f275-3d57-49a6-a124-1701c2f835dc (type: ports) to 1
2026-08-05 08:22:24.323 10 WARNING neutron.scheduler.dhcp_agent_scheduler [None req-13bd96f6-12e4-4a63-a839-1f963f52ce38 bad9087eb07a46fcaa754ad35477751f f9a2e9ff2e834de9970cd1125ab30f77 - - default default] No more DHCP agents
2026-08-05 08:22:24.324 10 WARNING neutron.api.rpc.agentnotifiers.dhcp_rpc_agent_api [None req-13bd96f6-12e4-4a63-a839-1f963f52ce38 bad9087eb07a46fcaa754ad35477751f f9a2e9ff2e834de9970cd1125ab30f77 - - default default] Unable to schedule network 7da44e56-a39d-4ee3-ac21-09ccb2e04d47: no agents available; will retry on subsequent port and subnet creation events.
2026-08-05 08:22:24.450 9 INFO neutron.plugins.ml2.drivers.ovn.mech_driver.ovsdb.ovsdb_monitor [None req-fde9643e-5280-4eca-a28a-1e33d540856f - - - - - -] Router 3a36b10c-8e43-4398-83f9-0a2b36a606b8 is bound to host instance
2026-08-05 08:22:24.537 10 INFO neutron.db.ovn_revision_numbers_db [None req-72edbc1b-07a6-4548-ac7a-0ccc48f1c272 - - - - - -] Successfully bumped revision number for resource b12ba918-3890-43f8-94f2-22159fe9d4f7 (type: router_ports) to 4
2026-08-05 08:22:24.540 9 INFO neutron.db.ovn_revision_numbers_db [None req-26429afa-9b45-40d0-8322-9c215aa26a65 bad9087eb07a46fcaa754ad35477751f f9a2e9ff2e834de9970cd1125ab30f77 - - default default] Successfully bumped revision number for resource f13734a2-9f25-40f0-83b3-e63ded2726a3 (type: router_ports) to 1
2026-08-05 08:22:24.696 9 INFO neutron.db.ovn_revision_numbers_db [None req-26429afa-9b45-40d0-8322-9c215aa26a65 bad9087eb07a46fcaa754ad35477751f f9a2e9ff2e834de9970cd1125ab30f77 - - default default] Successfully bumped revision number for resource 3a36b10c-8e43-4398-83f9-0a2b36a606b8 (type: routers) to 2
2026-08-05 08:22:24.702 10 INFO neutron.wsgi [req-f15640ec-e908-420d-b001-03e802128ea3 req-c48c7923-90ea-445c-9d57-64e98359350a ae2ed9c45efc469da29d8718be328089 03645ab985c74fcc8f28585fb819db3f - - default default] 10.0.0.230 "GET /v2.0/ports?device_id=b8b09951-b967-4442-a021-cd88dd9ba553 HTTP/1.1" status: 200 len: 1174 time: 0.1733825
2026-08-05 08:22:24.730 9 INFO neutron.wsgi [None req-26429afa-9b45-40d0-8322-9c215aa26a65 bad9087eb07a46fcaa754ad35477751f f9a2e9ff2e834de9970cd1125ab30f77 - - default default] 10.0.0.211 "POST /v2.0/routers HTTP/1.1" status: 201 len: 870 time: 1.6807222
2026-08-05 08:22:24.785 10 INFO neutron.wsgi [req-f15640ec-e908-420d-b001-03e802128ea3 req-d15b6a14-38bf-449f-a657-661a865c7dc1 ae2ed9c45efc469da29d8718be328089 03645ab985c74fcc8f28585fb819db3f - - default default] 10.0.0.230 "GET /v2.0/security-groups?id=32af8d2c-5a38-440a-be19-2bbec28a6f8b&fields=id&fields=name HTTP/1.1" status: 200 len: 313 time: 0.0737948
2026-08-05 08:22:24.942 10 INFO neutron.db.ovn_revision_numbers_db [None req-dae38973-109e-4f5b-8203-0129e33c5fd5 - - - - - -] Successfully bumped revision number for resource 6463f275-3d57-49a6-a124-1701c2f835dc (type: ports) to 2
2026-08-05 08:22:25.170 10 INFO neutron.db.ovn_revision_numbers_db [None req-dae38973-109e-4f5b-8203-0129e33c5fd5 - - - - - -] Successfully bumped revision number for resource 6463f275-3d57-49a6-a124-1701c2f835dc (type: router_ports) to 2
2026-08-05 08:22:25.299 9 INFO neutron.db.ovn_revision_numbers_db [None req-fde9643e-5280-4eca-a28a-1e33d540856f - - - - - -] Successfully bumped revision number for resource f13734a2-9f25-40f0-83b3-e63ded2726a3 (type: ports) to 1
2026-08-05 08:22:25.349 10 INFO neutron.wsgi [req-97a83400-5d5c-4756-89d8-d582a01aee0f req-c392155c-e06f-471b-aca2-d232060f990f ae2ed9c45efc469da29d8718be328089 03645ab985c74fcc8f28585fb819db3f - - default default] 10.0.0.230 "GET /v2.0/ports?device_id=b8b09951-b967-4442-a021-cd88dd9ba553 HTTP/1.1" status: 200 len: 1174 time: 0.0395677
2026-08-05 08:22:25.367 9 INFO neutron.plugins.ml2.drivers.ovn.mech_driver.mech_driver [None req-6eeebc64-6083-4af1-b313-107984a94cb5 - - - - - -] OVN reports status down for port: 7696b221-5343-457a-a00b-32786c4eb813
2026-08-05 08:22:25.409 10 INFO neutron.wsgi [req-97a83400-5d5c-4756-89d8-d582a01aee0f req-9e34dc8f-7dd5-443c-8016-74f2acfaec70 ae2ed9c45efc469da29d8718be328089 03645ab985c74fcc8f28585fb819db3f - - default default] 10.0.0.230 "GET /v2.0/security-groups?id=32af8d2c-5a38-440a-be19-2bbec28a6f8b&fields=id&fields=name HTTP/1.1" status: 200 len: 313 time: 0.0529792
2026-08-05 08:22:25.417 10 INFO neutron.wsgi [None req-13bd96f6-12e4-4a63-a839-1f963f52ce38 bad9087eb07a46fcaa754ad35477751f f9a2e9ff2e834de9970cd1125ab30f77 - - default default] 10.0.0.211 "PUT /v2.0/routers/0735bbc0-d951-4936-b0a3-2e1b2a439982/add_router_interface HTTP/1.1" status: 200 len: 503 time: 3.2707353
2026-08-05 08:22:25.548 9 WARNING neutron.scheduler.dhcp_agent_scheduler [None req-ea700a0c-0e31-4357-8446-d82b36bb9579 bad9087eb07a46fcaa754ad35477751f f9a2e9ff2e834de9970cd1125ab30f77 - - default default] No more DHCP agents
2026-08-05 08:22:25.555 9 WARNING neutron.api.rpc.agentnotifiers.dhcp_rpc_agent_api [None req-ea700a0c-0e31-4357-8446-d82b36bb9579 bad9087eb07a46fcaa754ad35477751f f9a2e9ff2e834de9970cd1125ab30f77 - - default default] Unable to schedule network 791598b6-aabd-4959-b9a3-677ddc409ca7: no agents available; will retry on subsequent port and subnet creation events.
2026-08-05 08:22:25.638 9 INFO neutron.notifiers.nova [-] Nova event matching ['req-90db73f0-a97d-4f21-ba82-8d4f1ebdecb1'] response: {'server_uuid': 'b8b09951-b967-4442-a021-cd88dd9ba553', 'name': 'network-vif-unplugged', 'status': 'completed', 'tag': '7696b221-5343-457a-a00b-32786c4eb813', 'code': 200}
2026-08-05 08:22:25.644 10 INFO neutron.wsgi [req-626507ae-9283-4751-b4eb-622922719370 req-e4058a88-5ac5-4363-b3fb-6e70846ca910 ae2ed9c45efc469da29d8718be328089 03645ab985c74fcc8f28585fb819db3f - - default default] 199.204.45.35 "GET /v2.0/ports?device_id=b8b09951-b967-4442-a021-cd88dd9ba553 HTTP/1.1" status: 200 len: 1172 time: 0.0333571
2026-08-05 08:22:25.944 10 INFO neutron.db.l3_db [req-626507ae-9283-4751-b4eb-622922719370 req-343167a0-be26-4ae7-8595-b1ece7f0cb62 ae2ed9c45efc469da29d8718be328089 03645ab985c74fcc8f28585fb819db3f - - default default] Floating IP e500f66a-018c-4770-b895-bb7a7217e194 disassociated. External IP: 10.96.250.213, port: 7696b221-5343-457a-a00b-32786c4eb813.
2026-08-05 08:22:26.021 9 INFO neutron.db.ovn_revision_numbers_db [None req-fde9643e-5280-4eca-a28a-1e33d540856f - - - - - -] Successfully bumped revision number for resource f13734a2-9f25-40f0-83b3-e63ded2726a3 (type: router_ports) to 3
2026-08-05 08:22:26.023 9 INFO neutron.db.ovn_revision_numbers_db [None req-ea700a0c-0e31-4357-8446-d82b36bb9579 bad9087eb07a46fcaa754ad35477751f f9a2e9ff2e834de9970cd1125ab30f77 - - default default] Successfully bumped revision number for resource a9347a42-2bbe-4138-8a4a-0a7cab6007f2 (type: ports) to 1
2026-08-05 08:22:26.024 9 INFO neutron.db.ovn_revision_numbers_db [None req-6eeebc64-6083-4af1-b313-107984a94cb5 - - - - - -] Successfully bumped revision number for resource 7696b221-5343-457a-a00b-32786c4eb813 (type: ports) to 7
2026-08-05 08:22:26.436 9 INFO neutron.db.ovn_revision_numbers_db [None req-fde9643e-5280-4eca-a28a-1e33d540856f - - - - - -] Successfully bumped revision number for resource f13734a2-9f25-40f0-83b3-e63ded2726a3 (type: ports) to 2 /var/lib/openstack/lib/python3.10/site-packages/pycadf/identifier.py:71: UserWarning: Invalid uuid: neutron. To ensure interoperability, identifiers should be a valid uuid. warnings.warn(('Invalid uuid: %s. To ensure interoperability, '
2026-08-05 08:22:26.524 9 INFO neutron.wsgi [req-ac1132fe-5953-4baf-b39f-dc4d337d3636 req-93afb689-8eaf-447b-91a1-8f8eec2ea21e ae2ed9c45efc469da29d8718be328089 03645ab985c74fcc8f28585fb819db3f - - default default] 10.0.0.230 "GET /v2.0/ports?device_id=b8b09951-b967-4442-a021-cd88dd9ba553 HTTP/1.1" status: 200 len: 210 time: 0.0270286
2026-08-05 08:22:26.541 10 INFO neutron.wsgi [req-840236c4-e542-4bc9-a0ed-5b6afe7b8458 req-53bc96a6-2fd2-4bf3-8465-a6c8bd3c4ab3 d713594efb5845e285bc99a1bdabaee3 807295df358a44e299c50a5b8d99b26c - - default default] 10.0.0.230 "GET /v2.0/networks?id=7da44e56-a39d-4ee3-ac21-09ccb2e04d47 HTTP/1.1" status: 200 len: 876 time: 0.0691597
2026-08-05 08:22:26.556 10 INFO neutron.wsgi [req-840236c4-e542-4bc9-a0ed-5b6afe7b8458 req-24781ab8-05dd-4cfb-9f10-1bc330f5dc6a d713594efb5845e285bc99a1bdabaee3 807295df358a44e299c50a5b8d99b26c - - default default] 10.0.0.230 "GET /v2.0/quotas/807295df358a44e299c50a5b8d99b26c HTTP/1.1" status: 200 len: 386 time: 0.0097849
2026-08-05 08:22:26.622 10 INFO neutron.wsgi [req-626507ae-9283-4751-b4eb-622922719370 req-343167a0-be26-4ae7-8595-b1ece7f0cb62 ae2ed9c45efc469da29d8718be328089 03645ab985c74fcc8f28585fb819db3f - - default default] 199.204.45.35 "DELETE /v2.0/ports/7696b221-5343-457a-a00b-32786c4eb813 HTTP/1.1" status: 204 len: 173 time: 0.9744415
2026-08-05 08:22:26.645 10 INFO neutron.wsgi [req-840236c4-e542-4bc9-a0ed-5b6afe7b8458 req-7d16564d-298f-4be2-a5a6-6ad2e251d218 d713594efb5845e285bc99a1bdabaee3 807295df358a44e299c50a5b8d99b26c - - default default] 10.0.0.230 "GET /v2.0/ports?tenant_id=807295df358a44e299c50a5b8d99b26c&fields=id HTTP/1.1" status: 200 len: 302 time: 0.0846388
2026-08-05 08:22:26.672 10 INFO neutron.notifiers.nova [-] Nova event matching ['req-5158bd58-d261-4d8e-9973-8e56c7fa275d'] response: {'server_uuid': 'b8b09951-b967-4442-a021-cd88dd9ba553', 'name': 'network-vif-deleted', 'tag': '7696b221-5343-457a-a00b-32786c4eb813', 'status': 'completed', 'code': 200}
2026-08-05 08:22:26.722 10 INFO neutron.wsgi [req-840236c4-e542-4bc9-a0ed-5b6afe7b8458 req-ab7ad424-9663-4baa-a6cd-15763874e27d e59f289152a74e91821ad11e46f41e18 e843fee6b96548a287d5e0b3e8691838 - - d532ca504b334c3eb24ac80fa6190aa3 d532ca504b334c3eb24ac80fa6190aa3] 10.0.0.230 "GET /v2.0/networks/7da44e56-a39d-4ee3-ac21-09ccb2e04d47?fields=segments HTTP/1.1" status: 200 len: 212 time: 0.0696726
2026-08-05 08:22:26.785 10 INFO neutron.wsgi [req-840236c4-e542-4bc9-a0ed-5b6afe7b8458 req-b1b100bd-030f-4048-b8e6-48a469c3a6b8 e59f289152a74e91821ad11e46f41e18 e843fee6b96548a287d5e0b3e8691838 - - d532ca504b334c3eb24ac80fa6190aa3 d532ca504b334c3eb24ac80fa6190aa3] 10.0.0.230 "GET /v2.0/networks/7da44e56-a39d-4ee3-ac21-09ccb2e04d47?fields=provider%3Aphysical_network&fields=provider%3Anetwork_type HTTP/1.1" status: 200 len: 277 time: 0.0564308
2026-08-05 08:22:27.010 9 INFO neutron.plugins.ml2.drivers.ovn.mech_driver.mech_driver [None req-6eeebc64-6083-4af1-b313-107984a94cb5 - - - - - -] OVN reports status up for port: a9347a42-2bbe-4138-8a4a-0a7cab6007f2
2026-08-05 08:22:27.022 9 INFO neutron.db.ovn_revision_numbers_db [None req-fde9643e-5280-4eca-a28a-1e33d540856f - - - - - -] Successfully bumped revision number for resource f13734a2-9f25-40f0-83b3-e63ded2726a3 (type: ports) to 4
2026-08-05 08:22:27.030 9 INFO neutron.plugins.ml2.plugin [None req-6eeebc64-6083-4af1-b313-107984a94cb5 - - - - - -] Attempt 1 to provision port a9347a42-2bbe-4138-8a4a-0a7cab6007f2
2026-08-05 08:22:27.098 9 INFO neutron.wsgi [req-ef6f0e87-4728-4f7b-b94d-f388e02680db req-32335f4f-3fb6-4bc2-af19-108ed3a31673 d713594efb5845e285bc99a1bdabaee3 807295df358a44e299c50a5b8d99b26c - - default default] 10.0.0.230 "GET /v2.0/ports?device_id=420b0c0f-df00-410f-b805-7a3f52a4a5e7 HTTP/1.1" status: 200 len: 210 time: 0.0318708
2026-08-05 08:22:27.429 9 INFO neutron.db.ovn_revision_numbers_db [None req-ea700a0c-0e31-4357-8446-d82b36bb9579 bad9087eb07a46fcaa754ad35477751f f9a2e9ff2e834de9970cd1125ab30f77 - - default default] Successfully bumped revision number for resource a9347a42-2bbe-4138-8a4a-0a7cab6007f2 (type: router_ports) to 1
2026-08-05 08:22:27.529 9 INFO neutron.db.ovn_revision_numbers_db [None req-fde9643e-5280-4eca-a28a-1e33d540856f - - - - - -] Successfully bumped revision number for resource f13734a2-9f25-40f0-83b3-e63ded2726a3 (type: router_ports) to 4
2026-08-05 08:22:27.617 9 INFO neutron.db.ovn_revision_numbers_db [None req-ea700a0c-0e31-4357-8446-d82b36bb9579 bad9087eb07a46fcaa754ad35477751f f9a2e9ff2e834de9970cd1125ab30f77 - - default default] Successfully bumped revision number for resource a9347a42-2bbe-4138-8a4a-0a7cab6007f2 (type: ports) to 1
2026-08-05 08:22:27.641 10 INFO neutron.wsgi [req-0d2dce63-d72a-4482-bb15-9c70775ef2b5 req-c682ff1d-7c6a-4ea0-a0cb-12b41bd73d33 ae2ed9c45efc469da29d8718be328089 03645ab985c74fcc8f28585fb819db3f - - default default] 10.0.0.230 "GET /v2.0/ports?device_id=b8b09951-b967-4442-a021-cd88dd9ba553 HTTP/1.1" status: 200 len: 210 time: 0.0345898
2026-08-05 08:22:27.675 9 INFO neutron.notifiers.nova [-] Nova event matching ['req-0c1eb783-f85a-476d-9b55-768ca545c867'] response: {'server_uuid': 'b8b09951-b967-4442-a021-cd88dd9ba553', 'name': 'network-vif-plugged', 'status': 'completed', 'tag': '7696b221-5343-457a-a00b-32786c4eb813', 'code': 200}
2026-08-05 08:22:27.742 9 WARNING neutron.scheduler.dhcp_agent_scheduler [None req-ea700a0c-0e31-4357-8446-d82b36bb9579 bad9087eb07a46fcaa754ad35477751f f9a2e9ff2e834de9970cd1125ab30f77 - - default default] No more DHCP agents
2026-08-05 08:22:27.744 9 WARNING neutron.api.rpc.agentnotifiers.dhcp_rpc_agent_api [None req-ea700a0c-0e31-4357-8446-d82b36bb9579 bad9087eb07a46fcaa754ad35477751f f9a2e9ff2e834de9970cd1125ab30f77 - - default default] Unable to schedule network 791598b6-aabd-4959-b9a3-677ddc409ca7: no agents available; will retry on subsequent port and subnet creation events.
2026-08-05 08:22:28.173 9 INFO neutron.db.ovn_revision_numbers_db [None req-6eeebc64-6083-4af1-b313-107984a94cb5 - - - - - -] Successfully bumped revision number for resource a9347a42-2bbe-4138-8a4a-0a7cab6007f2 (type: ports) to 2
2026-08-05 08:22:28.196 10 INFO neutron.wsgi [req-d7e51460-19cc-40bd-a62b-26a802281b8b req-aac882ef-99da-46e5-a377-4c63f9cc888a d713594efb5845e285bc99a1bdabaee3 807295df358a44e299c50a5b8d99b26c - - default default] 10.0.0.230 "GET /v2.0/ports?device_id=420b0c0f-df00-410f-b805-7a3f52a4a5e7 HTTP/1.1" status: 200 len: 210 time: 0.0292790
2026-08-05 08:22:28.773 9 INFO neutron.db.ovn_revision_numbers_db [None req-6eeebc64-6083-4af1-b313-107984a94cb5 - - - - - -] Successfully bumped revision number for resource a9347a42-2bbe-4138-8a4a-0a7cab6007f2 (type: router_ports) to 2
2026-08-05 08:22:28.775 9 INFO neutron.db.ovn_revision_numbers_db [None req-ea700a0c-0e31-4357-8446-d82b36bb9579 bad9087eb07a46fcaa754ad35477751f f9a2e9ff2e834de9970cd1125ab30f77 - - default default] Successfully bumped revision number for resource a9347a42-2bbe-4138-8a4a-0a7cab6007f2 (type: router_ports) to 2
2026-08-05 08:22:28.778 9 INFO neutron.wsgi [None req-ea700a0c-0e31-4357-8446-d82b36bb9579 bad9087eb07a46fcaa754ad35477751f f9a2e9ff2e834de9970cd1125ab30f77 - - default default] 10.0.0.211 "PUT /v2.0/routers/3a36b10c-8e43-4398-83f9-0a2b36a606b8/add_router_interface HTTP/1.1" status: 200 len: 503 time: 4.0418167
2026-08-05 08:22:29.277 9 INFO neutron.wsgi [req-07aa209f-7280-4517-9907-65a8c52163f3 req-73a67ef8-638d-42be-80f3-c436aa7ab736 d713594efb5845e285bc99a1bdabaee3 807295df358a44e299c50a5b8d99b26c - - default default] 10.0.0.230 "GET /v2.0/ports?device_id=420b0c0f-df00-410f-b805-7a3f52a4a5e7 HTTP/1.1" status: 200 len: 210 time: 0.0254118
2026-08-05 08:22:29.821 9 INFO neutron.wsgi [None req-c4c18968-c1f2-44e9-a582-d24d59be2fe0 ae2ed9c45efc469da29d8718be328089 03645ab985c74fcc8f28585fb819db3f - - default default] 10.0.0.211 "DELETE /v2.0/security-groups/32af8d2c-5a38-440a-be19-2bbec28a6f8b HTTP/1.1" status: 204 len: 168 time: 0.9036345
2026-08-05 08:22:29.822 10 WARNING neutron.plugins.ml2.drivers.ovn.mech_driver.ovsdb.ovn_client [None req-dae38973-109e-4f5b-8203-0129e33c5fd5 - - - - - -] No hosting information found for port 6463f275-3d57-49a6-a124-1701c2f835dc: RuntimeError: No hosting information found for port 6463f275-3d57-49a6-a124-1701c2f835dc
2026-08-05 08:22:29.823 10 INFO neutron.plugins.ml2.drivers.ovn.mech_driver.mech_driver [None req-dae38973-109e-4f5b-8203-0129e33c5fd5 - - - - - -] OVN reports status up for port: f13734a2-9f25-40f0-83b3-e63ded2726a3
2026-08-05 08:22:29.837 9 INFO neutron.api.v2.resource [None req-c2fca188-7241-47f8-a0f9-d66b96b397c9 ae2ed9c45efc469da29d8718be328089 03645ab985c74fcc8f28585fb819db3f - - default default] show failed (client error): The resource could not be found.
2026-08-05 08:22:29.838 9 INFO neutron.wsgi [None req-c2fca188-7241-47f8-a0f9-d66b96b397c9 ae2ed9c45efc469da29d8718be328089 03645ab985c74fcc8f28585fb819db3f - - default default] 10.0.0.211 "GET /v2.0/security-groups/32af8d2c-5a38-440a-be19-2bbec28a6f8b HTTP/1.1" status: 404 len: 347 time: 0.0099943
2026-08-05 08:22:30.041 10 INFO neutron.plugins.ml2.plugin [None req-dae38973-109e-4f5b-8203-0129e33c5fd5 - - - - - -] Attempt 1 to provision port f13734a2-9f25-40f0-83b3-e63ded2726a3
2026-08-05 08:22:30.121 9 INFO neutron.db.ovn_revision_numbers_db [None req-136febe0-a06d-4c29-b382-2b2692f5aa6a fbf37018ae4241d298c197e2fc3cd066 3e6a3195bf54438087db19ccd298493c - - default default] Successfully bumped revision number for resource 7cce6eb7-877f-45b4-b305-0d9ad4cdd146 (type: security_groups) to 1
2026-08-05 08:22:30.235 9 INFO neutron.db.ovn_revision_numbers_db [None req-136febe0-a06d-4c29-b382-2b2692f5aa6a fbf37018ae4241d298c197e2fc3cd066 3e6a3195bf54438087db19ccd298493c - - default default] Successfully bumped revision number for resource 14578253-8607-4dc4-bc44-96324dd7e76f (type: security_group_rules) to 0
2026-08-05 08:22:30.367 9 INFO neutron.wsgi [req-17d21853-170b-4679-976f-71417064d690 req-0174c534-e809-43b2-a84a-41e30a2f49c8 d713594efb5845e285bc99a1bdabaee3 807295df358a44e299c50a5b8d99b26c - - default default] 10.0.0.230 "GET /v2.0/ports?device_id=420b0c0f-df00-410f-b805-7a3f52a4a5e7 HTTP/1.1" status: 200 len: 210 time: 0.0326257
2026-08-05 08:22:30.702 9 INFO neutron.db.ovn_revision_numbers_db [None req-136febe0-a06d-4c29-b382-2b2692f5aa6a fbf37018ae4241d298c197e2fc3cd066 3e6a3195bf54438087db19ccd298493c - - default default] Successfully bumped revision number for resource 6984c382-6afa-4764-b2d2-77e6237b55a0 (type: security_group_rules) to 0
2026-08-05 08:22:30.827 9 INFO neutron.wsgi [None req-7aca87d8-53b3-46ef-8d6a-c886436c62b0 ae2ed9c45efc469da29d8718be328089 03645ab985c74fcc8f28585fb819db3f - - default default] 10.0.0.211 "DELETE /v2.0/floatingips/e500f66a-018c-4770-b895-bb7a7217e194 HTTP/1.1" status: 204 len: 168 time: 0.9828842
2026-08-05 08:22:30.873 9 INFO neutron.wsgi [None req-136febe0-a06d-4c29-b382-2b2692f5aa6a fbf37018ae4241d298c197e2fc3cd066 3e6a3195bf54438087db19ccd298493c - - default default] 10.0.0.211 "POST /v2.0/security-groups HTTP/1.1" status: 201 len: 1797 time: 1.2177210 /var/lib/openstack/lib/python3.10/site-packages/pycadf/identifier.py:71: UserWarning: Invalid uuid: neutron. To ensure interoperability, identifiers should be a valid uuid. warnings.warn(('Invalid uuid: %s. To ensure interoperability, '
2026-08-05 08:22:31.074 10 INFO neutron.db.ovn_revision_numbers_db [None req-044c3186-8806-461b-a065-bbf547e93237 fbf37018ae4241d298c197e2fc3cd066 3e6a3195bf54438087db19ccd298493c - - default default] Successfully bumped revision number for resource 690b0cae-b745-413b-9a28-4d66ad3d4b16 (type: security_group_rules) to 0
2026-08-05 08:22:31.114 10 INFO neutron.wsgi [None req-044c3186-8806-461b-a065-bbf547e93237 fbf37018ae4241d298c197e2fc3cd066 3e6a3195bf54438087db19ccd298493c - - default default] 10.0.0.211 "POST /v2.0/security-group-rules HTTP/1.1" status: 201 len: 764 time: 0.2355385
2026-08-05 08:22:31.317 10 INFO neutron.wsgi [req-840236c4-e542-4bc9-a0ed-5b6afe7b8458 req-53e51cf5-b776-485c-a301-f72aae37a50f d713594efb5845e285bc99a1bdabaee3 807295df358a44e299c50a5b8d99b26c - - default default] 199.204.45.35 "GET /v2.0/networks?id=7da44e56-a39d-4ee3-ac21-09ccb2e04d47 HTTP/1.1" status: 200 len: 876 time: 0.0712080
2026-08-05 08:22:31.466 9 INFO neutron.wsgi [req-f1e228d7-e678-482f-9c84-1a85ad6da25e req-a8fc51e7-ea56-44ac-b189-0d97c60dda6d d713594efb5845e285bc99a1bdabaee3 807295df358a44e299c50a5b8d99b26c - - default default] 10.0.0.230 "GET /v2.0/ports?device_id=420b0c0f-df00-410f-b805-7a3f52a4a5e7 HTTP/1.1" status: 200 len: 210 time: 0.0291753
2026-08-05 08:22:31.546 10 INFO neutron.db.ovn_revision_numbers_db [None req-3ce4eeaf-031c-47cf-8c11-4c50003067bb fbf37018ae4241d298c197e2fc3cd066 3e6a3195bf54438087db19ccd298493c - - default default] Successfully bumped revision number for resource 5b62a8f1-481e-470c-8a72-5a406885cd12 (type: security_group_rules) to 0
2026-08-05 08:22:31.586 10 INFO neutron.wsgi [None req-3ce4eeaf-031c-47cf-8c11-4c50003067bb fbf37018ae4241d298c197e2fc3cd066 3e6a3195bf54438087db19ccd298493c - - default default] 10.0.0.211 "POST /v2.0/security-group-rules HTTP/1.1" status: 201 len: 769 time: 0.4667995
2026-08-05 08:22:32.294 10 WARNING neutron.scheduler.dhcp_agent_scheduler [None req-4df9a849-1af8-486d-99ea-88063153ff96 fbf37018ae4241d298c197e2fc3cd066 3e6a3195bf54438087db19ccd298493c - - default default] No more DHCP agents
2026-08-05 08:22:32.297 10 WARNING neutron.api.rpc.agentnotifiers.dhcp_rpc_agent_api [None req-4df9a849-1af8-486d-99ea-88063153ff96 fbf37018ae4241d298c197e2fc3cd066 3e6a3195bf54438087db19ccd298493c - - default default] Unable to schedule network 75671639-418b-4cd4-9307-cb01dcf271c9: no agents available; will retry on subsequent port and subnet creation events.
2026-08-05 08:22:32.298 10 WARNING neutron.scheduler.dhcp_agent_scheduler [req-840236c4-e542-4bc9-a0ed-5b6afe7b8458 req-fb1f3262-d809-419a-9622-744471550e1d d713594efb5845e285bc99a1bdabaee3 807295df358a44e299c50a5b8d99b26c - - default default] No more DHCP agents
2026-08-05 08:22:32.308 10 WARNING neutron.api.rpc.agentnotifiers.dhcp_rpc_agent_api [req-840236c4-e542-4bc9-a0ed-5b6afe7b8458 req-fb1f3262-d809-419a-9622-744471550e1d d713594efb5845e285bc99a1bdabaee3 807295df358a44e299c50a5b8d99b26c - - default default] Unable to schedule network 7da44e56-a39d-4ee3-ac21-09ccb2e04d47: no agents available; will retry on subsequent port and subnet creation events.
2026-08-05 08:22:32.459 9 INFO neutron.wsgi [None req-2cca7e87-d8df-4458-b402-b38d38bdcf51 bad9087eb07a46fcaa754ad35477751f f9a2e9ff2e834de9970cd1125ab30f77 - - default default] 10.0.0.211 "PUT /v2.0/routers/c18c09e0-5f37-463d-88af-44d85872d815/remove_router_interface HTTP/1.1" status: 200 len: 503 time: 1.6254923 /var/lib/openstack/lib/python3.10/site-packages/pycadf/identifier.py:71: UserWarning: Invalid uuid: neutron. To ensure interoperability, identifiers should be a valid uuid. warnings.warn(('Invalid uuid: %s. To ensure interoperability, ' /var/lib/openstack/lib/python3.10/site-packages/pycadf/identifier.py:71: UserWarning: Invalid uuid: neutron. To ensure interoperability, identifiers should be a valid uuid. warnings.warn(('Invalid uuid: %s. To ensure interoperability, '
2026-08-05 08:22:32.576 10 INFO neutron.db.ovn_revision_numbers_db [req-840236c4-e542-4bc9-a0ed-5b6afe7b8458 req-fb1f3262-d809-419a-9622-744471550e1d d713594efb5845e285bc99a1bdabaee3 807295df358a44e299c50a5b8d99b26c - - default default] Successfully bumped revision number for resource 886d5054-253e-45fc-95ad-6c4cf932e3cf (type: ports) to 1
2026-08-05 08:22:32.646 10 INFO neutron.wsgi [req-ae1a06cd-1ad5-45fc-8305-61fa595cf65b req-607a5cef-5bc2-42e4-b145-8863e231b0e7 d713594efb5845e285bc99a1bdabaee3 807295df358a44e299c50a5b8d99b26c - - default default] 10.0.0.230 "GET /v2.0/ports?device_id=420b0c0f-df00-410f-b805-7a3f52a4a5e7 HTTP/1.1" status: 200 len: 1156 time: 0.1087589
2026-08-05 08:22:32.692 10 INFO neutron.wsgi [req-ae1a06cd-1ad5-45fc-8305-61fa595cf65b req-bd580f08-6adf-42ef-bf94-2fca57ab40c6 d713594efb5845e285bc99a1bdabaee3 807295df358a44e299c50a5b8d99b26c - - default default] 10.0.0.230 "GET /v2.0/security-groups?id=e5d63ec9-c708-4c43-96ad-908ca30f8d1f&fields=id&fields=name HTTP/1.1" status: 200 len: 286 time: 0.0387444
2026-08-05 08:22:32.705 10 INFO neutron.wsgi [req-840236c4-e542-4bc9-a0ed-5b6afe7b8458 req-fb1f3262-d809-419a-9622-744471550e1d d713594efb5845e285bc99a1bdabaee3 807295df358a44e299c50a5b8d99b26c - - default default] 199.204.45.35 "POST /v2.0/ports HTTP/1.1" status: 201 len: 1158 time: 1.3814902
2026-08-05 08:22:32.884 10 INFO neutron.db.ovn_revision_numbers_db [None req-4df9a849-1af8-486d-99ea-88063153ff96 fbf37018ae4241d298c197e2fc3cd066 3e6a3195bf54438087db19ccd298493c - - default default] Successfully bumped revision number for resource e4a8f591-9802-4d92-a05e-46cf5a12aed5 (type: floatingips) to 0
2026-08-05 08:22:32.938 10 INFO neutron.wsgi [None req-4df9a849-1af8-486d-99ea-88063153ff96 fbf37018ae4241d298c197e2fc3cd066 3e6a3195bf54438087db19ccd298493c - - default default] 10.0.0.211 "POST /v2.0/floatingips HTTP/1.1" status: 201 len: 751 time: 1.3423147
2026-08-05 08:22:33.290 10 INFO neutron.db.ovn_revision_numbers_db [req-840236c4-e542-4bc9-a0ed-5b6afe7b8458 req-1a49a53c-0952-4c9b-8253-24c55fa623fa e59f289152a74e91821ad11e46f41e18 e843fee6b96548a287d5e0b3e8691838 - - d532ca504b334c3eb24ac80fa6190aa3 d532ca504b334c3eb24ac80fa6190aa3] Successfully bumped revision number for resource 886d5054-253e-45fc-95ad-6c4cf932e3cf (type: ports) to 2
2026-08-05 08:22:33.297 9 INFO neutron.wsgi [None req-24ae1612-838e-4dd9-a513-28fbb8688f14 bad9087eb07a46fcaa754ad35477751f f9a2e9ff2e834de9970cd1125ab30f77 - - default default] 10.0.0.211 "DELETE /v2.0/routers/c18c09e0-5f37-463d-88af-44d85872d815 HTTP/1.1" status: 204 len: 168 time: 0.8282371
2026-08-05 08:22:33.446 9 INFO neutron.wsgi [req-321d2c65-7343-4e72-8e5a-ac3871fcab8c req-ee41d3b6-a179-44ff-bc83-4bef956613fe fbf37018ae4241d298c197e2fc3cd066 3e6a3195bf54438087db19ccd298493c - - default default] 10.0.0.230 "GET /v2.0/security-groups?name=tempest-securitygroup--1181540073&fields=id&tenant_id=3e6a3195bf54438087db19ccd298493c HTTP/1.1" status: 200 len: 267 time: 0.0566669
2026-08-05 08:22:33.506 10 INFO neutron.db.ovn_revision_numbers_db [req-840236c4-e542-4bc9-a0ed-5b6afe7b8458 req-1a49a53c-0952-4c9b-8253-24c55fa623fa e59f289152a74e91821ad11e46f41e18 e843fee6b96548a287d5e0b3e8691838 - - d532ca504b334c3eb24ac80fa6190aa3 d532ca504b334c3eb24ac80fa6190aa3] Successfully bumped revision number for resource 886d5054-253e-45fc-95ad-6c4cf932e3cf (type: ports) to 2
2026-08-05 08:22:33.527 10 INFO neutron.wsgi [req-840236c4-e542-4bc9-a0ed-5b6afe7b8458 req-1a49a53c-0952-4c9b-8253-24c55fa623fa e59f289152a74e91821ad11e46f41e18 e843fee6b96548a287d5e0b3e8691838 - - d532ca504b334c3eb24ac80fa6190aa3 d532ca504b334c3eb24ac80fa6190aa3] 199.204.45.35 "PUT /v2.0/ports/886d5054-253e-45fc-95ad-6c4cf932e3cf HTTP/1.1" status: 200 len: 1376 time: 0.8058753
