2026-08-05 08:21:56.145 10 INFO neutron.db.ovn_revision_numbers_db [req-d3edbddb-7273-403b-a676-97b9fb53708d req-70c4fd89-5fd4-486c-a7ca-5530de7b2f3b c281b127e09d4130a2427085a5e3b87a 8b76230d48244506b6defa48c4f4c9fe - - default default] Successfully bumped revision number for resource ee4cfa31-f15d-4766-9822-67059a4e4e21 (type: ports) to 1
2026-08-05 08:21:56.170 10 INFO neutron.wsgi [req-d3edbddb-7273-403b-a676-97b9fb53708d req-70c4fd89-5fd4-486c-a7ca-5530de7b2f3b c281b127e09d4130a2427085a5e3b87a 8b76230d48244506b6defa48c4f4c9fe - - default default] 199.204.45.35 "POST /v2.0/ports HTTP/1.1" status: 201 len: 1162 time: 0.5124183 /var/lib/openstack/lib/python3.10/site-packages/pycadf/identifier.py:71: UserWarning: Invalid uuid: neutron. To ensure interoperability, identifiers should be a valid uuid. warnings.warn(('Invalid uuid: %s. To ensure interoperability, '
2026-08-05 08:21:56.322 9 INFO neutron.wsgi [req-18ee208f-0355-4ac3-a447-0cb0d73c2cc4 req-a534b68b-9b18-4a83-bf6e-a70f53c97ab0 e59f289152a74e91821ad11e46f41e18 e843fee6b96548a287d5e0b3e8691838 - - d532ca504b334c3eb24ac80fa6190aa3 d532ca504b334c3eb24ac80fa6190aa3] 10.0.0.203 "GET /v2.0/ports?device_id=ddfcce69-381d-4a84-b612-61221c3caae8 HTTP/1.1" status: 200 len: 1413 time: 0.1325486
2026-08-05 08:21:56.367 9 INFO neutron.wsgi [req-18ee208f-0355-4ac3-a447-0cb0d73c2cc4 req-d1605050-3dff-404b-a941-be94c6421cde e59f289152a74e91821ad11e46f41e18 e843fee6b96548a287d5e0b3e8691838 - - d532ca504b334c3eb24ac80fa6190aa3 d532ca504b334c3eb24ac80fa6190aa3] 10.0.0.203 "GET /v2.0/security-groups?id=7eafd44b-5de0-41d1-bd20-326143eede76&fields=id&fields=name HTTP/1.1" status: 200 len: 312 time: 0.0360951
2026-08-05 08:21:56.606 10 INFO neutron.db.ovn_revision_numbers_db [req-d3edbddb-7273-403b-a676-97b9fb53708d req-493def06-328c-42bd-9bb4-f666a1f8a57c e59f289152a74e91821ad11e46f41e18 e843fee6b96548a287d5e0b3e8691838 - - d532ca504b334c3eb24ac80fa6190aa3 d532ca504b334c3eb24ac80fa6190aa3] Successfully bumped revision number for resource ee4cfa31-f15d-4766-9822-67059a4e4e21 (type: ports) to 2
2026-08-05 08:21:56.782 10 INFO neutron.db.ovn_revision_numbers_db [req-d3edbddb-7273-403b-a676-97b9fb53708d req-493def06-328c-42bd-9bb4-f666a1f8a57c e59f289152a74e91821ad11e46f41e18 e843fee6b96548a287d5e0b3e8691838 - - d532ca504b334c3eb24ac80fa6190aa3 d532ca504b334c3eb24ac80fa6190aa3] Successfully bumped revision number for resource ee4cfa31-f15d-4766-9822-67059a4e4e21 (type: ports) to 2
2026-08-05 08:21:56.796 10 INFO neutron.wsgi [req-d3edbddb-7273-403b-a676-97b9fb53708d req-493def06-328c-42bd-9bb4-f666a1f8a57c e59f289152a74e91821ad11e46f41e18 e843fee6b96548a287d5e0b3e8691838 - - d532ca504b334c3eb24ac80fa6190aa3 d532ca504b334c3eb24ac80fa6190aa3] 199.204.45.35 "PUT /v2.0/ports/ee4cfa31-f15d-4766-9822-67059a4e4e21 HTTP/1.1" status: 200 len: 1380 time: 0.6187637 /var/lib/openstack/lib/python3.10/site-packages/pycadf/identifier.py:71: UserWarning: Invalid uuid: neutron. To ensure interoperability, identifiers should be a valid uuid. warnings.warn(('Invalid uuid: %s. To ensure interoperability, '
2026-08-05 08:21:56.851 10 INFO neutron.notifiers.nova [-] Nova event matching ['req-cfade5ad-a2c3-4158-8053-e4d6563eb889'] response: {'name': 'network-changed', 'server_uuid': '86cf0a3c-6aa1-497e-9282-f26707bc36c9', 'tag': 'ee4cfa31-f15d-4766-9822-67059a4e4e21', 'status': 'completed', 'code': 200}
2026-08-05 08:21:56.876 10 INFO neutron.wsgi [req-d3edbddb-7273-403b-a676-97b9fb53708d req-627da981-bc3f-47a6-bff7-6fa18ace0854 e59f289152a74e91821ad11e46f41e18 e843fee6b96548a287d5e0b3e8691838 - - d532ca504b334c3eb24ac80fa6190aa3 d532ca504b334c3eb24ac80fa6190aa3] 199.204.45.35 "GET /v2.0/ports?tenant_id=8b76230d48244506b6defa48c4f4c9fe&device_id=86cf0a3c-6aa1-497e-9282-f26707bc36c9 HTTP/1.1" status: 200 len: 1411 time: 0.0361426
2026-08-05 08:21:56.904 10 INFO neutron.wsgi [req-d3edbddb-7273-403b-a676-97b9fb53708d req-d9a77e60-e30f-40c5-9595-0301c68a49e6 e59f289152a74e91821ad11e46f41e18 e843fee6b96548a287d5e0b3e8691838 - - d532ca504b334c3eb24ac80fa6190aa3 d532ca504b334c3eb24ac80fa6190aa3] 199.204.45.35 "GET /v2.0/floatingips?fixed_ip_address=10.100.0.12&port_id=ee4cfa31-f15d-4766-9822-67059a4e4e21 HTTP/1.1" status: 200 len: 217 time: 0.0226460
2026-08-05 08:21:56.943 10 INFO neutron.wsgi [req-d3edbddb-7273-403b-a676-97b9fb53708d req-b118416b-c3aa-439d-a673-79494ad24f5f e59f289152a74e91821ad11e46f41e18 e843fee6b96548a287d5e0b3e8691838 - - d532ca504b334c3eb24ac80fa6190aa3 d532ca504b334c3eb24ac80fa6190aa3] 199.204.45.35 "GET /v2.0/subnets?id=002a82b7-6cd5-421b-b97a-480c49aadbd7 HTTP/1.1" status: 200 len: 868 time: 0.0325534
2026-08-05 08:21:56.977 10 INFO neutron.wsgi [req-d3edbddb-7273-403b-a676-97b9fb53708d req-1c2acac3-d3c1-4a85-91ed-2e143eada98f e59f289152a74e91821ad11e46f41e18 e843fee6b96548a287d5e0b3e8691838 - - d532ca504b334c3eb24ac80fa6190aa3 d532ca504b334c3eb24ac80fa6190aa3] 199.204.45.35 "GET /v2.0/ports?network_id=9e4b8d0f-047a-4a7e-9253-457b9e364f53&device_owner=network%3Adhcp HTTP/1.1" status: 200 len: 210 time: 0.0269213
2026-08-05 08:21:57.021 10 INFO neutron.wsgi [req-12d15157-f5e5-4f5c-bf29-e94cf41f692e req-632b2266-f60a-4615-9823-bfb006154fb4 c281b127e09d4130a2427085a5e3b87a 8b76230d48244506b6defa48c4f4c9fe - - default default] 10.0.0.230 "GET /v2.0/ports?device_id=86cf0a3c-6aa1-497e-9282-f26707bc36c9 HTTP/1.1" status: 200 len: 1172 time: 0.0592015
2026-08-05 08:21:57.076 10 INFO neutron.wsgi [req-d3edbddb-7273-403b-a676-97b9fb53708d req-45fe3bdb-1d0e-4862-858b-df8d01d5d29d e59f289152a74e91821ad11e46f41e18 e843fee6b96548a287d5e0b3e8691838 - - d532ca504b334c3eb24ac80fa6190aa3 d532ca504b334c3eb24ac80fa6190aa3] 199.204.45.35 "GET /v2.0/networks/9e4b8d0f-047a-4a7e-9253-457b9e364f53?fields=segments HTTP/1.1" status: 200 len: 212 time: 0.0921278
2026-08-05 08:21:57.081 10 INFO neutron.wsgi [req-12d15157-f5e5-4f5c-bf29-e94cf41f692e req-37a3a413-5a8d-4d33-9f67-4e0698571d35 c281b127e09d4130a2427085a5e3b87a 8b76230d48244506b6defa48c4f4c9fe - - default default] 10.0.0.230 "GET /v2.0/security-groups?id=dccb3903-0d92-4299-913e-53c0a1a9d029&fields=id&fields=name HTTP/1.1" status: 200 len: 313 time: 0.0490859
2026-08-05 08:21:57.156 10 INFO neutron.wsgi [req-d3edbddb-7273-403b-a676-97b9fb53708d req-a56db3ac-3626-4386-b373-f4ca9347ebd0 e59f289152a74e91821ad11e46f41e18 e843fee6b96548a287d5e0b3e8691838 - - d532ca504b334c3eb24ac80fa6190aa3 d532ca504b334c3eb24ac80fa6190aa3] 199.204.45.35 "GET /v2.0/networks/9e4b8d0f-047a-4a7e-9253-457b9e364f53?fields=provider%3Aphysical_network&fields=provider%3Anetwork_type HTTP/1.1" status: 200 len: 277 time: 0.0710690
2026-08-05 08:21:57.234 10 INFO neutron.wsgi [req-37446013-b07a-4513-937b-201a7622295e req-e1b8a96f-ba02-4b8d-8a83-b860023774d1 e59f289152a74e91821ad11e46f41e18 e843fee6b96548a287d5e0b3e8691838 - - d532ca504b334c3eb24ac80fa6190aa3 d532ca504b334c3eb24ac80fa6190aa3] 199.204.45.35 "GET /v2.0/ports?tenant_id=8b76230d48244506b6defa48c4f4c9fe&device_id=86cf0a3c-6aa1-497e-9282-f26707bc36c9 HTTP/1.1" status: 200 len: 1411 time: 0.0349956
2026-08-05 08:21:57.304 10 INFO neutron.wsgi [req-37446013-b07a-4513-937b-201a7622295e req-415135a2-70b0-489d-a0a1-435ad3669adb e59f289152a74e91821ad11e46f41e18 e843fee6b96548a287d5e0b3e8691838 - - d532ca504b334c3eb24ac80fa6190aa3 d532ca504b334c3eb24ac80fa6190aa3] 199.204.45.35 "GET /v2.0/networks?id=9e4b8d0f-047a-4a7e-9253-457b9e364f53 HTTP/1.1" status: 200 len: 973 time: 0.0624962
2026-08-05 08:21:57.330 10 INFO neutron.wsgi [req-37446013-b07a-4513-937b-201a7622295e req-c29d89a3-7862-4c24-b373-ec5477c430b9 e59f289152a74e91821ad11e46f41e18 e843fee6b96548a287d5e0b3e8691838 - - d532ca504b334c3eb24ac80fa6190aa3 d532ca504b334c3eb24ac80fa6190aa3] 199.204.45.35 "GET /v2.0/floatingips?fixed_ip_address=10.100.0.12&port_id=ee4cfa31-f15d-4766-9822-67059a4e4e21 HTTP/1.1" status: 200 len: 217 time: 0.0207982
2026-08-05 08:21:57.361 9 INFO neutron.plugins.ml2.drivers.ovn.mech_driver.mech_driver [None req-6eeebc64-6083-4af1-b313-107984a94cb5 - - - - - -] OVN reports status up for port: ee4cfa31-f15d-4766-9822-67059a4e4e21
2026-08-05 08:21:57.365 10 INFO neutron.wsgi [req-37446013-b07a-4513-937b-201a7622295e req-2e5bad78-d07d-4076-a959-47401d4aaf37 e59f289152a74e91821ad11e46f41e18 e843fee6b96548a287d5e0b3e8691838 - - d532ca504b334c3eb24ac80fa6190aa3 d532ca504b334c3eb24ac80fa6190aa3] 199.204.45.35 "GET /v2.0/subnets?id=002a82b7-6cd5-421b-b97a-480c49aadbd7 HTTP/1.1" status: 200 len: 868 time: 0.0299304
2026-08-05 08:21:57.383 9 INFO neutron.plugins.ml2.plugin [None req-6eeebc64-6083-4af1-b313-107984a94cb5 - - - - - -] Attempt 1 to provision port ee4cfa31-f15d-4766-9822-67059a4e4e21
2026-08-05 08:21:57.395 10 INFO neutron.wsgi [req-37446013-b07a-4513-937b-201a7622295e req-537ccfa0-10e6-4596-bb6c-bd0f59b556bc e59f289152a74e91821ad11e46f41e18 e843fee6b96548a287d5e0b3e8691838 - - d532ca504b334c3eb24ac80fa6190aa3 d532ca504b334c3eb24ac80fa6190aa3] 199.204.45.35 "GET /v2.0/ports?network_id=9e4b8d0f-047a-4a7e-9253-457b9e364f53&device_owner=network%3Adhcp HTTP/1.1" status: 200 len: 210 time: 0.0216224
2026-08-05 08:21:57.488 10 INFO neutron.wsgi [req-37446013-b07a-4513-937b-201a7622295e req-686d770f-b08c-425a-bfb4-318c068bd4f3 e59f289152a74e91821ad11e46f41e18 e843fee6b96548a287d5e0b3e8691838 - - d532ca504b334c3eb24ac80fa6190aa3 d532ca504b334c3eb24ac80fa6190aa3] 199.204.45.35 "GET /v2.0/networks/9e4b8d0f-047a-4a7e-9253-457b9e364f53?fields=segments HTTP/1.1" status: 200 len: 212 time: 0.0872300
2026-08-05 08:21:57.544 9 INFO neutron.notifiers.nova [-] Nova event matching ['req-f3755cd2-061f-4826-b502-93292e0f8b2a'] response: {'server_uuid': '86cf0a3c-6aa1-497e-9282-f26707bc36c9', 'name': 'network-vif-plugged', 'status': 'completed', 'tag': 'ee4cfa31-f15d-4766-9822-67059a4e4e21', 'code': 200}
2026-08-05 08:21:57.574 10 INFO neutron.wsgi [req-37446013-b07a-4513-937b-201a7622295e req-8c299014-01dc-4176-8b3f-2696f9ad87ab e59f289152a74e91821ad11e46f41e18 e843fee6b96548a287d5e0b3e8691838 - - d532ca504b334c3eb24ac80fa6190aa3 d532ca504b334c3eb24ac80fa6190aa3] 199.204.45.35 "GET /v2.0/networks/9e4b8d0f-047a-4a7e-9253-457b9e364f53?fields=provider%3Aphysical_network&fields=provider%3Anetwork_type HTTP/1.1" status: 200 len: 277 time: 0.0770204
2026-08-05 08:21:57.693 9 INFO neutron.db.ovn_revision_numbers_db [None req-6eeebc64-6083-4af1-b313-107984a94cb5 - - - - - -] Successfully bumped revision number for resource ee4cfa31-f15d-4766-9822-67059a4e4e21 (type: ports) to 4 /var/lib/openstack/lib/python3.10/site-packages/pycadf/identifier.py:71: UserWarning: Invalid uuid: neutron. To ensure interoperability, identifiers should be a valid uuid. warnings.warn(('Invalid uuid: %s. To ensure interoperability, '
2026-08-05 08:21:58.174 9 INFO neutron.wsgi [req-9e9b4cc9-06e5-4daa-b747-d23f87731990 req-51e3e51c-7d93-478a-8450-f8ed690fd9c7 e59f289152a74e91821ad11e46f41e18 e843fee6b96548a287d5e0b3e8691838 - - d532ca504b334c3eb24ac80fa6190aa3 d532ca504b334c3eb24ac80fa6190aa3] 10.0.0.203 "GET /v2.0/ports?device_id=b8b09951-b967-4442-a021-cd88dd9ba553 HTTP/1.1" status: 200 len: 1413 time: 0.0311399
2026-08-05 08:21:58.190 10 INFO neutron.wsgi [req-22ded19f-9d34-4d7c-aeea-051079508666 req-356bd941-922d-4084-85b5-d733e601ae2b c281b127e09d4130a2427085a5e3b87a 8b76230d48244506b6defa48c4f4c9fe - - default default] 10.0.0.230 "GET /v2.0/ports?device_id=86cf0a3c-6aa1-497e-9282-f26707bc36c9 HTTP/1.1" status: 200 len: 1174 time: 0.0368822
2026-08-05 08:21:58.222 9 INFO neutron.wsgi [req-9e9b4cc9-06e5-4daa-b747-d23f87731990 req-f8c419c9-7b8e-42af-b38f-1027edfe60a8 e59f289152a74e91821ad11e46f41e18 e843fee6b96548a287d5e0b3e8691838 - - d532ca504b334c3eb24ac80fa6190aa3 d532ca504b334c3eb24ac80fa6190aa3] 10.0.0.203 "GET /v2.0/security-groups?id=32af8d2c-5a38-440a-be19-2bbec28a6f8b&fields=id&fields=name HTTP/1.1" status: 200 len: 313 time: 0.0432129
2026-08-05 08:21:58.245 10 INFO neutron.wsgi [req-22ded19f-9d34-4d7c-aeea-051079508666 req-278bf524-085a-4399-969a-1f367de6831b c281b127e09d4130a2427085a5e3b87a 8b76230d48244506b6defa48c4f4c9fe - - default default] 10.0.0.230 "GET /v2.0/security-groups?id=dccb3903-0d92-4299-913e-53c0a1a9d029&fields=id&fields=name HTTP/1.1" status: 200 len: 313 time: 0.0457675
2026-08-05 08:21:58.440 9 INFO neutron.wsgi [req-8f0fcdf6-ae75-42de-b53c-34f4d25ce290 req-7a24e93a-289e-4f16-81c1-6d56d3cc6fe8 c281b127e09d4130a2427085a5e3b87a 8b76230d48244506b6defa48c4f4c9fe - - default default] 10.0.0.230 "GET /v2.0/ports?device_id=86cf0a3c-6aa1-497e-9282-f26707bc36c9 HTTP/1.1" status: 200 len: 1174 time: 0.1181173
2026-08-05 08:21:58.599 10 INFO neutron.wsgi [req-1ff893d3-4025-4d08-9270-7f535a7185e7 req-2aa1022f-734e-4435-9608-a67abfe0f7e8 e59f289152a74e91821ad11e46f41e18 e843fee6b96548a287d5e0b3e8691838 - - d532ca504b334c3eb24ac80fa6190aa3 d532ca504b334c3eb24ac80fa6190aa3] 199.204.45.35 "GET /v2.0/ports?device_id=ddfcce69-381d-4a84-b612-61221c3caae8&fields=binding%3Ahost_id&fields=binding%3Avif_type HTTP/1.1" status: 200 len: 265 time: 0.0542064
2026-08-05 08:21:58.673 10 INFO neutron.wsgi [req-1ff893d3-4025-4d08-9270-7f535a7185e7 req-c20e3da4-a23d-4fec-abc3-a19570e91970 e59f289152a74e91821ad11e46f41e18 e843fee6b96548a287d5e0b3e8691838 - - d532ca504b334c3eb24ac80fa6190aa3 d532ca504b334c3eb24ac80fa6190aa3] 199.204.45.35 "GET /v2.0/ports?tenant_id=2558d0c78f074c19a015a0d3983963f6&device_id=ddfcce69-381d-4a84-b612-61221c3caae8 HTTP/1.1" status: 200 len: 1413 time: 0.0317876
2026-08-05 08:21:58.710 9 INFO neutron.db.l3_db [None req-a02a4ebf-dbf6-42e6-b099-910c5eb12b63 c281b127e09d4130a2427085a5e3b87a 8b76230d48244506b6defa48c4f4c9fe - - default default] Floating IP b3242762-aaea-4b76-bbb3-05ea98cfaecd associated. External IP: 10.96.250.207, port: ee4cfa31-f15d-4766-9822-67059a4e4e21.
2026-08-05 08:21:58.764 10 INFO neutron.wsgi [req-1ff893d3-4025-4d08-9270-7f535a7185e7 req-43bc2fd4-70ac-4eca-a92d-bce53997a624 e59f289152a74e91821ad11e46f41e18 e843fee6b96548a287d5e0b3e8691838 - - d532ca504b334c3eb24ac80fa6190aa3 d532ca504b334c3eb24ac80fa6190aa3] 199.204.45.35 "GET /v2.0/networks?id=413ef3ec-0748-4883-a96a-aba919dcfd7e HTTP/1.1" status: 200 len: 981 time: 0.0728633
2026-08-05 08:21:58.826 10 INFO neutron.wsgi [req-1ff893d3-4025-4d08-9270-7f535a7185e7 req-5db56465-7107-43e4-87ab-282623b7bc31 e59f289152a74e91821ad11e46f41e18 e843fee6b96548a287d5e0b3e8691838 - - d532ca504b334c3eb24ac80fa6190aa3 d532ca504b334c3eb24ac80fa6190aa3] 199.204.45.35 "GET /v2.0/floatingips?fixed_ip_address=10.100.0.11&port_id=98f52801-a633-415c-ab89-3061072ec05f HTTP/1.1" status: 200 len: 1060 time: 0.0554931
2026-08-05 08:21:58.908 10 INFO neutron.wsgi [req-1ff893d3-4025-4d08-9270-7f535a7185e7 req-4fcf70a7-3b02-4d25-8ef9-83071003a826 e59f289152a74e91821ad11e46f41e18 e843fee6b96548a287d5e0b3e8691838 - - d532ca504b334c3eb24ac80fa6190aa3 d532ca504b334c3eb24ac80fa6190aa3] 199.204.45.35 "GET /v2.0/subnets?id=078e3c65-59f6-41e7-9be5-8c992bd4245a HTTP/1.1" status: 200 len: 876 time: 0.0685880
2026-08-05 08:21:58.913 9 INFO neutron.db.ovn_revision_numbers_db [None req-a02a4ebf-dbf6-42e6-b099-910c5eb12b63 c281b127e09d4130a2427085a5e3b87a 8b76230d48244506b6defa48c4f4c9fe - - default default] Successfully bumped revision number for resource b3242762-aaea-4b76-bbb3-05ea98cfaecd (type: floatingips) to 1 /var/lib/openstack/lib/python3.10/site-packages/pycadf/identifier.py:71: UserWarning: Invalid uuid: neutron. To ensure interoperability, identifiers should be a valid uuid. warnings.warn(('Invalid uuid: %s. To ensure interoperability, '
2026-08-05 08:21:58.936 10 INFO neutron.wsgi [req-1ff893d3-4025-4d08-9270-7f535a7185e7 req-d19ed7d4-d50a-4a18-80f2-5d54020edc50 e59f289152a74e91821ad11e46f41e18 e843fee6b96548a287d5e0b3e8691838 - - d532ca504b334c3eb24ac80fa6190aa3 d532ca504b334c3eb24ac80fa6190aa3] 199.204.45.35 "GET /v2.0/ports?network_id=413ef3ec-0748-4883-a96a-aba919dcfd7e&device_owner=network%3Adhcp HTTP/1.1" status: 200 len: 210 time: 0.0217104
2026-08-05 08:21:59.006 10 INFO neutron.wsgi [req-1ff893d3-4025-4d08-9270-7f535a7185e7 req-b6f11bbe-b989-44f9-a314-3e9e75a12fea e59f289152a74e91821ad11e46f41e18 e843fee6b96548a287d5e0b3e8691838 - - d532ca504b334c3eb24ac80fa6190aa3 d532ca504b334c3eb24ac80fa6190aa3] 199.204.45.35 "GET /v2.0/networks/413ef3ec-0748-4883-a96a-aba919dcfd7e?fields=segments HTTP/1.1" status: 200 len: 212 time: 0.0648484
2026-08-05 08:21:59.046 9 INFO neutron.db.ovn_revision_numbers_db [None req-a02a4ebf-dbf6-42e6-b099-910c5eb12b63 c281b127e09d4130a2427085a5e3b87a 8b76230d48244506b6defa48c4f4c9fe - - default default] Successfully bumped revision number for resource b3242762-aaea-4b76-bbb3-05ea98cfaecd (type: floatingips) to 2
2026-08-05 08:21:59.096 10 INFO neutron.wsgi [req-1ff893d3-4025-4d08-9270-7f535a7185e7 req-5aac1abb-3081-4d70-a604-93208e4d7951 e59f289152a74e91821ad11e46f41e18 e843fee6b96548a287d5e0b3e8691838 - - d532ca504b334c3eb24ac80fa6190aa3 d532ca504b334c3eb24ac80fa6190aa3] 199.204.45.35 "GET /v2.0/networks/413ef3ec-0748-4883-a96a-aba919dcfd7e?fields=provider%3Aphysical_network&fields=provider%3Anetwork_type HTTP/1.1" status: 200 len: 277 time: 0.0817075
2026-08-05 08:21:59.103 9 INFO neutron.wsgi [None req-a02a4ebf-dbf6-42e6-b099-910c5eb12b63 c281b127e09d4130a2427085a5e3b87a 8b76230d48244506b6defa48c4f4c9fe - - default default] 10.0.0.211 "PUT /v2.0/floatingips/b3242762-aaea-4b76-bbb3-05ea98cfaecd HTTP/1.1" status: 200 len: 1050 time: 0.6499841
2026-08-05 08:21:59.239 10 INFO neutron.wsgi [req-72d225ff-46cb-42df-893b-498adccf88ce req-141551e6-65a1-4e69-bfe9-56ec60cc6b40 c281b127e09d4130a2427085a5e3b87a 8b76230d48244506b6defa48c4f4c9fe - - default default] 10.0.0.230 "GET /v2.0/ports?device_id=86cf0a3c-6aa1-497e-9282-f26707bc36c9 HTTP/1.1" status: 200 len: 1174 time: 0.0913460
2026-08-05 08:21:59.294 10 INFO neutron.wsgi [req-72d225ff-46cb-42df-893b-498adccf88ce req-1e4322de-4fc7-4b66-b49a-81b21628714a c281b127e09d4130a2427085a5e3b87a 8b76230d48244506b6defa48c4f4c9fe - - default default] 10.0.0.230 "GET /v2.0/security-groups?id=dccb3903-0d92-4299-913e-53c0a1a9d029&fields=id&fields=name HTTP/1.1" status: 200 len: 313 time: 0.0421541
2026-08-05 08:21:59.307 9 INFO neutron.wsgi [req-f438263d-d154-47ac-8f89-90657e58e0c7 req-717890f7-bbb0-44a9-9561-8c43b2f762e3 f6a72e99fdcf4ab28be5688f80b0e0b6 390d828748474e56a4770c63967b85c7 - - default default] 10.0.0.230 "GET /v2.0/security-groups?name=tempest-securitygroup--1150225326&fields=id&tenant_id=390d828748474e56a4770c63967b85c7 HTTP/1.1" status: 200 len: 267 time: 0.0744071
2026-08-05 08:21:59.386 9 INFO neutron.wsgi [req-f438263d-d154-47ac-8f89-90657e58e0c7 req-ce90f303-b410-4f0e-9c76-fea1c93cbccb f6a72e99fdcf4ab28be5688f80b0e0b6 390d828748474e56a4770c63967b85c7 - - default default] 10.0.0.230 "GET /v2.0/networks?id=4242ac4c-c7b1-419e-83fc-9348eaf7a553 HTTP/1.1" status: 200 len: 878 time: 0.0672679
2026-08-05 08:21:59.400 9 INFO neutron.wsgi [req-f438263d-d154-47ac-8f89-90657e58e0c7 req-904a99c1-9c42-4732-ab35-f63bd0938f92 f6a72e99fdcf4ab28be5688f80b0e0b6 390d828748474e56a4770c63967b85c7 - - default default] 10.0.0.230 "GET /v2.0/quotas/390d828748474e56a4770c63967b85c7 HTTP/1.1" status: 200 len: 386 time: 0.0090792
2026-08-05 08:21:59.491 9 INFO neutron.wsgi [req-f438263d-d154-47ac-8f89-90657e58e0c7 req-0d0b3cce-b686-479e-8e2f-2ee983144e99 f6a72e99fdcf4ab28be5688f80b0e0b6 390d828748474e56a4770c63967b85c7 - - default default] 10.0.0.230 "GET /v2.0/ports?tenant_id=390d828748474e56a4770c63967b85c7&fields=id HTTP/1.1" status: 200 len: 302 time: 0.0857680
2026-08-05 08:21:59.591 9 INFO neutron.wsgi [req-f438263d-d154-47ac-8f89-90657e58e0c7 req-b2ddfacc-4caf-484e-9c41-e380f0a7573e e59f289152a74e91821ad11e46f41e18 e843fee6b96548a287d5e0b3e8691838 - - d532ca504b334c3eb24ac80fa6190aa3 d532ca504b334c3eb24ac80fa6190aa3] 10.0.0.230 "GET /v2.0/networks/4242ac4c-c7b1-419e-83fc-9348eaf7a553?fields=segments HTTP/1.1" status: 200 len: 212 time: 0.0866005
2026-08-05 08:21:59.625 10 INFO neutron.wsgi [req-8a9de892-8e49-40d0-b637-70688b73db5c req-610c3fc3-e09e-48d9-a28c-62a9be110520 c281b127e09d4130a2427085a5e3b87a 8b76230d48244506b6defa48c4f4c9fe - - default default] 10.0.0.230 "GET /v2.0/ports?device_id=86cf0a3c-6aa1-497e-9282-f26707bc36c9 HTTP/1.1" status: 200 len: 1174 time: 0.0429106
2026-08-05 08:21:59.626 9 INFO neutron.plugins.ml2.drivers.ovn.mech_driver.mech_driver [None req-6eeebc64-6083-4af1-b313-107984a94cb5 - - - - - -] OVN reports status down for port: ee4cfa31-f15d-4766-9822-67059a4e4e21
2026-08-05 08:21:59.670 10 INFO neutron.wsgi [req-8a9de892-8e49-40d0-b637-70688b73db5c req-07dad582-9321-45a5-bff8-1802882d7675 c281b127e09d4130a2427085a5e3b87a 8b76230d48244506b6defa48c4f4c9fe - - default default] 10.0.0.230 "GET /v2.0/security-groups?id=dccb3903-0d92-4299-913e-53c0a1a9d029&fields=id&fields=name HTTP/1.1" status: 200 len: 313 time: 0.0397704
2026-08-05 08:21:59.703 9 INFO neutron.wsgi [req-f438263d-d154-47ac-8f89-90657e58e0c7 req-a20d5847-9a33-4418-b4da-5fbe54502ffe e59f289152a74e91821ad11e46f41e18 e843fee6b96548a287d5e0b3e8691838 - - d532ca504b334c3eb24ac80fa6190aa3 d532ca504b334c3eb24ac80fa6190aa3] 10.0.0.230 "GET /v2.0/networks/4242ac4c-c7b1-419e-83fc-9348eaf7a553?fields=provider%3Aphysical_network&fields=provider%3Anetwork_type HTTP/1.1" status: 200 len: 277 time: 0.1037126
2026-08-05 08:21:59.709 9 INFO neutron.notifiers.nova [-] Nova event matching ['req-67de7073-c34b-4bd8-8dec-6738675e11e1'] response: {'server_uuid': '86cf0a3c-6aa1-497e-9282-f26707bc36c9', 'name': 'network-vif-plugged', 'status': 'completed', 'tag': 'ee4cfa31-f15d-4766-9822-67059a4e4e21', 'code': 200}
2026-08-05 08:21:59.709 9 INFO neutron.notifiers.nova [-] Nova event matching ['req-67de7073-c34b-4bd8-8dec-6738675e11e1'] response: {'name': 'network-changed', 'server_uuid': '86cf0a3c-6aa1-497e-9282-f26707bc36c9', 'tag': 'ee4cfa31-f15d-4766-9822-67059a4e4e21', 'status': 'completed', 'code': 200}
2026-08-05 08:21:59.786 10 INFO neutron.wsgi [req-c473ee55-339a-4f91-b261-79c7e499b704 req-33bc3749-4cc8-4ca4-9dec-5dbe6269b55e e59f289152a74e91821ad11e46f41e18 e843fee6b96548a287d5e0b3e8691838 - - d532ca504b334c3eb24ac80fa6190aa3 d532ca504b334c3eb24ac80fa6190aa3] 199.204.45.35 "GET /v2.0/ports?tenant_id=8b76230d48244506b6defa48c4f4c9fe&device_id=86cf0a3c-6aa1-497e-9282-f26707bc36c9 HTTP/1.1" status: 200 len: 1411 time: 0.0542281
2026-08-05 08:21:59.868 10 INFO neutron.wsgi [req-c473ee55-339a-4f91-b261-79c7e499b704 req-b6d2dc7a-d792-4481-8915-fb3b8cf34877 e59f289152a74e91821ad11e46f41e18 e843fee6b96548a287d5e0b3e8691838 - - d532ca504b334c3eb24ac80fa6190aa3 d532ca504b334c3eb24ac80fa6190aa3] 199.204.45.35 "GET /v2.0/networks?id=9e4b8d0f-047a-4a7e-9253-457b9e364f53 HTTP/1.1" status: 200 len: 973 time: 0.0718963
2026-08-05 08:21:59.927 10 INFO neutron.wsgi [req-c473ee55-339a-4f91-b261-79c7e499b704 req-dc069ddc-5dc4-4ee8-b774-f7ed14bfa13d e59f289152a74e91821ad11e46f41e18 e843fee6b96548a287d5e0b3e8691838 - - d532ca504b334c3eb24ac80fa6190aa3 d532ca504b334c3eb24ac80fa6190aa3] 199.204.45.35 "GET /v2.0/floatingips?fixed_ip_address=10.100.0.12&port_id=ee4cfa31-f15d-4766-9822-67059a4e4e21 HTTP/1.1" status: 200 len: 1058 time: 0.0513716
2026-08-05 08:21:59.974 9 INFO neutron.wsgi [req-a2c7730a-f93c-410e-9568-a315f2b51773 req-3921baf9-1d4c-499e-a5f6-ebb0272877df c281b127e09d4130a2427085a5e3b87a 8b76230d48244506b6defa48c4f4c9fe - - default default] 199.204.45.35 "GET /v2.0/ports?device_id=86cf0a3c-6aa1-497e-9282-f26707bc36c9 HTTP/1.1" status: 200 len: 1172 time: 0.0468926
2026-08-05 08:21:59.979 9 INFO neutron.db.ovn_revision_numbers_db [None req-6eeebc64-6083-4af1-b313-107984a94cb5 - - - - - -] Successfully bumped revision number for resource ee4cfa31-f15d-4766-9822-67059a4e4e21 (type: ports) to 5
2026-08-05 08:22:00.110 9 INFO neutron.wsgi [req-4b479857-cd1d-41a2-a231-4abebb192ca6 req-8457c24c-3692-40b9-89a5-bcec98d9dbe3 f6a72e99fdcf4ab28be5688f80b0e0b6 390d828748474e56a4770c63967b85c7 - - default default] 10.0.0.230 "GET /v2.0/ports?device_id=25f9c2a2-9b1b-48d4-929e-76af3602acb8 HTTP/1.1" status: 200 len: 210 time: 0.0400653
2026-08-05 08:22:00.141 10 INFO neutron.wsgi [req-7204b147-8e34-4a07-9f2f-56feee230d4d req-c30753eb-adc5-47aa-a838-057e2b9e4908 246ad7e3be4d44108feb6354b6279b69 2558d0c78f074c19a015a0d3983963f6 - - default default] 10.0.0.230 "GET /v2.0/ports?device_id=ddfcce69-381d-4a84-b612-61221c3caae8 HTTP/1.1" status: 200 len: 1174 time: 0.3026226
2026-08-05 08:22:00.159 10 INFO neutron.wsgi [req-c473ee55-339a-4f91-b261-79c7e499b704 req-0f46d9be-26d0-4ce9-b382-d79666f8743a e59f289152a74e91821ad11e46f41e18 e843fee6b96548a287d5e0b3e8691838 - - d532ca504b334c3eb24ac80fa6190aa3 d532ca504b334c3eb24ac80fa6190aa3] 199.204.45.35 "GET /v2.0/subnets?id=002a82b7-6cd5-421b-b97a-480c49aadbd7 HTTP/1.1" status: 200 len: 868 time: 0.2279568
2026-08-05 08:22:00.189 10 INFO neutron.wsgi [req-c473ee55-339a-4f91-b261-79c7e499b704 req-30388b3b-2f16-4497-92de-9ffaff21b7d2 e59f289152a74e91821ad11e46f41e18 e843fee6b96548a287d5e0b3e8691838 - - d532ca504b334c3eb24ac80fa6190aa3 d532ca504b334c3eb24ac80fa6190aa3] 199.204.45.35 "GET /v2.0/ports?network_id=9e4b8d0f-047a-4a7e-9253-457b9e364f53&device_owner=network%3Adhcp HTTP/1.1" status: 200 len: 210 time: 0.0216684 /var/lib/openstack/lib/python3.10/site-packages/pycadf/identifier.py:71: UserWarning: Invalid uuid: neutron. To ensure interoperability, identifiers should be a valid uuid. warnings.warn(('Invalid uuid: %s. To ensure interoperability, '
2026-08-05 08:22:00.259 10 INFO neutron.wsgi [req-c473ee55-339a-4f91-b261-79c7e499b704 req-05ea3b43-9ab3-4d19-a4db-d2af33b3a393 e59f289152a74e91821ad11e46f41e18 e843fee6b96548a287d5e0b3e8691838 - - d532ca504b334c3eb24ac80fa6190aa3 d532ca504b334c3eb24ac80fa6190aa3] 199.204.45.35 "GET /v2.0/networks/9e4b8d0f-047a-4a7e-9253-457b9e364f53?fields=segments HTTP/1.1" status: 200 len: 212 time: 0.0642474
2026-08-05 08:22:00.326 9 INFO neutron.wsgi [req-bd5bb849-3581-410f-9c53-7ed5b24f386b req-e1be4324-d21e-40d9-b09a-d50aa4e36c84 246ad7e3be4d44108feb6354b6279b69 2558d0c78f074c19a015a0d3983963f6 - - default default] 10.0.0.230 "GET /v2.0/ports/98f52801-a633-415c-ab89-3061072ec05f HTTP/1.1" status: 200 len: 1171 time: 0.1303351
2026-08-05 08:22:00.333 10 INFO neutron.wsgi [req-c473ee55-339a-4f91-b261-79c7e499b704 req-d6d678b5-84fa-4171-8050-24223dffe6f0 e59f289152a74e91821ad11e46f41e18 e843fee6b96548a287d5e0b3e8691838 - - d532ca504b334c3eb24ac80fa6190aa3 d532ca504b334c3eb24ac80fa6190aa3] 199.204.45.35 "GET /v2.0/networks/9e4b8d0f-047a-4a7e-9253-457b9e364f53?fields=provider%3Aphysical_network&fields=provider%3Anetwork_type HTTP/1.1" status: 200 len: 277 time: 0.0635605
2026-08-05 08:22:00.564 10 INFO neutron.wsgi [req-54120cec-f998-4765-a646-9e4690e1c7e9 req-0493a04a-bf27-4309-ac8a-d991822ecdfc 246ad7e3be4d44108feb6354b6279b69 2558d0c78f074c19a015a0d3983963f6 - - default default] 199.204.45.35 "GET /v2.0/subnets?network_id=413ef3ec-0748-4883-a96a-aba919dcfd7e HTTP/1.1" status: 200 len: 858 time: 0.0702353
2026-08-05 08:22:00.638 10 INFO neutron.wsgi [req-54120cec-f998-4765-a646-9e4690e1c7e9 req-c154829e-422e-4ba8-af43-895e6670f736 246ad7e3be4d44108feb6354b6279b69 2558d0c78f074c19a015a0d3983963f6 - - default default] 199.204.45.35 "GET /v2.0/ports?device_id=ddfcce69-381d-4a84-b612-61221c3caae8&device_owner=compute%3Anova&network_id=413ef3ec-0748-4883-a96a-aba919dcfd7e HTTP/1.1" status: 200 len: 1174 time: 0.0650346
2026-08-05 08:22:00.652 9 INFO neutron.db.l3_db [req-a2c7730a-f93c-410e-9568-a315f2b51773 req-030c1d65-5964-408e-b774-7ad1da1eabe8 c281b127e09d4130a2427085a5e3b87a 8b76230d48244506b6defa48c4f4c9fe - - default default] Floating IP b3242762-aaea-4b76-bbb3-05ea98cfaecd disassociated. External IP: 10.96.250.207, port: ee4cfa31-f15d-4766-9822-67059a4e4e21.
2026-08-05 08:22:00.807 9 INFO neutron.wsgi [req-29699593-0bfb-4caa-8df0-07807697d1d8 req-03319557-31c7-408b-99cb-fd0a2622161c c281b127e09d4130a2427085a5e3b87a 8b76230d48244506b6defa48c4f4c9fe - - default default] 10.0.0.230 "GET /v2.0/ports?device_id=86cf0a3c-6aa1-497e-9282-f26707bc36c9 HTTP/1.1" status: 200 len: 1172 time: 0.0644140
2026-08-05 08:22:00.867 9 INFO neutron.wsgi [req-29699593-0bfb-4caa-8df0-07807697d1d8 req-0ba16839-18a7-4ead-bf36-bee76838bfae c281b127e09d4130a2427085a5e3b87a 8b76230d48244506b6defa48c4f4c9fe - - default default] 10.0.0.230 "GET /v2.0/security-groups?id=dccb3903-0d92-4299-913e-53c0a1a9d029&fields=id&fields=name HTTP/1.1" status: 200 len: 313 time: 0.0522690
2026-08-05 08:22:00.880 9 INFO neutron.wsgi [req-a2c7730a-f93c-410e-9568-a315f2b51773 req-030c1d65-5964-408e-b774-7ad1da1eabe8 c281b127e09d4130a2427085a5e3b87a 8b76230d48244506b6defa48c4f4c9fe - - default default] 199.204.45.35 "DELETE /v2.0/ports/ee4cfa31-f15d-4766-9822-67059a4e4e21 HTTP/1.1" status: 204 len: 173 time: 0.8973806
2026-08-05 08:22:01.107 9 INFO neutron.wsgi [req-f438263d-d154-47ac-8f89-90657e58e0c7 req-39e152ce-6ab7-4e3d-908e-c0bb534704a7 f6a72e99fdcf4ab28be5688f80b0e0b6 390d828748474e56a4770c63967b85c7 - - default default] 199.204.45.35 "GET /v2.0/networks?id=4242ac4c-c7b1-419e-83fc-9348eaf7a553 HTTP/1.1" status: 200 len: 878 time: 0.1042159
2026-08-05 08:22:01.161 9 INFO neutron.wsgi [req-f438263d-d154-47ac-8f89-90657e58e0c7 req-8c8a417c-9b72-4f5c-854b-ad202ef62741 f6a72e99fdcf4ab28be5688f80b0e0b6 390d828748474e56a4770c63967b85c7 - - default default] 199.204.45.35 "GET /v2.0/security-groups?fields=id&fields=name&tenant_id=390d828748474e56a4770c63967b85c7 HTTP/1.1" status: 200 len: 380 time: 0.0457280 /var/lib/openstack/lib/python3.10/site-packages/pycadf/identifier.py:71: UserWarning: Invalid uuid: neutron. To ensure interoperability, identifiers should be a valid uuid. warnings.warn(('Invalid uuid: %s. To ensure interoperability, '
2026-08-05 08:22:01.239 10 INFO neutron.wsgi [req-d6c623a3-3f19-472b-b698-f90e5175e09d req-191ed4d8-679d-45c5-b623-c138052edc48 f6a72e99fdcf4ab28be5688f80b0e0b6 390d828748474e56a4770c63967b85c7 - - default default] 10.0.0.230 "GET /v2.0/ports?device_id=25f9c2a2-9b1b-48d4-929e-76af3602acb8 HTTP/1.1" status: 200 len: 210 time: 0.0398111
2026-08-05 08:22:01.366 10 INFO neutron.db.ovn_revision_numbers_db [req-54120cec-f998-4765-a646-9e4690e1c7e9 req-240095e3-befd-46e5-bf56-8e8550919dd9 246ad7e3be4d44108feb6354b6279b69 2558d0c78f074c19a015a0d3983963f6 - - default default] Successfully bumped revision number for resource 98f52801-a633-415c-ab89-3061072ec05f (type: ports) to 5
2026-08-05 08:22:01.379 10 INFO neutron.wsgi [req-54120cec-f998-4765-a646-9e4690e1c7e9 req-240095e3-befd-46e5-bf56-8e8550919dd9 246ad7e3be4d44108feb6354b6279b69 2558d0c78f074c19a015a0d3983963f6 - - default default] 199.204.45.35 "PUT /v2.0/ports/98f52801-a633-415c-ab89-3061072ec05f HTTP/1.1" status: 200 len: 1349 time: 0.7380610
2026-08-05 08:22:01.424 10 INFO neutron.notifiers.nova [-] Nova event matching ['req-0329f80a-4626-41ba-b0df-d921ff9b0ad7'] response: {'name': 'network-changed', 'server_uuid': 'ddfcce69-381d-4a84-b612-61221c3caae8', 'tag': '98f52801-a633-415c-ab89-3061072ec05f', 'status': 'completed', 'code': 200}
2026-08-05 08:22:01.449 10 INFO neutron.wsgi [req-54120cec-f998-4765-a646-9e4690e1c7e9 req-619a5ee1-857e-4cf0-bb92-f3d442d0557c e59f289152a74e91821ad11e46f41e18 e843fee6b96548a287d5e0b3e8691838 - - d532ca504b334c3eb24ac80fa6190aa3 d532ca504b334c3eb24ac80fa6190aa3] 199.204.45.35 "GET /v2.0/ports?tenant_id=2558d0c78f074c19a015a0d3983963f6&device_id=ddfcce69-381d-4a84-b612-61221c3caae8 HTTP/1.1" status: 200 len: 1590 time: 0.0413744
2026-08-05 08:22:01.616 9 WARNING neutron.scheduler.dhcp_agent_scheduler [req-f438263d-d154-47ac-8f89-90657e58e0c7 req-221b349e-45b1-4cb4-aa67-529ea70600c9 f6a72e99fdcf4ab28be5688f80b0e0b6 390d828748474e56a4770c63967b85c7 - - default default] No more DHCP agents
2026-08-05 08:22:01.618 9 WARNING neutron.api.rpc.agentnotifiers.dhcp_rpc_agent_api [req-f438263d-d154-47ac-8f89-90657e58e0c7 req-221b349e-45b1-4cb4-aa67-529ea70600c9 f6a72e99fdcf4ab28be5688f80b0e0b6 390d828748474e56a4770c63967b85c7 - - default default] Unable to schedule network 4242ac4c-c7b1-419e-83fc-9348eaf7a553: no agents available; will retry on subsequent port and subnet creation events.
2026-08-05 08:22:01.674 10 INFO neutron.wsgi [req-54120cec-f998-4765-a646-9e4690e1c7e9 req-8f6c2161-cc3a-4725-9f3b-cf015b6d9fc8 e59f289152a74e91821ad11e46f41e18 e843fee6b96548a287d5e0b3e8691838 - - d532ca504b334c3eb24ac80fa6190aa3 d532ca504b334c3eb24ac80fa6190aa3] 199.204.45.35 "GET /v2.0/networks?id=413ef3ec-0748-4883-a96a-aba919dcfd7e HTTP/1.1" status: 200 len: 981 time: 0.0806334
2026-08-05 08:22:01.731 10 INFO neutron.wsgi [req-54120cec-f998-4765-a646-9e4690e1c7e9 req-78d30b12-5c7a-4c9b-860b-37f8f624139b e59f289152a74e91821ad11e46f41e18 e843fee6b96548a287d5e0b3e8691838 - - d532ca504b334c3eb24ac80fa6190aa3 d532ca504b334c3eb24ac80fa6190aa3] 199.204.45.35 "GET /v2.0/floatingips?fixed_ip_address=10.100.0.11&port_id=98f52801-a633-415c-ab89-3061072ec05f HTTP/1.1" status: 200 len: 1060 time: 0.0495570
2026-08-05 08:22:01.749 9 INFO neutron.notifiers.nova [-] Nova event matching ['req-310992c2-f3c9-4748-ad6a-04e39da520c5'] response: {'server_uuid': '86cf0a3c-6aa1-497e-9282-f26707bc36c9', 'name': 'network-vif-unplugged', 'status': 'completed', 'tag': 'ee4cfa31-f15d-4766-9822-67059a4e4e21', 'code': 200}
2026-08-05 08:22:01.749 9 INFO neutron.notifiers.nova [-] Nova event matching ['req-310992c2-f3c9-4748-ad6a-04e39da520c5'] response: {'server_uuid': '86cf0a3c-6aa1-497e-9282-f26707bc36c9', 'name': 'network-vif-plugged', 'status': 'completed', 'tag': 'ee4cfa31-f15d-4766-9822-67059a4e4e21', 'code': 200}
2026-08-05 08:22:01.752 9 INFO neutron.notifiers.nova [-] Nova event matching ['req-310992c2-f3c9-4748-ad6a-04e39da520c5'] response: {'server_uuid': '86cf0a3c-6aa1-497e-9282-f26707bc36c9', 'name': 'network-vif-deleted', 'tag': 'ee4cfa31-f15d-4766-9822-67059a4e4e21', 'status': 'completed', 'code': 200}
2026-08-05 08:22:01.778 10 INFO neutron.wsgi [req-54120cec-f998-4765-a646-9e4690e1c7e9 req-b6d5b32e-5fd8-4210-bfd3-b27ab7ba0eb6 e59f289152a74e91821ad11e46f41e18 e843fee6b96548a287d5e0b3e8691838 - - d532ca504b334c3eb24ac80fa6190aa3 d532ca504b334c3eb24ac80fa6190aa3] 199.204.45.35 "GET /v2.0/floatingips?fixed_ip_address=10.100.0.6&port_id=98f52801-a633-415c-ab89-3061072ec05f HTTP/1.1" status: 200 len: 217 time: 0.0399449
2026-08-05 08:22:01.789 9 INFO neutron.db.ovn_revision_numbers_db [req-f438263d-d154-47ac-8f89-90657e58e0c7 req-221b349e-45b1-4cb4-aa67-529ea70600c9 f6a72e99fdcf4ab28be5688f80b0e0b6 390d828748474e56a4770c63967b85c7 - - default default] Successfully bumped revision number for resource 30af0643-13fe-4d85-a5a8-74b3aa2063ee (type: ports) to 1
2026-08-05 08:22:01.814 9 INFO neutron.wsgi [req-f438263d-d154-47ac-8f89-90657e58e0c7 req-221b349e-45b1-4cb4-aa67-529ea70600c9 f6a72e99fdcf4ab28be5688f80b0e0b6 390d828748474e56a4770c63967b85c7 - - default default] 199.204.45.35 "POST /v2.0/ports HTTP/1.1" status: 201 len: 1158 time: 0.6394594
2026-08-05 08:22:01.825 10 INFO neutron.wsgi [req-54120cec-f998-4765-a646-9e4690e1c7e9 req-7bfc1e72-e714-4748-a9bc-fd00c13ba367 e59f289152a74e91821ad11e46f41e18 e843fee6b96548a287d5e0b3e8691838 - - d532ca504b334c3eb24ac80fa6190aa3 d532ca504b334c3eb24ac80fa6190aa3] 199.204.45.35 "GET /v2.0/subnets?id=078e3c65-59f6-41e7-9be5-8c992bd4245a HTTP/1.1" status: 200 len: 876 time: 0.0408568 /var/lib/openstack/lib/python3.10/site-packages/pycadf/identifier.py:71: UserWarning: Invalid uuid: neutron. To ensure interoperability, identifiers should be a valid uuid. warnings.warn(('Invalid uuid: %s. To ensure interoperability, '
2026-08-05 08:22:01.854 10 INFO neutron.wsgi [req-54120cec-f998-4765-a646-9e4690e1c7e9 req-5f8d4a53-9e90-4383-85cc-45b4ef49edf0 e59f289152a74e91821ad11e46f41e18 e843fee6b96548a287d5e0b3e8691838 - - d532ca504b334c3eb24ac80fa6190aa3 d532ca504b334c3eb24ac80fa6190aa3] 199.204.45.35 "GET /v2.0/ports?network_id=413ef3ec-0748-4883-a96a-aba919dcfd7e&device_owner=network%3Adhcp HTTP/1.1" status: 200 len: 210 time: 0.0235682
2026-08-05 08:22:01.924 10 INFO neutron.wsgi [req-54120cec-f998-4765-a646-9e4690e1c7e9 req-cf2172e7-352b-40e9-a3da-6820db397d3e e59f289152a74e91821ad11e46f41e18 e843fee6b96548a287d5e0b3e8691838 - - d532ca504b334c3eb24ac80fa6190aa3 d532ca504b334c3eb24ac80fa6190aa3] 199.204.45.35 "GET /v2.0/networks/413ef3ec-0748-4883-a96a-aba919dcfd7e?fields=segments HTTP/1.1" status: 200 len: 212 time: 0.0641940
2026-08-05 08:22:02.025 10 INFO neutron.wsgi [req-54120cec-f998-4765-a646-9e4690e1c7e9 req-d4b34c76-32f7-4a41-a7ab-d252c84d91b7 e59f289152a74e91821ad11e46f41e18 e843fee6b96548a287d5e0b3e8691838 - - d532ca504b334c3eb24ac80fa6190aa3 d532ca504b334c3eb24ac80fa6190aa3] 199.204.45.35 "GET /v2.0/networks/413ef3ec-0748-4883-a96a-aba919dcfd7e?fields=provider%3Aphysical_network&fields=provider%3Anetwork_type HTTP/1.1" status: 200 len: 277 time: 0.0923059
2026-08-05 08:22:02.114 10 INFO neutron.wsgi [req-b16fc2a6-7a56-4943-8ec1-2c35812b6892 req-ff968ea9-3585-4ea3-ade1-33198d051aee e59f289152a74e91821ad11e46f41e18 e843fee6b96548a287d5e0b3e8691838 - - d532ca504b334c3eb24ac80fa6190aa3 d532ca504b334c3eb24ac80fa6190aa3] 199.204.45.35 "GET /v2.0/ports?tenant_id=2558d0c78f074c19a015a0d3983963f6&device_id=ddfcce69-381d-4a84-b612-61221c3caae8 HTTP/1.1" status: 200 len: 1590 time: 0.0429866
2026-08-05 08:22:02.173 9 INFO neutron.wsgi [None req-ea2c6a9c-4074-4db9-ae41-f873b2a23e76 c281b127e09d4130a2427085a5e3b87a 8b76230d48244506b6defa48c4f4c9fe - - default default] 10.0.0.211 "DELETE /v2.0/security-groups/dccb3903-0d92-4299-913e-53c0a1a9d029 HTTP/1.1" status: 204 len: 168 time: 0.1963613
2026-08-05 08:22:02.181 10 INFO neutron.wsgi [req-b16fc2a6-7a56-4943-8ec1-2c35812b6892 req-dc91ccc6-054e-406b-b14c-4049b169b0df e59f289152a74e91821ad11e46f41e18 e843fee6b96548a287d5e0b3e8691838 - - d532ca504b334c3eb24ac80fa6190aa3 d532ca504b334c3eb24ac80fa6190aa3] 199.204.45.35 "GET /v2.0/networks?id=413ef3ec-0748-4883-a96a-aba919dcfd7e HTTP/1.1" status: 200 len: 981 time: 0.0626676
2026-08-05 08:22:02.194 10 INFO neutron.api.v2.resource [None req-0d077a81-e7af-49a4-80d8-24adabdf7db9 c281b127e09d4130a2427085a5e3b87a 8b76230d48244506b6defa48c4f4c9fe - - default default] show failed (client error): The resource could not be found.
2026-08-05 08:22:02.195 10 INFO neutron.wsgi [None req-0d077a81-e7af-49a4-80d8-24adabdf7db9 c281b127e09d4130a2427085a5e3b87a 8b76230d48244506b6defa48c4f4c9fe - - default default] 10.0.0.211 "GET /v2.0/security-groups/dccb3903-0d92-4299-913e-53c0a1a9d029 HTTP/1.1" status: 404 len: 347 time: 0.0170639 /var/lib/openstack/lib/python3.10/site-packages/pycadf/identifier.py:71: UserWarning: Invalid uuid: neutron. To ensure interoperability, identifiers should be a valid uuid. warnings.warn(('Invalid uuid: %s. To ensure interoperability, '
2026-08-05 08:22:02.226 10 INFO neutron.wsgi [req-b16fc2a6-7a56-4943-8ec1-2c35812b6892 req-40098b59-e60f-48ae-af71-682151a44b22 e59f289152a74e91821ad11e46f41e18 e843fee6b96548a287d5e0b3e8691838 - - d532ca504b334c3eb24ac80fa6190aa3 d532ca504b334c3eb24ac80fa6190aa3] 199.204.45.35 "GET /v2.0/floatingips?fixed_ip_address=10.100.0.11&port_id=98f52801-a633-415c-ab89-3061072ec05f HTTP/1.1" status: 200 len: 1060 time: 0.0396829
2026-08-05 08:22:02.253 10 INFO neutron.wsgi [req-b16fc2a6-7a56-4943-8ec1-2c35812b6892 req-168b52f5-92b7-44b9-a42f-61cfb4d74228 e59f289152a74e91821ad11e46f41e18 e843fee6b96548a287d5e0b3e8691838 - - d532ca504b334c3eb24ac80fa6190aa3 d532ca504b334c3eb24ac80fa6190aa3] 199.204.45.35 "GET /v2.0/floatingips?fixed_ip_address=10.100.0.6&port_id=98f52801-a633-415c-ab89-3061072ec05f HTTP/1.1" status: 200 len: 217 time: 0.0223775
2026-08-05 08:22:02.299 10 INFO neutron.wsgi [req-b16fc2a6-7a56-4943-8ec1-2c35812b6892 req-b3e70c53-d6d6-4320-b4ee-8061a1b7a376 e59f289152a74e91821ad11e46f41e18 e843fee6b96548a287d5e0b3e8691838 - - d532ca504b334c3eb24ac80fa6190aa3 d532ca504b334c3eb24ac80fa6190aa3] 199.204.45.35 "GET /v2.0/subnets?id=078e3c65-59f6-41e7-9be5-8c992bd4245a HTTP/1.1" status: 200 len: 876 time: 0.0405722
2026-08-05 08:22:02.328 10 INFO neutron.wsgi [req-b16fc2a6-7a56-4943-8ec1-2c35812b6892 req-f7026b3a-1171-4057-a805-5a32c2185ec5 e59f289152a74e91821ad11e46f41e18 e843fee6b96548a287d5e0b3e8691838 - - d532ca504b334c3eb24ac80fa6190aa3 d532ca504b334c3eb24ac80fa6190aa3] 199.204.45.35 "GET /v2.0/ports?network_id=413ef3ec-0748-4883-a96a-aba919dcfd7e&device_owner=network%3Adhcp HTTP/1.1" status: 200 len: 210 time: 0.0241153
2026-08-05 08:22:02.347 9 INFO neutron.db.ovn_revision_numbers_db [req-f438263d-d154-47ac-8f89-90657e58e0c7 req-221679a9-8d7d-4f30-89dc-9b77faaf4d93 e59f289152a74e91821ad11e46f41e18 e843fee6b96548a287d5e0b3e8691838 - - d532ca504b334c3eb24ac80fa6190aa3 d532ca504b334c3eb24ac80fa6190aa3] Successfully bumped revision number for resource 30af0643-13fe-4d85-a5a8-74b3aa2063ee (type: ports) to 2
2026-08-05 08:22:02.361 9 INFO neutron.wsgi [req-2cfcc0ab-b9a4-43ab-bb5d-f9410ada0ced req-30aa2d85-be01-4d87-b985-55c8b6fc0785 f6a72e99fdcf4ab28be5688f80b0e0b6 390d828748474e56a4770c63967b85c7 - - default default] 10.0.0.230 "GET /v2.0/ports?device_id=25f9c2a2-9b1b-48d4-929e-76af3602acb8 HTTP/1.1" status: 200 len: 1168 time: 0.0509121
2026-08-05 08:22:02.415 10 INFO neutron.wsgi [req-b16fc2a6-7a56-4943-8ec1-2c35812b6892 req-a2c92939-259e-4be1-b118-9dc3949d3243 e59f289152a74e91821ad11e46f41e18 e843fee6b96548a287d5e0b3e8691838 - - d532ca504b334c3eb24ac80fa6190aa3 d532ca504b334c3eb24ac80fa6190aa3] 199.204.45.35 "GET /v2.0/networks/413ef3ec-0748-4883-a96a-aba919dcfd7e?fields=segments HTTP/1.1" status: 200 len: 212 time: 0.0806472
2026-08-05 08:22:02.443 9 INFO neutron.wsgi [req-2cfcc0ab-b9a4-43ab-bb5d-f9410ada0ced req-50e89888-e979-4c62-8dbb-f61a55f1ce94 f6a72e99fdcf4ab28be5688f80b0e0b6 390d828748474e56a4770c63967b85c7 - - default default] 10.0.0.230 "GET /v2.0/security-groups?id=f1d094c4-9d10-4397-ab1f-8c503bd7d9c7&fields=id&fields=name HTTP/1.1" status: 200 len: 313 time: 0.0736971
2026-08-05 08:22:02.487 10 INFO neutron.wsgi [req-b16fc2a6-7a56-4943-8ec1-2c35812b6892 req-2b875348-7093-425a-b650-57ca531d4ea0 e59f289152a74e91821ad11e46f41e18 e843fee6b96548a287d5e0b3e8691838 - - d532ca504b334c3eb24ac80fa6190aa3 d532ca504b334c3eb24ac80fa6190aa3] 199.204.45.35 "GET /v2.0/networks/413ef3ec-0748-4883-a96a-aba919dcfd7e?fields=provider%3Aphysical_network&fields=provider%3Anetwork_type HTTP/1.1" status: 200 len: 277 time: 0.0596609
2026-08-05 08:22:02.661 9 INFO neutron.wsgi [req-cc14cae8-f460-4d20-afee-116505087791 req-fbf23802-f467-47b5-a0b1-fdf11d2c376f 246ad7e3be4d44108feb6354b6279b69 2558d0c78f074c19a015a0d3983963f6 - - default default] 10.0.0.230 "GET /v2.0/ports?device_id=ddfcce69-381d-4a84-b612-61221c3caae8 HTTP/1.1" status: 200 len: 1352 time: 0.0339496
2026-08-05 08:22:02.709 9 INFO neutron.wsgi [req-cc14cae8-f460-4d20-afee-116505087791 req-0d7d0630-5d81-479c-80e8-840946debfc7 246ad7e3be4d44108feb6354b6279b69 2558d0c78f074c19a015a0d3983963f6 - - default default] 10.0.0.230 "GET /v2.0/security-groups?id=7eafd44b-5de0-41d1-bd20-326143eede76&fields=id&fields=name HTTP/1.1" status: 200 len: 312 time: 0.0391350
2026-08-05 08:22:02.870 10 INFO neutron.wsgi [req-796f50b1-0774-4863-8c51-01693f7fc104 req-33297e8a-6cbd-4285-b039-a824076e248f 246ad7e3be4d44108feb6354b6279b69 2558d0c78f074c19a015a0d3983963f6 - - default default] 199.204.45.35 "GET /v2.0/ports?device_id=ddfcce69-381d-4a84-b612-61221c3caae8&device_owner=compute%3Anova&fixed_ips=ip_address%3D10.100.0.6 HTTP/1.1" status: 200 len: 1352 time: 0.0647538
2026-08-05 08:22:02.996 9 INFO neutron.db.ovn_revision_numbers_db [req-f438263d-d154-47ac-8f89-90657e58e0c7 req-221679a9-8d7d-4f30-89dc-9b77faaf4d93 e59f289152a74e91821ad11e46f41e18 e843fee6b96548a287d5e0b3e8691838 - - d532ca504b334c3eb24ac80fa6190aa3 d532ca504b334c3eb24ac80fa6190aa3] Successfully bumped revision number for resource 30af0643-13fe-4d85-a5a8-74b3aa2063ee (type: ports) to 2
2026-08-05 08:22:03.015 9 INFO neutron.wsgi [req-f438263d-d154-47ac-8f89-90657e58e0c7 req-221679a9-8d7d-4f30-89dc-9b77faaf4d93 e59f289152a74e91821ad11e46f41e18 e843fee6b96548a287d5e0b3e8691838 - - d532ca504b334c3eb24ac80fa6190aa3 d532ca504b334c3eb24ac80fa6190aa3] 199.204.45.35 "PUT /v2.0/ports/30af0643-13fe-4d85-a5a8-74b3aa2063ee HTTP/1.1" status: 200 len: 1376 time: 1.1924286
2026-08-05 08:22:03.462 10 INFO neutron.wsgi [req-7a3cfea7-b6ac-4327-b7f1-d7d6734ff66a req-b79c58ce-834d-4f5f-80c3-918a9448c673 ae2ed9c45efc469da29d8718be328089 03645ab985c74fcc8f28585fb819db3f - - default default] 10.0.0.230 "GET /v2.0/ports?device_id=b8b09951-b967-4442-a021-cd88dd9ba553 HTTP/1.1" status: 200 len: 1174 time: 0.0927582
2026-08-05 08:22:03.510 10 INFO neutron.wsgi [req-7a3cfea7-b6ac-4327-b7f1-d7d6734ff66a req-e5806d21-7681-4a33-9dac-e783d8e47ad6 ae2ed9c45efc469da29d8718be328089 03645ab985c74fcc8f28585fb819db3f - - default default] 10.0.0.230 "GET /v2.0/security-groups?id=32af8d2c-5a38-440a-be19-2bbec28a6f8b&fields=id&fields=name HTTP/1.1" status: 200 len: 313 time: 0.0387268 /var/lib/openstack/lib/python3.10/site-packages/pycadf/identifier.py:71: UserWarning: Invalid uuid: neutron. To ensure interoperability, identifiers should be a valid uuid. warnings.warn(('Invalid uuid: %s. To ensure interoperability, '
2026-08-05 08:22:03.548 9 INFO neutron.wsgi [req-be1c3956-0c1b-498e-9a1f-937bf01b23f5 req-cb12ed47-b305-4636-91fd-ab5d9821292e f6a72e99fdcf4ab28be5688f80b0e0b6 390d828748474e56a4770c63967b85c7 - - default default] 10.0.0.230 "GET /v2.0/ports?device_id=25f9c2a2-9b1b-48d4-929e-76af3602acb8 HTTP/1.1" status: 200 len: 1168 time: 0.0398836
2026-08-05 08:22:03.617 9 INFO neutron.wsgi [req-be1c3956-0c1b-498e-9a1f-937bf01b23f5 req-896e1b5a-0127-475c-9021-c8ebdc25000c f6a72e99fdcf4ab28be5688f80b0e0b6 390d828748474e56a4770c63967b85c7 - - default default] 10.0.0.230 "GET /v2.0/security-groups?id=f1d094c4-9d10-4397-ab1f-8c503bd7d9c7&fields=id&fields=name HTTP/1.1" status: 200 len: 313 time: 0.0589077
2026-08-05 08:22:03.642 10 INFO neutron.wsgi [req-11cceae1-dabc-4499-816b-c52ddf745712 req-22f32527-f4b2-40f8-a7df-f541f6a385c6 ae2ed9c45efc469da29d8718be328089 03645ab985c74fcc8f28585fb819db3f - - default default] 10.0.0.230 "GET /v2.0/ports?device_id=b8b09951-b967-4442-a021-cd88dd9ba553 HTTP/1.1" status: 200 len: 1174 time: 0.0510011
2026-08-05 08:22:03.685 10 INFO neutron.wsgi [req-11cceae1-dabc-4499-816b-c52ddf745712 req-73a87fb6-063a-48fd-9374-33d4c0b40772 ae2ed9c45efc469da29d8718be328089 03645ab985c74fcc8f28585fb819db3f - - default default] 10.0.0.230 "GET /v2.0/security-groups?id=32af8d2c-5a38-440a-be19-2bbec28a6f8b&fields=id&fields=name HTTP/1.1" status: 200 len: 313 time: 0.0396132
2026-08-05 08:22:03.798 9 INFO neutron.notifiers.nova [-] Nova event matching ['req-0675694a-b87c-42b7-ace7-5cdcd3c86b90'] response: {'name': 'network-changed', 'server_uuid': '25f9c2a2-9b1b-48d4-929e-76af3602acb8', 'tag': '30af0643-13fe-4d85-a5a8-74b3aa2063ee', 'status': 'completed', 'code': 200}
2026-08-05 08:22:03.873 9 INFO neutron.wsgi [req-f438263d-d154-47ac-8f89-90657e58e0c7 req-750f75ec-e4d8-4a27-9c59-e1abcc03de93 e59f289152a74e91821ad11e46f41e18 e843fee6b96548a287d5e0b3e8691838 - - d532ca504b334c3eb24ac80fa6190aa3 d532ca504b334c3eb24ac80fa6190aa3] 199.204.45.35 "GET /v2.0/ports?tenant_id=390d828748474e56a4770c63967b85c7&device_id=25f9c2a2-9b1b-48d4-929e-76af3602acb8 HTTP/1.1" status: 200 len: 1407 time: 0.0606956
2026-08-05 08:22:03.903 9 INFO neutron.wsgi [req-f438263d-d154-47ac-8f89-90657e58e0c7 req-971244b1-dcf5-462d-9ef3-ce3b8684abef e59f289152a74e91821ad11e46f41e18 e843fee6b96548a287d5e0b3e8691838 - - d532ca504b334c3eb24ac80fa6190aa3 d532ca504b334c3eb24ac80fa6190aa3] 199.204.45.35 "GET /v2.0/floatingips?fixed_ip_address=10.100.0.9&port_id=30af0643-13fe-4d85-a5a8-74b3aa2063ee HTTP/1.1" status: 200 len: 217 time: 0.0207353
2026-08-05 08:22:03.949 9 INFO neutron.wsgi [req-f438263d-d154-47ac-8f89-90657e58e0c7 req-785d97a7-3ba8-42a1-9f64-e2325ac8cb33 e59f289152a74e91821ad11e46f41e18 e843fee6b96548a287d5e0b3e8691838 - - d532ca504b334c3eb24ac80fa6190aa3 d532ca504b334c3eb24ac80fa6190aa3] 199.204.45.35 "GET /v2.0/subnets?id=074e2bdc-5438-4d7f-b957-e750afda33da HTTP/1.1" status: 200 len: 872 time: 0.0385997
2026-08-05 08:22:03.980 9 INFO neutron.wsgi [req-f438263d-d154-47ac-8f89-90657e58e0c7 req-4e89c30b-87a3-4767-9749-09dc92bf329d e59f289152a74e91821ad11e46f41e18 e843fee6b96548a287d5e0b3e8691838 - - d532ca504b334c3eb24ac80fa6190aa3 d532ca504b334c3eb24ac80fa6190aa3] 199.204.45.35 "GET /v2.0/ports?network_id=4242ac4c-c7b1-419e-83fc-9348eaf7a553&device_owner=network%3Adhcp HTTP/1.1" status: 200 len: 210 time: 0.0223022
2026-08-05 08:22:04.060 9 INFO neutron.wsgi [req-f438263d-d154-47ac-8f89-90657e58e0c7 req-0b724f47-034e-478c-b17e-4bc5082e58f0 e59f289152a74e91821ad11e46f41e18 e843fee6b96548a287d5e0b3e8691838 - - d532ca504b334c3eb24ac80fa6190aa3 d532ca504b334c3eb24ac80fa6190aa3] 199.204.45.35 "GET /v2.0/networks/4242ac4c-c7b1-419e-83fc-9348eaf7a553?fields=segments HTTP/1.1" status: 200 len: 212 time: 0.0674911
2026-08-05 08:22:04.144 9 INFO neutron.wsgi [req-f438263d-d154-47ac-8f89-90657e58e0c7 req-0434f16c-463d-413c-b40e-0c09167007ac e59f289152a74e91821ad11e46f41e18 e843fee6b96548a287d5e0b3e8691838 - - d532ca504b334c3eb24ac80fa6190aa3 d532ca504b334c3eb24ac80fa6190aa3] 199.204.45.35 "GET /v2.0/networks/4242ac4c-c7b1-419e-83fc-9348eaf7a553?fields=provider%3Aphysical_network&fields=provider%3Anetwork_type HTTP/1.1" status: 200 len: 277 time: 0.0768571
2026-08-05 08:22:04.144 10 INFO neutron.wsgi [-] 10.0.0.69 "GET / HTTP/1.1" status: 200 len: 245 time: 0.0046623
2026-08-05 08:22:04.148 10 INFO neutron.wsgi [-] 10.0.0.69 "GET / HTTP/1.1" status: 200 len: 245 time: 0.0027621
2026-08-05 08:22:04.750 10 INFO neutron.db.ovn_revision_numbers_db [req-796f50b1-0774-4863-8c51-01693f7fc104 req-c4958941-5409-4792-b8a3-a066c0b8f826 246ad7e3be4d44108feb6354b6279b69 2558d0c78f074c19a015a0d3983963f6 - - default default] Successfully bumped revision number for resource 98f52801-a633-415c-ab89-3061072ec05f (type: ports) to 6
2026-08-05 08:22:04.756 9 INFO neutron.wsgi [None req-1050f3ff-88fe-465f-b237-0eaa87b948a3 c281b127e09d4130a2427085a5e3b87a 8b76230d48244506b6defa48c4f4c9fe - - default default] 10.0.0.211 "DELETE /v2.0/floatingips/b3242762-aaea-4b76-bbb3-05ea98cfaecd HTTP/1.1" status: 204 len: 168 time: 2.5570455
