2026-08-05 08:25:57.202 10 INFO neutron.db.ovn_revision_numbers_db [None req-0e980ee1-5895-4df6-bf32-0a18434a0327 bad9087eb07a46fcaa754ad35477751f f9a2e9ff2e834de9970cd1125ab30f77 - - default default] Successfully bumped revision number for resource 052b59f7-3bdd-4288-a923-ceacae95a430 (type: security_group_rules) to 0
2026-08-05 08:25:57.239 10 INFO neutron.db.ovn_revision_numbers_db [None req-0e980ee1-5895-4df6-bf32-0a18434a0327 bad9087eb07a46fcaa754ad35477751f f9a2e9ff2e834de9970cd1125ab30f77 - - default default] Successfully bumped revision number for resource 191c10f7-f2d2-47c6-9e59-3dd2f5b66f43 (type: security_group_rules) to 0
2026-08-05 08:25:57.275 10 INFO neutron.db.ovn_revision_numbers_db [None req-0e980ee1-5895-4df6-bf32-0a18434a0327 bad9087eb07a46fcaa754ad35477751f f9a2e9ff2e834de9970cd1125ab30f77 - - default default] Successfully bumped revision number for resource 2c1b3e5c-0275-45b9-bc05-7ebf32b3b359 (type: security_group_rules) to 0
2026-08-05 08:25:57.286 10 INFO neutron.db.ovn_revision_numbers_db [None req-4820395c-1477-404a-a93e-c6deff818365 7acd7262ddfd4b75a76fbc3a23e9717c aa50f72190d846c9b23900d3b3e35392 - - default default] Successfully bumped revision number for resource 54a18f8b-e6b0-43c0-a3f9-5ba8c27ac790 (type: networks) to 1
2026-08-05 08:25:57.288 10 INFO neutron.db.ovn_revision_numbers_db [None req-0e980ee1-5895-4df6-bf32-0a18434a0327 bad9087eb07a46fcaa754ad35477751f f9a2e9ff2e834de9970cd1125ab30f77 - - default default] Successfully bumped revision number for resource d6a84522-20cf-4a21-889c-0896f5749488 (type: security_group_rules) to 0
2026-08-05 08:25:57.292 9 WARNING neutron.scheduler.dhcp_agent_scheduler [None req-e0e7f076-43ed-4b56-a0ee-c4a120bda5dc bd83fb1476754992a90ac7c1a5fc55ba 1673f36acff44c44ba39ba72f13fe04e - - default default] No more DHCP agents
2026-08-05 08:25:57.297 9 WARNING neutron.api.rpc.agentnotifiers.dhcp_rpc_agent_api [None req-e0e7f076-43ed-4b56-a0ee-c4a120bda5dc bd83fb1476754992a90ac7c1a5fc55ba 1673f36acff44c44ba39ba72f13fe04e - - default default] Unable to schedule network 0f81d2a3-ada5-4d3d-8c04-1672e64aa78d: no agents available; will retry on subsequent port and subnet creation events.
2026-08-05 08:25:57.326 10 INFO neutron.wsgi [None req-0e980ee1-5895-4df6-bf32-0a18434a0327 bad9087eb07a46fcaa754ad35477751f f9a2e9ff2e834de9970cd1125ab30f77 - - default default] 10.0.0.211 "GET /v2.0/security-groups?tenant_id=32d75d63122847ed997576f894abf7ab&name=default HTTP/1.1" status: 200 len: 2996 time: 0.6087236
2026-08-05 08:25:57.413 9 INFO neutron.db.ovn_revision_numbers_db [None req-e0e7f076-43ed-4b56-a0ee-c4a120bda5dc bd83fb1476754992a90ac7c1a5fc55ba 1673f36acff44c44ba39ba72f13fe04e - - default default] Successfully bumped revision number for resource 585b07f7-4860-4d89-9038-350abad3ac81 (type: ports) to 1
2026-08-05 08:25:57.442 9 INFO neutron.wsgi [None req-e0e7f076-43ed-4b56-a0ee-c4a120bda5dc bd83fb1476754992a90ac7c1a5fc55ba 1673f36acff44c44ba39ba72f13fe04e - - default default] 10.0.0.211 "POST /v2.0/ports HTTP/1.1" status: 201 len: 942 time: 0.5092673 /var/lib/openstack/lib/python3.10/site-packages/pycadf/identifier.py:71: UserWarning: Invalid uuid: neutron. To ensure interoperability, identifiers should be a valid uuid. warnings.warn(('Invalid uuid: %s. To ensure interoperability, '
2026-08-05 08:25:57.521 10 WARNING neutron.scheduler.dhcp_agent_scheduler [None req-4820395c-1477-404a-a93e-c6deff818365 7acd7262ddfd4b75a76fbc3a23e9717c aa50f72190d846c9b23900d3b3e35392 - - default default] No more DHCP agents
2026-08-05 08:25:57.526 10 WARNING neutron.api.rpc.agentnotifiers.dhcp_rpc_agent_api [None req-4820395c-1477-404a-a93e-c6deff818365 7acd7262ddfd4b75a76fbc3a23e9717c aa50f72190d846c9b23900d3b3e35392 - - default default] Unable to schedule network 54a18f8b-e6b0-43c0-a3f9-5ba8c27ac790: no agents available; will retry on subsequent port and subnet creation events.
2026-08-05 08:25:57.622 10 INFO neutron.db.ovn_revision_numbers_db [None req-4820395c-1477-404a-a93e-c6deff818365 7acd7262ddfd4b75a76fbc3a23e9717c aa50f72190d846c9b23900d3b3e35392 - - default default] Successfully bumped revision number for resource 6cbfd05a-4d7c-4f19-a677-f21030538223 (type: ports) to 1
2026-08-05 08:25:57.644 10 INFO neutron.wsgi [None req-6598bff1-8a68-4ed8-8b6d-cdeb7cdf9afd bad9087eb07a46fcaa754ad35477751f f9a2e9ff2e834de9970cd1125ab30f77 - - default default] 10.0.0.211 "DELETE /v2.0/security-groups/74161641-fcce-48dc-a8bf-869d9f59704a HTTP/1.1" status: 204 len: 168 time: 0.3140244
2026-08-05 08:25:57.647 10 INFO neutron.wsgi [None req-4820395c-1477-404a-a93e-c6deff818365 7acd7262ddfd4b75a76fbc3a23e9717c aa50f72190d846c9b23900d3b3e35392 - - default default] 10.0.0.211 "POST /v2.0/networks HTTP/1.1" status: 201 len: 831 time: 0.8611782
2026-08-05 08:25:57.839 9 INFO neutron.services.segments.plugin [-] Segment 38528128-3af6-4339-a14a-d9ddff5f9cd0 resource provider aggregate not found
2026-08-05 08:25:57.855 9 INFO neutron.services.segments.plugin [-] Segment 38528128-3af6-4339-a14a-d9ddff5f9cd0 resource provider aggregate not found
2026-08-05 08:25:57.861 9 INFO neutron.services.segments.plugin [-] Segment 38528128-3af6-4339-a14a-d9ddff5f9cd0 resource provider not found; error: Placement Client Error (4xx): {"errors": [{"status": 404, "title": "Not Found", "detail": "The resource could not be found.\n\n No resource provider with uuid 38528128-3af6-4339-a14a-d9ddff5f9cd0 found for delete ", "request_id": "req-5759125a-feac-47ae-a3bd-e3ba99b11ee6"}]}
2026-08-05 08:25:57.873 9 INFO neutron.services.segments.plugin [-] Segment 38528128-3af6-4339-a14a-d9ddff5f9cd0 resource provider not found; error: Placement Client Error (4xx): {"errors": [{"status": 404, "title": "Not Found", "detail": "The resource could not be found.\n\n No resource provider with uuid 38528128-3af6-4339-a14a-d9ddff5f9cd0 found for delete ", "request_id": "req-1ac169d3-482a-4f52-b118-6c5043244210"}]}
2026-08-05 08:25:57.888 9 INFO neutron.wsgi [None req-64bbc369-3946-47ee-89db-948ea37aebaf d849ecaba6c14870a6fceab5946175bc 3ce46962cae448e09b6f20286806ad03 - - default default] 10.0.0.211 "DELETE /v2.0/networks/e23430c0-219d-4fb8-9374-d80fab47be9d HTTP/1.1" status: 204 len: 168 time: 1.0610552
2026-08-05 08:25:57.939 9 INFO neutron.wsgi [None req-b3125a3b-c139-4c37-ad4f-a20cd0a932b7 bd83fb1476754992a90ac7c1a5fc55ba 1673f36acff44c44ba39ba72f13fe04e - - default default] 10.0.0.211 "POST /v2.0/trunks HTTP/1.1" status: 201 len: 608 time: 0.4900808
2026-08-05 08:25:57.951 10 WARNING neutron.scheduler.dhcp_agent_scheduler [None req-1a6a0da3-473d-4357-9197-f3676a6df7e9 7acd7262ddfd4b75a76fbc3a23e9717c aa50f72190d846c9b23900d3b3e35392 - - default default] No more DHCP agents
2026-08-05 08:25:57.954 10 WARNING neutron.api.rpc.agentnotifiers.dhcp_rpc_agent_api [None req-1a6a0da3-473d-4357-9197-f3676a6df7e9 7acd7262ddfd4b75a76fbc3a23e9717c aa50f72190d846c9b23900d3b3e35392 - - default default] Unable to schedule network 54a18f8b-e6b0-43c0-a3f9-5ba8c27ac790: no agents available; will retry on subsequent port and subnet creation events.
2026-08-05 08:25:58.001 10 INFO neutron.db.segments_db [None req-3ec4ff03-860b-4f49-959f-1eb6e1d217c6 d849ecaba6c14870a6fceab5946175bc 3ce46962cae448e09b6f20286806ad03 - - default default] Added segment 44662f14-9129-40d2-a2f8-84ac3f3af00a of type geneve for network 5b49d58d-9574-4e19-b8ee-4f206f077d65
2026-08-05 08:25:58.029 9 INFO neutron.db.segments_db [None req-c2c11020-ceaf-4957-9259-254114b0f4a8 bd83fb1476754992a90ac7c1a5fc55ba 1673f36acff44c44ba39ba72f13fe04e - - default default] Added segment 853b4e18-6f6c-4239-aa8f-70c2ecd1a1c1 of type geneve for network 243b1a9d-24b8-4364-864c-a5d9230dec09
2026-08-05 08:25:58.250 9 INFO neutron.db.ovn_revision_numbers_db [None req-c2c11020-ceaf-4957-9259-254114b0f4a8 bd83fb1476754992a90ac7c1a5fc55ba 1673f36acff44c44ba39ba72f13fe04e - - default default] Successfully bumped revision number for resource 243b1a9d-24b8-4364-864c-a5d9230dec09 (type: networks) to 1
2026-08-05 08:25:58.264 10 INFO neutron.db.ovn_revision_numbers_db [None req-3ec4ff03-860b-4f49-959f-1eb6e1d217c6 d849ecaba6c14870a6fceab5946175bc 3ce46962cae448e09b6f20286806ad03 - - default default] Successfully bumped revision number for resource 5b49d58d-9574-4e19-b8ee-4f206f077d65 (type: networks) to 1
2026-08-05 08:25:58.419 9 WARNING neutron.scheduler.dhcp_agent_scheduler [None req-c2c11020-ceaf-4957-9259-254114b0f4a8 bd83fb1476754992a90ac7c1a5fc55ba 1673f36acff44c44ba39ba72f13fe04e - - default default] No more DHCP agents
2026-08-05 08:25:58.421 9 WARNING neutron.api.rpc.agentnotifiers.dhcp_rpc_agent_api [None req-c2c11020-ceaf-4957-9259-254114b0f4a8 bd83fb1476754992a90ac7c1a5fc55ba 1673f36acff44c44ba39ba72f13fe04e - - default default] Unable to schedule network 243b1a9d-24b8-4364-864c-a5d9230dec09: no agents available; will retry on subsequent port and subnet creation events.
2026-08-05 08:25:58.504 9 INFO neutron.db.ovn_revision_numbers_db [None req-c2c11020-ceaf-4957-9259-254114b0f4a8 bd83fb1476754992a90ac7c1a5fc55ba 1673f36acff44c44ba39ba72f13fe04e - - default default] Successfully bumped revision number for resource fd9a035d-9334-4b56-bc16-2dfbdc27dff6 (type: ports) to 1
2026-08-05 08:25:58.506 10 WARNING neutron.scheduler.dhcp_agent_scheduler [None req-3ec4ff03-860b-4f49-959f-1eb6e1d217c6 d849ecaba6c14870a6fceab5946175bc 3ce46962cae448e09b6f20286806ad03 - - default default] No more DHCP agents
2026-08-05 08:25:58.510 10 WARNING neutron.api.rpc.agentnotifiers.dhcp_rpc_agent_api [None req-3ec4ff03-860b-4f49-959f-1eb6e1d217c6 d849ecaba6c14870a6fceab5946175bc 3ce46962cae448e09b6f20286806ad03 - - default default] Unable to schedule network 5b49d58d-9574-4e19-b8ee-4f206f077d65: no agents available; will retry on subsequent port and subnet creation events.
2026-08-05 08:25:58.526 9 INFO neutron.wsgi [None req-c2c11020-ceaf-4957-9259-254114b0f4a8 bd83fb1476754992a90ac7c1a5fc55ba 1673f36acff44c44ba39ba72f13fe04e - - default default] 10.0.0.211 "POST /v2.0/networks HTTP/1.1" status: 201 len: 831 time: 0.5813808
2026-08-05 08:25:58.611 10 INFO neutron.db.ovn_revision_numbers_db [None req-1a6a0da3-473d-4357-9197-f3676a6df7e9 7acd7262ddfd4b75a76fbc3a23e9717c aa50f72190d846c9b23900d3b3e35392 - - default default] Successfully bumped revision number for resource 6cbfd05a-4d7c-4f19-a677-f21030538223 (type: ports) to 2
2026-08-05 08:25:58.635 10 INFO neutron.db.ovn_revision_numbers_db [None req-3ec4ff03-860b-4f49-959f-1eb6e1d217c6 d849ecaba6c14870a6fceab5946175bc 3ce46962cae448e09b6f20286806ad03 - - default default] Successfully bumped revision number for resource 1abc695f-a494-4df9-b20e-e28ff3385abd (type: ports) to 1
2026-08-05 08:25:58.644 10 INFO neutron.db.ovn_revision_numbers_db [None req-1a6a0da3-473d-4357-9197-f3676a6df7e9 7acd7262ddfd4b75a76fbc3a23e9717c aa50f72190d846c9b23900d3b3e35392 - - default default] Successfully bumped revision number for resource 719ff1e6-5a36-4f4b-a78e-20bdcbb41a3e (type: subnets) to 0
2026-08-05 08:25:58.660 10 INFO neutron.wsgi [None req-3ec4ff03-860b-4f49-959f-1eb6e1d217c6 d849ecaba6c14870a6fceab5946175bc 3ce46962cae448e09b6f20286806ad03 - - default default] 10.0.0.211 "POST /v2.0/networks HTTP/1.1" status: 201 len: 929 time: 0.7649314
2026-08-05 08:25:58.664 10 INFO neutron.wsgi [None req-1a6a0da3-473d-4357-9197-f3676a6df7e9 7acd7262ddfd4b75a76fbc3a23e9717c aa50f72190d846c9b23900d3b3e35392 - - default default] 10.0.0.211 "POST /v2.0/subnets HTTP/1.1" status: 201 len: 804 time: 1.0122433
2026-08-05 08:25:58.782 9 INFO neutron.db.segments_db [None req-fe302008-4c5e-4f1a-b929-ae65358fbc50 7acd7262ddfd4b75a76fbc3a23e9717c aa50f72190d846c9b23900d3b3e35392 - - default default] Added segment faba31cc-695c-4617-bfc3-7a9b9881895f of type geneve for network 39443249-5b96-4188-a505-75f911ce7cc3
2026-08-05 08:25:58.814 10 WARNING neutron.scheduler.dhcp_agent_scheduler [None req-669cbb55-e5c7-4449-915f-7a7713c89d68 d849ecaba6c14870a6fceab5946175bc 3ce46962cae448e09b6f20286806ad03 - - default default] No more DHCP agents
2026-08-05 08:25:58.817 10 WARNING neutron.api.rpc.agentnotifiers.dhcp_rpc_agent_api [None req-669cbb55-e5c7-4449-915f-7a7713c89d68 d849ecaba6c14870a6fceab5946175bc 3ce46962cae448e09b6f20286806ad03 - - default default] Unable to schedule network 5b49d58d-9574-4e19-b8ee-4f206f077d65: no agents available; will retry on subsequent port and subnet creation events.
2026-08-05 08:25:58.835 9 WARNING neutron.scheduler.dhcp_agent_scheduler [None req-a096bda3-e787-41f0-bafd-5064ef5c3dd8 bd83fb1476754992a90ac7c1a5fc55ba 1673f36acff44c44ba39ba72f13fe04e - - default default] No more DHCP agents
2026-08-05 08:25:58.842 9 WARNING neutron.api.rpc.agentnotifiers.dhcp_rpc_agent_api [None req-a096bda3-e787-41f0-bafd-5064ef5c3dd8 bd83fb1476754992a90ac7c1a5fc55ba 1673f36acff44c44ba39ba72f13fe04e - - default default] Unable to schedule network 243b1a9d-24b8-4364-864c-a5d9230dec09: no agents available; will retry on subsequent port and subnet creation events.
2026-08-05 08:25:58.978 9 INFO neutron.db.ovn_revision_numbers_db [None req-fe302008-4c5e-4f1a-b929-ae65358fbc50 7acd7262ddfd4b75a76fbc3a23e9717c aa50f72190d846c9b23900d3b3e35392 - - default default] Successfully bumped revision number for resource 39443249-5b96-4188-a505-75f911ce7cc3 (type: networks) to 1
2026-08-05 08:25:58.998 9 INFO neutron.db.ovn_revision_numbers_db [None req-a096bda3-e787-41f0-bafd-5064ef5c3dd8 bd83fb1476754992a90ac7c1a5fc55ba 1673f36acff44c44ba39ba72f13fe04e - - default default] Successfully bumped revision number for resource a4548b55-64a8-4db3-bd53-6c56d05299c7 (type: ports) to 1
2026-08-05 08:25:59.028 9 INFO neutron.wsgi [None req-a096bda3-e787-41f0-bafd-5064ef5c3dd8 bd83fb1476754992a90ac7c1a5fc55ba 1673f36acff44c44ba39ba72f13fe04e - - default default] 10.0.0.211 "POST /v2.0/ports HTTP/1.1" status: 201 len: 942 time: 0.4946911 /var/lib/openstack/lib/python3.10/site-packages/pycadf/identifier.py:71: UserWarning: Invalid uuid: neutron. To ensure interoperability, identifiers should be a valid uuid. warnings.warn(('Invalid uuid: %s. To ensure interoperability, '
2026-08-05 08:25:59.244 9 WARNING neutron.scheduler.dhcp_agent_scheduler [None req-fe302008-4c5e-4f1a-b929-ae65358fbc50 7acd7262ddfd4b75a76fbc3a23e9717c aa50f72190d846c9b23900d3b3e35392 - - default default] No more DHCP agents
2026-08-05 08:25:59.250 9 WARNING neutron.api.rpc.agentnotifiers.dhcp_rpc_agent_api [None req-fe302008-4c5e-4f1a-b929-ae65358fbc50 7acd7262ddfd4b75a76fbc3a23e9717c aa50f72190d846c9b23900d3b3e35392 - - default default] Unable to schedule network 39443249-5b96-4188-a505-75f911ce7cc3: no agents available; will retry on subsequent port and subnet creation events.
2026-08-05 08:25:59.368 9 INFO neutron.db.ovn_revision_numbers_db [None req-fe302008-4c5e-4f1a-b929-ae65358fbc50 7acd7262ddfd4b75a76fbc3a23e9717c aa50f72190d846c9b23900d3b3e35392 - - default default] Successfully bumped revision number for resource 2b79a83e-5225-4914-9d03-a6d0091d99a2 (type: ports) to 1
2026-08-05 08:25:59.409 10 INFO neutron.db.ovn_revision_numbers_db [None req-669cbb55-e5c7-4449-915f-7a7713c89d68 d849ecaba6c14870a6fceab5946175bc 3ce46962cae448e09b6f20286806ad03 - - default default] Successfully bumped revision number for resource 1abc695f-a494-4df9-b20e-e28ff3385abd (type: ports) to 2
2026-08-05 08:25:59.414 9 INFO neutron.wsgi [None req-9087de76-9f41-4986-ad8f-047fa4b4a06c bd83fb1476754992a90ac7c1a5fc55ba 1673f36acff44c44ba39ba72f13fe04e - - default default] 10.0.0.211 "POST /v2.0/trunks HTTP/1.1" status: 201 len: 608 time: 0.3797760
2026-08-05 08:25:59.418 9 INFO neutron.wsgi [None req-fe302008-4c5e-4f1a-b929-ae65358fbc50 7acd7262ddfd4b75a76fbc3a23e9717c aa50f72190d846c9b23900d3b3e35392 - - default default] 10.0.0.211 "POST /v2.0/networks HTTP/1.1" status: 201 len: 830 time: 0.7488108
2026-08-05 08:25:59.486 10 INFO neutron.db.ovn_revision_numbers_db [None req-669cbb55-e5c7-4449-915f-7a7713c89d68 d849ecaba6c14870a6fceab5946175bc 3ce46962cae448e09b6f20286806ad03 - - default default] Successfully bumped revision number for resource 762aa928-6f3e-4701-9b82-480848339b97 (type: subnets) to 0
2026-08-05 08:25:59.520 10 INFO neutron.wsgi [None req-669cbb55-e5c7-4449-915f-7a7713c89d68 d849ecaba6c14870a6fceab5946175bc 3ce46962cae448e09b6f20286806ad03 - - default default] 10.0.0.211 "POST /v2.0/subnets HTTP/1.1" status: 201 len: 822 time: 0.8534477
2026-08-05 08:25:59.533 9 INFO neutron.db.segments_db [None req-266e101b-6e06-4351-952f-07fa6fb653a7 bd83fb1476754992a90ac7c1a5fc55ba 1673f36acff44c44ba39ba72f13fe04e - - default default] Added segment aef2f06d-1827-46a7-91e8-9b3dd56e00b5 of type geneve for network 4977ec61-b2f8-48ab-b5cb-ae99ded4c9ed
2026-08-05 08:25:59.728 10 WARNING neutron.scheduler.dhcp_agent_scheduler [None req-153e585c-5308-420c-b489-f02a5f49f2ec 7acd7262ddfd4b75a76fbc3a23e9717c aa50f72190d846c9b23900d3b3e35392 - - default default] No more DHCP agents
2026-08-05 08:25:59.729 10 WARNING neutron.api.rpc.agentnotifiers.dhcp_rpc_agent_api [None req-153e585c-5308-420c-b489-f02a5f49f2ec 7acd7262ddfd4b75a76fbc3a23e9717c aa50f72190d846c9b23900d3b3e35392 - - default default] Unable to schedule network 39443249-5b96-4188-a505-75f911ce7cc3: no agents available; will retry on subsequent port and subnet creation events.
2026-08-05 08:25:59.762 9 INFO neutron.db.ovn_revision_numbers_db [None req-266e101b-6e06-4351-952f-07fa6fb653a7 bd83fb1476754992a90ac7c1a5fc55ba 1673f36acff44c44ba39ba72f13fe04e - - default default] Successfully bumped revision number for resource 4977ec61-b2f8-48ab-b5cb-ae99ded4c9ed (type: networks) to 1
2026-08-05 08:25:59.967 9 INFO neutron.wsgi [None req-5f04f85a-0d4a-4937-b50d-51ca17cad68f d849ecaba6c14870a6fceab5946175bc 3ce46962cae448e09b6f20286806ad03 - - default default] 10.0.0.211 "POST /v2.0/rbac-policies HTTP/1.1" status: 201 len: 523 time: 0.4419675
2026-08-05 08:26:00.010 9 WARNING neutron.scheduler.dhcp_agent_scheduler [None req-266e101b-6e06-4351-952f-07fa6fb653a7 bd83fb1476754992a90ac7c1a5fc55ba 1673f36acff44c44ba39ba72f13fe04e - - default default] No more DHCP agents
2026-08-05 08:26:00.013 9 WARNING neutron.api.rpc.agentnotifiers.dhcp_rpc_agent_api [None req-266e101b-6e06-4351-952f-07fa6fb653a7 bd83fb1476754992a90ac7c1a5fc55ba 1673f36acff44c44ba39ba72f13fe04e - - default default] Unable to schedule network 4977ec61-b2f8-48ab-b5cb-ae99ded4c9ed: no agents available; will retry on subsequent port and subnet creation events.
2026-08-05 08:26:00.117 9 INFO neutron.db.ovn_revision_numbers_db [None req-266e101b-6e06-4351-952f-07fa6fb653a7 bd83fb1476754992a90ac7c1a5fc55ba 1673f36acff44c44ba39ba72f13fe04e - - default default] Successfully bumped revision number for resource 55f0e03c-d148-49a6-a78d-94f10ae8d7c1 (type: ports) to 1
2026-08-05 08:26:00.151 9 INFO neutron.wsgi [None req-266e101b-6e06-4351-952f-07fa6fb653a7 bd83fb1476754992a90ac7c1a5fc55ba 1673f36acff44c44ba39ba72f13fe04e - - default default] 10.0.0.211 "POST /v2.0/networks HTTP/1.1" status: 201 len: 831 time: 0.7313521
2026-08-05 08:26:00.312 10 INFO neutron.db.ovn_revision_numbers_db [None req-153e585c-5308-420c-b489-f02a5f49f2ec 7acd7262ddfd4b75a76fbc3a23e9717c aa50f72190d846c9b23900d3b3e35392 - - default default] Successfully bumped revision number for resource 2b79a83e-5225-4914-9d03-a6d0091d99a2 (type: ports) to 2
2026-08-05 08:26:00.347 10 INFO neutron.db.ovn_revision_numbers_db [None req-153e585c-5308-420c-b489-f02a5f49f2ec 7acd7262ddfd4b75a76fbc3a23e9717c aa50f72190d846c9b23900d3b3e35392 - - default default] Successfully bumped revision number for resource 9ba3997d-b16c-401c-be00-f47ced3b6f91 (type: subnets) to 0
2026-08-05 08:26:00.372 10 INFO neutron.wsgi [None req-153e585c-5308-420c-b489-f02a5f49f2ec 7acd7262ddfd4b75a76fbc3a23e9717c aa50f72190d846c9b23900d3b3e35392 - - default default] 10.0.0.211 "POST /v2.0/subnets HTTP/1.1" status: 201 len: 804 time: 0.9479234
2026-08-05 08:26:00.460 10 INFO neutron.db.segments_db [None req-673eb660-5a48-4ec1-82bf-7880d4171c08 7acd7262ddfd4b75a76fbc3a23e9717c aa50f72190d846c9b23900d3b3e35392 - - default default] Added segment f9fca458-8ec7-4a8b-bff6-9ca0f84cc74e of type geneve for network af03a4b2-fb67-4d46-87f0-0b402e11e7d2
2026-08-05 08:26:00.460 9 WARNING neutron.scheduler.dhcp_agent_scheduler [None req-aa66c82f-d9f1-449a-a8b0-f2ac2b41164e bd83fb1476754992a90ac7c1a5fc55ba 1673f36acff44c44ba39ba72f13fe04e - - default default] No more DHCP agents
2026-08-05 08:26:00.465 9 WARNING neutron.api.rpc.agentnotifiers.dhcp_rpc_agent_api [None req-aa66c82f-d9f1-449a-a8b0-f2ac2b41164e bd83fb1476754992a90ac7c1a5fc55ba 1673f36acff44c44ba39ba72f13fe04e - - default default] Unable to schedule network 4977ec61-b2f8-48ab-b5cb-ae99ded4c9ed: no agents available; will retry on subsequent port and subnet creation events. /var/lib/openstack/lib/python3.10/site-packages/pycadf/identifier.py:71: UserWarning: Invalid uuid: neutron. To ensure interoperability, identifiers should be a valid uuid. warnings.warn(('Invalid uuid: %s. To ensure interoperability, '
2026-08-05 08:26:00.574 9 INFO neutron.db.ovn_revision_numbers_db [None req-aa66c82f-d9f1-449a-a8b0-f2ac2b41164e bd83fb1476754992a90ac7c1a5fc55ba 1673f36acff44c44ba39ba72f13fe04e - - default default] Successfully bumped revision number for resource 905b8a9b-de7d-4f14-a440-79a72647a9f2 (type: ports) to 1
2026-08-05 08:26:00.617 9 INFO neutron.wsgi [None req-aa66c82f-d9f1-449a-a8b0-f2ac2b41164e bd83fb1476754992a90ac7c1a5fc55ba 1673f36acff44c44ba39ba72f13fe04e - - default default] 10.0.0.211 "POST /v2.0/ports HTTP/1.1" status: 201 len: 942 time: 0.4617078
2026-08-05 08:26:00.642 9 INFO neutron.wsgi [None req-690117a9-ebda-47f7-a91e-a573febf9b5f ba3de590cdbb4c2a8524192dda5bf166 087e83c8302a4e2d8c90418764b93a49 - - default default] 10.0.0.211 "GET /v2.0/networks/5b49d58d-9574-4e19-b8ee-4f206f077d65 HTTP/1.1" status: 200 len: 849 time: 0.2655890
2026-08-05 08:26:00.657 10 INFO neutron.db.ovn_revision_numbers_db [None req-673eb660-5a48-4ec1-82bf-7880d4171c08 7acd7262ddfd4b75a76fbc3a23e9717c aa50f72190d846c9b23900d3b3e35392 - - default default] Successfully bumped revision number for resource af03a4b2-fb67-4d46-87f0-0b402e11e7d2 (type: networks) to 1
2026-08-05 08:26:00.930 10 WARNING neutron.scheduler.dhcp_agent_scheduler [None req-673eb660-5a48-4ec1-82bf-7880d4171c08 7acd7262ddfd4b75a76fbc3a23e9717c aa50f72190d846c9b23900d3b3e35392 - - default default] No more DHCP agents
2026-08-05 08:26:00.933 10 WARNING neutron.api.rpc.agentnotifiers.dhcp_rpc_agent_api [None req-673eb660-5a48-4ec1-82bf-7880d4171c08 7acd7262ddfd4b75a76fbc3a23e9717c aa50f72190d846c9b23900d3b3e35392 - - default default] Unable to schedule network af03a4b2-fb67-4d46-87f0-0b402e11e7d2: no agents available; will retry on subsequent port and subnet creation events.
2026-08-05 08:26:00.943 10 INFO neutron.wsgi [None req-9c237494-c9cc-4dad-a8a1-7733a01f25d4 bd83fb1476754992a90ac7c1a5fc55ba 1673f36acff44c44ba39ba72f13fe04e - - default default] 10.0.0.211 "POST /v2.0/trunks HTTP/1.1" status: 201 len: 608 time: 0.3203394
2026-08-05 08:26:01.002 10 INFO neutron.db.ovn_revision_numbers_db [None req-673eb660-5a48-4ec1-82bf-7880d4171c08 7acd7262ddfd4b75a76fbc3a23e9717c aa50f72190d846c9b23900d3b3e35392 - - default default] Successfully bumped revision number for resource 96f766ed-4d0d-4dee-a1ca-09f652a8c4a5 (type: ports) to 1
2026-08-05 08:26:01.021 10 INFO neutron.wsgi [None req-673eb660-5a48-4ec1-82bf-7880d4171c08 7acd7262ddfd4b75a76fbc3a23e9717c aa50f72190d846c9b23900d3b3e35392 - - default default] 10.0.0.211 "POST /v2.0/networks HTTP/1.1" status: 201 len: 831 time: 0.6428850
2026-08-05 08:26:01.065 9 INFO neutron.db.segments_db [None req-e019b8b3-6340-4973-b145-51f39b236fc5 bd83fb1476754992a90ac7c1a5fc55ba 1673f36acff44c44ba39ba72f13fe04e - - default default] Added segment 95e227c2-42f4-4a7a-a432-726f47163a01 of type geneve for network 2e9d6d21-f9cc-47d7-bfcd-729449aa5f5c
2026-08-05 08:26:01.247 9 INFO neutron.db.ovn_revision_numbers_db [None req-e019b8b3-6340-4973-b145-51f39b236fc5 bd83fb1476754992a90ac7c1a5fc55ba 1673f36acff44c44ba39ba72f13fe04e - - default default] Successfully bumped revision number for resource 2e9d6d21-f9cc-47d7-bfcd-729449aa5f5c (type: networks) to 1
2026-08-05 08:26:01.289 10 INFO neutron.pecan_wsgi.hooks.translation [None req-d11c68c8-4176-441e-ade8-7444c8484f9f 2668bb5ed1be4d73bfe817ccab369bc9 254acb5eda424737a2309bbec9d9613b - - default default] GET failed (client error): The resource could not be found.
2026-08-05 08:26:01.290 10 INFO neutron.wsgi [None req-d11c68c8-4176-441e-ade8-7444c8484f9f 2668bb5ed1be4d73bfe817ccab369bc9 254acb5eda424737a2309bbec9d9613b - - default default] 10.0.0.211 "GET /v2.0/networks/5b49d58d-9574-4e19-b8ee-4f206f077d65 HTTP/1.1" status: 404 len: 339 time: 0.2315905
2026-08-05 08:26:01.292 10 WARNING neutron.scheduler.dhcp_agent_scheduler [None req-fb368489-e2f5-4583-b4d5-670fb648cea0 7acd7262ddfd4b75a76fbc3a23e9717c aa50f72190d846c9b23900d3b3e35392 - - default default] No more DHCP agents
2026-08-05 08:26:01.295 10 WARNING neutron.api.rpc.agentnotifiers.dhcp_rpc_agent_api [None req-fb368489-e2f5-4583-b4d5-670fb648cea0 7acd7262ddfd4b75a76fbc3a23e9717c aa50f72190d846c9b23900d3b3e35392 - - default default] Unable to schedule network af03a4b2-fb67-4d46-87f0-0b402e11e7d2: no agents available; will retry on subsequent port and subnet creation events.
2026-08-05 08:26:01.420 9 WARNING neutron.scheduler.dhcp_agent_scheduler [None req-e019b8b3-6340-4973-b145-51f39b236fc5 bd83fb1476754992a90ac7c1a5fc55ba 1673f36acff44c44ba39ba72f13fe04e - - default default] No more DHCP agents
2026-08-05 08:26:01.423 9 WARNING neutron.api.rpc.agentnotifiers.dhcp_rpc_agent_api [None req-e019b8b3-6340-4973-b145-51f39b236fc5 bd83fb1476754992a90ac7c1a5fc55ba 1673f36acff44c44ba39ba72f13fe04e - - default default] Unable to schedule network 2e9d6d21-f9cc-47d7-bfcd-729449aa5f5c: no agents available; will retry on subsequent port and subnet creation events.
2026-08-05 08:26:01.515 9 INFO neutron.db.ovn_revision_numbers_db [None req-e019b8b3-6340-4973-b145-51f39b236fc5 bd83fb1476754992a90ac7c1a5fc55ba 1673f36acff44c44ba39ba72f13fe04e - - default default] Successfully bumped revision number for resource b444b230-472b-40f1-baf3-86616af98bee (type: ports) to 1
2026-08-05 08:26:01.536 9 INFO neutron.wsgi [None req-e019b8b3-6340-4973-b145-51f39b236fc5 bd83fb1476754992a90ac7c1a5fc55ba 1673f36acff44c44ba39ba72f13fe04e - - default default] 10.0.0.211 "POST /v2.0/networks HTTP/1.1" status: 201 len: 830 time: 0.5882399
2026-08-05 08:26:02.041 9 WARNING neutron.scheduler.dhcp_agent_scheduler [None req-aa4d4393-cebe-48e6-85e4-180d24c34c47 bd83fb1476754992a90ac7c1a5fc55ba 1673f36acff44c44ba39ba72f13fe04e - - default default] No more DHCP agents
2026-08-05 08:26:02.050 9 WARNING neutron.api.rpc.agentnotifiers.dhcp_rpc_agent_api [None req-aa4d4393-cebe-48e6-85e4-180d24c34c47 bd83fb1476754992a90ac7c1a5fc55ba 1673f36acff44c44ba39ba72f13fe04e - - default default] Unable to schedule network 2e9d6d21-f9cc-47d7-bfcd-729449aa5f5c: no agents available; will retry on subsequent port and subnet creation events.
2026-08-05 08:26:02.098 10 INFO neutron.db.ovn_revision_numbers_db [None req-fb368489-e2f5-4583-b4d5-670fb648cea0 7acd7262ddfd4b75a76fbc3a23e9717c aa50f72190d846c9b23900d3b3e35392 - - default default] Successfully bumped revision number for resource 96f766ed-4d0d-4dee-a1ca-09f652a8c4a5 (type: ports) to 2 /var/lib/openstack/lib/python3.10/site-packages/pycadf/identifier.py:71: UserWarning: Invalid uuid: neutron. To ensure interoperability, identifiers should be a valid uuid. warnings.warn(('Invalid uuid: %s. To ensure interoperability, '
2026-08-05 08:26:02.157 10 INFO neutron.services.segments.plugin [-] Segment 44662f14-9129-40d2-a2f8-84ac3f3af00a resource provider aggregate not found
2026-08-05 08:26:02.162 10 INFO neutron.services.segments.plugin [-] Segment 44662f14-9129-40d2-a2f8-84ac3f3af00a resource provider aggregate not found
2026-08-05 08:26:02.170 9 INFO neutron.wsgi [None req-96f6418b-eb78-4d4c-b2ba-06f89e20a08c de96b37551414330bb3417e7ccb685aa 4f555ea32604466d94bda41cdeb4d15d - - default default] 10.0.0.211 "POST /v2.0/qos/policies HTTP/1.1" status: 201 len: 558 time: 0.2023828
2026-08-05 08:26:02.179 10 INFO neutron.services.segments.plugin [-] Segment 44662f14-9129-40d2-a2f8-84ac3f3af00a resource provider not found; error: Placement Client Error (4xx): {"errors": [{"status": 404, "title": "Not Found", "detail": "The resource could not be found.\n\n No resource provider with uuid 44662f14-9129-40d2-a2f8-84ac3f3af00a found for delete ", "request_id": "req-5b470631-d230-41cb-9bae-05bd22e1bb29"}]}
2026-08-05 08:26:02.180 10 INFO neutron.db.ovn_revision_numbers_db [None req-fb368489-e2f5-4583-b4d5-670fb648cea0 7acd7262ddfd4b75a76fbc3a23e9717c aa50f72190d846c9b23900d3b3e35392 - - default default] Successfully bumped revision number for resource d25395e0-4d33-4578-a30c-345013364c53 (type: subnets) to 0
2026-08-05 08:26:02.182 9 INFO neutron.db.ovn_revision_numbers_db [None req-aa4d4393-cebe-48e6-85e4-180d24c34c47 bd83fb1476754992a90ac7c1a5fc55ba 1673f36acff44c44ba39ba72f13fe04e - - default default] Successfully bumped revision number for resource 51f8dac4-d762-4ebc-983a-c2bae686a587 (type: ports) to 1
2026-08-05 08:26:02.184 10 INFO neutron.services.segments.plugin [-] Segment 44662f14-9129-40d2-a2f8-84ac3f3af00a resource provider not found; error: Placement Client Error (4xx): {"errors": [{"status": 404, "title": "Not Found", "detail": "The resource could not be found.\n\n No resource provider with uuid 44662f14-9129-40d2-a2f8-84ac3f3af00a found for delete ", "request_id": "req-e20cf73b-b9c5-466f-8e2c-16083c9c545a"}]}
2026-08-05 08:26:02.203 10 INFO neutron.wsgi [None req-fb368489-e2f5-4583-b4d5-670fb648cea0 7acd7262ddfd4b75a76fbc3a23e9717c aa50f72190d846c9b23900d3b3e35392 - - default default] 10.0.0.211 "POST /v2.0/subnets HTTP/1.1" status: 201 len: 804 time: 1.1743019
2026-08-05 08:26:02.225 9 INFO neutron.wsgi [None req-aa4d4393-cebe-48e6-85e4-180d24c34c47 bd83fb1476754992a90ac7c1a5fc55ba 1673f36acff44c44ba39ba72f13fe04e - - default default] 10.0.0.211 "POST /v2.0/ports HTTP/1.1" status: 201 len: 942 time: 0.6842432
2026-08-05 08:26:02.227 10 INFO neutron.wsgi [None req-bd1b31d8-48b5-4a97-b4c3-70478913a956 d849ecaba6c14870a6fceab5946175bc 3ce46962cae448e09b6f20286806ad03 - - default default] 10.0.0.211 "DELETE /v2.0/networks/5b49d58d-9574-4e19-b8ee-4f206f077d65 HTTP/1.1" status: 204 len: 168 time: 0.9304571
2026-08-05 08:26:02.236 9 INFO neutron.wsgi [None req-733f9aaa-0b3f-4d14-bda0-7d15df5348b2 de96b37551414330bb3417e7ccb685aa 4f555ea32604466d94bda41cdeb4d15d - - default default] 10.0.0.211 "POST /v2.0/qos/policies HTTP/1.1" status: 201 len: 558 time: 0.0607765
2026-08-05 08:26:02.259 10 INFO neutron.pecan_wsgi.hooks.translation [None req-fd5b20d0-7473-46ba-a341-673a6f024295 d849ecaba6c14870a6fceab5946175bc 3ce46962cae448e09b6f20286806ad03 - - default default] DELETE failed (client error): The resource could not be found.
2026-08-05 08:26:02.261 10 INFO neutron.wsgi [None req-fd5b20d0-7473-46ba-a341-673a6f024295 d849ecaba6c14870a6fceab5946175bc 3ce46962cae448e09b6f20286806ad03 - - default default] 10.0.0.211 "DELETE /v2.0/subnets/1725e8aa-9f2a-41bc-8b7f-c8315a9d0eb7 HTTP/1.1" status: 404 len: 337 time: 0.0243900
2026-08-05 08:26:02.283 9 INFO neutron.pecan_wsgi.hooks.translation [None req-04aa300c-8591-4081-a2a3-5c24efc263e5 d849ecaba6c14870a6fceab5946175bc 3ce46962cae448e09b6f20286806ad03 - - default default] DELETE failed (client error): The resource could not be found.
2026-08-05 08:26:02.286 9 INFO neutron.wsgi [None req-04aa300c-8591-4081-a2a3-5c24efc263e5 d849ecaba6c14870a6fceab5946175bc 3ce46962cae448e09b6f20286806ad03 - - default default] 10.0.0.211 "DELETE /v2.0/subnets/d3fdb82e-6274-4f73-8f5a-0bd1098ff922 HTTP/1.1" status: 404 len: 337 time: 0.0191622
2026-08-05 08:26:02.297 9 INFO neutron.wsgi [None req-8d6b7652-d6f5-4791-9ce0-e22cf5a316d2 de96b37551414330bb3417e7ccb685aa 4f555ea32604466d94bda41cdeb4d15d - - default default] 10.0.0.211 "POST /v2.0/qos/policies HTTP/1.1" status: 201 len: 558 time: 0.0572987
2026-08-05 08:26:02.308 9 INFO neutron.pecan_wsgi.hooks.translation [None req-5f679a17-180c-464c-be60-04daea89840a d849ecaba6c14870a6fceab5946175bc 3ce46962cae448e09b6f20286806ad03 - - default default] DELETE failed (client error): The resource could not be found.
2026-08-05 08:26:02.310 9 INFO neutron.wsgi [None req-5f679a17-180c-464c-be60-04daea89840a d849ecaba6c14870a6fceab5946175bc 3ce46962cae448e09b6f20286806ad03 - - default default] 10.0.0.211 "DELETE /v2.0/subnets/762aa928-6f3e-4701-9b82-480848339b97 HTTP/1.1" status: 404 len: 337 time: 0.0193574
2026-08-05 08:26:02.346 10 INFO neutron.db.segments_db [None req-fa325b7a-9bb3-4663-bffa-d1bfb0a2fd27 7acd7262ddfd4b75a76fbc3a23e9717c aa50f72190d846c9b23900d3b3e35392 - - default default] Added segment 0b917a58-e7a7-467b-8456-58c9a57c668e of type geneve for network 0a9dedfc-c73d-469f-875b-3c72c84718e2
2026-08-05 08:26:02.453 10 INFO neutron.wsgi [None req-5cbff8b5-140f-4cfe-8cc6-130cab40f5ed de96b37551414330bb3417e7ccb685aa 4f555ea32604466d94bda41cdeb4d15d - - default default] 10.0.0.211 "POST /v2.0/qos/policies HTTP/1.1" status: 201 len: 558 time: 0.1487122
2026-08-05 08:26:02.504 9 INFO neutron.wsgi [None req-29c947a9-2369-4025-a92c-5d3fc4755c86 de96b37551414330bb3417e7ccb685aa 4f555ea32604466d94bda41cdeb4d15d - - default default] 10.0.0.211 "POST /v2.0/qos/policies HTTP/1.1" status: 201 len: 558 time: 0.0455353
2026-08-05 08:26:02.552 9 INFO neutron.wsgi [None req-e80344ce-b5fb-48fe-8f31-ecd436b04ea5 de96b37551414330bb3417e7ccb685aa 4f555ea32604466d94bda41cdeb4d15d - - default default] 10.0.0.211 "PUT /v2.0/policies/f6063a53-847e-4911-afe8-c764027453df/tags HTTP/1.1" status: 200 len: 210 time: 0.0365727
2026-08-05 08:26:02.581 10 INFO neutron.db.ovn_revision_numbers_db [None req-fa325b7a-9bb3-4663-bffa-d1bfb0a2fd27 7acd7262ddfd4b75a76fbc3a23e9717c aa50f72190d846c9b23900d3b3e35392 - - default default] Successfully bumped revision number for resource 0a9dedfc-c73d-469f-875b-3c72c84718e2 (type: networks) to 1
2026-08-05 08:26:02.590 9 INFO neutron.wsgi [None req-b7f468ed-9970-4903-8e33-ad05b2789153 de96b37551414330bb3417e7ccb685aa 4f555ea32604466d94bda41cdeb4d15d - - default default] 10.0.0.211 "PUT /v2.0/policies/49d3abf1-8d20-4ead-9cef-d14fd77fb5ca/tags HTTP/1.1" status: 200 len: 218 time: 0.0339594
2026-08-05 08:26:02.619 9 INFO neutron.wsgi [None req-4f1dd2b2-6fe5-44cf-b6a0-b3e710687ea6 de96b37551414330bb3417e7ccb685aa 4f555ea32604466d94bda41cdeb4d15d - - default default] 10.0.0.211 "PUT /v2.0/policies/5f974c51-e69c-477b-aefa-8124c599dfe9/tags HTTP/1.1" status: 200 len: 227 time: 0.0242646
2026-08-05 08:26:02.653 10 INFO neutron.wsgi [None req-9bbe6899-f1b0-4153-a53b-eea2e3659afa bd83fb1476754992a90ac7c1a5fc55ba 1673f36acff44c44ba39ba72f13fe04e - - default default] 10.0.0.211 "POST /v2.0/trunks HTTP/1.1" status: 201 len: 608 time: 0.4173803
2026-08-05 08:26:02.671 9 INFO neutron.wsgi [None req-7b701b7e-abf0-4ce3-9c1d-aba514c8228f de96b37551414330bb3417e7ccb685aa 4f555ea32604466d94bda41cdeb4d15d - - default default] 10.0.0.211 "PUT /v2.0/policies/ab2f52ba-b846-4031-8043-7fa538ccf469/tags HTTP/1.1" status: 200 len: 212 time: 0.0457444
2026-08-05 08:26:02.690 9 INFO neutron.wsgi [None req-e80e68cd-64fa-49a4-8a8b-f8183dbda0af bd83fb1476754992a90ac7c1a5fc55ba 1673f36acff44c44ba39ba72f13fe04e - - default default] 10.0.0.211 "PUT /v2.0/trunks/1aab0de0-a6e1-4092-92e8-b5ba127fd213/tags HTTP/1.1" status: 200 len: 210 time: 0.0317192
2026-08-05 08:26:02.733 10 INFO neutron.wsgi [None req-9b746b6f-860b-4450-a191-2762563bc435 bd83fb1476754992a90ac7c1a5fc55ba 1673f36acff44c44ba39ba72f13fe04e - - default default] 10.0.0.211 "PUT /v2.0/trunks/9f485dfb-fe0a-4f9e-ac32-a73c0e00ea65/tags HTTP/1.1" status: 200 len: 218 time: 0.0388174
2026-08-05 08:26:02.777 9 INFO neutron.wsgi [None req-e4b306c2-cef6-4e99-bfb3-3a258ad48f92 bd83fb1476754992a90ac7c1a5fc55ba 1673f36acff44c44ba39ba72f13fe04e - - default default] 10.0.0.211 "PUT /v2.0/trunks/8ad189d2-6bfc-4464-9094-0c330581e831/tags HTTP/1.1" status: 200 len: 227 time: 0.0368166
2026-08-05 08:26:02.815 10 INFO neutron.wsgi [None req-c8cb13d5-c43f-48d2-9229-2a56ba8c8f22 bd83fb1476754992a90ac7c1a5fc55ba 1673f36acff44c44ba39ba72f13fe04e - - default default] 10.0.0.211 "PUT /v2.0/trunks/8abb8e90-c09a-44f8-af7d-adf555842220/tags HTTP/1.1" status: 200 len: 212 time: 0.0302300
2026-08-05 08:26:02.844 10 WARNING neutron.scheduler.dhcp_agent_scheduler [None req-fa325b7a-9bb3-4663-bffa-d1bfb0a2fd27 7acd7262ddfd4b75a76fbc3a23e9717c aa50f72190d846c9b23900d3b3e35392 - - default default] No more DHCP agents
2026-08-05 08:26:02.847 10 WARNING neutron.api.rpc.agentnotifiers.dhcp_rpc_agent_api [None req-fa325b7a-9bb3-4663-bffa-d1bfb0a2fd27 7acd7262ddfd4b75a76fbc3a23e9717c aa50f72190d846c9b23900d3b3e35392 - - default default] Unable to schedule network 0a9dedfc-c73d-469f-875b-3c72c84718e2: no agents available; will retry on subsequent port and subnet creation events.
2026-08-05 08:26:02.855 9 INFO neutron.wsgi [None req-5bb8df66-60c9-4960-a9e0-94b40038f5e8 bd83fb1476754992a90ac7c1a5fc55ba 1673f36acff44c44ba39ba72f13fe04e - - default default] 10.0.0.211 "GET /v2.0/trunks?tags=red HTTP/1.1" status: 200 len: 1447 time: 0.0346353
2026-08-05 08:26:02.887 9 INFO neutron.wsgi [None req-252c761f-1166-4af0-8332-5ea1a6807d66 bd83fb1476754992a90ac7c1a5fc55ba 1673f36acff44c44ba39ba72f13fe04e - - default default] 10.0.0.211 "GET /v2.0/trunks?tags=red%2Cblue HTTP/1.1" status: 200 len: 1041 time: 0.0249362
2026-08-05 08:26:02.927 9 INFO neutron.wsgi [None req-dd464843-53e5-4660-9c88-8cf9d1c2d2a5 bd83fb1476754992a90ac7c1a5fc55ba 1673f36acff44c44ba39ba72f13fe04e - - default default] 10.0.0.211 "GET /v2.0/trunks?tags-any=blue HTTP/1.1" status: 200 len: 1041 time: 0.0341067
2026-08-05 08:26:02.955 10 INFO neutron.wsgi [None req-102c8600-8a70-4169-9148-71460631091a bd83fb1476754992a90ac7c1a5fc55ba 1673f36acff44c44ba39ba72f13fe04e - - default default] 10.0.0.211 "GET /v2.0/trunks?tags-any=red%2Cblue HTTP/1.1" status: 200 len: 1447 time: 0.0223725
2026-08-05 08:26:02.979 10 INFO neutron.wsgi [None req-672b4071-a7f5-48b7-a93c-f2c97f0cab43 bd83fb1476754992a90ac7c1a5fc55ba 1673f36acff44c44ba39ba72f13fe04e - - default default] 10.0.0.211 "GET /v2.0/trunks?not-tags=red HTTP/1.1" status: 200 len: 1013 time: 0.0188899
2026-08-05 08:26:02.980 10 INFO neutron.db.ovn_revision_numbers_db [None req-fa325b7a-9bb3-4663-bffa-d1bfb0a2fd27 7acd7262ddfd4b75a76fbc3a23e9717c aa50f72190d846c9b23900d3b3e35392 - - default default] Successfully bumped revision number for resource be94c0c1-a008-4161-8829-e46e9cc51f6b (type: ports) to 1
2026-08-05 08:26:03.032 9 INFO neutron.wsgi [None req-7c92a622-2ebd-4468-8fe7-4e8944df8fc6 bd83fb1476754992a90ac7c1a5fc55ba 1673f36acff44c44ba39ba72f13fe04e - - default default] 10.0.0.211 "GET /v2.0/trunks?not-tags=red%2Cblue HTTP/1.1" status: 200 len: 1419 time: 0.0396755
2026-08-05 08:26:03.073 10 INFO neutron.wsgi [None req-31f8510e-f2a4-49ed-b53b-511666680226 bd83fb1476754992a90ac7c1a5fc55ba 1673f36acff44c44ba39ba72f13fe04e - - default default] 10.0.0.211 "GET /v2.0/trunks?not-tags-any=blue HTTP/1.1" status: 200 len: 1419 time: 0.0351753
2026-08-05 08:26:03.094 10 INFO neutron.wsgi [None req-fa325b7a-9bb3-4663-bffa-d1bfb0a2fd27 7acd7262ddfd4b75a76fbc3a23e9717c aa50f72190d846c9b23900d3b3e35392 - - default default] 10.0.0.211 "POST /v2.0/networks HTTP/1.1" status: 201 len: 831 time: 0.8859301
2026-08-05 08:26:03.117 10 INFO neutron.wsgi [None req-2744f3b9-ae63-40c2-87c5-42f7cb4faaf5 bd83fb1476754992a90ac7c1a5fc55ba 1673f36acff44c44ba39ba72f13fe04e - - default default] 10.0.0.211 "GET /v2.0/trunks?not-tags-any=red%2Cblue HTTP/1.1" status: 200 len: 1013 time: 0.0366275
2026-08-05 08:26:03.161 9 INFO neutron.wsgi [None req-f4601d0b-1a9f-4541-af58-9e3e3db5f009 bd83fb1476754992a90ac7c1a5fc55ba 1673f36acff44c44ba39ba72f13fe04e - - default default] 10.0.0.211 "GET /v2.0/trunks/1aab0de0-a6e1-4092-92e8-b5ba127fd213 HTTP/1.1" status: 200 len: 608 time: 0.0365496
2026-08-05 08:26:03.288 9 INFO neutron.wsgi [None req-9284245d-ba19-47e8-a452-3e54139b3562 bd83fb1476754992a90ac7c1a5fc55ba 1673f36acff44c44ba39ba72f13fe04e - - default default] 10.0.0.211 "GET /v2.0/ports/baff8333-83bc-423d-a56c-6e0be070269b HTTP/1.1" status: 200 len: 1020 time: 0.1211870
2026-08-05 08:26:03.380 9 INFO neutron.wsgi [None req-6ff15821-f011-4e9c-838f-b5a4aea9a78b a8dd92bdf6db40b29373ebc551d90655 e2c0426cbd324094a52fb582a7c552c2 - - default default] 10.0.0.211 "GET /v2.0/qos/policies?tags=red HTTP/1.1" status: 200 len: 1296 time: 0.2848930
2026-08-05 08:26:03.439 9 INFO neutron.wsgi [None req-3b86a8b6-bf2a-45ef-bdf5-abd2e34761a5 a8dd92bdf6db40b29373ebc551d90655 e2c0426cbd324094a52fb582a7c552c2 - - default default] 10.0.0.211 "GET /v2.0/qos/policies?tags=red%2Cblue HTTP/1.1" status: 200 len: 941 time: 0.0530615
2026-08-05 08:26:03.498 9 INFO neutron.wsgi [None req-07bd23e2-dd10-4b33-b136-6db39e89ecf6 a8dd92bdf6db40b29373ebc551d90655 e2c0426cbd324094a52fb582a7c552c2 - - default default] 10.0.0.211 "GET /v2.0/qos/policies?tags-any=blue HTTP/1.1" status: 200 len: 941 time: 0.0535913
2026-08-05 08:26:03.567 9 INFO neutron.wsgi [None req-48d6c169-9401-476a-ab05-2877451e4032 a8dd92bdf6db40b29373ebc551d90655 e2c0426cbd324094a52fb582a7c552c2 - - default default] 10.0.0.211 "GET /v2.0/qos/policies?tags-any=red%2Cblue HTTP/1.1" status: 200 len: 1296 time: 0.0630913
2026-08-05 08:26:03.571 9 INFO neutron.wsgi [None req-3c4da398-8385-4ea5-8289-2264e0cbffcb bd83fb1476754992a90ac7c1a5fc55ba 1673f36acff44c44ba39ba72f13fe04e - - default default] 10.0.0.211 "DELETE /v2.0/trunks/1aab0de0-a6e1-4092-92e8-b5ba127fd213 HTTP/1.1" status: 204 len: 168 time: 0.2774456
2026-08-05 08:26:03.593 9 INFO neutron.wsgi [None req-f330fb27-01c6-49c3-9b39-feea3d80b831 bd83fb1476754992a90ac7c1a5fc55ba 1673f36acff44c44ba39ba72f13fe04e - - default default] 10.0.0.211 "GET /v2.0/trunks/9f485dfb-fe0a-4f9e-ac32-a73c0e00ea65 HTTP/1.1" status: 200 len: 616 time: 0.0161831
2026-08-05 08:26:03.655 10 INFO neutron.wsgi [None req-4fe86812-071f-47e9-afa0-39b89827a520 a8dd92bdf6db40b29373ebc551d90655 e2c0426cbd324094a52fb582a7c552c2 - - default default] 10.0.0.211 "GET /v2.0/qos/policies?not-tags=red HTTP/1.1" status: 200 len: 913 time: 0.0834024
2026-08-05 08:26:03.692 10 INFO neutron.wsgi [None req-828050fc-7977-4c6c-ad2b-b6d2851b4370 bd83fb1476754992a90ac7c1a5fc55ba 1673f36acff44c44ba39ba72f13fe04e - - default default] 10.0.0.211 "GET /v2.0/ports/585b07f7-4860-4d89-9038-350abad3ac81 HTTP/1.1" status: 200 len: 1020 time: 0.0938230
2026-08-05 08:26:03.757 10 WARNING neutron.scheduler.dhcp_agent_scheduler [None req-e561dc77-c682-45ac-b914-b25ac08822de 7acd7262ddfd4b75a76fbc3a23e9717c aa50f72190d846c9b23900d3b3e35392 - - default default] No more DHCP agents
2026-08-05 08:26:03.759 10 WARNING neutron.api.rpc.agentnotifiers.dhcp_rpc_agent_api [None req-e561dc77-c682-45ac-b914-b25ac08822de 7acd7262ddfd4b75a76fbc3a23e9717c aa50f72190d846c9b23900d3b3e35392 - - default default] Unable to schedule network 0a9dedfc-c73d-469f-875b-3c72c84718e2: no agents available; will retry on subsequent port and subnet creation events.
2026-08-05 08:26:03.761 9 INFO neutron.wsgi [None req-7033ef86-9975-4c6b-969c-5439d0f7e619 a8dd92bdf6db40b29373ebc551d90655 e2c0426cbd324094a52fb582a7c552c2 - - default default] 10.0.0.211 "GET /v2.0/qos/policies?not-tags=red%2Cblue HTTP/1.1" status: 200 len: 1268 time: 0.1007781
2026-08-05 08:26:03.839 9 INFO neutron.wsgi [None req-b362ae5f-38a6-4f18-83c2-97cdbe0a3a13 a8dd92bdf6db40b29373ebc551d90655 e2c0426cbd324094a52fb582a7c552c2 - - default default] 10.0.0.211 "GET /v2.0/qos/policies?not-tags-any=blue HTTP/1.1" status: 200 len: 1268 time: 0.0723126
2026-08-05 08:26:03.864 9 INFO neutron.wsgi [None req-5041864f-969a-4892-b717-414a99f4f1ca bd83fb1476754992a90ac7c1a5fc55ba 1673f36acff44c44ba39ba72f13fe04e - - default default] 10.0.0.211 "DELETE /v2.0/trunks/9f485dfb-fe0a-4f9e-ac32-a73c0e00ea65 HTTP/1.1" status: 204 len: 168 time: 0.1664197
2026-08-05 08:26:03.893 9 INFO neutron.wsgi [None req-a3014a54-ab54-4db3-9138-c600769999c5 bd83fb1476754992a90ac7c1a5fc55ba 1673f36acff44c44ba39ba72f13fe04e - - default default] 10.0.0.211 "GET /v2.0/trunks/8ad189d2-6bfc-4464-9094-0c330581e831 HTTP/1.1" status: 200 len: 625 time: 0.0185754
2026-08-05 08:26:03.912 10 INFO neutron.db.ovn_revision_numbers_db [None req-f541d036-c2d5-4c92-82a8-1c1b363e7900 bad9087eb07a46fcaa754ad35477751f f9a2e9ff2e834de9970cd1125ab30f77 - - default default] Successfully bumped revision number for resource 9d4feaed-3a1f-4992-b87a-f6e8e62f9cd7 (type: security_groups) to 1
2026-08-05 08:26:03.958 10 INFO neutron.wsgi [None req-cce451c3-19b1-4ac8-b5b9-02ffc0b4dbd1 a8dd92bdf6db40b29373ebc551d90655 e2c0426cbd324094a52fb582a7c552c2 - - default default] 10.0.0.211 "GET /v2.0/qos/policies?not-tags-any=red%2Cblue HTTP/1.1" status: 200 len: 913 time: 0.1139400
2026-08-05 08:26:03.962 10 INFO neutron.db.ovn_revision_numbers_db [None req-f541d036-c2d5-4c92-82a8-1c1b363e7900 bad9087eb07a46fcaa754ad35477751f f9a2e9ff2e834de9970cd1125ab30f77 - - default default] Successfully bumped revision number for resource 3fec25d3-c8ba-4656-b991-99a3b825ec9f (type: security_group_rules) to 0
2026-08-05 08:26:04.014 10 INFO neutron.db.ovn_revision_numbers_db [None req-f541d036-c2d5-4c92-82a8-1c1b363e7900 bad9087eb07a46fcaa754ad35477751f f9a2e9ff2e834de9970cd1125ab30f77 - - default default] Successfully bumped revision number for resource 76c2dc99-d80c-4abe-a08c-2e41aecb3ff3 (type: security_group_rules) to 0
2026-08-05 08:26:04.024 9 INFO neutron.wsgi [None req-3c6b8411-0d95-4092-a1e0-77a2b7e85fe3 bd83fb1476754992a90ac7c1a5fc55ba 1673f36acff44c44ba39ba72f13fe04e - - default default] 10.0.0.211 "GET /v2.0/ports/a4548b55-64a8-4db3-bd53-6c56d05299c7 HTTP/1.1" status: 200 len: 1020 time: 0.1263566
2026-08-05 08:26:04.056 10 INFO neutron.db.ovn_revision_numbers_db [None req-f541d036-c2d5-4c92-82a8-1c1b363e7900 bad9087eb07a46fcaa754ad35477751f f9a2e9ff2e834de9970cd1125ab30f77 - - default default] Successfully bumped revision number for resource d6afd83b-7f0b-4c20-bd6d-41955c4252ba (type: security_group_rules) to 0
2026-08-05 08:26:04.071 10 INFO neutron.wsgi [None req-4609b922-2914-41ad-a23a-ac819364cddf de96b37551414330bb3417e7ccb685aa 4f555ea32604466d94bda41cdeb4d15d - - default default] 10.0.0.211 "DELETE /v2.0/qos/policies/f6063a53-847e-4911-afe8-c764027453df HTTP/1.1" status: 204 len: 168 time: 0.1012945
2026-08-05 08:26:04.073 10 INFO neutron.db.ovn_revision_numbers_db [None req-f541d036-c2d5-4c92-82a8-1c1b363e7900 bad9087eb07a46fcaa754ad35477751f f9a2e9ff2e834de9970cd1125ab30f77 - - default default] Successfully bumped revision number for resource ef35bc6c-7129-4b27-bdad-98b672a7e331 (type: security_group_rules) to 0
2026-08-05 08:26:04.114 10 INFO neutron.wsgi [None req-f541d036-c2d5-4c92-82a8-1c1b363e7900 bad9087eb07a46fcaa754ad35477751f f9a2e9ff2e834de9970cd1125ab30f77 - - default default] 10.0.0.211 "GET /v2.0/security-groups?tenant_id=254acb5eda424737a2309bbec9d9613b&name=default HTTP/1.1" status: 200 len: 2996 time: 0.7680228
2026-08-05 08:26:04.141 10 INFO neutron.wsgi [-] 10.0.0.69 "GET / HTTP/1.1" status: 200 len: 245 time: 0.0013962
2026-08-05 08:26:04.146 9 INFO neutron.wsgi [-] 10.0.0.69 "GET / HTTP/1.1" status: 200 len: 245 time: 0.0017328
2026-08-05 08:26:04.162 9 INFO neutron.wsgi [None req-2c169a52-cf51-4c11-916f-a31bdc67b0e3 bd83fb1476754992a90ac7c1a5fc55ba 1673f36acff44c44ba39ba72f13fe04e - - default default] 10.0.0.211 "DELETE /v2.0/trunks/8ad189d2-6bfc-4464-9094-0c330581e831 HTTP/1.1" status: 204 len: 168 time: 0.1332014
2026-08-05 08:26:04.184 9 INFO neutron.wsgi [None req-d9850827-02f1-4a5e-8604-329ed0e2373b de96b37551414330bb3417e7ccb685aa 4f555ea32604466d94bda41cdeb4d15d - - default default] 10.0.0.211 "DELETE /v2.0/qos/policies/49d3abf1-8d20-4ead-9cef-d14fd77fb5ca HTTP/1.1" status: 204 len: 168 time: 0.1069031
2026-08-05 08:26:04.186 9 INFO neutron.wsgi [None req-d5708454-69ad-4e77-b499-3995f14dbf8e bd83fb1476754992a90ac7c1a5fc55ba 1673f36acff44c44ba39ba72f13fe04e - - default default] 10.0.0.211 "GET /v2.0/trunks/8abb8e90-c09a-44f8-af7d-adf555842220 HTTP/1.1" status: 200 len: 610 time: 0.0186391
2026-08-05 08:26:04.243 9 INFO neutron.wsgi [None req-22e04481-73a6-4459-ae8d-43d88cc26ae9 de96b37551414330bb3417e7ccb685aa 4f555ea32604466d94bda41cdeb4d15d - - default default] 10.0.0.211 "DELETE /v2.0/qos/policies/5f974c51-e69c-477b-aefa-8124c599dfe9 HTTP/1.1" status: 204 len: 168 time: 0.0552549
2026-08-05 08:26:04.351 10 INFO neutron.wsgi [None req-b2d6ca1d-2161-4e3f-8669-3f9f4a99fb9d bd83fb1476754992a90ac7c1a5fc55ba 1673f36acff44c44ba39ba72f13fe04e - - default default] 10.0.0.211 "GET /v2.0/ports/905b8a9b-de7d-4f14-a440-79a72647a9f2 HTTP/1.1" status: 200 len: 1020 time: 0.1591961
2026-08-05 08:26:04.446 10 INFO neutron.wsgi [None req-04b8dbc1-ec79-4591-be67-4d4e7e40c785 de96b37551414330bb3417e7ccb685aa 4f555ea32604466d94bda41cdeb4d15d - - default default] 10.0.0.211 "DELETE /v2.0/qos/policies/ab2f52ba-b846-4031-8043-7fa538ccf469 HTTP/1.1" status: 204 len: 168 time: 0.1945150
2026-08-05 08:26:04.486 10 INFO neutron.db.ovn_revision_numbers_db [None req-e561dc77-c682-45ac-b914-b25ac08822de 7acd7262ddfd4b75a76fbc3a23e9717c aa50f72190d846c9b23900d3b3e35392 - - default default] Successfully bumped revision number for resource be94c0c1-a008-4161-8829-e46e9cc51f6b (type: ports) to 2
2026-08-05 08:26:04.508 10 INFO neutron.wsgi [None req-8b2af65b-584c-481d-89ee-4e9f0c369902 bd83fb1476754992a90ac7c1a5fc55ba 1673f36acff44c44ba39ba72f13fe04e - - default default] 10.0.0.211 "DELETE /v2.0/trunks/8abb8e90-c09a-44f8-af7d-adf555842220 HTTP/1.1" status: 204 len: 168 time: 0.1510651
2026-08-05 08:26:04.509 9 INFO neutron.wsgi [None req-573c6a41-ea44-4eb7-b909-63782c60a2c1 de96b37551414330bb3417e7ccb685aa 4f555ea32604466d94bda41cdeb4d15d - - default default] 10.0.0.211 "DELETE /v2.0/qos/policies/73631b6b-44d5-4519-9166-a15b421eac5f HTTP/1.1" status: 204 len: 168 time: 0.0582709
