2026-08-05 08:22:38.667 10 INFO neutron.wsgi [None req-e8ee1efa-ff36-4dde-96a3-f80033cf67dd 107360aec48641708c3f21ad9456cd67 bdeaec02ea964e7eb6d07fb191813bfb - - default default] 10.0.0.211 "GET /v2.0/extensions/standard-attr-segment HTTP/1.1" status: 200 len: 406 time: 0.0054164
2026-08-05 08:22:38.678 10 INFO neutron.wsgi [None req-c90d2992-dc7d-478d-a49b-5efe06cef2e2 107360aec48641708c3f21ad9456cd67 bdeaec02ea964e7eb6d07fb191813bfb - - default default] 10.0.0.211 "GET /v2.0/extensions/standard-attr-description HTTP/1.1" status: 200 len: 408 time: 0.0045614
2026-08-05 08:22:38.686 10 INFO neutron.wsgi [None req-37467902-3c11-4a63-bde0-987733432b7b 107360aec48641708c3f21ad9456cd67 bdeaec02ea964e7eb6d07fb191813bfb - - default default] 10.0.0.211 "GET /v2.0/extensions/stateful-security-group HTTP/1.1" status: 200 len: 402 time: 0.0043385
2026-08-05 08:22:38.693 10 INFO neutron.wsgi [None req-e1e524b5-e27c-4574-a98c-653910f16b24 107360aec48641708c3f21ad9456cd67 bdeaec02ea964e7eb6d07fb191813bfb - - default default] 10.0.0.211 "GET /v2.0/extensions/subnet-dns-publish-fixed-ip HTTP/1.1" status: 200 len: 421 time: 0.0039587
2026-08-05 08:22:38.700 9 INFO neutron.wsgi [None req-cc05db01-5226-4ca1-b5cd-321c7c1f1811 107360aec48641708c3f21ad9456cd67 bdeaec02ea964e7eb6d07fb191813bfb - - default default] 10.0.0.211 "GET /v2.0/extensions/subnet-segmentid-writable HTTP/1.1" status: 200 len: 421 time: 0.0040095
2026-08-05 08:22:38.707 9 INFO neutron.wsgi [None req-9a0ff492-f090-4857-ba86-49456b6551cf 107360aec48641708c3f21ad9456cd67 bdeaec02ea964e7eb6d07fb191813bfb - - default default] 10.0.0.211 "GET /v2.0/extensions/subnet-service-types HTTP/1.1" status: 200 len: 400 time: 0.0040016
2026-08-05 08:22:38.721 10 INFO neutron.wsgi [None req-7e47a163-5ac5-4f61-96e0-70957b8031dd 107360aec48641708c3f21ad9456cd67 bdeaec02ea964e7eb6d07fb191813bfb - - default default] 10.0.0.211 "GET /v2.0/extensions/subnet_allocation HTTP/1.1" status: 200 len: 388 time: 0.0082331
2026-08-05 08:22:38.727 10 INFO neutron.wsgi [None req-08085ea0-a0e2-47d6-8fbf-2b67fa665610 107360aec48641708c3f21ad9456cd67 bdeaec02ea964e7eb6d07fb191813bfb - - default default] 10.0.0.211 "GET /v2.0/extensions/subnetpool-prefix-ops HTTP/1.1" status: 200 len: 418 time: 0.0030816
2026-08-05 08:22:38.735 10 INFO neutron.wsgi [None req-ee4c1120-9395-4744-b1d8-67eb0122240f 107360aec48641708c3f21ad9456cd67 bdeaec02ea964e7eb6d07fb191813bfb - - default default] 10.0.0.211 "GET /v2.0/extensions/standard-attr-tag HTTP/1.1" status: 200 len: 537 time: 0.0042753
2026-08-05 08:22:38.742 10 INFO neutron.wsgi [None req-a65cd574-688e-4ce1-ae1d-8b71c533235a 107360aec48641708c3f21ad9456cd67 bdeaec02ea964e7eb6d07fb191813bfb - - default default] 10.0.0.211 "GET /v2.0/extensions/standard-attr-timestamp HTTP/1.1" status: 200 len: 449 time: 0.0039017
2026-08-05 08:22:38.751 10 INFO neutron.wsgi [None req-194248bf-b8e6-447e-8278-381aca6305f7 107360aec48641708c3f21ad9456cd67 bdeaec02ea964e7eb6d07fb191813bfb - - default default] 10.0.0.211 "GET /v2.0/extensions/trunk HTTP/1.1" status: 200 len: 358 time: 0.0044420
2026-08-05 08:22:38.758 10 INFO neutron.wsgi [None req-2512df6b-d57e-44dc-94c5-4487a2279901 107360aec48641708c3f21ad9456cd67 bdeaec02ea964e7eb6d07fb191813bfb - - default default] 10.0.0.211 "GET /v2.0/extensions/trunk-details HTTP/1.1" status: 200 len: 362 time: 0.0038791
2026-08-05 08:22:38.833 9 INFO neutron.notifiers.nova [-] Nova event matching ['req-53a9a472-0f6a-4161-82ef-f46c253bb40d'] response: {'server_uuid': '420b0c0f-df00-410f-b805-7a3f52a4a5e7', 'name': 'network-vif-unplugged', 'status': 'completed', 'tag': '886d5054-253e-45fc-95ad-6c4cf932e3cf', 'code': 200}
2026-08-05 08:22:38.833 9 INFO neutron.notifiers.nova [-] Nova event matching ['req-53a9a472-0f6a-4161-82ef-f46c253bb40d'] response: {'server_uuid': '420b0c0f-df00-410f-b805-7a3f52a4a5e7', 'name': 'network-vif-plugged', 'status': 'completed', 'tag': '886d5054-253e-45fc-95ad-6c4cf932e3cf', 'code': 200}
2026-08-05 08:22:38.834 9 INFO neutron.notifiers.nova [-] Nova event matching ['req-53a9a472-0f6a-4161-82ef-f46c253bb40d'] response: {'server_uuid': '6a0924fe-3b44-4f4b-abbe-f3ce161b444c', 'name': 'network-vif-plugged', 'status': 'completed', 'tag': 'd53df73d-bff8-4f81-bbb0-5185dd6fd755', 'code': 200}
2026-08-05 08:22:38.834 9 INFO neutron.notifiers.nova [-] Nova event matching ['req-53a9a472-0f6a-4161-82ef-f46c253bb40d'] response: {'server_uuid': '6a0924fe-3b44-4f4b-abbe-f3ce161b444c', 'name': 'network-vif-plugged', 'status': 'completed', 'tag': 'd53df73d-bff8-4f81-bbb0-5185dd6fd755', 'code': 200}
2026-08-05 08:22:38.916 10 INFO neutron.wsgi [req-289ff10d-bf4f-4a3e-98d9-ef79e6c3a77e req-b7ebab85-4888-4c2d-b4d2-dd8c1ef7a8ad fbf37018ae4241d298c197e2fc3cd066 3e6a3195bf54438087db19ccd298493c - - default default] 10.0.0.230 "GET /v2.0/ports?device_id=6a0924fe-3b44-4f4b-abbe-f3ce161b444c HTTP/1.1" status: 200 len: 1174 time: 0.0485072
2026-08-05 08:22:38.968 10 INFO neutron.wsgi [req-289ff10d-bf4f-4a3e-98d9-ef79e6c3a77e req-a21eebdf-22b6-4b67-ba5f-04792de98ea0 fbf37018ae4241d298c197e2fc3cd066 3e6a3195bf54438087db19ccd298493c - - default default] 10.0.0.230 "GET /v2.0/security-groups?id=7cce6eb7-877f-45b4-b305-0d9ad4cdd146&fields=id&fields=name HTTP/1.1" status: 200 len: 313 time: 0.0448165
2026-08-05 08:22:39.014 10 INFO neutron.notifiers.nova [-] Nova event matching ['req-140edaac-b831-4548-b83b-5fc38c410dff'] response: {'server_uuid': '420b0c0f-df00-410f-b805-7a3f52a4a5e7', 'name': 'network-vif-deleted', 'tag': '886d5054-253e-45fc-95ad-6c4cf932e3cf', 'status': 'completed', 'code': 200}
2026-08-05 08:22:39.843 9 INFO neutron.db.ovn_revision_numbers_db [None req-5deead05-cc26-4b31-8486-c0a2ce4935e2 bad9087eb07a46fcaa754ad35477751f f9a2e9ff2e834de9970cd1125ab30f77 - - default default] Successfully bumped revision number for resource a652be68-77dc-4d41-905b-535ceac2bda9 (type: security_groups) to 1
2026-08-05 08:22:39.892 9 INFO neutron.db.ovn_revision_numbers_db [None req-5deead05-cc26-4b31-8486-c0a2ce4935e2 bad9087eb07a46fcaa754ad35477751f f9a2e9ff2e834de9970cd1125ab30f77 - - default default] Successfully bumped revision number for resource 1fd1bddb-b069-43fa-b71f-940b59ab29a6 (type: security_group_rules) to 0
2026-08-05 08:22:39.977 9 INFO neutron.db.ovn_revision_numbers_db [None req-5deead05-cc26-4b31-8486-c0a2ce4935e2 bad9087eb07a46fcaa754ad35477751f f9a2e9ff2e834de9970cd1125ab30f77 - - default default] Successfully bumped revision number for resource 373a31c2-dcb8-4140-8bd5-b7056f7a3a89 (type: security_group_rules) to 0
2026-08-05 08:22:40.239 9 INFO neutron.db.ovn_revision_numbers_db [None req-5deead05-cc26-4b31-8486-c0a2ce4935e2 bad9087eb07a46fcaa754ad35477751f f9a2e9ff2e834de9970cd1125ab30f77 - - default default] Successfully bumped revision number for resource 87d6d501-d3fe-48ce-9845-5d9d04f3e92a (type: security_group_rules) to 0
2026-08-05 08:22:40.364 9 INFO neutron.wsgi [req-c5ed74cf-1679-45f9-86ca-5da0f9668084 req-a483709b-07d3-490a-b7df-e14a94dd5585 fbf37018ae4241d298c197e2fc3cd066 3e6a3195bf54438087db19ccd298493c - - default default] 10.0.0.230 "GET /v2.0/ports?device_id=6a0924fe-3b44-4f4b-abbe-f3ce161b444c HTTP/1.1" status: 200 len: 1174 time: 0.3057029
2026-08-05 08:22:40.411 9 INFO neutron.wsgi [req-c5ed74cf-1679-45f9-86ca-5da0f9668084 req-7420f074-937c-4a25-a4da-835377513637 fbf37018ae4241d298c197e2fc3cd066 3e6a3195bf54438087db19ccd298493c - - default default] 10.0.0.230 "GET /v2.0/security-groups?id=7cce6eb7-877f-45b4-b305-0d9ad4cdd146&fields=id&fields=name HTTP/1.1" status: 200 len: 313 time: 0.0395627
2026-08-05 08:22:40.536 10 INFO neutron.wsgi [None req-5bb86209-7c9d-41d3-8368-b70754591515 bad9087eb07a46fcaa754ad35477751f f9a2e9ff2e834de9970cd1125ab30f77 - - default default] 10.0.0.211 "PUT /v2.0/routers/0735bbc0-d951-4936-b0a3-2e1b2a439982/remove_router_interface HTTP/1.1" status: 200 len: 503 time: 1.4645388
2026-08-05 08:22:40.544 10 INFO neutron.wsgi [req-d1144499-cc1d-4053-873d-9d57f3377c72 req-1f7e5b47-3163-4064-8232-f2d73ba44ce2 fbf37018ae4241d298c197e2fc3cd066 3e6a3195bf54438087db19ccd298493c - - default default] 10.0.0.230 "GET /v2.0/ports?device_id=6a0924fe-3b44-4f4b-abbe-f3ce161b444c HTTP/1.1" status: 200 len: 1174 time: 0.0760429 /var/lib/openstack/lib/python3.10/site-packages/pycadf/identifier.py:71: UserWarning: Invalid uuid: neutron. To ensure interoperability, identifiers should be a valid uuid. warnings.warn(('Invalid uuid: %s. To ensure interoperability, '
2026-08-05 08:22:40.659 9 INFO neutron.db.ovn_revision_numbers_db [None req-5deead05-cc26-4b31-8486-c0a2ce4935e2 bad9087eb07a46fcaa754ad35477751f f9a2e9ff2e834de9970cd1125ab30f77 - - default default] Successfully bumped revision number for resource f4b20609-045e-4d15-998d-24f75a8c3da2 (type: security_group_rules) to 0
2026-08-05 08:22:40.696 9 INFO neutron.wsgi [None req-5deead05-cc26-4b31-8486-c0a2ce4935e2 bad9087eb07a46fcaa754ad35477751f f9a2e9ff2e834de9970cd1125ab30f77 - - default default] 10.0.0.211 "GET /v2.0/security-groups?tenant_id=bdeaec02ea964e7eb6d07fb191813bfb&name=default HTTP/1.1" status: 200 len: 2996 time: 1.1809950
2026-08-05 08:22:40.829 9 INFO neutron.db.ovn_revision_numbers_db [None req-7638d436-1c4d-41fc-91b5-35dedc6dc2d3 bad9087eb07a46fcaa754ad35477751f f9a2e9ff2e834de9970cd1125ab30f77 - - default default] Successfully bumped revision number for resource 2ac0c1fc-e624-4fae-bd72-c86357e013a9 (type: security_groups) to 1
2026-08-05 08:22:41.293 9 INFO neutron.db.ovn_revision_numbers_db [None req-7638d436-1c4d-41fc-91b5-35dedc6dc2d3 bad9087eb07a46fcaa754ad35477751f f9a2e9ff2e834de9970cd1125ab30f77 - - default default] Successfully bumped revision number for resource 54925eb4-2e46-40c8-9dc6-09b0ef3b2326 (type: security_group_rules) to 0
2026-08-05 08:22:41.294 10 INFO neutron.db.l3_db [None req-96d615db-b5b7-495e-ad36-148e63b60c49 fbf37018ae4241d298c197e2fc3cd066 3e6a3195bf54438087db19ccd298493c - - default default] Floating IP e4a8f591-9802-4d92-a05e-46cf5a12aed5 associated. External IP: 10.96.250.215, port: d53df73d-bff8-4f81-bbb0-5185dd6fd755.
2026-08-05 08:22:41.913 9 INFO neutron.db.ovn_revision_numbers_db [None req-7638d436-1c4d-41fc-91b5-35dedc6dc2d3 bad9087eb07a46fcaa754ad35477751f f9a2e9ff2e834de9970cd1125ab30f77 - - default default] Successfully bumped revision number for resource a63bc61e-195a-44fa-8ef3-02e2c6180957 (type: security_group_rules) to 0
2026-08-05 08:22:41.915 10 INFO neutron.db.ovn_revision_numbers_db [None req-96d615db-b5b7-495e-ad36-148e63b60c49 fbf37018ae4241d298c197e2fc3cd066 3e6a3195bf54438087db19ccd298493c - - default default] Successfully bumped revision number for resource e4a8f591-9802-4d92-a05e-46cf5a12aed5 (type: floatingips) to 1
2026-08-05 08:22:42.712 9 INFO neutron.db.ovn_revision_numbers_db [None req-7638d436-1c4d-41fc-91b5-35dedc6dc2d3 bad9087eb07a46fcaa754ad35477751f f9a2e9ff2e834de9970cd1125ab30f77 - - default default] Successfully bumped revision number for resource b3515d76-d8b3-45d2-9856-4a5232e7de3f (type: security_group_rules) to 0
2026-08-05 08:22:43.414 9 INFO neutron.db.ovn_revision_numbers_db [None req-7638d436-1c4d-41fc-91b5-35dedc6dc2d3 bad9087eb07a46fcaa754ad35477751f f9a2e9ff2e834de9970cd1125ab30f77 - - default default] Successfully bumped revision number for resource cbed5325-b41f-483b-afc1-f85a7addad03 (type: security_group_rules) to 0
2026-08-05 08:22:43.420 10 INFO neutron.db.ovn_revision_numbers_db [None req-96d615db-b5b7-495e-ad36-148e63b60c49 fbf37018ae4241d298c197e2fc3cd066 3e6a3195bf54438087db19ccd298493c - - default default] Successfully bumped revision number for resource e4a8f591-9802-4d92-a05e-46cf5a12aed5 (type: floatingips) to 2
2026-08-05 08:22:43.438 10 INFO neutron.wsgi [None req-661dc903-291c-4441-9352-c0b1fbd0d270 bad9087eb07a46fcaa754ad35477751f f9a2e9ff2e834de9970cd1125ab30f77 - - default default] 10.0.0.211 "DELETE /v2.0/security-groups/a652be68-77dc-4d41-905b-535ceac2bda9 HTTP/1.1" status: 204 len: 168 time: 2.7315152
2026-08-05 08:22:43.438 9 INFO neutron.wsgi [None req-7638d436-1c4d-41fc-91b5-35dedc6dc2d3 bad9087eb07a46fcaa754ad35477751f f9a2e9ff2e834de9970cd1125ab30f77 - - default default] 10.0.0.211 "GET /v2.0/security-groups?tenant_id=66b2a300ab1a46c7a1a2541247ec51e3&name=default HTTP/1.1" status: 200 len: 2996 time: 3.3212450
2026-08-05 08:22:43.452 10 INFO neutron.wsgi [None req-96d615db-b5b7-495e-ad36-148e63b60c49 fbf37018ae4241d298c197e2fc3cd066 3e6a3195bf54438087db19ccd298493c - - default default] 10.0.0.211 "PUT /v2.0/floatingips/e4a8f591-9802-4d92-a05e-46cf5a12aed5 HTTP/1.1" status: 200 len: 1050 time: 2.8966584
2026-08-05 08:22:43.489 10 INFO neutron.notifiers.nova [-] Nova event matching ['req-394eb066-f4be-4e92-82d6-af1b483d8720'] response: {'name': 'network-changed', 'server_uuid': '6a0924fe-3b44-4f4b-abbe-f3ce161b444c', 'tag': 'd53df73d-bff8-4f81-bbb0-5185dd6fd755', 'status': 'completed', 'code': 200}
2026-08-05 08:22:43.556 9 INFO neutron.wsgi [req-c204a5a2-1051-4fa8-abe1-8d8e529323c5 req-75a2a889-7821-41c3-867d-935150531280 fbf37018ae4241d298c197e2fc3cd066 3e6a3195bf54438087db19ccd298493c - - default default] 10.0.0.230 "GET /v2.0/ports?device_id=6a0924fe-3b44-4f4b-abbe-f3ce161b444c HTTP/1.1" status: 200 len: 1174 time: 0.0619438
2026-08-05 08:22:43.565 9 INFO neutron.wsgi [req-a29ccf44-ba35-40a4-a020-fc510c30f4e5 req-732afa2d-f8d4-47f6-aca1-9f2b84dd3dfa e59f289152a74e91821ad11e46f41e18 e843fee6b96548a287d5e0b3e8691838 - - d532ca504b334c3eb24ac80fa6190aa3 d532ca504b334c3eb24ac80fa6190aa3] 199.204.45.35 "GET /v2.0/ports?tenant_id=3e6a3195bf54438087db19ccd298493c&device_id=6a0924fe-3b44-4f4b-abbe-f3ce161b444c HTTP/1.1" status: 200 len: 1413 time: 0.0568919
2026-08-05 08:22:43.636 9 INFO neutron.wsgi [req-c204a5a2-1051-4fa8-abe1-8d8e529323c5 req-444370f0-3bf6-4eff-be7e-e088dbbafbef fbf37018ae4241d298c197e2fc3cd066 3e6a3195bf54438087db19ccd298493c - - default default] 10.0.0.230 "GET /v2.0/security-groups?id=7cce6eb7-877f-45b4-b305-0d9ad4cdd146&fields=id&fields=name HTTP/1.1" status: 200 len: 313 time: 0.0659640
2026-08-05 08:22:43.676 9 INFO neutron.wsgi [req-a29ccf44-ba35-40a4-a020-fc510c30f4e5 req-6a65081e-51ec-4c71-8dd2-6ad65ac2e8f5 e59f289152a74e91821ad11e46f41e18 e843fee6b96548a287d5e0b3e8691838 - - d532ca504b334c3eb24ac80fa6190aa3 d532ca504b334c3eb24ac80fa6190aa3] 199.204.45.35 "GET /v2.0/networks?id=791598b6-aabd-4959-b9a3-677ddc409ca7 HTTP/1.1" status: 200 len: 967 time: 0.1050239
2026-08-05 08:22:43.725 9 INFO neutron.wsgi [req-a29ccf44-ba35-40a4-a020-fc510c30f4e5 req-c0f0f5f0-12d8-4716-89ff-71a41512f2a9 e59f289152a74e91821ad11e46f41e18 e843fee6b96548a287d5e0b3e8691838 - - d532ca504b334c3eb24ac80fa6190aa3 d532ca504b334c3eb24ac80fa6190aa3] 199.204.45.35 "GET /v2.0/floatingips?fixed_ip_address=10.100.0.11&port_id=d53df73d-bff8-4f81-bbb0-5185dd6fd755 HTTP/1.1" status: 200 len: 1060 time: 0.0407567
2026-08-05 08:22:43.941 9 INFO neutron.wsgi [None req-7aec302d-c77a-4531-b675-814c702b65d4 bad9087eb07a46fcaa754ad35477751f f9a2e9ff2e834de9970cd1125ab30f77 - - default default] 10.0.0.211 "DELETE /v2.0/routers/0735bbc0-d951-4936-b0a3-2e1b2a439982 HTTP/1.1" status: 204 len: 168 time: 3.3996203 /var/lib/openstack/lib/python3.10/site-packages/pycadf/identifier.py:71: UserWarning: Invalid uuid: neutron. To ensure interoperability, identifiers should be a valid uuid. warnings.warn(('Invalid uuid: %s. To ensure interoperability, '
2026-08-05 08:22:43.954 9 INFO neutron.wsgi [req-a29ccf44-ba35-40a4-a020-fc510c30f4e5 req-eeaf0e1e-cdb9-447b-a0c6-da3379bb03ab e59f289152a74e91821ad11e46f41e18 e843fee6b96548a287d5e0b3e8691838 - - d532ca504b334c3eb24ac80fa6190aa3 d532ca504b334c3eb24ac80fa6190aa3] 199.204.45.35 "GET /v2.0/subnets?id=b9aa43b5-37f5-41de-b1d1-862535445110 HTTP/1.1" status: 200 len: 862 time: 0.2222147
2026-08-05 08:22:43.987 9 INFO neutron.wsgi [req-a29ccf44-ba35-40a4-a020-fc510c30f4e5 req-92c98e9e-552f-4ec6-b0dc-2db9db23cadb e59f289152a74e91821ad11e46f41e18 e843fee6b96548a287d5e0b3e8691838 - - d532ca504b334c3eb24ac80fa6190aa3 d532ca504b334c3eb24ac80fa6190aa3] 199.204.45.35 "GET /v2.0/ports?network_id=791598b6-aabd-4959-b9a3-677ddc409ca7&device_owner=network%3Adhcp HTTP/1.1" status: 200 len: 210 time: 0.0261748
2026-08-05 08:22:44.110 9 INFO neutron.wsgi [req-a29ccf44-ba35-40a4-a020-fc510c30f4e5 req-6ff6c6dd-1a70-4320-945b-aa418cc7c272 e59f289152a74e91821ad11e46f41e18 e843fee6b96548a287d5e0b3e8691838 - - d532ca504b334c3eb24ac80fa6190aa3 d532ca504b334c3eb24ac80fa6190aa3] 199.204.45.35 "GET /v2.0/networks/791598b6-aabd-4959-b9a3-677ddc409ca7?fields=segments HTTP/1.1" status: 200 len: 212 time: 0.1173170
2026-08-05 08:22:44.175 9 INFO neutron.wsgi [req-a29ccf44-ba35-40a4-a020-fc510c30f4e5 req-984356a6-9893-4d92-a0af-558c868b2ee0 e59f289152a74e91821ad11e46f41e18 e843fee6b96548a287d5e0b3e8691838 - - d532ca504b334c3eb24ac80fa6190aa3 d532ca504b334c3eb24ac80fa6190aa3] 199.204.45.35 "GET /v2.0/networks/791598b6-aabd-4959-b9a3-677ddc409ca7?fields=provider%3Aphysical_network&fields=provider%3Anetwork_type HTTP/1.1" status: 200 len: 277 time: 0.0610838
2026-08-05 08:22:48.135 10 INFO neutron.wsgi [req-bec4f037-21dd-4e65-b907-a322beca6569 req-8870bc66-0ea0-4400-893f-188f3cc17161 fbf37018ae4241d298c197e2fc3cd066 3e6a3195bf54438087db19ccd298493c - - default default] 10.0.0.230 "GET /v2.0/ports?device_id=6a0924fe-3b44-4f4b-abbe-f3ce161b444c HTTP/1.1" status: 200 len: 1174 time: 1.1100225
2026-08-05 08:22:48.182 10 INFO neutron.wsgi [req-bec4f037-21dd-4e65-b907-a322beca6569 req-d753bb60-633d-4d24-bc48-27df3d5e6621 fbf37018ae4241d298c197e2fc3cd066 3e6a3195bf54438087db19ccd298493c - - default default] 10.0.0.230 "GET /v2.0/security-groups?id=7cce6eb7-877f-45b4-b305-0d9ad4cdd146&fields=id&fields=name HTTP/1.1" status: 200 len: 313 time: 0.0408611
2026-08-05 08:22:48.534 10 INFO neutron.wsgi [None req-3b923a1b-c658-4a96-b195-cb5cdbe34531 bad9087eb07a46fcaa754ad35477751f f9a2e9ff2e834de9970cd1125ab30f77 - - default default] 10.0.0.211 "DELETE /v2.0/subnets/ab3dee70-2fb5-4a5f-beb8-3f59f0b6b7c2 HTTP/1.1" status: 204 len: 168 time: 4.5884504
2026-08-05 08:22:48.803 9 INFO neutron.plugins.ml2.drivers.ovn.mech_driver.mech_driver [None req-6eeebc64-6083-4af1-b313-107984a94cb5 - - - - - -] OVN reports status down for port: d53df73d-bff8-4f81-bbb0-5185dd6fd755
2026-08-05 08:22:49.143 9 INFO neutron.wsgi [-] 10.0.0.69 "GET / HTTP/1.1" status: 200 len: 245 time: 0.0030715
2026-08-05 08:22:49.143 10 INFO neutron.wsgi [-] 10.0.0.69 "GET / HTTP/1.1" status: 200 len: 245 time: 0.0029061
2026-08-05 08:22:49.279 9 INFO neutron.wsgi [None req-d0034f77-660c-421c-a191-306b0a67d5de bad9087eb07a46fcaa754ad35477751f f9a2e9ff2e834de9970cd1125ab30f77 - - default default] 10.0.0.211 "DELETE /v2.0/security-groups/2ac0c1fc-e624-4fae-bd72-c86357e013a9 HTTP/1.1" status: 204 len: 168 time: 5.8350778
2026-08-05 08:22:49.432 9 INFO neutron.notifiers.nova [-] Nova event matching ['req-984e8d7d-dc34-4d8e-9b6b-f98ff78fb0a7'] response: {'server_uuid': '6a0924fe-3b44-4f4b-abbe-f3ce161b444c', 'name': 'network-vif-unplugged', 'status': 'completed', 'tag': 'd53df73d-bff8-4f81-bbb0-5185dd6fd755', 'code': 200}
2026-08-05 08:22:49.569 9 INFO neutron.wsgi [req-966dae36-846e-451f-8be5-962d7da61372 req-995b7f0f-2872-4044-ae6b-a8b722133320 fbf37018ae4241d298c197e2fc3cd066 3e6a3195bf54438087db19ccd298493c - - default default] 10.0.0.230 "GET /v2.0/ports?device_id=6a0924fe-3b44-4f4b-abbe-f3ce161b444c HTTP/1.1" status: 200 len: 1174 time: 0.1564085
2026-08-05 08:22:49.678 9 INFO neutron.services.segments.plugin [-] Segment 59078389-66c2-4086-bbbf-ae95e13d08ea resource provider aggregate not found
2026-08-05 08:22:49.684 9 INFO neutron.services.segments.plugin [-] Segment 59078389-66c2-4086-bbbf-ae95e13d08ea resource provider aggregate not found
2026-08-05 08:22:49.690 10 INFO neutron.db.ovn_revision_numbers_db [None req-c14f1f2e-dc94-46f8-9cbc-669fbbe88d29 bad9087eb07a46fcaa754ad35477751f f9a2e9ff2e834de9970cd1125ab30f77 - - default default] Successfully bumped revision number for resource 22a20513-6c17-4a89-a3c0-123d01ace13f (type: security_groups) to 1
2026-08-05 08:22:49.709 9 INFO neutron.services.segments.plugin [-] Segment 59078389-66c2-4086-bbbf-ae95e13d08ea resource provider not found; error: Placement Client Error (4xx): {"errors": [{"status": 404, "title": "Not Found", "detail": "The resource could not be found.\n\n No resource provider with uuid 59078389-66c2-4086-bbbf-ae95e13d08ea found for delete ", "request_id": "req-84503c7c-12b5-4e86-bfa7-b0dc0f091a0b"}]}
2026-08-05 08:22:49.710 9 INFO neutron.services.segments.plugin [-] Segment 59078389-66c2-4086-bbbf-ae95e13d08ea resource provider not found; error: Placement Client Error (4xx): {"errors": [{"status": 404, "title": "Not Found", "detail": "The resource could not be found.\n\n No resource provider with uuid 59078389-66c2-4086-bbbf-ae95e13d08ea found for delete ", "request_id": "req-ceb46cd1-343c-48d9-aff8-eb7a52f0d359"}]}
2026-08-05 08:22:49.717 9 INFO neutron.wsgi [req-966dae36-846e-451f-8be5-962d7da61372 req-7edfcae4-cbd4-4ce1-ab93-79d32fca8d3b fbf37018ae4241d298c197e2fc3cd066 3e6a3195bf54438087db19ccd298493c - - default default] 10.0.0.230 "GET /v2.0/security-groups?id=7cce6eb7-877f-45b4-b305-0d9ad4cdd146&fields=id&fields=name HTTP/1.1" status: 200 len: 313 time: 0.1357017
2026-08-05 08:22:49.720 10 INFO neutron.db.ovn_revision_numbers_db [None req-c14f1f2e-dc94-46f8-9cbc-669fbbe88d29 bad9087eb07a46fcaa754ad35477751f f9a2e9ff2e834de9970cd1125ab30f77 - - default default] Successfully bumped revision number for resource 092ecfc9-5ae9-4133-8660-e029e2ca5891 (type: security_group_rules) to 0
2026-08-05 08:22:49.725 9 INFO neutron.wsgi [req-b4143a43-f026-4db5-8682-77d10a263bb0 req-e90f5fc4-0a31-4b20-9a48-8608cfb3e1b5 fbf37018ae4241d298c197e2fc3cd066 3e6a3195bf54438087db19ccd298493c - - default default] 199.204.45.35 "GET /v2.0/ports?device_id=6a0924fe-3b44-4f4b-abbe-f3ce161b444c HTTP/1.1" status: 200 len: 1172 time: 0.2263596
2026-08-05 08:22:49.758 10 INFO neutron.db.ovn_revision_numbers_db [None req-c14f1f2e-dc94-46f8-9cbc-669fbbe88d29 bad9087eb07a46fcaa754ad35477751f f9a2e9ff2e834de9970cd1125ab30f77 - - default default] Successfully bumped revision number for resource 3c5a0999-f8fa-45fd-bfab-75a7eb99135e (type: security_group_rules) to 0
2026-08-05 08:22:49.839 10 INFO neutron.db.ovn_revision_numbers_db [None req-c14f1f2e-dc94-46f8-9cbc-669fbbe88d29 bad9087eb07a46fcaa754ad35477751f f9a2e9ff2e834de9970cd1125ab30f77 - - default default] Successfully bumped revision number for resource 676490df-cb11-45e9-b15a-07e08e7136eb (type: security_group_rules) to 0
2026-08-05 08:22:49.873 9 INFO neutron.wsgi [None req-2bcf8257-420e-4bd2-a6aa-9aba53180d69 bad9087eb07a46fcaa754ad35477751f f9a2e9ff2e834de9970cd1125ab30f77 - - default default] 10.0.0.211 "DELETE /v2.0/networks/7da44e56-a39d-4ee3-ac21-09ccb2e04d47 HTTP/1.1" status: 204 len: 168 time: 1.3339603
2026-08-05 08:22:49.878 10 INFO neutron.db.ovn_revision_numbers_db [None req-c14f1f2e-dc94-46f8-9cbc-669fbbe88d29 bad9087eb07a46fcaa754ad35477751f f9a2e9ff2e834de9970cd1125ab30f77 - - default default] Successfully bumped revision number for resource b0a01c8a-9637-4cda-881d-877bd007d54c (type: security_group_rules) to 0
2026-08-05 08:22:49.883 9 INFO neutron.db.ovn_revision_numbers_db [None req-6eeebc64-6083-4af1-b313-107984a94cb5 - - - - - -] Successfully bumped revision number for resource d53df73d-bff8-4f81-bbb0-5185dd6fd755 (type: ports) to 5
2026-08-05 08:22:49.903 10 INFO neutron.wsgi [None req-c14f1f2e-dc94-46f8-9cbc-669fbbe88d29 bad9087eb07a46fcaa754ad35477751f f9a2e9ff2e834de9970cd1125ab30f77 - - default default] 10.0.0.211 "GET /v2.0/security-groups?tenant_id=eb3aadeac0a84265ae74aefbd53ee2e2&name=default HTTP/1.1" status: 200 len: 2996 time: 0.3252442 /var/lib/openstack/lib/python3.10/site-packages/pycadf/identifier.py:71: UserWarning: Invalid uuid: neutron. To ensure interoperability, identifiers should be a valid uuid. warnings.warn(('Invalid uuid: %s. To ensure interoperability, '
2026-08-05 08:22:50.157 10 INFO neutron.wsgi [None req-48261acc-3f49-445b-bedf-f2669777e1f7 bad9087eb07a46fcaa754ad35477751f f9a2e9ff2e834de9970cd1125ab30f77 - - default default] 10.0.0.211 "DELETE /v2.0/security-groups/22a20513-6c17-4a89-a3c0-123d01ace13f HTTP/1.1" status: 204 len: 168 time: 0.2470059
2026-08-05 08:22:50.181 9 INFO neutron.wsgi [None req-4c25437d-756a-425e-a27f-0003378e3bbb bad9087eb07a46fcaa754ad35477751f f9a2e9ff2e834de9970cd1125ab30f77 - - default default] 10.0.0.211 "GET /v2.0/security-groups?tenant_id=807295df358a44e299c50a5b8d99b26c&name=default HTTP/1.1" status: 200 len: 2996 time: 0.0722930
2026-08-05 08:22:50.209 9 INFO neutron.db.l3_db [req-b4143a43-f026-4db5-8682-77d10a263bb0 req-794755a5-67ce-4caa-be4b-50c8b1cc5c83 fbf37018ae4241d298c197e2fc3cd066 3e6a3195bf54438087db19ccd298493c - - default default] Floating IP e4a8f591-9802-4d92-a05e-46cf5a12aed5 disassociated. External IP: 10.96.250.215, port: d53df73d-bff8-4f81-bbb0-5185dd6fd755.
2026-08-05 08:22:50.448 9 INFO neutron.wsgi [req-b4143a43-f026-4db5-8682-77d10a263bb0 req-794755a5-67ce-4caa-be4b-50c8b1cc5c83 fbf37018ae4241d298c197e2fc3cd066 3e6a3195bf54438087db19ccd298493c - - default default] 199.204.45.35 "DELETE /v2.0/ports/d53df73d-bff8-4f81-bbb0-5185dd6fd755 HTTP/1.1" status: 204 len: 173 time: 0.7144301
2026-08-05 08:22:50.536 9 INFO neutron.wsgi [None req-1b1135f0-c48f-493a-8559-151a51d2ed15 bad9087eb07a46fcaa754ad35477751f f9a2e9ff2e834de9970cd1125ab30f77 - - default default] 10.0.0.211 "DELETE /v2.0/security-groups/e5d63ec9-c708-4c43-96ad-908ca30f8d1f HTTP/1.1" status: 204 len: 168 time: 0.3496017
2026-08-05 08:22:50.782 9 INFO neutron.db.ovn_revision_numbers_db [None req-5ff3b5d7-4642-44d0-85d5-f95f8b848005 5222e4d2915f4dfba60f6dc2c32e2043 54a7c50d70624eeeb653dd607343b096 - - default default] Successfully bumped revision number for resource 0ef41c3d-164b-4195-86a4-a655f89eb745 (type: security_groups) to 1
2026-08-05 08:22:50.799 9 INFO neutron.db.ovn_revision_numbers_db [None req-5ff3b5d7-4642-44d0-85d5-f95f8b848005 5222e4d2915f4dfba60f6dc2c32e2043 54a7c50d70624eeeb653dd607343b096 - - default default] Successfully bumped revision number for resource 364f288a-ab37-448a-96c7-43c3c1469801 (type: security_group_rules) to 0
2026-08-05 08:22:50.832 9 INFO neutron.db.ovn_revision_numbers_db [None req-5ff3b5d7-4642-44d0-85d5-f95f8b848005 5222e4d2915f4dfba60f6dc2c32e2043 54a7c50d70624eeeb653dd607343b096 - - default default] Successfully bumped revision number for resource 4dc0bb7e-3801-4558-a08e-e6d66ba10a47 (type: security_group_rules) to 0 /var/lib/openstack/lib/python3.10/site-packages/pycadf/identifier.py:71: UserWarning: Invalid uuid: neutron. To ensure interoperability, identifiers should be a valid uuid. warnings.warn(('Invalid uuid: %s. To ensure interoperability, '
2026-08-05 08:22:50.865 9 INFO neutron.db.ovn_revision_numbers_db [None req-5ff3b5d7-4642-44d0-85d5-f95f8b848005 5222e4d2915f4dfba60f6dc2c32e2043 54a7c50d70624eeeb653dd607343b096 - - default default] Successfully bumped revision number for resource 944c15fc-5b4b-4047-a34b-4239d76cccef (type: security_group_rules) to 0
2026-08-05 08:22:50.891 9 INFO neutron.db.ovn_revision_numbers_db [None req-5ff3b5d7-4642-44d0-85d5-f95f8b848005 5222e4d2915f4dfba60f6dc2c32e2043 54a7c50d70624eeeb653dd607343b096 - - default default] Successfully bumped revision number for resource d131a1c5-b719-41cb-a483-a2ea6d816807 (type: security_group_rules) to 0
2026-08-05 08:22:50.965 9 INFO neutron.db.segments_db [None req-5ff3b5d7-4642-44d0-85d5-f95f8b848005 5222e4d2915f4dfba60f6dc2c32e2043 54a7c50d70624eeeb653dd607343b096 - - default default] Added segment 98435ead-0d7e-49e6-b636-f7013393c3a2 of type geneve for network 8ab4e19a-1f20-461f-9bb1-986ba101dd49
2026-08-05 08:22:51.027 10 INFO neutron.wsgi [None req-ac7c498b-b00c-42a0-b51e-75fc3b354316 fbf37018ae4241d298c197e2fc3cd066 3e6a3195bf54438087db19ccd298493c - - default default] 10.0.0.211 "DELETE /v2.0/security-groups/7cce6eb7-877f-45b4-b305-0d9ad4cdd146 HTTP/1.1" status: 204 len: 168 time: 0.1825545
2026-08-05 08:22:51.048 10 INFO neutron.api.v2.resource [None req-e1c8bba0-6db3-488c-bb8a-6e2d2638be8d fbf37018ae4241d298c197e2fc3cd066 3e6a3195bf54438087db19ccd298493c - - default default] show failed (client error): The resource could not be found.
2026-08-05 08:22:51.049 10 INFO neutron.wsgi [None req-e1c8bba0-6db3-488c-bb8a-6e2d2638be8d fbf37018ae4241d298c197e2fc3cd066 3e6a3195bf54438087db19ccd298493c - - default default] 10.0.0.211 "GET /v2.0/security-groups/7cce6eb7-877f-45b4-b305-0d9ad4cdd146 HTTP/1.1" status: 404 len: 347 time: 0.0110912
2026-08-05 08:22:51.203 9 INFO neutron.db.segments_db [None req-5ff3b5d7-4642-44d0-85d5-f95f8b848005 5222e4d2915f4dfba60f6dc2c32e2043 54a7c50d70624eeeb653dd607343b096 - - default default] Added segment b6eb045d-ff1f-4832-967b-cb1eb55dd5ba of type geneve for network a01f5d1f-a100-4cc1-a2c5-c3e3f7ee3745
2026-08-05 08:22:51.476 9 INFO neutron.notifiers.nova [-] Nova event matching ['req-13d8e1db-02e4-405d-b6ad-66897cbdbfd4'] response: {'server_uuid': '6a0924fe-3b44-4f4b-abbe-f3ce161b444c', 'name': 'network-vif-plugged', 'status': 'completed', 'tag': 'd53df73d-bff8-4f81-bbb0-5185dd6fd755', 'code': 200}
2026-08-05 08:22:51.477 9 INFO neutron.notifiers.nova [-] Nova event matching ['req-13d8e1db-02e4-405d-b6ad-66897cbdbfd4'] response: {'server_uuid': '6a0924fe-3b44-4f4b-abbe-f3ce161b444c', 'name': 'network-vif-deleted', 'tag': 'd53df73d-bff8-4f81-bbb0-5185dd6fd755', 'status': 'completed', 'code': 200}
2026-08-05 08:22:51.707 9 INFO neutron.db.ovn_revision_numbers_db [None req-5ff3b5d7-4642-44d0-85d5-f95f8b848005 5222e4d2915f4dfba60f6dc2c32e2043 54a7c50d70624eeeb653dd607343b096 - - default default] Successfully bumped revision number for resource 8ab4e19a-1f20-461f-9bb1-986ba101dd49 (type: networks) to 1
2026-08-05 08:22:51.732 9 INFO neutron.wsgi [None req-e1e980b1-df04-446f-8383-564e8954bfa4 fbf37018ae4241d298c197e2fc3cd066 3e6a3195bf54438087db19ccd298493c - - default default] 10.0.0.211 "DELETE /v2.0/floatingips/e4a8f591-9802-4d92-a05e-46cf5a12aed5 HTTP/1.1" status: 204 len: 168 time: 0.6739271
2026-08-05 08:22:52.081 9 WARNING neutron.scheduler.dhcp_agent_scheduler [None req-5ff3b5d7-4642-44d0-85d5-f95f8b848005 5222e4d2915f4dfba60f6dc2c32e2043 54a7c50d70624eeeb653dd607343b096 - - default default] No more DHCP agents
2026-08-05 08:22:52.084 9 WARNING neutron.api.rpc.agentnotifiers.dhcp_rpc_agent_api [None req-5ff3b5d7-4642-44d0-85d5-f95f8b848005 5222e4d2915f4dfba60f6dc2c32e2043 54a7c50d70624eeeb653dd607343b096 - - default default] Unable to schedule network 8ab4e19a-1f20-461f-9bb1-986ba101dd49: no agents available; will retry on subsequent port and subnet creation events.
2026-08-05 08:22:52.329 9 INFO neutron.db.ovn_revision_numbers_db [None req-5ff3b5d7-4642-44d0-85d5-f95f8b848005 5222e4d2915f4dfba60f6dc2c32e2043 54a7c50d70624eeeb653dd607343b096 - - default default] Successfully bumped revision number for resource 2ec202b5-b2aa-4b38-8c17-7c17e4f64981 (type: ports) to 1
2026-08-05 08:22:52.462 9 INFO neutron.db.ovn_revision_numbers_db [None req-5ff3b5d7-4642-44d0-85d5-f95f8b848005 5222e4d2915f4dfba60f6dc2c32e2043 54a7c50d70624eeeb653dd607343b096 - - default default] Successfully bumped revision number for resource a01f5d1f-a100-4cc1-a2c5-c3e3f7ee3745 (type: networks) to 1
2026-08-05 08:22:52.834 9 WARNING neutron.scheduler.dhcp_agent_scheduler [None req-5ff3b5d7-4642-44d0-85d5-f95f8b848005 5222e4d2915f4dfba60f6dc2c32e2043 54a7c50d70624eeeb653dd607343b096 - - default default] No more DHCP agents
2026-08-05 08:22:52.837 9 WARNING neutron.api.rpc.agentnotifiers.dhcp_rpc_agent_api [None req-5ff3b5d7-4642-44d0-85d5-f95f8b848005 5222e4d2915f4dfba60f6dc2c32e2043 54a7c50d70624eeeb653dd607343b096 - - default default] Unable to schedule network a01f5d1f-a100-4cc1-a2c5-c3e3f7ee3745: no agents available; will retry on subsequent port and subnet creation events.
2026-08-05 08:22:52.934 9 INFO neutron.db.ovn_revision_numbers_db [None req-5ff3b5d7-4642-44d0-85d5-f95f8b848005 5222e4d2915f4dfba60f6dc2c32e2043 54a7c50d70624eeeb653dd607343b096 - - default default] Successfully bumped revision number for resource da956c79-7737-4198-83a5-6b3bdbb8039d (type: ports) to 1
2026-08-05 08:22:52.965 9 INFO neutron.wsgi [None req-5ff3b5d7-4642-44d0-85d5-f95f8b848005 5222e4d2915f4dfba60f6dc2c32e2043 54a7c50d70624eeeb653dd607343b096 - - default default] 10.0.0.211 "POST /v2.0/networks HTTP/1.1" status: 201 len: 1445 time: 2.6652865
2026-08-05 08:22:53.308 10 INFO neutron.wsgi [None req-d7c2e3d5-ef45-4da4-8fac-9a9a81af343e bad9087eb07a46fcaa754ad35477751f f9a2e9ff2e834de9970cd1125ab30f77 - - default default] 10.0.0.211 "PUT /v2.0/routers/3a36b10c-8e43-4398-83f9-0a2b36a606b8/remove_router_interface HTTP/1.1" status: 200 len: 503 time: 1.5681570 /var/lib/openstack/lib/python3.10/site-packages/pycadf/identifier.py:71: UserWarning: Invalid uuid: neutron. To ensure interoperability, identifiers should be a valid uuid. warnings.warn(('Invalid uuid: %s. To ensure interoperability, '
2026-08-05 08:22:53.319 9 INFO neutron.wsgi [None req-70dd8ebe-1a87-4482-81b6-ac0a06d78589 5222e4d2915f4dfba60f6dc2c32e2043 54a7c50d70624eeeb653dd607343b096 - - default default] 10.0.0.211 "GET /v2.0/networks HTTP/1.1" status: 200 len: 2051 time: 0.3487232
2026-08-05 08:22:53.778 9 INFO neutron.services.segments.plugin [-] Segment 98435ead-0d7e-49e6-b636-f7013393c3a2 resource provider aggregate not found
2026-08-05 08:22:53.784 9 INFO neutron.services.segments.plugin [-] Segment 98435ead-0d7e-49e6-b636-f7013393c3a2 resource provider aggregate not found
2026-08-05 08:22:53.803 9 INFO neutron.services.segments.plugin [-] Segment 98435ead-0d7e-49e6-b636-f7013393c3a2 resource provider not found; error: Placement Client Error (4xx): {"errors": [{"status": 404, "title": "Not Found", "detail": "The resource could not be found.\n\n No resource provider with uuid 98435ead-0d7e-49e6-b636-f7013393c3a2 found for delete ", "request_id": "req-eb4e936b-6f84-4c1f-8e2e-2f8985bd2a36"}]}
2026-08-05 08:22:53.809 9 INFO neutron.services.segments.plugin [-] Segment 98435ead-0d7e-49e6-b636-f7013393c3a2 resource provider not found; error: Placement Client Error (4xx): {"errors": [{"status": 404, "title": "Not Found", "detail": "The resource could not be found.\n\n No resource provider with uuid 98435ead-0d7e-49e6-b636-f7013393c3a2 found for delete ", "request_id": "req-77122689-41db-4bf3-a733-8cbd5da13474"}]}
2026-08-05 08:22:53.962 9 INFO neutron.wsgi [None req-f7cc49e4-e13d-4dcc-a57a-0855e29dbfc9 5222e4d2915f4dfba60f6dc2c32e2043 54a7c50d70624eeeb653dd607343b096 - - default default] 10.0.0.211 "DELETE /v2.0/networks/8ab4e19a-1f20-461f-9bb1-986ba101dd49 HTTP/1.1" status: 204 len: 168 time: 0.6223474
2026-08-05 08:22:54.172 10 INFO neutron.wsgi [None req-2b07cb0c-d85b-4579-89a9-c050f89b0c55 bad9087eb07a46fcaa754ad35477751f f9a2e9ff2e834de9970cd1125ab30f77 - - default default] 10.0.0.211 "DELETE /v2.0/routers/3a36b10c-8e43-4398-83f9-0a2b36a606b8 HTTP/1.1" status: 204 len: 168 time: 0.8587334
2026-08-05 08:22:54.409 10 INFO neutron.wsgi [None req-37758d67-a271-45aa-9a2b-0233805d5ded bad9087eb07a46fcaa754ad35477751f f9a2e9ff2e834de9970cd1125ab30f77 - - default default] 10.0.0.211 "DELETE /v2.0/subnets/b9aa43b5-37f5-41de-b1d1-862535445110 HTTP/1.1" status: 204 len: 168 time: 0.2322073
2026-08-05 08:22:54.548 9 INFO neutron.wsgi [None req-c5150c80-0100-4c67-8cce-bfa98c472a8b 5222e4d2915f4dfba60f6dc2c32e2043 54a7c50d70624eeeb653dd607343b096 - - default default] 10.0.0.211 "DELETE /v2.0/networks/a01f5d1f-a100-4cc1-a2c5-c3e3f7ee3745 HTTP/1.1" status: 204 len: 168 time: 0.5798409
2026-08-05 08:22:54.626 9 INFO neutron.wsgi [None req-2e23229e-6a7d-4c0a-a00c-40788f1fd156 5222e4d2915f4dfba60f6dc2c32e2043 54a7c50d70624eeeb653dd607343b096 - - default default] 10.0.0.211 "GET /v2.0/networks HTTP/1.1" status: 200 len: 845 time: 0.0712674
2026-08-05 08:22:54.766 10 INFO neutron.db.segments_db [None req-2713c625-d431-4023-a49d-20777a59230f 5222e4d2915f4dfba60f6dc2c32e2043 54a7c50d70624eeeb653dd607343b096 - - default default] Added segment 741ae05d-4783-42c5-a146-95738f1be023 of type geneve for network 24f4bf99-8660-4662-bf42-45b43c930059
2026-08-05 08:22:54.828 10 INFO neutron.services.segments.plugin [-] Segment c5b6239e-7a36-4c14-bacc-3d8ab2f3b534 resource provider aggregate not found
2026-08-05 08:22:54.833 10 INFO neutron.services.segments.plugin [-] Segment c5b6239e-7a36-4c14-bacc-3d8ab2f3b534 resource provider aggregate not found
2026-08-05 08:22:54.852 10 INFO neutron.services.segments.plugin [-] Segment c5b6239e-7a36-4c14-bacc-3d8ab2f3b534 resource provider not found; error: Placement Client Error (4xx): {"errors": [{"status": 404, "title": "Not Found", "detail": "The resource could not be found.\n\n No resource provider with uuid c5b6239e-7a36-4c14-bacc-3d8ab2f3b534 found for delete ", "request_id": "req-5f2f1e0c-e353-43d4-83ab-618cff086459"}]}
2026-08-05 08:22:54.852 10 INFO neutron.services.segments.plugin [-] Segment c5b6239e-7a36-4c14-bacc-3d8ab2f3b534 resource provider not found; error: Placement Client Error (4xx): {"errors": [{"status": 404, "title": "Not Found", "detail": "The resource could not be found.\n\n No resource provider with uuid c5b6239e-7a36-4c14-bacc-3d8ab2f3b534 found for delete ", "request_id": "req-eb3c0c9d-be77-45b4-8d78-a973e264b30b"}]}
2026-08-05 08:22:55.119 10 INFO neutron.wsgi [None req-74846b76-c128-4ee6-8406-5d2718b0d832 bad9087eb07a46fcaa754ad35477751f f9a2e9ff2e834de9970cd1125ab30f77 - - default default] 10.0.0.211 "DELETE /v2.0/networks/791598b6-aabd-4959-b9a3-677ddc409ca7 HTTP/1.1" status: 204 len: 168 time: 0.7052979
2026-08-05 08:22:55.199 10 INFO neutron.db.ovn_revision_numbers_db [None req-2713c625-d431-4023-a49d-20777a59230f 5222e4d2915f4dfba60f6dc2c32e2043 54a7c50d70624eeeb653dd607343b096 - - default default] Successfully bumped revision number for resource 24f4bf99-8660-4662-bf42-45b43c930059 (type: networks) to 1
2026-08-05 08:22:55.543 10 WARNING neutron.scheduler.dhcp_agent_scheduler [None req-2713c625-d431-4023-a49d-20777a59230f 5222e4d2915f4dfba60f6dc2c32e2043 54a7c50d70624eeeb653dd607343b096 - - default default] No more DHCP agents
2026-08-05 08:22:55.545 10 WARNING neutron.api.rpc.agentnotifiers.dhcp_rpc_agent_api [None req-2713c625-d431-4023-a49d-20777a59230f 5222e4d2915f4dfba60f6dc2c32e2043 54a7c50d70624eeeb653dd607343b096 - - default default] Unable to schedule network 24f4bf99-8660-4662-bf42-45b43c930059: no agents available; will retry on subsequent port and subnet creation events.
2026-08-05 08:22:55.825 9 INFO neutron.services.segments.plugin [-] Segment b6eb045d-ff1f-4832-967b-cb1eb55dd5ba resource provider aggregate not found
2026-08-05 08:22:55.833 9 INFO neutron.services.segments.plugin [-] Segment b6eb045d-ff1f-4832-967b-cb1eb55dd5ba resource provider aggregate not found
2026-08-05 08:22:55.837 10 INFO neutron.db.ovn_revision_numbers_db [None req-2713c625-d431-4023-a49d-20777a59230f 5222e4d2915f4dfba60f6dc2c32e2043 54a7c50d70624eeeb653dd607343b096 - - default default] Successfully bumped revision number for resource d2717f01-71c4-4943-ad41-fc27c2d12eda (type: ports) to 1
2026-08-05 08:22:55.846 9 INFO neutron.services.segments.plugin [-] Segment b6eb045d-ff1f-4832-967b-cb1eb55dd5ba resource provider not found; error: Placement Client Error (4xx): {"errors": [{"status": 404, "title": "Not Found", "detail": "The resource could not be found.\n\n No resource provider with uuid b6eb045d-ff1f-4832-967b-cb1eb55dd5ba found for delete ", "request_id": "req-baca5769-a132-462b-9884-9ead827dea5d"}]}
2026-08-05 08:22:55.861 10 INFO neutron.wsgi [None req-2713c625-d431-4023-a49d-20777a59230f 5222e4d2915f4dfba60f6dc2c32e2043 54a7c50d70624eeeb653dd607343b096 - - default default] 10.0.0.211 "POST /v2.0/networks HTTP/1.1" status: 201 len: 851 time: 1.2274587
2026-08-05 08:22:55.869 9 INFO neutron.services.segments.plugin [-] Segment b6eb045d-ff1f-4832-967b-cb1eb55dd5ba resource provider not found; error: Placement Client Error (4xx): {"errors": [{"status": 404, "title": "Not Found", "detail": "The resource could not be found.\n\n No resource provider with uuid b6eb045d-ff1f-4832-967b-cb1eb55dd5ba found for delete ", "request_id": "req-2deaebd4-d999-4ac8-9ae1-89c8768db5ca"}]}
2026-08-05 08:22:55.897 10 INFO neutron.wsgi [None req-eafac788-be80-4478-93be-bd1d45b2d3f6 bad9087eb07a46fcaa754ad35477751f f9a2e9ff2e834de9970cd1125ab30f77 - - default default] 10.0.0.211 "GET /v2.0/security-groups?tenant_id=3e6a3195bf54438087db19ccd298493c&name=default HTTP/1.1" status: 200 len: 2996 time: 0.0324888
2026-08-05 08:22:55.951 9 INFO neutron.db.segments_db [None req-0d9b89eb-1f7f-430d-a653-2cc4d853e75b 5222e4d2915f4dfba60f6dc2c32e2043 54a7c50d70624eeeb653dd607343b096 - - default default] Added segment f6ad71c5-42bd-40a7-a306-e6c803bb90f0 of type geneve for network 61636b32-55fd-40bd-a1f4-64b16f37c799
2026-08-05 08:22:56.117 9 INFO neutron.db.ovn_revision_numbers_db [None req-0d9b89eb-1f7f-430d-a653-2cc4d853e75b 5222e4d2915f4dfba60f6dc2c32e2043 54a7c50d70624eeeb653dd607343b096 - - default default] Successfully bumped revision number for resource 61636b32-55fd-40bd-a1f4-64b16f37c799 (type: networks) to 1
2026-08-05 08:22:56.123 10 INFO neutron.wsgi [None req-f370c6ee-a02c-483d-9da6-bdc3360ef816 bad9087eb07a46fcaa754ad35477751f f9a2e9ff2e834de9970cd1125ab30f77 - - default default] 10.0.0.211 "DELETE /v2.0/security-groups/59e903bd-da55-44c3-a4da-96b5e3c0b933 HTTP/1.1" status: 204 len: 168 time: 0.2215798
2026-08-05 08:22:56.318 9 WARNING neutron.scheduler.dhcp_agent_scheduler [None req-0d9b89eb-1f7f-430d-a653-2cc4d853e75b 5222e4d2915f4dfba60f6dc2c32e2043 54a7c50d70624eeeb653dd607343b096 - - default default] No more DHCP agents
2026-08-05 08:22:56.322 9 WARNING neutron.api.rpc.agentnotifiers.dhcp_rpc_agent_api [None req-0d9b89eb-1f7f-430d-a653-2cc4d853e75b 5222e4d2915f4dfba60f6dc2c32e2043 54a7c50d70624eeeb653dd607343b096 - - default default] Unable to schedule network 61636b32-55fd-40bd-a1f4-64b16f37c799: no agents available; will retry on subsequent port and subnet creation events.
2026-08-05 08:22:56.347 10 INFO neutron.db.ovn_revision_numbers_db [None req-84a490dc-061d-439e-bb56-bcf286d56fe8 bad9087eb07a46fcaa754ad35477751f f9a2e9ff2e834de9970cd1125ab30f77 - - default default] Successfully bumped revision number for resource 1a42c975-7257-4da9-92b4-df5e1a1fc079 (type: security_groups) to 1
2026-08-05 08:22:56.360 10 INFO neutron.db.ovn_revision_numbers_db [None req-84a490dc-061d-439e-bb56-bcf286d56fe8 bad9087eb07a46fcaa754ad35477751f f9a2e9ff2e834de9970cd1125ab30f77 - - default default] Successfully bumped revision number for resource 42e77ac5-60e9-41da-9f41-9df1a755cb52 (type: security_group_rules) to 0
2026-08-05 08:22:56.383 10 INFO neutron.db.ovn_revision_numbers_db [None req-84a490dc-061d-439e-bb56-bcf286d56fe8 bad9087eb07a46fcaa754ad35477751f f9a2e9ff2e834de9970cd1125ab30f77 - - default default] Successfully bumped revision number for resource a816a55b-18b1-451c-9c64-1d6d9913a834 (type: security_group_rules) to 0
2026-08-05 08:22:56.407 10 INFO neutron.db.ovn_revision_numbers_db [None req-84a490dc-061d-439e-bb56-bcf286d56fe8 bad9087eb07a46fcaa754ad35477751f f9a2e9ff2e834de9970cd1125ab30f77 - - default default] Successfully bumped revision number for resource b5fffabc-af6d-4b7a-bf70-32e58d09ab02 (type: security_group_rules) to 0
2026-08-05 08:22:56.419 9 INFO neutron.db.ovn_revision_numbers_db [None req-0d9b89eb-1f7f-430d-a653-2cc4d853e75b 5222e4d2915f4dfba60f6dc2c32e2043 54a7c50d70624eeeb653dd607343b096 - - default default] Successfully bumped revision number for resource 24f1db7c-fb4f-474e-b507-22df40537b3b (type: ports) to 1
2026-08-05 08:22:56.424 10 INFO neutron.db.ovn_revision_numbers_db [None req-84a490dc-061d-439e-bb56-bcf286d56fe8 bad9087eb07a46fcaa754ad35477751f f9a2e9ff2e834de9970cd1125ab30f77 - - default default] Successfully bumped revision number for resource c797a471-f838-4765-9ba8-c21b332b4875 (type: security_group_rules) to 0
2026-08-05 08:22:56.443 9 INFO neutron.wsgi [None req-0d9b89eb-1f7f-430d-a653-2cc4d853e75b 5222e4d2915f4dfba60f6dc2c32e2043 54a7c50d70624eeeb653dd607343b096 - - default default] 10.0.0.211 "POST /v2.0/networks HTTP/1.1" status: 201 len: 853 time: 0.5718646
2026-08-05 08:22:56.454 10 INFO neutron.wsgi [None req-84a490dc-061d-439e-bb56-bcf286d56fe8 bad9087eb07a46fcaa754ad35477751f f9a2e9ff2e834de9970cd1125ab30f77 - - default default] 10.0.0.211 "GET /v2.0/security-groups?tenant_id=5d4302d6fcd043cd93c2a9b751d884bb&name=default HTTP/1.1" status: 200 len: 2996 time: 0.4819546
2026-08-05 08:22:57.308 9 INFO neutron.wsgi [None req-78b5e523-ed8d-4375-8439-c1f8508ba67f bad9087eb07a46fcaa754ad35477751f f9a2e9ff2e834de9970cd1125ab30f77 - - default default] 10.0.0.211 "DELETE /v2.0/security-groups/1a42c975-7257-4da9-92b4-df5e1a1fc079 HTTP/1.1" status: 204 len: 168 time: 0.8486962
2026-08-05 08:22:57.329 9 WARNING neutron.scheduler.dhcp_agent_scheduler [None req-223332ea-e284-46bf-85d8-0f2b0713f434 5222e4d2915f4dfba60f6dc2c32e2043 54a7c50d70624eeeb653dd607343b096 - - default default] No more DHCP agents
2026-08-05 08:22:57.331 9 WARNING neutron.api.rpc.agentnotifiers.dhcp_rpc_agent_api [None req-223332ea-e284-46bf-85d8-0f2b0713f434 5222e4d2915f4dfba60f6dc2c32e2043 54a7c50d70624eeeb653dd607343b096 - - default default] Unable to schedule network 24f4bf99-8660-4662-bf42-45b43c930059: no agents available; will retry on subsequent port and subnet creation events.
2026-08-05 08:22:57.439 9 INFO neutron.db.ovn_revision_numbers_db [None req-223332ea-e284-46bf-85d8-0f2b0713f434 5222e4d2915f4dfba60f6dc2c32e2043 54a7c50d70624eeeb653dd607343b096 - - default default] Successfully bumped revision number for resource 6b73f30a-e507-4117-83e1-a795d86a4ad6 (type: ports) to 1
2026-08-05 08:22:57.473 9 WARNING neutron.scheduler.dhcp_agent_scheduler [None req-223332ea-e284-46bf-85d8-0f2b0713f434 5222e4d2915f4dfba60f6dc2c32e2043 54a7c50d70624eeeb653dd607343b096 - - default default] No more DHCP agents
2026-08-05 08:22:57.476 9 WARNING neutron.api.rpc.agentnotifiers.dhcp_rpc_agent_api [None req-223332ea-e284-46bf-85d8-0f2b0713f434 5222e4d2915f4dfba60f6dc2c32e2043 54a7c50d70624eeeb653dd607343b096 - - default default] Unable to schedule network 61636b32-55fd-40bd-a1f4-64b16f37c799: no agents available; will retry on subsequent port and subnet creation events.
2026-08-05 08:22:57.741 9 INFO neutron.db.ovn_revision_numbers_db [None req-223332ea-e284-46bf-85d8-0f2b0713f434 5222e4d2915f4dfba60f6dc2c32e2043 54a7c50d70624eeeb653dd607343b096 - - default default] Successfully bumped revision number for resource 14f9b432-5c8a-4486-b687-17642475b2f8 (type: ports) to 1
2026-08-05 08:22:57.789 9 INFO neutron.wsgi [None req-223332ea-e284-46bf-85d8-0f2b0713f434 5222e4d2915f4dfba60f6dc2c32e2043 54a7c50d70624eeeb653dd607343b096 - - default default] 10.0.0.211 "POST /v2.0/ports HTTP/1.1" status: 201 len: 1706 time: 1.3410180 /var/lib/openstack/lib/python3.10/site-packages/pycadf/identifier.py:71: UserWarning: Invalid uuid: neutron. To ensure interoperability, identifiers should be a valid uuid. warnings.warn(('Invalid uuid: %s. To ensure interoperability, '
2026-08-05 08:22:57.886 10 INFO neutron.db.ovn_revision_numbers_db [None req-31c5cd27-32e4-43a6-8a04-765aa7810286 bad9087eb07a46fcaa754ad35477751f f9a2e9ff2e834de9970cd1125ab30f77 - - default default] Successfully bumped revision number for resource ceb76856-1f56-4582-845d-2dc933845a2b (type: security_groups) to 1
2026-08-05 08:22:57.935 9 INFO neutron.wsgi [None req-ec9c8794-9018-4a1f-85f8-6bef8e071764 5222e4d2915f4dfba60f6dc2c32e2043 54a7c50d70624eeeb653dd607343b096 - - default default] 10.0.0.211 "GET /v2.0/ports HTTP/1.1" status: 200 len: 3213 time: 0.1307437
2026-08-05 08:22:57.954 10 INFO neutron.db.ovn_revision_numbers_db [None req-31c5cd27-32e4-43a6-8a04-765aa7810286 bad9087eb07a46fcaa754ad35477751f f9a2e9ff2e834de9970cd1125ab30f77 - - default default] Successfully bumped revision number for resource 2401c5a4-c8f8-470a-b920-0e7db2bc4b39 (type: security_group_rules) to 0
2026-08-05 08:22:58.034 10 INFO neutron.db.ovn_revision_numbers_db [None req-31c5cd27-32e4-43a6-8a04-765aa7810286 bad9087eb07a46fcaa754ad35477751f f9a2e9ff2e834de9970cd1125ab30f77 - - default default] Successfully bumped revision number for resource 5c87fdf8-208e-4271-a206-54c81e4ee4c5 (type: security_group_rules) to 0
2026-08-05 08:22:58.056 10 INFO neutron.db.ovn_revision_numbers_db [None req-31c5cd27-32e4-43a6-8a04-765aa7810286 bad9087eb07a46fcaa754ad35477751f f9a2e9ff2e834de9970cd1125ab30f77 - - default default] Successfully bumped revision number for resource db44ec98-5ebb-4add-b450-01a932743dee (type: security_group_rules) to 0
2026-08-05 08:22:58.085 10 INFO neutron.db.ovn_revision_numbers_db [None req-31c5cd27-32e4-43a6-8a04-765aa7810286 bad9087eb07a46fcaa754ad35477751f f9a2e9ff2e834de9970cd1125ab30f77 - - default default] Successfully bumped revision number for resource e4ee951f-e257-47c5-8719-a875acc89a85 (type: security_group_rules) to 0
2026-08-05 08:22:58.124 10 INFO neutron.wsgi [None req-31c5cd27-32e4-43a6-8a04-765aa7810286 bad9087eb07a46fcaa754ad35477751f f9a2e9ff2e834de9970cd1125ab30f77 - - default default] 10.0.0.211 "GET /v2.0/security-groups?tenant_id=b39e6cbfc054422cb622a71862f4b4f8&name=default HTTP/1.1" status: 200 len: 2996 time: 0.4255717
2026-08-05 08:22:58.149 10 INFO neutron.db.ovn_revision_numbers_db [None req-94bcac61-dc87-49ef-af69-1a48f1456d90 bad9087eb07a46fcaa754ad35477751f f9a2e9ff2e834de9970cd1125ab30f77 - - default default] Successfully bumped revision number for resource 8b27a523-c656-40ae-98df-c41b49c8189d (type: security_groups) to 1
2026-08-05 08:22:58.167 10 INFO neutron.db.ovn_revision_numbers_db [None req-94bcac61-dc87-49ef-af69-1a48f1456d90 bad9087eb07a46fcaa754ad35477751f f9a2e9ff2e834de9970cd1125ab30f77 - - default default] Successfully bumped revision number for resource 7aab4887-a34f-4624-aa36-8c677f6e8c9b (type: security_group_rules) to 0
