2026-08-05 08:23:28.126 10 INFO neutron.db.ovn_revision_numbers_db [None req-1ddc29f5-43d1-412f-aad1-0488650b0320 dfd0b230493e49ed96e70341b9909ac8 269e819494cd4f1f847d2edffe4b5277 - - default default] Successfully bumped revision number for resource 49476075-b164-4602-b529-bc054b698151 (type: security_group_rules) to 0
2026-08-05 08:23:28.143 10 INFO neutron.db.ovn_revision_numbers_db [None req-1ddc29f5-43d1-412f-aad1-0488650b0320 dfd0b230493e49ed96e70341b9909ac8 269e819494cd4f1f847d2edffe4b5277 - - default default] Successfully bumped revision number for resource 8db9e324-a4af-46e5-89e4-e179cca144f3 (type: security_group_rules) to 0
2026-08-05 08:23:28.166 10 INFO neutron.wsgi [None req-1ddc29f5-43d1-412f-aad1-0488650b0320 dfd0b230493e49ed96e70341b9909ac8 269e819494cd4f1f847d2edffe4b5277 - - default default] 10.0.0.211 "POST /v2.0/security-groups HTTP/1.1" status: 201 len: 1761 time: 0.5428967
2026-08-05 08:23:28.217 10 INFO neutron.db.ovn_revision_numbers_db [None req-a918186d-3dd6-44f5-bb14-4061e3e0cc3a 8beac6da00954ff9af360bd2f1de39c6 9656552870264ed78047f9ab4a1d4852 - - default default] Successfully bumped revision number for resource 74719f6a-ead3-4e33-bd02-faa6038b2427 (type: security_groups) to 1
2026-08-05 08:23:28.221 9 INFO neutron.wsgi [None req-fee0c50b-0177-470b-8cbe-dafe8364246c dfd0b230493e49ed96e70341b9909ac8 269e819494cd4f1f847d2edffe4b5277 - - default default] 10.0.0.211 "GET /v2.0/security-groups HTTP/1.1" status: 200 len: 4539 time: 0.0481784
2026-08-05 08:23:28.236 10 INFO neutron.db.ovn_revision_numbers_db [None req-a918186d-3dd6-44f5-bb14-4061e3e0cc3a 8beac6da00954ff9af360bd2f1de39c6 9656552870264ed78047f9ab4a1d4852 - - default default] Successfully bumped revision number for resource 38597615-41fe-4bc9-8916-e8717cf10f1f (type: security_group_rules) to 0
2026-08-05 08:23:28.248 10 INFO neutron.db.ovn_revision_numbers_db [None req-a918186d-3dd6-44f5-bb14-4061e3e0cc3a 8beac6da00954ff9af360bd2f1de39c6 9656552870264ed78047f9ab4a1d4852 - - default default] Successfully bumped revision number for resource 87f4fea8-af4f-4d79-a17d-f1a4d8803284 (type: security_group_rules) to 0
2026-08-05 08:23:28.261 10 INFO neutron.db.ovn_revision_numbers_db [None req-a918186d-3dd6-44f5-bb14-4061e3e0cc3a 8beac6da00954ff9af360bd2f1de39c6 9656552870264ed78047f9ab4a1d4852 - - default default] Successfully bumped revision number for resource a3647e8a-40d3-4604-aeca-6e4ece26e694 (type: security_group_rules) to 0
2026-08-05 08:23:28.274 10 INFO neutron.db.ovn_revision_numbers_db [None req-a918186d-3dd6-44f5-bb14-4061e3e0cc3a 8beac6da00954ff9af360bd2f1de39c6 9656552870264ed78047f9ab4a1d4852 - - default default] Successfully bumped revision number for resource ced64688-9e94-4604-a8a8-71c5f6e1efbc (type: security_group_rules) to 0
2026-08-05 08:23:28.296 9 INFO neutron.db.ovn_revision_numbers_db [None req-732c32a5-05a7-4bba-9b44-90cc5d65b59d dfd0b230493e49ed96e70341b9909ac8 269e819494cd4f1f847d2edffe4b5277 - - default default] Successfully bumped revision number for resource cceefe37-80bf-46a9-8718-d4a49c9820ad (type: security_groups) to 2
2026-08-05 08:23:28.299 9 INFO neutron.wsgi [None req-732c32a5-05a7-4bba-9b44-90cc5d65b59d dfd0b230493e49ed96e70341b9909ac8 269e819494cd4f1f847d2edffe4b5277 - - default default] 10.0.0.211 "PUT /v2.0/security-groups/cceefe37-80bf-46a9-8718-d4a49c9820ad HTTP/1.1" status: 200 len: 1795 time: 0.0734780
2026-08-05 08:23:28.338 10 INFO neutron.db.segments_db [None req-a918186d-3dd6-44f5-bb14-4061e3e0cc3a 8beac6da00954ff9af360bd2f1de39c6 9656552870264ed78047f9ab4a1d4852 - - default default] Added segment 152c16a2-583c-4750-9160-3675abb6b651 of type geneve for network 54ae1c7a-100a-4500-8ab7-052fe25b9219
2026-08-05 08:23:28.341 10 INFO neutron.wsgi [None req-7a513bc9-eeb4-4eb2-9a75-4877ffd622b4 dfd0b230493e49ed96e70341b9909ac8 269e819494cd4f1f847d2edffe4b5277 - - default default] 10.0.0.211 "GET /v2.0/security-groups/cceefe37-80bf-46a9-8718-d4a49c9820ad HTTP/1.1" status: 200 len: 1795 time: 0.0373981
2026-08-05 08:23:28.478 10 INFO neutron.wsgi [None req-af55c939-5e43-48ac-9891-bdc2624f05fc dfd0b230493e49ed96e70341b9909ac8 269e819494cd4f1f847d2edffe4b5277 - - default default] 10.0.0.211 "DELETE /v2.0/security-groups/cceefe37-80bf-46a9-8718-d4a49c9820ad HTTP/1.1" status: 204 len: 168 time: 0.1324911
2026-08-05 08:23:28.479 10 INFO neutron.db.segments_db [None req-a918186d-3dd6-44f5-bb14-4061e3e0cc3a 8beac6da00954ff9af360bd2f1de39c6 9656552870264ed78047f9ab4a1d4852 - - default default] Added segment 1e1f6bae-ffdf-46af-8ce8-10ab063ca506 of type geneve for network 270e2b89-cb79-4917-ad1f-1d9f86e4b046
2026-08-05 08:23:28.537 10 INFO neutron.wsgi [None req-5a0272c5-006f-456e-8ff0-a0449760606d dfd0b230493e49ed96e70341b9909ac8 269e819494cd4f1f847d2edffe4b5277 - - default default] 10.0.0.211 "GET /v2.0/security-groups HTTP/1.1" status: 200 len: 2996 time: 0.0458157
2026-08-05 08:23:28.555 9 INFO neutron.api.v2.resource [None req-c8ea3b95-be9c-4389-a17c-01872d713905 dfd0b230493e49ed96e70341b9909ac8 269e819494cd4f1f847d2edffe4b5277 - - default default] delete failed (client error): The resource could not be found.
2026-08-05 08:23:28.556 9 INFO neutron.wsgi [None req-c8ea3b95-be9c-4389-a17c-01872d713905 dfd0b230493e49ed96e70341b9909ac8 269e819494cd4f1f847d2edffe4b5277 - - default default] 10.0.0.211 "DELETE /v2.0/security-groups/cceefe37-80bf-46a9-8718-d4a49c9820ad HTTP/1.1" status: 404 len: 347 time: 0.0128746
2026-08-05 08:23:28.627 10 INFO neutron.db.ovn_revision_numbers_db [None req-a918186d-3dd6-44f5-bb14-4061e3e0cc3a 8beac6da00954ff9af360bd2f1de39c6 9656552870264ed78047f9ab4a1d4852 - - default default] Successfully bumped revision number for resource 54ae1c7a-100a-4500-8ab7-052fe25b9219 (type: networks) to 1
2026-08-05 08:23:28.690 9 WARNING neutron.plugins.ml2.drivers.ovn.mech_driver.ovsdb.ovn_client [None req-6eeebc64-6083-4af1-b313-107984a94cb5 - - - - - -] No hosting information found for port 3fb38d71-954c-473a-8de9-4dd4eec306e6: RuntimeError: No hosting information found for port 3fb38d71-954c-473a-8de9-4dd4eec306e6
2026-08-05 08:23:28.690 9 INFO neutron.plugins.ml2.drivers.ovn.mech_driver.mech_driver [None req-6eeebc64-6083-4af1-b313-107984a94cb5 - - - - - -] OVN reports status up for port: a28ab386-b8bb-45d9-b37d-da19b344b69b
2026-08-05 08:23:28.696 9 INFO neutron.plugins.ml2.plugin [None req-6eeebc64-6083-4af1-b313-107984a94cb5 - - - - - -] Attempt 1 to provision port a28ab386-b8bb-45d9-b37d-da19b344b69b
2026-08-05 08:23:28.707 9 INFO neutron.db.ovn_revision_numbers_db [None req-e42d2d96-f089-4ceb-aa2b-fff47b19cacb dfd0b230493e49ed96e70341b9909ac8 269e819494cd4f1f847d2edffe4b5277 - - default default] Successfully bumped revision number for resource be87055d-bc1c-4adc-b63c-82cfb7076e9f (type: security_groups) to 1
2026-08-05 08:23:28.723 9 INFO neutron.db.ovn_revision_numbers_db [None req-e42d2d96-f089-4ceb-aa2b-fff47b19cacb dfd0b230493e49ed96e70341b9909ac8 269e819494cd4f1f847d2edffe4b5277 - - default default] Successfully bumped revision number for resource 3cb38d42-3bdc-4089-aef7-c129cb45eb56 (type: security_group_rules) to 0
2026-08-05 08:23:28.744 9 INFO neutron.db.ovn_revision_numbers_db [None req-e42d2d96-f089-4ceb-aa2b-fff47b19cacb dfd0b230493e49ed96e70341b9909ac8 269e819494cd4f1f847d2edffe4b5277 - - default default] Successfully bumped revision number for resource c37ddeba-5b18-4a81-a698-c64d07a7328f (type: security_group_rules) to 0
2026-08-05 08:23:28.766 9 INFO neutron.wsgi [None req-e42d2d96-f089-4ceb-aa2b-fff47b19cacb dfd0b230493e49ed96e70341b9909ac8 269e819494cd4f1f847d2edffe4b5277 - - default default] 10.0.0.211 "POST /v2.0/security-groups HTTP/1.1" status: 201 len: 1761 time: 0.2004595
2026-08-05 08:23:28.803 10 WARNING neutron.scheduler.dhcp_agent_scheduler [None req-a918186d-3dd6-44f5-bb14-4061e3e0cc3a 8beac6da00954ff9af360bd2f1de39c6 9656552870264ed78047f9ab4a1d4852 - - default default] No more DHCP agents
2026-08-05 08:23:28.805 10 WARNING neutron.api.rpc.agentnotifiers.dhcp_rpc_agent_api [None req-a918186d-3dd6-44f5-bb14-4061e3e0cc3a 8beac6da00954ff9af360bd2f1de39c6 9656552870264ed78047f9ab4a1d4852 - - default default] Unable to schedule network 54ae1c7a-100a-4500-8ab7-052fe25b9219: no agents available; will retry on subsequent port and subnet creation events.
2026-08-05 08:23:28.874 10 INFO neutron.wsgi [None req-879204ba-f507-4362-a02e-14b734733ae1 894bdce4ec294c5ba7d3242b41ede3b5 09f76e1bddb1464eb6a9bd7316658b1f - - default default] 10.0.0.211 "GET /v2.0/ports/a28ab386-b8bb-45d9-b37d-da19b344b69b HTTP/1.1" status: 200 len: 1147 time: 0.0467930
2026-08-05 08:23:28.910 10 INFO neutron.db.ovn_revision_numbers_db [None req-a918186d-3dd6-44f5-bb14-4061e3e0cc3a 8beac6da00954ff9af360bd2f1de39c6 9656552870264ed78047f9ab4a1d4852 - - default default] Successfully bumped revision number for resource bc4399c1-fc78-449b-9609-78485f29a335 (type: ports) to 1
2026-08-05 08:23:28.972 10 INFO neutron.db.ovn_revision_numbers_db [None req-a918186d-3dd6-44f5-bb14-4061e3e0cc3a 8beac6da00954ff9af360bd2f1de39c6 9656552870264ed78047f9ab4a1d4852 - - default default] Successfully bumped revision number for resource 270e2b89-cb79-4917-ad1f-1d9f86e4b046 (type: networks) to 1
2026-08-05 08:23:29.037 9 INFO neutron.db.ovn_revision_numbers_db [None req-a6db9686-0e05-4073-9b65-29b64f342686 dfd0b230493e49ed96e70341b9909ac8 269e819494cd4f1f847d2edffe4b5277 - - default default] Successfully bumped revision number for resource 488ae132-516c-48c6-b0f4-810551a09bab (type: security_group_rules) to 0
2026-08-05 08:23:29.089 9 INFO neutron.wsgi [None req-a6db9686-0e05-4073-9b65-29b64f342686 dfd0b230493e49ed96e70341b9909ac8 269e819494cd4f1f847d2edffe4b5277 - - default default] 10.0.0.211 "POST /v2.0/security-group-rules HTTP/1.1" status: 201 len: 768 time: 0.3175323
2026-08-05 08:23:29.099 9 INFO neutron.db.ovn_revision_numbers_db [None req-6eeebc64-6083-4af1-b313-107984a94cb5 - - - - - -] Successfully bumped revision number for resource a28ab386-b8bb-45d9-b37d-da19b344b69b (type: ports) to 2
2026-08-05 08:23:29.123 10 INFO neutron.wsgi [None req-623ebb1a-38b7-43d3-807d-72570fcb11e3 dfd0b230493e49ed96e70341b9909ac8 269e819494cd4f1f847d2edffe4b5277 - - default default] 10.0.0.211 "GET /v2.0/security-group-rules/488ae132-516c-48c6-b0f4-810551a09bab HTTP/1.1" status: 200 len: 763 time: 0.0258694
2026-08-05 08:23:29.164 10 WARNING neutron.scheduler.dhcp_agent_scheduler [None req-a918186d-3dd6-44f5-bb14-4061e3e0cc3a 8beac6da00954ff9af360bd2f1de39c6 9656552870264ed78047f9ab4a1d4852 - - default default] No more DHCP agents
2026-08-05 08:23:29.170 10 WARNING neutron.api.rpc.agentnotifiers.dhcp_rpc_agent_api [None req-a918186d-3dd6-44f5-bb14-4061e3e0cc3a 8beac6da00954ff9af360bd2f1de39c6 9656552870264ed78047f9ab4a1d4852 - - default default] Unable to schedule network 270e2b89-cb79-4917-ad1f-1d9f86e4b046: no agents available; will retry on subsequent port and subnet creation events.
2026-08-05 08:23:29.190 10 INFO neutron.wsgi [None req-93689730-1c16-4ee0-b596-ec472dbec91d dfd0b230493e49ed96e70341b9909ac8 269e819494cd4f1f847d2edffe4b5277 - - default default] 10.0.0.211 "GET /v2.0/security-group-rules HTTP/1.1" status: 200 len: 4113 time: 0.0602374
2026-08-05 08:23:29.272 9 INFO neutron.db.ovn_revision_numbers_db [None req-6eeebc64-6083-4af1-b313-107984a94cb5 - - - - - -] Successfully bumped revision number for resource a28ab386-b8bb-45d9-b37d-da19b344b69b (type: router_ports) to 2
2026-08-05 08:23:29.276 10 INFO neutron.db.ovn_revision_numbers_db [None req-a918186d-3dd6-44f5-bb14-4061e3e0cc3a 8beac6da00954ff9af360bd2f1de39c6 9656552870264ed78047f9ab4a1d4852 - - default default] Successfully bumped revision number for resource 0ada9b38-c3bf-47ae-a9b3-4f79df7a6160 (type: ports) to 1
2026-08-05 08:23:29.330 10 INFO neutron.wsgi [None req-a918186d-3dd6-44f5-bb14-4061e3e0cc3a 8beac6da00954ff9af360bd2f1de39c6 9656552870264ed78047f9ab4a1d4852 - - default default] 10.0.0.211 "POST /v2.0/networks HTTP/1.1" status: 201 len: 1446 time: 1.3165593
2026-08-05 08:23:29.361 9 INFO neutron.wsgi [None req-1bf259f5-714e-48f4-9b7b-5313352594bf dfd0b230493e49ed96e70341b9909ac8 269e819494cd4f1f847d2edffe4b5277 - - default default] 10.0.0.211 "DELETE /v2.0/security-group-rules/488ae132-516c-48c6-b0f4-810551a09bab HTTP/1.1" status: 204 len: 168 time: 0.1642385
2026-08-05 08:23:29.413 9 INFO neutron.wsgi [None req-1ae5d85a-eff6-4b25-b29a-62aa47610c5c dfd0b230493e49ed96e70341b9909ac8 269e819494cd4f1f847d2edffe4b5277 - - default default] 10.0.0.211 "GET /v2.0/security-group-rules HTTP/1.1" status: 200 len: 3567 time: 0.0479157
2026-08-05 08:23:29.425 10 INFO neutron.wsgi [None req-11c74eeb-5cff-4451-9613-5b9ee6802c01 8beac6da00954ff9af360bd2f1de39c6 9656552870264ed78047f9ab4a1d4852 - - default default] 10.0.0.211 "GET /v2.0/networks HTTP/1.1" status: 200 len: 2052 time: 0.0900590
2026-08-05 08:23:29.496 9 INFO neutron.db.ovn_revision_numbers_db [None req-cf7a2879-1ee9-4a9a-a1f5-c5aea2bfa4e0 37acc2ce628c43f08bead20f54702cec 674f4531451b49cda6f58933bd04afad - - default default] Successfully bumped revision number for resource 08930269-f5a9-4b5d-b2ca-efcc73db6e03 (type: security_groups) to 1
2026-08-05 08:23:29.527 9 INFO neutron.db.ovn_revision_numbers_db [None req-cf7a2879-1ee9-4a9a-a1f5-c5aea2bfa4e0 37acc2ce628c43f08bead20f54702cec 674f4531451b49cda6f58933bd04afad - - default default] Successfully bumped revision number for resource 45747ec2-8000-42d3-b918-a227bfca84bd (type: security_group_rules) to 0
2026-08-05 08:23:29.550 9 INFO neutron.db.ovn_revision_numbers_db [None req-cf7a2879-1ee9-4a9a-a1f5-c5aea2bfa4e0 37acc2ce628c43f08bead20f54702cec 674f4531451b49cda6f58933bd04afad - - default default] Successfully bumped revision number for resource 6a218a9e-89b9-4a78-839a-dc9dc73f2e47 (type: security_group_rules) to 0
2026-08-05 08:23:29.564 9 INFO neutron.db.ovn_revision_numbers_db [None req-cf7a2879-1ee9-4a9a-a1f5-c5aea2bfa4e0 37acc2ce628c43f08bead20f54702cec 674f4531451b49cda6f58933bd04afad - - default default] Successfully bumped revision number for resource 854403ac-380f-4905-9773-78c3fafa775d (type: security_group_rules) to 0
2026-08-05 08:23:29.573 9 INFO neutron.db.ovn_revision_numbers_db [None req-dbef907b-ccd7-4c88-9cb3-46713f9492fe dfd0b230493e49ed96e70341b9909ac8 269e819494cd4f1f847d2edffe4b5277 - - default default] Successfully bumped revision number for resource af828687-db0d-479e-b7f1-3c4eaa0b6db1 (type: security_group_rules) to 0
2026-08-05 08:23:29.580 9 INFO neutron.db.ovn_revision_numbers_db [None req-cf7a2879-1ee9-4a9a-a1f5-c5aea2bfa4e0 37acc2ce628c43f08bead20f54702cec 674f4531451b49cda6f58933bd04afad - - default default] Successfully bumped revision number for resource f40d032e-a862-4f26-8ea7-99a4536f197d (type: security_group_rules) to 0
2026-08-05 08:23:29.602 9 INFO neutron.wsgi [None req-dbef907b-ccd7-4c88-9cb3-46713f9492fe dfd0b230493e49ed96e70341b9909ac8 269e819494cd4f1f847d2edffe4b5277 - - default default] 10.0.0.211 "POST /v2.0/security-group-rules HTTP/1.1" status: 201 len: 768 time: 0.1838388
2026-08-05 08:23:29.623 9 INFO neutron.wsgi [None req-f7355106-2123-4162-ae5f-c310a5e5f416 dfd0b230493e49ed96e70341b9909ac8 269e819494cd4f1f847d2edffe4b5277 - - default default] 10.0.0.211 "GET /v2.0/security-group-rules/af828687-db0d-479e-b7f1-3c4eaa0b6db1 HTTP/1.1" status: 200 len: 763 time: 0.0141771
2026-08-05 08:23:29.638 9 INFO neutron.db.segments_db [None req-cf7a2879-1ee9-4a9a-a1f5-c5aea2bfa4e0 37acc2ce628c43f08bead20f54702cec 674f4531451b49cda6f58933bd04afad - - default default] Added segment 341aee29-1c56-4ee6-b89a-abcac020fe88 of type geneve for network d755759d-5b13-47ff-a1a7-b42bcca385c4
2026-08-05 08:23:29.675 9 INFO neutron.wsgi [None req-9b3c230b-f278-43ac-8193-49081830e773 dfd0b230493e49ed96e70341b9909ac8 269e819494cd4f1f847d2edffe4b5277 - - default default] 10.0.0.211 "GET /v2.0/security-group-rules HTTP/1.1" status: 200 len: 4113 time: 0.0461242
2026-08-05 08:23:29.796 10 INFO neutron.services.segments.plugin [-] Segment 152c16a2-583c-4750-9160-3675abb6b651 resource provider aggregate not found
2026-08-05 08:23:29.801 10 INFO neutron.services.segments.plugin [-] Segment 152c16a2-583c-4750-9160-3675abb6b651 resource provider aggregate not found
2026-08-05 08:23:29.816 10 INFO neutron.services.segments.plugin [-] Segment 152c16a2-583c-4750-9160-3675abb6b651 resource provider not found; error: Placement Client Error (4xx): {"errors": [{"status": 404, "title": "Not Found", "detail": "The resource could not be found.\n\n No resource provider with uuid 152c16a2-583c-4750-9160-3675abb6b651 found for delete ", "request_id": "req-625dac5b-92cf-4e50-876f-dfedf0426a5a"}]}
2026-08-05 08:23:29.819 10 INFO neutron.services.segments.plugin [-] Segment 152c16a2-583c-4750-9160-3675abb6b651 resource provider not found; error: Placement Client Error (4xx): {"errors": [{"status": 404, "title": "Not Found", "detail": "The resource could not be found.\n\n No resource provider with uuid 152c16a2-583c-4750-9160-3675abb6b651 found for delete ", "request_id": "req-76c3c7bc-d2bb-4da9-aa71-891d5cb7c6f6"}]}
2026-08-05 08:23:29.886 9 INFO neutron.db.ovn_revision_numbers_db [None req-cf7a2879-1ee9-4a9a-a1f5-c5aea2bfa4e0 37acc2ce628c43f08bead20f54702cec 674f4531451b49cda6f58933bd04afad - - default default] Successfully bumped revision number for resource d755759d-5b13-47ff-a1a7-b42bcca385c4 (type: networks) to 1
2026-08-05 08:23:29.902 9 INFO neutron.wsgi [None req-0dea455e-118d-46eb-85a1-144773b8eaf2 dfd0b230493e49ed96e70341b9909ac8 269e819494cd4f1f847d2edffe4b5277 - - default default] 10.0.0.211 "DELETE /v2.0/security-group-rules/af828687-db0d-479e-b7f1-3c4eaa0b6db1 HTTP/1.1" status: 204 len: 168 time: 0.2208993
2026-08-05 08:23:29.913 10 INFO neutron.wsgi [None req-ffa31388-f392-4a22-9a38-c57c5a236288 894bdce4ec294c5ba7d3242b41ede3b5 09f76e1bddb1464eb6a9bd7316658b1f - - default default] 10.0.0.211 "GET /v2.0/ports/a28ab386-b8bb-45d9-b37d-da19b344b69b HTTP/1.1" status: 200 len: 1149 time: 0.0305595
2026-08-05 08:23:29.920 10 INFO neutron.wsgi [None req-0dfb76ca-0fbe-4cd6-a491-39de62a5b1f1 8beac6da00954ff9af360bd2f1de39c6 9656552870264ed78047f9ab4a1d4852 - - default default] 10.0.0.211 "DELETE /v2.0/networks/54ae1c7a-100a-4500-8ab7-052fe25b9219 HTTP/1.1" status: 204 len: 168 time: 0.4885478
2026-08-05 08:23:30.008 9 INFO neutron.wsgi [None req-099736b3-e77d-43ae-a864-3499290ee7a2 dfd0b230493e49ed96e70341b9909ac8 269e819494cd4f1f847d2edffe4b5277 - - default default] 10.0.0.211 "GET /v2.0/security-group-rules HTTP/1.1" status: 200 len: 3567 time: 0.1021938
2026-08-05 08:23:30.116 9 INFO neutron.db.securitygroups_db [None req-741f310d-ad02-4251-86e8-44d167cb568b dfd0b230493e49ed96e70341b9909ac8 269e819494cd4f1f847d2edffe4b5277 - - default default] Project 269e819494cd4f1f847d2edffe4b5277 added a security group rule with legacy IPv6 ICMP protocol name icmp, ipv6-icmp should be used instead. It was automatically converted.
2026-08-05 08:23:30.211 9 WARNING neutron.scheduler.dhcp_agent_scheduler [None req-cf7a2879-1ee9-4a9a-a1f5-c5aea2bfa4e0 37acc2ce628c43f08bead20f54702cec 674f4531451b49cda6f58933bd04afad - - default default] No more DHCP agents
2026-08-05 08:23:30.226 9 WARNING neutron.api.rpc.agentnotifiers.dhcp_rpc_agent_api [None req-cf7a2879-1ee9-4a9a-a1f5-c5aea2bfa4e0 37acc2ce628c43f08bead20f54702cec 674f4531451b49cda6f58933bd04afad - - default default] Unable to schedule network d755759d-5b13-47ff-a1a7-b42bcca385c4: no agents available; will retry on subsequent port and subnet creation events.
2026-08-05 08:23:30.371 9 INFO neutron.db.ovn_revision_numbers_db [None req-cf7a2879-1ee9-4a9a-a1f5-c5aea2bfa4e0 37acc2ce628c43f08bead20f54702cec 674f4531451b49cda6f58933bd04afad - - default default] Successfully bumped revision number for resource 913be25f-07e7-4135-b3b3-c6ecfb49a09a (type: ports) to 1
2026-08-05 08:23:30.390 9 INFO neutron.db.ovn_revision_numbers_db [None req-741f310d-ad02-4251-86e8-44d167cb568b dfd0b230493e49ed96e70341b9909ac8 269e819494cd4f1f847d2edffe4b5277 - - default default] Successfully bumped revision number for resource 0e5153ec-8df0-44de-aeec-a462aafb8220 (type: security_group_rules) to 0
2026-08-05 08:23:30.427 9 INFO neutron.wsgi [None req-cf7a2879-1ee9-4a9a-a1f5-c5aea2bfa4e0 37acc2ce628c43f08bead20f54702cec 674f4531451b49cda6f58933bd04afad - - default default] 10.0.0.211 "POST /v2.0/networks HTTP/1.1" status: 201 len: 848 time: 1.3024764
2026-08-05 08:23:30.453 9 INFO neutron.wsgi [None req-741f310d-ad02-4251-86e8-44d167cb568b dfd0b230493e49ed96e70341b9909ac8 269e819494cd4f1f847d2edffe4b5277 - - default default] 10.0.0.211 "POST /v2.0/security-group-rules HTTP/1.1" status: 201 len: 774 time: 0.4323902
2026-08-05 08:23:30.481 9 INFO neutron.wsgi [None req-6677c8ab-022e-411b-afb1-ec152bce8809 dfd0b230493e49ed96e70341b9909ac8 269e819494cd4f1f847d2edffe4b5277 - - default default] 10.0.0.211 "GET /v2.0/security-group-rules/0e5153ec-8df0-44de-aeec-a462aafb8220 HTTP/1.1" status: 200 len: 769 time: 0.0215986
2026-08-05 08:23:30.535 10 INFO neutron.wsgi [None req-ae8397d4-e113-48bf-847f-9b2edab4cda8 dfd0b230493e49ed96e70341b9909ac8 269e819494cd4f1f847d2edffe4b5277 - - default default] 10.0.0.211 "GET /v2.0/security-group-rules HTTP/1.1" status: 200 len: 4119 time: 0.0470338
2026-08-05 08:23:30.538 9 INFO neutron.services.segments.plugin [-] Segment 1e1f6bae-ffdf-46af-8ce8-10ab063ca506 resource provider aggregate not found
2026-08-05 08:23:30.552 9 INFO neutron.services.segments.plugin [-] Segment 1e1f6bae-ffdf-46af-8ce8-10ab063ca506 resource provider aggregate not found
2026-08-05 08:23:30.557 9 INFO neutron.services.segments.plugin [-] Segment 1e1f6bae-ffdf-46af-8ce8-10ab063ca506 resource provider not found; error: Placement Client Error (4xx): {"errors": [{"status": 404, "title": "Not Found", "detail": "The resource could not be found.\n\n No resource provider with uuid 1e1f6bae-ffdf-46af-8ce8-10ab063ca506 found for delete ", "request_id": "req-58f90dd6-3627-4dca-8c63-48f873d58b27"}]}
2026-08-05 08:23:30.567 9 INFO neutron.services.segments.plugin [-] Segment 1e1f6bae-ffdf-46af-8ce8-10ab063ca506 resource provider not found; error: Placement Client Error (4xx): {"errors": [{"status": 404, "title": "Not Found", "detail": "The resource could not be found.\n\n No resource provider with uuid 1e1f6bae-ffdf-46af-8ce8-10ab063ca506 found for delete ", "request_id": "req-73d93283-4006-4f9b-9397-ebdf85e867f0"}]}
2026-08-05 08:23:30.625 9 INFO neutron.wsgi [None req-7fd931f8-506d-442f-8e8f-201bd5ee63bd 8beac6da00954ff9af360bd2f1de39c6 9656552870264ed78047f9ab4a1d4852 - - default default] 10.0.0.211 "DELETE /v2.0/networks/270e2b89-cb79-4917-ad1f-1d9f86e4b046 HTTP/1.1" status: 204 len: 168 time: 0.6989350
2026-08-05 08:23:30.704 9 INFO neutron.wsgi [None req-29428fbb-eaef-44f3-b65e-2758b398d296 8beac6da00954ff9af360bd2f1de39c6 9656552870264ed78047f9ab4a1d4852 - - default default] 10.0.0.211 "GET /v2.0/networks HTTP/1.1" status: 200 len: 845 time: 0.0738826
2026-08-05 08:23:30.788 9 INFO neutron.db.segments_db [None req-ccaf3ac8-cf2f-4c37-9eda-f0a165d03493 8beac6da00954ff9af360bd2f1de39c6 9656552870264ed78047f9ab4a1d4852 - - default default] Added segment 72354896-a40a-4666-b4f7-613033ae9188 of type geneve for network 236d0d61-900e-418e-8ca8-dbbb58e5b484
2026-08-05 08:23:30.833 10 INFO neutron.wsgi [None req-34912626-ee03-4b83-bde7-98b64b67e601 dfd0b230493e49ed96e70341b9909ac8 269e819494cd4f1f847d2edffe4b5277 - - default default] 10.0.0.211 "DELETE /v2.0/security-group-rules/0e5153ec-8df0-44de-aeec-a462aafb8220 HTTP/1.1" status: 204 len: 168 time: 0.2943583
2026-08-05 08:23:30.845 10 INFO neutron.wsgi [None req-7df8bc0b-2508-485e-a53d-f59e7136ab3f 894bdce4ec294c5ba7d3242b41ede3b5 09f76e1bddb1464eb6a9bd7316658b1f - - default default] 10.0.0.211 "PUT /v2.0/routers/654c8721-8b50-4063-998b-99f61e189696/remove_router_interface HTTP/1.1" status: 200 len: 503 time: 0.9245493 /var/lib/openstack/lib/python3.10/site-packages/pycadf/identifier.py:71: UserWarning: Invalid uuid: neutron. To ensure interoperability, identifiers should be a valid uuid. warnings.warn(('Invalid uuid: %s. To ensure interoperability, '
2026-08-05 08:23:30.899 10 WARNING neutron.scheduler.dhcp_agent_scheduler [None req-e72664de-2d54-42cb-ad19-ddc5e78f8538 37acc2ce628c43f08bead20f54702cec 674f4531451b49cda6f58933bd04afad - - default default] No more DHCP agents
2026-08-05 08:23:30.901 10 WARNING neutron.api.rpc.agentnotifiers.dhcp_rpc_agent_api [None req-e72664de-2d54-42cb-ad19-ddc5e78f8538 37acc2ce628c43f08bead20f54702cec 674f4531451b49cda6f58933bd04afad - - default default] Unable to schedule network d755759d-5b13-47ff-a1a7-b42bcca385c4: no agents available; will retry on subsequent port and subnet creation events.
2026-08-05 08:23:30.902 9 INFO neutron.wsgi [None req-6f947c45-a1b9-487a-b3da-45344873e782 dfd0b230493e49ed96e70341b9909ac8 269e819494cd4f1f847d2edffe4b5277 - - default default] 10.0.0.211 "GET /v2.0/security-group-rules HTTP/1.1" status: 200 len: 3567 time: 0.0628116
2026-08-05 08:23:30.940 10 INFO neutron.db.ovn_revision_numbers_db [None req-e72664de-2d54-42cb-ad19-ddc5e78f8538 37acc2ce628c43f08bead20f54702cec 674f4531451b49cda6f58933bd04afad - - default default] Successfully bumped revision number for resource 097778ab-e177-4188-a1af-7b4993a25691 (type: subnets) to 0
2026-08-05 08:23:30.942 9 INFO neutron.db.ovn_revision_numbers_db [None req-ccaf3ac8-cf2f-4c37-9eda-f0a165d03493 8beac6da00954ff9af360bd2f1de39c6 9656552870264ed78047f9ab4a1d4852 - - default default] Successfully bumped revision number for resource 236d0d61-900e-418e-8ca8-dbbb58e5b484 (type: networks) to 1
2026-08-05 08:23:30.954 10 INFO neutron.wsgi [None req-533cc2c7-16d1-4d26-bc22-5c4888c51d88 894bdce4ec294c5ba7d3242b41ede3b5 09f76e1bddb1464eb6a9bd7316658b1f - - default default] 10.0.0.211 "GET /v2.0/ports/3fb38d71-954c-473a-8de9-4dd4eec306e6 HTTP/1.1" status: 200 len: 1141 time: 0.1045921
2026-08-05 08:23:30.985 10 INFO neutron.wsgi [None req-e72664de-2d54-42cb-ad19-ddc5e78f8538 37acc2ce628c43f08bead20f54702cec 674f4531451b49cda6f58933bd04afad - - default default] 10.0.0.211 "POST /v2.0/subnets HTTP/1.1" status: 201 len: 802 time: 0.5517941
2026-08-05 08:23:31.151 9 INFO neutron.wsgi [None req-09e8c656-c03d-45b9-927f-627becc8ba59 dfd0b230493e49ed96e70341b9909ac8 269e819494cd4f1f847d2edffe4b5277 - - default default] 10.0.0.211 "DELETE /v2.0/security-groups/be87055d-bc1c-4adc-b63c-82cfb7076e9f HTTP/1.1" status: 204 len: 168 time: 0.2373140
2026-08-05 08:23:31.197 10 INFO neutron.wsgi [None req-e8691bc7-f875-45e4-97e4-263b52e8c2a5 dfd0b230493e49ed96e70341b9909ac8 269e819494cd4f1f847d2edffe4b5277 - - default default] 10.0.0.211 "GET /v2.0/security-groups HTTP/1.1" status: 200 len: 2996 time: 0.0409031
2026-08-05 08:23:31.253 10 INFO neutron.wsgi [None req-da6aa2e7-9bd9-450a-b2cf-487831b89a11 dfd0b230493e49ed96e70341b9909ac8 269e819494cd4f1f847d2edffe4b5277 - - default default] 10.0.0.211 "GET /v2.0/security-groups HTTP/1.1" status: 200 len: 2996 time: 0.0490465
2026-08-05 08:23:31.267 9 WARNING neutron.scheduler.dhcp_agent_scheduler [None req-ccaf3ac8-cf2f-4c37-9eda-f0a165d03493 8beac6da00954ff9af360bd2f1de39c6 9656552870264ed78047f9ab4a1d4852 - - default default] No more DHCP agents
2026-08-05 08:23:31.271 9 WARNING neutron.api.rpc.agentnotifiers.dhcp_rpc_agent_api [None req-ccaf3ac8-cf2f-4c37-9eda-f0a165d03493 8beac6da00954ff9af360bd2f1de39c6 9656552870264ed78047f9ab4a1d4852 - - default default] Unable to schedule network 236d0d61-900e-418e-8ca8-dbbb58e5b484: no agents available; will retry on subsequent port and subnet creation events.
2026-08-05 08:23:31.395 9 INFO neutron.db.ovn_revision_numbers_db [None req-ccaf3ac8-cf2f-4c37-9eda-f0a165d03493 8beac6da00954ff9af360bd2f1de39c6 9656552870264ed78047f9ab4a1d4852 - - default default] Successfully bumped revision number for resource 989c5fc6-3a4a-46f6-aa64-979cef202669 (type: ports) to 1
2026-08-05 08:23:31.489 9 INFO neutron.wsgi [None req-ccaf3ac8-cf2f-4c37-9eda-f0a165d03493 8beac6da00954ff9af360bd2f1de39c6 9656552870264ed78047f9ab4a1d4852 - - default default] 10.0.0.211 "POST /v2.0/networks HTTP/1.1" status: 201 len: 848 time: 0.7794857
2026-08-05 08:23:31.594 9 WARNING neutron.scheduler.dhcp_agent_scheduler [None req-66c2b583-f305-45d9-8b2b-0e04415f5024 37acc2ce628c43f08bead20f54702cec 674f4531451b49cda6f58933bd04afad - - default default] No more DHCP agents
2026-08-05 08:23:31.597 9 WARNING neutron.api.rpc.agentnotifiers.dhcp_rpc_agent_api [None req-66c2b583-f305-45d9-8b2b-0e04415f5024 37acc2ce628c43f08bead20f54702cec 674f4531451b49cda6f58933bd04afad - - default default] Unable to schedule network 75671639-418b-4cd4-9307-cb01dcf271c9: no agents available; will retry on subsequent port and subnet creation events.
2026-08-05 08:23:31.733 9 INFO neutron.db.ovn_revision_numbers_db [None req-66c2b583-f305-45d9-8b2b-0e04415f5024 37acc2ce628c43f08bead20f54702cec 674f4531451b49cda6f58933bd04afad - - default default] Successfully bumped revision number for resource 450f1660-652c-4358-80d1-58522b37c40c (type: ports) to 1
2026-08-05 08:23:31.848 10 INFO neutron.wsgi [None req-2e828028-b002-4a2c-866f-82928158252c 894bdce4ec294c5ba7d3242b41ede3b5 09f76e1bddb1464eb6a9bd7316658b1f - - default default] 10.0.0.211 "PUT /v2.0/routers/654c8721-8b50-4063-998b-99f61e189696/remove_router_interface HTTP/1.1" status: 200 len: 503 time: 0.8883896
2026-08-05 08:23:31.850 10 INFO neutron.db.segments_db [None req-50cf7a36-6c20-4251-b533-16fea927b926 8beac6da00954ff9af360bd2f1de39c6 9656552870264ed78047f9ab4a1d4852 - - default default] Added segment a2479bd8-dad6-461a-a86e-6ffd1bb76ca8 of type geneve for network d19c1e75-662d-4907-8696-c40898ace0f2
2026-08-05 08:23:31.873 9 INFO neutron.wsgi [None req-47fce9c1-4c04-4130-b77f-d82ae48a353a 894bdce4ec294c5ba7d3242b41ede3b5 09f76e1bddb1464eb6a9bd7316658b1f - - default default] 10.0.0.211 "GET /v2.0/ports?device_id=654c8721-8b50-4063-998b-99f61e189696 HTTP/1.1" status: 200 len: 205 time: 0.0179651 /var/lib/openstack/lib/python3.10/site-packages/pycadf/identifier.py:71: UserWarning: Invalid uuid: neutron. To ensure interoperability, identifiers should be a valid uuid. warnings.warn(('Invalid uuid: %s. To ensure interoperability, '
2026-08-05 08:23:32.104 10 INFO neutron.wsgi [None req-d250ce62-9459-4cfe-9fb0-aeacbc4b9e0d bad9087eb07a46fcaa754ad35477751f f9a2e9ff2e834de9970cd1125ab30f77 - - default default] 10.0.0.211 "GET /v2.0/security-groups?tenant_id=269e819494cd4f1f847d2edffe4b5277&name=default HTTP/1.1" status: 200 len: 2996 time: 0.2306919
2026-08-05 08:23:32.198 10 INFO neutron.db.ovn_revision_numbers_db [None req-50cf7a36-6c20-4251-b533-16fea927b926 8beac6da00954ff9af360bd2f1de39c6 9656552870264ed78047f9ab4a1d4852 - - default default] Successfully bumped revision number for resource d19c1e75-662d-4907-8696-c40898ace0f2 (type: networks) to 1
2026-08-05 08:23:32.390 10 INFO neutron.wsgi [None req-37a2ddcb-fed0-45cd-8f1a-b8dbb030efb5 894bdce4ec294c5ba7d3242b41ede3b5 09f76e1bddb1464eb6a9bd7316658b1f - - default default] 10.0.0.211 "DELETE /v2.0/routers/654c8721-8b50-4063-998b-99f61e189696 HTTP/1.1" status: 204 len: 168 time: 0.5090795
2026-08-05 08:23:32.412 9 INFO neutron.db.ovn_revision_numbers_db [None req-66c2b583-f305-45d9-8b2b-0e04415f5024 37acc2ce628c43f08bead20f54702cec 674f4531451b49cda6f58933bd04afad - - default default] Successfully bumped revision number for resource 450f1660-652c-4358-80d1-58522b37c40c (type: router_ports) to 1
2026-08-05 08:23:32.450 10 WARNING neutron.scheduler.dhcp_agent_scheduler [None req-50cf7a36-6c20-4251-b533-16fea927b926 8beac6da00954ff9af360bd2f1de39c6 9656552870264ed78047f9ab4a1d4852 - - default default] No more DHCP agents
2026-08-05 08:23:32.452 10 WARNING neutron.api.rpc.agentnotifiers.dhcp_rpc_agent_api [None req-50cf7a36-6c20-4251-b533-16fea927b926 8beac6da00954ff9af360bd2f1de39c6 9656552870264ed78047f9ab4a1d4852 - - default default] Unable to schedule network d19c1e75-662d-4907-8696-c40898ace0f2: no agents available; will retry on subsequent port and subnet creation events.
2026-08-05 08:23:32.585 10 INFO neutron.db.ovn_revision_numbers_db [None req-50cf7a36-6c20-4251-b533-16fea927b926 8beac6da00954ff9af360bd2f1de39c6 9656552870264ed78047f9ab4a1d4852 - - default default] Successfully bumped revision number for resource ba6d73db-b8ae-4172-8a4a-170cacd0a2f7 (type: ports) to 1
2026-08-05 08:23:32.612 10 INFO neutron.wsgi [None req-50cf7a36-6c20-4251-b533-16fea927b926 8beac6da00954ff9af360bd2f1de39c6 9656552870264ed78047f9ab4a1d4852 - - default default] 10.0.0.211 "POST /v2.0/networks HTTP/1.1" status: 201 len: 848 time: 1.1190786
2026-08-05 08:23:32.634 10 INFO neutron.wsgi [None req-8222c55d-bd8a-4743-8aa0-fb745a33c054 894bdce4ec294c5ba7d3242b41ede3b5 09f76e1bddb1464eb6a9bd7316658b1f - - default default] 10.0.0.211 "DELETE /v2.0/subnets/c0a368bd-cefc-4503-bb79-504fd23411fe HTTP/1.1" status: 204 len: 168 time: 0.2380784
2026-08-05 08:23:32.693 9 INFO neutron.db.ovn_revision_numbers_db [None req-66c2b583-f305-45d9-8b2b-0e04415f5024 37acc2ce628c43f08bead20f54702cec 674f4531451b49cda6f58933bd04afad - - default default] Successfully bumped revision number for resource 8cf04a2f-e2a9-40c8-8cb2-3977daac6607 (type: routers) to 2
2026-08-05 08:23:32.705 9 INFO neutron.wsgi [None req-66c2b583-f305-45d9-8b2b-0e04415f5024 37acc2ce628c43f08bead20f54702cec 674f4531451b49cda6f58933bd04afad - - default default] 10.0.0.211 "POST /v2.0/routers HTTP/1.1" status: 201 len: 875 time: 1.7063274
2026-08-05 08:23:32.761 9 INFO neutron.wsgi [None req-2f5f8175-8541-43cc-ad48-2f51e992d490 bad9087eb07a46fcaa754ad35477751f f9a2e9ff2e834de9970cd1125ab30f77 - - default default] 10.0.0.211 "DELETE /v2.0/security-groups/ee62b7ce-a9f2-4acd-8a6b-05d6730f7d16 HTTP/1.1" status: 204 len: 168 time: 0.6526568
2026-08-05 08:23:32.892 10 INFO neutron.wsgi [None req-a8eaa5a7-d548-4aa6-9bc9-58262fc1f9e3 894bdce4ec294c5ba7d3242b41ede3b5 09f76e1bddb1464eb6a9bd7316658b1f - - default default] 10.0.0.211 "DELETE /v2.0/subnets/2b551af3-7a5d-4ee6-a407-4e17eb65c72b HTTP/1.1" status: 204 len: 168 time: 0.2478316
2026-08-05 08:23:33.200 9 WARNING neutron.scheduler.dhcp_agent_scheduler [None req-e4f7f6c9-9b33-46d0-a7b9-6af1aba8ecdc 37acc2ce628c43f08bead20f54702cec 674f4531451b49cda6f58933bd04afad - - default default] No more DHCP agents
2026-08-05 08:23:33.204 9 WARNING neutron.api.rpc.agentnotifiers.dhcp_rpc_agent_api [None req-e4f7f6c9-9b33-46d0-a7b9-6af1aba8ecdc 37acc2ce628c43f08bead20f54702cec 674f4531451b49cda6f58933bd04afad - - default default] Unable to schedule network d755759d-5b13-47ff-a1a7-b42bcca385c4: no agents available; will retry on subsequent port and subnet creation events.
2026-08-05 08:23:33.212 10 WARNING neutron.scheduler.dhcp_agent_scheduler [None req-57e16a6a-9cd5-409b-819a-9f347777f679 8beac6da00954ff9af360bd2f1de39c6 9656552870264ed78047f9ab4a1d4852 - - default default] No more DHCP agents
2026-08-05 08:23:33.217 10 WARNING neutron.api.rpc.agentnotifiers.dhcp_rpc_agent_api [None req-57e16a6a-9cd5-409b-819a-9f347777f679 8beac6da00954ff9af360bd2f1de39c6 9656552870264ed78047f9ab4a1d4852 - - default default] Unable to schedule network 236d0d61-900e-418e-8ca8-dbbb58e5b484: no agents available; will retry on subsequent port and subnet creation events.
2026-08-05 08:23:33.318 10 INFO neutron.services.segments.plugin [-] Segment 1c94aae7-eab7-4fa4-a7c4-527158b37fed resource provider aggregate not found
2026-08-05 08:23:33.322 10 INFO neutron.services.segments.plugin [-] Segment 1c94aae7-eab7-4fa4-a7c4-527158b37fed resource provider aggregate not found
2026-08-05 08:23:33.333 10 INFO neutron.db.ovn_revision_numbers_db [None req-57e16a6a-9cd5-409b-819a-9f347777f679 8beac6da00954ff9af360bd2f1de39c6 9656552870264ed78047f9ab4a1d4852 - - default default] Successfully bumped revision number for resource f139cf24-6038-496b-88a7-18af64b7b2c7 (type: ports) to 1
2026-08-05 08:23:33.338 10 INFO neutron.services.segments.plugin [-] Segment 1c94aae7-eab7-4fa4-a7c4-527158b37fed resource provider not found; error: Placement Client Error (4xx): {"errors": [{"status": 404, "title": "Not Found", "detail": "The resource could not be found.\n\n No resource provider with uuid 1c94aae7-eab7-4fa4-a7c4-527158b37fed found for delete ", "request_id": "req-844a6e4c-e220-486c-8284-0821f64c1e3c"}]}
2026-08-05 08:23:33.340 10 INFO neutron.services.segments.plugin [-] Segment 1c94aae7-eab7-4fa4-a7c4-527158b37fed resource provider not found; error: Placement Client Error (4xx): {"errors": [{"status": 404, "title": "Not Found", "detail": "The resource could not be found.\n\n No resource provider with uuid 1c94aae7-eab7-4fa4-a7c4-527158b37fed found for delete ", "request_id": "req-db5dc5e7-3c30-4134-ad3a-c1519e0aee1b"}]}
2026-08-05 08:23:33.365 10 WARNING neutron.scheduler.dhcp_agent_scheduler [None req-57e16a6a-9cd5-409b-819a-9f347777f679 8beac6da00954ff9af360bd2f1de39c6 9656552870264ed78047f9ab4a1d4852 - - default default] No more DHCP agents
2026-08-05 08:23:33.372 10 WARNING neutron.api.rpc.agentnotifiers.dhcp_rpc_agent_api [None req-57e16a6a-9cd5-409b-819a-9f347777f679 8beac6da00954ff9af360bd2f1de39c6 9656552870264ed78047f9ab4a1d4852 - - default default] Unable to schedule network d19c1e75-662d-4907-8696-c40898ace0f2: no agents available; will retry on subsequent port and subnet creation events.
2026-08-05 08:23:33.378 10 INFO neutron.wsgi [None req-568a4235-5e63-4b4b-9a4b-32edb73723bd 894bdce4ec294c5ba7d3242b41ede3b5 09f76e1bddb1464eb6a9bd7316658b1f - - default default] 10.0.0.211 "DELETE /v2.0/networks/0a7f19c1-20a2-41e6-bc4c-00066fae923e HTTP/1.1" status: 204 len: 168 time: 0.4834573
2026-08-05 08:23:33.403 9 INFO neutron.db.ovn_revision_numbers_db [None req-e4f7f6c9-9b33-46d0-a7b9-6af1aba8ecdc 37acc2ce628c43f08bead20f54702cec 674f4531451b49cda6f58933bd04afad - - default default] Successfully bumped revision number for resource aefc8e63-9c49-47d9-b798-158cc1f8a54b (type: ports) to 1
2026-08-05 08:23:33.451 10 INFO neutron.db.ovn_revision_numbers_db [None req-57e16a6a-9cd5-409b-819a-9f347777f679 8beac6da00954ff9af360bd2f1de39c6 9656552870264ed78047f9ab4a1d4852 - - default default] Successfully bumped revision number for resource 12e23500-7a36-4872-a712-c5ce91471007 (type: ports) to 1
2026-08-05 08:23:33.470 10 INFO neutron.wsgi [None req-57e16a6a-9cd5-409b-819a-9f347777f679 8beac6da00954ff9af360bd2f1de39c6 9656552870264ed78047f9ab4a1d4852 - - default default] 10.0.0.211 "POST /v2.0/ports HTTP/1.1" status: 201 len: 1706 time: 0.8513134 /var/lib/openstack/lib/python3.10/site-packages/pycadf/identifier.py:71: UserWarning: Invalid uuid: neutron. To ensure interoperability, identifiers should be a valid uuid. warnings.warn(('Invalid uuid: %s. To ensure interoperability, '
2026-08-05 08:23:33.584 10 INFO neutron.wsgi [None req-7f78de06-c369-4c18-9d36-e7aa3fcab74b 8beac6da00954ff9af360bd2f1de39c6 9656552870264ed78047f9ab4a1d4852 - - default default] 10.0.0.211 "GET /v2.0/ports HTTP/1.1" status: 200 len: 3213 time: 0.1080134
2026-08-05 08:23:33.892 9 INFO neutron.services.segments.plugin [-] Segment 05d893e3-0178-4550-97ca-484b6c408956 resource provider aggregate not found
2026-08-05 08:23:33.897 9 INFO neutron.services.segments.plugin [-] Segment 05d893e3-0178-4550-97ca-484b6c408956 resource provider aggregate not found
2026-08-05 08:23:33.913 9 INFO neutron.services.segments.plugin [-] Segment 05d893e3-0178-4550-97ca-484b6c408956 resource provider not found; error: Placement Client Error (4xx): {"errors": [{"status": 404, "title": "Not Found", "detail": "The resource could not be found.\n\n No resource provider with uuid 05d893e3-0178-4550-97ca-484b6c408956 found for delete ", "request_id": "req-78bfd80c-f057-47da-9d4c-62867d09401e"}]}
2026-08-05 08:23:33.918 9 INFO neutron.services.segments.plugin [-] Segment 05d893e3-0178-4550-97ca-484b6c408956 resource provider not found; error: Placement Client Error (4xx): {"errors": [{"status": 404, "title": "Not Found", "detail": "The resource could not be found.\n\n No resource provider with uuid 05d893e3-0178-4550-97ca-484b6c408956 found for delete ", "request_id": "req-cf6f4135-2454-429c-b0aa-8f98acb0c49c"}]}
2026-08-05 08:23:33.992 10 INFO neutron.wsgi [None req-1925a872-c739-4537-b38c-44641ebb6b54 8beac6da00954ff9af360bd2f1de39c6 9656552870264ed78047f9ab4a1d4852 - - default default] 10.0.0.211 "DELETE /v2.0/ports/f139cf24-6038-496b-88a7-18af64b7b2c7 HTTP/1.1" status: 204 len: 168 time: 0.4001348
2026-08-05 08:23:34.049 9 INFO neutron.wsgi [None req-db90ba39-9843-4139-a0c2-88fb5baa69ae 894bdce4ec294c5ba7d3242b41ede3b5 09f76e1bddb1464eb6a9bd7316658b1f - - default default] 10.0.0.211 "DELETE /v2.0/networks/b223910e-cea3-431f-ae87-62dc1974fdd1 HTTP/1.1" status: 204 len: 168 time: 0.6436417
2026-08-05 08:23:34.090 10 INFO neutron.plugins.ml2.drivers.ovn.mech_driver.mech_driver [None req-dae38973-109e-4f5b-8203-0129e33c5fd5 - - - - - -] OVN reports status up for port: aefc8e63-9c49-47d9-b798-158cc1f8a54b
2026-08-05 08:23:34.115 10 INFO neutron.plugins.ml2.plugin [None req-dae38973-109e-4f5b-8203-0129e33c5fd5 - - - - - -] Attempt 1 to provision port aefc8e63-9c49-47d9-b798-158cc1f8a54b
2026-08-05 08:23:34.120 9 INFO neutron.db.ovn_revision_numbers_db [None req-e4f7f6c9-9b33-46d0-a7b9-6af1aba8ecdc 37acc2ce628c43f08bead20f54702cec 674f4531451b49cda6f58933bd04afad - - default default] Successfully bumped revision number for resource aefc8e63-9c49-47d9-b798-158cc1f8a54b (type: router_ports) to 1
2026-08-05 08:23:34.141 10 INFO neutron.wsgi [-] 10.0.0.69 "GET / HTTP/1.1" status: 200 len: 245 time: 0.0015779
2026-08-05 08:23:34.142 10 INFO neutron.wsgi [-] 10.0.0.69 "GET / HTTP/1.1" status: 200 len: 245 time: 0.0011618
2026-08-05 08:23:34.167 10 INFO neutron.db.segments_db [None req-2e1c77f6-7f9b-4150-a824-8f6ea1a63e15 894bdce4ec294c5ba7d3242b41ede3b5 09f76e1bddb1464eb6a9bd7316658b1f - - default default] Added segment 27233919-849b-402e-b1f7-3576c4ff717d of type geneve for network f6142b8c-50d6-48e0-9532-674d39b2ad14
2026-08-05 08:23:34.331 9 INFO neutron.db.ovn_revision_numbers_db [None req-e4f7f6c9-9b33-46d0-a7b9-6af1aba8ecdc 37acc2ce628c43f08bead20f54702cec 674f4531451b49cda6f58933bd04afad - - default default] Successfully bumped revision number for resource aefc8e63-9c49-47d9-b798-158cc1f8a54b (type: ports) to 1
2026-08-05 08:23:34.336 10 INFO neutron.db.ovn_revision_numbers_db [None req-2e1c77f6-7f9b-4150-a824-8f6ea1a63e15 894bdce4ec294c5ba7d3242b41ede3b5 09f76e1bddb1464eb6a9bd7316658b1f - - default default] Successfully bumped revision number for resource f6142b8c-50d6-48e0-9532-674d39b2ad14 (type: networks) to 1
2026-08-05 08:23:34.345 9 INFO neutron.wsgi [None req-bd759007-8ca6-42b3-a135-552631554bc9 8beac6da00954ff9af360bd2f1de39c6 9656552870264ed78047f9ab4a1d4852 - - default default] 10.0.0.211 "DELETE /v2.0/ports/12e23500-7a36-4872-a712-c5ce91471007 HTTP/1.1" status: 204 len: 168 time: 0.3446124
2026-08-05 08:23:34.399 9 WARNING neutron.scheduler.dhcp_agent_scheduler [None req-e4f7f6c9-9b33-46d0-a7b9-6af1aba8ecdc 37acc2ce628c43f08bead20f54702cec 674f4531451b49cda6f58933bd04afad - - default default] No more DHCP agents
2026-08-05 08:23:34.400 9 WARNING neutron.api.rpc.agentnotifiers.dhcp_rpc_agent_api [None req-e4f7f6c9-9b33-46d0-a7b9-6af1aba8ecdc 37acc2ce628c43f08bead20f54702cec 674f4531451b49cda6f58933bd04afad - - default default] Unable to schedule network d755759d-5b13-47ff-a1a7-b42bcca385c4: no agents available; will retry on subsequent port and subnet creation events.
2026-08-05 08:23:34.406 10 INFO neutron.wsgi [None req-1554d035-ae2e-493f-8bdc-8279d4da98fc 8beac6da00954ff9af360bd2f1de39c6 9656552870264ed78047f9ab4a1d4852 - - default default] 10.0.0.211 "GET /v2.0/ports HTTP/1.1" status: 200 len: 1718 time: 0.0540125
2026-08-05 08:23:34.498 10 INFO neutron.db.ovn_revision_numbers_db [None req-dae38973-109e-4f5b-8203-0129e33c5fd5 - - - - - -] Successfully bumped revision number for resource aefc8e63-9c49-47d9-b798-158cc1f8a54b (type: ports) to 2
2026-08-05 08:23:34.562 9 WARNING neutron.plugins.ml2.drivers.ovn.mech_driver.ovsdb.ovn_client [None req-6eeebc64-6083-4af1-b313-107984a94cb5 - - - - - -] No port found with ID a28ab386-b8bb-45d9-b37d-da19b344b69b: RuntimeError: No port found with ID a28ab386-b8bb-45d9-b37d-da19b344b69b
2026-08-05 08:23:34.562 9 INFO neutron.plugins.ml2.drivers.ovn.mech_driver.mech_driver [None req-6eeebc64-6083-4af1-b313-107984a94cb5 - - - - - -] OVN reports status up for port: 450f1660-652c-4358-80d1-58522b37c40c
2026-08-05 08:23:34.563 10 WARNING neutron.scheduler.dhcp_agent_scheduler [None req-2e1c77f6-7f9b-4150-a824-8f6ea1a63e15 894bdce4ec294c5ba7d3242b41ede3b5 09f76e1bddb1464eb6a9bd7316658b1f - - default default] No more DHCP agents
2026-08-05 08:23:34.569 9 INFO neutron.db.segments_db [None req-d3119afe-a899-4199-92f2-265915c7be32 8beac6da00954ff9af360bd2f1de39c6 9656552870264ed78047f9ab4a1d4852 - - default default] Added segment d108e7a9-a9e5-4716-bddf-29d3143c214b of type geneve for network f9192c9c-168d-4a60-a14a-d4ba8008e464
2026-08-05 08:23:34.572 9 INFO neutron.plugins.ml2.plugin [None req-6eeebc64-6083-4af1-b313-107984a94cb5 - - - - - -] Attempt 1 to provision port 450f1660-652c-4358-80d1-58522b37c40c
2026-08-05 08:23:34.597 10 WARNING neutron.api.rpc.agentnotifiers.dhcp_rpc_agent_api [None req-2e1c77f6-7f9b-4150-a824-8f6ea1a63e15 894bdce4ec294c5ba7d3242b41ede3b5 09f76e1bddb1464eb6a9bd7316658b1f - - default default] Unable to schedule network f6142b8c-50d6-48e0-9532-674d39b2ad14: no agents available; will retry on subsequent port and subnet creation events.
2026-08-05 08:23:34.689 10 INFO neutron.db.ovn_revision_numbers_db [None req-dae38973-109e-4f5b-8203-0129e33c5fd5 - - - - - -] Successfully bumped revision number for resource aefc8e63-9c49-47d9-b798-158cc1f8a54b (type: router_ports) to 2
2026-08-05 08:23:34.709 10 INFO neutron.db.ovn_revision_numbers_db [None req-2e1c77f6-7f9b-4150-a824-8f6ea1a63e15 894bdce4ec294c5ba7d3242b41ede3b5 09f76e1bddb1464eb6a9bd7316658b1f - - default default] Successfully bumped revision number for resource 74aa2bb6-92b9-4591-b485-69e5e3a18d7d (type: ports) to 1
2026-08-05 08:23:34.745 10 INFO neutron.wsgi [None req-2e1c77f6-7f9b-4150-a824-8f6ea1a63e15 894bdce4ec294c5ba7d3242b41ede3b5 09f76e1bddb1464eb6a9bd7316658b1f - - default default] 10.0.0.211 "POST /v2.0/networks HTTP/1.1" status: 201 len: 832 time: 0.6900265
2026-08-05 08:23:34.801 9 INFO neutron.db.ovn_revision_numbers_db [None req-d3119afe-a899-4199-92f2-265915c7be32 8beac6da00954ff9af360bd2f1de39c6 9656552870264ed78047f9ab4a1d4852 - - default default] Successfully bumped revision number for resource f9192c9c-168d-4a60-a14a-d4ba8008e464 (type: networks) to 1
2026-08-05 08:23:34.806 10 INFO neutron.wsgi [None req-3a9b2e0b-ee5a-407a-a223-1b767b0ebc4c a8921d0aa1f04a8c90a928a482a50f42 5e2b13cc1830475f8172530575feaaba - - default default] 10.0.0.211 "POST /v2.0/subnetpools HTTP/1.1" status: 201 len: 746 time: 0.3010745
2026-08-05 08:23:34.846 10 INFO neutron.wsgi [None req-dd8c2a93-38bf-4882-96ac-cfbda0229cca a8921d0aa1f04a8c90a928a482a50f42 5e2b13cc1830475f8172530575feaaba - - default default] 10.0.0.211 "GET /v2.0/subnetpools/2d700df0-8749-400e-ab00-58f6b3482fe2 HTTP/1.1" status: 200 len: 741 time: 0.0337889
2026-08-05 08:23:34.846 9 INFO neutron.db.ovn_revision_numbers_db [None req-e4f7f6c9-9b33-46d0-a7b9-6af1aba8ecdc 37acc2ce628c43f08bead20f54702cec 674f4531451b49cda6f58933bd04afad - - default default] Successfully bumped revision number for resource aefc8e63-9c49-47d9-b798-158cc1f8a54b (type: router_ports) to 2
2026-08-05 08:23:34.849 9 INFO neutron.wsgi [None req-e4f7f6c9-9b33-46d0-a7b9-6af1aba8ecdc 37acc2ce628c43f08bead20f54702cec 674f4531451b49cda6f58933bd04afad - - default default] 10.0.0.211 "PUT /v2.0/routers/8cf04a2f-e2a9-40c8-8cb2-3977daac6607/add_router_interface HTTP/1.1" status: 200 len: 503 time: 2.1374834
2026-08-05 08:23:34.980 9 INFO neutron.wsgi [None req-780483ce-2a96-4635-9f39-220f207e7c79 a8921d0aa1f04a8c90a928a482a50f42 5e2b13cc1830475f8172530575feaaba - - default default] 10.0.0.211 "PUT /v2.0/subnetpools/2d700df0-8749-400e-ab00-58f6b3482fe2 HTTP/1.1" status: 200 len: 695 time: 0.1206920
2026-08-05 08:23:35.031 9 WARNING neutron.scheduler.dhcp_agent_scheduler [None req-d3119afe-a899-4199-92f2-265915c7be32 8beac6da00954ff9af360bd2f1de39c6 9656552870264ed78047f9ab4a1d4852 - - default default] No more DHCP agents
2026-08-05 08:23:35.033 9 WARNING neutron.api.rpc.agentnotifiers.dhcp_rpc_agent_api [None req-d3119afe-a899-4199-92f2-265915c7be32 8beac6da00954ff9af360bd2f1de39c6 9656552870264ed78047f9ab4a1d4852 - - default default] Unable to schedule network f9192c9c-168d-4a60-a14a-d4ba8008e464: no agents available; will retry on subsequent port and subnet creation events.
2026-08-05 08:23:35.085 9 INFO neutron.wsgi [None req-600edcf4-c651-418e-a945-88e2c7e4f73a a8921d0aa1f04a8c90a928a482a50f42 5e2b13cc1830475f8172530575feaaba - - default default] 10.0.0.211 "DELETE /v2.0/subnetpools/2d700df0-8749-400e-ab00-58f6b3482fe2 HTTP/1.1" status: 204 len: 168 time: 0.0974216
2026-08-05 08:23:35.110 9 INFO neutron.api.v2.resource [None req-88e396f3-e37f-4df6-abb5-5f71a0929e97 a8921d0aa1f04a8c90a928a482a50f42 5e2b13cc1830475f8172530575feaaba - - default default] show failed (client error): The resource could not be found.
2026-08-05 08:23:35.111 9 INFO neutron.wsgi [None req-88e396f3-e37f-4df6-abb5-5f71a0929e97 a8921d0aa1f04a8c90a928a482a50f42 5e2b13cc1830475f8172530575feaaba - - default default] 10.0.0.211 "GET /v2.0/subnetpools/2d700df0-8749-400e-ab00-58f6b3482fe2 HTTP/1.1" status: 404 len: 346 time: 0.0101044
2026-08-05 08:23:35.125 9 INFO neutron.db.ovn_revision_numbers_db [None req-d3119afe-a899-4199-92f2-265915c7be32 8beac6da00954ff9af360bd2f1de39c6 9656552870264ed78047f9ab4a1d4852 - - default default] Successfully bumped revision number for resource 6be18cee-21a4-4542-ade4-8e1722d5656a (type: ports) to 1
2026-08-05 08:23:35.126 9 INFO neutron.api.v2.resource [None req-26845209-1676-43f3-85ea-663af1ce218a a8921d0aa1f04a8c90a928a482a50f42 5e2b13cc1830475f8172530575feaaba - - default default] delete failed (client error): The resource could not be found.
