2026-08-05 08:26:39.839 10 INFO neutron.db.ovn_revision_numbers_db [None req-da71b45d-e2f3-4255-9032-fe6f263007d3 bad9087eb07a46fcaa754ad35477751f f9a2e9ff2e834de9970cd1125ab30f77 - - default default] Successfully bumped revision number for resource 48e5b339-cafd-4429-af6c-943cd27bb51d (type: security_group_rules) to 0
2026-08-05 08:26:39.856 10 INFO neutron.db.ovn_revision_numbers_db [None req-da71b45d-e2f3-4255-9032-fe6f263007d3 bad9087eb07a46fcaa754ad35477751f f9a2e9ff2e834de9970cd1125ab30f77 - - default default] Successfully bumped revision number for resource 86263ad6-afb6-49c5-8bf5-c634a4d29172 (type: security_group_rules) to 0
2026-08-05 08:26:39.888 10 INFO neutron.db.ovn_revision_numbers_db [None req-da71b45d-e2f3-4255-9032-fe6f263007d3 bad9087eb07a46fcaa754ad35477751f f9a2e9ff2e834de9970cd1125ab30f77 - - default default] Successfully bumped revision number for resource f4c293d1-e5cb-4549-8f98-982af32bfb2d (type: security_group_rules) to 0
2026-08-05 08:26:39.911 10 INFO neutron.wsgi [None req-da71b45d-e2f3-4255-9032-fe6f263007d3 bad9087eb07a46fcaa754ad35477751f f9a2e9ff2e834de9970cd1125ab30f77 - - default default] 10.0.0.211 "GET /v2.0/security-groups?tenant_id=c38b2e86b9ae446788d43e489c31b004&name=default HTTP/1.1" status: 200 len: 3000 time: 0.2196529
2026-08-05 08:26:40.142 10 INFO neutron.wsgi [None req-1dbaada4-ea88-4372-a4ad-2e8a5c017cc5 bad9087eb07a46fcaa754ad35477751f f9a2e9ff2e834de9970cd1125ab30f77 - - default default] 10.0.0.211 "DELETE /v2.0/security-groups/9c9bf570-1280-4094-986e-1f1886b08a4e HTTP/1.1" status: 204 len: 168 time: 0.2248385
2026-08-05 08:26:40.162 9 INFO neutron.db.ovn_revision_numbers_db [None req-ba979e32-101b-4904-8344-66ebb7cae0cc bad9087eb07a46fcaa754ad35477751f f9a2e9ff2e834de9970cd1125ab30f77 - - default default] Successfully bumped revision number for resource e494fc45-de10-4f2a-bb33-044ef9bf47e8 (type: security_groups) to 1
2026-08-05 08:26:40.181 9 INFO neutron.db.ovn_revision_numbers_db [None req-ba979e32-101b-4904-8344-66ebb7cae0cc bad9087eb07a46fcaa754ad35477751f f9a2e9ff2e834de9970cd1125ab30f77 - - default default] Successfully bumped revision number for resource 12e7bcef-fec5-4a79-8092-81c0ed1b0e3f (type: security_group_rules) to 0
2026-08-05 08:26:40.197 9 INFO neutron.db.ovn_revision_numbers_db [None req-ba979e32-101b-4904-8344-66ebb7cae0cc bad9087eb07a46fcaa754ad35477751f f9a2e9ff2e834de9970cd1125ab30f77 - - default default] Successfully bumped revision number for resource 5307a182-ef30-490f-825c-d17cd994d89b (type: security_group_rules) to 0
2026-08-05 08:26:40.218 9 INFO neutron.db.ovn_revision_numbers_db [None req-ba979e32-101b-4904-8344-66ebb7cae0cc bad9087eb07a46fcaa754ad35477751f f9a2e9ff2e834de9970cd1125ab30f77 - - default default] Successfully bumped revision number for resource bfd54c05-07d7-4745-81c2-283efca0240e (type: security_group_rules) to 0
2026-08-05 08:26:40.238 9 INFO neutron.db.ovn_revision_numbers_db [None req-ba979e32-101b-4904-8344-66ebb7cae0cc bad9087eb07a46fcaa754ad35477751f f9a2e9ff2e834de9970cd1125ab30f77 - - default default] Successfully bumped revision number for resource cce73a69-34db-4a86-8f1b-50969511975d (type: security_group_rules) to 0
2026-08-05 08:26:40.271 9 INFO neutron.wsgi [None req-ba979e32-101b-4904-8344-66ebb7cae0cc bad9087eb07a46fcaa754ad35477751f f9a2e9ff2e834de9970cd1125ab30f77 - - default default] 10.0.0.211 "GET /v2.0/security-groups?tenant_id=ac756589819b4bee875db838a3b2ede9&name=default HTTP/1.1" status: 200 len: 3000 time: 0.5119145
2026-08-05 08:26:40.568 10 INFO neutron.wsgi [None req-b0834044-507a-46d0-83ab-a916a7e85919 bad9087eb07a46fcaa754ad35477751f f9a2e9ff2e834de9970cd1125ab30f77 - - default default] 10.0.0.211 "DELETE /v2.0/security-groups/e494fc45-de10-4f2a-bb33-044ef9bf47e8 HTTP/1.1" status: 204 len: 168 time: 0.2900693
2026-08-05 08:26:40.738 9 INFO neutron.db.ovn_revision_numbers_db [None req-afa270ba-4f38-4a50-b7e8-7c39862929b0 bad9087eb07a46fcaa754ad35477751f f9a2e9ff2e834de9970cd1125ab30f77 - - default default] Successfully bumped revision number for resource 31d27209-1570-4ffe-9d7d-97eab395392f (type: security_groups) to 1
2026-08-05 08:26:40.763 10 INFO neutron.wsgi [None req-8605bbc3-880d-4df9-91b7-4c2d86cb1e42 bad9087eb07a46fcaa754ad35477751f f9a2e9ff2e834de9970cd1125ab30f77 - - default default] 10.0.0.211 "GET /v2.0/security-groups?tenant_id=183f3712271d4f859b51ad37ba04ba69&name=default HTTP/1.1" status: 200 len: 3000 time: 0.0506868
2026-08-05 08:26:40.780 9 INFO neutron.db.ovn_revision_numbers_db [None req-afa270ba-4f38-4a50-b7e8-7c39862929b0 bad9087eb07a46fcaa754ad35477751f f9a2e9ff2e834de9970cd1125ab30f77 - - default default] Successfully bumped revision number for resource 39cf098a-ec70-4cf5-817f-00c862f53526 (type: security_group_rules) to 0
2026-08-05 08:26:40.811 9 INFO neutron.db.ovn_revision_numbers_db [None req-afa270ba-4f38-4a50-b7e8-7c39862929b0 bad9087eb07a46fcaa754ad35477751f f9a2e9ff2e834de9970cd1125ab30f77 - - default default] Successfully bumped revision number for resource 4015f1be-14b5-49ac-91fe-997d49e00a9c (type: security_group_rules) to 0
2026-08-05 08:26:40.832 9 INFO neutron.db.ovn_revision_numbers_db [None req-afa270ba-4f38-4a50-b7e8-7c39862929b0 bad9087eb07a46fcaa754ad35477751f f9a2e9ff2e834de9970cd1125ab30f77 - - default default] Successfully bumped revision number for resource 8557eae4-0061-450b-971d-901388dca287 (type: security_group_rules) to 0
2026-08-05 08:26:40.861 9 INFO neutron.db.ovn_revision_numbers_db [None req-afa270ba-4f38-4a50-b7e8-7c39862929b0 bad9087eb07a46fcaa754ad35477751f f9a2e9ff2e834de9970cd1125ab30f77 - - default default] Successfully bumped revision number for resource d25d49cf-213d-4dde-97f1-57c469977012 (type: security_group_rules) to 0
2026-08-05 08:26:40.891 9 INFO neutron.wsgi [None req-afa270ba-4f38-4a50-b7e8-7c39862929b0 bad9087eb07a46fcaa754ad35477751f f9a2e9ff2e834de9970cd1125ab30f77 - - default default] 10.0.0.211 "GET /v2.0/security-groups?tenant_id=ea29fec4ef284439a094a16f813738d1&name=default HTTP/1.1" status: 200 len: 3000 time: 0.7572565
2026-08-05 08:26:41.014 10 INFO neutron.wsgi [None req-1c0a9550-04cd-409d-91f5-61cd8e4d3a25 bad9087eb07a46fcaa754ad35477751f f9a2e9ff2e834de9970cd1125ab30f77 - - default default] 10.0.0.211 "DELETE /v2.0/security-groups/8c8e08d4-1e49-44c7-868d-9123141d1bd3 HTTP/1.1" status: 204 len: 168 time: 0.2474573
2026-08-05 08:26:41.323 9 INFO neutron.services.segments.plugin [-] Segment b229bf61-df73-4d66-afc6-b3bc8a078570 resource provider aggregate not found
2026-08-05 08:26:41.332 9 INFO neutron.services.segments.plugin [-] Segment b229bf61-df73-4d66-afc6-b3bc8a078570 resource provider aggregate not found
2026-08-05 08:26:41.339 9 INFO neutron.services.segments.plugin [-] Segment b229bf61-df73-4d66-afc6-b3bc8a078570 resource provider not found; error: Placement Client Error (4xx): {"errors": [{"status": 404, "title": "Not Found", "detail": "The resource could not be found.\n\n No resource provider with uuid b229bf61-df73-4d66-afc6-b3bc8a078570 found for delete ", "request_id": "req-af13b468-80ef-4637-bd34-0872c51d216a"}]}
2026-08-05 08:26:41.347 9 INFO neutron.services.segments.plugin [-] Segment b229bf61-df73-4d66-afc6-b3bc8a078570 resource provider not found; error: Placement Client Error (4xx): {"errors": [{"status": 404, "title": "Not Found", "detail": "The resource could not be found.\n\n No resource provider with uuid b229bf61-df73-4d66-afc6-b3bc8a078570 found for delete ", "request_id": "req-cc515b5e-5844-45d3-9a4c-9bcf0e3c0950"}]}
2026-08-05 08:26:41.457 10 INFO neutron.wsgi [None req-b952ff46-0cca-45b0-88cd-aa6b565139a4 bad9087eb07a46fcaa754ad35477751f f9a2e9ff2e834de9970cd1125ab30f77 - - default default] 10.0.0.211 "DELETE /v2.0/security-groups/31d27209-1570-4ffe-9d7d-97eab395392f HTTP/1.1" status: 204 len: 168 time: 0.5615914
2026-08-05 08:26:41.647 10 INFO neutron.wsgi [None req-1ddaae6d-94dc-4ca4-b800-750357d60f45 bad9087eb07a46fcaa754ad35477751f f9a2e9ff2e834de9970cd1125ab30f77 - - default default] 10.0.0.211 "GET /v2.0/security-groups?tenant_id=5c05cca9790e426f9739e83bedcca85d&name=default HTTP/1.1" status: 200 len: 3000 time: 0.0327237
2026-08-05 08:26:41.940 10 INFO neutron.wsgi [None req-3b2947f1-8e34-4cdb-9284-b75712cf30d0 bad9087eb07a46fcaa754ad35477751f f9a2e9ff2e834de9970cd1125ab30f77 - - default default] 10.0.0.211 "DELETE /v2.0/security-groups/d6f30b0c-596a-45b3-81d1-2c5bc5244fde HTTP/1.1" status: 204 len: 168 time: 0.2881343
2026-08-05 08:26:46.090 10 INFO neutron.db.ovn_revision_numbers_db [None req-16c024bc-69f1-4efa-bcfc-945f77bed135 bad9087eb07a46fcaa754ad35477751f f9a2e9ff2e834de9970cd1125ab30f77 - - default default] Successfully bumped revision number for resource cf76c47f-6901-48b7-9250-0fc61891d4f7 (type: security_groups) to 1
2026-08-05 08:26:46.120 10 INFO neutron.db.ovn_revision_numbers_db [None req-16c024bc-69f1-4efa-bcfc-945f77bed135 bad9087eb07a46fcaa754ad35477751f f9a2e9ff2e834de9970cd1125ab30f77 - - default default] Successfully bumped revision number for resource 0899a293-f07e-4561-9325-d1ea0e24ef43 (type: security_group_rules) to 0
2026-08-05 08:26:46.148 10 INFO neutron.db.ovn_revision_numbers_db [None req-16c024bc-69f1-4efa-bcfc-945f77bed135 bad9087eb07a46fcaa754ad35477751f f9a2e9ff2e834de9970cd1125ab30f77 - - default default] Successfully bumped revision number for resource 20ca5a77-cc65-4922-9ae6-8acfea5d1e6d (type: security_group_rules) to 0
2026-08-05 08:26:46.161 10 INFO neutron.db.ovn_revision_numbers_db [None req-16c024bc-69f1-4efa-bcfc-945f77bed135 bad9087eb07a46fcaa754ad35477751f f9a2e9ff2e834de9970cd1125ab30f77 - - default default] Successfully bumped revision number for resource 4887edce-c3ae-424d-8f41-b650d882e965 (type: security_group_rules) to 0
2026-08-05 08:26:46.174 10 INFO neutron.db.ovn_revision_numbers_db [None req-16c024bc-69f1-4efa-bcfc-945f77bed135 bad9087eb07a46fcaa754ad35477751f f9a2e9ff2e834de9970cd1125ab30f77 - - default default] Successfully bumped revision number for resource ade599ab-3a53-4655-8c52-d1e7205d857d (type: security_group_rules) to 0
2026-08-05 08:26:46.196 10 INFO neutron.wsgi [None req-16c024bc-69f1-4efa-bcfc-945f77bed135 bad9087eb07a46fcaa754ad35477751f f9a2e9ff2e834de9970cd1125ab30f77 - - default default] 10.0.0.211 "GET /v2.0/security-groups?tenant_id=68024d1c2fec4525a1ea0960e28cab74&name=default HTTP/1.1" status: 200 len: 3000 time: 0.4544103
2026-08-05 08:26:46.466 10 INFO neutron.wsgi [None req-a096bae5-5a1b-4d5c-83f3-c1d2430363b5 bad9087eb07a46fcaa754ad35477751f f9a2e9ff2e834de9970cd1125ab30f77 - - default default] 10.0.0.211 "DELETE /v2.0/security-groups/cf76c47f-6901-48b7-9250-0fc61891d4f7 HTTP/1.1" status: 204 len: 168 time: 0.2624476
2026-08-05 08:26:46.728 9 INFO neutron.db.ovn_revision_numbers_db [None req-6381b2cc-4d58-4f31-9518-47bb8166c7f0 bad9087eb07a46fcaa754ad35477751f f9a2e9ff2e834de9970cd1125ab30f77 - - default default] Successfully bumped revision number for resource 05e49c2d-6b03-4c90-8d12-85db52a98625 (type: security_groups) to 1
2026-08-05 08:26:46.747 9 INFO neutron.db.ovn_revision_numbers_db [None req-6381b2cc-4d58-4f31-9518-47bb8166c7f0 bad9087eb07a46fcaa754ad35477751f f9a2e9ff2e834de9970cd1125ab30f77 - - default default] Successfully bumped revision number for resource 491f22c1-4961-4e5d-8922-249d6fa0f6c2 (type: security_group_rules) to 0
2026-08-05 08:26:46.767 9 INFO neutron.db.ovn_revision_numbers_db [None req-6381b2cc-4d58-4f31-9518-47bb8166c7f0 bad9087eb07a46fcaa754ad35477751f f9a2e9ff2e834de9970cd1125ab30f77 - - default default] Successfully bumped revision number for resource 87dfd229-1670-4249-b4e3-447b7fef3232 (type: security_group_rules) to 0
2026-08-05 08:26:46.792 9 INFO neutron.db.ovn_revision_numbers_db [None req-6381b2cc-4d58-4f31-9518-47bb8166c7f0 bad9087eb07a46fcaa754ad35477751f f9a2e9ff2e834de9970cd1125ab30f77 - - default default] Successfully bumped revision number for resource d5a93527-6542-4c38-82fd-b943e0732e3f (type: security_group_rules) to 0
2026-08-05 08:26:46.837 9 INFO neutron.db.ovn_revision_numbers_db [None req-6381b2cc-4d58-4f31-9518-47bb8166c7f0 bad9087eb07a46fcaa754ad35477751f f9a2e9ff2e834de9970cd1125ab30f77 - - default default] Successfully bumped revision number for resource ff4932ee-7ad3-49d4-8459-25f5c2a8912b (type: security_group_rules) to 0
2026-08-05 08:26:46.868 9 INFO neutron.wsgi [None req-6381b2cc-4d58-4f31-9518-47bb8166c7f0 bad9087eb07a46fcaa754ad35477751f f9a2e9ff2e834de9970cd1125ab30f77 - - default default] 10.0.0.211 "GET /v2.0/security-groups?tenant_id=bf547048029f41f2bd6304903df82d11&name=default HTTP/1.1" status: 200 len: 3000 time: 0.2561641
2026-08-05 08:26:47.100 9 INFO neutron.wsgi [None req-ebddccdb-fd0f-4635-9954-c6fe5cf8ee89 bad9087eb07a46fcaa754ad35477751f f9a2e9ff2e834de9970cd1125ab30f77 - - default default] 10.0.0.211 "DELETE /v2.0/security-groups/05e49c2d-6b03-4c90-8d12-85db52a98625 HTTP/1.1" status: 204 len: 168 time: 0.2263656
2026-08-05 08:26:49.141 10 INFO neutron.wsgi [-] 10.0.0.69 "GET / HTTP/1.1" status: 200 len: 245 time: 0.0017526
2026-08-05 08:26:49.144 10 INFO neutron.wsgi [-] 10.0.0.69 "GET / HTTP/1.1" status: 200 len: 245 time: 0.0018454
2026-08-05 08:27:04.143 9 INFO neutron.wsgi [-] 10.0.0.69 "GET / HTTP/1.1" status: 200 len: 245 time: 0.0025194
2026-08-05 08:27:04.145 9 INFO neutron.wsgi [-] 10.0.0.69 "GET / HTTP/1.1" status: 200 len: 245 time: 0.0016203
2026-08-05 08:27:12.665 9 INFO neutron.wsgi [None req-0585ca63-4586-496c-9acd-43632459a354 bad9087eb07a46fcaa754ad35477751f f9a2e9ff2e834de9970cd1125ab30f77 - - default default] 10.0.0.163 "GET /v2.0/routers HTTP/1.1" status: 200 len: 189 time: 0.1327293
2026-08-05 08:27:12.693 9 INFO neutron.wsgi [None req-82613745-8c60-4461-be86-be2359c5e246 bad9087eb07a46fcaa754ad35477751f f9a2e9ff2e834de9970cd1125ab30f77 - - default default] 10.0.0.163 "GET /v2.0/agents?binary=ovn-controller HTTP/1.1" status: 200 len: 591 time: 0.0269487
2026-08-05 08:27:12.703 9 INFO neutron.wsgi [None req-77525fb8-3017-4e2c-9081-a47ba81a8c29 bad9087eb07a46fcaa754ad35477751f f9a2e9ff2e834de9970cd1125ab30f77 - - default default] 10.0.0.163 "GET /v2.0/network-ip-availabilities HTTP/1.1" status: 200 len: 1280 time: 0.0087473
2026-08-05 08:27:12.736 9 INFO neutron.wsgi [None req-f75c0ff8-e03f-4c52-85c2-fad5aa9d2476 bad9087eb07a46fcaa754ad35477751f f9a2e9ff2e834de9970cd1125ab30f77 - - default default] 10.0.0.163 "GET /v2.0/ports HTTP/1.1" status: 200 len: 5349 time: 0.0322983
2026-08-05 08:27:12.755 9 INFO neutron.wsgi [None req-26e6d6e1-7883-4445-814f-0e122359d79c bad9087eb07a46fcaa754ad35477751f f9a2e9ff2e834de9970cd1125ab30f77 - - default default] 10.0.0.163 "GET /v2.0/agents HTTP/1.1" status: 200 len: 997 time: 0.0141559
2026-08-05 08:27:12.794 9 INFO neutron.wsgi [None req-8f856be4-15ec-4b43-ae39-00ab82245431 bad9087eb07a46fcaa754ad35477751f f9a2e9ff2e834de9970cd1125ab30f77 - - default default] 10.0.0.163 "GET /v2.0/subnets HTTP/1.1" status: 200 len: 1437 time: 0.0373626
2026-08-05 08:27:12.808 9 INFO neutron.wsgi [None req-b5d76b6e-7911-4a21-84d2-cb4a66836479 bad9087eb07a46fcaa754ad35477751f f9a2e9ff2e834de9970cd1125ab30f77 - - default default] 10.0.0.163 "GET /v2.0/subnetpools HTTP/1.1" status: 200 len: 193 time: 0.0135055
2026-08-05 08:27:12.829 9 INFO neutron.wsgi [None req-60d80439-92cf-47fa-9bc3-f29ccc35b627 bad9087eb07a46fcaa754ad35477751f f9a2e9ff2e834de9970cd1125ab30f77 - - default default] 10.0.0.163 "GET /v2.0/floatingips HTTP/1.1" status: 200 len: 193 time: 0.0202701
2026-08-05 08:27:12.894 9 INFO neutron.wsgi [None req-49f0c5b1-8671-4ee8-a2c1-67bebcea6b4e bad9087eb07a46fcaa754ad35477751f f9a2e9ff2e834de9970cd1125ab30f77 - - default default] 10.0.0.163 "GET /v2.0/networks HTTP/1.1" status: 200 len: 2350 time: 0.0644991
2026-08-05 08:27:12.950 9 INFO neutron.wsgi [None req-2d5fe57e-6aa8-4594-8703-c2ba6157b706 bad9087eb07a46fcaa754ad35477751f f9a2e9ff2e834de9970cd1125ab30f77 - - default default] 10.0.0.163 "GET /v2.0/security-groups HTTP/1.1" status: 200 len: 16803 time: 0.0541987
2026-08-05 08:27:12.990 9 INFO neutron.wsgi [None req-b45fc300-b5d9-4c95-a33d-2cf0bb22a1b3 bad9087eb07a46fcaa754ad35477751f f9a2e9ff2e834de9970cd1125ab30f77 - - default default] 10.0.0.163 "GET /v2.0/subnets HTTP/1.1" status: 200 len: 1437 time: 0.0326147
2026-08-05 08:27:19.143 9 INFO neutron.wsgi [-] 10.0.0.69 "GET / HTTP/1.1" status: 200 len: 245 time: 0.0024736
2026-08-05 08:27:19.143 10 INFO neutron.wsgi [-] 10.0.0.69 "GET / HTTP/1.1" status: 200 len: 245 time: 0.0026288
2026-08-05 08:27:34.141 9 INFO neutron.wsgi [-] 10.0.0.69 "GET / HTTP/1.1" status: 200 len: 245 time: 0.0014992
2026-08-05 08:27:34.143 9 INFO neutron.wsgi [-] 10.0.0.69 "GET / HTTP/1.1" status: 200 len: 245 time: 0.0010104
2026-08-05 08:27:49.143 9 INFO neutron.wsgi [-] 10.0.0.69 "GET / HTTP/1.1" status: 200 len: 245 time: 0.0023112
2026-08-05 08:27:49.144 10 INFO neutron.wsgi [-] 10.0.0.69 "GET / HTTP/1.1" status: 200 len: 245 time: 0.0028009
2026-08-05 08:28:04.142 10 INFO neutron.wsgi [-] 10.0.0.69 "GET / HTTP/1.1" status: 200 len: 245 time: 0.0022736
2026-08-05 08:28:04.142 9 INFO neutron.wsgi [-] 10.0.0.69 "GET / HTTP/1.1" status: 200 len: 245 time: 0.0023744
2026-08-05 08:28:12.718 9 INFO neutron.wsgi [None req-314993bf-ac23-4c85-901d-affa29a77307 bad9087eb07a46fcaa754ad35477751f f9a2e9ff2e834de9970cd1125ab30f77 - - default default] 10.0.0.163 "GET /v2.0/networks HTTP/1.1" status: 200 len: 2350 time: 0.1210623
2026-08-05 08:28:13.010 9 INFO neutron.wsgi [None req-6715dd10-a870-40c1-b11b-6d1de14edb15 bad9087eb07a46fcaa754ad35477751f f9a2e9ff2e834de9970cd1125ab30f77 - - default default] 10.0.0.163 "GET /v2.0/security-groups HTTP/1.1" status: 200 len: 16803 time: 0.2894151
2026-08-05 08:28:13.038 9 INFO neutron.wsgi [None req-2af998f3-4b6d-4638-abaf-02f76925eba7 bad9087eb07a46fcaa754ad35477751f f9a2e9ff2e834de9970cd1125ab30f77 - - default default] 10.0.0.163 "GET /v2.0/routers HTTP/1.1" status: 200 len: 189 time: 0.0213835
2026-08-05 08:28:13.075 9 INFO neutron.wsgi [None req-a157aafc-eea5-49e2-b91a-59442d8c5f82 bad9087eb07a46fcaa754ad35477751f f9a2e9ff2e834de9970cd1125ab30f77 - - default default] 10.0.0.163 "GET /v2.0/agents?binary=ovn-controller HTTP/1.1" status: 200 len: 591 time: 0.0367799
2026-08-05 08:28:13.112 9 INFO neutron.wsgi [None req-9580e092-eb3a-419f-9f82-2cc2b1d0cf1a bad9087eb07a46fcaa754ad35477751f f9a2e9ff2e834de9970cd1125ab30f77 - - default default] 10.0.0.163 "GET /v2.0/ports HTTP/1.1" status: 200 len: 5349 time: 0.0362318
2026-08-05 08:28:13.130 9 INFO neutron.wsgi [None req-19995faf-e76d-47a4-9185-ba76ccc6d43d bad9087eb07a46fcaa754ad35477751f f9a2e9ff2e834de9970cd1125ab30f77 - - default default] 10.0.0.163 "GET /v2.0/floatingips HTTP/1.1" status: 200 len: 193 time: 0.0156422
2026-08-05 08:28:13.159 9 INFO neutron.wsgi [None req-99570beb-c58f-401b-81ba-a9a0fafd86ed bad9087eb07a46fcaa754ad35477751f f9a2e9ff2e834de9970cd1125ab30f77 - - default default] 10.0.0.163 "GET /v2.0/subnets HTTP/1.1" status: 200 len: 1437 time: 0.0283577
2026-08-05 08:28:13.170 9 INFO neutron.wsgi [None req-defbe03a-f633-45b8-a0c0-e05a7db4b3ec bad9087eb07a46fcaa754ad35477751f f9a2e9ff2e834de9970cd1125ab30f77 - - default default] 10.0.0.163 "GET /v2.0/agents HTTP/1.1" status: 200 len: 997 time: 0.0096779
2026-08-05 08:28:13.181 9 INFO neutron.wsgi [None req-74bbcc7e-dcf6-4e3e-908f-50ae47257fe8 bad9087eb07a46fcaa754ad35477751f f9a2e9ff2e834de9970cd1125ab30f77 - - default default] 10.0.0.163 "GET /v2.0/network-ip-availabilities HTTP/1.1" status: 200 len: 1280 time: 0.0098464
2026-08-05 08:28:13.211 9 INFO neutron.wsgi [None req-56761816-bdab-4adf-87af-c4efdd9f64d8 bad9087eb07a46fcaa754ad35477751f f9a2e9ff2e834de9970cd1125ab30f77 - - default default] 10.0.0.163 "GET /v2.0/subnets HTTP/1.1" status: 200 len: 1437 time: 0.0296569
2026-08-05 08:28:13.221 9 INFO neutron.wsgi [None req-c22bed60-410d-4090-a30a-387aade78cb8 bad9087eb07a46fcaa754ad35477751f f9a2e9ff2e834de9970cd1125ab30f77 - - default default] 10.0.0.163 "GET /v2.0/subnetpools HTTP/1.1" status: 200 len: 193 time: 0.0087101
2026-08-05 08:28:19.143 10 INFO neutron.wsgi [-] 10.0.0.69 "GET / HTTP/1.1" status: 200 len: 245 time: 0.0024829
2026-08-05 08:28:19.146 10 INFO neutron.wsgi [-] 10.0.0.69 "GET / HTTP/1.1" status: 200 len: 245 time: 0.0020533
2026-08-05 08:28:34.142 9 INFO neutron.wsgi [-] 10.0.0.69 "GET / HTTP/1.1" status: 200 len: 245 time: 0.0023289
2026-08-05 08:28:34.143 10 INFO neutron.wsgi [-] 10.0.0.69 "GET / HTTP/1.1" status: 200 len: 245 time: 0.0036473
2026-08-05 08:28:49.142 10 INFO neutron.wsgi [-] 10.0.0.69 "GET / HTTP/1.1" status: 200 len: 245 time: 0.0024817
2026-08-05 08:28:49.144 9 INFO neutron.wsgi [-] 10.0.0.69 "GET / HTTP/1.1" status: 200 len: 245 time: 0.0039277
2026-08-05 08:29:04.143 9 INFO neutron.wsgi [-] 10.0.0.69 "GET / HTTP/1.1" status: 200 len: 245 time: 0.0028250
2026-08-05 08:29:04.143 10 INFO neutron.wsgi [-] 10.0.0.69 "GET / HTTP/1.1" status: 200 len: 245 time: 0.0030529
2026-08-05 08:29:12.588 9 INFO neutron.wsgi [None req-9993ceef-8e30-431d-8f5e-1d0e9b4e7b97 bad9087eb07a46fcaa754ad35477751f f9a2e9ff2e834de9970cd1125ab30f77 - - default default] 10.0.0.163 "GET /v2.0/security-groups HTTP/1.1" status: 200 len: 16803 time: 0.0900490
2026-08-05 08:29:12.623 9 INFO neutron.wsgi [None req-475b36e8-ce09-47ca-8a23-dec8acb58df5 bad9087eb07a46fcaa754ad35477751f f9a2e9ff2e834de9970cd1125ab30f77 - - default default] 10.0.0.163 "GET /v2.0/ports HTTP/1.1" status: 200 len: 5349 time: 0.0283325
2026-08-05 08:29:12.662 9 INFO neutron.wsgi [None req-fa9c145b-89a0-4ea2-89c2-96207f40c88a bad9087eb07a46fcaa754ad35477751f f9a2e9ff2e834de9970cd1125ab30f77 - - default default] 10.0.0.163 "GET /v2.0/subnets HTTP/1.1" status: 200 len: 1437 time: 0.0339935
2026-08-05 08:29:12.695 9 INFO neutron.wsgi [None req-f39ab203-dc66-41dc-bf25-32af75707395 bad9087eb07a46fcaa754ad35477751f f9a2e9ff2e834de9970cd1125ab30f77 - - default default] 10.0.0.163 "GET /v2.0/subnets HTTP/1.1" status: 200 len: 1437 time: 0.0316665
2026-08-05 08:29:12.706 9 INFO neutron.wsgi [None req-ba3b9dc0-c310-4a5b-8407-f8000d0bcee6 bad9087eb07a46fcaa754ad35477751f f9a2e9ff2e834de9970cd1125ab30f77 - - default default] 10.0.0.163 "GET /v2.0/subnetpools HTTP/1.1" status: 200 len: 193 time: 0.0092850
2026-08-05 08:29:12.723 9 INFO neutron.wsgi [None req-70e6bd51-a049-4dd3-a15a-ac35272256bf bad9087eb07a46fcaa754ad35477751f f9a2e9ff2e834de9970cd1125ab30f77 - - default default] 10.0.0.163 "GET /v2.0/floatingips HTTP/1.1" status: 200 len: 193 time: 0.0164561
2026-08-05 08:29:12.774 9 INFO neutron.wsgi [None req-e850ea4e-3cbf-4337-930f-aff50b7f9066 bad9087eb07a46fcaa754ad35477751f f9a2e9ff2e834de9970cd1125ab30f77 - - default default] 10.0.0.163 "GET /v2.0/networks HTTP/1.1" status: 200 len: 2350 time: 0.0499589
2026-08-05 08:29:12.801 9 INFO neutron.wsgi [None req-a2f8585f-f069-4fa9-be0a-1fb7223863cd bad9087eb07a46fcaa754ad35477751f f9a2e9ff2e834de9970cd1125ab30f77 - - default default] 10.0.0.163 "GET /v2.0/routers HTTP/1.1" status: 200 len: 189 time: 0.0248017
2026-08-05 08:29:12.832 9 INFO neutron.wsgi [None req-a16ec8c4-cb0f-478d-9402-9fcdc1cd63ab bad9087eb07a46fcaa754ad35477751f f9a2e9ff2e834de9970cd1125ab30f77 - - default default] 10.0.0.163 "GET /v2.0/agents?binary=ovn-controller HTTP/1.1" status: 200 len: 591 time: 0.0305254
2026-08-05 08:29:12.841 9 INFO neutron.wsgi [None req-f47122a0-0bd5-4133-9c18-ff72cdf35616 bad9087eb07a46fcaa754ad35477751f f9a2e9ff2e834de9970cd1125ab30f77 - - default default] 10.0.0.163 "GET /v2.0/agents HTTP/1.1" status: 200 len: 997 time: 0.0082502
2026-08-05 08:29:12.851 9 INFO neutron.wsgi [None req-40aec9b9-5973-4baa-92d7-daaf12061929 bad9087eb07a46fcaa754ad35477751f f9a2e9ff2e834de9970cd1125ab30f77 - - default default] 10.0.0.163 "GET /v2.0/network-ip-availabilities HTTP/1.1" status: 200 len: 1280 time: 0.0081348
2026-08-05 08:29:19.142 9 INFO neutron.wsgi [-] 10.0.0.69 "GET / HTTP/1.1" status: 200 len: 245 time: 0.0026193
2026-08-05 08:29:19.142 10 INFO neutron.wsgi [-] 10.0.0.69 "GET / HTTP/1.1" status: 200 len: 245 time: 0.0025120
2026-08-05 08:29:34.141 9 INFO neutron.wsgi [-] 10.0.0.69 "GET / HTTP/1.1" status: 200 len: 245 time: 0.0021133
2026-08-05 08:29:34.145 9 INFO neutron.wsgi [-] 10.0.0.69 "GET / HTTP/1.1" status: 200 len: 245 time: 0.0028565
2026-08-05 08:29:49.142 10 INFO neutron.wsgi [-] 10.0.0.69 "GET / HTTP/1.1" status: 200 len: 245 time: 0.0020061
2026-08-05 08:29:49.142 9 INFO neutron.wsgi [-] 10.0.0.69 "GET / HTTP/1.1" status: 200 len: 245 time: 0.0026717
2026-08-05 08:30:04.143 9 INFO neutron.wsgi [-] 10.0.0.69 "GET / HTTP/1.1" status: 200 len: 245 time: 0.0024769
2026-08-05 08:30:04.146 9 INFO neutron.wsgi [-] 10.0.0.69 "GET / HTTP/1.1" status: 200 len: 245 time: 0.0021110
2026-08-05 08:30:12.585 9 INFO neutron.wsgi [None req-cce9156f-83da-45f0-9b6e-402c29fa5310 bad9087eb07a46fcaa754ad35477751f f9a2e9ff2e834de9970cd1125ab30f77 - - default default] 10.0.0.163 "GET /v2.0/routers HTTP/1.1" status: 200 len: 189 time: 0.0784593
2026-08-05 08:30:12.613 9 INFO neutron.wsgi [None req-1f0ca2f1-b301-4cd8-8098-e41517dd05a3 bad9087eb07a46fcaa754ad35477751f f9a2e9ff2e834de9970cd1125ab30f77 - - default default] 10.0.0.163 "GET /v2.0/agents?binary=ovn-controller HTTP/1.1" status: 200 len: 591 time: 0.0275836
2026-08-05 08:30:12.644 9 INFO neutron.wsgi [None req-ff26b829-9993-4b96-9f8a-af6c7f974fdd bad9087eb07a46fcaa754ad35477751f f9a2e9ff2e834de9970cd1125ab30f77 - - default default] 10.0.0.163 "GET /v2.0/ports HTTP/1.1" status: 200 len: 5349 time: 0.0298009
2026-08-05 08:30:12.661 9 INFO neutron.wsgi [None req-ff79111e-32ed-4a70-b146-d8856bec8e7a bad9087eb07a46fcaa754ad35477751f f9a2e9ff2e834de9970cd1125ab30f77 - - default default] 10.0.0.163 "GET /v2.0/agents HTTP/1.1" status: 200 len: 997 time: 0.0117424
2026-08-05 08:30:12.707 9 INFO neutron.wsgi [None req-86233ac1-c824-4def-9d8f-2b2669bd78de bad9087eb07a46fcaa754ad35477751f f9a2e9ff2e834de9970cd1125ab30f77 - - default default] 10.0.0.163 "GET /v2.0/security-groups HTTP/1.1" status: 200 len: 16803 time: 0.0445814
2026-08-05 08:30:12.762 9 INFO neutron.wsgi [None req-c5910201-3b3a-41ed-9ea5-dc44da96ff9a bad9087eb07a46fcaa754ad35477751f f9a2e9ff2e834de9970cd1125ab30f77 - - default default] 10.0.0.163 "GET /v2.0/subnets HTTP/1.1" status: 200 len: 1437 time: 0.0511520
2026-08-05 08:30:12.802 9 INFO neutron.wsgi [None req-33bcce7f-7c36-4c5f-9b45-ca0b5d561f9a bad9087eb07a46fcaa754ad35477751f f9a2e9ff2e834de9970cd1125ab30f77 - - default default] 10.0.0.163 "GET /v2.0/subnets HTTP/1.1" status: 200 len: 1437 time: 0.0389838
2026-08-05 08:30:12.821 9 INFO neutron.wsgi [None req-4f4a01b3-444d-4da7-9c52-4fbfbaae4725 bad9087eb07a46fcaa754ad35477751f f9a2e9ff2e834de9970cd1125ab30f77 - - default default] 10.0.0.163 "GET /v2.0/subnetpools HTTP/1.1" status: 200 len: 193 time: 0.0181386
2026-08-05 08:30:12.851 9 INFO neutron.wsgi [None req-14a34fcc-fdf1-4d6b-8fc6-9df7bcb62e6c bad9087eb07a46fcaa754ad35477751f f9a2e9ff2e834de9970cd1125ab30f77 - - default default] 10.0.0.163 "GET /v2.0/floatingips HTTP/1.1" status: 200 len: 193 time: 0.0287168
2026-08-05 08:30:12.907 9 INFO neutron.wsgi [None req-87bb06e1-43e2-4592-b4d1-5eec29ceb798 bad9087eb07a46fcaa754ad35477751f f9a2e9ff2e834de9970cd1125ab30f77 - - default default] 10.0.0.163 "GET /v2.0/networks HTTP/1.1" status: 200 len: 2350 time: 0.0557189
2026-08-05 08:30:12.920 9 INFO neutron.wsgi [None req-787909d6-e77f-4dea-9c8d-7e9c066088fc bad9087eb07a46fcaa754ad35477751f f9a2e9ff2e834de9970cd1125ab30f77 - - default default] 10.0.0.163 "GET /v2.0/network-ip-availabilities HTTP/1.1" status: 200 len: 1280 time: 0.0113583
2026-08-05 08:30:19.142 9 INFO neutron.wsgi [-] 10.0.0.69 "GET / HTTP/1.1" status: 200 len: 245 time: 0.0024683
2026-08-05 08:30:19.143 10 INFO neutron.wsgi [-] 10.0.0.69 "GET / HTTP/1.1" status: 200 len: 245 time: 0.0030129
2026-08-05 08:30:34.142 9 INFO neutron.wsgi [-] 10.0.0.69 "GET / HTTP/1.1" status: 200 len: 245 time: 0.0018821
2026-08-05 08:30:34.143 10 INFO neutron.wsgi [-] 10.0.0.69 "GET / HTTP/1.1" status: 200 len: 245 time: 0.0031159
2026-08-05 08:30:49.144 10 INFO neutron.wsgi [-] 10.0.0.69 "GET / HTTP/1.1" status: 200 len: 245 time: 0.0036421
2026-08-05 08:30:49.145 9 INFO neutron.wsgi [-] 10.0.0.69 "GET / HTTP/1.1" status: 200 len: 245 time: 0.0048785
2026-08-05 08:31:04.142 10 INFO neutron.wsgi [-] 10.0.0.69 "GET / HTTP/1.1" status: 200 len: 245 time: 0.0016067
2026-08-05 08:31:04.142 9 INFO neutron.wsgi [-] 10.0.0.69 "GET / HTTP/1.1" status: 200 len: 245 time: 0.0017292
2026-08-05 08:31:12.609 9 INFO neutron.wsgi [None req-48f413d6-9c51-4e8d-a87b-834de3b9c172 bad9087eb07a46fcaa754ad35477751f f9a2e9ff2e834de9970cd1125ab30f77 - - default default] 10.0.0.163 "GET /v2.0/networks HTTP/1.1" status: 200 len: 2350 time: 0.1261466
2026-08-05 08:31:12.643 9 INFO neutron.wsgi [None req-673c0ee9-eafb-43a6-a99b-c4f7ccc2b473 bad9087eb07a46fcaa754ad35477751f f9a2e9ff2e834de9970cd1125ab30f77 - - default default] 10.0.0.163 "GET /v2.0/subnets HTTP/1.1" status: 200 len: 1437 time: 0.0278413
2026-08-05 08:31:12.674 9 INFO neutron.wsgi [None req-5dbf3e8a-afdf-487c-897c-d796f158d448 bad9087eb07a46fcaa754ad35477751f f9a2e9ff2e834de9970cd1125ab30f77 - - default default] 10.0.0.163 "GET /v2.0/ports HTTP/1.1" status: 200 len: 5349 time: 0.0297065
2026-08-05 08:31:12.695 9 INFO neutron.wsgi [None req-82f94c68-3546-4e69-b084-a12f267da364 bad9087eb07a46fcaa754ad35477751f f9a2e9ff2e834de9970cd1125ab30f77 - - default default] 10.0.0.163 "GET /v2.0/floatingips HTTP/1.1" status: 200 len: 193 time: 0.0190980
2026-08-05 08:31:12.724 9 INFO neutron.wsgi [None req-d0cc985c-d26e-4394-8be5-4a202735fbc2 bad9087eb07a46fcaa754ad35477751f f9a2e9ff2e834de9970cd1125ab30f77 - - default default] 10.0.0.163 "GET /v2.0/subnets HTTP/1.1" status: 200 len: 1437 time: 0.0280824
2026-08-05 08:31:12.734 9 INFO neutron.wsgi [None req-50d2412e-8930-48e6-847d-da88d03adc65 bad9087eb07a46fcaa754ad35477751f f9a2e9ff2e834de9970cd1125ab30f77 - - default default] 10.0.0.163 "GET /v2.0/subnetpools HTTP/1.1" status: 200 len: 193 time: 0.0088222
2026-08-05 08:31:12.754 9 INFO neutron.wsgi [None req-a1769168-2c2d-4ec3-a5c4-f519413ed607 bad9087eb07a46fcaa754ad35477751f f9a2e9ff2e834de9970cd1125ab30f77 - - default default] 10.0.0.163 "GET /v2.0/routers HTTP/1.1" status: 200 len: 189 time: 0.0193105
2026-08-05 08:31:12.778 9 INFO neutron.wsgi [None req-158f8602-8fe3-45ee-b5e2-c13816c70e57 bad9087eb07a46fcaa754ad35477751f f9a2e9ff2e834de9970cd1125ab30f77 - - default default] 10.0.0.163 "GET /v2.0/agents?binary=ovn-controller HTTP/1.1" status: 200 len: 591 time: 0.0239117
2026-08-05 08:31:12.790 9 INFO neutron.wsgi [None req-ce1ab39d-44c2-4a31-9043-fb0ccc5b2c50 bad9087eb07a46fcaa754ad35477751f f9a2e9ff2e834de9970cd1125ab30f77 - - default default] 10.0.0.163 "GET /v2.0/agents HTTP/1.1" status: 200 len: 997 time: 0.0107422
2026-08-05 08:31:12.800 9 INFO neutron.wsgi [None req-cb78218a-153b-4878-a6d1-df566891cbe6 bad9087eb07a46fcaa754ad35477751f f9a2e9ff2e834de9970cd1125ab30f77 - - default default] 10.0.0.163 "GET /v2.0/network-ip-availabilities HTTP/1.1" status: 200 len: 1280 time: 0.0089698
2026-08-05 08:31:12.853 9 INFO neutron.wsgi [None req-634e5bc6-e461-4e38-a60f-86ee361b95c0 bad9087eb07a46fcaa754ad35477751f f9a2e9ff2e834de9970cd1125ab30f77 - - default default] 10.0.0.163 "GET /v2.0/security-groups HTTP/1.1" status: 200 len: 16803 time: 0.0516603
2026-08-05 08:31:19.143 10 INFO neutron.wsgi [-] 10.0.0.69 "GET / HTTP/1.1" status: 200 len: 245 time: 0.0025628
2026-08-05 08:31:19.143 9 INFO neutron.wsgi [-] 10.0.0.69 "GET / HTTP/1.1" status: 200 len: 245 time: 0.0028622
2026-08-05 08:31:33.629 15 INFO neutron.plugins.ml2.drivers.ovn.mech_driver.ovsdb.maintenance [None req-cd7605da-006c-4aa4-9a2e-3638f104ed62 - - - - - -] Maintenance task: Synchronization finished (took 0.17 seconds)
2026-08-05 08:31:34.141 9 INFO neutron.wsgi [-] 10.0.0.69 "GET / HTTP/1.1" status: 200 len: 245 time: 0.0017772
2026-08-05 08:31:34.141 10 INFO neutron.wsgi [-] 10.0.0.69 "GET / HTTP/1.1" status: 200 len: 245 time: 0.0018942
2026-08-05 08:31:49.144 10 INFO neutron.wsgi [-] 10.0.0.69 "GET / HTTP/1.1" status: 200 len: 245 time: 0.0039127
2026-08-05 08:31:49.147 9 INFO neutron.wsgi [-] 10.0.0.69 "GET / HTTP/1.1" status: 200 len: 245 time: 0.0071564
2026-08-05 08:32:04.141 10 INFO neutron.wsgi [-] 10.0.0.69 "GET / HTTP/1.1" status: 200 len: 245 time: 0.0018518
2026-08-05 08:32:04.142 9 INFO neutron.wsgi [-] 10.0.0.69 "GET / HTTP/1.1" status: 200 len: 245 time: 0.0024211
2026-08-05 08:32:12.576 9 INFO neutron.wsgi [None req-d225bdbb-63fe-4b06-8a37-97c37584c97b bad9087eb07a46fcaa754ad35477751f f9a2e9ff2e834de9970cd1125ab30f77 - - default default] 10.0.0.163 "GET /v2.0/security-groups HTTP/1.1" status: 200 len: 16803 time: 0.0935826
2026-08-05 08:32:12.628 9 INFO neutron.wsgi [None req-8cd763a5-95d6-4e8a-992b-ad848bb06f24 bad9087eb07a46fcaa754ad35477751f f9a2e9ff2e834de9970cd1125ab30f77 - - default default] 10.0.0.163 "GET /v2.0/subnets HTTP/1.1" status: 200 len: 1437 time: 0.0455182
2026-08-05 08:32:12.639 9 INFO neutron.wsgi [None req-10781615-8340-40ab-9f3a-a990b067e39a bad9087eb07a46fcaa754ad35477751f f9a2e9ff2e834de9970cd1125ab30f77 - - default default] 10.0.0.163 "GET /v2.0/subnetpools HTTP/1.1" status: 200 len: 193 time: 0.0106094
2026-08-05 08:32:12.679 9 INFO neutron.wsgi [None req-91cdc34c-f62e-47e5-97e2-72c24b2a2976 bad9087eb07a46fcaa754ad35477751f f9a2e9ff2e834de9970cd1125ab30f77 - - default default] 10.0.0.163 "GET /v2.0/agents HTTP/1.1" status: 200 len: 997 time: 0.0386527
2026-08-05 08:32:12.705 9 INFO neutron.wsgi [None req-4e2a5acc-9096-4c1a-87d8-ed7803551e01 bad9087eb07a46fcaa754ad35477751f f9a2e9ff2e834de9970cd1125ab30f77 - - default default] 10.0.0.163 "GET /v2.0/floatingips HTTP/1.1" status: 200 len: 193 time: 0.0252624
2026-08-05 08:32:12.736 9 INFO neutron.wsgi [None req-b91d868e-0a9c-4504-a3f1-75c27281a34d bad9087eb07a46fcaa754ad35477751f f9a2e9ff2e834de9970cd1125ab30f77 - - default default] 10.0.0.163 "GET /v2.0/subnets HTTP/1.1" status: 200 len: 1437 time: 0.0300763
2026-08-05 08:32:12.761 9 INFO neutron.wsgi [None req-f6f0547c-d7bd-4d33-aaa2-75f0412dcbc0 bad9087eb07a46fcaa754ad35477751f f9a2e9ff2e834de9970cd1125ab30f77 - - default default] 10.0.0.163 "GET /v2.0/routers HTTP/1.1" status: 200 len: 189 time: 0.0226862
2026-08-05 08:32:12.770 9 INFO neutron.wsgi [None req-f7b4171c-704d-48d4-86a0-ba8b34466a27 bad9087eb07a46fcaa754ad35477751f f9a2e9ff2e834de9970cd1125ab30f77 - - default default] 10.0.0.163 "GET /v2.0/agents?binary=ovn-controller HTTP/1.1" status: 200 len: 591 time: 0.0088799
2026-08-05 08:32:12.782 9 INFO neutron.wsgi [None req-d8e90278-ed23-4164-bfa2-bf8a82cb5061 bad9087eb07a46fcaa754ad35477751f f9a2e9ff2e834de9970cd1125ab30f77 - - default default] 10.0.0.163 "GET /v2.0/network-ip-availabilities HTTP/1.1" status: 200 len: 1280 time: 0.0110059
2026-08-05 08:32:12.861 9 INFO neutron.wsgi [None req-ced07c22-e0c0-4846-a426-d1314fdb76f7 bad9087eb07a46fcaa754ad35477751f f9a2e9ff2e834de9970cd1125ab30f77 - - default default] 10.0.0.163 "GET /v2.0/networks HTTP/1.1" status: 200 len: 2350 time: 0.0777123
2026-08-05 08:32:12.898 9 INFO neutron.wsgi [None req-9f6263ad-90e8-4e45-8703-3e5b72123969 bad9087eb07a46fcaa754ad35477751f f9a2e9ff2e834de9970cd1125ab30f77 - - default default] 10.0.0.163 "GET /v2.0/ports HTTP/1.1" status: 200 len: 5349 time: 0.0348659
2026-08-05 08:32:19.143 10 INFO neutron.wsgi [-] 10.0.0.69 "GET / HTTP/1.1" status: 200 len: 245 time: 0.0029213
2026-08-05 08:32:19.145 9 INFO neutron.wsgi [-] 10.0.0.69 "GET / HTTP/1.1" status: 200 len: 245 time: 0.0041716
2026-08-05 08:32:34.143 10 INFO neutron.wsgi [-] 10.0.0.69 "GET / HTTP/1.1" status: 200 len: 245 time: 0.0026712
2026-08-05 08:32:34.143 9 INFO neutron.wsgi [-] 10.0.0.69 "GET / HTTP/1.1" status: 200 len: 245 time: 0.0024762
2026-08-05 08:32:49.141 10 INFO neutron.wsgi [-] 10.0.0.69 "GET / HTTP/1.1" status: 200 len: 245 time: 0.0016730
2026-08-05 08:32:49.143 10 INFO neutron.wsgi [-] 10.0.0.69 "GET / HTTP/1.1" status: 200 len: 245 time: 0.0013840
2026-08-05 08:33:04.144 9 INFO neutron.wsgi [-] 10.0.0.69 "GET / HTTP/1.1" status: 200 len: 245 time: 0.0039306
2026-08-05 08:33:04.145 10 INFO neutron.wsgi [-] 10.0.0.69 "GET / HTTP/1.1" status: 200 len: 245 time: 0.0024550
2026-08-05 08:33:12.619 9 INFO neutron.wsgi [None req-46bb9717-89d4-4e01-8ea3-bd080ee84732 bad9087eb07a46fcaa754ad35477751f f9a2e9ff2e834de9970cd1125ab30f77 - - default default] 10.0.0.163 "GET /v2.0/subnets HTTP/1.1" status: 200 len: 1437 time: 0.1056509
2026-08-05 08:33:12.629 9 INFO neutron.wsgi [None req-d26f06b9-1f75-41ac-8235-d29cbe9ee6a9 bad9087eb07a46fcaa754ad35477751f f9a2e9ff2e834de9970cd1125ab30f77 - - default default] 10.0.0.163 "GET /v2.0/subnetpools HTTP/1.1" status: 200 len: 193 time: 0.0091422
2026-08-05 08:33:12.691 9 INFO neutron.wsgi [None req-659dfe15-55b4-43e2-bb88-2a61f8ce9dd5 bad9087eb07a46fcaa754ad35477751f f9a2e9ff2e834de9970cd1125ab30f77 - - default default] 10.0.0.163 "GET /v2.0/security-groups HTTP/1.1" status: 200 len: 16803 time: 0.0614145
2026-08-05 08:33:12.728 9 INFO neutron.wsgi [None req-516efdd5-0c3a-49bc-8e77-149e613db08d bad9087eb07a46fcaa754ad35477751f f9a2e9ff2e834de9970cd1125ab30f77 - - default default] 10.0.0.163 "GET /v2.0/ports HTTP/1.1" status: 200 len: 5349 time: 0.0315351
2026-08-05 08:33:12.756 9 INFO neutron.wsgi [None req-88340e83-be8b-44ec-9969-cf466d10d95d bad9087eb07a46fcaa754ad35477751f f9a2e9ff2e834de9970cd1125ab30f77 - - default default] 10.0.0.163 "GET /v2.0/routers HTTP/1.1" status: 200 len: 189 time: 0.0219381
2026-08-05 08:33:12.784 9 INFO neutron.wsgi [None req-1a9dd49f-8565-497f-be95-bd5164dabc53 bad9087eb07a46fcaa754ad35477751f f9a2e9ff2e834de9970cd1125ab30f77 - - default default] 10.0.0.163 "GET /v2.0/agents?binary=ovn-controller HTTP/1.1" status: 200 len: 591 time: 0.0277605
2026-08-05 08:33:12.819 9 INFO neutron.wsgi [None req-c791fb7a-c8d7-43ea-870f-470aa50ce0c9 bad9087eb07a46fcaa754ad35477751f f9a2e9ff2e834de9970cd1125ab30f77 - - default default] 10.0.0.163 "GET /v2.0/subnets HTTP/1.1" status: 200 len: 1437 time: 0.0344658
2026-08-05 08:33:12.830 9 INFO neutron.wsgi [None req-06d1a0da-1164-489e-94f2-ae70b85311bd bad9087eb07a46fcaa754ad35477751f f9a2e9ff2e834de9970cd1125ab30f77 - - default default] 10.0.0.163 "GET /v2.0/agents HTTP/1.1" status: 200 len: 997 time: 0.0103326
2026-08-05 08:33:12.843 9 INFO neutron.wsgi [None req-bfd09eeb-e7d7-47cb-88bf-973fe2b22a39 bad9087eb07a46fcaa754ad35477751f f9a2e9ff2e834de9970cd1125ab30f77 - - default default] 10.0.0.163 "GET /v2.0/network-ip-availabilities HTTP/1.1" status: 200 len: 1280 time: 0.0109220
2026-08-05 08:33:12.871 9 INFO neutron.wsgi [None req-8e7a2a53-cd17-4150-8538-e4240b5a8523 bad9087eb07a46fcaa754ad35477751f f9a2e9ff2e834de9970cd1125ab30f77 - - default default] 10.0.0.163 "GET /v2.0/floatingips HTTP/1.1" status: 200 len: 193 time: 0.0264771
2026-08-05 08:33:12.937 9 INFO neutron.wsgi [None req-eae2a22c-8a56-4d31-abdf-a9e0e185bcb1 bad9087eb07a46fcaa754ad35477751f f9a2e9ff2e834de9970cd1125ab30f77 - - default default] 10.0.0.163 "GET /v2.0/networks HTTP/1.1" status: 200 len: 2350 time: 0.0654414
2026-08-05 08:33:19.143 10 INFO neutron.wsgi [-] 10.0.0.69 "GET / HTTP/1.1" status: 200 len: 245 time: 0.0018191
2026-08-05 08:33:19.145 9 INFO neutron.wsgi [-] 10.0.0.69 "GET / HTTP/1.1" status: 200 len: 245 time: 0.0036278
2026-08-05 08:33:34.141 10 INFO neutron.wsgi [-] 10.0.0.69 "GET / HTTP/1.1" status: 200 len: 245 time: 0.0017357
2026-08-05 08:33:34.143 9 INFO neutron.wsgi [-] 10.0.0.69 "GET / HTTP/1.1" status: 200 len: 245 time: 0.0028431
2026-08-05 08:33:49.142 10 INFO neutron.wsgi [-] 10.0.0.69 "GET / HTTP/1.1" status: 200 len: 245 time: 0.0016875
2026-08-05 08:33:49.144 10 INFO neutron.wsgi [-] 10.0.0.69 "GET / HTTP/1.1" status: 200 len: 245 time: 0.0013144
2026-08-05 08:34:04.143 10 INFO neutron.wsgi [-] 10.0.0.69 "GET / HTTP/1.1" status: 200 len: 245 time: 0.0023937
2026-08-05 08:34:04.143 9 INFO neutron.wsgi [-] 10.0.0.69 "GET / HTTP/1.1" status: 200 len: 245 time: 0.0034709
2026-08-05 08:34:12.618 9 INFO neutron.wsgi [None req-2668d113-e6ff-44ac-a45e-960258da1ac8 bad9087eb07a46fcaa754ad35477751f f9a2e9ff2e834de9970cd1125ab30f77 - - default default] 10.0.0.163 "GET /v2.0/agents HTTP/1.1" status: 200 len: 997 time: 0.0955758
2026-08-05 08:34:12.640 9 INFO neutron.wsgi [None req-8d1bf8de-fb9b-4ebe-a511-43ef414f5aff bad9087eb07a46fcaa754ad35477751f f9a2e9ff2e834de9970cd1125ab30f77 - - default default] 10.0.0.163 "GET /v2.0/routers HTTP/1.1" status: 200 len: 189 time: 0.0220253
2026-08-05 08:34:12.649 9 INFO neutron.wsgi [None req-ee705878-4d11-4ba3-81a5-afa5fd5755b5 bad9087eb07a46fcaa754ad35477751f f9a2e9ff2e834de9970cd1125ab30f77 - - default default] 10.0.0.163 "GET /v2.0/agents?binary=ovn-controller HTTP/1.1" status: 200 len: 591 time: 0.0076785
2026-08-05 08:34:12.658 9 INFO neutron.wsgi [None req-7dcd1042-d74a-49aa-8853-3bf58b863202 bad9087eb07a46fcaa754ad35477751f f9a2e9ff2e834de9970cd1125ab30f77 - - default default] 10.0.0.163 "GET /v2.0/network-ip-availabilities HTTP/1.1" status: 200 len: 1280 time: 0.0086863
2026-08-05 08:34:12.690 9 INFO neutron.wsgi [None req-b050fd7a-e197-4494-b963-7dbab024da52 bad9087eb07a46fcaa754ad35477751f f9a2e9ff2e834de9970cd1125ab30f77 - - default default] 10.0.0.163 "GET /v2.0/subnets HTTP/1.1" status: 200 len: 1437 time: 0.0305016
2026-08-05 08:34:12.728 9 INFO neutron.wsgi [None req-d4e65b72-9315-4413-9558-eacbdb6b14bc bad9087eb07a46fcaa754ad35477751f f9a2e9ff2e834de9970cd1125ab30f77 - - default default] 10.0.0.163 "GET /v2.0/ports HTTP/1.1" status: 200 len: 5349 time: 0.0358796
2026-08-05 08:34:12.807 9 INFO neutron.wsgi [None req-9f642f3e-4c23-4352-adeb-d7acd3a5af7f bad9087eb07a46fcaa754ad35477751f f9a2e9ff2e834de9970cd1125ab30f77 - - default default] 10.0.0.163 "GET /v2.0/networks HTTP/1.1" status: 200 len: 2350 time: 0.0756884
2026-08-05 08:34:12.868 9 INFO neutron.wsgi [None req-0d0c9dfa-e399-4b66-99e2-b68ae1665483 bad9087eb07a46fcaa754ad35477751f f9a2e9ff2e834de9970cd1125ab30f77 - - default default] 10.0.0.163 "GET /v2.0/security-groups HTTP/1.1" status: 200 len: 16803 time: 0.0589585
2026-08-05 08:34:12.907 9 INFO neutron.wsgi [None req-8f6ba1d7-2e0b-4417-a25d-6831d4c767ad bad9087eb07a46fcaa754ad35477751f f9a2e9ff2e834de9970cd1125ab30f77 - - default default] 10.0.0.163 "GET /v2.0/subnets HTTP/1.1" status: 200 len: 1437 time: 0.0332501
2026-08-05 08:34:12.918 9 INFO neutron.wsgi [None req-18ec61b0-125d-4771-a716-5bfce40142ca bad9087eb07a46fcaa754ad35477751f f9a2e9ff2e834de9970cd1125ab30f77 - - default default] 10.0.0.163 "GET /v2.0/subnetpools HTTP/1.1" status: 200 len: 193 time: 0.0091276
2026-08-05 08:34:12.939 9 INFO neutron.wsgi [None req-2ca3acea-bdfa-47d3-8240-913a39cc5b9e bad9087eb07a46fcaa754ad35477751f f9a2e9ff2e834de9970cd1125ab30f77 - - default default] 10.0.0.163 "GET /v2.0/floatingips HTTP/1.1" status: 200 len: 193 time: 0.0204127
2026-08-05 08:34:19.143 9 INFO neutron.wsgi [-] 10.0.0.69 "GET / HTTP/1.1" status: 200 len: 245 time: 0.0028396
2026-08-05 08:34:19.144 10 INFO neutron.wsgi [-] 10.0.0.69 "GET / HTTP/1.1" status: 200 len: 245 time: 0.0031207
2026-08-05 08:34:34.141 9 INFO neutron.wsgi [-] 10.0.0.69 "GET / HTTP/1.1" status: 200 len: 245 time: 0.0017936
2026-08-05 08:34:34.142 10 INFO neutron.wsgi [-] 10.0.0.69 "GET / HTTP/1.1" status: 200 len: 245 time: 0.0027177
2026-08-05 08:34:49.144 10 INFO neutron.wsgi [-] 10.0.0.69 "GET / HTTP/1.1" status: 200 len: 245 time: 0.0036113
2026-08-05 08:34:49.144 9 INFO neutron.wsgi [-] 10.0.0.69 "GET / HTTP/1.1" status: 200 len: 245 time: 0.0041509
2026-08-05 08:35:04.144 10 INFO neutron.wsgi [-] 10.0.0.69 "GET / HTTP/1.1" status: 200 len: 245 time: 0.0028837
2026-08-05 08:35:04.145 9 INFO neutron.wsgi [-] 10.0.0.69 "GET / HTTP/1.1" status: 200 len: 245 time: 0.0035906
2026-08-05 08:35:12.667 9 INFO neutron.wsgi [None req-1ca6bf4a-6403-485f-8a41-73d6d7e8dddd bad9087eb07a46fcaa754ad35477751f f9a2e9ff2e834de9970cd1125ab30f77 - - default default] 10.0.0.163 "GET /v2.0/security-groups HTTP/1.1" status: 200 len: 16803 time: 0.1656466
2026-08-05 08:35:12.766 9 INFO neutron.wsgi [None req-f273f16b-2faa-4b4f-af13-f36007b08cf9 bad9087eb07a46fcaa754ad35477751f f9a2e9ff2e834de9970cd1125ab30f77 - - default default] 10.0.0.163 "GET /v2.0/networks HTTP/1.1" status: 200 len: 2350 time: 0.0963717
2026-08-05 08:35:12.796 9 INFO neutron.wsgi [None req-5c2211a4-0e5c-407c-9803-ce66b3234dee bad9087eb07a46fcaa754ad35477751f f9a2e9ff2e834de9970cd1125ab30f77 - - default default] 10.0.0.163 "GET /v2.0/routers HTTP/1.1" status: 200 len: 189 time: 0.0278366
2026-08-05 08:35:12.831 9 INFO neutron.wsgi [None req-293e6f3b-753d-470a-8f82-21f6bd68c2a0 bad9087eb07a46fcaa754ad35477751f f9a2e9ff2e834de9970cd1125ab30f77 - - default default] 10.0.0.163 "GET /v2.0/agents?binary=ovn-controller HTTP/1.1" status: 200 len: 591 time: 0.0343375
2026-08-05 08:35:12.841 9 INFO neutron.wsgi [None req-65bf9ffb-9411-4c94-96b2-2e32b3a57b20 bad9087eb07a46fcaa754ad35477751f f9a2e9ff2e834de9970cd1125ab30f77 - - default default] 10.0.0.163 "GET /v2.0/network-ip-availabilities HTTP/1.1" status: 200 len: 1280 time: 0.0091882
2026-08-05 08:35:12.870 9 INFO neutron.wsgi [None req-daf8458d-3b10-4d66-b384-4680a659e0ff bad9087eb07a46fcaa754ad35477751f f9a2e9ff2e834de9970cd1125ab30f77 - - default default] 10.0.0.163 "GET /v2.0/subnets HTTP/1.1" status: 200 len: 1437 time: 0.0282853
2026-08-05 08:35:12.884 9 INFO neutron.wsgi [None req-ec6aefba-85ae-4a0a-bc88-a87f62b2d430 bad9087eb07a46fcaa754ad35477751f f9a2e9ff2e834de9970cd1125ab30f77 - - default default] 10.0.0.163 "GET /v2.0/agents HTTP/1.1" status: 200 len: 997 time: 0.0114639
2026-08-05 08:35:12.906 9 INFO neutron.wsgi [None req-99416744-113d-437a-918c-55a7a9e1ce43 bad9087eb07a46fcaa754ad35477751f f9a2e9ff2e834de9970cd1125ab30f77 - - default default] 10.0.0.163 "GET /v2.0/floatingips HTTP/1.1" status: 200 len: 193 time: 0.0214393
2026-08-05 08:35:12.934 9 INFO neutron.wsgi [None req-84e77d64-f756-464d-b7a2-d82cba4d3a55 bad9087eb07a46fcaa754ad35477751f f9a2e9ff2e834de9970cd1125ab30f77 - - default default] 10.0.0.163 "GET /v2.0/ports HTTP/1.1" status: 200 len: 5349 time: 0.0268273
2026-08-05 08:35:12.967 9 INFO neutron.wsgi [None req-758b13f1-77bb-4fd8-aa79-865253f33614 bad9087eb07a46fcaa754ad35477751f f9a2e9ff2e834de9970cd1125ab30f77 - - default default] 10.0.0.163 "GET /v2.0/subnets HTTP/1.1" status: 200 len: 1437 time: 0.0300274
2026-08-05 08:35:12.978 9 INFO neutron.wsgi [None req-ad7a8494-261d-43a5-bdf5-98c486fde64f bad9087eb07a46fcaa754ad35477751f f9a2e9ff2e834de9970cd1125ab30f77 - - default default] 10.0.0.163 "GET /v2.0/subnetpools HTTP/1.1" status: 200 len: 193 time: 0.0097260
2026-08-05 08:35:19.142 9 INFO neutron.wsgi [-] 10.0.0.69 "GET / HTTP/1.1" status: 200 len: 245 time: 0.0020208
2026-08-05 08:35:19.143 10 INFO neutron.wsgi [-] 10.0.0.69 "GET / HTTP/1.1" status: 200 len: 245 time: 0.0027502
2026-08-05 08:35:34.142 9 INFO neutron.wsgi [-] 10.0.0.69 "GET / HTTP/1.1" status: 200 len: 245 time: 0.0023947
2026-08-05 08:35:34.143 10 INFO neutron.wsgi [-] 10.0.0.69 "GET / HTTP/1.1" status: 200 len: 245 time: 0.0031786
2026-08-05 08:35:49.143 9 INFO neutron.wsgi [-] 10.0.0.69 "GET / HTTP/1.1" status: 200 len: 245 time: 0.0026767
2026-08-05 08:35:49.144 10 INFO neutron.wsgi [-] 10.0.0.69 "GET / HTTP/1.1" status: 200 len: 245 time: 0.0039091
2026-08-05 08:36:04.141 9 INFO neutron.wsgi [-] 10.0.0.69 "GET / HTTP/1.1" status: 200 len: 245 time: 0.0016985
2026-08-05 08:36:04.142 10 INFO neutron.wsgi [-] 10.0.0.69 "GET / HTTP/1.1" status: 200 len: 245 time: 0.0026286
2026-08-05 08:36:12.627 9 INFO neutron.wsgi [None req-8b213a7b-9305-4850-a8a4-8c4845d47a87 bad9087eb07a46fcaa754ad35477751f f9a2e9ff2e834de9970cd1125ab30f77 - - default default] 10.0.0.163 "GET /v2.0/security-groups HTTP/1.1" status: 200 len: 16803 time: 0.1330996
2026-08-05 08:36:12.656 9 INFO neutron.wsgi [None req-9252fa00-0736-49f1-aaeb-cce72da9c8b8 bad9087eb07a46fcaa754ad35477751f f9a2e9ff2e834de9970cd1125ab30f77 - - default default] 10.0.0.163 "GET /v2.0/routers HTTP/1.1" status: 200 len: 189 time: 0.0220485
2026-08-05 08:36:12.686 9 INFO neutron.wsgi [None req-47010354-1afc-43bf-b344-0564283edc70 bad9087eb07a46fcaa754ad35477751f f9a2e9ff2e834de9970cd1125ab30f77 - - default default] 10.0.0.163 "GET /v2.0/agents?binary=ovn-controller HTTP/1.1" status: 200 len: 591 time: 0.0296433
2026-08-05 08:36:12.703 9 INFO neutron.wsgi [None req-039525d8-a73b-4f41-949c-2d4c90779520 bad9087eb07a46fcaa754ad35477751f f9a2e9ff2e834de9970cd1125ab30f77 - - default default] 10.0.0.163 "GET /v2.0/floatingips HTTP/1.1" status: 200 len: 193 time: 0.0160995
2026-08-05 08:36:12.713 9 INFO neutron.wsgi [None req-bdda0c9f-6082-4498-a031-ec815d1b80f7 bad9087eb07a46fcaa754ad35477751f f9a2e9ff2e834de9970cd1125ab30f77 - - default default] 10.0.0.163 "GET /v2.0/network-ip-availabilities HTTP/1.1" status: 200 len: 1280 time: 0.0094852
2026-08-05 08:36:12.758 9 INFO neutron.wsgi [None req-8e3d4dc2-dd46-464c-a76e-e328dfc36c1d bad9087eb07a46fcaa754ad35477751f f9a2e9ff2e834de9970cd1125ab30f77 - - default default] 10.0.0.163 "GET /v2.0/subnets HTTP/1.1" status: 200 len: 1437 time: 0.0429904
2026-08-05 08:36:12.769 9 INFO neutron.wsgi [None req-93290f3e-edc2-4a88-88fb-e41a33b8fc24 bad9087eb07a46fcaa754ad35477751f f9a2e9ff2e834de9970cd1125ab30f77 - - default default] 10.0.0.163 "GET /v2.0/subnetpools HTTP/1.1" status: 200 len: 193 time: 0.0095220
2026-08-05 08:36:12.841 9 INFO neutron.wsgi [None req-01d3440d-60d4-4de6-a293-5c8967adca76 bad9087eb07a46fcaa754ad35477751f f9a2e9ff2e834de9970cd1125ab30f77 - - default default] 10.0.0.163 "GET /v2.0/networks HTTP/1.1" status: 200 len: 2350 time: 0.0714180
2026-08-05 08:36:12.853 9 INFO neutron.wsgi [None req-2847b250-fba8-4e18-9ce3-5f999e614fca bad9087eb07a46fcaa754ad35477751f f9a2e9ff2e834de9970cd1125ab30f77 - - default default] 10.0.0.163 "GET /v2.0/agents HTTP/1.1" status: 200 len: 997 time: 0.0100029
