2026-08-05 08:24:14.484 10 INFO neutron.wsgi [None req-5b66d2c1-f89a-47a6-8ff6-69bfcd02e025 7d80b3ffe6ea48a8beaded44282686fb 8b0a8b0f932e46d3b923a7ec1a2c0d7e - - default default] 10.0.0.211 "GET /v2.0/subnets HTTP/1.1" status: 200 len: 1428 time: 0.0402803
2026-08-05 08:24:14.573 9 INFO neutron.wsgi [None req-e40626ab-18f0-4783-a657-5d24946bbd0c 7d80b3ffe6ea48a8beaded44282686fb 8b0a8b0f932e46d3b923a7ec1a2c0d7e - - default default] 10.0.0.211 "GET /v2.0/networks/cfd04a95-f507-4248-a0f0-bc2030b27bf2 HTTP/1.1" status: 200 len: 862 time: 0.0750716
2026-08-05 08:24:14.620 9 INFO neutron.wsgi [None req-12a1a07d-be8f-4414-bc04-ee3dcfe5e051 7d80b3ffe6ea48a8beaded44282686fb 8b0a8b0f932e46d3b923a7ec1a2c0d7e - - default default] 10.0.0.211 "GET /v2.0/subnets/1d0651e3-915b-4f51-bbee-fab0d31640c9 HTTP/1.1" status: 200 len: 811 time: 0.0397863
2026-08-05 08:24:14.647 9 INFO neutron.pecan_wsgi.hooks.translation [None req-5124fd14-c2e5-4657-9320-34782c198a2d 7d80b3ffe6ea48a8beaded44282686fb 8b0a8b0f932e46d3b923a7ec1a2c0d7e - - default default] DELETE failed (client error): The resource could not be found.
2026-08-05 08:24:14.649 9 INFO neutron.wsgi [None req-5124fd14-c2e5-4657-9320-34782c198a2d 7d80b3ffe6ea48a8beaded44282686fb 8b0a8b0f932e46d3b923a7ec1a2c0d7e - - default default] 10.0.0.211 "DELETE /v2.0/subnets/8988a3d8-1d94-4898-bab8-bb29dec5abaf HTTP/1.1" status: 404 len: 337 time: 0.0205307
2026-08-05 08:24:14.669 9 INFO neutron.pecan_wsgi.hooks.translation [None req-21847b26-0416-4963-b669-a48cb582a777 7d80b3ffe6ea48a8beaded44282686fb 8b0a8b0f932e46d3b923a7ec1a2c0d7e - - default default] DELETE failed (client error): The resource could not be found.
2026-08-05 08:24:14.671 9 INFO neutron.wsgi [None req-21847b26-0416-4963-b669-a48cb582a777 7d80b3ffe6ea48a8beaded44282686fb 8b0a8b0f932e46d3b923a7ec1a2c0d7e - - default default] 10.0.0.211 "DELETE /v2.0/networks/f09449b3-315e-4b77-bf64-116b4ca8fd27 HTTP/1.1" status: 404 len: 339 time: 0.0155909
2026-08-05 08:24:14.995 9 INFO neutron.wsgi [None req-62b82256-e4af-4c90-a7ce-7107014456fc 7d80b3ffe6ea48a8beaded44282686fb 8b0a8b0f932e46d3b923a7ec1a2c0d7e - - default default] 10.0.0.211 "DELETE /v2.0/subnets/1d0651e3-915b-4f51-bbee-fab0d31640c9 HTTP/1.1" status: 204 len: 168 time: 0.3189125
2026-08-05 08:24:15.167 10 INFO neutron.wsgi [None req-08b6479d-6973-4168-8000-a8bde5e7e518 4833e98627b747c8aab14818f0bd0847 b367453d2dd04223b19180be154e1fdd - - default default] 10.0.0.211 "GET /v2.0/ports/66d8a293-c1b4-4959-befc-0e1398a4c855 HTTP/1.1" status: 200 len: 1135 time: 0.0339937
2026-08-05 08:24:15.291 9 WARNING neutron.plugins.ml2.drivers.ovn.mech_driver.ovsdb.ovn_client [None req-6eeebc64-6083-4af1-b313-107984a94cb5 - - - - - -] No hosting information found for port a0898973-81a0-464d-abfc-f4c43a7f93f9: RuntimeError: No hosting information found for port a0898973-81a0-464d-abfc-f4c43a7f93f9
2026-08-05 08:24:15.292 9 INFO neutron.plugins.ml2.drivers.ovn.mech_driver.mech_driver [None req-6eeebc64-6083-4af1-b313-107984a94cb5 - - - - - -] OVN reports status up for port: 66d8a293-c1b4-4959-befc-0e1398a4c855
2026-08-05 08:24:15.300 9 INFO neutron.plugins.ml2.plugin [None req-6eeebc64-6083-4af1-b313-107984a94cb5 - - - - - -] Attempt 1 to provision port 66d8a293-c1b4-4959-befc-0e1398a4c855
2026-08-05 08:24:15.435 9 INFO neutron.services.segments.plugin [-] Segment a47987b8-db95-4782-9cee-c2c349c5eba4 resource provider aggregate not found
2026-08-05 08:24:15.442 9 INFO neutron.services.segments.plugin [-] Segment a47987b8-db95-4782-9cee-c2c349c5eba4 resource provider aggregate not found
2026-08-05 08:24:15.457 9 INFO neutron.services.segments.plugin [-] Segment a47987b8-db95-4782-9cee-c2c349c5eba4 resource provider not found; error: Placement Client Error (4xx): {"errors": [{"status": 404, "title": "Not Found", "detail": "The resource could not be found.\n\n No resource provider with uuid a47987b8-db95-4782-9cee-c2c349c5eba4 found for delete ", "request_id": "req-48c147d7-4de3-4e87-b646-193c7d996b9b"}]}
2026-08-05 08:24:15.462 9 INFO neutron.services.segments.plugin [-] Segment a47987b8-db95-4782-9cee-c2c349c5eba4 resource provider not found; error: Placement Client Error (4xx): {"errors": [{"status": 404, "title": "Not Found", "detail": "The resource could not be found.\n\n No resource provider with uuid a47987b8-db95-4782-9cee-c2c349c5eba4 found for delete ", "request_id": "req-cbd0b3bc-33ef-4df3-ba56-513aa92c0e0b"}]}
2026-08-05 08:24:15.540 9 INFO neutron.wsgi [None req-cc86cd53-2b39-4761-8900-c82ec7d29ecf 7d80b3ffe6ea48a8beaded44282686fb 8b0a8b0f932e46d3b923a7ec1a2c0d7e - - default default] 10.0.0.211 "DELETE /v2.0/networks/cfd04a95-f507-4248-a0f0-bc2030b27bf2 HTTP/1.1" status: 204 len: 168 time: 0.5398118
2026-08-05 08:24:15.731 9 INFO neutron.db.ovn_revision_numbers_db [None req-6eeebc64-6083-4af1-b313-107984a94cb5 - - - - - -] Successfully bumped revision number for resource 66d8a293-c1b4-4959-befc-0e1398a4c855 (type: ports) to 2
2026-08-05 08:24:15.866 9 INFO neutron.db.ovn_revision_numbers_db [None req-6eeebc64-6083-4af1-b313-107984a94cb5 - - - - - -] Successfully bumped revision number for resource 66d8a293-c1b4-4959-befc-0e1398a4c855 (type: router_ports) to 2
2026-08-05 08:24:15.938 10 INFO neutron.db.ovn_revision_numbers_db [None req-af6bba3e-ecc3-4baf-8e85-71858e10b2cb bad9087eb07a46fcaa754ad35477751f f9a2e9ff2e834de9970cd1125ab30f77 - - default default] Successfully bumped revision number for resource da2f5f52-bcee-4d1b-b8e0-9864ee818cae (type: security_groups) to 1
2026-08-05 08:24:15.961 10 INFO neutron.db.ovn_revision_numbers_db [None req-af6bba3e-ecc3-4baf-8e85-71858e10b2cb bad9087eb07a46fcaa754ad35477751f f9a2e9ff2e834de9970cd1125ab30f77 - - default default] Successfully bumped revision number for resource 2411ed73-ae00-432d-8a0e-a5539b7383e3 (type: security_group_rules) to 0
2026-08-05 08:24:15.976 10 INFO neutron.db.ovn_revision_numbers_db [None req-af6bba3e-ecc3-4baf-8e85-71858e10b2cb bad9087eb07a46fcaa754ad35477751f f9a2e9ff2e834de9970cd1125ab30f77 - - default default] Successfully bumped revision number for resource 4a611e1d-94b8-4f58-a931-9a9257463ff7 (type: security_group_rules) to 0
2026-08-05 08:24:15.994 10 INFO neutron.db.ovn_revision_numbers_db [None req-af6bba3e-ecc3-4baf-8e85-71858e10b2cb bad9087eb07a46fcaa754ad35477751f f9a2e9ff2e834de9970cd1125ab30f77 - - default default] Successfully bumped revision number for resource 74800860-c7b9-4b28-bd2e-fb2496773ada (type: security_group_rules) to 0
2026-08-05 08:24:16.008 10 INFO neutron.db.ovn_revision_numbers_db [None req-af6bba3e-ecc3-4baf-8e85-71858e10b2cb bad9087eb07a46fcaa754ad35477751f f9a2e9ff2e834de9970cd1125ab30f77 - - default default] Successfully bumped revision number for resource cfe6d54e-96b5-4919-be09-577529c1723d (type: security_group_rules) to 0
2026-08-05 08:24:16.039 10 INFO neutron.wsgi [None req-af6bba3e-ecc3-4baf-8e85-71858e10b2cb bad9087eb07a46fcaa754ad35477751f f9a2e9ff2e834de9970cd1125ab30f77 - - default default] 10.0.0.211 "GET /v2.0/security-groups?tenant_id=756844c6bbea47aaad7d35d7d21db372&name=default HTTP/1.1" status: 200 len: 2996 time: 0.4955971
2026-08-05 08:24:16.212 10 INFO neutron.wsgi [None req-5657f622-a9dc-45c3-be2e-a8ad38083001 4833e98627b747c8aab14818f0bd0847 b367453d2dd04223b19180be154e1fdd - - default default] 10.0.0.211 "GET /v2.0/ports/66d8a293-c1b4-4959-befc-0e1398a4c855 HTTP/1.1" status: 200 len: 1137 time: 0.0386379
2026-08-05 08:24:16.225 9 INFO neutron.wsgi [None req-bca5c480-19e8-4ea5-b70e-42dce63e1672 bad9087eb07a46fcaa754ad35477751f f9a2e9ff2e834de9970cd1125ab30f77 - - default default] 10.0.0.211 "GET /v2.0/security-groups?tenant_id=8b0a8b0f932e46d3b923a7ec1a2c0d7e&name=default HTTP/1.1" status: 200 len: 2996 time: 0.2081120
2026-08-05 08:24:16.298 9 INFO neutron.db.ovn_revision_numbers_db [None req-fae697be-a8b3-4d4f-971d-c5945a8c61a3 bad9087eb07a46fcaa754ad35477751f f9a2e9ff2e834de9970cd1125ab30f77 - - default default] Successfully bumped revision number for resource 14757db8-4ae9-4524-b0a9-a12dac14cf02 (type: security_groups) to 1
2026-08-05 08:24:16.317 9 INFO neutron.db.ovn_revision_numbers_db [None req-fae697be-a8b3-4d4f-971d-c5945a8c61a3 bad9087eb07a46fcaa754ad35477751f f9a2e9ff2e834de9970cd1125ab30f77 - - default default] Successfully bumped revision number for resource 1d84ec0e-8142-4768-bce1-0e70fb494075 (type: security_group_rules) to 0
2026-08-05 08:24:16.336 9 INFO neutron.db.ovn_revision_numbers_db [None req-fae697be-a8b3-4d4f-971d-c5945a8c61a3 bad9087eb07a46fcaa754ad35477751f f9a2e9ff2e834de9970cd1125ab30f77 - - default default] Successfully bumped revision number for resource 22bf7baf-2f36-48db-9d4b-b739871cf2f5 (type: security_group_rules) to 0
2026-08-05 08:24:16.347 9 INFO neutron.db.ovn_revision_numbers_db [None req-fae697be-a8b3-4d4f-971d-c5945a8c61a3 bad9087eb07a46fcaa754ad35477751f f9a2e9ff2e834de9970cd1125ab30f77 - - default default] Successfully bumped revision number for resource 5b74211b-ba31-4ebf-9bb4-bbac24397f11 (type: security_group_rules) to 0
2026-08-05 08:24:16.365 9 INFO neutron.db.ovn_revision_numbers_db [None req-fae697be-a8b3-4d4f-971d-c5945a8c61a3 bad9087eb07a46fcaa754ad35477751f f9a2e9ff2e834de9970cd1125ab30f77 - - default default] Successfully bumped revision number for resource 7f014189-dab0-46d4-95d8-e6570e529204 (type: security_group_rules) to 0
2026-08-05 08:24:16.434 10 INFO neutron.wsgi [None req-589d73b9-03fd-4d59-9bca-13b2d47d2678 bad9087eb07a46fcaa754ad35477751f f9a2e9ff2e834de9970cd1125ab30f77 - - default default] 10.0.0.211 "DELETE /v2.0/security-groups/da2f5f52-bcee-4d1b-b8e0-9864ee818cae HTTP/1.1" status: 204 len: 168 time: 0.3889732
2026-08-05 08:24:16.435 9 INFO neutron.db.segments_db [None req-fae697be-a8b3-4d4f-971d-c5945a8c61a3 bad9087eb07a46fcaa754ad35477751f f9a2e9ff2e834de9970cd1125ab30f77 - - default default] Added segment 71e5cebc-4931-4814-8fda-31658c317926 of type geneve for network 975fed03-4f2a-4428-9a0e-439b9bd98f02
2026-08-05 08:24:16.478 9 INFO neutron.wsgi [None req-cc3e1464-c8ef-4f26-9fee-91f56960fb84 bad9087eb07a46fcaa754ad35477751f f9a2e9ff2e834de9970cd1125ab30f77 - - default default] 10.0.0.211 "DELETE /v2.0/security-groups/fa29a4b0-cfed-40a8-9c39-7951f5a2025a HTTP/1.1" status: 204 len: 168 time: 0.2467451
2026-08-05 08:24:16.617 9 INFO neutron.db.ovn_revision_numbers_db [None req-fae697be-a8b3-4d4f-971d-c5945a8c61a3 bad9087eb07a46fcaa754ad35477751f f9a2e9ff2e834de9970cd1125ab30f77 - - default default] Successfully bumped revision number for resource 975fed03-4f2a-4428-9a0e-439b9bd98f02 (type: networks) to 1
2026-08-05 08:24:16.833 9 WARNING neutron.scheduler.dhcp_agent_scheduler [None req-fae697be-a8b3-4d4f-971d-c5945a8c61a3 bad9087eb07a46fcaa754ad35477751f f9a2e9ff2e834de9970cd1125ab30f77 - - default default] No more DHCP agents
2026-08-05 08:24:16.836 9 WARNING neutron.api.rpc.agentnotifiers.dhcp_rpc_agent_api [None req-fae697be-a8b3-4d4f-971d-c5945a8c61a3 bad9087eb07a46fcaa754ad35477751f f9a2e9ff2e834de9970cd1125ab30f77 - - default default] Unable to schedule network 975fed03-4f2a-4428-9a0e-439b9bd98f02: no agents available; will retry on subsequent port and subnet creation events.
2026-08-05 08:24:16.932 9 INFO neutron.db.ovn_revision_numbers_db [None req-fae697be-a8b3-4d4f-971d-c5945a8c61a3 bad9087eb07a46fcaa754ad35477751f f9a2e9ff2e834de9970cd1125ab30f77 - - default default] Successfully bumped revision number for resource 0cdf8df9-0de7-405d-a0dc-fea570d5fe94 (type: ports) to 1
2026-08-05 08:24:16.955 9 INFO neutron.wsgi [None req-fae697be-a8b3-4d4f-971d-c5945a8c61a3 bad9087eb07a46fcaa754ad35477751f f9a2e9ff2e834de9970cd1125ab30f77 - - default default] 10.0.0.211 "POST /v2.0/networks HTTP/1.1" status: 201 len: 942 time: 0.9769967
2026-08-05 08:24:17.040 10 INFO neutron.wsgi [None req-939a42be-8623-4248-b3eb-0930bd5205c2 4833e98627b747c8aab14818f0bd0847 b367453d2dd04223b19180be154e1fdd - - default default] 10.0.0.211 "PUT /v2.0/routers/dbad015b-fa92-479c-a4ee-98d0f90a5d3f/remove_router_interface HTTP/1.1" status: 200 len: 503 time: 0.8237112
2026-08-05 08:24:17.169 9 INFO neutron.wsgi [None req-97c9eb65-84f8-46f9-8f87-49a35ea35458 4833e98627b747c8aab14818f0bd0847 b367453d2dd04223b19180be154e1fdd - - default default] 10.0.0.211 "GET /v2.0/ports/a0898973-81a0-464d-abfc-f4c43a7f93f9 HTTP/1.1" status: 200 len: 1137 time: 0.1223052
2026-08-05 08:24:17.229 9 WARNING neutron.scheduler.dhcp_agent_scheduler [None req-0da35e0a-af3f-4263-a0fe-a30d65ebed44 bad9087eb07a46fcaa754ad35477751f f9a2e9ff2e834de9970cd1125ab30f77 - - default default] No more DHCP agents
2026-08-05 08:24:17.233 9 WARNING neutron.api.rpc.agentnotifiers.dhcp_rpc_agent_api [None req-0da35e0a-af3f-4263-a0fe-a30d65ebed44 bad9087eb07a46fcaa754ad35477751f f9a2e9ff2e834de9970cd1125ab30f77 - - default default] Unable to schedule network 975fed03-4f2a-4428-9a0e-439b9bd98f02: no agents available; will retry on subsequent port and subnet creation events.
2026-08-05 08:24:17.919 9 INFO neutron.db.ovn_revision_numbers_db [None req-0da35e0a-af3f-4263-a0fe-a30d65ebed44 bad9087eb07a46fcaa754ad35477751f f9a2e9ff2e834de9970cd1125ab30f77 - - default default] Successfully bumped revision number for resource 0cdf8df9-0de7-405d-a0dc-fea570d5fe94 (type: ports) to 2
2026-08-05 08:24:17.984 9 INFO neutron.db.ovn_revision_numbers_db [None req-0da35e0a-af3f-4263-a0fe-a30d65ebed44 bad9087eb07a46fcaa754ad35477751f f9a2e9ff2e834de9970cd1125ab30f77 - - default default] Successfully bumped revision number for resource 482c5428-049e-4553-a3fb-830a4bb7004f (type: subnets) to 0
2026-08-05 08:24:18.014 9 INFO neutron.wsgi [None req-0da35e0a-af3f-4263-a0fe-a30d65ebed44 bad9087eb07a46fcaa754ad35477751f f9a2e9ff2e834de9970cd1125ab30f77 - - default default] 10.0.0.211 "POST /v2.0/subnets HTTP/1.1" status: 201 len: 862 time: 1.0535548
2026-08-05 08:24:18.098 9 INFO neutron.wsgi [None req-3323ab59-b799-4c6d-8866-3f7d4323e84c 4833e98627b747c8aab14818f0bd0847 b367453d2dd04223b19180be154e1fdd - - default default] 10.0.0.211 "PUT /v2.0/routers/dbad015b-fa92-479c-a4ee-98d0f90a5d3f/remove_router_interface HTTP/1.1" status: 200 len: 503 time: 0.9233315 /var/lib/openstack/lib/python3.10/site-packages/pycadf/identifier.py:71: UserWarning: Invalid uuid: neutron. To ensure interoperability, identifiers should be a valid uuid. warnings.warn(('Invalid uuid: %s. To ensure interoperability, '
2026-08-05 08:24:18.134 9 INFO neutron.wsgi [None req-b3fe48cd-7826-466f-8e26-5745c19539fa 4833e98627b747c8aab14818f0bd0847 b367453d2dd04223b19180be154e1fdd - - default default] 10.0.0.211 "GET /v2.0/ports?device_id=dbad015b-fa92-479c-a4ee-98d0f90a5d3f HTTP/1.1" status: 200 len: 205 time: 0.0286109
2026-08-05 08:24:18.432 9 INFO neutron.wsgi [None req-982ec36e-dfe5-44c7-9abe-c2bfa4a243b1 4833e98627b747c8aab14818f0bd0847 b367453d2dd04223b19180be154e1fdd - - default default] 10.0.0.211 "DELETE /v2.0/routers/dbad015b-fa92-479c-a4ee-98d0f90a5d3f HTTP/1.1" status: 204 len: 168 time: 0.2926989
2026-08-05 08:24:18.999 9 INFO neutron.wsgi [None req-4285974a-0fac-4a23-9e06-e03d947d634c 4833e98627b747c8aab14818f0bd0847 b367453d2dd04223b19180be154e1fdd - - default default] 10.0.0.211 "DELETE /v2.0/subnets/c136e99b-b0c5-40b4-9ca6-b153eac139fa HTTP/1.1" status: 204 len: 168 time: 0.5612826
2026-08-05 08:24:19.047 9 WARNING neutron.scheduler.dhcp_agent_scheduler [None req-796bfec0-a480-46d2-9d43-85d4a75d66bc bad9087eb07a46fcaa754ad35477751f f9a2e9ff2e834de9970cd1125ab30f77 - - default default] No more DHCP agents
2026-08-05 08:24:19.051 9 WARNING neutron.api.rpc.agentnotifiers.dhcp_rpc_agent_api [None req-796bfec0-a480-46d2-9d43-85d4a75d66bc bad9087eb07a46fcaa754ad35477751f f9a2e9ff2e834de9970cd1125ab30f77 - - default default] Unable to schedule network 75671639-418b-4cd4-9307-cb01dcf271c9: no agents available; will retry on subsequent port and subnet creation events.
2026-08-05 08:24:19.144 10 INFO neutron.wsgi [-] 10.0.0.69 "GET / HTTP/1.1" status: 200 len: 245 time: 0.0039134
2026-08-05 08:24:19.147 10 INFO neutron.wsgi [-] 10.0.0.69 "GET / HTTP/1.1" status: 200 len: 245 time: 0.0019937
2026-08-05 08:24:19.321 9 INFO neutron.wsgi [None req-6e32dc43-1d29-4eeb-922c-3540f2c0596a 4833e98627b747c8aab14818f0bd0847 b367453d2dd04223b19180be154e1fdd - - default default] 10.0.0.211 "DELETE /v2.0/subnets/ca80c0f5-12f5-4f87-bb96-fdd67d456e50 HTTP/1.1" status: 204 len: 168 time: 0.3173258
2026-08-05 08:24:19.323 9 INFO neutron.db.ovn_revision_numbers_db [None req-796bfec0-a480-46d2-9d43-85d4a75d66bc bad9087eb07a46fcaa754ad35477751f f9a2e9ff2e834de9970cd1125ab30f77 - - default default] Successfully bumped revision number for resource e62dc0fb-a939-4d27-85ec-fd3630b5509c (type: ports) to 1 /var/lib/openstack/lib/python3.10/site-packages/pycadf/identifier.py:71: UserWarning: Invalid uuid: neutron. To ensure interoperability, identifiers should be a valid uuid. warnings.warn(('Invalid uuid: %s. To ensure interoperability, '
2026-08-05 08:24:19.740 10 INFO neutron.services.segments.plugin [-] Segment 2540839f-cef8-4626-9efd-f97dfa888127 resource provider aggregate not found
2026-08-05 08:24:19.749 10 INFO neutron.services.segments.plugin [-] Segment 2540839f-cef8-4626-9efd-f97dfa888127 resource provider aggregate not found
2026-08-05 08:24:19.770 10 INFO neutron.services.segments.plugin [-] Segment 2540839f-cef8-4626-9efd-f97dfa888127 resource provider not found; error: Placement Client Error (4xx): {"errors": [{"status": 404, "title": "Not Found", "detail": "The resource could not be found.\n\n No resource provider with uuid 2540839f-cef8-4626-9efd-f97dfa888127 found for delete ", "request_id": "req-b9061044-0994-4f2c-aa09-89c9926e7c05"}]}
2026-08-05 08:24:19.779 10 INFO neutron.services.segments.plugin [-] Segment 2540839f-cef8-4626-9efd-f97dfa888127 resource provider not found; error: Placement Client Error (4xx): {"errors": [{"status": 404, "title": "Not Found", "detail": "The resource could not be found.\n\n No resource provider with uuid 2540839f-cef8-4626-9efd-f97dfa888127 found for delete ", "request_id": "req-48fd8d84-2d87-46d4-84ab-af2bbde6ecda"}]}
2026-08-05 08:24:19.801 10 INFO neutron.wsgi [None req-533344ec-cad8-41ea-81de-92a8e78dccb1 4833e98627b747c8aab14818f0bd0847 b367453d2dd04223b19180be154e1fdd - - default default] 10.0.0.211 "DELETE /v2.0/networks/d3696f65-ce46-41da-888a-02f47e8b3daa HTTP/1.1" status: 204 len: 168 time: 0.4732614
2026-08-05 08:24:20.019 10 INFO neutron.plugins.ml2.drivers.ovn.mech_driver.mech_driver [None req-dae38973-109e-4f5b-8203-0129e33c5fd5 - - - - - -] OVN reports status up for port: e62dc0fb-a939-4d27-85ec-fd3630b5509c
2026-08-05 08:24:20.031 9 INFO neutron.plugins.ml2.drivers.ovn.mech_driver.ovsdb.ovsdb_monitor [None req-fde9643e-5280-4eca-a28a-1e33d540856f - - - - - -] Router 0b872146-60f9-4bc5-969b-99108ff056dd is bound to host instance
2026-08-05 08:24:20.045 10 INFO neutron.plugins.ml2.plugin [None req-dae38973-109e-4f5b-8203-0129e33c5fd5 - - - - - -] Attempt 1 to provision port e62dc0fb-a939-4d27-85ec-fd3630b5509c
2026-08-05 08:24:20.103 9 INFO neutron.db.ovn_revision_numbers_db [None req-796bfec0-a480-46d2-9d43-85d4a75d66bc bad9087eb07a46fcaa754ad35477751f f9a2e9ff2e834de9970cd1125ab30f77 - - default default] Successfully bumped revision number for resource e62dc0fb-a939-4d27-85ec-fd3630b5509c (type: router_ports) to 1
2026-08-05 08:24:20.178 10 INFO neutron.db.ovn_revision_numbers_db [None req-6e2acae3-ed36-4335-acdf-513688f3e8f4 9a26d78f281b4a7d95aeafce01af4d4f aa7baf76e6f04907862c720d3e0f0f9d - - default default] Successfully bumped revision number for resource 0cf1b96a-c36b-4f70-812b-ef06b528903a (type: security_groups) to 1
2026-08-05 08:24:20.206 10 INFO neutron.db.ovn_revision_numbers_db [None req-6e2acae3-ed36-4335-acdf-513688f3e8f4 9a26d78f281b4a7d95aeafce01af4d4f aa7baf76e6f04907862c720d3e0f0f9d - - default default] Successfully bumped revision number for resource 4b8aa227-72d2-4fc7-b686-3e83d3122b12 (type: security_group_rules) to 0
2026-08-05 08:24:20.206 9 INFO neutron.db.ovn_revision_numbers_db [None req-796bfec0-a480-46d2-9d43-85d4a75d66bc bad9087eb07a46fcaa754ad35477751f f9a2e9ff2e834de9970cd1125ab30f77 - - default default] Successfully bumped revision number for resource 0b872146-60f9-4bc5-969b-99108ff056dd (type: routers) to 2
2026-08-05 08:24:20.227 9 INFO neutron.wsgi [None req-796bfec0-a480-46d2-9d43-85d4a75d66bc bad9087eb07a46fcaa754ad35477751f f9a2e9ff2e834de9970cd1125ab30f77 - - default default] 10.0.0.211 "POST /v2.0/routers HTTP/1.1" status: 201 len: 873 time: 2.2045741
2026-08-05 08:24:20.240 10 INFO neutron.db.ovn_revision_numbers_db [None req-6e2acae3-ed36-4335-acdf-513688f3e8f4 9a26d78f281b4a7d95aeafce01af4d4f aa7baf76e6f04907862c720d3e0f0f9d - - default default] Successfully bumped revision number for resource 892c2ce8-7ffa-498f-9a87-3f7acd7eec3b (type: security_group_rules) to 0
2026-08-05 08:24:20.260 10 INFO neutron.db.ovn_revision_numbers_db [None req-6e2acae3-ed36-4335-acdf-513688f3e8f4 9a26d78f281b4a7d95aeafce01af4d4f aa7baf76e6f04907862c720d3e0f0f9d - - default default] Successfully bumped revision number for resource 96679cc0-2183-4c6d-a5ed-3f8cbdba6058 (type: security_group_rules) to 0
2026-08-05 08:24:20.278 10 INFO neutron.db.ovn_revision_numbers_db [None req-6e2acae3-ed36-4335-acdf-513688f3e8f4 9a26d78f281b4a7d95aeafce01af4d4f aa7baf76e6f04907862c720d3e0f0f9d - - default default] Successfully bumped revision number for resource fba4c27f-6e92-4a0a-b19e-d731e7459246 (type: security_group_rules) to 0
2026-08-05 08:24:20.331 10 INFO neutron.wsgi [None req-052c583f-07fa-4363-9085-f624fca38412 4833e98627b747c8aab14818f0bd0847 b367453d2dd04223b19180be154e1fdd - - default default] 10.0.0.211 "DELETE /v2.0/networks/ace93448-a383-4940-9e04-0dc0269ce639 HTTP/1.1" status: 204 len: 168 time: 0.5228872
2026-08-05 08:24:20.355 10 INFO neutron.db.segments_db [None req-6e2acae3-ed36-4335-acdf-513688f3e8f4 9a26d78f281b4a7d95aeafce01af4d4f aa7baf76e6f04907862c720d3e0f0f9d - - default default] Added segment 33f8109e-a503-4332-9972-1b91dda8950a of type geneve for network 288fd30f-0f5f-465d-b589-8cd750d9047b
2026-08-05 08:24:20.453 10 INFO neutron.db.segments_db [None req-a3d5f740-3f56-4332-9ff8-38406a57cbc3 4833e98627b747c8aab14818f0bd0847 b367453d2dd04223b19180be154e1fdd - - default default] Added segment a8c33c7d-b61f-4f5a-8bc0-892ca3a0f19d of type geneve for network 7116cd1a-2fc8-4993-80ae-ef21d20bfe3d
2026-08-05 08:24:20.475 9 WARNING neutron.plugins.ml2.drivers.ovn.mech_driver.ovsdb.ovn_client [None req-6eeebc64-6083-4af1-b313-107984a94cb5 - - - - - -] No port found with ID 66d8a293-c1b4-4959-befc-0e1398a4c855: RuntimeError: No port found with ID 66d8a293-c1b4-4959-befc-0e1398a4c855
2026-08-05 08:24:20.583 10 INFO neutron.db.ovn_revision_numbers_db [None req-6e2acae3-ed36-4335-acdf-513688f3e8f4 9a26d78f281b4a7d95aeafce01af4d4f aa7baf76e6f04907862c720d3e0f0f9d - - default default] Successfully bumped revision number for resource 288fd30f-0f5f-465d-b589-8cd750d9047b (type: networks) to 1
2026-08-05 08:24:20.702 10 INFO neutron.db.ovn_revision_numbers_db [None req-a3d5f740-3f56-4332-9ff8-38406a57cbc3 4833e98627b747c8aab14818f0bd0847 b367453d2dd04223b19180be154e1fdd - - default default] Successfully bumped revision number for resource 7116cd1a-2fc8-4993-80ae-ef21d20bfe3d (type: networks) to 1
2026-08-05 08:24:20.789 9 INFO neutron.db.ovn_revision_numbers_db [None req-fde9643e-5280-4eca-a28a-1e33d540856f - - - - - -] Successfully bumped revision number for resource e62dc0fb-a939-4d27-85ec-fd3630b5509c (type: ports) to 1
2026-08-05 08:24:20.928 9 WARNING neutron.scheduler.dhcp_agent_scheduler [None req-da6e7ec2-b92b-46ce-a3ed-b3b2a7a48961 bad9087eb07a46fcaa754ad35477751f f9a2e9ff2e834de9970cd1125ab30f77 - - default default] No more DHCP agents
2026-08-05 08:24:20.937 9 WARNING neutron.api.rpc.agentnotifiers.dhcp_rpc_agent_api [None req-da6e7ec2-b92b-46ce-a3ed-b3b2a7a48961 bad9087eb07a46fcaa754ad35477751f f9a2e9ff2e834de9970cd1125ab30f77 - - default default] Unable to schedule network 975fed03-4f2a-4428-9a0e-439b9bd98f02: no agents available; will retry on subsequent port and subnet creation events.
2026-08-05 08:24:21.059 10 WARNING neutron.scheduler.dhcp_agent_scheduler [None req-6e2acae3-ed36-4335-acdf-513688f3e8f4 9a26d78f281b4a7d95aeafce01af4d4f aa7baf76e6f04907862c720d3e0f0f9d - - default default] No more DHCP agents
2026-08-05 08:24:21.067 10 WARNING neutron.api.rpc.agentnotifiers.dhcp_rpc_agent_api [None req-6e2acae3-ed36-4335-acdf-513688f3e8f4 9a26d78f281b4a7d95aeafce01af4d4f aa7baf76e6f04907862c720d3e0f0f9d - - default default] Unable to schedule network 288fd30f-0f5f-465d-b589-8cd750d9047b: no agents available; will retry on subsequent port and subnet creation events.
2026-08-05 08:24:21.077 9 INFO neutron.db.ovn_revision_numbers_db [None req-9f9ff33b-dab1-46cb-a8eb-e6c64e918298 bad9087eb07a46fcaa754ad35477751f f9a2e9ff2e834de9970cd1125ab30f77 - - default default] Successfully bumped revision number for resource dda9e807-b5c3-4774-868c-1f876ac205a2 (type: security_groups) to 1
2026-08-05 08:24:21.123 9 INFO neutron.db.ovn_revision_numbers_db [None req-9f9ff33b-dab1-46cb-a8eb-e6c64e918298 bad9087eb07a46fcaa754ad35477751f f9a2e9ff2e834de9970cd1125ab30f77 - - default default] Successfully bumped revision number for resource 347999cf-6efe-4e30-bbe6-7fbac0efb653 (type: security_group_rules) to 0
2026-08-05 08:24:21.176 9 INFO neutron.db.ovn_revision_numbers_db [None req-9f9ff33b-dab1-46cb-a8eb-e6c64e918298 bad9087eb07a46fcaa754ad35477751f f9a2e9ff2e834de9970cd1125ab30f77 - - default default] Successfully bumped revision number for resource 4770948d-ea5a-400f-937b-efc2a9a2a95b (type: security_group_rules) to 0
2026-08-05 08:24:21.200 9 INFO neutron.db.ovn_revision_numbers_db [None req-9f9ff33b-dab1-46cb-a8eb-e6c64e918298 bad9087eb07a46fcaa754ad35477751f f9a2e9ff2e834de9970cd1125ab30f77 - - default default] Successfully bumped revision number for resource 61929f49-3099-4289-a52f-d2566b20c87d (type: security_group_rules) to 0
2026-08-05 08:24:21.206 10 WARNING neutron.scheduler.dhcp_agent_scheduler [None req-a3d5f740-3f56-4332-9ff8-38406a57cbc3 4833e98627b747c8aab14818f0bd0847 b367453d2dd04223b19180be154e1fdd - - default default] No more DHCP agents
2026-08-05 08:24:21.213 10 INFO neutron.db.ovn_revision_numbers_db [None req-6e2acae3-ed36-4335-acdf-513688f3e8f4 9a26d78f281b4a7d95aeafce01af4d4f aa7baf76e6f04907862c720d3e0f0f9d - - default default] Successfully bumped revision number for resource fb4f73db-1385-4279-9a4b-68016e3a4d15 (type: ports) to 1
2026-08-05 08:24:21.224 10 WARNING neutron.api.rpc.agentnotifiers.dhcp_rpc_agent_api [None req-a3d5f740-3f56-4332-9ff8-38406a57cbc3 4833e98627b747c8aab14818f0bd0847 b367453d2dd04223b19180be154e1fdd - - default default] Unable to schedule network 7116cd1a-2fc8-4993-80ae-ef21d20bfe3d: no agents available; will retry on subsequent port and subnet creation events.
2026-08-05 08:24:21.250 9 INFO neutron.db.ovn_revision_numbers_db [None req-9f9ff33b-dab1-46cb-a8eb-e6c64e918298 bad9087eb07a46fcaa754ad35477751f f9a2e9ff2e834de9970cd1125ab30f77 - - default default] Successfully bumped revision number for resource c0f25fba-04ad-49df-bad1-d65722ed2291 (type: security_group_rules) to 0
2026-08-05 08:24:21.257 10 INFO neutron.wsgi [None req-6e2acae3-ed36-4335-acdf-513688f3e8f4 9a26d78f281b4a7d95aeafce01af4d4f aa7baf76e6f04907862c720d3e0f0f9d - - default default] 10.0.0.211 "POST /v2.0/networks HTTP/1.1" status: 201 len: 832 time: 1.6055467
2026-08-05 08:24:21.263 9 INFO neutron.db.ovn_revision_numbers_db [None req-da6e7ec2-b92b-46ce-a3ed-b3b2a7a48961 bad9087eb07a46fcaa754ad35477751f f9a2e9ff2e834de9970cd1125ab30f77 - - default default] Successfully bumped revision number for resource 99245b0a-48c9-42a3-8fbd-a13995147f30 (type: ports) to 1
2026-08-05 08:24:21.292 9 INFO neutron.wsgi [None req-9f9ff33b-dab1-46cb-a8eb-e6c64e918298 bad9087eb07a46fcaa754ad35477751f f9a2e9ff2e834de9970cd1125ab30f77 - - default default] 10.0.0.211 "GET /v2.0/security-groups?tenant_id=9943438b556f473ca19d93e754ccaa7c&name=default HTTP/1.1" status: 200 len: 2996 time: 0.6199951
2026-08-05 08:24:21.296 9 INFO neutron.db.ovn_revision_numbers_db [None req-fde9643e-5280-4eca-a28a-1e33d540856f - - - - - -] Successfully bumped revision number for resource e62dc0fb-a939-4d27-85ec-fd3630b5509c (type: router_ports) to 3
2026-08-05 08:24:21.319 10 INFO neutron.db.ovn_revision_numbers_db [None req-a3d5f740-3f56-4332-9ff8-38406a57cbc3 4833e98627b747c8aab14818f0bd0847 b367453d2dd04223b19180be154e1fdd - - default default] Successfully bumped revision number for resource 5a9fb13f-6751-45c7-9a81-434d16c56629 (type: ports) to 1
2026-08-05 08:24:21.356 10 INFO neutron.wsgi [None req-a3d5f740-3f56-4332-9ff8-38406a57cbc3 4833e98627b747c8aab14818f0bd0847 b367453d2dd04223b19180be154e1fdd - - default default] 10.0.0.211 "POST /v2.0/networks HTTP/1.1" status: 201 len: 829 time: 1.0114856
2026-08-05 08:24:21.657 10 WARNING neutron.scheduler.dhcp_agent_scheduler [None req-264db40b-b752-4a38-82be-4fc8f45448ce 4833e98627b747c8aab14818f0bd0847 b367453d2dd04223b19180be154e1fdd - - default default] No more DHCP agents
2026-08-05 08:24:21.659 10 WARNING neutron.api.rpc.agentnotifiers.dhcp_rpc_agent_api [None req-264db40b-b752-4a38-82be-4fc8f45448ce 4833e98627b747c8aab14818f0bd0847 b367453d2dd04223b19180be154e1fdd - - default default] Unable to schedule network 7116cd1a-2fc8-4993-80ae-ef21d20bfe3d: no agents available; will retry on subsequent port and subnet creation events.
2026-08-05 08:24:21.794 10 INFO neutron.services.segments.plugin [-] Segment fb833d3a-ec8e-437f-81f5-668396179b25 resource provider aggregate not found
2026-08-05 08:24:21.802 10 INFO neutron.services.segments.plugin [-] Segment fb833d3a-ec8e-437f-81f5-668396179b25 resource provider aggregate not found
2026-08-05 08:24:21.818 10 INFO neutron.services.segments.plugin [-] Segment fb833d3a-ec8e-437f-81f5-668396179b25 resource provider not found; error: Placement Client Error (4xx): {"errors": [{"status": 404, "title": "Not Found", "detail": "The resource could not be found.\n\n No resource provider with uuid fb833d3a-ec8e-437f-81f5-668396179b25 found for delete ", "request_id": "req-7b22719c-5a4f-457f-bc95-0147ed04f750"}]}
2026-08-05 08:24:21.822 10 INFO neutron.services.segments.plugin [-] Segment fb833d3a-ec8e-437f-81f5-668396179b25 resource provider not found; error: Placement Client Error (4xx): {"errors": [{"status": 404, "title": "Not Found", "detail": "The resource could not be found.\n\n No resource provider with uuid fb833d3a-ec8e-437f-81f5-668396179b25 found for delete ", "request_id": "req-f828b9ff-b6c1-4479-8674-e9afd87532f7"}]}
2026-08-05 08:24:22.026 9 INFO neutron.db.ovn_revision_numbers_db [None req-fde9643e-5280-4eca-a28a-1e33d540856f - - - - - -] Successfully bumped revision number for resource e62dc0fb-a939-4d27-85ec-fd3630b5509c (type: ports) to 2
2026-08-05 08:24:22.286 10 INFO neutron.db.ovn_revision_numbers_db [None req-264db40b-b752-4a38-82be-4fc8f45448ce 4833e98627b747c8aab14818f0bd0847 b367453d2dd04223b19180be154e1fdd - - default default] Successfully bumped revision number for resource 5a9fb13f-6751-45c7-9a81-434d16c56629 (type: ports) to 2
2026-08-05 08:24:22.324 10 INFO neutron.db.ovn_revision_numbers_db [None req-264db40b-b752-4a38-82be-4fc8f45448ce 4833e98627b747c8aab14818f0bd0847 b367453d2dd04223b19180be154e1fdd - - default default] Successfully bumped revision number for resource 2c1759da-f6fa-4482-85f5-f092f594cb0f (type: subnets) to 0
2026-08-05 08:24:22.342 10 INFO neutron.wsgi [None req-264db40b-b752-4a38-82be-4fc8f45448ce 4833e98627b747c8aab14818f0bd0847 b367453d2dd04223b19180be154e1fdd - - default default] 10.0.0.211 "POST /v2.0/subnets HTTP/1.1" status: 201 len: 801 time: 0.9777668
2026-08-05 08:24:22.384 9 INFO neutron.wsgi [None req-0a370fe4-fb67-438d-91ed-dd979ddf2484 bad9087eb07a46fcaa754ad35477751f f9a2e9ff2e834de9970cd1125ab30f77 - - default default] 10.0.0.211 "DELETE /v2.0/security-groups/dda9e807-b5c3-4774-868c-1f876ac205a2 HTTP/1.1" status: 204 len: 168 time: 1.0851116
2026-08-05 08:24:22.501 9 INFO neutron.plugins.ml2.drivers.ovn.mech_driver.mech_driver [None req-6eeebc64-6083-4af1-b313-107984a94cb5 - - - - - -] OVN reports status up for port: 99245b0a-48c9-42a3-8fbd-a13995147f30
2026-08-05 08:24:22.545 9 INFO neutron.plugins.ml2.plugin [None req-6eeebc64-6083-4af1-b313-107984a94cb5 - - - - - -] Attempt 1 to provision port 99245b0a-48c9-42a3-8fbd-a13995147f30
2026-08-05 08:24:22.549 9 WARNING neutron.scheduler.dhcp_agent_scheduler [None req-05ce0991-8702-4796-84be-9531cb19ab1e 9a26d78f281b4a7d95aeafce01af4d4f aa7baf76e6f04907862c720d3e0f0f9d - - default default] No more DHCP agents
2026-08-05 08:24:22.559 10 INFO neutron.db.ovn_revision_numbers_db [None req-cd472ee5-a2c0-4810-86bd-ad7fb683f633 4833e98627b747c8aab14818f0bd0847 b367453d2dd04223b19180be154e1fdd - - default default] Successfully bumped revision number for resource cd6a6bdc-e9e5-4fab-98ec-55adf0237e45 (type: routers) to 1
2026-08-05 08:24:22.561 9 WARNING neutron.api.rpc.agentnotifiers.dhcp_rpc_agent_api [None req-05ce0991-8702-4796-84be-9531cb19ab1e 9a26d78f281b4a7d95aeafce01af4d4f aa7baf76e6f04907862c720d3e0f0f9d - - default default] Unable to schedule network 75671639-418b-4cd4-9307-cb01dcf271c9: no agents available; will retry on subsequent port and subnet creation events.
2026-08-05 08:24:22.571 9 INFO neutron.db.ovn_revision_numbers_db [None req-da6e7ec2-b92b-46ce-a3ed-b3b2a7a48961 bad9087eb07a46fcaa754ad35477751f f9a2e9ff2e834de9970cd1125ab30f77 - - default default] Successfully bumped revision number for resource 99245b0a-48c9-42a3-8fbd-a13995147f30 (type: router_ports) to 1
2026-08-05 08:24:22.575 10 INFO neutron.wsgi [None req-cd472ee5-a2c0-4810-86bd-ad7fb683f633 4833e98627b747c8aab14818f0bd0847 b367453d2dd04223b19180be154e1fdd - - default default] 10.0.0.211 "POST /v2.0/routers HTTP/1.1" status: 201 len: 687 time: 0.2275817
2026-08-05 08:24:22.617 9 INFO neutron.db.ovn_revision_numbers_db [None req-fde9643e-5280-4eca-a28a-1e33d540856f - - - - - -] Successfully bumped revision number for resource e62dc0fb-a939-4d27-85ec-fd3630b5509c (type: ports) to 4
2026-08-05 08:24:22.961 9 INFO neutron.db.ovn_revision_numbers_db [None req-da6e7ec2-b92b-46ce-a3ed-b3b2a7a48961 bad9087eb07a46fcaa754ad35477751f f9a2e9ff2e834de9970cd1125ab30f77 - - default default] Successfully bumped revision number for resource 99245b0a-48c9-42a3-8fbd-a13995147f30 (type: ports) to 1
2026-08-05 08:24:22.982 10 WARNING neutron.scheduler.dhcp_agent_scheduler [None req-295b39f2-8319-4bec-b7f1-2f5d3ece27de 4833e98627b747c8aab14818f0bd0847 b367453d2dd04223b19180be154e1fdd - - default default] No more DHCP agents
2026-08-05 08:24:22.983 9 INFO neutron.db.ovn_revision_numbers_db [None req-05ce0991-8702-4796-84be-9531cb19ab1e 9a26d78f281b4a7d95aeafce01af4d4f aa7baf76e6f04907862c720d3e0f0f9d - - default default] Successfully bumped revision number for resource b88eefe4-a42d-4ce9-a397-ab11d94b96e5 (type: ports) to 1
2026-08-05 08:24:22.985 10 WARNING neutron.api.rpc.agentnotifiers.dhcp_rpc_agent_api [None req-295b39f2-8319-4bec-b7f1-2f5d3ece27de 4833e98627b747c8aab14818f0bd0847 b367453d2dd04223b19180be154e1fdd - - default default] Unable to schedule network 7116cd1a-2fc8-4993-80ae-ef21d20bfe3d: no agents available; will retry on subsequent port and subnet creation events.
2026-08-05 08:24:23.166 10 INFO neutron.db.ovn_revision_numbers_db [None req-295b39f2-8319-4bec-b7f1-2f5d3ece27de 4833e98627b747c8aab14818f0bd0847 b367453d2dd04223b19180be154e1fdd - - default default] Successfully bumped revision number for resource f729c5a4-1b79-4295-9fe1-7bd6ee105335 (type: ports) to 1
2026-08-05 08:24:23.191 10 INFO neutron.wsgi [None req-295b39f2-8319-4bec-b7f1-2f5d3ece27de 4833e98627b747c8aab14818f0bd0847 b367453d2dd04223b19180be154e1fdd - - default default] 10.0.0.211 "POST /v2.0/ports HTTP/1.1" status: 201 len: 1145 time: 0.6088903 /var/lib/openstack/lib/python3.10/site-packages/pycadf/identifier.py:71: UserWarning: Invalid uuid: neutron. To ensure interoperability, identifiers should be a valid uuid. warnings.warn(('Invalid uuid: %s. To ensure interoperability, '
2026-08-05 08:24:23.207 9 WARNING neutron.scheduler.dhcp_agent_scheduler [None req-da6e7ec2-b92b-46ce-a3ed-b3b2a7a48961 bad9087eb07a46fcaa754ad35477751f f9a2e9ff2e834de9970cd1125ab30f77 - - default default] No more DHCP agents
2026-08-05 08:24:23.222 9 WARNING neutron.api.rpc.agentnotifiers.dhcp_rpc_agent_api [None req-da6e7ec2-b92b-46ce-a3ed-b3b2a7a48961 bad9087eb07a46fcaa754ad35477751f f9a2e9ff2e834de9970cd1125ab30f77 - - default default] Unable to schedule network 975fed03-4f2a-4428-9a0e-439b9bd98f02: no agents available; will retry on subsequent port and subnet creation events.
2026-08-05 08:24:23.255 9 INFO neutron.db.ovn_revision_numbers_db [None req-6eeebc64-6083-4af1-b313-107984a94cb5 - - - - - -] Successfully bumped revision number for resource 99245b0a-48c9-42a3-8fbd-a13995147f30 (type: ports) to 2
2026-08-05 08:24:23.272 9 INFO neutron.db.ovn_revision_numbers_db [None req-fde9643e-5280-4eca-a28a-1e33d540856f - - - - - -] Successfully bumped revision number for resource e62dc0fb-a939-4d27-85ec-fd3630b5509c (type: router_ports) to 4
2026-08-05 08:24:23.628 10 INFO neutron.plugins.ml2.drivers.ovn.mech_driver.mech_driver [None req-dae38973-109e-4f5b-8203-0129e33c5fd5 - - - - - -] OVN reports status up for port: f729c5a4-1b79-4295-9fe1-7bd6ee105335
2026-08-05 08:24:23.645 10 INFO neutron.plugins.ml2.plugin [None req-dae38973-109e-4f5b-8203-0129e33c5fd5 - - - - - -] Attempt 1 to provision port f729c5a4-1b79-4295-9fe1-7bd6ee105335
2026-08-05 08:24:23.745 10 INFO neutron.db.ovn_revision_numbers_db [None req-58df85ff-b0fb-4e1c-a302-adcae73973dd 4833e98627b747c8aab14818f0bd0847 b367453d2dd04223b19180be154e1fdd - - default default] Successfully bumped revision number for resource f729c5a4-1b79-4295-9fe1-7bd6ee105335 (type: router_ports) to 2
2026-08-05 08:24:23.898 9 INFO neutron.db.ovn_revision_numbers_db [None req-6eeebc64-6083-4af1-b313-107984a94cb5 - - - - - -] Successfully bumped revision number for resource 99245b0a-48c9-42a3-8fbd-a13995147f30 (type: router_ports) to 2
2026-08-05 08:24:24.182 10 INFO neutron.db.ovn_revision_numbers_db [None req-58df85ff-b0fb-4e1c-a302-adcae73973dd 4833e98627b747c8aab14818f0bd0847 b367453d2dd04223b19180be154e1fdd - - default default] Successfully bumped revision number for resource f729c5a4-1b79-4295-9fe1-7bd6ee105335 (type: ports) to 2
2026-08-05 08:24:24.293 9 INFO neutron.plugins.ml2.drivers.ovn.mech_driver.ovsdb.ovsdb_monitor [None req-fde9643e-5280-4eca-a28a-1e33d540856f - - - - - -] Router 6e6a7004-286b-4d27-8a50-79055da35d6d is bound to host instance
2026-08-05 08:24:24.321 9 INFO neutron.db.ovn_revision_numbers_db [None req-da6e7ec2-b92b-46ce-a3ed-b3b2a7a48961 bad9087eb07a46fcaa754ad35477751f f9a2e9ff2e834de9970cd1125ab30f77 - - default default] Successfully bumped revision number for resource 99245b0a-48c9-42a3-8fbd-a13995147f30 (type: router_ports) to 2
2026-08-05 08:24:24.323 9 INFO neutron.wsgi [None req-da6e7ec2-b92b-46ce-a3ed-b3b2a7a48961 bad9087eb07a46fcaa754ad35477751f f9a2e9ff2e834de9970cd1125ab30f77 - - default default] 10.0.0.211 "PUT /v2.0/routers/0b872146-60f9-4bc5-969b-99108ff056dd/add_router_interface HTTP/1.1" status: 200 len: 503 time: 4.0863712
2026-08-05 08:24:24.375 10 INFO neutron.db.ovn_revision_numbers_db [None req-dae38973-109e-4f5b-8203-0129e33c5fd5 - - - - - -] Successfully bumped revision number for resource f729c5a4-1b79-4295-9fe1-7bd6ee105335 (type: ports) to 3
2026-08-05 08:24:24.380 9 INFO neutron.db.ovn_revision_numbers_db [None req-05ce0991-8702-4796-84be-9531cb19ab1e 9a26d78f281b4a7d95aeafce01af4d4f aa7baf76e6f04907862c720d3e0f0f9d - - default default] Successfully bumped revision number for resource b88eefe4-a42d-4ce9-a397-ab11d94b96e5 (type: router_ports) to 1
2026-08-05 08:24:24.474 9 INFO neutron.db.ovn_revision_numbers_db [None req-05ce0991-8702-4796-84be-9531cb19ab1e 9a26d78f281b4a7d95aeafce01af4d4f aa7baf76e6f04907862c720d3e0f0f9d - - default default] Successfully bumped revision number for resource 6e6a7004-286b-4d27-8a50-79055da35d6d (type: routers) to 2
2026-08-05 08:24:24.496 9 INFO neutron.wsgi [None req-05ce0991-8702-4796-84be-9531cb19ab1e 9a26d78f281b4a7d95aeafce01af4d4f aa7baf76e6f04907862c720d3e0f0f9d - - default default] 10.0.0.211 "POST /v2.0/routers HTTP/1.1" status: 201 len: 874 time: 3.2282612
2026-08-05 08:24:24.573 10 INFO neutron.db.ovn_revision_numbers_db [None req-dae38973-109e-4f5b-8203-0129e33c5fd5 - - - - - -] Successfully bumped revision number for resource f729c5a4-1b79-4295-9fe1-7bd6ee105335 (type: router_ports) to 3
2026-08-05 08:24:24.700 9 INFO neutron.wsgi [None req-49f7f8d0-350a-4706-8883-0109186da66b df291761bde44417873a70eb926d9ff4 df7d57f887834d4995ec2e08e5f1e7d8 - - default default] 10.0.0.211 "GET /v2.0/subnets?project_id=aa7baf76e6f04907862c720d3e0f0f9d&cidr=10.100.0.0%2F28 HTTP/1.1" status: 200 len: 207 time: 0.1992702
2026-08-05 08:24:24.807 9 INFO neutron.wsgi [None req-aa1511bd-fd9a-4799-8fc9-f530a42263b3 df291761bde44417873a70eb926d9ff4 df7d57f887834d4995ec2e08e5f1e7d8 - - default default] 10.0.0.211 "GET /v2.0/networks?router%3Aexternal=True HTTP/1.1" status: 200 len: 947 time: 0.1019084
2026-08-05 08:24:24.835 9 INFO neutron.wsgi [None req-5efbc117-7cb5-4562-bdb6-3c5a008bcad7 df291761bde44417873a70eb926d9ff4 df7d57f887834d4995ec2e08e5f1e7d8 - - default default] 10.0.0.211 "GET /v2.0/subnets?network_id=75671639-418b-4cd4-9307-cb01dcf271c9&cidr=10.100.0.0%2F28 HTTP/1.1" status: 200 len: 207 time: 0.0175982
2026-08-05 08:24:25.018 9 INFO neutron.db.ovn_revision_numbers_db [None req-fde9643e-5280-4eca-a28a-1e33d540856f - - - - - -] Successfully bumped revision number for resource b88eefe4-a42d-4ce9-a397-ab11d94b96e5 (type: ports) to 1
2026-08-05 08:24:25.159 10 INFO neutron.db.ovn_revision_numbers_db [None req-58df85ff-b0fb-4e1c-a302-adcae73973dd 4833e98627b747c8aab14818f0bd0847 b367453d2dd04223b19180be154e1fdd - - default default] Successfully bumped revision number for resource f729c5a4-1b79-4295-9fe1-7bd6ee105335 (type: ports) to 3
2026-08-05 08:24:25.214 9 WARNING neutron.scheduler.dhcp_agent_scheduler [None req-8eba1fda-0991-4a7e-9d0c-61e1ff7ddc08 9a26d78f281b4a7d95aeafce01af4d4f aa7baf76e6f04907862c720d3e0f0f9d - - default default] No more DHCP agents
2026-08-05 08:24:25.216 9 WARNING neutron.api.rpc.agentnotifiers.dhcp_rpc_agent_api [None req-8eba1fda-0991-4a7e-9d0c-61e1ff7ddc08 9a26d78f281b4a7d95aeafce01af4d4f aa7baf76e6f04907862c720d3e0f0f9d - - default default] Unable to schedule network 288fd30f-0f5f-465d-b589-8cd750d9047b: no agents available; will retry on subsequent port and subnet creation events.
2026-08-05 08:24:25.226 10 WARNING neutron.scheduler.dhcp_agent_scheduler [None req-58df85ff-b0fb-4e1c-a302-adcae73973dd 4833e98627b747c8aab14818f0bd0847 b367453d2dd04223b19180be154e1fdd - - default default] No more DHCP agents
2026-08-05 08:24:25.227 10 WARNING neutron.api.rpc.agentnotifiers.dhcp_rpc_agent_api [None req-58df85ff-b0fb-4e1c-a302-adcae73973dd 4833e98627b747c8aab14818f0bd0847 b367453d2dd04223b19180be154e1fdd - - default default] Unable to schedule network 7116cd1a-2fc8-4993-80ae-ef21d20bfe3d: no agents available; will retry on subsequent port and subnet creation events.
2026-08-05 08:24:25.399 10 INFO neutron.db.ovn_revision_numbers_db [None req-58df85ff-b0fb-4e1c-a302-adcae73973dd 4833e98627b747c8aab14818f0bd0847 b367453d2dd04223b19180be154e1fdd - - default default] Successfully bumped revision number for resource f729c5a4-1b79-4295-9fe1-7bd6ee105335 (type: router_ports) to 3
2026-08-05 08:24:25.402 10 INFO neutron.wsgi [None req-58df85ff-b0fb-4e1c-a302-adcae73973dd 4833e98627b747c8aab14818f0bd0847 b367453d2dd04223b19180be154e1fdd - - default default] 10.0.0.211 "PUT /v2.0/routers/cd6a6bdc-e9e5-4fab-98ec-55adf0237e45/add_router_interface HTTP/1.1" status: 200 len: 503 time: 2.2066503 /var/lib/openstack/lib/python3.10/site-packages/pycadf/identifier.py:71: UserWarning: Invalid uuid: neutron. To ensure interoperability, identifiers should be a valid uuid. warnings.warn(('Invalid uuid: %s. To ensure interoperability, '
2026-08-05 08:24:25.437 10 INFO neutron.wsgi [None req-b4d2ce7c-ff5c-4e82-af85-8e541cc4922c 4833e98627b747c8aab14818f0bd0847 b367453d2dd04223b19180be154e1fdd - - default default] 10.0.0.211 "GET /v2.0/ports/f729c5a4-1b79-4295-9fe1-7bd6ee105335 HTTP/1.1" status: 200 len: 1203 time: 0.0302238
2026-08-05 08:24:25.624 9 INFO neutron.db.ovn_revision_numbers_db [None req-fde9643e-5280-4eca-a28a-1e33d540856f - - - - - -] Successfully bumped revision number for resource b88eefe4-a42d-4ce9-a397-ab11d94b96e5 (type: router_ports) to 3
2026-08-05 08:24:25.671 10 INFO neutron.db.ovn_revision_numbers_db [None req-37153d1f-912c-4294-8dc6-b1a6743f6468 bad9087eb07a46fcaa754ad35477751f f9a2e9ff2e834de9970cd1125ab30f77 - - default default] Successfully bumped revision number for resource 756ac347-1b2a-49fe-a453-c62c5bfa689b (type: security_groups) to 1
2026-08-05 08:24:25.683 10 INFO neutron.db.ovn_revision_numbers_db [None req-37153d1f-912c-4294-8dc6-b1a6743f6468 bad9087eb07a46fcaa754ad35477751f f9a2e9ff2e834de9970cd1125ab30f77 - - default default] Successfully bumped revision number for resource 48d670c4-f8ee-448d-81d5-38272bba9d2e (type: security_group_rules) to 0
2026-08-05 08:24:25.714 10 INFO neutron.db.ovn_revision_numbers_db [None req-37153d1f-912c-4294-8dc6-b1a6743f6468 bad9087eb07a46fcaa754ad35477751f f9a2e9ff2e834de9970cd1125ab30f77 - - default default] Successfully bumped revision number for resource 8677bb74-6447-4830-918a-5c909bb9a642 (type: security_group_rules) to 0
2026-08-05 08:24:25.743 10 INFO neutron.db.ovn_revision_numbers_db [None req-37153d1f-912c-4294-8dc6-b1a6743f6468 bad9087eb07a46fcaa754ad35477751f f9a2e9ff2e834de9970cd1125ab30f77 - - default default] Successfully bumped revision number for resource 9d7799c3-615d-457d-bcf1-ce03e22fb10d (type: security_group_rules) to 0
2026-08-05 08:24:25.768 10 INFO neutron.db.ovn_revision_numbers_db [None req-37153d1f-912c-4294-8dc6-b1a6743f6468 bad9087eb07a46fcaa754ad35477751f f9a2e9ff2e834de9970cd1125ab30f77 - - default default] Successfully bumped revision number for resource cf313988-b210-48a8-b9dd-9843a220811e (type: security_group_rules) to 0
2026-08-05 08:24:25.831 10 INFO neutron.db.segments_db [None req-37153d1f-912c-4294-8dc6-b1a6743f6468 bad9087eb07a46fcaa754ad35477751f f9a2e9ff2e834de9970cd1125ab30f77 - - default default] Added segment 976f3169-2767-4131-9dd8-9ab82dfaa238 of type geneve for network 72a6a04e-e7a1-4e4f-8846-23f5477a8aa8
2026-08-05 08:24:25.838 9 INFO neutron.db.ovn_revision_numbers_db [None req-fde9643e-5280-4eca-a28a-1e33d540856f - - - - - -] Successfully bumped revision number for resource b88eefe4-a42d-4ce9-a397-ab11d94b96e5 (type: ports) to 2
2026-08-05 08:24:26.026 10 INFO neutron.db.ovn_revision_numbers_db [None req-37153d1f-912c-4294-8dc6-b1a6743f6468 bad9087eb07a46fcaa754ad35477751f f9a2e9ff2e834de9970cd1125ab30f77 - - default default] Successfully bumped revision number for resource 72a6a04e-e7a1-4e4f-8846-23f5477a8aa8 (type: networks) to 1
2026-08-05 08:24:26.143 9 INFO neutron.db.ovn_revision_numbers_db [None req-8eba1fda-0991-4a7e-9d0c-61e1ff7ddc08 9a26d78f281b4a7d95aeafce01af4d4f aa7baf76e6f04907862c720d3e0f0f9d - - default default] Successfully bumped revision number for resource fb4f73db-1385-4279-9a4b-68016e3a4d15 (type: ports) to 2
2026-08-05 08:24:26.181 9 INFO neutron.db.ovn_revision_numbers_db [None req-8eba1fda-0991-4a7e-9d0c-61e1ff7ddc08 9a26d78f281b4a7d95aeafce01af4d4f aa7baf76e6f04907862c720d3e0f0f9d - - default default] Successfully bumped revision number for resource cf0c4100-bc79-40a6-9391-57d9a0bdcd2b (type: subnets) to 0
2026-08-05 08:24:26.206 9 INFO neutron.wsgi [None req-8eba1fda-0991-4a7e-9d0c-61e1ff7ddc08 9a26d78f281b4a7d95aeafce01af4d4f aa7baf76e6f04907862c720d3e0f0f9d - - default default] 10.0.0.211 "POST /v2.0/subnets HTTP/1.1" status: 201 len: 832 time: 1.3657043 /var/lib/openstack/lib/python3.10/site-packages/pycadf/identifier.py:71: UserWarning: Invalid uuid: neutron. To ensure interoperability, identifiers should be a valid uuid. warnings.warn(('Invalid uuid: %s. To ensure interoperability, '
2026-08-05 08:24:26.233 9 INFO neutron.db.ovn_revision_numbers_db [None req-fde9643e-5280-4eca-a28a-1e33d540856f - - - - - -] Successfully bumped revision number for resource b88eefe4-a42d-4ce9-a397-ab11d94b96e5 (type: ports) to 4
2026-08-05 08:24:26.286 10 INFO neutron.wsgi [None req-8eb80413-e055-4706-82a3-bee400940a4f 4833e98627b747c8aab14818f0bd0847 b367453d2dd04223b19180be154e1fdd - - default default] 10.0.0.211 "PUT /v2.0/routers/cd6a6bdc-e9e5-4fab-98ec-55adf0237e45/remove_router_interface HTTP/1.1" status: 200 len: 503 time: 0.8438878 /var/lib/openstack/lib/python3.10/site-packages/pycadf/identifier.py:71: UserWarning: Invalid uuid: neutron. To ensure interoperability, identifiers should be a valid uuid. warnings.warn(('Invalid uuid: %s. To ensure interoperability, '
2026-08-05 08:24:26.389 10 INFO neutron.api.v2.resource [None req-e7e59ad5-627e-4c55-b9f5-63d1fec1df7f 4833e98627b747c8aab14818f0bd0847 b367453d2dd04223b19180be154e1fdd - - default default] remove_router_interface failed (client error): The resource could not be found.
2026-08-05 08:24:26.390 10 INFO neutron.wsgi [None req-e7e59ad5-627e-4c55-b9f5-63d1fec1df7f 4833e98627b747c8aab14818f0bd0847 b367453d2dd04223b19180be154e1fdd - - default default] 10.0.0.211 "PUT /v2.0/routers/cd6a6bdc-e9e5-4fab-98ec-55adf0237e45/remove_router_interface HTTP/1.1" status: 404 len: 398 time: 0.0974073
2026-08-05 08:24:26.400 10 WARNING neutron.scheduler.dhcp_agent_scheduler [None req-37153d1f-912c-4294-8dc6-b1a6743f6468 bad9087eb07a46fcaa754ad35477751f f9a2e9ff2e834de9970cd1125ab30f77 - - default default] No more DHCP agents
