2026-08-05 08:24:38.051 9 INFO neutron.notifiers.nova [-] Nova event matching ['req-44e59a02-9153-4d76-bdbe-6c6c7110420a'] response: {'name': 'network-changed', 'server_uuid': '2e3d3ea8-e331-43d5-ad0d-5d3cdf586b5c', 'tag': '1f0417de-334d-4b15-919a-78fe4357a5ea', 'status': 'completed', 'code': 200}
2026-08-05 08:24:38.083 9 INFO neutron.wsgi [req-5e736117-e9de-453b-a632-ae966d04f1b8 req-47c1c1c0-c301-483c-9417-c9b94f81b426 e59f289152a74e91821ad11e46f41e18 e843fee6b96548a287d5e0b3e8691838 - - d532ca504b334c3eb24ac80fa6190aa3 d532ca504b334c3eb24ac80fa6190aa3] 199.204.45.35 "GET /v2.0/ports?tenant_id=aa7baf76e6f04907862c720d3e0f0f9d&device_id=2e3d3ea8-e331-43d5-ad0d-5d3cdf586b5c HTTP/1.1" status: 200 len: 1411 time: 0.0414679
2026-08-05 08:24:38.125 9 INFO neutron.wsgi [req-5e736117-e9de-453b-a632-ae966d04f1b8 req-78215c08-8aac-4cfc-b897-45389e731268 e59f289152a74e91821ad11e46f41e18 e843fee6b96548a287d5e0b3e8691838 - - d532ca504b334c3eb24ac80fa6190aa3 d532ca504b334c3eb24ac80fa6190aa3] 199.204.45.35 "GET /v2.0/floatingips?fixed_ip_address=10.100.0.12&port_id=1f0417de-334d-4b15-919a-78fe4357a5ea HTTP/1.1" status: 200 len: 217 time: 0.0296052
2026-08-05 08:24:38.126 10 INFO neutron.wsgi [None req-20ee0cb6-5838-4e2f-9a44-ce006fc2b517 4833e98627b747c8aab14818f0bd0847 b367453d2dd04223b19180be154e1fdd - - default default] 10.0.0.211 "GET /v2.0/routers HTTP/1.1" status: 200 len: 870 time: 0.1107690
2026-08-05 08:24:38.137 9 INFO neutron.db.ovn_revision_numbers_db [None req-bf8ab27a-ef1a-4ea1-acff-5a9249f8860e 47e5dd3cffeb46ee85fb38407116c26c f17a963fe3d4436987fb9b60a90b29a9 - - default default] Successfully bumped revision number for resource 499bb11b-0464-403b-808e-135f5138f695 (type: security_groups) to 1
2026-08-05 08:24:38.191 9 INFO neutron.db.ovn_revision_numbers_db [None req-bf8ab27a-ef1a-4ea1-acff-5a9249f8860e 47e5dd3cffeb46ee85fb38407116c26c f17a963fe3d4436987fb9b60a90b29a9 - - default default] Successfully bumped revision number for resource 6a6a34dc-610b-4880-8fd7-ddef2b65e2f6 (type: security_group_rules) to 0
2026-08-05 08:24:38.196 9 INFO neutron.wsgi [req-5e736117-e9de-453b-a632-ae966d04f1b8 req-8aefe38f-dee8-4389-a45c-48833cf52b44 e59f289152a74e91821ad11e46f41e18 e843fee6b96548a287d5e0b3e8691838 - - d532ca504b334c3eb24ac80fa6190aa3 d532ca504b334c3eb24ac80fa6190aa3] 199.204.45.35 "GET /v2.0/subnets?id=cf0c4100-bc79-40a6-9391-57d9a0bdcd2b HTTP/1.1" status: 200 len: 853 time: 0.0603535
2026-08-05 08:24:38.224 9 INFO neutron.wsgi [req-5e736117-e9de-453b-a632-ae966d04f1b8 req-23916ef4-ece1-43ab-85af-0fdf47146d9e e59f289152a74e91821ad11e46f41e18 e843fee6b96548a287d5e0b3e8691838 - - d532ca504b334c3eb24ac80fa6190aa3 d532ca504b334c3eb24ac80fa6190aa3] 199.204.45.35 "GET /v2.0/ports?network_id=288fd30f-0f5f-465d-b589-8cd750d9047b&device_owner=network%3Adhcp HTTP/1.1" status: 200 len: 210 time: 0.0201981
2026-08-05 08:24:38.259 9 INFO neutron.db.ovn_revision_numbers_db [None req-bf8ab27a-ef1a-4ea1-acff-5a9249f8860e 47e5dd3cffeb46ee85fb38407116c26c f17a963fe3d4436987fb9b60a90b29a9 - - default default] Successfully bumped revision number for resource 7f564c26-f128-4dc0-adc8-070db358b52a (type: security_group_rules) to 0
2026-08-05 08:24:38.329 10 WARNING neutron.plugins.ml2.drivers.ovn.mech_driver.ovsdb.ovn_client [None req-dae38973-109e-4f5b-8203-0129e33c5fd5 - - - - - -] No port found with ID 575759b0-28ff-436d-8cc6-dd7da715fff8: RuntimeError: No port found with ID 575759b0-28ff-436d-8cc6-dd7da715fff8
2026-08-05 08:24:38.329 10 INFO neutron.plugins.ml2.drivers.ovn.mech_driver.mech_driver [None req-dae38973-109e-4f5b-8203-0129e33c5fd5 - - - - - -] OVN reports status up for port: b2884f0e-ad28-4623-b1d7-0cf699fb6ff6
2026-08-05 08:24:38.333 9 INFO neutron.wsgi [None req-bf8ab27a-ef1a-4ea1-acff-5a9249f8860e 47e5dd3cffeb46ee85fb38407116c26c f17a963fe3d4436987fb9b60a90b29a9 - - default default] 10.0.0.211 "POST /v2.0/security-groups HTTP/1.1" status: 201 len: 1797 time: 0.4320426
2026-08-05 08:24:38.336 10 INFO neutron.plugins.ml2.plugin [None req-dae38973-109e-4f5b-8203-0129e33c5fd5 - - - - - -] Attempt 1 to provision port b2884f0e-ad28-4623-b1d7-0cf699fb6ff6
2026-08-05 08:24:38.337 9 INFO neutron.wsgi [req-5e736117-e9de-453b-a632-ae966d04f1b8 req-57d3d0dd-46e3-44c8-94ad-69c164789d08 e59f289152a74e91821ad11e46f41e18 e843fee6b96548a287d5e0b3e8691838 - - d532ca504b334c3eb24ac80fa6190aa3 d532ca504b334c3eb24ac80fa6190aa3] 199.204.45.35 "GET /v2.0/networks/288fd30f-0f5f-465d-b589-8cd750d9047b?fields=segments HTTP/1.1" status: 200 len: 212 time: 0.1047196
2026-08-05 08:24:38.440 9 INFO neutron.wsgi [req-5e736117-e9de-453b-a632-ae966d04f1b8 req-167095fd-9b9a-47d4-9d7a-00c2ee3386e4 e59f289152a74e91821ad11e46f41e18 e843fee6b96548a287d5e0b3e8691838 - - d532ca504b334c3eb24ac80fa6190aa3 d532ca504b334c3eb24ac80fa6190aa3] 199.204.45.35 "GET /v2.0/networks/288fd30f-0f5f-465d-b589-8cd750d9047b?fields=provider%3Aphysical_network&fields=provider%3Anetwork_type HTTP/1.1" status: 200 len: 277 time: 0.0956719
2026-08-05 08:24:38.527 10 INFO neutron.db.ovn_revision_numbers_db [None req-438be8e4-d79e-42e8-8d07-5de02c24353a 47e5dd3cffeb46ee85fb38407116c26c f17a963fe3d4436987fb9b60a90b29a9 - - default default] Successfully bumped revision number for resource 9dbd8559-da76-468c-adc2-26f344f843c4 (type: security_group_rules) to 0
2026-08-05 08:24:38.533 9 INFO neutron.wsgi [req-d00519e8-031e-42a8-ac04-569361e14337 req-95009916-2565-44c4-8e0d-a2e4ff857fd4 e59f289152a74e91821ad11e46f41e18 e843fee6b96548a287d5e0b3e8691838 - - d532ca504b334c3eb24ac80fa6190aa3 d532ca504b334c3eb24ac80fa6190aa3] 199.204.45.35 "GET /v2.0/ports?tenant_id=aa7baf76e6f04907862c720d3e0f0f9d&device_id=2e3d3ea8-e331-43d5-ad0d-5d3cdf586b5c HTTP/1.1" status: 200 len: 1411 time: 0.0477955
2026-08-05 08:24:38.575 10 INFO neutron.wsgi [None req-438be8e4-d79e-42e8-8d07-5de02c24353a 47e5dd3cffeb46ee85fb38407116c26c f17a963fe3d4436987fb9b60a90b29a9 - - default default] 10.0.0.211 "POST /v2.0/security-group-rules HTTP/1.1" status: 201 len: 764 time: 0.2364137
2026-08-05 08:24:38.657 9 INFO neutron.plugins.ml2.drivers.ovn.mech_driver.mech_driver [None req-6eeebc64-6083-4af1-b313-107984a94cb5 - - - - - -] OVN reports status up for port: 1f0417de-334d-4b15-919a-78fe4357a5ea
2026-08-05 08:24:38.662 9 INFO neutron.wsgi [req-d00519e8-031e-42a8-ac04-569361e14337 req-30f544dd-18b0-4d5a-9dba-979dfe3fbd74 e59f289152a74e91821ad11e46f41e18 e843fee6b96548a287d5e0b3e8691838 - - d532ca504b334c3eb24ac80fa6190aa3 d532ca504b334c3eb24ac80fa6190aa3] 199.204.45.35 "GET /v2.0/networks?id=288fd30f-0f5f-465d-b589-8cd750d9047b HTTP/1.1" status: 200 len: 959 time: 0.1219618
2026-08-05 08:24:38.701 9 INFO neutron.wsgi [req-d00519e8-031e-42a8-ac04-569361e14337 req-0357e8f6-e12e-4f73-91c9-f85a63f3566f e59f289152a74e91821ad11e46f41e18 e843fee6b96548a287d5e0b3e8691838 - - d532ca504b334c3eb24ac80fa6190aa3 d532ca504b334c3eb24ac80fa6190aa3] 199.204.45.35 "GET /v2.0/floatingips?fixed_ip_address=10.100.0.12&port_id=1f0417de-334d-4b15-919a-78fe4357a5ea HTTP/1.1" status: 200 len: 217 time: 0.0333045
2026-08-05 08:24:38.707 9 INFO neutron.plugins.ml2.plugin [None req-6eeebc64-6083-4af1-b313-107984a94cb5 - - - - - -] Attempt 1 to provision port 1f0417de-334d-4b15-919a-78fe4357a5ea
2026-08-05 08:24:38.786 9 INFO neutron.wsgi [req-d00519e8-031e-42a8-ac04-569361e14337 req-c18db102-ba98-4647-8df4-032a8aaeb784 e59f289152a74e91821ad11e46f41e18 e843fee6b96548a287d5e0b3e8691838 - - d532ca504b334c3eb24ac80fa6190aa3 d532ca504b334c3eb24ac80fa6190aa3] 199.204.45.35 "GET /v2.0/subnets?id=cf0c4100-bc79-40a6-9391-57d9a0bdcd2b HTTP/1.1" status: 200 len: 853 time: 0.0764947
2026-08-05 08:24:38.808 10 INFO neutron.db.ovn_revision_numbers_db [None req-dae38973-109e-4f5b-8203-0129e33c5fd5 - - - - - -] Successfully bumped revision number for resource b2884f0e-ad28-4623-b1d7-0cf699fb6ff6 (type: ports) to 2
2026-08-05 08:24:38.854 9 INFO neutron.wsgi [req-d00519e8-031e-42a8-ac04-569361e14337 req-cfd14a2e-cd0d-4617-8f32-af6579ffe6a4 e59f289152a74e91821ad11e46f41e18 e843fee6b96548a287d5e0b3e8691838 - - d532ca504b334c3eb24ac80fa6190aa3 d532ca504b334c3eb24ac80fa6190aa3] 199.204.45.35 "GET /v2.0/ports?network_id=288fd30f-0f5f-465d-b589-8cd750d9047b&device_owner=network%3Adhcp HTTP/1.1" status: 200 len: 210 time: 0.0467145
2026-08-05 08:24:38.900 10 INFO neutron.db.ovn_revision_numbers_db [None req-b54ef3d0-4110-4ee3-b14b-4f5f0eca4041 47e5dd3cffeb46ee85fb38407116c26c f17a963fe3d4436987fb9b60a90b29a9 - - default default] Successfully bumped revision number for resource e12ab05d-eff4-4630-8db0-912b522923d8 (type: security_group_rules) to 0
2026-08-05 08:24:38.920 9 INFO neutron.db.ovn_revision_numbers_db [None req-2e079e08-6a0e-4b10-a02f-d6527d5e990b 4833e98627b747c8aab14818f0bd0847 b367453d2dd04223b19180be154e1fdd - - default default] Successfully bumped revision number for resource 8287ffb3-b17d-4ff2-9cfb-eb7f0a65dd08 (type: routers) to 3
2026-08-05 08:24:38.923 9 INFO neutron.wsgi [None req-2e079e08-6a0e-4b10-a02f-d6527d5e990b 4833e98627b747c8aab14818f0bd0847 b367453d2dd04223b19180be154e1fdd - - default default] 10.0.0.211 "PUT /v2.0/routers/8287ffb3-b17d-4ff2-9cfb-eb7f0a65dd08 HTTP/1.1" status: 200 len: 874 time: 0.7928519
2026-08-05 08:24:38.977 10 INFO neutron.wsgi [req-1004c9ed-c577-465c-a30d-e81aade19700 req-92d1030c-438c-4988-9791-1694b8f54eda 9a26d78f281b4a7d95aeafce01af4d4f aa7baf76e6f04907862c720d3e0f0f9d - - default default] 10.0.0.230 "GET /v2.0/ports?device_id=2e3d3ea8-e331-43d5-ad0d-5d3cdf586b5c HTTP/1.1" status: 200 len: 1172 time: 0.2118351
2026-08-05 08:24:38.988 10 INFO neutron.wsgi [None req-b54ef3d0-4110-4ee3-b14b-4f5f0eca4041 47e5dd3cffeb46ee85fb38407116c26c f17a963fe3d4436987fb9b60a90b29a9 - - default default] 10.0.0.211 "POST /v2.0/security-group-rules HTTP/1.1" status: 201 len: 769 time: 0.4030862
2026-08-05 08:24:39.125 10 INFO neutron.wsgi [req-1004c9ed-c577-465c-a30d-e81aade19700 req-b2739bda-1900-4d36-aed9-3cd483ffb565 9a26d78f281b4a7d95aeafce01af4d4f aa7baf76e6f04907862c720d3e0f0f9d - - default default] 10.0.0.230 "GET /v2.0/security-groups?id=a5541215-49ac-4738-9060-e595742cc3ee&fields=id&fields=name HTTP/1.1" status: 200 len: 313 time: 0.1365931
2026-08-05 08:24:39.170 10 INFO neutron.db.ovn_revision_numbers_db [None req-cb8ae8b2-0a3e-4504-9348-3a2e4ce30351 bad9087eb07a46fcaa754ad35477751f f9a2e9ff2e834de9970cd1125ab30f77 - - default default] Successfully bumped revision number for resource 6d6eefac-c35c-4d2c-88aa-3153781bdf47 (type: security_groups) to 1
2026-08-05 08:24:39.173 10 INFO neutron.db.ovn_revision_numbers_db [None req-dae38973-109e-4f5b-8203-0129e33c5fd5 - - - - - -] Successfully bumped revision number for resource b2884f0e-ad28-4623-b1d7-0cf699fb6ff6 (type: router_ports) to 2
2026-08-05 08:24:39.229 10 INFO neutron.db.ovn_revision_numbers_db [None req-cb8ae8b2-0a3e-4504-9348-3a2e4ce30351 bad9087eb07a46fcaa754ad35477751f f9a2e9ff2e834de9970cd1125ab30f77 - - default default] Successfully bumped revision number for resource 245a4504-ce5e-483a-ae0c-0e41d58cc26d (type: security_group_rules) to 0
2026-08-05 08:24:39.260 9 INFO neutron.wsgi [req-d00519e8-031e-42a8-ac04-569361e14337 req-52aa8cbc-595d-42a5-aede-7df4f3f79252 e59f289152a74e91821ad11e46f41e18 e843fee6b96548a287d5e0b3e8691838 - - d532ca504b334c3eb24ac80fa6190aa3 d532ca504b334c3eb24ac80fa6190aa3] 199.204.45.35 "GET /v2.0/networks/288fd30f-0f5f-465d-b589-8cd750d9047b?fields=segments HTTP/1.1" status: 200 len: 212 time: 0.3979542
2026-08-05 08:24:39.263 10 INFO neutron.db.ovn_revision_numbers_db [None req-cb8ae8b2-0a3e-4504-9348-3a2e4ce30351 bad9087eb07a46fcaa754ad35477751f f9a2e9ff2e834de9970cd1125ab30f77 - - default default] Successfully bumped revision number for resource 9387b679-ab00-4243-8908-b38432254a4d (type: security_group_rules) to 0
2026-08-05 08:24:39.309 10 INFO neutron.db.ovn_revision_numbers_db [None req-cb8ae8b2-0a3e-4504-9348-3a2e4ce30351 bad9087eb07a46fcaa754ad35477751f f9a2e9ff2e834de9970cd1125ab30f77 - - default default] Successfully bumped revision number for resource ae1bad8c-7988-47ac-9eff-58aa2acf3d09 (type: security_group_rules) to 0
2026-08-05 08:24:39.339 10 INFO neutron.db.ovn_revision_numbers_db [None req-cb8ae8b2-0a3e-4504-9348-3a2e4ce30351 bad9087eb07a46fcaa754ad35477751f f9a2e9ff2e834de9970cd1125ab30f77 - - default default] Successfully bumped revision number for resource e6c47203-aead-42a2-af3c-194b5a14aca2 (type: security_group_rules) to 0
2026-08-05 08:24:39.343 9 INFO neutron.wsgi [None req-bba2410a-738b-4bbf-8b7b-55d2b5d2094d 4833e98627b747c8aab14818f0bd0847 b367453d2dd04223b19180be154e1fdd - - default default] 10.0.0.211 "GET /v2.0/routers/8287ffb3-b17d-4ff2-9cfb-eb7f0a65dd08 HTTP/1.1" status: 200 len: 874 time: 0.4097970
2026-08-05 08:24:39.372 10 INFO neutron.wsgi [None req-cb8ae8b2-0a3e-4504-9348-3a2e4ce30351 bad9087eb07a46fcaa754ad35477751f f9a2e9ff2e834de9970cd1125ab30f77 - - default default] 10.0.0.211 "GET /v2.0/security-groups?tenant_id=2f119b7b67884a1e95cafd97f89e2068&name=default HTTP/1.1" status: 200 len: 2996 time: 0.7283196
2026-08-05 08:24:39.375 9 INFO neutron.wsgi [None req-9450baea-0a09-42a6-b970-9065c6079dcd 4833e98627b747c8aab14818f0bd0847 b367453d2dd04223b19180be154e1fdd - - default default] 10.0.0.211 "GET /v2.0/ports?device_id=8287ffb3-b17d-4ff2-9cfb-eb7f0a65dd08 HTTP/1.1" status: 200 len: 205 time: 0.0238693
2026-08-05 08:24:39.389 9 INFO neutron.wsgi [req-d00519e8-031e-42a8-ac04-569361e14337 req-7882481d-2ec3-4e3f-a916-45ee4350ad28 e59f289152a74e91821ad11e46f41e18 e843fee6b96548a287d5e0b3e8691838 - - d532ca504b334c3eb24ac80fa6190aa3 d532ca504b334c3eb24ac80fa6190aa3] 199.204.45.35 "GET /v2.0/networks/288fd30f-0f5f-465d-b589-8cd750d9047b?fields=provider%3Aphysical_network&fields=provider%3Anetwork_type HTTP/1.1" status: 200 len: 277 time: 0.1103990
2026-08-05 08:24:39.502 9 INFO neutron.db.ovn_revision_numbers_db [None req-6eeebc64-6083-4af1-b313-107984a94cb5 - - - - - -] Successfully bumped revision number for resource 1f0417de-334d-4b15-919a-78fe4357a5ea (type: ports) to 4
2026-08-05 08:24:39.532 10 WARNING neutron.scheduler.dhcp_agent_scheduler [None req-29dbb543-45c8-4849-9e58-e256abc4d4a3 47e5dd3cffeb46ee85fb38407116c26c f17a963fe3d4436987fb9b60a90b29a9 - - default default] No more DHCP agents
2026-08-05 08:24:39.535 10 WARNING neutron.api.rpc.agentnotifiers.dhcp_rpc_agent_api [None req-29dbb543-45c8-4849-9e58-e256abc4d4a3 47e5dd3cffeb46ee85fb38407116c26c f17a963fe3d4436987fb9b60a90b29a9 - - default default] Unable to schedule network 75671639-418b-4cd4-9307-cb01dcf271c9: no agents available; will retry on subsequent port and subnet creation events.
2026-08-05 08:24:40.100 9 INFO neutron.notifiers.nova [-] Nova event matching ['req-16d39c51-9deb-4c8d-b153-b5c023c18f91'] response: {'server_uuid': '2e3d3ea8-e331-43d5-ad0d-5d3cdf586b5c', 'name': 'network-vif-plugged', 'status': 'completed', 'tag': '1f0417de-334d-4b15-919a-78fe4357a5ea', 'code': 200}
2026-08-05 08:24:40.101 9 INFO neutron.notifiers.nova [-] Nova event matching ['req-16d39c51-9deb-4c8d-b153-b5c023c18f91'] response: {'server_uuid': '2e3d3ea8-e331-43d5-ad0d-5d3cdf586b5c', 'name': 'network-vif-plugged', 'status': 'completed', 'tag': '1f0417de-334d-4b15-919a-78fe4357a5ea', 'code': 200}
2026-08-05 08:24:40.258 10 INFO neutron.wsgi [req-d5638480-1792-4329-af46-354029897cf6 req-326ea5b2-5825-4320-94d8-a8f0b382e740 9a26d78f281b4a7d95aeafce01af4d4f aa7baf76e6f04907862c720d3e0f0f9d - - default default] 10.0.0.230 "GET /v2.0/ports?device_id=2e3d3ea8-e331-43d5-ad0d-5d3cdf586b5c HTTP/1.1" status: 200 len: 1174 time: 0.0587225
2026-08-05 08:24:40.784 10 INFO neutron.wsgi [req-d5638480-1792-4329-af46-354029897cf6 req-20fc4fd5-57e6-4e43-95e0-d260a44a8552 9a26d78f281b4a7d95aeafce01af4d4f aa7baf76e6f04907862c720d3e0f0f9d - - default default] 10.0.0.230 "GET /v2.0/security-groups?id=a5541215-49ac-4738-9060-e595742cc3ee&fields=id&fields=name HTTP/1.1" status: 200 len: 313 time: 0.5171814
2026-08-05 08:24:40.885 10 INFO neutron.db.ovn_revision_numbers_db [None req-29dbb543-45c8-4849-9e58-e256abc4d4a3 47e5dd3cffeb46ee85fb38407116c26c f17a963fe3d4436987fb9b60a90b29a9 - - default default] Successfully bumped revision number for resource ed209219-9b80-4acc-94a4-1ad8389c03af (type: floatingips) to 0
2026-08-05 08:24:40.892 10 INFO neutron.wsgi [None req-984e2a8e-2538-4d9c-967f-bafa4c44785c bad9087eb07a46fcaa754ad35477751f f9a2e9ff2e834de9970cd1125ab30f77 - - default default] 10.0.0.211 "DELETE /v2.0/security-groups/6d6eefac-c35c-4d2c-88aa-3153781bdf47 HTTP/1.1" status: 204 len: 168 time: 1.5142264
2026-08-05 08:24:41.738 10 INFO neutron.wsgi [None req-29dbb543-45c8-4849-9e58-e256abc4d4a3 47e5dd3cffeb46ee85fb38407116c26c f17a963fe3d4436987fb9b60a90b29a9 - - default default] 10.0.0.211 "POST /v2.0/floatingips HTTP/1.1" status: 201 len: 751 time: 2.7395377
2026-08-05 08:24:41.846 10 INFO neutron.wsgi [req-8b05bab9-22fe-489b-91aa-4466c9c39079 req-e0cdd1a7-cc60-4e90-b663-4023e359eb19 47e5dd3cffeb46ee85fb38407116c26c f17a963fe3d4436987fb9b60a90b29a9 - - default default] 10.0.0.230 "GET /v2.0/security-groups?name=tempest-secgroup-smoke-1638111372&fields=id&tenant_id=f17a963fe3d4436987fb9b60a90b29a9 HTTP/1.1" status: 200 len: 267 time: 0.0428066 /var/lib/openstack/lib/python3.10/site-packages/pycadf/identifier.py:71: UserWarning: Invalid uuid: neutron. To ensure interoperability, identifiers should be a valid uuid. warnings.warn(('Invalid uuid: %s. To ensure interoperability, '
2026-08-05 08:24:41.908 10 INFO neutron.wsgi [req-8b05bab9-22fe-489b-91aa-4466c9c39079 req-97664f27-fae8-421b-95fd-a8e7f1e386fa 47e5dd3cffeb46ee85fb38407116c26c f17a963fe3d4436987fb9b60a90b29a9 - - default default] 10.0.0.230 "GET /v2.0/security-groups?name=tempest-securitygroup--1640448699&fields=id&tenant_id=f17a963fe3d4436987fb9b60a90b29a9 HTTP/1.1" status: 200 len: 267 time: 0.0569952
2026-08-05 08:24:41.951 9 INFO neutron.wsgi [req-eda4c75e-8fc1-4635-84df-f54c8b6eed86 req-5268f0e4-4ced-4ea9-b831-aec570711a92 9a26d78f281b4a7d95aeafce01af4d4f aa7baf76e6f04907862c720d3e0f0f9d - - default default] 10.0.0.230 "GET /v2.0/ports?device_id=2e3d3ea8-e331-43d5-ad0d-5d3cdf586b5c HTTP/1.1" status: 200 len: 1174 time: 0.0852654
2026-08-05 08:24:41.993 9 INFO neutron.wsgi [req-eda4c75e-8fc1-4635-84df-f54c8b6eed86 req-c198312c-c33f-4b40-abfa-b3416ef4ba8f 9a26d78f281b4a7d95aeafce01af4d4f aa7baf76e6f04907862c720d3e0f0f9d - - default default] 10.0.0.230 "GET /v2.0/security-groups?id=a5541215-49ac-4738-9060-e595742cc3ee&fields=id&fields=name HTTP/1.1" status: 200 len: 313 time: 0.0366142
2026-08-05 08:24:42.028 10 INFO neutron.wsgi [req-8b05bab9-22fe-489b-91aa-4466c9c39079 req-b3ee0dcb-c789-4742-b652-d409a9b82916 47e5dd3cffeb46ee85fb38407116c26c f17a963fe3d4436987fb9b60a90b29a9 - - default default] 10.0.0.230 "GET /v2.0/networks?id=975fed03-4f2a-4428-9a0e-439b9bd98f02 HTTP/1.1" status: 200 len: 871 time: 0.1131139
2026-08-05 08:24:42.042 10 INFO neutron.wsgi [req-8b05bab9-22fe-489b-91aa-4466c9c39079 req-046de72f-c14b-4b74-81e7-87e0d145506d 47e5dd3cffeb46ee85fb38407116c26c f17a963fe3d4436987fb9b60a90b29a9 - - default default] 10.0.0.230 "GET /v2.0/quotas/f17a963fe3d4436987fb9b60a90b29a9 HTTP/1.1" status: 200 len: 386 time: 0.0101862
2026-08-05 08:24:42.144 10 INFO neutron.wsgi [req-8b05bab9-22fe-489b-91aa-4466c9c39079 req-dbc91480-1418-4b4a-8397-b8a0ec9d5602 47e5dd3cffeb46ee85fb38407116c26c f17a963fe3d4436987fb9b60a90b29a9 - - default default] 10.0.0.230 "GET /v2.0/ports?tenant_id=f17a963fe3d4436987fb9b60a90b29a9&fields=id HTTP/1.1" status: 200 len: 302 time: 0.0937247
2026-08-05 08:24:42.216 10 INFO neutron.wsgi [req-8b05bab9-22fe-489b-91aa-4466c9c39079 req-f581be32-17ae-451c-9807-a80a8b97a2f3 e59f289152a74e91821ad11e46f41e18 e843fee6b96548a287d5e0b3e8691838 - - d532ca504b334c3eb24ac80fa6190aa3 d532ca504b334c3eb24ac80fa6190aa3] 10.0.0.230 "GET /v2.0/networks/975fed03-4f2a-4428-9a0e-439b9bd98f02?fields=segments HTTP/1.1" status: 200 len: 212 time: 0.0597384
2026-08-05 08:24:42.273 10 INFO neutron.wsgi [req-8b05bab9-22fe-489b-91aa-4466c9c39079 req-06b252c8-9128-488d-8f44-17997a90afe2 e59f289152a74e91821ad11e46f41e18 e843fee6b96548a287d5e0b3e8691838 - - d532ca504b334c3eb24ac80fa6190aa3 d532ca504b334c3eb24ac80fa6190aa3] 10.0.0.230 "GET /v2.0/networks/975fed03-4f2a-4428-9a0e-439b9bd98f02?fields=provider%3Aphysical_network&fields=provider%3Anetwork_type HTTP/1.1" status: 200 len: 277 time: 0.0509512
2026-08-05 08:24:42.674 10 INFO neutron.wsgi [None req-9753820d-0602-4050-a754-9c1301c62a5f 4833e98627b747c8aab14818f0bd0847 b367453d2dd04223b19180be154e1fdd - - default default] 10.0.0.211 "DELETE /v2.0/routers/8287ffb3-b17d-4ff2-9cfb-eb7f0a65dd08 HTTP/1.1" status: 204 len: 168 time: 3.2889905
2026-08-05 08:24:42.709 10 INFO neutron.wsgi [None req-4eb55697-00d2-4468-b604-2bf56475e996 4833e98627b747c8aab14818f0bd0847 b367453d2dd04223b19180be154e1fdd - - default default] 10.0.0.211 "GET /v2.0/ports?device_id=8287ffb3-b17d-4ff2-9cfb-eb7f0a65dd08 HTTP/1.1" status: 200 len: 205 time: 0.0254498
2026-08-05 08:24:42.734 9 INFO neutron.api.v2.resource [None req-c9dac45b-3e04-4952-9d98-3a09c5bbdd57 4833e98627b747c8aab14818f0bd0847 b367453d2dd04223b19180be154e1fdd - - default default] delete failed (client error): The resource could not be found.
2026-08-05 08:24:42.736 9 INFO neutron.wsgi [None req-c9dac45b-3e04-4952-9d98-3a09c5bbdd57 4833e98627b747c8aab14818f0bd0847 b367453d2dd04223b19180be154e1fdd - - default default] 10.0.0.211 "DELETE /v2.0/routers/8287ffb3-b17d-4ff2-9cfb-eb7f0a65dd08 HTTP/1.1" status: 404 len: 336 time: 0.0227261
2026-08-05 08:24:42.767 9 INFO neutron.wsgi [req-52b6c224-7771-4152-84f5-5391aec6bfff req-c94796da-1cd8-4d68-9907-6ea122cf3975 47e5dd3cffeb46ee85fb38407116c26c f17a963fe3d4436987fb9b60a90b29a9 - - default default] 10.0.0.230 "GET /v2.0/ports?device_id=9fe47321-dae3-4762-b4dd-014e02bd0ea5 HTTP/1.1" status: 200 len: 210 time: 0.0192780
2026-08-05 08:24:42.769 10 INFO neutron.wsgi [None req-38a09f64-5657-471c-8726-bee9612f8159 4833e98627b747c8aab14818f0bd0847 b367453d2dd04223b19180be154e1fdd - - default default] 10.0.0.211 "GET /v2.0/ports?device_id=01a976a0-79f0-4160-b58d-831c34033bd3 HTTP/1.1" status: 200 len: 205 time: 0.0288370
2026-08-05 08:24:42.809 10 INFO neutron.api.v2.resource [None req-44db1234-08b1-426e-9778-cc4dbd8b9ea4 4833e98627b747c8aab14818f0bd0847 b367453d2dd04223b19180be154e1fdd - - default default] delete failed (client error): The resource could not be found.
2026-08-05 08:24:42.810 10 INFO neutron.wsgi [None req-44db1234-08b1-426e-9778-cc4dbd8b9ea4 4833e98627b747c8aab14818f0bd0847 b367453d2dd04223b19180be154e1fdd - - default default] 10.0.0.211 "DELETE /v2.0/routers/01a976a0-79f0-4160-b58d-831c34033bd3 HTTP/1.1" status: 404 len: 336 time: 0.0303738
2026-08-05 08:24:42.828 10 INFO neutron.pecan_wsgi.hooks.translation [None req-789718bd-e031-46ad-95a0-270f84c26d3a 4833e98627b747c8aab14818f0bd0847 b367453d2dd04223b19180be154e1fdd - - default default] DELETE failed (client error): The resource could not be found.
2026-08-05 08:24:42.830 10 INFO neutron.wsgi [None req-789718bd-e031-46ad-95a0-270f84c26d3a 4833e98627b747c8aab14818f0bd0847 b367453d2dd04223b19180be154e1fdd - - default default] 10.0.0.211 "DELETE /v2.0/subnets/eedcbab9-93e3-4c6b-9a66-aa7e66e5c4a0 HTTP/1.1" status: 404 len: 337 time: 0.0165246
2026-08-05 08:24:42.851 10 INFO neutron.wsgi [None req-7804943b-19f3-4018-a141-f8bcf05314bb 4833e98627b747c8aab14818f0bd0847 b367453d2dd04223b19180be154e1fdd - - default default] 10.0.0.211 "GET /v2.0/ports?device_id=cd6a6bdc-e9e5-4fab-98ec-55adf0237e45 HTTP/1.1" status: 200 len: 205 time: 0.0172386
2026-08-05 08:24:42.875 10 INFO neutron.api.v2.resource [None req-4e568397-f837-4ddc-93d9-cdeb00928f46 4833e98627b747c8aab14818f0bd0847 b367453d2dd04223b19180be154e1fdd - - default default] delete failed (client error): The resource could not be found.
2026-08-05 08:24:42.877 10 INFO neutron.wsgi [None req-4e568397-f837-4ddc-93d9-cdeb00928f46 4833e98627b747c8aab14818f0bd0847 b367453d2dd04223b19180be154e1fdd - - default default] 10.0.0.211 "DELETE /v2.0/routers/cd6a6bdc-e9e5-4fab-98ec-55adf0237e45 HTTP/1.1" status: 404 len: 336 time: 0.0211687
2026-08-05 08:24:42.897 10 INFO neutron.pecan_wsgi.hooks.translation [None req-0b53d61d-2a53-415a-a544-51086af4b5d6 4833e98627b747c8aab14818f0bd0847 b367453d2dd04223b19180be154e1fdd - - default default] DELETE failed (client error): The resource could not be found.
2026-08-05 08:24:42.899 10 INFO neutron.wsgi [None req-0b53d61d-2a53-415a-a544-51086af4b5d6 4833e98627b747c8aab14818f0bd0847 b367453d2dd04223b19180be154e1fdd - - default default] 10.0.0.211 "DELETE /v2.0/subnets/2c1759da-f6fa-4482-85f5-f092f594cb0f HTTP/1.1" status: 404 len: 337 time: 0.0171306
2026-08-05 08:24:42.934 10 INFO neutron.wsgi [None req-5f3f8256-754b-4198-af2c-20a8b43f0386 4833e98627b747c8aab14818f0bd0847 b367453d2dd04223b19180be154e1fdd - - default default] 10.0.0.211 "GET /v2.0/ports?device_id=dbad015b-fa92-479c-a4ee-98d0f90a5d3f HTTP/1.1" status: 200 len: 205 time: 0.0302663
2026-08-05 08:24:42.961 10 INFO neutron.api.v2.resource [None req-b56caf22-1c1b-4ffc-a716-3f59f826541d 4833e98627b747c8aab14818f0bd0847 b367453d2dd04223b19180be154e1fdd - - default default] delete failed (client error): The resource could not be found.
2026-08-05 08:24:42.962 10 INFO neutron.wsgi [None req-b56caf22-1c1b-4ffc-a716-3f59f826541d 4833e98627b747c8aab14818f0bd0847 b367453d2dd04223b19180be154e1fdd - - default default] 10.0.0.211 "DELETE /v2.0/routers/dbad015b-fa92-479c-a4ee-98d0f90a5d3f HTTP/1.1" status: 404 len: 336 time: 0.0237880
2026-08-05 08:24:42.990 10 INFO neutron.pecan_wsgi.hooks.translation [None req-af92a256-c20e-4622-8760-af1343932b53 4833e98627b747c8aab14818f0bd0847 b367453d2dd04223b19180be154e1fdd - - default default] DELETE failed (client error): The resource could not be found.
2026-08-05 08:24:42.992 10 INFO neutron.wsgi [None req-af92a256-c20e-4622-8760-af1343932b53 4833e98627b747c8aab14818f0bd0847 b367453d2dd04223b19180be154e1fdd - - default default] 10.0.0.211 "DELETE /v2.0/subnets/c136e99b-b0c5-40b4-9ca6-b153eac139fa HTTP/1.1" status: 404 len: 337 time: 0.0245194
2026-08-05 08:24:43.017 10 INFO neutron.pecan_wsgi.hooks.translation [None req-36d75836-183d-4a0f-9fb6-c19a3510d24d 4833e98627b747c8aab14818f0bd0847 b367453d2dd04223b19180be154e1fdd - - default default] DELETE failed (client error): The resource could not be found.
2026-08-05 08:24:43.020 10 INFO neutron.wsgi [None req-36d75836-183d-4a0f-9fb6-c19a3510d24d 4833e98627b747c8aab14818f0bd0847 b367453d2dd04223b19180be154e1fdd - - default default] 10.0.0.211 "DELETE /v2.0/subnets/ca80c0f5-12f5-4f87-bb96-fdd67d456e50 HTTP/1.1" status: 404 len: 337 time: 0.0223341
2026-08-05 08:24:43.111 10 INFO neutron.wsgi [req-72128183-fd62-44e5-b3d2-b79cbf3c5c86 req-2be547ec-390c-461b-92e0-41a506628444 9a26d78f281b4a7d95aeafce01af4d4f aa7baf76e6f04907862c720d3e0f0f9d - - default default] 10.0.0.230 "GET /v2.0/ports?device_id=2e3d3ea8-e331-43d5-ad0d-5d3cdf586b5c HTTP/1.1" status: 200 len: 1174 time: 0.0488832
2026-08-05 08:24:43.172 10 INFO neutron.wsgi [req-72128183-fd62-44e5-b3d2-b79cbf3c5c86 req-0f49aac4-4e11-46f4-960d-4b0c406bfa4c 9a26d78f281b4a7d95aeafce01af4d4f aa7baf76e6f04907862c720d3e0f0f9d - - default default] 10.0.0.230 "GET /v2.0/security-groups?id=a5541215-49ac-4738-9060-e595742cc3ee&fields=id&fields=name HTTP/1.1" status: 200 len: 313 time: 0.0515552
2026-08-05 08:24:43.275 9 INFO neutron.wsgi [req-1dd5a55e-cdfb-4a03-81a4-d61a0507e787 req-d10ecf0f-28b6-4fb9-aade-e60043e8e807 9a26d78f281b4a7d95aeafce01af4d4f aa7baf76e6f04907862c720d3e0f0f9d - - default default] 10.0.0.230 "GET /v2.0/ports?device_id=2e3d3ea8-e331-43d5-ad0d-5d3cdf586b5c HTTP/1.1" status: 200 len: 1174 time: 0.0360138
2026-08-05 08:24:43.317 9 INFO neutron.wsgi [req-1dd5a55e-cdfb-4a03-81a4-d61a0507e787 req-b766b75d-df85-4431-86f5-b1fc86a5a24b 9a26d78f281b4a7d95aeafce01af4d4f aa7baf76e6f04907862c720d3e0f0f9d - - default default] 10.0.0.230 "GET /v2.0/security-groups?id=a5541215-49ac-4738-9060-e595742cc3ee&fields=id&fields=name HTTP/1.1" status: 200 len: 313 time: 0.0367796
2026-08-05 08:24:43.388 9 INFO neutron.wsgi [None req-cebeae83-b7c7-4b63-8ad3-8ce317477b53 df291761bde44417873a70eb926d9ff4 df7d57f887834d4995ec2e08e5f1e7d8 - - default default] 10.0.0.211 "GET /v2.0/ports?device_id=2e3d3ea8-e331-43d5-ad0d-5d3cdf586b5c HTTP/1.1" status: 200 len: 1408 time: 0.0326276
2026-08-05 08:24:43.552 10 WARNING neutron.plugins.ml2.drivers.ovn.mech_driver.ovsdb.ovn_client [None req-dae38973-109e-4f5b-8203-0129e33c5fd5 - - - - - -] No hosting information found for port b2884f0e-ad28-4623-b1d7-0cf699fb6ff6: RuntimeError: No hosting information found for port b2884f0e-ad28-4623-b1d7-0cf699fb6ff6
2026-08-05 08:24:43.552 10 INFO neutron.plugins.ml2.drivers.ovn.mech_driver.mech_driver [None req-dae38973-109e-4f5b-8203-0129e33c5fd5 - - - - - -] OVN reports status up for port: 84076e7c-7124-4776-930e-12d930f76755
2026-08-05 08:24:43.765 9 INFO neutron.wsgi [None req-d2179722-c716-44dd-b7e9-86b50e7a3d27 bad9087eb07a46fcaa754ad35477751f f9a2e9ff2e834de9970cd1125ab30f77 - - default default] 10.0.0.211 "GET /v2.0/security-groups?tenant_id=b367453d2dd04223b19180be154e1fdd&name=default HTTP/1.1" status: 200 len: 2996 time: 0.2634890
2026-08-05 08:24:43.872 10 INFO neutron.wsgi [req-9a93f1f1-a725-4fb0-b759-c05dee453efc req-8ba774c8-2e86-4f65-ae14-2dbb5a08e1bd 47e5dd3cffeb46ee85fb38407116c26c f17a963fe3d4436987fb9b60a90b29a9 - - default default] 10.0.0.230 "GET /v2.0/ports?device_id=9fe47321-dae3-4762-b4dd-014e02bd0ea5 HTTP/1.1" status: 200 len: 210 time: 0.0262847
2026-08-05 08:24:43.942 9 WARNING neutron.scheduler.dhcp_agent_scheduler [None req-6b7bb74d-d2cc-4feb-933d-61469d1bcaa4 9a26d78f281b4a7d95aeafce01af4d4f aa7baf76e6f04907862c720d3e0f0f9d - - default default] No more DHCP agents
2026-08-05 08:24:43.948 9 WARNING neutron.api.rpc.agentnotifiers.dhcp_rpc_agent_api [None req-6b7bb74d-d2cc-4feb-933d-61469d1bcaa4 9a26d78f281b4a7d95aeafce01af4d4f aa7baf76e6f04907862c720d3e0f0f9d - - default default] Unable to schedule network 75671639-418b-4cd4-9307-cb01dcf271c9: no agents available; will retry on subsequent port and subnet creation events.
2026-08-05 08:24:43.972 9 INFO neutron.wsgi [req-8b05bab9-22fe-489b-91aa-4466c9c39079 req-5c60745d-c6b7-42c2-b522-ec1a3b16d747 47e5dd3cffeb46ee85fb38407116c26c f17a963fe3d4436987fb9b60a90b29a9 - - default default] 199.204.45.35 "GET /v2.0/networks?id=975fed03-4f2a-4428-9a0e-439b9bd98f02 HTTP/1.1" status: 200 len: 871 time: 0.1217089
2026-08-05 08:24:44.059 9 INFO neutron.wsgi [req-8b05bab9-22fe-489b-91aa-4466c9c39079 req-af5847f5-781e-42e2-9206-2548d660ddc4 47e5dd3cffeb46ee85fb38407116c26c f17a963fe3d4436987fb9b60a90b29a9 - - default default] 199.204.45.35 "GET /v2.0/security-groups?fields=id&fields=name&tenant_id=f17a963fe3d4436987fb9b60a90b29a9 HTTP/1.1" status: 200 len: 473 time: 0.0803561
2026-08-05 08:24:44.242 9 INFO neutron.wsgi [None req-4e6d9bde-2103-48b3-8285-65c98bfd3ce9 bad9087eb07a46fcaa754ad35477751f f9a2e9ff2e834de9970cd1125ab30f77 - - default default] 10.0.0.211 "DELETE /v2.0/security-groups/feda6b1c-b5c8-4009-9d7c-ade3184331fd HTTP/1.1" status: 204 len: 168 time: 0.4708951
2026-08-05 08:24:44.577 9 INFO neutron.db.l3_db [None req-6b7bb74d-d2cc-4feb-933d-61469d1bcaa4 9a26d78f281b4a7d95aeafce01af4d4f aa7baf76e6f04907862c720d3e0f0f9d - - default default] Floating IP 14c05a12-3aa5-4b48-b92b-4c6c8b848e84 associated. External IP: 10.96.250.215, port: 1f0417de-334d-4b15-919a-78fe4357a5ea.
2026-08-05 08:24:44.588 9 WARNING neutron.scheduler.dhcp_agent_scheduler [req-8b05bab9-22fe-489b-91aa-4466c9c39079 req-d9517ea4-91d8-4188-ba64-95d6fc641061 47e5dd3cffeb46ee85fb38407116c26c f17a963fe3d4436987fb9b60a90b29a9 - - default default] No more DHCP agents
2026-08-05 08:24:44.600 9 WARNING neutron.api.rpc.agentnotifiers.dhcp_rpc_agent_api [req-8b05bab9-22fe-489b-91aa-4466c9c39079 req-d9517ea4-91d8-4188-ba64-95d6fc641061 47e5dd3cffeb46ee85fb38407116c26c f17a963fe3d4436987fb9b60a90b29a9 - - default default] Unable to schedule network 975fed03-4f2a-4428-9a0e-439b9bd98f02: no agents available; will retry on subsequent port and subnet creation events.
2026-08-05 08:24:44.848 9 INFO neutron.db.ovn_revision_numbers_db [None req-6b7bb74d-d2cc-4feb-933d-61469d1bcaa4 9a26d78f281b4a7d95aeafce01af4d4f aa7baf76e6f04907862c720d3e0f0f9d - - default default] Successfully bumped revision number for resource 14c05a12-3aa5-4b48-b92b-4c6c8b848e84 (type: floatingips) to 0
2026-08-05 08:24:44.869 9 INFO neutron.db.ovn_revision_numbers_db [req-8b05bab9-22fe-489b-91aa-4466c9c39079 req-d9517ea4-91d8-4188-ba64-95d6fc641061 47e5dd3cffeb46ee85fb38407116c26c f17a963fe3d4436987fb9b60a90b29a9 - - default default] Successfully bumped revision number for resource d50f4ec0-370f-434c-a22d-28033e0050ad (type: ports) to 1
2026-08-05 08:24:44.908 9 INFO neutron.wsgi [req-8b05bab9-22fe-489b-91aa-4466c9c39079 req-d9517ea4-91d8-4188-ba64-95d6fc641061 47e5dd3cffeb46ee85fb38407116c26c f17a963fe3d4436987fb9b60a90b29a9 - - default default] 199.204.45.35 "POST /v2.0/ports HTTP/1.1" status: 201 len: 1197 time: 0.8318861 /var/lib/openstack/lib/python3.10/site-packages/pycadf/identifier.py:71: UserWarning: Invalid uuid: neutron. To ensure interoperability, identifiers should be a valid uuid. warnings.warn(('Invalid uuid: %s. To ensure interoperability, '
2026-08-05 08:24:45.034 9 INFO neutron.db.ovn_revision_numbers_db [None req-6b7bb74d-d2cc-4feb-933d-61469d1bcaa4 9a26d78f281b4a7d95aeafce01af4d4f aa7baf76e6f04907862c720d3e0f0f9d - - default default] Successfully bumped revision number for resource 14c05a12-3aa5-4b48-b92b-4c6c8b848e84 (type: floatingips) to 1
2026-08-05 08:24:45.121 9 INFO neutron.wsgi [None req-6b7bb74d-d2cc-4feb-933d-61469d1bcaa4 9a26d78f281b4a7d95aeafce01af4d4f aa7baf76e6f04907862c720d3e0f0f9d - - default default] 10.0.0.211 "POST /v2.0/floatingips HTTP/1.1" status: 201 len: 1055 time: 1.7270291 /var/lib/openstack/lib/python3.10/site-packages/pycadf/identifier.py:71: UserWarning: Invalid uuid: neutron. To ensure interoperability, identifiers should be a valid uuid. warnings.warn(('Invalid uuid: %s. To ensure interoperability, '
2026-08-05 08:24:45.153 9 INFO neutron.wsgi [req-406b9664-0be9-4264-9f3d-514caaa156f7 req-02a25dbb-1871-42b2-bfd2-0ee189c910ee 47e5dd3cffeb46ee85fb38407116c26c f17a963fe3d4436987fb9b60a90b29a9 - - default default] 10.0.0.230 "GET /v2.0/ports?device_id=9fe47321-dae3-4762-b4dd-014e02bd0ea5 HTTP/1.1" status: 200 len: 1195 time: 0.1855834
2026-08-05 08:24:45.172 9 INFO neutron.notifiers.nova [-] Nova event matching ['req-c9583865-a89c-4d82-8c83-329b99e7424f'] response: {'name': 'network-changed', 'server_uuid': '2e3d3ea8-e331-43d5-ad0d-5d3cdf586b5c', 'tag': '1f0417de-334d-4b15-919a-78fe4357a5ea', 'status': 'completed', 'code': 200}
2026-08-05 08:24:45.181 10 INFO neutron.wsgi [None req-3df641dd-7200-4f1f-bb46-d15bc9c360e2 9a26d78f281b4a7d95aeafce01af4d4f aa7baf76e6f04907862c720d3e0f0f9d - - default default] 10.0.0.211 "GET /v2.0/floatingips/14c05a12-3aa5-4b48-b92b-4c6c8b848e84 HTTP/1.1" status: 200 len: 1052 time: 0.0533066
2026-08-05 08:24:45.232 10 INFO neutron.wsgi [req-5f17cdf4-a683-42ab-a49f-e9f9d108acab req-171ff91c-4904-4540-93a4-c27461646459 e59f289152a74e91821ad11e46f41e18 e843fee6b96548a287d5e0b3e8691838 - - d532ca504b334c3eb24ac80fa6190aa3 d532ca504b334c3eb24ac80fa6190aa3] 199.204.45.35 "GET /v2.0/ports?tenant_id=aa7baf76e6f04907862c720d3e0f0f9d&device_id=2e3d3ea8-e331-43d5-ad0d-5d3cdf586b5c HTTP/1.1" status: 200 len: 1413 time: 0.0485353
2026-08-05 08:24:45.248 9 INFO neutron.wsgi [req-406b9664-0be9-4264-9f3d-514caaa156f7 req-b85faccf-e83b-4b0f-b7f9-a3b6a6b983cb 47e5dd3cffeb46ee85fb38407116c26c f17a963fe3d4436987fb9b60a90b29a9 - - default default] 10.0.0.230 "GET /v2.0/security-groups?id=499bb11b-0464-403b-808e-135f5138f695&id=db863e9f-5489-4738-afa9-6f542c45c55d&fields=id&fields=name HTTP/1.1" status: 200 len: 406 time: 0.0870907
2026-08-05 08:24:45.361 10 INFO neutron.wsgi [req-5f17cdf4-a683-42ab-a49f-e9f9d108acab req-ba7e86e2-fb07-4de7-ac2e-d8857b84cad3 e59f289152a74e91821ad11e46f41e18 e843fee6b96548a287d5e0b3e8691838 - - d532ca504b334c3eb24ac80fa6190aa3 d532ca504b334c3eb24ac80fa6190aa3] 199.204.45.35 "GET /v2.0/networks?id=288fd30f-0f5f-465d-b589-8cd750d9047b HTTP/1.1" status: 200 len: 959 time: 0.1232212
2026-08-05 08:24:45.427 10 INFO neutron.wsgi [req-5f17cdf4-a683-42ab-a49f-e9f9d108acab req-14fadc36-f361-439c-a4f9-6a0b0cd364b1 e59f289152a74e91821ad11e46f41e18 e843fee6b96548a287d5e0b3e8691838 - - d532ca504b334c3eb24ac80fa6190aa3 d532ca504b334c3eb24ac80fa6190aa3] 199.204.45.35 "GET /v2.0/floatingips?fixed_ip_address=10.100.0.12&port_id=1f0417de-334d-4b15-919a-78fe4357a5ea HTTP/1.1" status: 200 len: 1060 time: 0.0575690
2026-08-05 08:24:45.465 10 INFO neutron.wsgi [req-5f17cdf4-a683-42ab-a49f-e9f9d108acab req-2bcbad11-3c59-42b0-904f-c674307b6e20 e59f289152a74e91821ad11e46f41e18 e843fee6b96548a287d5e0b3e8691838 - - d532ca504b334c3eb24ac80fa6190aa3 d532ca504b334c3eb24ac80fa6190aa3] 199.204.45.35 "GET /v2.0/subnets?id=cf0c4100-bc79-40a6-9391-57d9a0bdcd2b HTTP/1.1" status: 200 len: 853 time: 0.0331388
2026-08-05 08:24:45.501 10 INFO neutron.wsgi [req-5f17cdf4-a683-42ab-a49f-e9f9d108acab req-fd396a48-4494-4364-ac00-2a1a8c380d24 e59f289152a74e91821ad11e46f41e18 e843fee6b96548a287d5e0b3e8691838 - - d532ca504b334c3eb24ac80fa6190aa3 d532ca504b334c3eb24ac80fa6190aa3] 199.204.45.35 "GET /v2.0/ports?network_id=288fd30f-0f5f-465d-b589-8cd750d9047b&device_owner=network%3Adhcp HTTP/1.1" status: 200 len: 210 time: 0.0306365
2026-08-05 08:24:45.530 9 INFO neutron.db.ovn_revision_numbers_db [req-8b05bab9-22fe-489b-91aa-4466c9c39079 req-8febbcb4-a054-4adb-9f23-bc0136d68b65 e59f289152a74e91821ad11e46f41e18 e843fee6b96548a287d5e0b3e8691838 - - d532ca504b334c3eb24ac80fa6190aa3 d532ca504b334c3eb24ac80fa6190aa3] Successfully bumped revision number for resource d50f4ec0-370f-434c-a22d-28033e0050ad (type: ports) to 2
2026-08-05 08:24:45.572 10 INFO neutron.wsgi [req-5f17cdf4-a683-42ab-a49f-e9f9d108acab req-537ea5a6-d77b-436a-b0df-8e896eff5bb5 e59f289152a74e91821ad11e46f41e18 e843fee6b96548a287d5e0b3e8691838 - - d532ca504b334c3eb24ac80fa6190aa3 d532ca504b334c3eb24ac80fa6190aa3] 199.204.45.35 "GET /v2.0/networks/288fd30f-0f5f-465d-b589-8cd750d9047b?fields=segments HTTP/1.1" status: 200 len: 212 time: 0.0637214
2026-08-05 08:24:45.645 10 INFO neutron.wsgi [req-5f17cdf4-a683-42ab-a49f-e9f9d108acab req-401c8878-25cf-4c92-9fa9-90c6e9495770 e59f289152a74e91821ad11e46f41e18 e843fee6b96548a287d5e0b3e8691838 - - d532ca504b334c3eb24ac80fa6190aa3 d532ca504b334c3eb24ac80fa6190aa3] 199.204.45.35 "GET /v2.0/networks/288fd30f-0f5f-465d-b589-8cd750d9047b?fields=provider%3Aphysical_network&fields=provider%3Anetwork_type HTTP/1.1" status: 200 len: 277 time: 0.0666609
2026-08-05 08:24:45.779 9 INFO neutron.db.ovn_revision_numbers_db [req-8b05bab9-22fe-489b-91aa-4466c9c39079 req-8febbcb4-a054-4adb-9f23-bc0136d68b65 e59f289152a74e91821ad11e46f41e18 e843fee6b96548a287d5e0b3e8691838 - - d532ca504b334c3eb24ac80fa6190aa3 d532ca504b334c3eb24ac80fa6190aa3] Successfully bumped revision number for resource d50f4ec0-370f-434c-a22d-28033e0050ad (type: ports) to 2
2026-08-05 08:24:45.792 9 INFO neutron.wsgi [req-8b05bab9-22fe-489b-91aa-4466c9c39079 req-8febbcb4-a054-4adb-9f23-bc0136d68b65 e59f289152a74e91821ad11e46f41e18 e843fee6b96548a287d5e0b3e8691838 - - d532ca504b334c3eb24ac80fa6190aa3 d532ca504b334c3eb24ac80fa6190aa3] 199.204.45.35 "PUT /v2.0/ports/d50f4ec0-370f-434c-a22d-28033e0050ad HTTP/1.1" status: 200 len: 1415 time: 0.8737490 /var/lib/openstack/lib/python3.10/site-packages/pycadf/identifier.py:71: UserWarning: Invalid uuid: neutron. To ensure interoperability, identifiers should be a valid uuid. warnings.warn(('Invalid uuid: %s. To ensure interoperability, '
2026-08-05 08:24:45.864 9 INFO neutron.wsgi [req-8b05bab9-22fe-489b-91aa-4466c9c39079 req-fa0cfb5f-d262-4d6d-883c-3cc157bffb53 e59f289152a74e91821ad11e46f41e18 e843fee6b96548a287d5e0b3e8691838 - - d532ca504b334c3eb24ac80fa6190aa3 d532ca504b334c3eb24ac80fa6190aa3] 199.204.45.35 "GET /v2.0/ports?tenant_id=f17a963fe3d4436987fb9b60a90b29a9&device_id=9fe47321-dae3-4762-b4dd-014e02bd0ea5 HTTP/1.1" status: 200 len: 1446 time: 0.0246353
2026-08-05 08:24:45.897 9 INFO neutron.wsgi [req-8b05bab9-22fe-489b-91aa-4466c9c39079 req-69f81a5d-bbe9-4bd9-9b03-95e3684d6303 e59f289152a74e91821ad11e46f41e18 e843fee6b96548a287d5e0b3e8691838 - - d532ca504b334c3eb24ac80fa6190aa3 d532ca504b334c3eb24ac80fa6190aa3] 199.204.45.35 "GET /v2.0/floatingips?fixed_ip_address=10.100.0.3&port_id=d50f4ec0-370f-434c-a22d-28033e0050ad HTTP/1.1" status: 200 len: 217 time: 0.0274785
2026-08-05 08:24:45.931 9 INFO neutron.wsgi [req-8b05bab9-22fe-489b-91aa-4466c9c39079 req-b67eccb7-8634-484c-93bc-16f07ca89b27 e59f289152a74e91821ad11e46f41e18 e843fee6b96548a287d5e0b3e8691838 - - d532ca504b334c3eb24ac80fa6190aa3 d532ca504b334c3eb24ac80fa6190aa3] 199.204.45.35 "GET /v2.0/subnets?id=482c5428-049e-4553-a3fb-830a4bb7004f HTTP/1.1" status: 200 len: 865 time: 0.0285974
2026-08-05 08:24:45.959 9 INFO neutron.wsgi [req-8b05bab9-22fe-489b-91aa-4466c9c39079 req-0d33419d-d847-4502-a2f6-815328397b9f e59f289152a74e91821ad11e46f41e18 e843fee6b96548a287d5e0b3e8691838 - - d532ca504b334c3eb24ac80fa6190aa3 d532ca504b334c3eb24ac80fa6190aa3] 199.204.45.35 "GET /v2.0/ports?network_id=975fed03-4f2a-4428-9a0e-439b9bd98f02&device_owner=network%3Adhcp HTTP/1.1" status: 200 len: 210 time: 0.0209692
2026-08-05 08:24:46.041 9 INFO neutron.wsgi [req-8b05bab9-22fe-489b-91aa-4466c9c39079 req-4f054910-0075-475c-8413-95fe495d400c e59f289152a74e91821ad11e46f41e18 e843fee6b96548a287d5e0b3e8691838 - - d532ca504b334c3eb24ac80fa6190aa3 d532ca504b334c3eb24ac80fa6190aa3] 199.204.45.35 "GET /v2.0/networks/975fed03-4f2a-4428-9a0e-439b9bd98f02?fields=segments HTTP/1.1" status: 200 len: 212 time: 0.0739877
2026-08-05 08:24:46.111 9 INFO neutron.wsgi [req-8b05bab9-22fe-489b-91aa-4466c9c39079 req-0d557d61-4d71-43ad-b69b-9e676e58be98 e59f289152a74e91821ad11e46f41e18 e843fee6b96548a287d5e0b3e8691838 - - d532ca504b334c3eb24ac80fa6190aa3 d532ca504b334c3eb24ac80fa6190aa3] 199.204.45.35 "GET /v2.0/networks/975fed03-4f2a-4428-9a0e-439b9bd98f02?fields=provider%3Aphysical_network&fields=provider%3Anetwork_type HTTP/1.1" status: 200 len: 277 time: 0.0646029
2026-08-05 08:24:46.335 9 INFO neutron.wsgi [req-e8022e73-3d0f-4380-855e-b31779738c80 req-0a0f3f81-e9ab-4cca-a066-db8ae39503c2 e59f289152a74e91821ad11e46f41e18 e843fee6b96548a287d5e0b3e8691838 - - d532ca504b334c3eb24ac80fa6190aa3 d532ca504b334c3eb24ac80fa6190aa3] 199.204.45.35 "GET /v2.0/ports?device_id=9fe47321-dae3-4762-b4dd-014e02bd0ea5 HTTP/1.1" status: 200 len: 1446 time: 0.0449002
2026-08-05 08:24:46.385 9 INFO neutron.wsgi [req-e8022e73-3d0f-4380-855e-b31779738c80 req-2d01dbca-b9a5-4aed-bb23-9c3ceadd9b3e e59f289152a74e91821ad11e46f41e18 e843fee6b96548a287d5e0b3e8691838 - - d532ca504b334c3eb24ac80fa6190aa3 d532ca504b334c3eb24ac80fa6190aa3] 199.204.45.35 "GET /v2.0/security-groups?id=db863e9f-5489-4738-afa9-6f542c45c55d&id=499bb11b-0464-403b-808e-135f5138f695&fields=id&fields=name HTTP/1.1" status: 200 len: 406 time: 0.0422368
2026-08-05 08:24:46.400 10 INFO neutron.wsgi [req-92e036a5-aa56-46a4-bc46-6d91ca75b9c2 req-abc096ca-6ed2-4d16-8622-cc61f27b57f7 47e5dd3cffeb46ee85fb38407116c26c f17a963fe3d4436987fb9b60a90b29a9 - - default default] 10.0.0.230 "GET /v2.0/ports?device_id=9fe47321-dae3-4762-b4dd-014e02bd0ea5 HTTP/1.1" status: 200 len: 1208 time: 0.0486553
2026-08-05 08:24:46.459 10 INFO neutron.wsgi [req-92e036a5-aa56-46a4-bc46-6d91ca75b9c2 req-9f68a0ae-1a47-42df-9224-ae87b8fd9c4a 47e5dd3cffeb46ee85fb38407116c26c f17a963fe3d4436987fb9b60a90b29a9 - - default default] 10.0.0.230 "GET /v2.0/security-groups?id=499bb11b-0464-403b-808e-135f5138f695&id=db863e9f-5489-4738-afa9-6f542c45c55d&fields=id&fields=name HTTP/1.1" status: 200 len: 406 time: 0.0529215
2026-08-05 08:24:46.513 10 INFO neutron.plugins.ml2.drivers.ovn.mech_driver.mech_driver [None req-dae38973-109e-4f5b-8203-0129e33c5fd5 - - - - - -] OVN reports status up for port: d50f4ec0-370f-434c-a22d-28033e0050ad
2026-08-05 08:24:46.525 10 INFO neutron.plugins.ml2.plugin [None req-dae38973-109e-4f5b-8203-0129e33c5fd5 - - - - - -] Attempt 1 to provision port d50f4ec0-370f-434c-a22d-28033e0050ad
2026-08-05 08:24:46.655 10 INFO neutron.notifiers.nova [-] Nova event matching ['req-19fd4010-06ab-45c6-9c63-f774e3074708'] response: {'server_uuid': '9fe47321-dae3-4762-b4dd-014e02bd0ea5', 'name': 'network-vif-plugged', 'status': 'completed', 'tag': 'd50f4ec0-370f-434c-a22d-28033e0050ad', 'code': 200}
2026-08-05 08:24:46.891 10 INFO neutron.db.ovn_revision_numbers_db [None req-6631c18a-1268-4c4f-8553-5221c3918289 548d2cdd9ab8436abe521812ca466c91 ded7373bf51b439c9995c23118afd57f - - default default] Successfully bumped revision number for resource b9be3111-f461-4068-b31e-c5752b9a4ab5 (type: security_groups) to 1
2026-08-05 08:24:46.904 10 INFO neutron.db.ovn_revision_numbers_db [None req-dae38973-109e-4f5b-8203-0129e33c5fd5 - - - - - -] Successfully bumped revision number for resource d50f4ec0-370f-434c-a22d-28033e0050ad (type: ports) to 4
2026-08-05 08:24:46.907 10 INFO neutron.db.ovn_revision_numbers_db [None req-6631c18a-1268-4c4f-8553-5221c3918289 548d2cdd9ab8436abe521812ca466c91 ded7373bf51b439c9995c23118afd57f - - default default] Successfully bumped revision number for resource 36e7df4a-a9a1-4a9d-ac54-5674e1f2be43 (type: security_group_rules) to 0
2026-08-05 08:24:46.951 10 INFO neutron.db.ovn_revision_numbers_db [None req-6631c18a-1268-4c4f-8553-5221c3918289 548d2cdd9ab8436abe521812ca466c91 ded7373bf51b439c9995c23118afd57f - - default default] Successfully bumped revision number for resource a4dc3113-ec42-4775-b7c4-84d856ee1de8 (type: security_group_rules) to 0
2026-08-05 08:24:46.976 10 INFO neutron.db.ovn_revision_numbers_db [None req-6631c18a-1268-4c4f-8553-5221c3918289 548d2cdd9ab8436abe521812ca466c91 ded7373bf51b439c9995c23118afd57f - - default default] Successfully bumped revision number for resource bda52b18-dd7a-4712-9603-664b95986137 (type: security_group_rules) to 0
2026-08-05 08:24:47.001 10 INFO neutron.db.ovn_revision_numbers_db [None req-6631c18a-1268-4c4f-8553-5221c3918289 548d2cdd9ab8436abe521812ca466c91 ded7373bf51b439c9995c23118afd57f - - default default] Successfully bumped revision number for resource e7ee17d2-9794-4f4a-944c-1f6db5ac2f67 (type: security_group_rules) to 0
2026-08-05 08:24:47.124 10 INFO neutron.db.ovn_revision_numbers_db [None req-6631c18a-1268-4c4f-8553-5221c3918289 548d2cdd9ab8436abe521812ca466c91 ded7373bf51b439c9995c23118afd57f - - default default] Successfully bumped revision number for resource f5e787df-74cc-4368-ab08-894e89caa641 (type: security_groups) to 1
2026-08-05 08:24:47.142 10 INFO neutron.db.ovn_revision_numbers_db [None req-6631c18a-1268-4c4f-8553-5221c3918289 548d2cdd9ab8436abe521812ca466c91 ded7373bf51b439c9995c23118afd57f - - default default] Successfully bumped revision number for resource 05173ce2-e518-45ec-ae9f-bc02723f0ee5 (type: security_group_rules) to 0
2026-08-05 08:24:47.160 10 INFO neutron.db.ovn_revision_numbers_db [None req-6631c18a-1268-4c4f-8553-5221c3918289 548d2cdd9ab8436abe521812ca466c91 ded7373bf51b439c9995c23118afd57f - - default default] Successfully bumped revision number for resource af7bc629-f1ed-402d-87d9-d2aa8a8e6fa5 (type: security_group_rules) to 0
2026-08-05 08:24:47.183 10 INFO neutron.wsgi [None req-6631c18a-1268-4c4f-8553-5221c3918289 548d2cdd9ab8436abe521812ca466c91 ded7373bf51b439c9995c23118afd57f - - default default] 10.0.0.211 "POST /v2.0/security-groups HTTP/1.1" status: 201 len: 1759 time: 0.8297880
2026-08-05 08:24:47.216 9 INFO neutron.notifiers.nova [-] Nova event matching ['req-9db9ae90-48b9-4f0d-aeb6-974f7935ebfb'] response: {'name': 'network-changed', 'server_uuid': '9fe47321-dae3-4762-b4dd-014e02bd0ea5', 'tag': 'd50f4ec0-370f-434c-a22d-28033e0050ad', 'status': 'completed', 'code': 200}
2026-08-05 08:24:47.239 9 INFO neutron.wsgi [None req-34d7425e-31ee-4890-aa53-428b4a3636e4 548d2cdd9ab8436abe521812ca466c91 ded7373bf51b439c9995c23118afd57f - - default default] 10.0.0.211 "GET /v2.0/security-groups HTTP/1.1" status: 200 len: 4537 time: 0.0512636 /var/lib/openstack/lib/python3.10/site-packages/pycadf/identifier.py:71: UserWarning: Invalid uuid: neutron. To ensure interoperability, identifiers should be a valid uuid. warnings.warn(('Invalid uuid: %s. To ensure interoperability, '
2026-08-05 08:24:47.282 9 INFO neutron.wsgi [req-8443c781-07af-4395-a136-cadb24e3022c req-e4305716-6dd7-458a-bb18-e7d0215566ca e59f289152a74e91821ad11e46f41e18 e843fee6b96548a287d5e0b3e8691838 - - d532ca504b334c3eb24ac80fa6190aa3 d532ca504b334c3eb24ac80fa6190aa3] 199.204.45.35 "GET /v2.0/ports?tenant_id=f17a963fe3d4436987fb9b60a90b29a9&device_id=9fe47321-dae3-4762-b4dd-014e02bd0ea5 HTTP/1.1" status: 200 len: 1448 time: 0.0419571
2026-08-05 08:24:47.357 10 INFO neutron.db.ovn_revision_numbers_db [None req-b96d332c-9e68-42b5-80b5-005018097772 548d2cdd9ab8436abe521812ca466c91 ded7373bf51b439c9995c23118afd57f - - default default] Successfully bumped revision number for resource f5e787df-74cc-4368-ab08-894e89caa641 (type: security_groups) to 2
2026-08-05 08:24:47.360 10 INFO neutron.wsgi [None req-b96d332c-9e68-42b5-80b5-005018097772 548d2cdd9ab8436abe521812ca466c91 ded7373bf51b439c9995c23118afd57f - - default default] 10.0.0.211 "PUT /v2.0/security-groups/f5e787df-74cc-4368-ab08-894e89caa641 HTTP/1.1" status: 200 len: 1793 time: 0.1146293
2026-08-05 08:24:47.363 9 INFO neutron.wsgi [req-8443c781-07af-4395-a136-cadb24e3022c req-2ceb3f0f-6393-445d-8b9a-c17582f2dfdb e59f289152a74e91821ad11e46f41e18 e843fee6b96548a287d5e0b3e8691838 - - d532ca504b334c3eb24ac80fa6190aa3 d532ca504b334c3eb24ac80fa6190aa3] 199.204.45.35 "GET /v2.0/networks?id=975fed03-4f2a-4428-9a0e-439b9bd98f02 HTTP/1.1" status: 200 len: 970 time: 0.0749426
