Apr 25 14:47:26.886477 np0000170191 systemd[1]: Starting devstack@n-api-meta.service - Devstack devstack@n-api-meta.service...
Apr 25 14:47:26.895392 np0000170191 devstack@n-api-meta.service[110121]: [uWSGI] getting INI configuration from /etc/nova/nova-metadata-uwsgi.ini
Apr 25 14:47:26.895765 np0000170191 devstack@n-api-meta.service[110121]: open("./http_plugin.so"): No such file or directory [core/utils.c line 3709]
Apr 25 14:47:26.895765 np0000170191 devstack@n-api-meta.service[110121]: !!! UNABLE to load uWSGI plugin: ./http_plugin.so: cannot open shared object file: No such file or directory !!!
Apr 25 14:47:26.895765 np0000170191 devstack@n-api-meta.service[110121]: open("./python3_plugin.so"): No such file or directory [core/utils.c line 3709]
Apr 25 14:47:26.895765 np0000170191 devstack@n-api-meta.service[110121]: !!! UNABLE to load uWSGI plugin: ./python3_plugin.so: cannot open shared object file: No such file or directory !!!
Apr 25 14:47:26.895765 np0000170191 devstack@n-api-meta.service[110121]: *** Starting uWSGI 2.0.31 (64bit) on [Sat Apr 25 14:47:26 2026] ***
Apr 25 14:47:26.895765 np0000170191 devstack@n-api-meta.service[110121]: compiled with version: 13.3.0 on 25 April 2026 14:37:03
Apr 25 14:47:26.895765 np0000170191 devstack@n-api-meta.service[110121]: os: Linux-6.8.0-110-generic #110-Ubuntu SMP PREEMPT_DYNAMIC Thu Mar 19 15:09:20 UTC 2026
Apr 25 14:47:26.895765 np0000170191 devstack@n-api-meta.service[110121]: nodename: np0000170191
Apr 25 14:47:26.895765 np0000170191 devstack@n-api-meta.service[110121]: machine: x86_64
Apr 25 14:47:26.895765 np0000170191 devstack@n-api-meta.service[110121]: clock source: unix
Apr 25 14:47:26.895765 np0000170191 devstack@n-api-meta.service[110121]: pcre jit disabled
Apr 25 14:47:26.895765 np0000170191 devstack@n-api-meta.service[110121]: detected number of CPU cores: 16
Apr 25 14:47:26.895765 np0000170191 devstack@n-api-meta.service[110121]: current working directory: /
Apr 25 14:47:26.895765 np0000170191 devstack@n-api-meta.service[110121]: detected binary path: /opt/stack/data/venv/bin/uwsgi
Apr 25 14:47:26.895765 np0000170191 devstack@n-api-meta.service[110121]: your processes number limit is 256917
Apr 25 14:47:26.895765 np0000170191 devstack@n-api-meta.service[110121]: your memory page size is 4096 bytes
Apr 25 14:47:26.895765 np0000170191 devstack@n-api-meta.service[110121]: detected max file descriptor number: 2048
Apr 25 14:47:26.895765 np0000170191 devstack@n-api-meta.service[110121]: lock engine: pthread robust mutexes
Apr 25 14:47:26.896322 np0000170191 devstack@n-api-meta.service[110121]: thunder lock: enabled
Apr 25 14:47:26.896322 np0000170191 devstack@n-api-meta.service[110121]: uWSGI http bound on 0.0.0.0:8775 fd 5
Apr 25 14:47:26.896322 np0000170191 devstack@n-api-meta.service[110121]: uwsgi socket 0 bound to TCP address 127.0.0.1:36469 (port auto-assigned) fd 4
Apr 25 14:47:26.896322 np0000170191 devstack@n-api-meta.service[110121]: Python version: 3.12.3 (main, Mar 23 2026, 19:04:32) [GCC 13.3.0]
Apr 25 14:47:26.896322 np0000170191 devstack@n-api-meta.service[110121]: PEP 405 virtualenv detected: /opt/stack/data/venv
Apr 25 14:47:26.896322 np0000170191 devstack@n-api-meta.service[110121]: Set PythonHome to /opt/stack/data/venv
Apr 25 14:47:26.932571 np0000170191 devstack@n-api-meta.service[110121]: Python main interpreter initialized at 0x755c474a3668
Apr 25 14:47:26.932571 np0000170191 devstack@n-api-meta.service[110121]: python threads support enabled
Apr 25 14:47:26.932571 np0000170191 devstack@n-api-meta.service[110121]: your server socket listen backlog is limited to 100 connections
Apr 25 14:47:26.932571 np0000170191 devstack@n-api-meta.service[110121]: your mercy for graceful operations on workers is 80 seconds
Apr 25 14:47:26.933162 np0000170191 devstack@n-api-meta.service[110121]: mapped 671795 bytes (656 KB) for 4 cores
Apr 25 14:47:26.933298 np0000170191 devstack@n-api-meta.service[110121]: *** Operational MODE: preforking ***
Apr 25 14:47:26.933506 np0000170191 devstack@n-api-meta.service[110121]: *** uWSGI is running in multiple interpreter mode ***
Apr 25 14:47:26.933506 np0000170191 devstack@n-api-meta.service[110121]: spawned uWSGI master process (pid: 110121)
Apr 25 14:47:26.933654 np0000170191 systemd[1]: Started devstack@n-api-meta.service - Devstack devstack@n-api-meta.service.
Apr 25 14:47:26.934180 np0000170191 devstack@n-api-meta.service[110121]: spawned uWSGI worker 1 (pid: 110122, cores: 1)
Apr 25 14:47:26.934671 np0000170191 devstack@n-api-meta.service[110121]: spawned uWSGI worker 2 (pid: 110123, cores: 1)
Apr 25 14:47:26.935177 np0000170191 devstack@n-api-meta.service[110121]: spawned uWSGI worker 3 (pid: 110124, cores: 1)
Apr 25 14:47:26.935590 np0000170191 devstack@n-api-meta.service[110121]: spawned uWSGI worker 4 (pid: 110125, cores: 1)
Apr 25 14:47:26.936086 np0000170191 devstack@n-api-meta.service[110121]: spawned uWSGI http 1 (pid: 110126)
Apr 25 14:47:26.936086 np0000170191 devstack@n-api-meta.service[110121]: running "unix_signal:15 gracefully_kill_them_all" (master-start)...
Apr 25 14:47:27.234886 np0000170191 devstack@n-api-meta.service[110123]: /opt/stack/data/venv/lib/python3.12/site-packages/oslo_concurrency/lockutils.py:41: EventletDeprecationWarning:
Apr 25 14:47:27.234886 np0000170191 devstack@n-api-meta.service[110123]: Eventlet is deprecated. It is currently being maintained in bugfix mode, and
Apr 25 14:47:27.234886 np0000170191 devstack@n-api-meta.service[110123]: we strongly recommend against using it for new projects.
Apr 25 14:47:27.234886 np0000170191 devstack@n-api-meta.service[110123]: If you are already using Eventlet, we recommend migrating to a different
Apr 25 14:47:27.234886 np0000170191 devstack@n-api-meta.service[110123]: framework. For more detail see
Apr 25 14:47:27.234886 np0000170191 devstack@n-api-meta.service[110123]: https://eventlet.readthedocs.io/en/latest/asyncio/migration.html
Apr 25 14:47:27.234886 np0000170191 devstack@n-api-meta.service[110123]: import eventlet
Apr 25 14:47:27.241337 np0000170191 devstack@n-api-meta.service[110122]: /opt/stack/data/venv/lib/python3.12/site-packages/oslo_concurrency/lockutils.py:41: EventletDeprecationWarning:
Apr 25 14:47:27.241337 np0000170191 devstack@n-api-meta.service[110122]: Eventlet is deprecated. It is currently being maintained in bugfix mode, and
Apr 25 14:47:27.241337 np0000170191 devstack@n-api-meta.service[110122]: we strongly recommend against using it for new projects.
Apr 25 14:47:27.241337 np0000170191 devstack@n-api-meta.service[110122]: If you are already using Eventlet, we recommend migrating to a different
Apr 25 14:47:27.241337 np0000170191 devstack@n-api-meta.service[110122]: framework. For more detail see
Apr 25 14:47:27.241337 np0000170191 devstack@n-api-meta.service[110122]: https://eventlet.readthedocs.io/en/latest/asyncio/migration.html
Apr 25 14:47:27.241337 np0000170191 devstack@n-api-meta.service[110122]: import eventlet
Apr 25 14:47:27.246094 np0000170191 devstack@n-api-meta.service[110124]: /opt/stack/data/venv/lib/python3.12/site-packages/oslo_concurrency/lockutils.py:41: EventletDeprecationWarning:
Apr 25 14:47:27.246094 np0000170191 devstack@n-api-meta.service[110124]: Eventlet is deprecated. It is currently being maintained in bugfix mode, and
Apr 25 14:47:27.246094 np0000170191 devstack@n-api-meta.service[110124]: we strongly recommend against using it for new projects.
Apr 25 14:47:27.246094 np0000170191 devstack@n-api-meta.service[110124]: If you are already using Eventlet, we recommend migrating to a different
Apr 25 14:47:27.246094 np0000170191 devstack@n-api-meta.service[110124]: framework. For more detail see
Apr 25 14:47:27.246094 np0000170191 devstack@n-api-meta.service[110124]: https://eventlet.readthedocs.io/en/latest/asyncio/migration.html
Apr 25 14:47:27.246094 np0000170191 devstack@n-api-meta.service[110124]: import eventlet
Apr 25 14:47:27.259841 np0000170191 devstack@n-api-meta.service[110125]: /opt/stack/data/venv/lib/python3.12/site-packages/oslo_concurrency/lockutils.py:41: EventletDeprecationWarning:
Apr 25 14:47:27.259841 np0000170191 devstack@n-api-meta.service[110125]: Eventlet is deprecated. It is currently being maintained in bugfix mode, and
Apr 25 14:47:27.259841 np0000170191 devstack@n-api-meta.service[110125]: we strongly recommend against using it for new projects.
Apr 25 14:47:27.259841 np0000170191 devstack@n-api-meta.service[110125]: If you are already using Eventlet, we recommend migrating to a different
Apr 25 14:47:27.259841 np0000170191 devstack@n-api-meta.service[110125]: framework. For more detail see
Apr 25 14:47:27.259841 np0000170191 devstack@n-api-meta.service[110125]: https://eventlet.readthedocs.io/en/latest/asyncio/migration.html
Apr 25 14:47:27.259841 np0000170191 devstack@n-api-meta.service[110125]: import eventlet
Apr 25 14:47:27.279292 np0000170191 devstack@n-api-meta.service[110123]: Service is starting with native threading. This is currently experimental. Do not use it in production without first testing it in pre-production.
Apr 25 14:47:27.287071 np0000170191 devstack@n-api-meta.service[110122]: Service is starting with native threading. This is currently experimental. Do not use it in production without first testing it in pre-production.
Apr 25 14:47:27.291380 np0000170191 devstack@n-api-meta.service[110124]: Service is starting with native threading. This is currently experimental. Do not use it in production without first testing it in pre-production.
Apr 25 14:47:27.309077 np0000170191 devstack@n-api-meta.service[110125]: Service is starting with native threading. This is currently experimental. Do not use it in production without first testing it in pre-production.
Apr 25 14:47:28.676646 np0000170191 devstack@n-api-meta.service[110123]: INFO dbcounter [None req-b32a7386-74df-4cf3-91f8-a1b845edf19a None None] Registered counter for database nova_api
Apr 25 14:47:28.690996 np0000170191 devstack@n-api-meta.service[110124]: INFO dbcounter [None req-fa3e2dea-ee82-4988-a935-55bd19acb950 None None] Registered counter for database nova_api
Apr 25 14:47:28.694412 np0000170191 devstack@n-api-meta.service[110123]: DEBUG oslo_db.sqlalchemy.engines [None req-b32a7386-74df-4cf3-91f8-a1b845edf19a None None] MySQL server mode set to STRICT_TRANS_TABLES,STRICT_ALL_TABLES,NO_ZERO_IN_DATE,NO_ZERO_DATE,ERROR_FOR_DIVISION_BY_ZERO,TRADITIONAL,NO_ENGINE_SUBSTITUTION {{(pid=110123) _check_effective_sql_mode /opt/stack/data/venv/lib/python3.12/site-packages/oslo_db/sqlalchemy/engines.py:325}}
Apr 25 14:47:28.696205 np0000170191 devstack@n-api-meta.service[110122]: INFO dbcounter [None req-97e51f00-0c6d-48cf-afe9-529cd7e2aff7 None None] Registered counter for database nova_api
Apr 25 14:47:28.707853 np0000170191 devstack@n-api-meta.service[110124]: DEBUG oslo_db.sqlalchemy.engines [None req-fa3e2dea-ee82-4988-a935-55bd19acb950 None None] MySQL server mode set to STRICT_TRANS_TABLES,STRICT_ALL_TABLES,NO_ZERO_IN_DATE,NO_ZERO_DATE,ERROR_FOR_DIVISION_BY_ZERO,TRADITIONAL,NO_ENGINE_SUBSTITUTION {{(pid=110124) _check_effective_sql_mode /opt/stack/data/venv/lib/python3.12/site-packages/oslo_db/sqlalchemy/engines.py:325}}
Apr 25 14:47:28.713313 np0000170191 devstack@n-api-meta.service[110122]: DEBUG oslo_db.sqlalchemy.engines [None req-97e51f00-0c6d-48cf-afe9-529cd7e2aff7 None None] MySQL server mode set to STRICT_TRANS_TABLES,STRICT_ALL_TABLES,NO_ZERO_IN_DATE,NO_ZERO_DATE,ERROR_FOR_DIVISION_BY_ZERO,TRADITIONAL,NO_ENGINE_SUBSTITUTION {{(pid=110122) _check_effective_sql_mode /opt/stack/data/venv/lib/python3.12/site-packages/oslo_db/sqlalchemy/engines.py:325}}
Apr 25 14:47:28.733378 np0000170191 devstack@n-api-meta.service[110123]: DEBUG dbcounter [-] [110123] Writer thread running {{(pid=110123) stat_writer /opt/stack/data/venv/lib/python3.12/site-packages/dbcounter.py:102}}
Apr 25 14:47:28.735651 np0000170191 devstack@n-api-meta.service[110123]: DEBUG nova.context [None req-b32a7386-74df-4cf3-91f8-a1b845edf19a None None] Found 2 cells: 00000000-0000-0000-0000-000000000000(cell0),29b4b820-b2cb-4cd7-a9fe-d8a9b76ba023(cell1) {{(pid=110123) load_cells /opt/stack/nova/nova/context.py:509}}
Apr 25 14:47:28.735873 np0000170191 devstack@n-api-meta.service[110123]: INFO nova.utils [None req-b32a7386-74df-4cf3-91f8-a1b845edf19a None None] The cell worker thread pool MainProcess.cell_worker is initialized
Apr 25 14:47:28.737614 np0000170191 devstack@n-api-meta.service[110123]: DEBUG oslo_concurrency.lockutils [None req-b32a7386-74df-4cf3-91f8-a1b845edf19a None None] Acquiring lock "00000000-0000-0000-0000-000000000000" by "nova.context.set_target_cell..get_or_set_cached_cell_and_set_connections" {{(pid=110123) inner /opt/stack/data/venv/lib/python3.12/site-packages/oslo_concurrency/lockutils.py:506}}
Apr 25 14:47:28.737763 np0000170191 devstack@n-api-meta.service[110123]: DEBUG oslo_concurrency.lockutils [None req-b32a7386-74df-4cf3-91f8-a1b845edf19a None None] Lock "00000000-0000-0000-0000-000000000000" acquired by "nova.context.set_target_cell..get_or_set_cached_cell_and_set_connections" :: waited 0.000s {{(pid=110123) inner /opt/stack/data/venv/lib/python3.12/site-packages/oslo_concurrency/lockutils.py:519}}
Apr 25 14:47:28.738129 np0000170191 devstack@n-api-meta.service[110123]: DEBUG oslo_concurrency.lockutils [None req-b32a7386-74df-4cf3-91f8-a1b845edf19a None None] Lock "00000000-0000-0000-0000-000000000000" "released" by "nova.context.set_target_cell..get_or_set_cached_cell_and_set_connections" :: held 0.000s {{(pid=110123) inner /opt/stack/data/venv/lib/python3.12/site-packages/oslo_concurrency/lockutils.py:538}}
Apr 25 14:47:28.738905 np0000170191 devstack@n-api-meta.service[110123]: DEBUG oslo_concurrency.lockutils [None req-b32a7386-74df-4cf3-91f8-a1b845edf19a None None] Acquiring lock "29b4b820-b2cb-4cd7-a9fe-d8a9b76ba023" by "nova.context.set_target_cell..get_or_set_cached_cell_and_set_connections" {{(pid=110123) inner /opt/stack/data/venv/lib/python3.12/site-packages/oslo_concurrency/lockutils.py:506}}
Apr 25 14:47:28.739049 np0000170191 devstack@n-api-meta.service[110123]: DEBUG oslo_concurrency.lockutils [None req-b32a7386-74df-4cf3-91f8-a1b845edf19a None None] Lock "29b4b820-b2cb-4cd7-a9fe-d8a9b76ba023" acquired by "nova.context.set_target_cell..get_or_set_cached_cell_and_set_connections" :: waited 0.000s {{(pid=110123) inner /opt/stack/data/venv/lib/python3.12/site-packages/oslo_concurrency/lockutils.py:519}}
Apr 25 14:47:28.739909 np0000170191 devstack@n-api-meta.service[110123]: DEBUG oslo_concurrency.lockutils [None req-b32a7386-74df-4cf3-91f8-a1b845edf19a None None] Lock "29b4b820-b2cb-4cd7-a9fe-d8a9b76ba023" "released" by "nova.context.set_target_cell..get_or_set_cached_cell_and_set_connections" :: held 0.001s {{(pid=110123) inner /opt/stack/data/venv/lib/python3.12/site-packages/oslo_concurrency/lockutils.py:538}}
Apr 25 14:47:28.742588 np0000170191 devstack@n-api-meta.service[110123]: INFO dbcounter [None req-b32a7386-74df-4cf3-91f8-a1b845edf19a None None] Registered counter for database nova_cell0
Apr 25 14:47:28.743078 np0000170191 devstack@n-api-meta.service[110124]: DEBUG dbcounter [-] [110124] Writer thread running {{(pid=110124) stat_writer /opt/stack/data/venv/lib/python3.12/site-packages/dbcounter.py:102}}
Apr 25 14:47:28.745726 np0000170191 devstack@n-api-meta.service[110124]: DEBUG nova.context [None req-fa3e2dea-ee82-4988-a935-55bd19acb950 None None] Found 2 cells: 00000000-0000-0000-0000-000000000000(cell0),29b4b820-b2cb-4cd7-a9fe-d8a9b76ba023(cell1) {{(pid=110124) load_cells /opt/stack/nova/nova/context.py:509}}
Apr 25 14:47:28.745950 np0000170191 devstack@n-api-meta.service[110124]: INFO nova.utils [None req-fa3e2dea-ee82-4988-a935-55bd19acb950 None None] The cell worker thread pool MainProcess.cell_worker is initialized
Apr 25 14:47:28.746101 np0000170191 devstack@n-api-meta.service[110123]: INFO dbcounter [None req-b32a7386-74df-4cf3-91f8-a1b845edf19a None None] Registered counter for database nova_cell1
Apr 25 14:47:28.747030 np0000170191 devstack@n-api-meta.service[110122]: DEBUG dbcounter [-] [110122] Writer thread running {{(pid=110122) stat_writer /opt/stack/data/venv/lib/python3.12/site-packages/dbcounter.py:102}}
Apr 25 14:47:28.747672 np0000170191 devstack@n-api-meta.service[110124]: DEBUG oslo_concurrency.lockutils [None req-fa3e2dea-ee82-4988-a935-55bd19acb950 None None] Acquiring lock "00000000-0000-0000-0000-000000000000" by "nova.context.set_target_cell..get_or_set_cached_cell_and_set_connections" {{(pid=110124) inner /opt/stack/data/venv/lib/python3.12/site-packages/oslo_concurrency/lockutils.py:506}}
Apr 25 14:47:28.748057 np0000170191 devstack@n-api-meta.service[110124]: DEBUG oslo_concurrency.lockutils [None req-fa3e2dea-ee82-4988-a935-55bd19acb950 None None] Lock "00000000-0000-0000-0000-000000000000" acquired by "nova.context.set_target_cell..get_or_set_cached_cell_and_set_connections" :: waited 0.000s {{(pid=110124) inner /opt/stack/data/venv/lib/python3.12/site-packages/oslo_concurrency/lockutils.py:519}}
Apr 25 14:47:28.748184 np0000170191 devstack@n-api-meta.service[110124]: DEBUG oslo_concurrency.lockutils [None req-fa3e2dea-ee82-4988-a935-55bd19acb950 None None] Lock "00000000-0000-0000-0000-000000000000" "released" by "nova.context.set_target_cell..get_or_set_cached_cell_and_set_connections" :: held 0.000s {{(pid=110124) inner /opt/stack/data/venv/lib/python3.12/site-packages/oslo_concurrency/lockutils.py:538}}
Apr 25 14:47:28.748888 np0000170191 devstack@n-api-meta.service[110124]: DEBUG oslo_concurrency.lockutils [None req-fa3e2dea-ee82-4988-a935-55bd19acb950 None None] Acquiring lock "29b4b820-b2cb-4cd7-a9fe-d8a9b76ba023" by "nova.context.set_target_cell..get_or_set_cached_cell_and_set_connections" {{(pid=110124) inner /opt/stack/data/venv/lib/python3.12/site-packages/oslo_concurrency/lockutils.py:506}}
Apr 25 14:47:28.749090 np0000170191 devstack@n-api-meta.service[110124]: DEBUG oslo_concurrency.lockutils [None req-fa3e2dea-ee82-4988-a935-55bd19acb950 None None] Lock "29b4b820-b2cb-4cd7-a9fe-d8a9b76ba023" acquired by "nova.context.set_target_cell..get_or_set_cached_cell_and_set_connections" :: waited 0.000s {{(pid=110124) inner /opt/stack/data/venv/lib/python3.12/site-packages/oslo_concurrency/lockutils.py:519}}
Apr 25 14:47:28.749581 np0000170191 devstack@n-api-meta.service[110122]: DEBUG nova.context [None req-97e51f00-0c6d-48cf-afe9-529cd7e2aff7 None None] Found 2 cells: 00000000-0000-0000-0000-000000000000(cell0),29b4b820-b2cb-4cd7-a9fe-d8a9b76ba023(cell1) {{(pid=110122) load_cells /opt/stack/nova/nova/context.py:509}}
Apr 25 14:47:28.749812 np0000170191 devstack@n-api-meta.service[110122]: INFO nova.utils [None req-97e51f00-0c6d-48cf-afe9-529cd7e2aff7 None None] The cell worker thread pool MainProcess.cell_worker is initialized
Apr 25 14:47:28.750223 np0000170191 devstack@n-api-meta.service[110124]: DEBUG oslo_concurrency.lockutils [None req-fa3e2dea-ee82-4988-a935-55bd19acb950 None None] Lock "29b4b820-b2cb-4cd7-a9fe-d8a9b76ba023" "released" by "nova.context.set_target_cell..get_or_set_cached_cell_and_set_connections" :: held 0.001s {{(pid=110124) inner /opt/stack/data/venv/lib/python3.12/site-packages/oslo_concurrency/lockutils.py:538}}
Apr 25 14:47:28.751592 np0000170191 devstack@n-api-meta.service[110125]: INFO dbcounter [None req-0a6e8c58-9747-42ef-90f2-b4463569ebcb None None] Registered counter for database nova_api
Apr 25 14:47:28.752096 np0000170191 devstack@n-api-meta.service[110122]: DEBUG oslo_concurrency.lockutils [None req-97e51f00-0c6d-48cf-afe9-529cd7e2aff7 None None] Acquiring lock "00000000-0000-0000-0000-000000000000" by "nova.context.set_target_cell..get_or_set_cached_cell_and_set_connections" {{(pid=110122) inner /opt/stack/data/venv/lib/python3.12/site-packages/oslo_concurrency/lockutils.py:506}}
Apr 25 14:47:28.752096 np0000170191 devstack@n-api-meta.service[110122]: DEBUG oslo_concurrency.lockutils [None req-97e51f00-0c6d-48cf-afe9-529cd7e2aff7 None None] Lock "00000000-0000-0000-0000-000000000000" acquired by "nova.context.set_target_cell..get_or_set_cached_cell_and_set_connections" :: waited 0.000s {{(pid=110122) inner /opt/stack/data/venv/lib/python3.12/site-packages/oslo_concurrency/lockutils.py:519}}
Apr 25 14:47:28.752096 np0000170191 devstack@n-api-meta.service[110122]: DEBUG oslo_concurrency.lockutils [None req-97e51f00-0c6d-48cf-afe9-529cd7e2aff7 None None] Lock "00000000-0000-0000-0000-000000000000" "released" by "nova.context.set_target_cell..get_or_set_cached_cell_and_set_connections" :: held 0.000s {{(pid=110122) inner /opt/stack/data/venv/lib/python3.12/site-packages/oslo_concurrency/lockutils.py:538}}
Apr 25 14:47:28.752644 np0000170191 devstack@n-api-meta.service[110124]: INFO dbcounter [None req-fa3e2dea-ee82-4988-a935-55bd19acb950 None None] Registered counter for database nova_cell0
Apr 25 14:47:28.752973 np0000170191 devstack@n-api-meta.service[110122]: DEBUG oslo_concurrency.lockutils [None req-97e51f00-0c6d-48cf-afe9-529cd7e2aff7 None None] Acquiring lock "29b4b820-b2cb-4cd7-a9fe-d8a9b76ba023" by "nova.context.set_target_cell..get_or_set_cached_cell_and_set_connections" {{(pid=110122) inner /opt/stack/data/venv/lib/python3.12/site-packages/oslo_concurrency/lockutils.py:506}}
Apr 25 14:47:28.753125 np0000170191 devstack@n-api-meta.service[110122]: DEBUG oslo_concurrency.lockutils [None req-97e51f00-0c6d-48cf-afe9-529cd7e2aff7 None None] Lock "29b4b820-b2cb-4cd7-a9fe-d8a9b76ba023" acquired by "nova.context.set_target_cell..get_or_set_cached_cell_and_set_connections" :: waited 0.000s {{(pid=110122) inner /opt/stack/data/venv/lib/python3.12/site-packages/oslo_concurrency/lockutils.py:519}}
Apr 25 14:47:28.753939 np0000170191 devstack@n-api-meta.service[110122]: DEBUG oslo_concurrency.lockutils [None req-97e51f00-0c6d-48cf-afe9-529cd7e2aff7 None None] Lock "29b4b820-b2cb-4cd7-a9fe-d8a9b76ba023" "released" by "nova.context.set_target_cell..get_or_set_cached_cell_and_set_connections" :: held 0.001s {{(pid=110122) inner /opt/stack/data/venv/lib/python3.12/site-packages/oslo_concurrency/lockutils.py:538}}
Apr 25 14:47:28.755318 np0000170191 devstack@n-api-meta.service[110123]: DEBUG oslo_db.sqlalchemy.engines [None req-b32a7386-74df-4cf3-91f8-a1b845edf19a None None] MySQL server mode set to STRICT_TRANS_TABLES,STRICT_ALL_TABLES,NO_ZERO_IN_DATE,NO_ZERO_DATE,ERROR_FOR_DIVISION_BY_ZERO,TRADITIONAL,NO_ENGINE_SUBSTITUTION {{(pid=110123) _check_effective_sql_mode /opt/stack/data/venv/lib/python3.12/site-packages/oslo_db/sqlalchemy/engines.py:325}}
Apr 25 14:47:28.756840 np0000170191 devstack@n-api-meta.service[110122]: INFO dbcounter [None req-97e51f00-0c6d-48cf-afe9-529cd7e2aff7 None None] Registered counter for database nova_cell0
Apr 25 14:47:28.760442 np0000170191 devstack@n-api-meta.service[110124]: INFO dbcounter [None req-fa3e2dea-ee82-4988-a935-55bd19acb950 None None] Registered counter for database nova_cell1
Apr 25 14:47:28.761874 np0000170191 devstack@n-api-meta.service[110122]: INFO dbcounter [None req-97e51f00-0c6d-48cf-afe9-529cd7e2aff7 None None] Registered counter for database nova_cell1
Apr 25 14:47:28.761960 np0000170191 devstack@n-api-meta.service[110123]: DEBUG oslo_db.sqlalchemy.engines [None req-b32a7386-74df-4cf3-91f8-a1b845edf19a None None] MySQL server mode set to STRICT_TRANS_TABLES,STRICT_ALL_TABLES,NO_ZERO_IN_DATE,NO_ZERO_DATE,ERROR_FOR_DIVISION_BY_ZERO,TRADITIONAL,NO_ENGINE_SUBSTITUTION {{(pid=110123) _check_effective_sql_mode /opt/stack/data/venv/lib/python3.12/site-packages/oslo_db/sqlalchemy/engines.py:325}}
Apr 25 14:47:28.765721 np0000170191 devstack@n-api-meta.service[110125]: DEBUG oslo_db.sqlalchemy.engines [None req-0a6e8c58-9747-42ef-90f2-b4463569ebcb None None] MySQL server mode set to STRICT_TRANS_TABLES,STRICT_ALL_TABLES,NO_ZERO_IN_DATE,NO_ZERO_DATE,ERROR_FOR_DIVISION_BY_ZERO,TRADITIONAL,NO_ENGINE_SUBSTITUTION {{(pid=110125) _check_effective_sql_mode /opt/stack/data/venv/lib/python3.12/site-packages/oslo_db/sqlalchemy/engines.py:325}}
Apr 25 14:47:28.802760 np0000170191 devstack@n-api-meta.service[110125]: DEBUG dbcounter [-] [110125] Writer thread running {{(pid=110125) stat_writer /opt/stack/data/venv/lib/python3.12/site-packages/dbcounter.py:102}}
Apr 25 14:47:28.804228 np0000170191 devstack@n-api-meta.service[110125]: DEBUG nova.context [None req-0a6e8c58-9747-42ef-90f2-b4463569ebcb None None] Found 2 cells: 00000000-0000-0000-0000-000000000000(cell0),29b4b820-b2cb-4cd7-a9fe-d8a9b76ba023(cell1) {{(pid=110125) load_cells /opt/stack/nova/nova/context.py:509}}
Apr 25 14:47:28.804442 np0000170191 devstack@n-api-meta.service[110125]: INFO nova.utils [None req-0a6e8c58-9747-42ef-90f2-b4463569ebcb None None] The cell worker thread pool MainProcess.cell_worker is initialized
Apr 25 14:47:28.806206 np0000170191 devstack@n-api-meta.service[110125]: DEBUG oslo_concurrency.lockutils [None req-0a6e8c58-9747-42ef-90f2-b4463569ebcb None None] Acquiring lock "00000000-0000-0000-0000-000000000000" by "nova.context.set_target_cell..get_or_set_cached_cell_and_set_connections" {{(pid=110125) inner /opt/stack/data/venv/lib/python3.12/site-packages/oslo_concurrency/lockutils.py:506}}
Apr 25 14:47:28.806356 np0000170191 devstack@n-api-meta.service[110125]: DEBUG oslo_concurrency.lockutils [None req-0a6e8c58-9747-42ef-90f2-b4463569ebcb None None] Lock "00000000-0000-0000-0000-000000000000" acquired by "nova.context.set_target_cell..get_or_set_cached_cell_and_set_connections" :: waited 0.000s {{(pid=110125) inner /opt/stack/data/venv/lib/python3.12/site-packages/oslo_concurrency/lockutils.py:519}}
Apr 25 14:47:28.806683 np0000170191 devstack@n-api-meta.service[110125]: DEBUG oslo_concurrency.lockutils [None req-0a6e8c58-9747-42ef-90f2-b4463569ebcb None None] Lock "00000000-0000-0000-0000-000000000000" "released" by "nova.context.set_target_cell..get_or_set_cached_cell_and_set_connections" :: held 0.000s {{(pid=110125) inner /opt/stack/data/venv/lib/python3.12/site-packages/oslo_concurrency/lockutils.py:538}}
Apr 25 14:47:28.807510 np0000170191 devstack@n-api-meta.service[110125]: DEBUG oslo_concurrency.lockutils [None req-0a6e8c58-9747-42ef-90f2-b4463569ebcb None None] Acquiring lock "29b4b820-b2cb-4cd7-a9fe-d8a9b76ba023" by "nova.context.set_target_cell..get_or_set_cached_cell_and_set_connections" {{(pid=110125) inner /opt/stack/data/venv/lib/python3.12/site-packages/oslo_concurrency/lockutils.py:506}}
Apr 25 14:47:28.807644 np0000170191 devstack@n-api-meta.service[110125]: DEBUG oslo_concurrency.lockutils [None req-0a6e8c58-9747-42ef-90f2-b4463569ebcb None None] Lock "29b4b820-b2cb-4cd7-a9fe-d8a9b76ba023" acquired by "nova.context.set_target_cell..get_or_set_cached_cell_and_set_connections" :: waited 0.000s {{(pid=110125) inner /opt/stack/data/venv/lib/python3.12/site-packages/oslo_concurrency/lockutils.py:519}}
Apr 25 14:47:28.808432 np0000170191 devstack@n-api-meta.service[110125]: DEBUG oslo_concurrency.lockutils [None req-0a6e8c58-9747-42ef-90f2-b4463569ebcb None None] Lock "29b4b820-b2cb-4cd7-a9fe-d8a9b76ba023" "released" by "nova.context.set_target_cell..get_or_set_cached_cell_and_set_connections" :: held 0.001s {{(pid=110125) inner /opt/stack/data/venv/lib/python3.12/site-packages/oslo_concurrency/lockutils.py:538}}
Apr 25 14:47:28.811648 np0000170191 devstack@n-api-meta.service[110125]: INFO dbcounter [None req-0a6e8c58-9747-42ef-90f2-b4463569ebcb None None] Registered counter for database nova_cell0
Apr 25 14:47:28.816951 np0000170191 devstack@n-api-meta.service[110124]: DEBUG oslo_db.sqlalchemy.engines [None req-fa3e2dea-ee82-4988-a935-55bd19acb950 None None] MySQL server mode set to STRICT_TRANS_TABLES,STRICT_ALL_TABLES,NO_ZERO_IN_DATE,NO_ZERO_DATE,ERROR_FOR_DIVISION_BY_ZERO,TRADITIONAL,NO_ENGINE_SUBSTITUTION {{(pid=110124) _check_effective_sql_mode /opt/stack/data/venv/lib/python3.12/site-packages/oslo_db/sqlalchemy/engines.py:325}}
Apr 25 14:47:28.817448 np0000170191 devstack@n-api-meta.service[110125]: INFO dbcounter [None req-0a6e8c58-9747-42ef-90f2-b4463569ebcb None None] Registered counter for database nova_cell1
Apr 25 14:47:28.822669 np0000170191 devstack@n-api-meta.service[110124]: DEBUG oslo_db.sqlalchemy.engines [None req-fa3e2dea-ee82-4988-a935-55bd19acb950 None None] MySQL server mode set to STRICT_TRANS_TABLES,STRICT_ALL_TABLES,NO_ZERO_IN_DATE,NO_ZERO_DATE,ERROR_FOR_DIVISION_BY_ZERO,TRADITIONAL,NO_ENGINE_SUBSTITUTION {{(pid=110124) _check_effective_sql_mode /opt/stack/data/venv/lib/python3.12/site-packages/oslo_db/sqlalchemy/engines.py:325}}
Apr 25 14:47:28.828828 np0000170191 devstack@n-api-meta.service[110122]: DEBUG oslo_db.sqlalchemy.engines [None req-97e51f00-0c6d-48cf-afe9-529cd7e2aff7 None None] MySQL server mode set to STRICT_TRANS_TABLES,STRICT_ALL_TABLES,NO_ZERO_IN_DATE,NO_ZERO_DATE,ERROR_FOR_DIVISION_BY_ZERO,TRADITIONAL,NO_ENGINE_SUBSTITUTION {{(pid=110122) _check_effective_sql_mode /opt/stack/data/venv/lib/python3.12/site-packages/oslo_db/sqlalchemy/engines.py:325}}
Apr 25 14:47:28.835606 np0000170191 devstack@n-api-meta.service[110122]: DEBUG oslo_db.sqlalchemy.engines [None req-97e51f00-0c6d-48cf-afe9-529cd7e2aff7 None None] MySQL server mode set to STRICT_TRANS_TABLES,STRICT_ALL_TABLES,NO_ZERO_IN_DATE,NO_ZERO_DATE,ERROR_FOR_DIVISION_BY_ZERO,TRADITIONAL,NO_ENGINE_SUBSTITUTION {{(pid=110122) _check_effective_sql_mode /opt/stack/data/venv/lib/python3.12/site-packages/oslo_db/sqlalchemy/engines.py:325}}
Apr 25 14:47:28.840232 np0000170191 devstack@n-api-meta.service[110125]: DEBUG oslo_db.sqlalchemy.engines [None req-0a6e8c58-9747-42ef-90f2-b4463569ebcb None None] MySQL server mode set to STRICT_TRANS_TABLES,STRICT_ALL_TABLES,NO_ZERO_IN_DATE,NO_ZERO_DATE,ERROR_FOR_DIVISION_BY_ZERO,TRADITIONAL,NO_ENGINE_SUBSTITUTION {{(pid=110125) _check_effective_sql_mode /opt/stack/data/venv/lib/python3.12/site-packages/oslo_db/sqlalchemy/engines.py:325}}
Apr 25 14:47:28.847129 np0000170191 devstack@n-api-meta.service[110125]: DEBUG oslo_db.sqlalchemy.engines [None req-0a6e8c58-9747-42ef-90f2-b4463569ebcb None None] MySQL server mode set to STRICT_TRANS_TABLES,STRICT_ALL_TABLES,NO_ZERO_IN_DATE,NO_ZERO_DATE,ERROR_FOR_DIVISION_BY_ZERO,TRADITIONAL,NO_ENGINE_SUBSTITUTION {{(pid=110125) _check_effective_sql_mode /opt/stack/data/venv/lib/python3.12/site-packages/oslo_db/sqlalchemy/engines.py:325}}
Apr 25 14:47:28.854465 np0000170191 devstack@n-api-meta.service[110123]: DEBUG dbcounter [-] [110123] Writer thread running {{(pid=110123) stat_writer /opt/stack/data/venv/lib/python3.12/site-packages/dbcounter.py:102}}
Apr 25 14:47:28.854959 np0000170191 devstack@n-api-meta.service[110123]: DEBUG dbcounter [-] [110123] Writer thread running {{(pid=110123) stat_writer /opt/stack/data/venv/lib/python3.12/site-packages/dbcounter.py:102}}
Apr 25 14:47:28.859619 np0000170191 devstack@n-api-meta.service[110123]: INFO dbcounter [None req-b32a7386-74df-4cf3-91f8-a1b845edf19a None None] Registered counter for database nova_cell0
Apr 25 14:47:28.872776 np0000170191 devstack@n-api-meta.service[110123]: DEBUG oslo_db.sqlalchemy.engines [None req-b32a7386-74df-4cf3-91f8-a1b845edf19a None None] MySQL server mode set to STRICT_TRANS_TABLES,STRICT_ALL_TABLES,NO_ZERO_IN_DATE,NO_ZERO_DATE,ERROR_FOR_DIVISION_BY_ZERO,TRADITIONAL,NO_ENGINE_SUBSTITUTION {{(pid=110123) _check_effective_sql_mode /opt/stack/data/venv/lib/python3.12/site-packages/oslo_db/sqlalchemy/engines.py:325}}
Apr 25 14:47:28.882324 np0000170191 devstack@n-api-meta.service[110123]: DEBUG dbcounter [-] [110123] Writer thread running {{(pid=110123) stat_writer /opt/stack/data/venv/lib/python3.12/site-packages/dbcounter.py:102}}
Apr 25 14:47:28.923969 np0000170191 devstack@n-api-meta.service[110122]: DEBUG dbcounter [-] [110122] Writer thread running {{(pid=110122) stat_writer /opt/stack/data/venv/lib/python3.12/site-packages/dbcounter.py:102}}
Apr 25 14:47:28.928813 np0000170191 devstack@n-api-meta.service[110122]: DEBUG dbcounter [-] [110122] Writer thread running {{(pid=110122) stat_writer /opt/stack/data/venv/lib/python3.12/site-packages/dbcounter.py:102}}
Apr 25 14:47:28.929269 np0000170191 devstack@n-api-meta.service[110123]: WARNING nova.api.metadata.handler [None req-b32a7386-74df-4cf3-91f8-a1b845edf19a None None] metadata_proxy_shared_secret is not configured, the metadata information returned by the proxy cannot be trusted
Apr 25 14:47:28.931492 np0000170191 devstack@n-api-meta.service[110123]: DEBUG nova.api.openstack.wsgi_app [None req-b32a7386-74df-4cf3-91f8-a1b845edf19a None None] ******************************************************************************** {{(pid=110123) log_opt_values /opt/stack/data/venv/lib/python3.12/site-packages/oslo_config/cfg.py:2979}}
Apr 25 14:47:28.931589 np0000170191 devstack@n-api-meta.service[110123]: DEBUG nova.api.openstack.wsgi_app [None req-b32a7386-74df-4cf3-91f8-a1b845edf19a None None] Configuration options gathered from: {{(pid=110123) log_opt_values /opt/stack/data/venv/lib/python3.12/site-packages/oslo_config/cfg.py:2980}}
Apr 25 14:47:28.931815 np0000170191 devstack@n-api-meta.service[110123]: DEBUG nova.api.openstack.wsgi_app [None req-b32a7386-74df-4cf3-91f8-a1b845edf19a None None] command line args: [] {{(pid=110123) log_opt_values /opt/stack/data/venv/lib/python3.12/site-packages/oslo_config/cfg.py:2981}}
Apr 25 14:47:28.931815 np0000170191 devstack@n-api-meta.service[110123]: DEBUG nova.api.openstack.wsgi_app [None req-b32a7386-74df-4cf3-91f8-a1b845edf19a None None] config files: ['/etc/nova/api-paste.ini', '/etc/nova/nova.conf'] {{(pid=110123) log_opt_values /opt/stack/data/venv/lib/python3.12/site-packages/oslo_config/cfg.py:2982}}
Apr 25 14:47:28.931967 np0000170191 devstack@n-api-meta.service[110123]: DEBUG nova.api.openstack.wsgi_app [None req-b32a7386-74df-4cf3-91f8-a1b845edf19a None None] ================================================================================ {{(pid=110123) log_opt_values /opt/stack/data/venv/lib/python3.12/site-packages/oslo_config/cfg.py:2987}}
Apr 25 14:47:28.932115 np0000170191 devstack@n-api-meta.service[110123]: DEBUG nova.api.openstack.wsgi_app [None req-b32a7386-74df-4cf3-91f8-a1b845edf19a None None] allow_resize_to_same_host = True {{(pid=110123) log_opt_values /opt/stack/data/venv/lib/python3.12/site-packages/oslo_config/cfg.py:2995}}
Apr 25 14:47:28.932241 np0000170191 devstack@n-api-meta.service[110123]: DEBUG nova.api.openstack.wsgi_app [None req-b32a7386-74df-4cf3-91f8-a1b845edf19a None None] arq_binding_timeout = 300 {{(pid=110123) log_opt_values /opt/stack/data/venv/lib/python3.12/site-packages/oslo_config/cfg.py:2995}}
Apr 25 14:47:28.932363 np0000170191 devstack@n-api-meta.service[110123]: DEBUG nova.api.openstack.wsgi_app [None req-b32a7386-74df-4cf3-91f8-a1b845edf19a None None] block_device_allocate_retries = 60 {{(pid=110123) log_opt_values /opt/stack/data/venv/lib/python3.12/site-packages/oslo_config/cfg.py:2995}}
Apr 25 14:47:28.932488 np0000170191 devstack@n-api-meta.service[110123]: DEBUG nova.api.openstack.wsgi_app [None req-b32a7386-74df-4cf3-91f8-a1b845edf19a None None] block_device_allocate_retries_interval = 3 {{(pid=110123) log_opt_values /opt/stack/data/venv/lib/python3.12/site-packages/oslo_config/cfg.py:2995}}
Apr 25 14:47:28.932614 np0000170191 devstack@n-api-meta.service[110123]: DEBUG nova.api.openstack.wsgi_app [None req-b32a7386-74df-4cf3-91f8-a1b845edf19a None None] cell_worker_thread_pool_size = 5 {{(pid=110123) log_opt_values /opt/stack/data/venv/lib/python3.12/site-packages/oslo_config/cfg.py:2995}}
Apr 25 14:47:28.932744 np0000170191 devstack@n-api-meta.service[110123]: DEBUG nova.api.openstack.wsgi_app [None req-b32a7386-74df-4cf3-91f8-a1b845edf19a None None] cert = self.pem {{(pid=110123) log_opt_values /opt/stack/data/venv/lib/python3.12/site-packages/oslo_config/cfg.py:2995}}
Apr 25 14:47:28.932891 np0000170191 devstack@n-api-meta.service[110123]: DEBUG nova.api.openstack.wsgi_app [None req-b32a7386-74df-4cf3-91f8-a1b845edf19a None None] compute_driver = libvirt.LibvirtDriver {{(pid=110123) log_opt_values /opt/stack/data/venv/lib/python3.12/site-packages/oslo_config/cfg.py:2995}}
Apr 25 14:47:28.933043 np0000170191 devstack@n-api-meta.service[110123]: DEBUG nova.api.openstack.wsgi_app [None req-b32a7386-74df-4cf3-91f8-a1b845edf19a None None] compute_monitors = [] {{(pid=110123) log_opt_values /opt/stack/data/venv/lib/python3.12/site-packages/oslo_config/cfg.py:2995}}
Apr 25 14:47:28.933161 np0000170191 devstack@n-api-meta.service[110123]: DEBUG nova.api.openstack.wsgi_app [None req-b32a7386-74df-4cf3-91f8-a1b845edf19a None None] config_dir = [] {{(pid=110123) log_opt_values /opt/stack/data/venv/lib/python3.12/site-packages/oslo_config/cfg.py:2995}}
Apr 25 14:47:28.933248 np0000170191 devstack@n-api-meta.service[110122]: INFO dbcounter [None req-97e51f00-0c6d-48cf-afe9-529cd7e2aff7 None None] Registered counter for database nova_cell0
Apr 25 14:47:28.933311 np0000170191 devstack@n-api-meta.service[110123]: DEBUG nova.api.openstack.wsgi_app [None req-b32a7386-74df-4cf3-91f8-a1b845edf19a None None] config_drive_format = iso9660 {{(pid=110123) log_opt_values /opt/stack/data/venv/lib/python3.12/site-packages/oslo_config/cfg.py:2995}}
Apr 25 14:47:28.933398 np0000170191 devstack@n-api-meta.service[110123]: DEBUG nova.api.openstack.wsgi_app [None req-b32a7386-74df-4cf3-91f8-a1b845edf19a None None] config_file = ['/etc/nova/api-paste.ini', '/etc/nova/nova.conf'] {{(pid=110123) log_opt_values /opt/stack/data/venv/lib/python3.12/site-packages/oslo_config/cfg.py:2995}}
Apr 25 14:47:28.933525 np0000170191 devstack@n-api-meta.service[110123]: DEBUG nova.api.openstack.wsgi_app [None req-b32a7386-74df-4cf3-91f8-a1b845edf19a None None] config_source = [] {{(pid=110123) log_opt_values /opt/stack/data/venv/lib/python3.12/site-packages/oslo_config/cfg.py:2995}}
Apr 25 14:47:28.933657 np0000170191 devstack@n-api-meta.service[110123]: DEBUG nova.api.openstack.wsgi_app [None req-b32a7386-74df-4cf3-91f8-a1b845edf19a None None] console_host = np0000170191 {{(pid=110123) log_opt_values /opt/stack/data/venv/lib/python3.12/site-packages/oslo_config/cfg.py:2995}}
Apr 25 14:47:28.933785 np0000170191 devstack@n-api-meta.service[110123]: DEBUG nova.api.openstack.wsgi_app [None req-b32a7386-74df-4cf3-91f8-a1b845edf19a None None] control_exchange = nova {{(pid=110123) log_opt_values /opt/stack/data/venv/lib/python3.12/site-packages/oslo_config/cfg.py:2995}}
Apr 25 14:47:28.933925 np0000170191 devstack@n-api-meta.service[110123]: DEBUG nova.api.openstack.wsgi_app [None req-b32a7386-74df-4cf3-91f8-a1b845edf19a None None] cpu_allocation_ratio = None {{(pid=110123) log_opt_values /opt/stack/data/venv/lib/python3.12/site-packages/oslo_config/cfg.py:2995}}
Apr 25 14:47:28.934049 np0000170191 devstack@n-api-meta.service[110123]: DEBUG nova.api.openstack.wsgi_app [None req-b32a7386-74df-4cf3-91f8-a1b845edf19a None None] daemon = False {{(pid=110123) log_opt_values /opt/stack/data/venv/lib/python3.12/site-packages/oslo_config/cfg.py:2995}}
Apr 25 14:47:28.937886 np0000170191 devstack@n-api-meta.service[110123]: DEBUG nova.api.openstack.wsgi_app [None req-b32a7386-74df-4cf3-91f8-a1b845edf19a None None] debug = True {{(pid=110123) log_opt_values /opt/stack/data/venv/lib/python3.12/site-packages/oslo_config/cfg.py:2995}}
Apr 25 14:47:28.937886 np0000170191 devstack@n-api-meta.service[110123]: DEBUG nova.api.openstack.wsgi_app [None req-b32a7386-74df-4cf3-91f8-a1b845edf19a None None] default_access_ip_network_name = None {{(pid=110123) log_opt_values /opt/stack/data/venv/lib/python3.12/site-packages/oslo_config/cfg.py:2995}}
Apr 25 14:47:28.937886 np0000170191 devstack@n-api-meta.service[110123]: DEBUG nova.api.openstack.wsgi_app [None req-b32a7386-74df-4cf3-91f8-a1b845edf19a None None] default_availability_zone = nova {{(pid=110123) log_opt_values /opt/stack/data/venv/lib/python3.12/site-packages/oslo_config/cfg.py:2995}}
Apr 25 14:47:28.937886 np0000170191 devstack@n-api-meta.service[110123]: DEBUG nova.api.openstack.wsgi_app [None req-b32a7386-74df-4cf3-91f8-a1b845edf19a None None] default_ephemeral_format = ext4 {{(pid=110123) log_opt_values /opt/stack/data/venv/lib/python3.12/site-packages/oslo_config/cfg.py:2995}}
Apr 25 14:47:28.937886 np0000170191 devstack@n-api-meta.service[110123]: DEBUG nova.api.openstack.wsgi_app [None req-b32a7386-74df-4cf3-91f8-a1b845edf19a None None] default_green_pool_size = 1000 {{(pid=110123) log_opt_values /opt/stack/data/venv/lib/python3.12/site-packages/oslo_config/cfg.py:2995}}
Apr 25 14:47:28.938216 np0000170191 devstack@n-api-meta.service[110123]: DEBUG nova.api.openstack.wsgi_app [None req-b32a7386-74df-4cf3-91f8-a1b845edf19a None None] default_log_levels = ['amqp=WARN', 'boto=WARN', 'sqlalchemy=WARN', 'suds=INFO', 'oslo.messaging=INFO', 'oslo_messaging=INFO', 'iso8601=WARN', 'requests.packages.urllib3.connectionpool=WARN', 'urllib3.connectionpool=WARN', 'websocket=WARN', 'requests.packages.urllib3.util.retry=WARN', 'urllib3.util.retry=WARN', 'keystonemiddleware=WARN', 'routes.middleware=WARN', 'stevedore=WARN', 'taskflow=WARN', 'keystoneauth=WARN', 'oslo.cache=INFO', 'oslo_policy=INFO', 'dogpile.core.dogpile=INFO', 'glanceclient=WARN', 'oslo.privsep.daemon=INFO'] {{(pid=110123) log_opt_values /opt/stack/data/venv/lib/python3.12/site-packages/oslo_config/cfg.py:2995}}
Apr 25 14:47:28.938216 np0000170191 devstack@n-api-meta.service[110123]: DEBUG nova.api.openstack.wsgi_app [None req-b32a7386-74df-4cf3-91f8-a1b845edf19a None None] default_schedule_zone = None {{(pid=110123) log_opt_values /opt/stack/data/venv/lib/python3.12/site-packages/oslo_config/cfg.py:2995}}
Apr 25 14:47:28.938216 np0000170191 devstack@n-api-meta.service[110123]: DEBUG nova.api.openstack.wsgi_app [None req-b32a7386-74df-4cf3-91f8-a1b845edf19a None None] default_thread_pool_size = 10 {{(pid=110123) log_opt_values /opt/stack/data/venv/lib/python3.12/site-packages/oslo_config/cfg.py:2995}}
Apr 25 14:47:28.938216 np0000170191 devstack@n-api-meta.service[110123]: DEBUG nova.api.openstack.wsgi_app [None req-b32a7386-74df-4cf3-91f8-a1b845edf19a None None] disk_allocation_ratio = None {{(pid=110123) log_opt_values /opt/stack/data/venv/lib/python3.12/site-packages/oslo_config/cfg.py:2995}}
Apr 25 14:47:28.938216 np0000170191 devstack@n-api-meta.service[110123]: DEBUG nova.api.openstack.wsgi_app [None req-b32a7386-74df-4cf3-91f8-a1b845edf19a None None] enable_new_services = True {{(pid=110123) log_opt_values /opt/stack/data/venv/lib/python3.12/site-packages/oslo_config/cfg.py:2995}}
Apr 25 14:47:28.938576 np0000170191 devstack@n-api-meta.service[110123]: DEBUG nova.api.openstack.wsgi_app [None req-b32a7386-74df-4cf3-91f8-a1b845edf19a None None] flat_injected = False {{(pid=110123) log_opt_values /opt/stack/data/venv/lib/python3.12/site-packages/oslo_config/cfg.py:2995}}
Apr 25 14:47:28.938576 np0000170191 devstack@n-api-meta.service[110123]: DEBUG nova.api.openstack.wsgi_app [None req-b32a7386-74df-4cf3-91f8-a1b845edf19a None None] force_config_drive = False {{(pid=110123) log_opt_values /opt/stack/data/venv/lib/python3.12/site-packages/oslo_config/cfg.py:2995}}
Apr 25 14:47:28.938576 np0000170191 devstack@n-api-meta.service[110123]: DEBUG nova.api.openstack.wsgi_app [None req-b32a7386-74df-4cf3-91f8-a1b845edf19a None None] force_raw_images = True {{(pid=110123) log_opt_values /opt/stack/data/venv/lib/python3.12/site-packages/oslo_config/cfg.py:2995}}
Apr 25 14:47:28.938576 np0000170191 devstack@n-api-meta.service[110123]: DEBUG nova.api.openstack.wsgi_app [None req-b32a7386-74df-4cf3-91f8-a1b845edf19a None None] graceful_shutdown_timeout = 5 {{(pid=110123) log_opt_values /opt/stack/data/venv/lib/python3.12/site-packages/oslo_config/cfg.py:2995}}
Apr 25 14:47:28.938576 np0000170191 devstack@n-api-meta.service[110123]: DEBUG nova.api.openstack.wsgi_app [None req-b32a7386-74df-4cf3-91f8-a1b845edf19a None None] heal_instance_info_cache_interval = -1 {{(pid=110123) log_opt_values /opt/stack/data/venv/lib/python3.12/site-packages/oslo_config/cfg.py:2995}}
Apr 25 14:47:28.938576 np0000170191 devstack@n-api-meta.service[110123]: DEBUG nova.api.openstack.wsgi_app [None req-b32a7386-74df-4cf3-91f8-a1b845edf19a None None] host = np0000170191 {{(pid=110123) log_opt_values /opt/stack/data/venv/lib/python3.12/site-packages/oslo_config/cfg.py:2995}}
Apr 25 14:47:28.938576 np0000170191 devstack@n-api-meta.service[110123]: DEBUG nova.api.openstack.wsgi_app [None req-b32a7386-74df-4cf3-91f8-a1b845edf19a None None] initial_cpu_allocation_ratio = 4.0 {{(pid=110123) log_opt_values /opt/stack/data/venv/lib/python3.12/site-packages/oslo_config/cfg.py:2995}}
Apr 25 14:47:28.939043 np0000170191 devstack@n-api-meta.service[110123]: DEBUG nova.api.openstack.wsgi_app [None req-b32a7386-74df-4cf3-91f8-a1b845edf19a None None] initial_disk_allocation_ratio = 1.0 {{(pid=110123) log_opt_values /opt/stack/data/venv/lib/python3.12/site-packages/oslo_config/cfg.py:2995}}
Apr 25 14:47:28.939043 np0000170191 devstack@n-api-meta.service[110123]: DEBUG nova.api.openstack.wsgi_app [None req-b32a7386-74df-4cf3-91f8-a1b845edf19a None None] initial_ram_allocation_ratio = 1.0 {{(pid=110123) log_opt_values /opt/stack/data/venv/lib/python3.12/site-packages/oslo_config/cfg.py:2995}}
Apr 25 14:47:28.939043 np0000170191 devstack@n-api-meta.service[110123]: DEBUG nova.api.openstack.wsgi_app [None req-b32a7386-74df-4cf3-91f8-a1b845edf19a None None] injected_network_template = /opt/stack/nova/nova/virt/interfaces.template {{(pid=110123) log_opt_values /opt/stack/data/venv/lib/python3.12/site-packages/oslo_config/cfg.py:2995}}
Apr 25 14:47:28.939043 np0000170191 devstack@n-api-meta.service[110123]: DEBUG nova.api.openstack.wsgi_app [None req-b32a7386-74df-4cf3-91f8-a1b845edf19a None None] instance_build_timeout = 0 {{(pid=110123) log_opt_values /opt/stack/data/venv/lib/python3.12/site-packages/oslo_config/cfg.py:2995}}
Apr 25 14:47:28.939043 np0000170191 devstack@n-api-meta.service[110123]: DEBUG nova.api.openstack.wsgi_app [None req-b32a7386-74df-4cf3-91f8-a1b845edf19a None None] instance_delete_interval = 300 {{(pid=110123) log_opt_values /opt/stack/data/venv/lib/python3.12/site-packages/oslo_config/cfg.py:2995}}
Apr 25 14:47:28.939043 np0000170191 devstack@n-api-meta.service[110123]: DEBUG nova.api.openstack.wsgi_app [None req-b32a7386-74df-4cf3-91f8-a1b845edf19a None None] instance_format = [instance: %(uuid)s] {{(pid=110123) log_opt_values /opt/stack/data/venv/lib/python3.12/site-packages/oslo_config/cfg.py:2995}}
Apr 25 14:47:28.939043 np0000170191 devstack@n-api-meta.service[110123]: DEBUG nova.api.openstack.wsgi_app [None req-b32a7386-74df-4cf3-91f8-a1b845edf19a None None] instance_name_template = instance-%08x {{(pid=110123) log_opt_values /opt/stack/data/venv/lib/python3.12/site-packages/oslo_config/cfg.py:2995}}
Apr 25 14:47:28.939436 np0000170191 devstack@n-api-meta.service[110123]: DEBUG nova.api.openstack.wsgi_app [None req-b32a7386-74df-4cf3-91f8-a1b845edf19a None None] instance_usage_audit = False {{(pid=110123) log_opt_values /opt/stack/data/venv/lib/python3.12/site-packages/oslo_config/cfg.py:2995}}
Apr 25 14:47:28.939436 np0000170191 devstack@n-api-meta.service[110123]: DEBUG nova.api.openstack.wsgi_app [None req-b32a7386-74df-4cf3-91f8-a1b845edf19a None None] instance_usage_audit_period = month {{(pid=110123) log_opt_values /opt/stack/data/venv/lib/python3.12/site-packages/oslo_config/cfg.py:2995}}
Apr 25 14:47:28.939436 np0000170191 devstack@n-api-meta.service[110123]: DEBUG nova.api.openstack.wsgi_app [None req-b32a7386-74df-4cf3-91f8-a1b845edf19a None None] instance_uuid_format = [instance: %(uuid)s] {{(pid=110123) log_opt_values /opt/stack/data/venv/lib/python3.12/site-packages/oslo_config/cfg.py:2995}}
Apr 25 14:47:28.939436 np0000170191 devstack@n-api-meta.service[110123]: DEBUG nova.api.openstack.wsgi_app [None req-b32a7386-74df-4cf3-91f8-a1b845edf19a None None] instances_path = /opt/stack/data/nova/instances {{(pid=110123) log_opt_values /opt/stack/data/venv/lib/python3.12/site-packages/oslo_config/cfg.py:2995}}
Apr 25 14:47:28.939436 np0000170191 devstack@n-api-meta.service[110123]: DEBUG nova.api.openstack.wsgi_app [None req-b32a7386-74df-4cf3-91f8-a1b845edf19a None None] internal_service_availability_zone = internal {{(pid=110123) log_opt_values /opt/stack/data/venv/lib/python3.12/site-packages/oslo_config/cfg.py:2995}}
Apr 25 14:47:28.939436 np0000170191 devstack@n-api-meta.service[110123]: DEBUG nova.api.openstack.wsgi_app [None req-b32a7386-74df-4cf3-91f8-a1b845edf19a None None] key = None {{(pid=110123) log_opt_values /opt/stack/data/venv/lib/python3.12/site-packages/oslo_config/cfg.py:2995}}
Apr 25 14:47:28.939436 np0000170191 devstack@n-api-meta.service[110123]: DEBUG nova.api.openstack.wsgi_app [None req-b32a7386-74df-4cf3-91f8-a1b845edf19a None None] live_migration_retry_count = 30 {{(pid=110123) log_opt_values /opt/stack/data/venv/lib/python3.12/site-packages/oslo_config/cfg.py:2995}}
Apr 25 14:47:28.939752 np0000170191 devstack@n-api-meta.service[110123]: DEBUG nova.api.openstack.wsgi_app [None req-b32a7386-74df-4cf3-91f8-a1b845edf19a None None] log_color = False {{(pid=110123) log_opt_values /opt/stack/data/venv/lib/python3.12/site-packages/oslo_config/cfg.py:2995}}
Apr 25 14:47:28.939752 np0000170191 devstack@n-api-meta.service[110123]: DEBUG nova.api.openstack.wsgi_app [None req-b32a7386-74df-4cf3-91f8-a1b845edf19a None None] log_config_append = None {{(pid=110123) log_opt_values /opt/stack/data/venv/lib/python3.12/site-packages/oslo_config/cfg.py:2995}}
Apr 25 14:47:28.939752 np0000170191 devstack@n-api-meta.service[110123]: DEBUG nova.api.openstack.wsgi_app [None req-b32a7386-74df-4cf3-91f8-a1b845edf19a None None] log_date_format = %Y-%m-%d %H:%M:%S {{(pid=110123) log_opt_values /opt/stack/data/venv/lib/python3.12/site-packages/oslo_config/cfg.py:2995}}
