Apr 25 14:47:27.410523 np0000170191 nova-scheduler[110276]: DEBUG cotyledon.oslo_config_glue [-] vnc.server_proxyclient_address = 127.0.0.1 {{(pid=110276) log_opt_values /opt/stack/data/venv/lib/python3.12/site-packages/oslo_config/cfg.py:3006}}
Apr 25 14:47:27.410523 np0000170191 nova-scheduler[110276]: DEBUG cotyledon.oslo_config_glue [-] vnc.vencrypt_ca_certs = None {{(pid=110276) log_opt_values /opt/stack/data/venv/lib/python3.12/site-packages/oslo_config/cfg.py:3006}}
Apr 25 14:47:27.410523 np0000170191 nova-scheduler[110276]: DEBUG cotyledon.oslo_config_glue [-] vnc.vencrypt_client_cert = None {{(pid=110276) log_opt_values /opt/stack/data/venv/lib/python3.12/site-packages/oslo_config/cfg.py:3006}}
Apr 25 14:47:27.410523 np0000170191 nova-scheduler[110276]: DEBUG cotyledon.oslo_config_glue [-] vnc.vencrypt_client_key = None {{(pid=110276) log_opt_values /opt/stack/data/venv/lib/python3.12/site-packages/oslo_config/cfg.py:3006}}
Apr 25 14:47:27.410523 np0000170191 nova-scheduler[110276]: DEBUG cotyledon.oslo_config_glue [-] workarounds.disable_compute_service_check_for_ffu = False {{(pid=110276) log_opt_values /opt/stack/data/venv/lib/python3.12/site-packages/oslo_config/cfg.py:3006}}
Apr 25 14:47:27.410523 np0000170191 nova-scheduler[110276]: DEBUG cotyledon.oslo_config_glue [-] workarounds.disable_deep_image_inspection = False {{(pid=110276) log_opt_values /opt/stack/data/venv/lib/python3.12/site-packages/oslo_config/cfg.py:3006}}
Apr 25 14:47:27.410523 np0000170191 nova-scheduler[110276]: DEBUG cotyledon.oslo_config_glue [-] workarounds.disable_fallback_pcpu_query = False {{(pid=110276) log_opt_values /opt/stack/data/venv/lib/python3.12/site-packages/oslo_config/cfg.py:3006}}
Apr 25 14:47:27.410523 np0000170191 nova-scheduler[110276]: DEBUG cotyledon.oslo_config_glue [-] workarounds.disable_group_policy_check_upcall = False {{(pid=110276) log_opt_values /opt/stack/data/venv/lib/python3.12/site-packages/oslo_config/cfg.py:3006}}
Apr 25 14:47:27.410745 np0000170191 nova-scheduler[110276]: DEBUG cotyledon.oslo_config_glue [-] workarounds.disable_libvirt_livesnapshot = False {{(pid=110276) log_opt_values /opt/stack/data/venv/lib/python3.12/site-packages/oslo_config/cfg.py:3006}}
Apr 25 14:47:27.410745 np0000170191 nova-scheduler[110276]: DEBUG cotyledon.oslo_config_glue [-] workarounds.disable_rootwrap = False {{(pid=110276) log_opt_values /opt/stack/data/venv/lib/python3.12/site-packages/oslo_config/cfg.py:3006}}
Apr 25 14:47:27.410745 np0000170191 nova-scheduler[110276]: DEBUG cotyledon.oslo_config_glue [-] workarounds.enable_numa_live_migration = False {{(pid=110276) log_opt_values /opt/stack/data/venv/lib/python3.12/site-packages/oslo_config/cfg.py:3006}}
Apr 25 14:47:27.410745 np0000170191 nova-scheduler[110276]: DEBUG cotyledon.oslo_config_glue [-] workarounds.enable_qemu_monitor_announce_self = False {{(pid=110276) log_opt_values /opt/stack/data/venv/lib/python3.12/site-packages/oslo_config/cfg.py:3006}}
Apr 25 14:47:27.410745 np0000170191 nova-scheduler[110276]: DEBUG cotyledon.oslo_config_glue [-] workarounds.ensure_libvirt_rbd_instance_dir_cleanup = False {{(pid=110276) log_opt_values /opt/stack/data/venv/lib/python3.12/site-packages/oslo_config/cfg.py:3006}}
Apr 25 14:47:27.410745 np0000170191 nova-scheduler[110276]: DEBUG cotyledon.oslo_config_glue [-] workarounds.handle_virt_lifecycle_events = True {{(pid=110276) log_opt_values /opt/stack/data/venv/lib/python3.12/site-packages/oslo_config/cfg.py:3006}}
Apr 25 14:47:27.410745 np0000170191 nova-scheduler[110276]: DEBUG cotyledon.oslo_config_glue [-] workarounds.libvirt_disable_apic = False {{(pid=110276) log_opt_values /opt/stack/data/venv/lib/python3.12/site-packages/oslo_config/cfg.py:3006}}
Apr 25 14:47:27.410745 np0000170191 nova-scheduler[110276]: DEBUG cotyledon.oslo_config_glue [-] workarounds.never_download_image_if_on_rbd = False {{(pid=110276) log_opt_values /opt/stack/data/venv/lib/python3.12/site-packages/oslo_config/cfg.py:3006}}
Apr 25 14:47:27.410745 np0000170191 nova-scheduler[110276]: DEBUG cotyledon.oslo_config_glue [-] workarounds.qemu_monitor_announce_self_count = 3 {{(pid=110276) log_opt_values /opt/stack/data/venv/lib/python3.12/site-packages/oslo_config/cfg.py:3006}}
Apr 25 14:47:27.410979 np0000170191 nova-scheduler[110276]: DEBUG cotyledon.oslo_config_glue [-] workarounds.qemu_monitor_announce_self_interval = 1 {{(pid=110276) log_opt_values /opt/stack/data/venv/lib/python3.12/site-packages/oslo_config/cfg.py:3006}}
Apr 25 14:47:27.410979 np0000170191 nova-scheduler[110276]: DEBUG cotyledon.oslo_config_glue [-] workarounds.reserve_disk_resource_for_image_cache = False {{(pid=110276) log_opt_values /opt/stack/data/venv/lib/python3.12/site-packages/oslo_config/cfg.py:3006}}
Apr 25 14:47:27.410979 np0000170191 nova-scheduler[110276]: DEBUG cotyledon.oslo_config_glue [-] workarounds.skip_cpu_compare_at_startup = False {{(pid=110276) log_opt_values /opt/stack/data/venv/lib/python3.12/site-packages/oslo_config/cfg.py:3006}}
Apr 25 14:47:27.410979 np0000170191 nova-scheduler[110276]: DEBUG cotyledon.oslo_config_glue [-] workarounds.skip_cpu_compare_on_dest = False {{(pid=110276) log_opt_values /opt/stack/data/venv/lib/python3.12/site-packages/oslo_config/cfg.py:3006}}
Apr 25 14:47:27.410979 np0000170191 nova-scheduler[110276]: DEBUG cotyledon.oslo_config_glue [-] workarounds.skip_hypervisor_version_check_on_lm = False {{(pid=110276) log_opt_values /opt/stack/data/venv/lib/python3.12/site-packages/oslo_config/cfg.py:3006}}
Apr 25 14:47:27.410979 np0000170191 nova-scheduler[110276]: DEBUG cotyledon.oslo_config_glue [-] workarounds.skip_reserve_in_use_ironic_nodes = False {{(pid=110276) log_opt_values /opt/stack/data/venv/lib/python3.12/site-packages/oslo_config/cfg.py:3006}}
Apr 25 14:47:27.410979 np0000170191 nova-scheduler[110276]: DEBUG cotyledon.oslo_config_glue [-] workarounds.unified_limits_count_pcpu_as_vcpu = False {{(pid=110276) log_opt_values /opt/stack/data/venv/lib/python3.12/site-packages/oslo_config/cfg.py:3006}}
Apr 25 14:47:27.410979 np0000170191 nova-scheduler[110276]: DEBUG cotyledon.oslo_config_glue [-] workarounds.wait_for_vif_plugged_event_during_hard_reboot = [] {{(pid=110276) log_opt_values /opt/stack/data/venv/lib/python3.12/site-packages/oslo_config/cfg.py:3006}}
Apr 25 14:47:27.411168 np0000170191 nova-scheduler[110276]: DEBUG cotyledon.oslo_config_glue [-] wsgi.api_paste_config = /etc/nova/api-paste.ini {{(pid=110276) log_opt_values /opt/stack/data/venv/lib/python3.12/site-packages/oslo_config/cfg.py:3006}}
Apr 25 14:47:27.411168 np0000170191 nova-scheduler[110276]: DEBUG cotyledon.oslo_config_glue [-] wsgi.secure_proxy_ssl_header = None {{(pid=110276) log_opt_values /opt/stack/data/venv/lib/python3.12/site-packages/oslo_config/cfg.py:3006}}
Apr 25 14:47:27.411168 np0000170191 nova-scheduler[110276]: DEBUG cotyledon.oslo_config_glue [-] zvm.ca_file = None {{(pid=110276) log_opt_values /opt/stack/data/venv/lib/python3.12/site-packages/oslo_config/cfg.py:3006}}
Apr 25 14:47:27.411168 np0000170191 nova-scheduler[110276]: DEBUG cotyledon.oslo_config_glue [-] zvm.cloud_connector_url = None {{(pid=110276) log_opt_values /opt/stack/data/venv/lib/python3.12/site-packages/oslo_config/cfg.py:3006}}
Apr 25 14:47:27.411168 np0000170191 nova-scheduler[110276]: DEBUG cotyledon.oslo_config_glue [-] zvm.image_tmp_path = /opt/stack/data/nova/images {{(pid=110276) log_opt_values /opt/stack/data/venv/lib/python3.12/site-packages/oslo_config/cfg.py:3006}}
Apr 25 14:47:27.411168 np0000170191 nova-scheduler[110276]: DEBUG cotyledon.oslo_config_glue [-] zvm.reachable_timeout = 300 {{(pid=110276) log_opt_values /opt/stack/data/venv/lib/python3.12/site-packages/oslo_config/cfg.py:3006}}
Apr 25 14:47:27.411168 np0000170191 nova-scheduler[110276]: DEBUG cotyledon.oslo_config_glue [-] oslo_versionedobjects.fatal_exception_format_errors = False {{(pid=110276) log_opt_values /opt/stack/data/venv/lib/python3.12/site-packages/oslo_config/cfg.py:3006}}
Apr 25 14:47:27.411168 np0000170191 nova-scheduler[110276]: DEBUG cotyledon.oslo_config_glue [-] oslo_middleware.http_basic_auth_user_file = /etc/htpasswd {{(pid=110276) log_opt_values /opt/stack/data/venv/lib/python3.12/site-packages/oslo_config/cfg.py:3006}}
Apr 25 14:47:27.411168 np0000170191 nova-scheduler[110276]: DEBUG cotyledon.oslo_config_glue [-] oslo_messaging_metrics.metrics_buffer_size = 1000 {{(pid=110276) log_opt_values /opt/stack/data/venv/lib/python3.12/site-packages/oslo_config/cfg.py:3006}}
Apr 25 14:47:27.411605 np0000170191 nova-scheduler[110276]: DEBUG cotyledon.oslo_config_glue [-] oslo_messaging_metrics.metrics_enabled = False {{(pid=110276) log_opt_values /opt/stack/data/venv/lib/python3.12/site-packages/oslo_config/cfg.py:3006}}
Apr 25 14:47:27.411605 np0000170191 nova-scheduler[110276]: DEBUG cotyledon.oslo_config_glue [-] oslo_messaging_metrics.metrics_process_name = {{(pid=110276) log_opt_values /opt/stack/data/venv/lib/python3.12/site-packages/oslo_config/cfg.py:3006}}
Apr 25 14:47:27.411605 np0000170191 nova-scheduler[110276]: DEBUG cotyledon.oslo_config_glue [-] oslo_messaging_metrics.metrics_socket_file = /var/tmp/metrics_collector.sock {{(pid=110276) log_opt_values /opt/stack/data/venv/lib/python3.12/site-packages/oslo_config/cfg.py:3006}}
Apr 25 14:47:27.411605 np0000170191 nova-scheduler[110276]: DEBUG cotyledon.oslo_config_glue [-] oslo_messaging_metrics.metrics_thread_stop_timeout = 10 {{(pid=110276) log_opt_values /opt/stack/data/venv/lib/python3.12/site-packages/oslo_config/cfg.py:3006}}
Apr 25 14:47:27.411605 np0000170191 nova-scheduler[110276]: DEBUG cotyledon.oslo_config_glue [-] profiler.connection_string = messaging:// {{(pid=110276) log_opt_values /opt/stack/data/venv/lib/python3.12/site-packages/oslo_config/cfg.py:3006}}
Apr 25 14:47:27.411605 np0000170191 nova-scheduler[110276]: DEBUG cotyledon.oslo_config_glue [-] profiler.enabled = False {{(pid=110276) log_opt_values /opt/stack/data/venv/lib/python3.12/site-packages/oslo_config/cfg.py:3006}}
Apr 25 14:47:27.411605 np0000170191 nova-scheduler[110276]: DEBUG cotyledon.oslo_config_glue [-] profiler.es_doc_type = notification {{(pid=110276) log_opt_values /opt/stack/data/venv/lib/python3.12/site-packages/oslo_config/cfg.py:3006}}
Apr 25 14:47:27.411605 np0000170191 nova-scheduler[110276]: DEBUG cotyledon.oslo_config_glue [-] profiler.es_scroll_size = 10000 {{(pid=110276) log_opt_values /opt/stack/data/venv/lib/python3.12/site-packages/oslo_config/cfg.py:3006}}
Apr 25 14:47:27.411605 np0000170191 nova-scheduler[110276]: DEBUG cotyledon.oslo_config_glue [-] profiler.es_scroll_time = 2m {{(pid=110276) log_opt_values /opt/stack/data/venv/lib/python3.12/site-packages/oslo_config/cfg.py:3006}}
Apr 25 14:47:27.411926 np0000170191 nova-scheduler[110276]: DEBUG cotyledon.oslo_config_glue [-] profiler.filter_error_trace = False {{(pid=110276) log_opt_values /opt/stack/data/venv/lib/python3.12/site-packages/oslo_config/cfg.py:3006}}
Apr 25 14:47:27.411926 np0000170191 nova-scheduler[110276]: DEBUG cotyledon.oslo_config_glue [-] profiler.hmac_keys = **** {{(pid=110276) log_opt_values /opt/stack/data/venv/lib/python3.12/site-packages/oslo_config/cfg.py:3006}}
Apr 25 14:47:27.411926 np0000170191 nova-scheduler[110276]: DEBUG cotyledon.oslo_config_glue [-] profiler.sentinel_service_name = mymaster {{(pid=110276) log_opt_values /opt/stack/data/venv/lib/python3.12/site-packages/oslo_config/cfg.py:3006}}
Apr 25 14:47:27.411926 np0000170191 nova-scheduler[110276]: DEBUG cotyledon.oslo_config_glue [-] profiler.socket_timeout = 0.1 {{(pid=110276) log_opt_values /opt/stack/data/venv/lib/python3.12/site-packages/oslo_config/cfg.py:3006}}
Apr 25 14:47:27.411926 np0000170191 nova-scheduler[110276]: DEBUG cotyledon.oslo_config_glue [-] profiler.trace_requests = False {{(pid=110276) log_opt_values /opt/stack/data/venv/lib/python3.12/site-packages/oslo_config/cfg.py:3006}}
Apr 25 14:47:27.411926 np0000170191 nova-scheduler[110276]: DEBUG cotyledon.oslo_config_glue [-] profiler.trace_sqlalchemy = False {{(pid=110276) log_opt_values /opt/stack/data/venv/lib/python3.12/site-packages/oslo_config/cfg.py:3006}}
Apr 25 14:47:27.411926 np0000170191 nova-scheduler[110276]: DEBUG cotyledon.oslo_config_glue [-] profiler_jaeger.process_tags = {} {{(pid=110276) log_opt_values /opt/stack/data/venv/lib/python3.12/site-packages/oslo_config/cfg.py:3006}}
Apr 25 14:47:27.411926 np0000170191 nova-scheduler[110276]: DEBUG cotyledon.oslo_config_glue [-] profiler_jaeger.service_name_prefix = None {{(pid=110276) log_opt_values /opt/stack/data/venv/lib/python3.12/site-packages/oslo_config/cfg.py:3006}}
Apr 25 14:47:27.411926 np0000170191 nova-scheduler[110276]: DEBUG cotyledon.oslo_config_glue [-] profiler_otlp.service_name_prefix = None {{(pid=110276) log_opt_values /opt/stack/data/venv/lib/python3.12/site-packages/oslo_config/cfg.py:3006}}
Apr 25 14:47:27.412245 np0000170191 nova-scheduler[110276]: DEBUG cotyledon.oslo_config_glue [-] oslo_messaging_rabbit.amqp_auto_delete = False {{(pid=110276) log_opt_values /opt/stack/data/venv/lib/python3.12/site-packages/oslo_config/cfg.py:3006}}
Apr 25 14:47:27.412245 np0000170191 nova-scheduler[110276]: DEBUG cotyledon.oslo_config_glue [-] oslo_messaging_rabbit.amqp_durable_queues = False {{(pid=110276) log_opt_values /opt/stack/data/venv/lib/python3.12/site-packages/oslo_config/cfg.py:3006}}
Apr 25 14:47:27.412245 np0000170191 nova-scheduler[110276]: DEBUG cotyledon.oslo_config_glue [-] oslo_messaging_rabbit.conn_pool_min_size = 2 {{(pid=110276) log_opt_values /opt/stack/data/venv/lib/python3.12/site-packages/oslo_config/cfg.py:3006}}
Apr 25 14:47:27.412245 np0000170191 nova-scheduler[110276]: DEBUG cotyledon.oslo_config_glue [-] oslo_messaging_rabbit.conn_pool_ttl = 1200 {{(pid=110276) log_opt_values /opt/stack/data/venv/lib/python3.12/site-packages/oslo_config/cfg.py:3006}}
Apr 25 14:47:27.412245 np0000170191 nova-scheduler[110276]: DEBUG cotyledon.oslo_config_glue [-] oslo_messaging_rabbit.direct_mandatory_flag = True {{(pid=110276) log_opt_values /opt/stack/data/venv/lib/python3.12/site-packages/oslo_config/cfg.py:3006}}
Apr 25 14:47:27.412245 np0000170191 nova-scheduler[110276]: DEBUG cotyledon.oslo_config_glue [-] oslo_messaging_rabbit.enable_cancel_on_failover = False {{(pid=110276) log_opt_values /opt/stack/data/venv/lib/python3.12/site-packages/oslo_config/cfg.py:3006}}
Apr 25 14:47:27.412245 np0000170191 nova-scheduler[110276]: DEBUG cotyledon.oslo_config_glue [-] oslo_messaging_rabbit.heartbeat_in_pthread = False {{(pid=110276) log_opt_values /opt/stack/data/venv/lib/python3.12/site-packages/oslo_config/cfg.py:3006}}
Apr 25 14:47:27.412245 np0000170191 nova-scheduler[110276]: DEBUG cotyledon.oslo_config_glue [-] oslo_messaging_rabbit.heartbeat_rate = 3 {{(pid=110276) log_opt_values /opt/stack/data/venv/lib/python3.12/site-packages/oslo_config/cfg.py:3006}}
Apr 25 14:47:27.412245 np0000170191 nova-scheduler[110276]: DEBUG cotyledon.oslo_config_glue [-] oslo_messaging_rabbit.heartbeat_timeout_threshold = 60 {{(pid=110276) log_opt_values /opt/stack/data/venv/lib/python3.12/site-packages/oslo_config/cfg.py:3006}}
Apr 25 14:47:27.412554 np0000170191 nova-scheduler[110276]: DEBUG cotyledon.oslo_config_glue [-] oslo_messaging_rabbit.hostname = np0000170191 {{(pid=110276) log_opt_values /opt/stack/data/venv/lib/python3.12/site-packages/oslo_config/cfg.py:3006}}
Apr 25 14:47:27.412554 np0000170191 nova-scheduler[110276]: DEBUG cotyledon.oslo_config_glue [-] oslo_messaging_rabbit.kombu_compression = None {{(pid=110276) log_opt_values /opt/stack/data/venv/lib/python3.12/site-packages/oslo_config/cfg.py:3006}}
Apr 25 14:47:27.412554 np0000170191 nova-scheduler[110276]: DEBUG cotyledon.oslo_config_glue [-] oslo_messaging_rabbit.kombu_failover_strategy = round-robin {{(pid=110276) log_opt_values /opt/stack/data/venv/lib/python3.12/site-packages/oslo_config/cfg.py:3006}}
Apr 25 14:47:27.412554 np0000170191 nova-scheduler[110276]: DEBUG cotyledon.oslo_config_glue [-] oslo_messaging_rabbit.kombu_missing_consumer_retry_timeout = 60 {{(pid=110276) log_opt_values /opt/stack/data/venv/lib/python3.12/site-packages/oslo_config/cfg.py:3006}}
Apr 25 14:47:27.412554 np0000170191 nova-scheduler[110276]: DEBUG cotyledon.oslo_config_glue [-] oslo_messaging_rabbit.kombu_reconnect_delay = 1.0 {{(pid=110276) log_opt_values /opt/stack/data/venv/lib/python3.12/site-packages/oslo_config/cfg.py:3006}}
Apr 25 14:47:27.412554 np0000170191 nova-scheduler[110276]: DEBUG cotyledon.oslo_config_glue [-] oslo_messaging_rabbit.kombu_reconnect_splay = 0.0 {{(pid=110276) log_opt_values /opt/stack/data/venv/lib/python3.12/site-packages/oslo_config/cfg.py:3006}}
Apr 25 14:47:27.412554 np0000170191 nova-scheduler[110276]: DEBUG cotyledon.oslo_config_glue [-] oslo_messaging_rabbit.processname = nova-scheduler {{(pid=110276) log_opt_values /opt/stack/data/venv/lib/python3.12/site-packages/oslo_config/cfg.py:3006}}
Apr 25 14:47:27.412554 np0000170191 nova-scheduler[110276]: DEBUG cotyledon.oslo_config_glue [-] oslo_messaging_rabbit.rabbit_ha_queues = False {{(pid=110276) log_opt_values /opt/stack/data/venv/lib/python3.12/site-packages/oslo_config/cfg.py:3006}}
Apr 25 14:47:27.412554 np0000170191 nova-scheduler[110276]: DEBUG cotyledon.oslo_config_glue [-] oslo_messaging_rabbit.rabbit_interval_max = 30 {{(pid=110276) log_opt_values /opt/stack/data/venv/lib/python3.12/site-packages/oslo_config/cfg.py:3006}}
Apr 25 14:47:27.412796 np0000170191 nova-scheduler[110276]: DEBUG cotyledon.oslo_config_glue [-] oslo_messaging_rabbit.rabbit_login_method = AMQPLAIN {{(pid=110276) log_opt_values /opt/stack/data/venv/lib/python3.12/site-packages/oslo_config/cfg.py:3006}}
Apr 25 14:47:27.412796 np0000170191 nova-scheduler[110276]: DEBUG cotyledon.oslo_config_glue [-] oslo_messaging_rabbit.rabbit_qos_prefetch_count = 0 {{(pid=110276) log_opt_values /opt/stack/data/venv/lib/python3.12/site-packages/oslo_config/cfg.py:3006}}
Apr 25 14:47:27.412796 np0000170191 nova-scheduler[110276]: DEBUG cotyledon.oslo_config_glue [-] oslo_messaging_rabbit.rabbit_quorum_delivery_limit = 0 {{(pid=110276) log_opt_values /opt/stack/data/venv/lib/python3.12/site-packages/oslo_config/cfg.py:3006}}
Apr 25 14:47:27.412796 np0000170191 nova-scheduler[110276]: DEBUG cotyledon.oslo_config_glue [-] oslo_messaging_rabbit.rabbit_quorum_max_memory_bytes = 0 {{(pid=110276) log_opt_values /opt/stack/data/venv/lib/python3.12/site-packages/oslo_config/cfg.py:3006}}
Apr 25 14:47:27.412796 np0000170191 nova-scheduler[110276]: DEBUG cotyledon.oslo_config_glue [-] oslo_messaging_rabbit.rabbit_quorum_max_memory_length = 0 {{(pid=110276) log_opt_values /opt/stack/data/venv/lib/python3.12/site-packages/oslo_config/cfg.py:3006}}
Apr 25 14:47:27.412796 np0000170191 nova-scheduler[110276]: DEBUG cotyledon.oslo_config_glue [-] oslo_messaging_rabbit.rabbit_quorum_queue = False {{(pid=110276) log_opt_values /opt/stack/data/venv/lib/python3.12/site-packages/oslo_config/cfg.py:3006}}
Apr 25 14:47:27.412796 np0000170191 nova-scheduler[110276]: DEBUG cotyledon.oslo_config_glue [-] oslo_messaging_rabbit.rabbit_retry_backoff = 2 {{(pid=110276) log_opt_values /opt/stack/data/venv/lib/python3.12/site-packages/oslo_config/cfg.py:3006}}
Apr 25 14:47:27.412796 np0000170191 nova-scheduler[110276]: DEBUG cotyledon.oslo_config_glue [-] oslo_messaging_rabbit.rabbit_retry_interval = 1 {{(pid=110276) log_opt_values /opt/stack/data/venv/lib/python3.12/site-packages/oslo_config/cfg.py:3006}}
Apr 25 14:47:27.412995 np0000170191 nova-scheduler[110276]: DEBUG cotyledon.oslo_config_glue [-] oslo_messaging_rabbit.rabbit_stream_fanout = False {{(pid=110276) log_opt_values /opt/stack/data/venv/lib/python3.12/site-packages/oslo_config/cfg.py:3006}}
Apr 25 14:47:27.412995 np0000170191 nova-scheduler[110276]: DEBUG cotyledon.oslo_config_glue [-] oslo_messaging_rabbit.rabbit_transient_queues_ttl = 1800 {{(pid=110276) log_opt_values /opt/stack/data/venv/lib/python3.12/site-packages/oslo_config/cfg.py:3006}}
Apr 25 14:47:27.412995 np0000170191 nova-scheduler[110276]: DEBUG cotyledon.oslo_config_glue [-] oslo_messaging_rabbit.rabbit_transient_quorum_queue = False {{(pid=110276) log_opt_values /opt/stack/data/venv/lib/python3.12/site-packages/oslo_config/cfg.py:3006}}
Apr 25 14:47:27.412995 np0000170191 nova-scheduler[110276]: DEBUG cotyledon.oslo_config_glue [-] oslo_messaging_rabbit.rpc_conn_pool_size = 30 {{(pid=110276) log_opt_values /opt/stack/data/venv/lib/python3.12/site-packages/oslo_config/cfg.py:3006}}
Apr 25 14:47:27.412995 np0000170191 nova-scheduler[110276]: DEBUG cotyledon.oslo_config_glue [-] oslo_messaging_rabbit.ssl = False {{(pid=110276) log_opt_values /opt/stack/data/venv/lib/python3.12/site-packages/oslo_config/cfg.py:3006}}
Apr 25 14:47:27.412995 np0000170191 nova-scheduler[110276]: DEBUG cotyledon.oslo_config_glue [-] oslo_messaging_rabbit.ssl_ca_file = {{(pid=110276) log_opt_values /opt/stack/data/venv/lib/python3.12/site-packages/oslo_config/cfg.py:3006}}
Apr 25 14:47:27.412995 np0000170191 nova-scheduler[110276]: DEBUG cotyledon.oslo_config_glue [-] oslo_messaging_rabbit.ssl_cert_file = {{(pid=110276) log_opt_values /opt/stack/data/venv/lib/python3.12/site-packages/oslo_config/cfg.py:3006}}
Apr 25 14:47:27.412995 np0000170191 nova-scheduler[110276]: DEBUG cotyledon.oslo_config_glue [-] oslo_messaging_rabbit.ssl_enforce_fips_mode = False {{(pid=110276) log_opt_values /opt/stack/data/venv/lib/python3.12/site-packages/oslo_config/cfg.py:3006}}
Apr 25 14:47:27.412995 np0000170191 nova-scheduler[110276]: DEBUG cotyledon.oslo_config_glue [-] oslo_messaging_rabbit.ssl_key_file = {{(pid=110276) log_opt_values /opt/stack/data/venv/lib/python3.12/site-packages/oslo_config/cfg.py:3006}}
Apr 25 14:47:27.413201 np0000170191 nova-scheduler[110276]: DEBUG cotyledon.oslo_config_glue [-] oslo_messaging_rabbit.ssl_version = {{(pid=110276) log_opt_values /opt/stack/data/venv/lib/python3.12/site-packages/oslo_config/cfg.py:3006}}
Apr 25 14:47:27.413201 np0000170191 nova-scheduler[110276]: DEBUG cotyledon.oslo_config_glue [-] oslo_messaging_rabbit.use_queue_manager = False {{(pid=110276) log_opt_values /opt/stack/data/venv/lib/python3.12/site-packages/oslo_config/cfg.py:3006}}
Apr 25 14:47:27.413201 np0000170191 nova-scheduler[110276]: DEBUG cotyledon.oslo_config_glue [-] oslo_messaging_notifications.driver = ['messagingv2'] {{(pid=110276) log_opt_values /opt/stack/data/venv/lib/python3.12/site-packages/oslo_config/cfg.py:3006}}
Apr 25 14:47:27.413201 np0000170191 nova-scheduler[110276]: DEBUG cotyledon.oslo_config_glue [-] oslo_messaging_notifications.retry = -1 {{(pid=110276) log_opt_values /opt/stack/data/venv/lib/python3.12/site-packages/oslo_config/cfg.py:3006}}
Apr 25 14:47:27.413201 np0000170191 nova-scheduler[110276]: DEBUG cotyledon.oslo_config_glue [-] oslo_messaging_notifications.topics = ['notifications'] {{(pid=110276) log_opt_values /opt/stack/data/venv/lib/python3.12/site-packages/oslo_config/cfg.py:3006}}
Apr 25 14:47:27.413201 np0000170191 nova-scheduler[110276]: DEBUG cotyledon.oslo_config_glue [-] oslo_messaging_notifications.transport_url = **** {{(pid=110276) log_opt_values /opt/stack/data/venv/lib/python3.12/site-packages/oslo_config/cfg.py:3006}}
Apr 25 14:47:27.413201 np0000170191 nova-scheduler[110276]: DEBUG cotyledon.oslo_config_glue [-] oslo_limit.auth_section = None {{(pid=110276) log_opt_values /opt/stack/data/venv/lib/python3.12/site-packages/oslo_config/cfg.py:3006}}
Apr 25 14:47:27.413201 np0000170191 nova-scheduler[110276]: DEBUG cotyledon.oslo_config_glue [-] oslo_limit.auth_type = None {{(pid=110276) log_opt_values /opt/stack/data/venv/lib/python3.12/site-packages/oslo_config/cfg.py:3006}}
Apr 25 14:47:27.413201 np0000170191 nova-scheduler[110276]: DEBUG cotyledon.oslo_config_glue [-] oslo_limit.cafile = None {{(pid=110276) log_opt_values /opt/stack/data/venv/lib/python3.12/site-packages/oslo_config/cfg.py:3006}}
Apr 25 14:47:27.413423 np0000170191 nova-scheduler[110276]: DEBUG cotyledon.oslo_config_glue [-] oslo_limit.certfile = None {{(pid=110276) log_opt_values /opt/stack/data/venv/lib/python3.12/site-packages/oslo_config/cfg.py:3006}}
Apr 25 14:47:27.413423 np0000170191 nova-scheduler[110276]: DEBUG cotyledon.oslo_config_glue [-] oslo_limit.collect_timing = False {{(pid=110276) log_opt_values /opt/stack/data/venv/lib/python3.12/site-packages/oslo_config/cfg.py:3006}}
Apr 25 14:47:27.413423 np0000170191 nova-scheduler[110276]: DEBUG cotyledon.oslo_config_glue [-] oslo_limit.connect_retries = None {{(pid=110276) log_opt_values /opt/stack/data/venv/lib/python3.12/site-packages/oslo_config/cfg.py:3006}}
Apr 25 14:47:27.413423 np0000170191 nova-scheduler[110276]: DEBUG cotyledon.oslo_config_glue [-] oslo_limit.connect_retry_delay = None {{(pid=110276) log_opt_values /opt/stack/data/venv/lib/python3.12/site-packages/oslo_config/cfg.py:3006}}
Apr 25 14:47:27.413423 np0000170191 nova-scheduler[110276]: DEBUG cotyledon.oslo_config_glue [-] oslo_limit.endpoint_id = None {{(pid=110276) log_opt_values /opt/stack/data/venv/lib/python3.12/site-packages/oslo_config/cfg.py:3006}}
Apr 25 14:47:27.413423 np0000170191 nova-scheduler[110276]: DEBUG cotyledon.oslo_config_glue [-] oslo_limit.endpoint_interface = public {{(pid=110276) log_opt_values /opt/stack/data/venv/lib/python3.12/site-packages/oslo_config/cfg.py:3006}}
Apr 25 14:47:27.413423 np0000170191 nova-scheduler[110276]: DEBUG cotyledon.oslo_config_glue [-] oslo_limit.endpoint_override = None {{(pid=110276) log_opt_values /opt/stack/data/venv/lib/python3.12/site-packages/oslo_config/cfg.py:3006}}
Apr 25 14:47:27.413423 np0000170191 nova-scheduler[110276]: DEBUG cotyledon.oslo_config_glue [-] oslo_limit.endpoint_region_name = None {{(pid=110276) log_opt_values /opt/stack/data/venv/lib/python3.12/site-packages/oslo_config/cfg.py:3006}}
Apr 25 14:47:27.413423 np0000170191 nova-scheduler[110276]: DEBUG cotyledon.oslo_config_glue [-] oslo_limit.endpoint_service_name = None {{(pid=110276) log_opt_values /opt/stack/data/venv/lib/python3.12/site-packages/oslo_config/cfg.py:3006}}
Apr 25 14:47:27.413622 np0000170191 nova-scheduler[110276]: DEBUG cotyledon.oslo_config_glue [-] oslo_limit.endpoint_service_type = None {{(pid=110276) log_opt_values /opt/stack/data/venv/lib/python3.12/site-packages/oslo_config/cfg.py:3006}}
Apr 25 14:47:27.413622 np0000170191 nova-scheduler[110276]: DEBUG cotyledon.oslo_config_glue [-] oslo_limit.insecure = False {{(pid=110276) log_opt_values /opt/stack/data/venv/lib/python3.12/site-packages/oslo_config/cfg.py:3006}}
Apr 25 14:47:27.413622 np0000170191 nova-scheduler[110276]: DEBUG cotyledon.oslo_config_glue [-] oslo_limit.keyfile = None {{(pid=110276) log_opt_values /opt/stack/data/venv/lib/python3.12/site-packages/oslo_config/cfg.py:3006}}
Apr 25 14:47:27.413622 np0000170191 nova-scheduler[110276]: DEBUG cotyledon.oslo_config_glue [-] oslo_limit.max_version = None {{(pid=110276) log_opt_values /opt/stack/data/venv/lib/python3.12/site-packages/oslo_config/cfg.py:3006}}
Apr 25 14:47:27.413622 np0000170191 nova-scheduler[110276]: DEBUG cotyledon.oslo_config_glue [-] oslo_limit.min_version = None {{(pid=110276) log_opt_values /opt/stack/data/venv/lib/python3.12/site-packages/oslo_config/cfg.py:3006}}
Apr 25 14:47:27.413622 np0000170191 nova-scheduler[110276]: DEBUG cotyledon.oslo_config_glue [-] oslo_limit.region_name = None {{(pid=110276) log_opt_values /opt/stack/data/venv/lib/python3.12/site-packages/oslo_config/cfg.py:3006}}
Apr 25 14:47:27.413622 np0000170191 nova-scheduler[110276]: DEBUG cotyledon.oslo_config_glue [-] oslo_limit.retriable_status_codes = None {{(pid=110276) log_opt_values /opt/stack/data/venv/lib/python3.12/site-packages/oslo_config/cfg.py:3006}}
Apr 25 14:47:27.413622 np0000170191 nova-scheduler[110276]: DEBUG cotyledon.oslo_config_glue [-] oslo_limit.service_name = None {{(pid=110276) log_opt_values /opt/stack/data/venv/lib/python3.12/site-packages/oslo_config/cfg.py:3006}}
Apr 25 14:47:27.413622 np0000170191 nova-scheduler[110276]: DEBUG cotyledon.oslo_config_glue [-] oslo_limit.service_type = None {{(pid=110276) log_opt_values /opt/stack/data/venv/lib/python3.12/site-packages/oslo_config/cfg.py:3006}}
Apr 25 14:47:27.413839 np0000170191 nova-scheduler[110276]: DEBUG cotyledon.oslo_config_glue [-] oslo_limit.split_loggers = False {{(pid=110276) log_opt_values /opt/stack/data/venv/lib/python3.12/site-packages/oslo_config/cfg.py:3006}}
Apr 25 14:47:27.413839 np0000170191 nova-scheduler[110276]: DEBUG cotyledon.oslo_config_glue [-] oslo_limit.status_code_retries = None {{(pid=110276) log_opt_values /opt/stack/data/venv/lib/python3.12/site-packages/oslo_config/cfg.py:3006}}
Apr 25 14:47:27.413839 np0000170191 nova-scheduler[110276]: DEBUG cotyledon.oslo_config_glue [-] oslo_limit.status_code_retry_delay = None {{(pid=110276) log_opt_values /opt/stack/data/venv/lib/python3.12/site-packages/oslo_config/cfg.py:3006}}
Apr 25 14:47:27.413839 np0000170191 nova-scheduler[110276]: DEBUG cotyledon.oslo_config_glue [-] oslo_limit.timeout = None {{(pid=110276) log_opt_values /opt/stack/data/venv/lib/python3.12/site-packages/oslo_config/cfg.py:3006}}
Apr 25 14:47:27.413839 np0000170191 nova-scheduler[110276]: DEBUG cotyledon.oslo_config_glue [-] oslo_limit.valid_interfaces = None {{(pid=110276) log_opt_values /opt/stack/data/venv/lib/python3.12/site-packages/oslo_config/cfg.py:3006}}
Apr 25 14:47:27.413839 np0000170191 nova-scheduler[110276]: DEBUG cotyledon.oslo_config_glue [-] oslo_limit.version = None {{(pid=110276) log_opt_values /opt/stack/data/venv/lib/python3.12/site-packages/oslo_config/cfg.py:3006}}
Apr 25 14:47:27.413839 np0000170191 nova-scheduler[110276]: DEBUG cotyledon.oslo_config_glue [-] oslo_reports.file_event_handler = None {{(pid=110276) log_opt_values /opt/stack/data/venv/lib/python3.12/site-packages/oslo_config/cfg.py:3006}}
Apr 25 14:47:27.413839 np0000170191 nova-scheduler[110276]: DEBUG cotyledon.oslo_config_glue [-] oslo_reports.file_event_handler_interval = 1 {{(pid=110276) log_opt_values /opt/stack/data/venv/lib/python3.12/site-packages/oslo_config/cfg.py:3006}}
Apr 25 14:47:27.413839 np0000170191 nova-scheduler[110276]: DEBUG cotyledon.oslo_config_glue [-] oslo_reports.log_dir = None {{(pid=110276) log_opt_values /opt/stack/data/venv/lib/python3.12/site-packages/oslo_config/cfg.py:3006}}
Apr 25 14:47:27.414073 np0000170191 nova-scheduler[110276]: DEBUG cotyledon.oslo_config_glue [-] ******************************************************************************** {{(pid=110276) log_opt_values /opt/stack/data/venv/lib/python3.12/site-packages/oslo_config/cfg.py:3013}}
Apr 25 14:47:27.414073 np0000170191 nova-scheduler[110276]: DEBUG cotyledon._service_worker [-] Run service ServiceWrapper(3) [110276] {{(pid=110276) wait_forever /opt/stack/data/venv/lib/python3.12/site-packages/cotyledon/_service_worker.py:218}}
Apr 25 14:47:27.414073 np0000170191 nova-scheduler[110276]: INFO nova.service [-] Starting scheduler node (version 33.1.0)
Apr 25 14:47:27.414149 np0000170191 nova-scheduler[110266]: DEBUG oslo_db.sqlalchemy.engines [None req-15cfe012-d7df-44bf-9ede-67dba520654b None None] MySQL server mode set to STRICT_TRANS_TABLES,STRICT_ALL_TABLES,NO_ZERO_IN_DATE,NO_ZERO_DATE,ERROR_FOR_DIVISION_BY_ZERO,TRADITIONAL,NO_ENGINE_SUBSTITUTION {{(pid=110266) _check_effective_sql_mode /opt/stack/data/venv/lib/python3.12/site-packages/oslo_db/sqlalchemy/engines.py:325}}
Apr 25 14:47:27.414178 np0000170191 nova-scheduler[110257]: DEBUG dbcounter [-] [110257] Writer thread running {{(pid=110257) stat_writer /opt/stack/data/venv/lib/python3.12/site-packages/dbcounter.py:102}}
Apr 25 14:47:27.414210 np0000170191 nova-scheduler[110276]: INFO dbcounter [None req-f9261c10-f226-411d-ab64-74281352b280 None None] Registered counter for database nova_cell0
Apr 25 14:47:27.414555 np0000170191 nova-scheduler[110250]: DEBUG nova.service [None req-0767b532-4e63-4318-9aee-1c2d1b483cfe None None] Join ServiceGroup membership for this service scheduler {{(pid=110250) start /opt/stack/nova/nova/service.py:221}}
Apr 25 14:47:27.414873 np0000170191 nova-scheduler[110257]: DEBUG nova.service [None req-bd955a09-333b-4461-9615-3bc759cf1111 None None] Creating RPC server for service: nova-scheduler on topic: scheduler {{(pid=110257) start /opt/stack/nova/nova/service.py:195}}
Apr 25 14:47:27.414906 np0000170191 nova-scheduler[110250]: DEBUG nova.servicegroup.drivers.db [None req-0767b532-4e63-4318-9aee-1c2d1b483cfe None None] DB_Driver: join new ServiceGroup member np0000170191 to the scheduler group, service = {{(pid=110250) join /opt/stack/nova/nova/servicegroup/drivers/db.py:44}}
Apr 25 14:47:27.415952 np0000170191 nova-scheduler[110266]: DEBUG dbcounter [-] [110266] Writer thread running {{(pid=110266) stat_writer /opt/stack/data/venv/lib/python3.12/site-packages/dbcounter.py:102}}
Apr 25 14:47:27.420573 np0000170191 nova-scheduler[110266]: DEBUG nova.service [None req-15cfe012-d7df-44bf-9ede-67dba520654b None None] Creating RPC server for service: nova-scheduler on topic: scheduler {{(pid=110266) start /opt/stack/nova/nova/service.py:195}}
Apr 25 14:47:27.421059 np0000170191 nova-scheduler[110276]: DEBUG oslo_db.sqlalchemy.engines [None req-f9261c10-f226-411d-ab64-74281352b280 None None] MySQL server mode set to STRICT_TRANS_TABLES,STRICT_ALL_TABLES,NO_ZERO_IN_DATE,NO_ZERO_DATE,ERROR_FOR_DIVISION_BY_ZERO,TRADITIONAL,NO_ENGINE_SUBSTITUTION {{(pid=110276) _check_effective_sql_mode /opt/stack/data/venv/lib/python3.12/site-packages/oslo_db/sqlalchemy/engines.py:325}}
Apr 25 14:47:27.432565 np0000170191 nova-scheduler[110276]: DEBUG dbcounter [-] [110276] Writer thread running {{(pid=110276) stat_writer /opt/stack/data/venv/lib/python3.12/site-packages/dbcounter.py:102}}
Apr 25 14:47:27.435239 np0000170191 nova-scheduler[110257]: DEBUG nova.service [None req-bd955a09-333b-4461-9615-3bc759cf1111 None None] Join ServiceGroup membership for this service scheduler {{(pid=110257) start /opt/stack/nova/nova/service.py:221}}
Apr 25 14:47:27.435900 np0000170191 nova-scheduler[110276]: DEBUG nova.service [None req-f9261c10-f226-411d-ab64-74281352b280 None None] Creating RPC server for service: nova-scheduler on topic: scheduler {{(pid=110276) start /opt/stack/nova/nova/service.py:195}}
Apr 25 14:47:27.436164 np0000170191 nova-scheduler[110257]: DEBUG nova.servicegroup.drivers.db [None req-bd955a09-333b-4461-9615-3bc759cf1111 None None] DB_Driver: join new ServiceGroup member np0000170191 to the scheduler group, service = {{(pid=110257) join /opt/stack/nova/nova/servicegroup/drivers/db.py:44}}
Apr 25 14:47:27.439508 np0000170191 nova-scheduler[110266]: DEBUG nova.service [None req-15cfe012-d7df-44bf-9ede-67dba520654b None None] Join ServiceGroup membership for this service scheduler {{(pid=110266) start /opt/stack/nova/nova/service.py:221}}
Apr 25 14:47:27.439777 np0000170191 nova-scheduler[110266]: DEBUG nova.servicegroup.drivers.db [None req-15cfe012-d7df-44bf-9ede-67dba520654b None None] DB_Driver: join new ServiceGroup member np0000170191 to the scheduler group, service = {{(pid=110266) join /opt/stack/nova/nova/servicegroup/drivers/db.py:44}}
Apr 25 14:47:27.456499 np0000170191 nova-scheduler[110276]: DEBUG nova.service [None req-f9261c10-f226-411d-ab64-74281352b280 None None] Join ServiceGroup membership for this service scheduler {{(pid=110276) start /opt/stack/nova/nova/service.py:221}}
Apr 25 14:47:27.456724 np0000170191 nova-scheduler[110276]: DEBUG nova.servicegroup.drivers.db [None req-f9261c10-f226-411d-ab64-74281352b280 None None] DB_Driver: join new ServiceGroup member np0000170191 to the scheduler group, service = {{(pid=110276) join /opt/stack/nova/nova/servicegroup/drivers/db.py:44}}
Apr 25 14:47:32.446560 np0000170191 nova-scheduler[110250]: DEBUG oslo.service.backend._threading.loopingcall [-] Fixed interval looping call 'nova.servicegroup.drivers.db.DbDriver._report_state' sleeping for 119.98 seconds {{(pid=110250) _run_loop /opt/stack/data/venv/lib/python3.12/site-packages/oslo_service/backend/_threading/loopingcall.py:125}}
Apr 25 14:47:32.452618 np0000170191 nova-scheduler[110257]: DEBUG oslo.service.backend._threading.loopingcall [-] Fixed interval looping call 'nova.servicegroup.drivers.db.DbDriver._report_state' sleeping for 119.99 seconds {{(pid=110257) _run_loop /opt/stack/data/venv/lib/python3.12/site-packages/oslo_service/backend/_threading/loopingcall.py:125}}
Apr 25 14:47:32.461785 np0000170191 nova-scheduler[110266]: DEBUG oslo.service.backend._threading.loopingcall [-] Fixed interval looping call 'nova.servicegroup.drivers.db.DbDriver._report_state' sleeping for 119.98 seconds {{(pid=110266) _run_loop /opt/stack/data/venv/lib/python3.12/site-packages/oslo_service/backend/_threading/loopingcall.py:125}}
Apr 25 14:47:32.480086 np0000170191 nova-scheduler[110276]: DEBUG oslo.service.backend._threading.loopingcall [-] Fixed interval looping call 'nova.servicegroup.drivers.db.DbDriver._report_state' sleeping for 119.98 seconds {{(pid=110276) _run_loop /opt/stack/data/venv/lib/python3.12/site-packages/oslo_service/backend/_threading/loopingcall.py:125}}
Apr 25 14:47:36.044088 np0000170191 nova-scheduler[109514]: DEBUG dbcounter [-] [109514] Writing DB stats nova_api:SELECT=3 {{(pid=109514) stat_writer /opt/stack/data/venv/lib/python3.12/site-packages/dbcounter.py:115}}
Apr 25 14:47:36.148030 np0000170191 nova-scheduler[109514]: DEBUG dbcounter [-] [109514] Writing DB stats nova_cell0:SELECT=1 {{(pid=109514) stat_writer /opt/stack/data/venv/lib/python3.12/site-packages/dbcounter.py:115}}
Apr 25 14:47:36.153175 np0000170191 nova-scheduler[109514]: DEBUG dbcounter [-] [109514] Writing DB stats nova_cell1:SELECT=1 {{(pid=109514) stat_writer /opt/stack/data/venv/lib/python3.12/site-packages/dbcounter.py:115}}
Apr 25 14:47:39.422451 np0000170191 nova-scheduler[110250]: DEBUG oslo.service.backend._threading.loopingcall [None req-2b78c6fe-3f76-4992-ae29-c42260f4cb3d None None] Dynamic interval looping call 'nova.service.Service.periodic_tasks' sleeping for 60.00 seconds {{(pid=110250) _run_loop /opt/stack/data/venv/lib/python3.12/site-packages/oslo_service/backend/_threading/loopingcall.py:125}}
Apr 25 14:47:42.435733 np0000170191 nova-scheduler[110250]: DEBUG dbcounter [-] [110250] Writing DB stats nova_cell0:SELECT=4,nova_cell0:INSERT=1,nova_cell0:UPDATE=1 {{(pid=110250) stat_writer /opt/stack/data/venv/lib/python3.12/site-packages/dbcounter.py:115}}
Apr 25 14:47:42.450288 np0000170191 nova-scheduler[110257]: DEBUG dbcounter [-] [110257] Writing DB stats nova_cell0:SELECT=3,nova_cell0:UPDATE=1 {{(pid=110257) stat_writer /opt/stack/data/venv/lib/python3.12/site-packages/dbcounter.py:115}}
Apr 25 14:47:42.456663 np0000170191 nova-scheduler[110266]: DEBUG dbcounter [-] [110266] Writing DB stats nova_cell0:SELECT=3 {{(pid=110266) stat_writer /opt/stack/data/venv/lib/python3.12/site-packages/dbcounter.py:115}}
Apr 25 14:47:42.473889 np0000170191 nova-scheduler[110276]: DEBUG dbcounter [-] [110276] Writing DB stats nova_cell0:SELECT=3 {{(pid=110276) stat_writer /opt/stack/data/venv/lib/python3.12/site-packages/dbcounter.py:115}}
Apr 25 14:47:44.445378 np0000170191 nova-scheduler[110266]: DEBUG oslo.service.backend._threading.loopingcall [None req-f8573bab-c4f2-491e-8be1-648cf1cae71d None None] Dynamic interval looping call 'nova.service.Service.periodic_tasks' sleeping for 60.00 seconds {{(pid=110266) _run_loop /opt/stack/data/venv/lib/python3.12/site-packages/oslo_service/backend/_threading/loopingcall.py:125}}
Apr 25 14:48:08.439156 np0000170191 nova-scheduler[110257]: DEBUG oslo.service.backend._threading.loopingcall [None req-b4e56aa5-b680-47b4-9ee1-d839680711d1 None None] Dynamic interval looping call 'nova.service.Service.periodic_tasks' sleeping for 60.00 seconds {{(pid=110257) _run_loop /opt/stack/data/venv/lib/python3.12/site-packages/oslo_service/backend/_threading/loopingcall.py:125}}
Apr 25 14:48:13.459897 np0000170191 nova-scheduler[110276]: DEBUG oslo.service.backend._threading.loopingcall [None req-5fa45885-93db-476a-b148-8623e5f104e9 None None] Dynamic interval looping call 'nova.service.Service.periodic_tasks' sleeping for 60.00 seconds {{(pid=110276) _run_loop /opt/stack/data/venv/lib/python3.12/site-packages/oslo_service/backend/_threading/loopingcall.py:125}}
Apr 25 14:48:39.423995 np0000170191 nova-scheduler[110250]: DEBUG oslo.service.backend._threading.loopingcall [None req-2b78c6fe-3f76-4992-ae29-c42260f4cb3d None None] Dynamic interval looping call 'nova.service.Service.periodic_tasks' sleeping for 60.00 seconds {{(pid=110250) _run_loop /opt/stack/data/venv/lib/python3.12/site-packages/oslo_service/backend/_threading/loopingcall.py:125}}
Apr 25 14:48:44.446367 np0000170191 nova-scheduler[110266]: DEBUG oslo.service.backend._threading.loopingcall [None req-f8573bab-c4f2-491e-8be1-648cf1cae71d None None] Dynamic interval looping call 'nova.service.Service.periodic_tasks' sleeping for 60.00 seconds {{(pid=110266) _run_loop /opt/stack/data/venv/lib/python3.12/site-packages/oslo_service/backend/_threading/loopingcall.py:125}}
Apr 25 14:49:08.439810 np0000170191 nova-scheduler[110257]: DEBUG oslo.service.backend._threading.loopingcall [None req-b4e56aa5-b680-47b4-9ee1-d839680711d1 None None] Dynamic interval looping call 'nova.service.Service.periodic_tasks' sleeping for 60.00 seconds {{(pid=110257) _run_loop /opt/stack/data/venv/lib/python3.12/site-packages/oslo_service/backend/_threading/loopingcall.py:125}}
Apr 25 14:49:13.460790 np0000170191 nova-scheduler[110276]: DEBUG oslo.service.backend._threading.loopingcall [None req-5fa45885-93db-476a-b148-8623e5f104e9 None None] Dynamic interval looping call 'nova.service.Service.periodic_tasks' sleeping for 60.00 seconds {{(pid=110276) _run_loop /opt/stack/data/venv/lib/python3.12/site-packages/oslo_service/backend/_threading/loopingcall.py:125}}
Apr 25 14:49:32.437717 np0000170191 nova-scheduler[110250]: DEBUG oslo.service.backend._threading.loopingcall [-] Fixed interval looping call 'nova.servicegroup.drivers.db.DbDriver._report_state' sleeping for 119.99 seconds {{(pid=110250) _run_loop /opt/stack/data/venv/lib/python3.12/site-packages/oslo_service/backend/_threading/loopingcall.py:125}}
Apr 25 14:49:32.447389 np0000170191 nova-scheduler[110266]: DEBUG oslo.service.backend._threading.loopingcall [-] Fixed interval looping call 'nova.servicegroup.drivers.db.DbDriver._report_state' sleeping for 119.99 seconds {{(pid=110266) _run_loop /opt/stack/data/venv/lib/python3.12/site-packages/oslo_service/backend/_threading/loopingcall.py:125}}
Apr 25 14:49:32.447736 np0000170191 nova-scheduler[110257]: DEBUG oslo.service.backend._threading.loopingcall [-] Fixed interval looping call 'nova.servicegroup.drivers.db.DbDriver._report_state' sleeping for 119.99 seconds {{(pid=110257) _run_loop /opt/stack/data/venv/lib/python3.12/site-packages/oslo_service/backend/_threading/loopingcall.py:125}}
Apr 25 14:49:32.466082 np0000170191 nova-scheduler[110276]: DEBUG oslo.service.backend._threading.loopingcall [-] Fixed interval looping call 'nova.servicegroup.drivers.db.DbDriver._report_state' sleeping for 119.99 seconds {{(pid=110276) _run_loop /opt/stack/data/venv/lib/python3.12/site-packages/oslo_service/backend/_threading/loopingcall.py:125}}
Apr 25 14:49:39.425042 np0000170191 nova-scheduler[110250]: DEBUG oslo.service.backend._threading.loopingcall [None req-2b78c6fe-3f76-4992-ae29-c42260f4cb3d None None] Dynamic interval looping call 'nova.service.Service.periodic_tasks' sleeping for 60.00 seconds {{(pid=110250) _run_loop /opt/stack/data/venv/lib/python3.12/site-packages/oslo_service/backend/_threading/loopingcall.py:125}}
Apr 25 14:49:42.432218 np0000170191 nova-scheduler[110250]: DEBUG dbcounter [-] [110250] Writing DB stats nova_cell0:SELECT=1,nova_cell0:UPDATE=1 {{(pid=110250) stat_writer /opt/stack/data/venv/lib/python3.12/site-packages/dbcounter.py:115}}
Apr 25 14:49:42.445054 np0000170191 nova-scheduler[110257]: DEBUG dbcounter [-] [110257] Writing DB stats nova_cell0:SELECT=1 {{(pid=110257) stat_writer /opt/stack/data/venv/lib/python3.12/site-packages/dbcounter.py:115}}
Apr 25 14:49:42.445459 np0000170191 nova-scheduler[110266]: DEBUG dbcounter [-] [110266] Writing DB stats nova_cell0:SELECT=1 {{(pid=110266) stat_writer /opt/stack/data/venv/lib/python3.12/site-packages/dbcounter.py:115}}
Apr 25 14:49:42.463383 np0000170191 nova-scheduler[110276]: DEBUG dbcounter [-] [110276] Writing DB stats nova_cell0:SELECT=1 {{(pid=110276) stat_writer /opt/stack/data/venv/lib/python3.12/site-packages/dbcounter.py:115}}
Apr 25 14:49:44.447252 np0000170191 nova-scheduler[110266]: DEBUG oslo.service.backend._threading.loopingcall [None req-f8573bab-c4f2-491e-8be1-648cf1cae71d None None] Dynamic interval looping call 'nova.service.Service.periodic_tasks' sleeping for 60.00 seconds {{(pid=110266) _run_loop /opt/stack/data/venv/lib/python3.12/site-packages/oslo_service/backend/_threading/loopingcall.py:125}}
Apr 25 14:50:08.440653 np0000170191 nova-scheduler[110257]: DEBUG oslo.service.backend._threading.loopingcall [None req-b4e56aa5-b680-47b4-9ee1-d839680711d1 None None] Dynamic interval looping call 'nova.service.Service.periodic_tasks' sleeping for 60.00 seconds {{(pid=110257) _run_loop /opt/stack/data/venv/lib/python3.12/site-packages/oslo_service/backend/_threading/loopingcall.py:125}}
Apr 25 14:50:13.461561 np0000170191 nova-scheduler[110276]: DEBUG oslo.service.backend._threading.loopingcall [None req-5fa45885-93db-476a-b148-8623e5f104e9 None None] Dynamic interval looping call 'nova.service.Service.periodic_tasks' sleeping for 60.00 seconds {{(pid=110276) _run_loop /opt/stack/data/venv/lib/python3.12/site-packages/oslo_service/backend/_threading/loopingcall.py:125}}
Apr 25 14:50:39.425717 np0000170191 nova-scheduler[110250]: DEBUG oslo.service.backend._threading.loopingcall [None req-2b78c6fe-3f76-4992-ae29-c42260f4cb3d None None] Dynamic interval looping call 'nova.service.Service.periodic_tasks' sleeping for 60.00 seconds {{(pid=110250) _run_loop /opt/stack/data/venv/lib/python3.12/site-packages/oslo_service/backend/_threading/loopingcall.py:125}}
Apr 25 14:50:44.447963 np0000170191 nova-scheduler[110266]: DEBUG oslo.service.backend._threading.loopingcall [None req-f8573bab-c4f2-491e-8be1-648cf1cae71d None None] Dynamic interval looping call 'nova.service.Service.periodic_tasks' sleeping for 60.00 seconds {{(pid=110266) _run_loop /opt/stack/data/venv/lib/python3.12/site-packages/oslo_service/backend/_threading/loopingcall.py:125}}
Apr 25 14:51:08.441408 np0000170191 nova-scheduler[110257]: DEBUG oslo.service.backend._threading.loopingcall [None req-b4e56aa5-b680-47b4-9ee1-d839680711d1 None None] Dynamic interval looping call 'nova.service.Service.periodic_tasks' sleeping for 60.00 seconds {{(pid=110257) _run_loop /opt/stack/data/venv/lib/python3.12/site-packages/oslo_service/backend/_threading/loopingcall.py:125}}
Apr 25 14:51:13.463246 np0000170191 nova-scheduler[110276]: DEBUG oslo.service.backend._threading.loopingcall [None req-5fa45885-93db-476a-b148-8623e5f104e9 None None] Dynamic interval looping call 'nova.service.Service.periodic_tasks' sleeping for 60.00 seconds {{(pid=110276) _run_loop /opt/stack/data/venv/lib/python3.12/site-packages/oslo_service/backend/_threading/loopingcall.py:125}}
Apr 25 14:51:32.439343 np0000170191 nova-scheduler[110250]: DEBUG oslo.service.backend._threading.loopingcall [-] Fixed interval looping call 'nova.servicegroup.drivers.db.DbDriver._report_state' sleeping for 119.99 seconds {{(pid=110250) _run_loop /opt/stack/data/venv/lib/python3.12/site-packages/oslo_service/backend/_threading/loopingcall.py:125}}
Apr 25 14:51:32.442498 np0000170191 nova-scheduler[110266]: DEBUG oslo.service.backend._threading.loopingcall [-] Fixed interval looping call 'nova.servicegroup.drivers.db.DbDriver._report_state' sleeping for 120.00 seconds {{(pid=110266) _run_loop /opt/stack/data/venv/lib/python3.12/site-packages/oslo_service/backend/_threading/loopingcall.py:125}}
Apr 25 14:51:32.443794 np0000170191 nova-scheduler[110257]: DEBUG oslo.service.backend._threading.loopingcall [-] Fixed interval looping call 'nova.servicegroup.drivers.db.DbDriver._report_state' sleeping for 119.99 seconds {{(pid=110257) _run_loop /opt/stack/data/venv/lib/python3.12/site-packages/oslo_service/backend/_threading/loopingcall.py:125}}
Apr 25 14:51:32.462845 np0000170191 nova-scheduler[110276]: DEBUG oslo.service.backend._threading.loopingcall [-] Fixed interval looping call 'nova.servicegroup.drivers.db.DbDriver._report_state' sleeping for 119.99 seconds {{(pid=110276) _run_loop /opt/stack/data/venv/lib/python3.12/site-packages/oslo_service/backend/_threading/loopingcall.py:125}}
Apr 25 14:51:39.426564 np0000170191 nova-scheduler[110250]: DEBUG oslo.service.backend._threading.loopingcall [None req-2b78c6fe-3f76-4992-ae29-c42260f4cb3d None None] Dynamic interval looping call 'nova.service.Service.periodic_tasks' sleeping for 60.00 seconds {{(pid=110250) _run_loop /opt/stack/data/venv/lib/python3.12/site-packages/oslo_service/backend/_threading/loopingcall.py:125}}
Apr 25 14:51:42.433002 np0000170191 nova-scheduler[110250]: DEBUG dbcounter [-] [110250] Writing DB stats nova_cell0:SELECT=1,nova_cell0:UPDATE=1 {{(pid=110250) stat_writer /opt/stack/data/venv/lib/python3.12/site-packages/dbcounter.py:115}}
Apr 25 14:51:42.440454 np0000170191 nova-scheduler[110266]: DEBUG dbcounter [-] [110266] Writing DB stats nova_cell0:SELECT=1 {{(pid=110266) stat_writer /opt/stack/data/venv/lib/python3.12/site-packages/dbcounter.py:115}}
Apr 25 14:51:42.441083 np0000170191 nova-scheduler[110257]: DEBUG dbcounter [-] [110257] Writing DB stats nova_cell0:SELECT=1 {{(pid=110257) stat_writer /opt/stack/data/venv/lib/python3.12/site-packages/dbcounter.py:115}}
Apr 25 14:51:42.460884 np0000170191 nova-scheduler[110276]: DEBUG dbcounter [-] [110276] Writing DB stats nova_cell0:SELECT=1 {{(pid=110276) stat_writer /opt/stack/data/venv/lib/python3.12/site-packages/dbcounter.py:115}}
