Apr 25 14:46:54.624303 np0000170191 devstack@neutron-api.service[105044]: DEBUG neutron_lib.callbacks.manager [None req-cd1e2c03-bfec-4366-b355-6f7020d816ab None None] Subscribe: port before_update 55550000, False {{(pid=105044) subscribe /opt/stack/data/venv/lib/python3.12/site-packages/neutron_lib/callbacks/manager.py:52}}
Apr 25 14:46:54.624368 np0000170191 devstack@neutron-api.service[105043]: DEBUG neutron.api.extensions [None req-d088fa15-6399-4a39-9eb1-7b09c9c7560b None None] Ext name="Neutron Network Segment Range" alias="network-segment-range" description="Provides support for the network segment range management" updated="2018-11-29T00:00:00-00:00" {{(pid=105043) _check_extension /opt/stack/neutron/neutron/api/extensions.py:415}}
Apr 25 14:46:54.624449 np0000170191 devstack@neutron-api.service[105044]: DEBUG neutron_lib.callbacks.manager [None req-cd1e2c03-bfec-4366-b355-6f7020d816ab None None] Subscribe: port before_delete 55550000, False {{(pid=105044) subscribe /opt/stack/data/venv/lib/python3.12/site-packages/neutron_lib/callbacks/manager.py:52}}
Apr 25 14:46:54.624449 np0000170191 devstack@neutron-api.service[105044]: DEBUG neutron_lib.callbacks.manager [None req-cd1e2c03-bfec-4366-b355-6f7020d816ab None None] Subscribe: > router precommit_create 55550000, False {{(pid=105044) subscribe /opt/stack/data/venv/lib/python3.12/site-packages/neutron_lib/callbacks/manager.py:52}}
Apr 25 14:46:54.624537 np0000170191 devstack@neutron-api.service[105045]: DEBUG neutron.api.extensions [None req-9bac98f3-63f2-4021-ab78-e2ab160b3a98 None None] Ext name="Neutron L3 External Gateway Multihoming" alias="external-gateway-multihoming" description="Allow multiple external gateway ports per router" updated="2023-01-18T00:00:00-00:00" {{(pid=105045) _check_extension /opt/stack/neutron/neutron/api/extensions.py:415}}
Apr 25 14:46:54.624620 np0000170191 devstack@neutron-api.service[105043]: INFO neutron.api.extensions [None req-d088fa15-6399-4a39-9eb1-7b09c9c7560b None None] Extension network-segment-range not supported by any of loaded plugins
Apr 25 14:46:54.624680 np0000170191 devstack@neutron-api.service[105044]: DEBUG neutron_lib.callbacks.manager [None req-cd1e2c03-bfec-4366-b355-6f7020d816ab None None] Subscribe: > router precommit_create 55550000, False {{(pid=105044) subscribe /opt/stack/data/venv/lib/python3.12/site-packages/neutron_lib/callbacks/manager.py:52}}
Apr 25 14:46:54.624771 np0000170191 devstack@neutron-api.service[105043]: DEBUG neutron.api.extensions [None req-d088fa15-6399-4a39-9eb1-7b09c9c7560b None None] Loading extension file: pagination.py {{(pid=105043) _load_all_extensions_from_path /opt/stack/neutron/neutron/api/extensions.py:449}}
Apr 25 14:46:54.624830 np0000170191 devstack@neutron-api.service[105045]: INFO neutron.api.extensions [None req-9bac98f3-63f2-4021-ab78-e2ab160b3a98 None None] Loaded extension: external-gateway-multihoming
Apr 25 14:46:54.624967 np0000170191 devstack@neutron-api.service[105044]: DEBUG neutron_lib.callbacks.manager [None req-cd1e2c03-bfec-4366-b355-6f7020d816ab None None] Subscribe: > router precommit_update 55550000, False {{(pid=105044) subscribe /opt/stack/data/venv/lib/python3.12/site-packages/neutron_lib/callbacks/manager.py:52}}
Apr 25 14:46:54.625039 np0000170191 devstack@neutron-api.service[105045]: DEBUG neutron.api.extensions [None req-9bac98f3-63f2-4021-ab78-e2ab160b3a98 None None] Loading extension file: l3_flavors.py {{(pid=105045) _load_all_extensions_from_path /opt/stack/neutron/neutron/api/extensions.py:449}}
Apr 25 14:46:54.625123 np0000170191 devstack@neutron-api.service[105044]: DEBUG neutron_lib.callbacks.manager [None req-cd1e2c03-bfec-4366-b355-6f7020d816ab None None] Subscribe: subnet after_update 55550000, False {{(pid=105044) subscribe /opt/stack/data/venv/lib/python3.12/site-packages/neutron_lib/callbacks/manager.py:52}}
Apr 25 14:46:54.625186 np0000170191 devstack@neutron-api.service[105043]: DEBUG neutron.api.extensions [None req-d088fa15-6399-4a39-9eb1-7b09c9c7560b None None] Ext name="Pagination support" alias="pagination" description="Extension that indicates that pagination is enabled." updated="2016-06-12T00:00:00-00:00" {{(pid=105043) _check_extension /opt/stack/neutron/neutron/api/extensions.py:415}}
Apr 25 14:46:54.625186 np0000170191 devstack@neutron-api.service[105043]: INFO neutron.api.extensions [None req-d088fa15-6399-4a39-9eb1-7b09c9c7560b None None] Loaded extension: pagination
Apr 25 14:46:54.625327 np0000170191 devstack@neutron-api.service[105045]: DEBUG neutron.api.extensions [None req-9bac98f3-63f2-4021-ab78-e2ab160b3a98 None None] Ext name="Router Flavor Extension" alias="l3-flavors" description="Flavor support for routers." updated="2016-05-17T00:00:00-00:00" {{(pid=105045) _check_extension /opt/stack/neutron/neutron/api/extensions.py:415}}
Apr 25 14:46:54.625423 np0000170191 devstack@neutron-api.service[105043]: DEBUG neutron.api.extensions [None req-d088fa15-6399-4a39-9eb1-7b09c9c7560b None None] Loading extension file: port_device_profile.py {{(pid=105043) _load_all_extensions_from_path /opt/stack/neutron/neutron/api/extensions.py:449}}
Apr 25 14:46:54.625514 np0000170191 devstack@neutron-api.service[105045]: INFO neutron.api.extensions [None req-9bac98f3-63f2-4021-ab78-e2ab160b3a98 None None] Loaded extension: l3-flavors
Apr 25 14:46:54.625581 np0000170191 devstack@neutron-api.service[105043]: DEBUG neutron.api.extensions [None req-d088fa15-6399-4a39-9eb1-7b09c9c7560b None None] Ext name="Port device profile" alias="port-device-profile" description="Expose the port device profile (Cyborg)" updated="2020-12-17T10:00:00-00:00" {{(pid=105043) _check_extension /opt/stack/neutron/neutron/api/extensions.py:415}}
Apr 25 14:46:54.625666 np0000170191 devstack@neutron-api.service[105045]: DEBUG neutron.api.extensions [None req-9bac98f3-63f2-4021-ab78-e2ab160b3a98 None None] Loading extension file: l3_ndp_proxy.py {{(pid=105045) _load_all_extensions_from_path /opt/stack/neutron/neutron/api/extensions.py:449}}
Apr 25 14:46:54.625726 np0000170191 devstack@neutron-api.service[105043]: INFO neutron.api.extensions [None req-d088fa15-6399-4a39-9eb1-7b09c9c7560b None None] Loaded extension: port-device-profile
Apr 25 14:46:54.625783 np0000170191 devstack@neutron-api.service[105044]: DEBUG neutron.quota.resource_registry [None req-cd1e2c03-bfec-4366-b355-6f7020d816ab None None] Tracking information for resource: router configured {{(pid=105044) set_tracked_resource /opt/stack/neutron/neutron/quota/resource_registry.py:203}}
Apr 25 14:46:54.625853 np0000170191 devstack@neutron-api.service[105043]: DEBUG neutron.api.extensions [None req-d088fa15-6399-4a39-9eb1-7b09c9c7560b None None] Loading extension file: port_hardware_offload_type.py {{(pid=105043) _load_all_extensions_from_path /opt/stack/neutron/neutron/api/extensions.py:449}}
Apr 25 14:46:54.625963 np0000170191 devstack@neutron-api.service[105045]: DEBUG neutron.api.extensions [None req-9bac98f3-63f2-4021-ab78-e2ab160b3a98 None None] Ext name="name" alias="l3-ndp-proxy" description="description" updated="2021-06-29T10:00:00-00:00" {{(pid=105045) _check_extension /opt/stack/neutron/neutron/api/extensions.py:415}}
Apr 25 14:46:54.626049 np0000170191 devstack@neutron-api.service[105044]: DEBUG neutron.quota.resource_registry [None req-cd1e2c03-bfec-4366-b355-6f7020d816ab None None] Tracking information for resource: floatingip configured {{(pid=105044) set_tracked_resource /opt/stack/neutron/neutron/quota/resource_registry.py:203}}
Apr 25 14:46:54.626049 np0000170191 devstack@neutron-api.service[105044]: INFO neutron.services.ovn_l3.plugin [None req-cd1e2c03-bfec-4366-b355-6f7020d816ab None None] Starting OVNL3RouterPlugin
Apr 25 14:46:54.626192 np0000170191 devstack@neutron-api.service[105045]: INFO neutron.api.extensions [None req-9bac98f3-63f2-4021-ab78-e2ab160b3a98 None None] Extension l3-ndp-proxy not supported by any of loaded plugins
Apr 25 14:46:54.626254 np0000170191 devstack@neutron-api.service[105043]: DEBUG neutron.api.extensions [None req-d088fa15-6399-4a39-9eb1-7b09c9c7560b None None] Ext name="Port hardware offload" alias="port-hardware-offload-type" description="Expose port hardware offload extension" updated="2023-05-09T10:00:00-00:00" {{(pid=105043) _check_extension /opt/stack/neutron/neutron/api/extensions.py:415}}
Apr 25 14:46:54.626420 np0000170191 devstack@neutron-api.service[105045]: DEBUG neutron.api.extensions [None req-9bac98f3-63f2-4021-ab78-e2ab160b3a98 None None] Loading extension file: l3_port_ip_change_not_allowed.py {{(pid=105045) _load_all_extensions_from_path /opt/stack/neutron/neutron/api/extensions.py:449}}
Apr 25 14:46:54.626584 np0000170191 devstack@neutron-api.service[105043]: INFO neutron.api.extensions [None req-d088fa15-6399-4a39-9eb1-7b09c9c7560b None None] Extension port-hardware-offload-type not supported by any of loaded plugins
Apr 25 14:46:54.626919 np0000170191 devstack@neutron-api.service[105044]: DEBUG neutron_lib.callbacks.manager [None req-cd1e2c03-bfec-4366-b355-6f7020d816ab None None] Subscribe: > port_forwarding_plugin after_init 55550000, False {{(pid=105044) subscribe /opt/stack/data/venv/lib/python3.12/site-packages/neutron_lib/callbacks/manager.py:52}}
Apr 25 14:46:54.627276 np0000170191 devstack@neutron-api.service[105043]: DEBUG neutron.api.extensions [None req-d088fa15-6399-4a39-9eb1-7b09c9c7560b None None] Loading extension file: port_hint_ovs_tx_steering.py {{(pid=105043) _load_all_extensions_from_path /opt/stack/neutron/neutron/api/extensions.py:449}}
Apr 25 14:46:54.627405 np0000170191 devstack@neutron-api.service[105045]: DEBUG neutron.api.extensions [None req-9bac98f3-63f2-4021-ab78-e2ab160b3a98 None None] Ext name="Prevent L3 router ports IP address change extension" alias="l3-port-ip-change-not-allowed" description="Prevent change of IP address for some L3 router ports" updated="2018-10-09T10:00:00-00:00" {{(pid=105045) _check_extension /opt/stack/neutron/neutron/api/extensions.py:415}}
Apr 25 14:46:54.628372 np0000170191 devstack@neutron-api.service[105044]: DEBUG neutron_lib.callbacks.manager [None req-cd1e2c03-bfec-4366-b355-6f7020d816ab None None] Subscribe: > router before_create 55550100, False {{(pid=105044) subscribe /opt/stack/data/venv/lib/python3.12/site-packages/neutron_lib/callbacks/manager.py:52}}
Apr 25 14:46:54.628595 np0000170191 devstack@neutron-api.service[105045]: INFO neutron.api.extensions [None req-9bac98f3-63f2-4021-ab78-e2ab160b3a98 None None] Extension l3-port-ip-change-not-allowed not supported by any of loaded plugins
Apr 25 14:46:54.628704 np0000170191 devstack@neutron-api.service[105044]: DEBUG neutron_lib.callbacks.manager [None req-cd1e2c03-bfec-4366-b355-6f7020d816ab None None] Subscribe: > router precommit_delete 55550100, False {{(pid=105044) subscribe /opt/stack/data/venv/lib/python3.12/site-packages/neutron_lib/callbacks/manager.py:52}}
Apr 25 14:46:54.628799 np0000170191 devstack@neutron-api.service[105043]: DEBUG neutron.api.extensions [None req-d088fa15-6399-4a39-9eb1-7b09c9c7560b None None] Ext name="Port hint: Open vSwitch Tx steering" alias="port-hint-ovs-tx-steering" description="Enable Port hint: Open vSwitch Tx steering" updated="2023-01-01T00:00:00-00:00" {{(pid=105043) _check_extension /opt/stack/neutron/neutron/api/extensions.py:415}}
Apr 25 14:46:54.628922 np0000170191 devstack@neutron-api.service[105045]: DEBUG neutron.api.extensions [None req-9bac98f3-63f2-4021-ab78-e2ab160b3a98 None None] Loading extension file: l3agentscheduler.py {{(pid=105045) _load_all_extensions_from_path /opt/stack/neutron/neutron/api/extensions.py:449}}
Apr 25 14:46:54.628985 np0000170191 devstack@neutron-api.service[105044]: DEBUG neutron_lib.callbacks.manager [None req-cd1e2c03-bfec-4366-b355-6f7020d816ab None None] Subscribe: > router precommit_create 55550100, False {{(pid=105044) subscribe /opt/stack/data/venv/lib/python3.12/site-packages/neutron_lib/callbacks/manager.py:52}}
Apr 25 14:46:54.629053 np0000170191 devstack@neutron-api.service[105043]: INFO neutron.api.extensions [None req-d088fa15-6399-4a39-9eb1-7b09c9c7560b None None] Extension port-hint-ovs-tx-steering not supported by any of loaded plugins
Apr 25 14:46:54.630111 np0000170191 devstack@neutron-api.service[105044]: DEBUG neutron_lib.callbacks.manager [None req-cd1e2c03-bfec-4366-b355-6f7020d816ab None None] Subscribe: > router precommit_update 55550100, False {{(pid=105044) subscribe /opt/stack/data/venv/lib/python3.12/site-packages/neutron_lib/callbacks/manager.py:52}}
Apr 25 14:46:54.630419 np0000170191 devstack@neutron-api.service[105043]: DEBUG neutron.api.extensions [None req-d088fa15-6399-4a39-9eb1-7b09c9c7560b None None] Loading extension file: port_hints.py {{(pid=105043) _load_all_extensions_from_path /opt/stack/neutron/neutron/api/extensions.py:449}}
Apr 25 14:46:54.630419 np0000170191 devstack@neutron-api.service[105043]: DEBUG neutron.api.extensions [None req-d088fa15-6399-4a39-9eb1-7b09c9c7560b None None] Ext name="Port hints" alias="port-hints" description="Backend specific port hints to allow backend specific tuning" updated="2023-01-01T00:00:00-00:00" {{(pid=105043) _check_extension /opt/stack/neutron/neutron/api/extensions.py:415}}
Apr 25 14:46:54.630740 np0000170191 devstack@neutron-api.service[105045]: DEBUG neutron.api.extensions [None req-9bac98f3-63f2-4021-ab78-e2ab160b3a98 None None] Ext name="L3 Agent Scheduler" alias="l3_agent_scheduler" description="Schedule routers among l3 agents" updated="2013-02-07T10:00:00-00:00" {{(pid=105045) _check_extension /opt/stack/neutron/neutron/api/extensions.py:415}}
Apr 25 14:46:54.631014 np0000170191 devstack@neutron-api.service[105043]: INFO neutron.api.extensions [None req-d088fa15-6399-4a39-9eb1-7b09c9c7560b None None] Extension port-hints not supported by any of loaded plugins
Apr 25 14:46:54.631014 np0000170191 devstack@neutron-api.service[105043]: DEBUG neutron.api.extensions [None req-d088fa15-6399-4a39-9eb1-7b09c9c7560b None None] Loading extension file: port_mac_address_override.py {{(pid=105043) _load_all_extensions_from_path /opt/stack/neutron/neutron/api/extensions.py:449}}
Apr 25 14:46:54.631210 np0000170191 devstack@neutron-api.service[105045]: INFO neutron.api.extensions [None req-9bac98f3-63f2-4021-ab78-e2ab160b3a98 None None] Extension l3_agent_scheduler not supported by any of loaded plugins
Apr 25 14:46:54.631210 np0000170191 devstack@neutron-api.service[105045]: DEBUG neutron.api.extensions [None req-9bac98f3-63f2-4021-ab78-e2ab160b3a98 None None] Loading extension file: local_ip.py {{(pid=105045) _load_all_extensions_from_path /opt/stack/neutron/neutron/api/extensions.py:449}}
Apr 25 14:46:54.631368 np0000170191 devstack@neutron-api.service[105043]: DEBUG neutron.api.extensions [None req-d088fa15-6399-4a39-9eb1-7b09c9c7560b None None] Ext name="Neutron Port MAC address override" alias="port-mac-override" description="Allow overriding the MAC address of a direct-physical Port via the active binding profile" updated="2022-03-18T10:00:00-00:00" {{(pid=105043) _check_extension /opt/stack/neutron/neutron/api/extensions.py:415}}
Apr 25 14:46:54.631368 np0000170191 devstack@neutron-api.service[105043]: INFO neutron.api.extensions [None req-d088fa15-6399-4a39-9eb1-7b09c9c7560b None None] Extension port-mac-override not supported by any of loaded plugins
Apr 25 14:46:54.631368 np0000170191 devstack@neutron-api.service[105043]: DEBUG neutron.api.extensions [None req-d088fa15-6399-4a39-9eb1-7b09c9c7560b None None] Loading extension file: port_mac_address_regenerate.py {{(pid=105043) _load_all_extensions_from_path /opt/stack/neutron/neutron/api/extensions.py:449}}
Apr 25 14:46:54.631568 np0000170191 devstack@neutron-api.service[105045]: DEBUG neutron.api.extensions [None req-9bac98f3-63f2-4021-ab78-e2ab160b3a98 None None] Ext name="Local IP" alias="local_ip" description="Support Node Local Virtual IP" updated="2021-07-26T10:00:00-00:00" {{(pid=105045) _check_extension /opt/stack/neutron/neutron/api/extensions.py:415}}
Apr 25 14:46:54.631568 np0000170191 devstack@neutron-api.service[105045]: INFO neutron.api.extensions [None req-9bac98f3-63f2-4021-ab78-e2ab160b3a98 None None] Extension local_ip not supported by any of loaded plugins
Apr 25 14:46:54.631688 np0000170191 devstack@neutron-api.service[105043]: DEBUG neutron.api.extensions [None req-d088fa15-6399-4a39-9eb1-7b09c9c7560b None None] Ext name="Neutron Port MAC address regenerate" alias="port-mac-address-regenerate" description="Network port MAC address regenerate" updated="2018-05-03T10:00:00-00:00" {{(pid=105043) _check_extension /opt/stack/neutron/neutron/api/extensions.py:415}}
Apr 25 14:46:54.631806 np0000170191 devstack@neutron-api.service[105045]: DEBUG neutron.api.extensions [None req-9bac98f3-63f2-4021-ab78-e2ab160b3a98 None None] Loading extension file: logging.py {{(pid=105045) _load_all_extensions_from_path /opt/stack/neutron/neutron/api/extensions.py:449}}
Apr 25 14:46:54.631914 np0000170191 devstack@neutron-api.service[105043]: INFO neutron.api.extensions [None req-d088fa15-6399-4a39-9eb1-7b09c9c7560b None None] Loaded extension: port-mac-address-regenerate
Apr 25 14:46:54.631914 np0000170191 devstack@neutron-api.service[105043]: DEBUG neutron.api.extensions [None req-d088fa15-6399-4a39-9eb1-7b09c9c7560b None None] Loading extension file: port_numa_affinity_policy.py {{(pid=105043) _load_all_extensions_from_path /opt/stack/neutron/neutron/api/extensions.py:449}}
Apr 25 14:46:54.632038 np0000170191 devstack@neutron-api.service[105045]: DEBUG neutron.api.extensions [None req-9bac98f3-63f2-4021-ab78-e2ab160b3a98 None None] Ext name="Logging API Extension" alias="logging" description="Provides a logging API for resources such as security group and firewall." updated="2017-01-01T10:00:00-00:00" {{(pid=105045) _check_extension /opt/stack/neutron/neutron/api/extensions.py:415}}
Apr 25 14:46:54.632130 np0000170191 devstack@neutron-api.service[105043]: DEBUG neutron.api.extensions [None req-d088fa15-6399-4a39-9eb1-7b09c9c7560b None None] Ext name="Port NUMA affinity policy" alias="port-numa-affinity-policy" description="Expose the port NUMA affinity policy" updated="2020-07-08T10:00:00-00:00" {{(pid=105043) _check_extension /opt/stack/neutron/neutron/api/extensions.py:415}}
Apr 25 14:46:54.632314 np0000170191 devstack@neutron-api.service[105045]: INFO neutron.api.extensions [None req-9bac98f3-63f2-4021-ab78-e2ab160b3a98 None None] Extension logging not supported by any of loaded plugins
Apr 25 14:46:54.632314 np0000170191 devstack@neutron-api.service[105045]: DEBUG neutron.api.extensions [None req-9bac98f3-63f2-4021-ab78-e2ab160b3a98 None None] Loading extension file: metering.py {{(pid=105045) _load_all_extensions_from_path /opt/stack/neutron/neutron/api/extensions.py:449}}
Apr 25 14:46:54.632512 np0000170191 devstack@neutron-api.service[105043]: INFO neutron.api.extensions [None req-d088fa15-6399-4a39-9eb1-7b09c9c7560b None None] Loaded extension: port-numa-affinity-policy
Apr 25 14:46:54.632512 np0000170191 devstack@neutron-api.service[105043]: DEBUG neutron.api.extensions [None req-d088fa15-6399-4a39-9eb1-7b09c9c7560b None None] Loading extension file: port_numa_affinity_policy_socket.py {{(pid=105043) _load_all_extensions_from_path /opt/stack/neutron/neutron/api/extensions.py:449}}
Apr 25 14:46:54.632512 np0000170191 devstack@neutron-api.service[105043]: DEBUG neutron.api.extensions [None req-d088fa15-6399-4a39-9eb1-7b09c9c7560b None None] Ext name="Port NUMA affinity policy "socket"" alias="port-numa-affinity-policy-socket" description="Adds "socket" to the supported port NUMA affinity policies" updated="2024-02-09T10:00:00-00:00" {{(pid=105043) _check_extension /opt/stack/neutron/neutron/api/extensions.py:415}}
Apr 25 14:46:54.632512 np0000170191 devstack@neutron-api.service[105043]: INFO neutron.api.extensions [None req-d088fa15-6399-4a39-9eb1-7b09c9c7560b None None] Loaded extension: port-numa-affinity-policy-socket
Apr 25 14:46:54.632787 np0000170191 devstack@neutron-api.service[105045]: DEBUG neutron.api.extensions [None req-9bac98f3-63f2-4021-ab78-e2ab160b3a98 None None] Ext name="Neutron Metering" alias="metering" description="Neutron Metering extension." updated="2013-06-12T10:00:00-00:00" {{(pid=105045) _check_extension /opt/stack/neutron/neutron/api/extensions.py:415}}
Apr 25 14:46:54.632899 np0000170191 devstack@neutron-api.service[105043]: DEBUG neutron.api.extensions [None req-d088fa15-6399-4a39-9eb1-7b09c9c7560b None None] Loading extension file: port_resource_request.py {{(pid=105043) _load_all_extensions_from_path /opt/stack/neutron/neutron/api/extensions.py:449}}
Apr 25 14:46:54.632987 np0000170191 devstack@neutron-api.service[105045]: INFO neutron.api.extensions [None req-9bac98f3-63f2-4021-ab78-e2ab160b3a98 None None] Extension metering not supported by any of loaded plugins
Apr 25 14:46:54.632987 np0000170191 devstack@neutron-api.service[105045]: DEBUG neutron.api.extensions [None req-9bac98f3-63f2-4021-ab78-e2ab160b3a98 None None] Loading extension file: metering_source_and_destination_fields.py {{(pid=105045) _load_all_extensions_from_path /opt/stack/neutron/neutron/api/extensions.py:449}}
Apr 25 14:46:54.633047 np0000170191 devstack@neutron-api.service[105043]: DEBUG neutron.api.extensions [None req-d088fa15-6399-4a39-9eb1-7b09c9c7560b None None] Ext name="Port Resource Request" alias="port-resource-request" description="Expose resource request to Port" updated="2018-05-08T10:00:00-00:00" {{(pid=105043) _check_extension /opt/stack/neutron/neutron/api/extensions.py:415}}
Apr 25 14:46:54.633047 np0000170191 devstack@neutron-api.service[105043]: INFO neutron.api.extensions [None req-d088fa15-6399-4a39-9eb1-7b09c9c7560b None None] Extension port-resource-request not supported by any of loaded plugins
Apr 25 14:46:54.633158 np0000170191 devstack@neutron-api.service[105045]: DEBUG neutron.api.extensions [None req-9bac98f3-63f2-4021-ab78-e2ab160b3a98 None None] Ext name="Neutron Metering with source and destination filtering" alias="metering_source_and_destination_fields" description="Neutron Metering extension that enables the use of source and destination IP prefixes to create metering label rules." updated="2020-08-21T08:12:00-00:00" {{(pid=105045) _check_extension /opt/stack/neutron/neutron/api/extensions.py:415}}
Apr 25 14:46:54.633220 np0000170191 devstack@neutron-api.service[105043]: DEBUG neutron.api.extensions [None req-d088fa15-6399-4a39-9eb1-7b09c9c7560b None None] Loading extension file: port_resource_request_groups.py {{(pid=105043) _load_all_extensions_from_path /opt/stack/neutron/neutron/api/extensions.py:449}}
Apr 25 14:46:54.633259 np0000170191 devstack@neutron-api.service[105045]: INFO neutron.api.extensions [None req-9bac98f3-63f2-4021-ab78-e2ab160b3a98 None None] Extension metering_source_and_destination_fields not supported by any of loaded plugins
Apr 25 14:46:54.633259 np0000170191 devstack@neutron-api.service[105045]: DEBUG neutron.api.extensions [None req-9bac98f3-63f2-4021-ab78-e2ab160b3a98 None None] Loading extension file: multiprovidernet.py {{(pid=105045) _load_all_extensions_from_path /opt/stack/neutron/neutron/api/extensions.py:449}}
Apr 25 14:46:54.633375 np0000170191 devstack@neutron-api.service[105043]: DEBUG neutron.api.extensions [None req-d088fa15-6399-4a39-9eb1-7b09c9c7560b None None] Ext name="Port Resource Request Groups" alias="port-resource-request-groups" description="Support requesting multiple groups of resources and traits from the same RP subtree in resource_request" updated="2021-08-02T10:00:00-00:00" {{(pid=105043) _check_extension /opt/stack/neutron/neutron/api/extensions.py:415}}
Apr 25 14:46:54.633444 np0000170191 devstack@neutron-api.service[105044]: DEBUG neutron.services.provider_configuration [None req-cd1e2c03-bfec-4366-b355-6f7020d816ab None None] Service providers = [] {{(pid=105044) parse_service_provider_opt /opt/stack/neutron/neutron/services/provider_configuration.py:170}}
Apr 25 14:46:54.633444 np0000170191 devstack@neutron-api.service[105044]: DEBUG neutron.db.servicetype_db [None req-cd1e2c03-bfec-4366-b355-6f7020d816ab None None] Adding provider configuration for service L3_ROUTER_NAT {{(pid=105044) add_provider_configuration /opt/stack/neutron/neutron/db/servicetype_db.py:42}}
Apr 25 14:46:54.633566 np0000170191 devstack@neutron-api.service[105043]: INFO neutron.api.extensions [None req-d088fa15-6399-4a39-9eb1-7b09c9c7560b None None] Extension port-resource-request-groups not supported by any of loaded plugins
Apr 25 14:46:54.633627 np0000170191 devstack@neutron-api.service[105045]: DEBUG neutron.api.extensions [None req-9bac98f3-63f2-4021-ab78-e2ab160b3a98 None None] Ext name="Multi Provider Network" alias="multi-provider" description="Expose mapping of virtual networks to multiple physical networks" updated="2013-06-27T10:00:00-00:00" {{(pid=105045) _check_extension /opt/stack/neutron/neutron/api/extensions.py:415}}
Apr 25 14:46:54.633658 np0000170191 devstack@neutron-api.service[105043]: DEBUG neutron.api.extensions [None req-d088fa15-6399-4a39-9eb1-7b09c9c7560b None None] Loading extension file: port_trusted_vif.py {{(pid=105043) _load_all_extensions_from_path /opt/stack/neutron/neutron/api/extensions.py:449}}
Apr 25 14:46:54.633725 np0000170191 devstack@neutron-api.service[105045]: INFO neutron.api.extensions [None req-9bac98f3-63f2-4021-ab78-e2ab160b3a98 None None] Loaded extension: multi-provider
Apr 25 14:46:54.633725 np0000170191 devstack@neutron-api.service[105045]: DEBUG neutron.api.extensions [None req-9bac98f3-63f2-4021-ab78-e2ab160b3a98 None None] Loading extension file: netmtu.py {{(pid=105045) _load_all_extensions_from_path /opt/stack/neutron/neutron/api/extensions.py:449}}
Apr 25 14:46:54.633882 np0000170191 devstack@neutron-api.service[105043]: DEBUG neutron.api.extensions [None req-d088fa15-6399-4a39-9eb1-7b09c9c7560b None None] Ext name="Port trusted vif" alias="port-trusted-vif" description="Expose port 'trusted' attribute in the API" updated="2024-07-10T10:00:00-00:00" {{(pid=105043) _check_extension /opt/stack/neutron/neutron/api/extensions.py:415}}
Apr 25 14:46:54.633882 np0000170191 devstack@neutron-api.service[105043]: INFO neutron.api.extensions [None req-d088fa15-6399-4a39-9eb1-7b09c9c7560b None None] Extension port-trusted-vif not supported by any of loaded plugins
Apr 25 14:46:54.633996 np0000170191 devstack@neutron-api.service[105045]: DEBUG neutron.api.extensions [None req-9bac98f3-63f2-4021-ab78-e2ab160b3a98 None None] Ext name="Network MTU" alias="net-mtu" description="Provides MTU attribute for a network resource." updated="2015-03-25T10:00:00-00:00" {{(pid=105045) _check_extension /opt/stack/neutron/neutron/api/extensions.py:415}}
Apr 25 14:46:54.634035 np0000170191 devstack@neutron-api.service[105043]: DEBUG neutron.api.extensions [None req-d088fa15-6399-4a39-9eb1-7b09c9c7560b None None] Loading extension file: portbindings.py {{(pid=105043) _load_all_extensions_from_path /opt/stack/neutron/neutron/api/extensions.py:449}}
Apr 25 14:46:54.634130 np0000170191 devstack@neutron-api.service[105045]: INFO neutron.api.extensions [None req-9bac98f3-63f2-4021-ab78-e2ab160b3a98 None None] Loaded extension: net-mtu
Apr 25 14:46:54.634130 np0000170191 devstack@neutron-api.service[105045]: DEBUG neutron.api.extensions [None req-9bac98f3-63f2-4021-ab78-e2ab160b3a98 None None] Loading extension file: netmtu_writable.py {{(pid=105045) _load_all_extensions_from_path /opt/stack/neutron/neutron/api/extensions.py:449}}
Apr 25 14:46:54.634241 np0000170191 devstack@neutron-api.service[105043]: DEBUG neutron.api.extensions [None req-d088fa15-6399-4a39-9eb1-7b09c9c7560b None None] Ext name="Port Binding" alias="binding" description="Expose port bindings of a virtual port to external application" updated="2014-02-03T10:00:00-00:00" {{(pid=105043) _check_extension /opt/stack/neutron/neutron/api/extensions.py:415}}
Apr 25 14:46:54.634241 np0000170191 devstack@neutron-api.service[105043]: INFO neutron.api.extensions [None req-d088fa15-6399-4a39-9eb1-7b09c9c7560b None None] Loaded extension: binding
Apr 25 14:46:54.634386 np0000170191 devstack@neutron-api.service[105045]: DEBUG neutron.api.extensions [None req-9bac98f3-63f2-4021-ab78-e2ab160b3a98 None None] Ext name="Network MTU (writable)" alias="net-mtu-writable" description="Provides a writable MTU attribute for a network resource." updated="2017-07-12T00:00:00-00:00" {{(pid=105045) _check_extension /opt/stack/neutron/neutron/api/extensions.py:415}}
Apr 25 14:46:54.634499 np0000170191 devstack@neutron-api.service[105043]: DEBUG neutron.api.extensions [None req-d088fa15-6399-4a39-9eb1-7b09c9c7560b None None] Loading extension file: portbindings_extended.py {{(pid=105043) _load_all_extensions_from_path /opt/stack/neutron/neutron/api/extensions.py:449}}
Apr 25 14:46:54.634646 np0000170191 devstack@neutron-api.service[105045]: INFO neutron.api.extensions [None req-9bac98f3-63f2-4021-ab78-e2ab160b3a98 None None] Loaded extension: net-mtu-writable
Apr 25 14:46:54.634646 np0000170191 devstack@neutron-api.service[105045]: DEBUG neutron.api.extensions [None req-9bac98f3-63f2-4021-ab78-e2ab160b3a98 None None] Loading extension file: network_availability_zone.py {{(pid=105045) _load_all_extensions_from_path /opt/stack/neutron/neutron/api/extensions.py:449}}
Apr 25 14:46:54.634822 np0000170191 devstack@neutron-api.service[105043]: DEBUG neutron.api.extensions [None req-d088fa15-6399-4a39-9eb1-7b09c9c7560b None None] Ext name="Port Bindings Extended" alias="binding-extended" description="Expose port bindings of a virtual port to external application" updated="2017-07-17T10:00:00-00:00" {{(pid=105043) _check_extension /opt/stack/neutron/neutron/api/extensions.py:415}}
Apr 25 14:46:54.634965 np0000170191 devstack@neutron-api.service[105044]: DEBUG neutron_lib.callbacks.manager [None req-cd1e2c03-bfec-4366-b355-6f7020d816ab None None] Subscribe: > router precommit_create 55549900, False {{(pid=105044) subscribe /opt/stack/data/venv/lib/python3.12/site-packages/neutron_lib/callbacks/manager.py:52}}
Apr 25 14:46:54.634965 np0000170191 devstack@neutron-api.service[105044]: DEBUG neutron_lib.callbacks.manager [None req-cd1e2c03-bfec-4366-b355-6f7020d816ab None None] Subscribe: > router_interface after_create 55550000, False {{(pid=105044) subscribe /opt/stack/data/venv/lib/python3.12/site-packages/neutron_lib/callbacks/manager.py:52}}
Apr 25 14:46:54.635139 np0000170191 devstack@neutron-api.service[105043]: INFO neutron.api.extensions [None req-d088fa15-6399-4a39-9eb1-7b09c9c7560b None None] Loaded extension: binding-extended
Apr 25 14:46:54.635287 np0000170191 devstack@neutron-api.service[105045]: DEBUG neutron.api.extensions [None req-9bac98f3-63f2-4021-ab78-e2ab160b3a98 None None] Ext name="Network Availability Zone" alias="network_availability_zone" description="Availability zone support for network." updated="2015-01-01T10:00:00-00:00" {{(pid=105045) _check_extension /opt/stack/neutron/neutron/api/extensions.py:415}}
Apr 25 14:46:54.635355 np0000170191 devstack@neutron-api.service[105044]: DEBUG neutron_lib.callbacks.manager [None req-cd1e2c03-bfec-4366-b355-6f7020d816ab None None] Subscribe: > floatingip after_create 55550000, False {{(pid=105044) subscribe /opt/stack/data/venv/lib/python3.12/site-packages/neutron_lib/callbacks/manager.py:52}}
Apr 25 14:46:54.635589 np0000170191 devstack@neutron-api.service[105043]: DEBUG neutron.api.extensions [None req-d088fa15-6399-4a39-9eb1-7b09c9c7560b None None] Loading extension file: portsecurity.py {{(pid=105043) _load_all_extensions_from_path /opt/stack/neutron/neutron/api/extensions.py:449}}
Apr 25 14:46:54.635785 np0000170191 devstack@neutron-api.service[105044]: DEBUG neutron_lib.callbacks.manager [None req-cd1e2c03-bfec-4366-b355-6f7020d816ab None None] Subscribe: > floatingip precommit_create 55550000, False {{(pid=105044) subscribe /opt/stack/data/venv/lib/python3.12/site-packages/neutron_lib/callbacks/manager.py:52}}
Apr 25 14:46:54.635914 np0000170191 devstack@neutron-api.service[105045]: INFO neutron.api.extensions [None req-9bac98f3-63f2-4021-ab78-e2ab160b3a98 None None] Loaded extension: network_availability_zone
Apr 25 14:46:54.636033 np0000170191 devstack@neutron-api.service[105044]: DEBUG neutron_lib.callbacks.manager [None req-cd1e2c03-bfec-4366-b355-6f7020d816ab None None] Subscribe: > floatingip precommit_update 55550000, False {{(pid=105044) subscribe /opt/stack/data/venv/lib/python3.12/site-packages/neutron_lib/callbacks/manager.py:52}}
Apr 25 14:46:54.636154 np0000170191 devstack@neutron-api.service[105045]: DEBUG neutron.api.extensions [None req-9bac98f3-63f2-4021-ab78-e2ab160b3a98 None None] Loading extension file: network_ha.py {{(pid=105045) _load_all_extensions_from_path /opt/stack/neutron/neutron/api/extensions.py:449}}
Apr 25 14:46:54.636273 np0000170191 devstack@neutron-api.service[105043]: DEBUG neutron.api.extensions [None req-d088fa15-6399-4a39-9eb1-7b09c9c7560b None None] Ext name="Port Security" alias="port-security" description="Provides port security" updated="2012-07-23T10:00:00-00:00" {{(pid=105043) _check_extension /opt/stack/neutron/neutron/api/extensions.py:415}}
Apr 25 14:46:54.636426 np0000170191 devstack@neutron-api.service[105044]: DEBUG neutron_lib.callbacks.manager [None req-cd1e2c03-bfec-4366-b355-6f7020d816ab None None] Subscribe: > floatingip after_delete 55550000, False {{(pid=105044) subscribe /opt/stack/data/venv/lib/python3.12/site-packages/neutron_lib/callbacks/manager.py:52}}
Apr 25 14:46:54.636426 np0000170191 devstack@neutron-api.service[105044]: DEBUG neutron_lib.callbacks.manager [None req-cd1e2c03-bfec-4366-b355-6f7020d816ab None None] Subscribe: > floatingip after_status_update 55550000, False {{(pid=105044) subscribe /opt/stack/data/venv/lib/python3.12/site-packages/neutron_lib/callbacks/manager.py:52}}
Apr 25 14:46:54.636635 np0000170191 devstack@neutron-api.service[105043]: INFO neutron.api.extensions [None req-d088fa15-6399-4a39-9eb1-7b09c9c7560b None None] Loaded extension: port-security
Apr 25 14:46:54.636779 np0000170191 devstack@neutron-api.service[105045]: DEBUG neutron.api.extensions [None req-9bac98f3-63f2-4021-ab78-e2ab160b3a98 None None] Ext name="Network HA creation flag" alias="network_ha" description="Network high availability creation flag." updated="2023-04-27T10:00:00-00:00" {{(pid=105045) _check_extension /opt/stack/neutron/neutron/api/extensions.py:415}}
Apr 25 14:46:54.636943 np0000170191 devstack@neutron-api.service[105044]: DEBUG neutron_lib.callbacks.manager [None req-cd1e2c03-bfec-4366-b355-6f7020d816ab None None] Subscribe: > floatingip after_update 55550000, False {{(pid=105044) subscribe /opt/stack/data/venv/lib/python3.12/site-packages/neutron_lib/callbacks/manager.py:52}}
Apr 25 14:46:54.637092 np0000170191 devstack@neutron-api.service[105043]: DEBUG neutron.api.extensions [None req-d088fa15-6399-4a39-9eb1-7b09c9c7560b None None] Loading extension file: project_id.py {{(pid=105043) _load_all_extensions_from_path /opt/stack/neutron/neutron/api/extensions.py:449}}
Apr 25 14:46:54.637208 np0000170191 devstack@neutron-api.service[105044]: DEBUG neutron_lib.callbacks.manager [None req-cd1e2c03-bfec-4366-b355-6f7020d816ab None None] Subscribe: > port_forwarding after_create 55550000, False {{(pid=105044) subscribe /opt/stack/data/venv/lib/python3.12/site-packages/neutron_lib/callbacks/manager.py:52}}
Apr 25 14:46:54.637308 np0000170191 devstack@neutron-api.service[105045]: INFO neutron.api.extensions [None req-9bac98f3-63f2-4021-ab78-e2ab160b3a98 None None] Extension network_ha not supported by any of loaded plugins
Apr 25 14:46:54.637393 np0000170191 devstack@neutron-api.service[105044]: DEBUG neutron_lib.callbacks.manager [None req-cd1e2c03-bfec-4366-b355-6f7020d816ab None None] Subscribe: > router_interface after_delete 55550000, False {{(pid=105044) subscribe /opt/stack/data/venv/lib/python3.12/site-packages/neutron_lib/callbacks/manager.py:52}}
Apr 25 14:46:54.637487 np0000170191 devstack@neutron-api.service[105045]: DEBUG neutron.api.extensions [None req-9bac98f3-63f2-4021-ab78-e2ab160b3a98 None None] Loading extension file: network_ip_availability.py {{(pid=105045) _load_all_extensions_from_path /opt/stack/neutron/neutron/api/extensions.py:449}}
Apr 25 14:46:54.637605 np0000170191 devstack@neutron-api.service[105043]: DEBUG neutron.api.extensions [None req-d088fa15-6399-4a39-9eb1-7b09c9c7560b None None] Ext name="project_id field enabled" alias="project-id" description="Extension that indicates that project_id field is enabled." updated="2016-09-09T09:09:09-09:09" {{(pid=105043) _check_extension /opt/stack/neutron/neutron/api/extensions.py:415}}
Apr 25 14:46:54.637718 np0000170191 devstack@neutron-api.service[105044]: DEBUG neutron_lib.callbacks.manager [None req-cd1e2c03-bfec-4366-b355-6f7020d816ab None None] Subscribe: > router after_create 55550000, False {{(pid=105044) subscribe /opt/stack/data/venv/lib/python3.12/site-packages/neutron_lib/callbacks/manager.py:52}}
Apr 25 14:46:54.637840 np0000170191 devstack@neutron-api.service[105043]: INFO neutron.api.extensions [None req-d088fa15-6399-4a39-9eb1-7b09c9c7560b None None] Loaded extension: project-id
Apr 25 14:46:54.637840 np0000170191 devstack@neutron-api.service[105043]: DEBUG neutron.api.extensions [None req-d088fa15-6399-4a39-9eb1-7b09c9c7560b None None] Loading extension file: providernet.py {{(pid=105043) _load_all_extensions_from_path /opt/stack/neutron/neutron/api/extensions.py:449}}
Apr 25 14:46:54.637993 np0000170191 devstack@neutron-api.service[105044]: DEBUG neutron_lib.callbacks.manager [None req-cd1e2c03-bfec-4366-b355-6f7020d816ab None None] Subscribe: > router precommit_create 55550000, False {{(pid=105044) subscribe /opt/stack/data/venv/lib/python3.12/site-packages/neutron_lib/callbacks/manager.py:52}}
Apr 25 14:46:54.638116 np0000170191 devstack@neutron-api.service[105045]: DEBUG neutron.api.extensions [None req-9bac98f3-63f2-4021-ab78-e2ab160b3a98 None None] Ext name="Network IP Availability" alias="network-ip-availability" description="Provides IP availability data for each network and subnet." updated="2015-09-24T00:00:00-00:00" {{(pid=105045) _check_extension /opt/stack/neutron/neutron/api/extensions.py:415}}
Apr 25 14:46:54.638263 np0000170191 devstack@neutron-api.service[105044]: DEBUG neutron_lib.callbacks.manager [None req-cd1e2c03-bfec-4366-b355-6f7020d816ab None None] Subscribe: > router after_delete 55550000, False {{(pid=105044) subscribe /opt/stack/data/venv/lib/python3.12/site-packages/neutron_lib/callbacks/manager.py:52}}
Apr 25 14:46:54.638381 np0000170191 devstack@neutron-api.service[105045]: INFO neutron.api.extensions [None req-9bac98f3-63f2-4021-ab78-e2ab160b3a98 None None] Loaded extension: network-ip-availability
Apr 25 14:46:54.638504 np0000170191 devstack@neutron-api.service[105043]: DEBUG neutron.api.extensions [None req-d088fa15-6399-4a39-9eb1-7b09c9c7560b None None] Ext name="Provider Network" alias="provider" description="Expose mapping of virtual networks to physical networks" updated="2012-09-07T10:00:00-00:00" {{(pid=105043) _check_extension /opt/stack/neutron/neutron/api/extensions.py:415}}
Apr 25 14:46:54.638643 np0000170191 devstack@neutron-api.service[105044]: DEBUG neutron_lib.callbacks.manager [None req-cd1e2c03-bfec-4366-b355-6f7020d816ab None None] Subscribe: > router after_update 55550000, False {{(pid=105044) subscribe /opt/stack/data/venv/lib/python3.12/site-packages/neutron_lib/callbacks/manager.py:52}}
Apr 25 14:46:54.638762 np0000170191 devstack@neutron-api.service[105045]: DEBUG neutron.api.extensions [None req-9bac98f3-63f2-4021-ab78-e2ab160b3a98 None None] Loading extension file: network_ip_availability_details.py {{(pid=105045) _load_all_extensions_from_path /opt/stack/neutron/neutron/api/extensions.py:449}}
Apr 25 14:46:54.638891 np0000170191 devstack@neutron-api.service[105044]: DEBUG neutron.services.service_base [None req-cd1e2c03-bfec-4366-b355-6f7020d816ab None None] Loaded 'neutron.services.ovn_l3.service_providers.ovn.OvnDriver' provider for service L3_ROUTER_NAT {{(pid=105044) load_drivers /opt/stack/neutron/neutron/services/service_base.py:49}}
Apr 25 14:46:54.638981 np0000170191 devstack@neutron-api.service[105043]: INFO neutron.api.extensions [None req-d088fa15-6399-4a39-9eb1-7b09c9c7560b None None] Loaded extension: provider
Apr 25 14:46:54.639079 np0000170191 devstack@neutron-api.service[105044]: DEBUG neutron_lib.callbacks.manager [None req-cd1e2c03-bfec-4366-b355-6f7020d816ab None None] Subscribe: > process after_init 55550001, True {{(pid=105044) subscribe /opt/stack/data/venv/lib/python3.12/site-packages/neutron_lib/callbacks/manager.py:52}}
Apr 25 14:46:54.639166 np0000170191 devstack@neutron-api.service[105043]: DEBUG neutron.api.extensions [None req-d088fa15-6399-4a39-9eb1-7b09c9c7560b None None] Loading extension file: qinq.py {{(pid=105043) _load_all_extensions_from_path /opt/stack/neutron/neutron/api/extensions.py:449}}
Apr 25 14:46:54.639232 np0000170191 devstack@neutron-api.service[105045]: DEBUG neutron.api.extensions [None req-9bac98f3-63f2-4021-ab78-e2ab160b3a98 None None] Ext name="Network IP Availability Details Extension" alias="network-ip-availability-details" description="Add ip_availability_details attribute to network-ip-availabilities resource." updated="2025-10-31T00:00:00-00:00" {{(pid=105045) _check_extension /opt/stack/neutron/neutron/api/extensions.py:415}}
Apr 25 14:46:54.639325 np0000170191 devstack@neutron-api.service[105044]: DEBUG neutron.manager [None req-cd1e2c03-bfec-4366-b355-6f7020d816ab None None] Successfully loaded L3_ROUTER_NAT plugin. Description: L3 Router Service Plugin for basic L3 forwarding using OVN {{(pid=105044) _create_and_add_service_plugin /opt/stack/neutron/neutron/manager.py:239}}
Apr 25 14:46:54.639325 np0000170191 devstack@neutron-api.service[105044]: INFO neutron.manager [None req-cd1e2c03-bfec-4366-b355-6f7020d816ab None None] Loading Plugin: auto_allocate
Apr 25 14:46:54.639478 np0000170191 devstack@neutron-api.service[105045]: INFO neutron.api.extensions [None req-9bac98f3-63f2-4021-ab78-e2ab160b3a98 None None] Loaded extension: network-ip-availability-details
Apr 25 14:46:54.639572 np0000170191 devstack@neutron-api.service[105043]: DEBUG neutron.api.extensions [None req-d088fa15-6399-4a39-9eb1-7b09c9c7560b None None] Ext name="QinQ networks" alias="qinq" description="Expose network 'qinq' attribute in the API. This allows to configure network to allow vlan in vlan configuration using 0x8a88 ethertype (QinQ)." updated="2024-12-02T10:00:00-00:00" {{(pid=105043) _check_extension /opt/stack/neutron/neutron/api/extensions.py:415}}
Apr 25 14:46:54.639662 np0000170191 devstack@neutron-api.service[105045]: DEBUG neutron.api.extensions [None req-9bac98f3-63f2-4021-ab78-e2ab160b3a98 None None] Loading extension file: network_segment_range.py {{(pid=105045) _load_all_extensions_from_path /opt/stack/neutron/neutron/api/extensions.py:449}}
Apr 25 14:46:54.639750 np0000170191 devstack@neutron-api.service[105043]: INFO neutron.api.extensions [None req-d088fa15-6399-4a39-9eb1-7b09c9c7560b None None] Loaded extension: qinq
Apr 25 14:46:54.639750 np0000170191 devstack@neutron-api.service[105043]: DEBUG neutron.api.extensions [None req-d088fa15-6399-4a39-9eb1-7b09c9c7560b None None] Loading extension file: qos.py {{(pid=105043) _load_all_extensions_from_path /opt/stack/neutron/neutron/api/extensions.py:449}}
Apr 25 14:46:54.639919 np0000170191 devstack@neutron-api.service[105045]: DEBUG neutron.api.extensions [None req-9bac98f3-63f2-4021-ab78-e2ab160b3a98 None None] Ext name="Neutron Network Segment Range" alias="network-segment-range" description="Provides support for the network segment range management" updated="2018-11-29T00:00:00-00:00" {{(pid=105045) _check_extension /opt/stack/neutron/neutron/api/extensions.py:415}}
Apr 25 14:46:54.639919 np0000170191 devstack@neutron-api.service[105045]: INFO neutron.api.extensions [None req-9bac98f3-63f2-4021-ab78-e2ab160b3a98 None None] Extension network-segment-range not supported by any of loaded plugins
Apr 25 14:46:54.639919 np0000170191 devstack@neutron-api.service[105045]: DEBUG neutron.api.extensions [None req-9bac98f3-63f2-4021-ab78-e2ab160b3a98 None None] Loading extension file: pagination.py {{(pid=105045) _load_all_extensions_from_path /opt/stack/neutron/neutron/api/extensions.py:449}}
Apr 25 14:46:54.640126 np0000170191 devstack@neutron-api.service[105044]: DEBUG neutron_lib.callbacks.manager [None req-cd1e2c03-bfec-4366-b355-6f7020d816ab None None] Subscribe: network precommit_update 55550000, False {{(pid=105044) subscribe /opt/stack/data/venv/lib/python3.12/site-packages/neutron_lib/callbacks/manager.py:52}}
Apr 25 14:46:54.640267 np0000170191 devstack@neutron-api.service[105045]: DEBUG neutron.api.extensions [None req-9bac98f3-63f2-4021-ab78-e2ab160b3a98 None None] Ext name="Pagination support" alias="pagination" description="Extension that indicates that pagination is enabled." updated="2016-06-12T00:00:00-00:00" {{(pid=105045) _check_extension /opt/stack/neutron/neutron/api/extensions.py:415}}
Apr 25 14:46:54.640410 np0000170191 devstack@neutron-api.service[105044]: DEBUG neutron_lib.callbacks.manager [None req-cd1e2c03-bfec-4366-b355-6f7020d816ab None None] Subscribe: network precommit_create 55550000, False {{(pid=105044) subscribe /opt/stack/data/venv/lib/python3.12/site-packages/neutron_lib/callbacks/manager.py:52}}
Apr 25 14:46:54.640555 np0000170191 devstack@neutron-api.service[105045]: INFO neutron.api.extensions [None req-9bac98f3-63f2-4021-ab78-e2ab160b3a98 None None] Loaded extension: pagination
Apr 25 14:46:54.640555 np0000170191 devstack@neutron-api.service[105045]: DEBUG neutron.api.extensions [None req-9bac98f3-63f2-4021-ab78-e2ab160b3a98 None None] Loading extension file: port_device_profile.py {{(pid=105045) _load_all_extensions_from_path /opt/stack/neutron/neutron/api/extensions.py:449}}
Apr 25 14:46:54.640722 np0000170191 devstack@neutron-api.service[105043]: DEBUG neutron.api.extensions [None req-d088fa15-6399-4a39-9eb1-7b09c9c7560b None None] Ext name="Quality of Service" alias="qos" description="The Quality of Service extension." updated="2015-06-08T10:00:00-00:00" {{(pid=105043) _check_extension /opt/stack/neutron/neutron/api/extensions.py:415}}
Apr 25 14:46:54.640845 np0000170191 devstack@neutron-api.service[105044]: DEBUG neutron.manager [None req-cd1e2c03-bfec-4366-b355-6f7020d816ab None None] Successfully loaded auto-allocated-topology plugin. Description: Auto Allocated Topology - aka get me a network. {{(pid=105044) _create_and_add_service_plugin /opt/stack/neutron/neutron/manager.py:239}}
Apr 25 14:46:54.640845 np0000170191 devstack@neutron-api.service[105044]: INFO neutron.manager [None req-cd1e2c03-bfec-4366-b355-6f7020d816ab None None] Loading Plugin: tag
Apr 25 14:46:54.641031 np0000170191 devstack@neutron-api.service[105045]: DEBUG neutron.api.extensions [None req-9bac98f3-63f2-4021-ab78-e2ab160b3a98 None None] Ext name="Port device profile" alias="port-device-profile" description="Expose the port device profile (Cyborg)" updated="2020-12-17T10:00:00-00:00" {{(pid=105045) _check_extension /opt/stack/neutron/neutron/api/extensions.py:415}}
Apr 25 14:46:54.641175 np0000170191 devstack@neutron-api.service[105043]: INFO neutron.api.extensions [None req-d088fa15-6399-4a39-9eb1-7b09c9c7560b None None] Extension qos not supported by any of loaded plugins
Apr 25 14:46:54.641175 np0000170191 devstack@neutron-api.service[105043]: DEBUG neutron.api.extensions [None req-d088fa15-6399-4a39-9eb1-7b09c9c7560b None None] Loading extension file: qos_bw_limit_direction.py {{(pid=105043) _load_all_extensions_from_path /opt/stack/neutron/neutron/api/extensions.py:449}}
Apr 25 14:46:54.641340 np0000170191 devstack@neutron-api.service[105045]: INFO neutron.api.extensions [None req-9bac98f3-63f2-4021-ab78-e2ab160b3a98 None None] Loaded extension: port-device-profile
Apr 25 14:46:54.641340 np0000170191 devstack@neutron-api.service[105045]: DEBUG neutron.api.extensions [None req-9bac98f3-63f2-4021-ab78-e2ab160b3a98 None None] Loading extension file: port_hardware_offload_type.py {{(pid=105045) _load_all_extensions_from_path /opt/stack/neutron/neutron/api/extensions.py:449}}
Apr 25 14:46:54.641509 np0000170191 devstack@neutron-api.service[105043]: DEBUG neutron.api.extensions [None req-d088fa15-6399-4a39-9eb1-7b09c9c7560b None None] Ext name="Direction for QoS bandwidth limit rule" alias="qos-bw-limit-direction" description="Allow to configure QoS bandwidth limit rule with specific direction: ingress or egress" updated="2017-04-10T10:00:00-00:00" {{(pid=105043) _check_extension /opt/stack/neutron/neutron/api/extensions.py:415}}
Apr 25 14:46:54.641627 np0000170191 devstack@neutron-api.service[105045]: DEBUG neutron.api.extensions [None req-9bac98f3-63f2-4021-ab78-e2ab160b3a98 None None] Ext name="Port hardware offload" alias="port-hardware-offload-type" description="Expose port hardware offload extension" updated="2023-05-09T10:00:00-00:00" {{(pid=105045) _check_extension /opt/stack/neutron/neutron/api/extensions.py:415}}
Apr 25 14:46:54.641716 np0000170191 devstack@neutron-api.service[105043]: INFO neutron.api.extensions [None req-d088fa15-6399-4a39-9eb1-7b09c9c7560b None None] Extension qos-bw-limit-direction not supported by any of loaded plugins
Apr 25 14:46:54.641716 np0000170191 devstack@neutron-api.service[105043]: DEBUG neutron.api.extensions [None req-d088fa15-6399-4a39-9eb1-7b09c9c7560b None None] Loading extension file: qos_bw_minimum_ingress.py {{(pid=105043) _load_all_extensions_from_path /opt/stack/neutron/neutron/api/extensions.py:449}}
Apr 25 14:46:54.641877 np0000170191 devstack@neutron-api.service[105045]: INFO neutron.api.extensions [None req-9bac98f3-63f2-4021-ab78-e2ab160b3a98 None None] Extension port-hardware-offload-type not supported by any of loaded plugins
