Jul 23 22:25:21.556863 np0000186415 devstack@neutron-api.service[101784]: DEBUG ovsdbapp.backend.ovs_idl.event [None req-5721bbb0-c71a-4539-81ca-d6d66d186f0c None None] Matched CREATE: ChassisBandwidthConfigEvent(events=('create', 'update'), table='Chassis', conditions=None, old_conditions=None), priority=20 to row=Chassis(uuid=2dbdadc2-acde-441a-bcde-09d4dd5d17b2, encaps=[733b7c6f-1ee0-4c0b-982a-92147ef6b4dc], external_ids={}, hostname='np0000186415', name='2177aac8-53b3-47a7-bf19-6e57bc8cc04e', nb_cfg=0, other_config={'ct-commit-nat-v2': 'true', 'ct-commit-to-zone': 'true', 'ct-next-zone': 'true', 'ct-no-masked-label': 'true', 'ct-state-save': 'true', 'datapath-type': 'system', 'fdb-timestamp': 'true', 'iface-types': 'afxdp,afxdp-nonpmd,bareudp,erspan,geneve,gre,gtpu,internal,ip6erspan,ip6gre,lisp,patch,srv6,stt,system,tap,vxlan', 'is-interconn': 'false', 'ls-dpg-column': 'true', 'mac-binding-timestamp': 'true', 'ovn-bridge-mappings': 'public:br-ex', 'ovn-chassis-mac-mappings': '', 'ovn-cms-options': 'enable-chassis-as-gw', 'ovn-ct-lb-related': 'true', 'ovn-enable-lflow-cache': 'true', 'ovn-limit-lflow-cache': '', 'ovn-memlimit-lflow-cache-kb': '', 'ovn-monitor-all': 'false', 'ovn-trim-limit-lflow-cache': '', 'ovn-trim-timeout-ms': '', 'ovn-trim-wmark-perc-lflow-cache': '', 'port-up-notif': 'true'}, transport_zones=[], vtep_logical_switches=[]) old= {{(pid=101784) matches /opt/stack/data/venv/lib/python3.12/site-packages/ovsdbapp/backend/ovs_idl/event.py:55}}
Jul 23 22:25:21.557611 np0000186415 devstack@neutron-api.service[101784]: DEBUG ovsdbapp.backend.ovs_idl.event [None req-5721bbb0-c71a-4539-81ca-d6d66d186f0c None None] Matched CREATE: ChassisOVNAgentWriteEvent(events=('create', 'update'), table='Chassis_Private', conditions=None, old_conditions=None), priority=20 to row=Chassis_Private(uuid=b45c3336-cddd-466a-8838-2c6bdd63ba50, chassis=2dbdadc2-acde-441a-bcde-09d4dd5d17b2, external_ids={'neutron:ovn-bridge': 'br-int', 'neutron:ovn-neutron-agent-id': '769ea67e-7c46-5712-a75c-2181182d5fde', 'neutron:ovn-neutron-agent-sb-cfg': '0'}, name='2177aac8-53b3-47a7-bf19-6e57bc8cc04e', nb_cfg=0, nb_cfg_timestamp=0) old= {{(pid=101784) matches /opt/stack/data/venv/lib/python3.12/site-packages/ovsdbapp/backend/ovs_idl/event.py:55}}
Jul 23 22:25:21.557937 np0000186415 devstack@neutron-api.service[101784]: DEBUG ovsdbapp.backend.ovs_idl.event [None req-5721bbb0-c71a-4539-81ca-d6d66d186f0c None None] Matched CREATE: ChassisAgentWriteEvent(events=('create', 'update'), table='Chassis_Private', conditions=None, old_conditions=None), priority=20 to row=Chassis_Private(uuid=b45c3336-cddd-466a-8838-2c6bdd63ba50, chassis=2dbdadc2-acde-441a-bcde-09d4dd5d17b2, external_ids={'neutron:ovn-bridge': 'br-int', 'neutron:ovn-neutron-agent-id': '769ea67e-7c46-5712-a75c-2181182d5fde', 'neutron:ovn-neutron-agent-sb-cfg': '0'}, name='2177aac8-53b3-47a7-bf19-6e57bc8cc04e', nb_cfg=0, nb_cfg_timestamp=0) old= {{(pid=101784) matches /opt/stack/data/venv/lib/python3.12/site-packages/ovsdbapp/backend/ovs_idl/event.py:55}}
Jul 23 22:25:21.558187 np0000186415 devstack@neutron-api.service[101784]: DEBUG neutron.plugins.ml2.drivers.ovn.mech_driver.ovsdb.ovsdb_monitor [None req-5721bbb0-c71a-4539-81ca-d6d66d186f0c None None] Hash Ring: Node e20f0dc5275356f59035fc2323da4df1 (host: np0000186415) handling event "create" for row b45c3336-cddd-466a-8838-2c6bdd63ba50 (table: Chassis_Private) {{(pid=101784) notify /opt/stack/neutron/neutron/plugins/ml2/drivers/ovn/mech_driver/ovsdb/ovsdb_monitor.py:1013}}
Jul 23 22:25:21.558380 np0000186415 devstack@neutron-api.service[101784]: DEBUG neutron.plugins.ml2.drivers.ovn.mech_driver.ovsdb.ovsdb_monitor [None req-5721bbb0-c71a-4539-81ca-d6d66d186f0c None None] Hash Ring: Node e20f0dc5275356f59035fc2323da4df1 (host: np0000186415) handling event "create" for row 733b7c6f-1ee0-4c0b-982a-92147ef6b4dc (table: Encap) {{(pid=101784) notify /opt/stack/neutron/neutron/plugins/ml2/drivers/ovn/mech_driver/ovsdb/ovsdb_monitor.py:1013}}
Jul 23 22:25:21.559807 np0000186415 devstack@neutron-api.service[101784]: INFO neutron.plugins.ml2.drivers.ovn.mech_driver.mech_driver [None req-5721bbb0-c71a-4539-81ca-d6d66d186f0c None None] WorkerService process has finished the post initialization
Jul 23 22:25:21.560138 np0000186415 devstack@neutron-api.service[101784]: DEBUG oslo_concurrency.processutils [None req-5721bbb0-c71a-4539-81ca-d6d66d186f0c None None] Running cmd (subprocess): ovsdb-client transact ssl:199.204.45.116:6641 --timeout 180 -p /opt/stack/data/CA/int-ca/private/devstack-cert.key -c /opt/stack/data/CA/int-ca/devstack-cert.crt -C /opt/stack/data/CA/int-ca/ca-chain.pem ["OVN_Northbound", {"op": "wait", "timeout": 0, "table": "Port_Group", "where": [["name", "==", "pvlan_pg_drop"]], "until": "==", "rows": []}, {"op": "insert", "table": "ACL", "row": {"action": "drop", "direction": "to-lport", "match": "outport == @pvlan_pg_drop && ip", "priority": 1010}, "uuid-name": "pvlandroptoport"}, {"op": "insert", "table": "ACL", "row": {"action": "drop", "direction": "from-lport", "match": "inport == @pvlan_pg_drop && ip", "priority": 1010}, "uuid-name": "pvlandropfromport"}, {"op": "insert", "table": "Port_Group", "row": {"name": "pvlan_pg_drop", "acls": ["set", [["named-uuid", "pvlandroptoport"], ["named-uuid", "pvlandropfromport"]]]}}] {{(pid=101784) execute /opt/stack/data/venv/lib/python3.12/site-packages/oslo_concurrency/processutils.py:440}}
Jul 23 22:25:21.561206 np0000186415 devstack@neutron-api.service[101784]: INFO neutron.plugins.ml2.drivers.ovn.mech_driver.ovsdb.extensions.qos [-] Starting OVNClientQosExtension
Jul 23 22:25:21.561624 np0000186415 devstack@neutron-api.service[101784]: INFO neutron.plugins.ml2.drivers.ovn.mech_driver.ovsdb.extensions.placement [-] Starting OVNClientPlacementExtension
Jul 23 22:25:21.595189 np0000186415 devstack@neutron-api.service[101784]: DEBUG oslo_concurrency.processutils [None req-5721bbb0-c71a-4539-81ca-d6d66d186f0c None None] CMD "ovsdb-client transact ssl:199.204.45.116:6641 --timeout 180 -p /opt/stack/data/CA/int-ca/private/devstack-cert.key -c /opt/stack/data/CA/int-ca/devstack-cert.crt -C /opt/stack/data/CA/int-ca/ca-chain.pem ["OVN_Northbound", {"op": "wait", "timeout": 0, "table": "Port_Group", "where": [["name", "==", "pvlan_pg_drop"]], "until": "==", "rows": []}, {"op": "insert", "table": "ACL", "row": {"action": "drop", "direction": "to-lport", "match": "outport == @pvlan_pg_drop && ip", "priority": 1010}, "uuid-name": "pvlandroptoport"}, {"op": "insert", "table": "ACL", "row": {"action": "drop", "direction": "from-lport", "match": "inport == @pvlan_pg_drop && ip", "priority": 1010}, "uuid-name": "pvlandropfromport"}, {"op": "insert", "table": "Port_Group", "row": {"name": "pvlan_pg_drop", "acls": ["set", [["named-uuid", "pvlandroptoport"], ["named-uuid", "pvlandropfromport"]]]}}]" returned: 0 in 0.035s {{(pid=101784) execute /opt/stack/data/venv/lib/python3.12/site-packages/oslo_concurrency/processutils.py:468}}
Jul 23 22:25:21.597159 np0000186415 devstack@neutron-api.service[101784]: WSGI app 0 (mountpoint='') ready in 7 seconds on interpreter 0x734a386a4668 pid: 101784 (default app)
Jul 23 22:25:22.967789 np0000186415 devstack@neutron-api.service[101782]: DEBUG neutron.common.ovn.hash_ring_manager [-] Allow caching, nodes 4>=4 {{(pid=101782) _wait_startup_before_caching /opt/stack/neutron/neutron/common/ovn/hash_ring_manager.py:71}}
Jul 23 22:25:22.968160 np0000186415 devstack@neutron-api.service[101782]: DEBUG neutron.plugins.ml2.drivers.ovn.mech_driver.ovsdb.ovsdb_monitor [-] Hash Ring: Node 8f26376b95a85448b3706b91829679ec (host: np0000186415) handling event "update" for row c6755e5a-5e85-43f0-b37b-1c234ae4f0fd (table: Connection) {{(pid=101782) notify /opt/stack/neutron/neutron/plugins/ml2/drivers/ovn/mech_driver/ovsdb/ovsdb_monitor.py:1013}}
Jul 23 22:25:22.968223 np0000186415 devstack@neutron-api.service[101785]: DEBUG neutron.plugins.ml2.drivers.ovn.mech_driver.ovsdb.ovsdb_monitor [-] Hash Ring: Node c9e52e72c15c592b853d6353a702c9e3 (host: np0000186415) handling event "update" for row c6755e5a-5e85-43f0-b37b-1c234ae4f0fd (table: Connection) {{(pid=101785) notify /opt/stack/neutron/neutron/plugins/ml2/drivers/ovn/mech_driver/ovsdb/ovsdb_monitor.py:1013}}
Jul 23 22:25:25.464994 np0000186415 devstack@neutron-api.service[101782]: DEBUG neutron.plugins.ml2.drivers.ovn.mech_driver.ovsdb.ovsdb_monitor [-] Hash Ring: Node 8f26376b95a85448b3706b91829679ec (host: np0000186415) handling event "update" for row c6755e5a-5e85-43f0-b37b-1c234ae4f0fd (table: Connection) {{(pid=101782) notify /opt/stack/neutron/neutron/plugins/ml2/drivers/ovn/mech_driver/ovsdb/ovsdb_monitor.py:1013}}
Jul 23 22:25:25.468862 np0000186415 devstack@neutron-api.service[101785]: DEBUG neutron.plugins.ml2.drivers.ovn.mech_driver.ovsdb.ovsdb_monitor [-] Hash Ring: Node c9e52e72c15c592b853d6353a702c9e3 (host: np0000186415) handling event "update" for row c6755e5a-5e85-43f0-b37b-1c234ae4f0fd (table: Connection) {{(pid=101785) notify /opt/stack/neutron/neutron/plugins/ml2/drivers/ovn/mech_driver/ovsdb/ovsdb_monitor.py:1013}}
Jul 23 22:25:28.092903 np0000186415 devstack@neutron-api.service[101782]: DEBUG neutron.api.wsgi [None req-88a01348-0c1e-4233-ab40-351867269d06 admin admin] Missing Content-Type {{(pid=101782) get_content_type /opt/stack/neutron/neutron/api/wsgi.py:80}}
Jul 23 22:25:28.093498 np0000186415 devstack@neutron-api.service[101782]: DEBUG neutron.api.wsgi [None req-88a01348-0c1e-4233-ab40-351867269d06 admin admin] https://199.204.45.116/networking/v2.0/extensions returned with HTTP 200 {{(pid=101782) __call__ /opt/stack/neutron/neutron/api/wsgi.py:540}}
Jul 23 22:25:28.093727 np0000186415 devstack@neutron-api.service[101782]: [pid: 101782|app: 0|req: 2/2] 199.204.45.116 () {64 vars in 1323 bytes} [Thu Jul 23 22:25:27 2026] GET /networking/v2.0/extensions => generated 16171 bytes in 448 msecs (HTTP/1.1 200) 4 headers in 159 bytes (2 switches on core 0)
Jul 23 22:25:28.515964 np0000186415 devstack@neutron-api.service[101785]: DEBUG neutron.api.v2.base [None req-59ee39a2-48c2-4d5b-8466-35a7e6360396 admin admin] Request body: {'subnetpool': {'default_prefixlen': 26, 'shared': True, 'prefixes': ['10.1.0.0/20'], 'name': 'shared-default-subnetpool-v4', 'is_default': True}} {{(pid=101785) prepare_request_body /opt/stack/neutron/neutron/api/v2/base.py:727}}
Jul 23 22:25:28.710795 np0000186415 devstack@neutron-api.service[101785]: DEBUG neutron.policy [None req-59ee39a2-48c2-4d5b-8466-35a7e6360396 admin admin] Loaded default policies from ['neutron'] under neutron.policies entry points {{(pid=101785) register_rules /opt/stack/neutron/neutron/policy.py:65}}
Jul 23 22:25:28.865906 np0000186415 devstack@neutron-api.service[101785]: DEBUG neutron_lib.callbacks.manager [None req-59ee39a2-48c2-4d5b-8466-35a7e6360396 admin admin] Publish callbacks ['neutron.objects.securitygroup.RbacNeutronDbObjectMixin.validate_rbac_policy_change-2539991187545', 'neutron.objects.address_group.RbacNeutronDbObjectMixin.validate_rbac_policy_change-2539991301120', 'neutron.objects.network.RbacNeutronDbObjectMixin.validate_rbac_policy_change-2539991158720', 'neutron.objects.qos.policy.RbacNeutronDbObjectMixin.validate_rbac_policy_change-2539990976610', 'neutron.objects.subnetpool.RbacNeutronDbObjectMixin.validate_rbac_policy_change-2539991005003', 'neutron.objects.address_scope.RbacNeutronDbObjectMixin.validate_rbac_policy_change-2539991003322', 'neutron.plugins.ml2.plugin.External_net_db_mixin._process_ext_policy_create-838024', 'neutron.plugins.ml2.plugin.NeutronDbPluginV2.validate_network_rbac_policy_change-831908'] for rbac-policy (None), before_create {{(pid=101785) _notify_loop /opt/stack/data/venv/lib/python3.12/site-packages/neutron_lib/callbacks/manager.py:184}}
Jul 23 22:25:28.919939 np0000186415 devstack@neutron-api.service[101785]: DEBUG neutron_lib.callbacks.manager [None req-59ee39a2-48c2-4d5b-8466-35a7e6360396 admin admin] Publish callbacks [] for subnetpool (None), before_response {{(pid=101785) _notify_loop /opt/stack/data/venv/lib/python3.12/site-packages/neutron_lib/callbacks/manager.py:184}}
Jul 23 22:25:28.920713 np0000186415 devstack@neutron-api.service[101785]: [pid: 101785|app: 0|req: 1/3] 199.204.45.116 () {68 vars in 1367 bytes} [Thu Jul 23 22:25:28 2026] POST /networking/v2.0/subnetpools => generated 533 bytes in 521 msecs (HTTP/1.1 201) 4 headers in 162 bytes (1 switches on core 0)
Jul 23 22:25:29.259446 np0000186415 devstack@neutron-api.service[101783]: DEBUG neutron.api.v2.base [None req-ddb070d7-949a-4730-8e16-2c329e7998f0 admin admin] Request body: {'subnetpool': {'default_prefixlen': 64, 'shared': True, 'prefixes': ['fdbc:aed7:9a14::/56'], 'name': 'shared-default-subnetpool-v6', 'is_default': True}} {{(pid=101783) prepare_request_body /opt/stack/neutron/neutron/api/v2/base.py:727}}
Jul 23 22:25:29.421295 np0000186415 devstack@neutron-api.service[101783]: DEBUG neutron.policy [None req-ddb070d7-949a-4730-8e16-2c329e7998f0 admin admin] Loaded default policies from ['neutron'] under neutron.policies entry points {{(pid=101783) register_rules /opt/stack/neutron/neutron/policy.py:65}}
Jul 23 22:25:29.571909 np0000186415 devstack@neutron-api.service[101783]: DEBUG neutron_lib.callbacks.manager [None req-ddb070d7-949a-4730-8e16-2c329e7998f0 admin admin] Publish callbacks ['neutron.objects.securitygroup.RbacNeutronDbObjectMixin.validate_rbac_policy_change-2539991130073', 'neutron.objects.address_group.RbacNeutronDbObjectMixin.validate_rbac_policy_change-2539991103493', 'neutron.objects.network.RbacNeutronDbObjectMixin.validate_rbac_policy_change-2539991158226', 'neutron.objects.qos.policy.RbacNeutronDbObjectMixin.validate_rbac_policy_change-2539991161354', 'neutron.objects.subnetpool.RbacNeutronDbObjectMixin.validate_rbac_policy_change-2539990988439', 'neutron.objects.address_scope.RbacNeutronDbObjectMixin.validate_rbac_policy_change-2539990988760', 'neutron.plugins.ml2.plugin.External_net_db_mixin._process_ext_policy_create-3186295', 'neutron.plugins.ml2.plugin.NeutronDbPluginV2.validate_network_rbac_policy_change-3180975'] for rbac-policy (None), before_create {{(pid=101783) _notify_loop /opt/stack/data/venv/lib/python3.12/site-packages/neutron_lib/callbacks/manager.py:184}}
Jul 23 22:25:29.619322 np0000186415 devstack@neutron-api.service[101783]: DEBUG neutron_lib.callbacks.manager [None req-ddb070d7-949a-4730-8e16-2c329e7998f0 admin admin] Publish callbacks [] for subnetpool (None), before_response {{(pid=101783) _notify_loop /opt/stack/data/venv/lib/python3.12/site-packages/neutron_lib/callbacks/manager.py:184}}
Jul 23 22:25:29.620583 np0000186415 devstack@neutron-api.service[101783]: [pid: 101783|app: 0|req: 1/4] 199.204.45.116 () {68 vars in 1367 bytes} [Thu Jul 23 22:25:29 2026] POST /networking/v2.0/subnetpools => generated 543 bytes in 482 msecs (HTTP/1.1 201) 4 headers in 162 bytes (1 switches on core 0)
Jul 23 22:25:30.041921 np0000186415 devstack@neutron-api.service[101784]: DEBUG neutron.api.v2.base [None req-5249d5d0-b206-4cb6-8008-49e23b4b404f admin admin] Request body: {'network': {'name': 'private', 'admin_state_up': True}} {{(pid=101784) prepare_request_body /opt/stack/neutron/neutron/api/v2/base.py:727}}
Jul 23 22:25:30.077496 np0000186415 devstack@neutron-api.service[101784]: DEBUG neutron.pecan_wsgi.hooks.quota_enforcement [None req-5249d5d0-b206-4cb6-8008-49e23b4b404f admin admin] Made reservation on behalf of 13e7f082626340ee887677441175bcb5 for: {'network': 1} {{(pid=101784) before /opt/stack/neutron/neutron/pecan_wsgi/hooks/quota_enforcement.py:66}}
Jul 23 22:25:30.238538 np0000186415 devstack@neutron-api.service[101784]: DEBUG neutron.policy [None req-5249d5d0-b206-4cb6-8008-49e23b4b404f admin admin] Loaded default policies from ['neutron'] under neutron.policies entry points {{(pid=101784) register_rules /opt/stack/neutron/neutron/policy.py:65}}
Jul 23 22:25:30.344890 np0000186415 devstack@neutron-api.service[101784]: DEBUG neutron_lib.callbacks.manager [None req-5249d5d0-b206-4cb6-8008-49e23b4b404f admin admin] Publish callbacks ['neutron.plugins.ml2.plugin.SecurityGroupDbMixin._ensure_default_security_group_handler-1008751'] for network (None), before_create {{(pid=101784) _notify_loop /opt/stack/data/venv/lib/python3.12/site-packages/neutron_lib/callbacks/manager.py:184}}
Jul 23 22:25:30.367303 np0000186415 devstack@neutron-api.service[101784]: DEBUG neutron_lib.callbacks.manager [None req-5249d5d0-b206-4cb6-8008-49e23b4b404f admin admin] Publish callbacks [] for security_group (None), before_create {{(pid=101784) _notify_loop /opt/stack/data/venv/lib/python3.12/site-packages/neutron_lib/callbacks/manager.py:184}}
Jul 23 22:25:30.470846 np0000186415 devstack@neutron-api.service[101784]: DEBUG neutron_lib.callbacks.manager [None req-5249d5d0-b206-4cb6-8008-49e23b4b404f admin admin] Publish callbacks ['neutron.plugins.ml2.drivers.ovn.mech_driver.mech_driver.OVNMechanismDriver._create_security_group_precommit-306078'] for security_group (c1525ed2-71c1-4f7c-ac07-202f21e79d3c), precommit_create {{(pid=101784) _notify_loop /opt/stack/data/venv/lib/python3.12/site-packages/neutron_lib/callbacks/manager.py:184}}
Jul 23 22:25:30.470997 np0000186415 devstack@neutron-api.service[101784]: DEBUG neutron.db.ovn_revision_numbers_db [None req-5249d5d0-b206-4cb6-8008-49e23b4b404f admin admin] create_initial_revision uuid=c1525ed2-71c1-4f7c-ac07-202f21e79d3c, type=security_groups, rev=-1 {{(pid=101784) create_initial_revision /opt/stack/neutron/neutron/db/ovn_revision_numbers_db.py:98}}
Jul 23 22:25:30.473371 np0000186415 devstack@neutron-api.service[101784]: DEBUG neutron.db.ovn_revision_numbers_db [None req-5249d5d0-b206-4cb6-8008-49e23b4b404f admin admin] create_initial_revision uuid=a67256bf-a5b8-4273-982e-23f7d6f94a8e, type=security_group_rules, rev=-1 {{(pid=101784) create_initial_revision /opt/stack/neutron/neutron/db/ovn_revision_numbers_db.py:98}}
Jul 23 22:25:30.474509 np0000186415 devstack@neutron-api.service[101784]: DEBUG neutron.db.ovn_revision_numbers_db [None req-5249d5d0-b206-4cb6-8008-49e23b4b404f admin admin] create_initial_revision uuid=d01b9c0f-19d3-4517-8e12-434df4deffb5, type=security_group_rules, rev=-1 {{(pid=101784) create_initial_revision /opt/stack/neutron/neutron/db/ovn_revision_numbers_db.py:98}}
Jul 23 22:25:30.475754 np0000186415 devstack@neutron-api.service[101784]: DEBUG neutron.db.ovn_revision_numbers_db [None req-5249d5d0-b206-4cb6-8008-49e23b4b404f admin admin] create_initial_revision uuid=fab6bf9c-fd40-4ee5-9a31-d8712065626d, type=security_group_rules, rev=-1 {{(pid=101784) create_initial_revision /opt/stack/neutron/neutron/db/ovn_revision_numbers_db.py:98}}
Jul 23 22:25:30.476828 np0000186415 devstack@neutron-api.service[101784]: DEBUG neutron.db.ovn_revision_numbers_db [None req-5249d5d0-b206-4cb6-8008-49e23b4b404f admin admin] create_initial_revision uuid=fb8eb6f8-2a57-486d-9587-de99cc9689d4, type=security_group_rules, rev=-1 {{(pid=101784) create_initial_revision /opt/stack/neutron/neutron/db/ovn_revision_numbers_db.py:98}}
Jul 23 22:25:30.483008 np0000186415 devstack@neutron-api.service[101784]: DEBUG neutron_lib.callbacks.manager [None req-5249d5d0-b206-4cb6-8008-49e23b4b404f admin admin] Publish callbacks ['neutron.plugins.ml2.drivers.ovn.mech_driver.mech_driver.OVNMechanismDriver._create_security_group-463980', 'neutron.plugins.ml2.ovo_rpc._ObjectChangeHandler.handle_event-1171086'] for security_group (c1525ed2-71c1-4f7c-ac07-202f21e79d3c), after_create {{(pid=101784) _notify_loop /opt/stack/data/venv/lib/python3.12/site-packages/neutron_lib/callbacks/manager.py:184}}
Jul 23 22:25:30.484734 np0000186415 devstack@neutron-api.service[101784]: DEBUG ovsdbapp.backend.ovs_idl.transaction [-] Running txn n=1 command(idx=0): PgAddCommand(_result=None, name=pg_c1525ed2_71c1_4f7c_ac07_202f21e79d3c, may_exist=False, columns={'acls': [], 'external_ids': {'neutron:security_group_id': 'c1525ed2-71c1-4f7c-ac07-202f21e79d3c'}}) {{(pid=101784) do_commit /opt/stack/data/venv/lib/python3.12/site-packages/ovsdbapp/backend/ovs_idl/transaction.py:89}}
Jul 23 22:25:30.487084 np0000186415 devstack@neutron-api.service[101784]: DEBUG ovsdbapp.backend.ovs_idl.transaction [-] Running txn n=1 command(idx=1): PgAclAddCommand(_result=None, entity=pg_c1525ed2_71c1_4f7c_ac07_202f21e79d3c, direction=to-lport, priority=1002, match=outport == @pg_c1525ed2_71c1_4f7c_ac07_202f21e79d3c && ip4 && ip4.src == $pg_c1525ed2_71c1_4f7c_ac07_202f21e79d3c_ip4, action=allow-related, log=False, may_exist=True, severity=[], name=[], meter=[], external_ids={'neutron:security_group_rule_id': 'a67256bf-a5b8-4273-982e-23f7d6f94a8e'}) {{(pid=101784) do_commit /opt/stack/data/venv/lib/python3.12/site-packages/ovsdbapp/backend/ovs_idl/transaction.py:89}}
Jul 23 22:25:30.487771 np0000186415 devstack@neutron-api.service[101784]: DEBUG ovsdbapp.backend.ovs_idl.transaction [-] Running txn n=1 command(idx=2): PgAclAddCommand(_result=None, entity=pg_c1525ed2_71c1_4f7c_ac07_202f21e79d3c, direction=to-lport, priority=1002, match=outport == @pg_c1525ed2_71c1_4f7c_ac07_202f21e79d3c && ip6 && ip6.src == $pg_c1525ed2_71c1_4f7c_ac07_202f21e79d3c_ip6, action=allow-related, log=False, may_exist=True, severity=[], name=[], meter=[], external_ids={'neutron:security_group_rule_id': 'd01b9c0f-19d3-4517-8e12-434df4deffb5'}) {{(pid=101784) do_commit /opt/stack/data/venv/lib/python3.12/site-packages/ovsdbapp/backend/ovs_idl/transaction.py:89}}
Jul 23 22:25:30.488397 np0000186415 devstack@neutron-api.service[101784]: DEBUG ovsdbapp.backend.ovs_idl.transaction [-] Running txn n=1 command(idx=3): PgAclAddCommand(_result=None, entity=pg_c1525ed2_71c1_4f7c_ac07_202f21e79d3c, direction=from-lport, priority=1002, match=inport == @pg_c1525ed2_71c1_4f7c_ac07_202f21e79d3c && ip6, action=allow-related, log=False, may_exist=True, severity=[], name=[], meter=[], external_ids={'neutron:security_group_rule_id': 'fab6bf9c-fd40-4ee5-9a31-d8712065626d'}) {{(pid=101784) do_commit /opt/stack/data/venv/lib/python3.12/site-packages/ovsdbapp/backend/ovs_idl/transaction.py:89}}
Jul 23 22:25:30.488925 np0000186415 devstack@neutron-api.service[101784]: DEBUG ovsdbapp.backend.ovs_idl.transaction [-] Running txn n=1 command(idx=4): PgAclAddCommand(_result=None, entity=pg_c1525ed2_71c1_4f7c_ac07_202f21e79d3c, direction=from-lport, priority=1002, match=inport == @pg_c1525ed2_71c1_4f7c_ac07_202f21e79d3c && ip4, action=allow-related, log=False, may_exist=True, severity=[], name=[], meter=[], external_ids={'neutron:security_group_rule_id': 'fb8eb6f8-2a57-486d-9587-de99cc9689d4'}) {{(pid=101784) do_commit /opt/stack/data/venv/lib/python3.12/site-packages/ovsdbapp/backend/ovs_idl/transaction.py:89}}
Jul 23 22:25:30.494086 np0000186415 devstack@neutron-api.service[101784]: DEBUG neutron.plugins.ml2.drivers.ovn.mech_driver.ovsdb.ovsdb_monitor [-] Hash Ring: Node e20f0dc5275356f59035fc2323da4df1 (host: np0000186415) handling event "create" for row 4fd77ea8-4cbc-4d66-8fc7-300151b08dd6 (table: ACL) {{(pid=101784) notify /opt/stack/neutron/neutron/plugins/ml2/drivers/ovn/mech_driver/ovsdb/ovsdb_monitor.py:1013}}
Jul 23 22:25:30.494252 np0000186415 devstack@neutron-api.service[101784]: DEBUG neutron.plugins.ml2.drivers.ovn.mech_driver.ovsdb.ovsdb_monitor [-] Hash Ring: Node e20f0dc5275356f59035fc2323da4df1 (host: np0000186415) handling event "create" for row 6439e421-2270-4cdd-85a3-d24546dbcbfe (table: ACL) {{(pid=101784) notify /opt/stack/neutron/neutron/plugins/ml2/drivers/ovn/mech_driver/ovsdb/ovsdb_monitor.py:1013}}
Jul 23 22:25:30.497732 np0000186415 devstack@neutron-api.service[101782]: DEBUG neutron.plugins.ml2.drivers.ovn.mech_driver.ovsdb.ovsdb_monitor [-] Hash Ring: Node 8f26376b95a85448b3706b91829679ec (host: np0000186415) handling event "create" for row 27485e58-953d-4967-bbf4-4863c9358fef (table: ACL) {{(pid=101782) notify /opt/stack/neutron/neutron/plugins/ml2/drivers/ovn/mech_driver/ovsdb/ovsdb_monitor.py:1013}}
Jul 23 22:25:30.498064 np0000186415 devstack@neutron-api.service[101782]: DEBUG neutron.plugins.ml2.drivers.ovn.mech_driver.ovsdb.ovsdb_monitor [-] Hash Ring: Node 8f26376b95a85448b3706b91829679ec (host: np0000186415) handling event "create" for row 4fd77ea8-4cbc-4d66-8fc7-300151b08dd6 (table: ACL) {{(pid=101782) notify /opt/stack/neutron/neutron/plugins/ml2/drivers/ovn/mech_driver/ovsdb/ovsdb_monitor.py:1013}}
Jul 23 22:25:30.498238 np0000186415 devstack@neutron-api.service[101782]: DEBUG neutron.plugins.ml2.drivers.ovn.mech_driver.ovsdb.ovsdb_monitor [-] Hash Ring: Node 8f26376b95a85448b3706b91829679ec (host: np0000186415) handling event "create" for row 52a086a8-67dd-4d1f-bd5f-0ad361dd1651 (table: ACL) {{(pid=101782) notify /opt/stack/neutron/neutron/plugins/ml2/drivers/ovn/mech_driver/ovsdb/ovsdb_monitor.py:1013}}
Jul 23 22:25:30.498487 np0000186415 devstack@neutron-api.service[101782]: DEBUG neutron.plugins.ml2.drivers.ovn.mech_driver.ovsdb.ovsdb_monitor [-] Hash Ring: Node 8f26376b95a85448b3706b91829679ec (host: np0000186415) handling event "create" for row 6439e421-2270-4cdd-85a3-d24546dbcbfe (table: ACL) {{(pid=101782) notify /opt/stack/neutron/neutron/plugins/ml2/drivers/ovn/mech_driver/ovsdb/ovsdb_monitor.py:1013}}
Jul 23 22:25:30.498593 np0000186415 devstack@neutron-api.service[101785]: DEBUG neutron.plugins.ml2.drivers.ovn.mech_driver.ovsdb.ovsdb_monitor [-] Hash Ring: Node c9e52e72c15c592b853d6353a702c9e3 (host: np0000186415) handling event "create" for row 27485e58-953d-4967-bbf4-4863c9358fef (table: ACL) {{(pid=101785) notify /opt/stack/neutron/neutron/plugins/ml2/drivers/ovn/mech_driver/ovsdb/ovsdb_monitor.py:1013}}
Jul 23 22:25:30.498908 np0000186415 devstack@neutron-api.service[101782]: DEBUG neutron.plugins.ml2.drivers.ovn.mech_driver.ovsdb.ovsdb_monitor [-] Hash Ring: Node 8f26376b95a85448b3706b91829679ec (host: np0000186415) handling event "create" for row 91ea69a1-ee7e-4794-b965-e931906c890a (table: Port_Group) {{(pid=101782) notify /opt/stack/neutron/neutron/plugins/ml2/drivers/ovn/mech_driver/ovsdb/ovsdb_monitor.py:1013}}
Jul 23 22:25:30.498964 np0000186415 devstack@neutron-api.service[101785]: DEBUG neutron.plugins.ml2.drivers.ovn.mech_driver.ovsdb.ovsdb_monitor [-] Hash Ring: Node c9e52e72c15c592b853d6353a702c9e3 (host: np0000186415) handling event "create" for row 52a086a8-67dd-4d1f-bd5f-0ad361dd1651 (table: ACL) {{(pid=101785) notify /opt/stack/neutron/neutron/plugins/ml2/drivers/ovn/mech_driver/ovsdb/ovsdb_monitor.py:1013}}
Jul 23 22:25:30.501442 np0000186415 devstack@neutron-api.service[101783]: DEBUG neutron.plugins.ml2.drivers.ovn.mech_driver.ovsdb.ovsdb_monitor [-] Hash Ring: Node a0bee679c57e54c5a882ea5ada62d177 (host: np0000186415) handling event "create" for row 91ea69a1-ee7e-4794-b965-e931906c890a (table: Port_Group) {{(pid=101783) notify /opt/stack/neutron/neutron/plugins/ml2/drivers/ovn/mech_driver/ovsdb/ovsdb_monitor.py:1013}}
Jul 23 22:25:30.533548 np0000186415 devstack@neutron-api.service[101784]: INFO neutron.db.ovn_revision_numbers_db [None req-5249d5d0-b206-4cb6-8008-49e23b4b404f admin admin] Successfully bumped revision number for resource c1525ed2-71c1-4f7c-ac07-202f21e79d3c (type: security_groups) to 1
Jul 23 22:25:30.551464 np0000186415 devstack@neutron-api.service[101784]: INFO neutron.db.ovn_revision_numbers_db [None req-5249d5d0-b206-4cb6-8008-49e23b4b404f admin admin] Successfully bumped revision number for resource a67256bf-a5b8-4273-982e-23f7d6f94a8e (type: security_group_rules) to 0
Jul 23 22:25:30.565184 np0000186415 devstack@neutron-api.service[101784]: INFO neutron.db.ovn_revision_numbers_db [None req-5249d5d0-b206-4cb6-8008-49e23b4b404f admin admin] Successfully bumped revision number for resource d01b9c0f-19d3-4517-8e12-434df4deffb5 (type: security_group_rules) to 0
Jul 23 22:25:30.579318 np0000186415 devstack@neutron-api.service[101784]: INFO neutron.db.ovn_revision_numbers_db [None req-5249d5d0-b206-4cb6-8008-49e23b4b404f admin admin] Successfully bumped revision number for resource fab6bf9c-fd40-4ee5-9a31-d8712065626d (type: security_group_rules) to 0
Jul 23 22:25:30.594081 np0000186415 devstack@neutron-api.service[101784]: INFO neutron.db.ovn_revision_numbers_db [None req-5249d5d0-b206-4cb6-8008-49e23b4b404f admin admin] Successfully bumped revision number for resource fb8eb6f8-2a57-486d-9587-de99cc9689d4 (type: security_group_rules) to 0
Jul 23 22:25:30.621112 np0000186415 devstack@neutron-api.service[101784]: DEBUG neutron.api.rpc.handlers.resources_rpc [None req-5249d5d0-b206-4cb6-8008-49e23b4b404f admin admin] Pushing event updated for resources: {'SecurityGroup': ['ID=c1525ed2-71c1-4f7c-ac07-202f21e79d3c,revision_number=1']} {{(pid=101784) push /opt/stack/neutron/neutron/api/rpc/handlers/resources_rpc.py:237}}
Jul 23 22:25:30.628624 np0000186415 devstack@neutron-api.service[101784]: DEBUG ovsdbapp.backend.ovs_idl.transaction [-] Running txn n=1 command(idx=0): CheckLivenessCommand(_result=None) {{(pid=101784) do_commit /opt/stack/data/venv/lib/python3.12/site-packages/ovsdbapp/backend/ovs_idl/transaction.py:89}}
Jul 23 22:25:30.633378 np0000186415 devstack@neutron-api.service[101784]: DEBUG neutron.api.rpc.callbacks.version_manager [None req-5249d5d0-b206-4cb6-8008-49e23b4b404f admin admin] Tracked resource versions report:
Jul 23 22:25:30.633378 np0000186415 devstack@neutron-api.service[101784]: pushed versions:
Jul 23 22:25:30.633378 np0000186415 devstack@neutron-api.service[101784]: { 'AddressGroup': {'1.2'},
Jul 23 22:25:30.633378 np0000186415 devstack@neutron-api.service[101784]: 'Agent': {'1.1'},
Jul 23 22:25:30.633378 np0000186415 devstack@neutron-api.service[101784]: 'ConntrackHelper': {'1.0'},
Jul 23 22:25:30.633378 np0000186415 devstack@neutron-api.service[101784]: 'LocalIPAssociation': {'1.0'},
Jul 23 22:25:30.633378 np0000186415 devstack@neutron-api.service[101784]: 'Log': {'1.0'},
Jul 23 22:25:30.633378 np0000186415 devstack@neutron-api.service[101784]: 'NDPProxy': {'1.0'},
Jul 23 22:25:30.633378 np0000186415 devstack@neutron-api.service[101784]: 'Network': {'1.3'},
Jul 23 22:25:30.633378 np0000186415 devstack@neutron-api.service[101784]: 'Port': {'1.11'},
Jul 23 22:25:30.633378 np0000186415 devstack@neutron-api.service[101784]: 'PortForwarding': {'1.3'},
Jul 23 22:25:30.633378 np0000186415 devstack@neutron-api.service[101784]: 'QosPolicy': {'1.10'},
Jul 23 22:25:30.633378 np0000186415 devstack@neutron-api.service[101784]: 'SecurityGroup': {'1.6'},
Jul 23 22:25:30.633378 np0000186415 devstack@neutron-api.service[101784]: 'SecurityGroupRule': {'1.3'},
Jul 23 22:25:30.633378 np0000186415 devstack@neutron-api.service[101784]: 'SubPort': {'1.0'},
Jul 23 22:25:30.633378 np0000186415 devstack@neutron-api.service[101784]: 'Subnet': {'1.2'},
Jul 23 22:25:30.633378 np0000186415 devstack@neutron-api.service[101784]: 'Trunk': {'1.1'}}
Jul 23 22:25:30.633378 np0000186415 devstack@neutron-api.service[101784]: consumer versions:
Jul 23 22:25:30.633378 np0000186415 devstack@neutron-api.service[101784]: {}
Jul 23 22:25:30.633378 np0000186415 devstack@neutron-api.service[101784]: {{(pid=101784) report /opt/stack/neutron/neutron/api/rpc/callbacks/version_manager.py:183}}
Jul 23 22:25:30.634339 np0000186415 devstack@neutron-api.service[101785]: DEBUG neutron.plugins.ml2.drivers.ovn.mech_driver.ovsdb.ovsdb_monitor [-] Hash Ring: Node c9e52e72c15c592b853d6353a702c9e3 (host: np0000186415) handling event "update" for row f7bf0ea0-9112-420f-95ba-9cd608d0fce4 (table: NB_Global) {{(pid=101785) notify /opt/stack/neutron/neutron/plugins/ml2/drivers/ovn/mech_driver/ovsdb/ovsdb_monitor.py:1013}}
Jul 23 22:25:30.634960 np0000186415 devstack@neutron-api.service[101782]: DEBUG neutron.plugins.ml2.drivers.ovn.mech_driver.ovsdb.ovsdb_monitor [-] Hash Ring: Node 8f26376b95a85448b3706b91829679ec (host: np0000186415) handling event "update" for row f7bf0ea0-9112-420f-95ba-9cd608d0fce4 (table: NB_Global) {{(pid=101782) notify /opt/stack/neutron/neutron/plugins/ml2/drivers/ovn/mech_driver/ovsdb/ovsdb_monitor.py:1013}}
Jul 23 22:25:30.636713 np0000186415 devstack@neutron-api.service[101785]: DEBUG neutron.plugins.ml2.drivers.ovn.mech_driver.ovsdb.ovsdb_monitor [-] Hash Ring: Node c9e52e72c15c592b853d6353a702c9e3 (host: np0000186415) handling event "update" for row f7bf0ea0-9112-420f-95ba-9cd608d0fce4 (table: NB_Global) {{(pid=101785) notify /opt/stack/neutron/neutron/plugins/ml2/drivers/ovn/mech_driver/ovsdb/ovsdb_monitor.py:1013}}
Jul 23 22:25:30.637740 np0000186415 devstack@neutron-api.service[101782]: DEBUG neutron.plugins.ml2.drivers.ovn.mech_driver.ovsdb.ovsdb_monitor [-] Hash Ring: Node 8f26376b95a85448b3706b91829679ec (host: np0000186415) handling event "update" for row f7bf0ea0-9112-420f-95ba-9cd608d0fce4 (table: NB_Global) {{(pid=101782) notify /opt/stack/neutron/neutron/plugins/ml2/drivers/ovn/mech_driver/ovsdb/ovsdb_monitor.py:1013}}
Jul 23 22:25:30.638335 np0000186415 devstack@neutron-api.service[101782]: DEBUG neutron.plugins.ml2.drivers.ovn.mech_driver.ovsdb.ovsdb_monitor [-] Hash Ring: Node 8f26376b95a85448b3706b91829679ec (host: np0000186415) handling event "update" for row f7bf0ea0-9112-420f-95ba-9cd608d0fce4 (table: NB_Global) {{(pid=101782) notify /opt/stack/neutron/neutron/plugins/ml2/drivers/ovn/mech_driver/ovsdb/ovsdb_monitor.py:1013}}
Jul 23 22:25:30.638856 np0000186415 devstack@neutron-api.service[101785]: DEBUG neutron.plugins.ml2.drivers.ovn.mech_driver.ovsdb.ovsdb_monitor [-] Hash Ring: Node c9e52e72c15c592b853d6353a702c9e3 (host: np0000186415) handling event "update" for row f7bf0ea0-9112-420f-95ba-9cd608d0fce4 (table: NB_Global) {{(pid=101785) notify /opt/stack/neutron/neutron/plugins/ml2/drivers/ovn/mech_driver/ovsdb/ovsdb_monitor.py:1013}}
Jul 23 22:25:30.639817 np0000186415 devstack@neutron-api.service[101782]: DEBUG neutron.plugins.ml2.drivers.ovn.mech_driver.ovsdb.ovsdb_monitor [-] Hash Ring: Node 8f26376b95a85448b3706b91829679ec (host: np0000186415) handling event "update" for row f7bf0ea0-9112-420f-95ba-9cd608d0fce4 (table: NB_Global) {{(pid=101782) notify /opt/stack/neutron/neutron/plugins/ml2/drivers/ovn/mech_driver/ovsdb/ovsdb_monitor.py:1013}}
Jul 23 22:25:30.642234 np0000186415 devstack@neutron-api.service[101785]: DEBUG neutron.plugins.ml2.drivers.ovn.mech_driver.ovsdb.ovsdb_monitor [-] Hash Ring: Node c9e52e72c15c592b853d6353a702c9e3 (host: np0000186415) handling event "update" for row f7bf0ea0-9112-420f-95ba-9cd608d0fce4 (table: NB_Global) {{(pid=101785) notify /opt/stack/neutron/neutron/plugins/ml2/drivers/ovn/mech_driver/ovsdb/ovsdb_monitor.py:1013}}
Jul 23 22:25:30.642448 np0000186415 devstack@neutron-api.service[101783]: DEBUG ovsdbapp.backend.ovs_idl.event [-] Matched UPDATE: ChassisAgentWriteEvent(events=('create', 'update'), table='Chassis_Private', conditions=None, old_conditions=None), priority=20 to row=Chassis_Private(uuid=b45c3336-cddd-466a-8838-2c6bdd63ba50, chassis=2dbdadc2-acde-441a-bcde-09d4dd5d17b2, external_ids={'neutron:ovn-bridge': 'br-int', 'neutron:ovn-neutron-agent-id': '769ea67e-7c46-5712-a75c-2181182d5fde', 'neutron:ovn-neutron-agent-sb-cfg': '0'}, name='2177aac8-53b3-47a7-bf19-6e57bc8cc04e', nb_cfg=1, nb_cfg_timestamp=1784845530633) old=Chassis_Private(uuid=b45c3336-cddd-466a-8838-2c6bdd63ba50, nb_cfg=0, nb_cfg_timestamp=0) {{(pid=101783) matches /opt/stack/data/venv/lib/python3.12/site-packages/ovsdbapp/backend/ovs_idl/event.py:55}}
Jul 23 22:25:30.642656 np0000186415 devstack@neutron-api.service[101782]: DEBUG ovsdbapp.backend.ovs_idl.event [-] Matched UPDATE: ChassisAgentWriteEvent(events=('create', 'update'), table='Chassis_Private', conditions=None, old_conditions=None), priority=20 to row=Chassis_Private(uuid=b45c3336-cddd-466a-8838-2c6bdd63ba50, chassis=2dbdadc2-acde-441a-bcde-09d4dd5d17b2, external_ids={'neutron:ovn-bridge': 'br-int', 'neutron:ovn-neutron-agent-id': '769ea67e-7c46-5712-a75c-2181182d5fde', 'neutron:ovn-neutron-agent-sb-cfg': '0'}, name='2177aac8-53b3-47a7-bf19-6e57bc8cc04e', nb_cfg=1, nb_cfg_timestamp=1784845530633) old=Chassis_Private(uuid=b45c3336-cddd-466a-8838-2c6bdd63ba50, nb_cfg=0, nb_cfg_timestamp=0) {{(pid=101782) matches /opt/stack/data/venv/lib/python3.12/site-packages/ovsdbapp/backend/ovs_idl/event.py:55}}
Jul 23 22:25:30.643079 np0000186415 devstack@neutron-api.service[101784]: DEBUG ovsdbapp.backend.ovs_idl.event [-] Matched UPDATE: ChassisAgentWriteEvent(events=('create', 'update'), table='Chassis_Private', conditions=None, old_conditions=None), priority=20 to row=Chassis_Private(uuid=b45c3336-cddd-466a-8838-2c6bdd63ba50, chassis=2dbdadc2-acde-441a-bcde-09d4dd5d17b2, external_ids={'neutron:ovn-bridge': 'br-int', 'neutron:ovn-neutron-agent-id': '769ea67e-7c46-5712-a75c-2181182d5fde', 'neutron:ovn-neutron-agent-sb-cfg': '0'}, name='2177aac8-53b3-47a7-bf19-6e57bc8cc04e', nb_cfg=1, nb_cfg_timestamp=1784845530633) old=Chassis_Private(uuid=b45c3336-cddd-466a-8838-2c6bdd63ba50, nb_cfg=0, nb_cfg_timestamp=0) {{(pid=101784) matches /opt/stack/data/venv/lib/python3.12/site-packages/ovsdbapp/backend/ovs_idl/event.py:55}}
Jul 23 22:25:30.643959 np0000186415 devstack@neutron-api.service[101784]: DEBUG neutron.plugins.ml2.drivers.ovn.mech_driver.ovsdb.ovsdb_monitor [-] Hash Ring: Node e20f0dc5275356f59035fc2323da4df1 (host: np0000186415) handling event "update" for row b45c3336-cddd-466a-8838-2c6bdd63ba50 (table: Chassis_Private) {{(pid=101784) notify /opt/stack/neutron/neutron/plugins/ml2/drivers/ovn/mech_driver/ovsdb/ovsdb_monitor.py:1013}}
Jul 23 22:25:30.644203 np0000186415 devstack@neutron-api.service[101785]: DEBUG ovsdbapp.backend.ovs_idl.event [-] Matched UPDATE: ChassisAgentWriteEvent(events=('create', 'update'), table='Chassis_Private', conditions=None, old_conditions=None), priority=20 to row=Chassis_Private(uuid=b45c3336-cddd-466a-8838-2c6bdd63ba50, chassis=2dbdadc2-acde-441a-bcde-09d4dd5d17b2, external_ids={'neutron:ovn-bridge': 'br-int', 'neutron:ovn-neutron-agent-id': '769ea67e-7c46-5712-a75c-2181182d5fde', 'neutron:ovn-neutron-agent-sb-cfg': '0'}, name='2177aac8-53b3-47a7-bf19-6e57bc8cc04e', nb_cfg=1, nb_cfg_timestamp=1784845530633) old=Chassis_Private(uuid=b45c3336-cddd-466a-8838-2c6bdd63ba50, nb_cfg=0, nb_cfg_timestamp=0) {{(pid=101785) matches /opt/stack/data/venv/lib/python3.12/site-packages/ovsdbapp/backend/ovs_idl/event.py:55}}
Jul 23 22:25:30.646806 np0000186415 devstack@neutron-api.service[101782]: DEBUG neutron.common.ovn.hash_ring_manager [-] Allow caching, nodes 4>=4 {{(pid=101782) _wait_startup_before_caching /opt/stack/neutron/neutron/common/ovn/hash_ring_manager.py:71}}
Jul 23 22:25:30.647023 np0000186415 devstack@neutron-api.service[101782]: DEBUG neutron.plugins.ml2.drivers.ovn.mech_driver.ovsdb.ovsdb_monitor [-] Hash Ring: Node 8f26376b95a85448b3706b91829679ec (host: np0000186415) handling event "update" for row b45c3336-cddd-466a-8838-2c6bdd63ba50 (table: Chassis_Private) {{(pid=101782) notify /opt/stack/neutron/neutron/plugins/ml2/drivers/ovn/mech_driver/ovsdb/ovsdb_monitor.py:1013}}
Jul 23 22:25:30.649057 np0000186415 devstack@neutron-api.service[101782]: DEBUG ovsdbapp.backend.ovs_idl.event [-] Matched UPDATE: ChassisOVNAgentWriteEvent(events=('create', 'update'), table='Chassis_Private', conditions=None, old_conditions=None), priority=20 to row=Chassis_Private(uuid=b45c3336-cddd-466a-8838-2c6bdd63ba50, chassis=2dbdadc2-acde-441a-bcde-09d4dd5d17b2, external_ids={'neutron:ovn-bridge': 'br-int', 'neutron:ovn-neutron-agent-id': '769ea67e-7c46-5712-a75c-2181182d5fde', 'neutron:ovn-neutron-agent-sb-cfg': '1'}, name='2177aac8-53b3-47a7-bf19-6e57bc8cc04e', nb_cfg=1, nb_cfg_timestamp=1784845530633) old=Chassis_Private(uuid=b45c3336-cddd-466a-8838-2c6bdd63ba50, external_ids={'neutron:ovn-bridge': 'br-int', 'neutron:ovn-neutron-agent-id': '769ea67e-7c46-5712-a75c-2181182d5fde', 'neutron:ovn-neutron-agent-sb-cfg': '0'}) {{(pid=101782) matches /opt/stack/data/venv/lib/python3.12/site-packages/ovsdbapp/backend/ovs_idl/event.py:55}}
Jul 23 22:25:30.649057 np0000186415 devstack@neutron-api.service[101782]: DEBUG neutron.plugins.ml2.drivers.ovn.mech_driver.ovsdb.ovsdb_monitor [-] Hash Ring: Node 8f26376b95a85448b3706b91829679ec (host: np0000186415) handling event "update" for row b45c3336-cddd-466a-8838-2c6bdd63ba50 (table: Chassis_Private) {{(pid=101782) notify /opt/stack/neutron/neutron/plugins/ml2/drivers/ovn/mech_driver/ovsdb/ovsdb_monitor.py:1013}}
Jul 23 22:25:30.649353 np0000186415 devstack@neutron-api.service[101785]: DEBUG ovsdbapp.backend.ovs_idl.event [-] Matched UPDATE: ChassisOVNAgentWriteEvent(events=('create', 'update'), table='Chassis_Private', conditions=None, old_conditions=None), priority=20 to row=Chassis_Private(uuid=b45c3336-cddd-466a-8838-2c6bdd63ba50, chassis=2dbdadc2-acde-441a-bcde-09d4dd5d17b2, external_ids={'neutron:ovn-bridge': 'br-int', 'neutron:ovn-neutron-agent-id': '769ea67e-7c46-5712-a75c-2181182d5fde', 'neutron:ovn-neutron-agent-sb-cfg': '1'}, name='2177aac8-53b3-47a7-bf19-6e57bc8cc04e', nb_cfg=1, nb_cfg_timestamp=1784845530633) old=Chassis_Private(uuid=b45c3336-cddd-466a-8838-2c6bdd63ba50, external_ids={'neutron:ovn-bridge': 'br-int', 'neutron:ovn-neutron-agent-id': '769ea67e-7c46-5712-a75c-2181182d5fde', 'neutron:ovn-neutron-agent-sb-cfg': '0'}) {{(pid=101785) matches /opt/stack/data/venv/lib/python3.12/site-packages/ovsdbapp/backend/ovs_idl/event.py:55}}
Jul 23 22:25:30.649529 np0000186415 devstack@neutron-api.service[101783]: DEBUG ovsdbapp.backend.ovs_idl.event [-] Matched UPDATE: ChassisOVNAgentWriteEvent(events=('create', 'update'), table='Chassis_Private', conditions=None, old_conditions=None), priority=20 to row=Chassis_Private(uuid=b45c3336-cddd-466a-8838-2c6bdd63ba50, chassis=2dbdadc2-acde-441a-bcde-09d4dd5d17b2, external_ids={'neutron:ovn-bridge': 'br-int', 'neutron:ovn-neutron-agent-id': '769ea67e-7c46-5712-a75c-2181182d5fde', 'neutron:ovn-neutron-agent-sb-cfg': '1'}, name='2177aac8-53b3-47a7-bf19-6e57bc8cc04e', nb_cfg=1, nb_cfg_timestamp=1784845530633) old=Chassis_Private(uuid=b45c3336-cddd-466a-8838-2c6bdd63ba50, external_ids={'neutron:ovn-bridge': 'br-int', 'neutron:ovn-neutron-agent-id': '769ea67e-7c46-5712-a75c-2181182d5fde', 'neutron:ovn-neutron-agent-sb-cfg': '0'}) {{(pid=101783) matches /opt/stack/data/venv/lib/python3.12/site-packages/ovsdbapp/backend/ovs_idl/event.py:55}}
Jul 23 22:25:30.652106 np0000186415 devstack@neutron-api.service[101784]: DEBUG ovsdbapp.backend.ovs_idl.event [-] Matched UPDATE: ChassisOVNAgentWriteEvent(events=('create', 'update'), table='Chassis_Private', conditions=None, old_conditions=None), priority=20 to row=Chassis_Private(uuid=b45c3336-cddd-466a-8838-2c6bdd63ba50, chassis=2dbdadc2-acde-441a-bcde-09d4dd5d17b2, external_ids={'neutron:ovn-bridge': 'br-int', 'neutron:ovn-neutron-agent-id': '769ea67e-7c46-5712-a75c-2181182d5fde', 'neutron:ovn-neutron-agent-sb-cfg': '1'}, name='2177aac8-53b3-47a7-bf19-6e57bc8cc04e', nb_cfg=1, nb_cfg_timestamp=1784845530633) old=Chassis_Private(uuid=b45c3336-cddd-466a-8838-2c6bdd63ba50, external_ids={'neutron:ovn-bridge': 'br-int', 'neutron:ovn-neutron-agent-id': '769ea67e-7c46-5712-a75c-2181182d5fde', 'neutron:ovn-neutron-agent-sb-cfg': '0'}) {{(pid=101784) matches /opt/stack/data/venv/lib/python3.12/site-packages/ovsdbapp/backend/ovs_idl/event.py:55}}
Jul 23 22:25:30.653823 np0000186415 devstack@neutron-api.service[101784]: DEBUG neutron.plugins.ml2.drivers.ovn.mech_driver.ovsdb.ovsdb_monitor [-] Hash Ring: Node e20f0dc5275356f59035fc2323da4df1 (host: np0000186415) handling event "update" for row b45c3336-cddd-466a-8838-2c6bdd63ba50 (table: Chassis_Private) {{(pid=101784) notify /opt/stack/neutron/neutron/plugins/ml2/drivers/ovn/mech_driver/ovsdb/ovsdb_monitor.py:1013}}
Jul 23 22:25:30.712025 np0000186415 devstack@neutron-api.service[101784]: DEBUG neutron.plugins.ml2.drivers.helpers [None req-5249d5d0-b206-4cb6-8008-49e23b4b404f admin admin] geneve segment allocate from pool success with {'geneve_vni': 626} {{(pid=101784) allocate_partially_specified_segment /opt/stack/neutron/neutron/plugins/ml2/drivers/helpers.py:142}}
Jul 23 22:25:30.724661 np0000186415 devstack@neutron-api.service[101784]: DEBUG neutron_lib.callbacks.manager [None req-5249d5d0-b206-4cb6-8008-49e23b4b404f admin admin] Publish callbacks ['neutron.services.segments.db._add_segment_host_mapping_for_segment-7922655956532', 'neutron.plugins.ml2.plugin.Ml2Plugin._handle_segment_change-223691'] for segment (7eecc1a5-044c-42cc-a716-77ba2ed9f042), precommit_create {{(pid=101784) _notify_loop /opt/stack/data/venv/lib/python3.12/site-packages/neutron_lib/callbacks/manager.py:184}}
Jul 23 22:25:30.724791 np0000186415 devstack@neutron-api.service[101784]: INFO neutron.db.segments_db [None req-5249d5d0-b206-4cb6-8008-49e23b4b404f admin admin] Added segment 7eecc1a5-044c-42cc-a716-77ba2ed9f042 of type geneve for network c6cb5fc1-fa27-405c-8c1e-dabd7c8705f2
Jul 23 22:25:30.773861 np0000186415 devstack@neutron-api.service[101784]: DEBUG neutron_lib.callbacks.manager [None req-5249d5d0-b206-4cb6-8008-49e23b4b404f admin admin] Publish callbacks ['neutron.services.auto_allocate.db._ensure_external_network_default_value_callback-7922654724160'] for network (c6cb5fc1-fa27-405c-8c1e-dabd7c8705f2), precommit_create {{(pid=101784) _notify_loop /opt/stack/data/venv/lib/python3.12/site-packages/neutron_lib/callbacks/manager.py:184}}
Jul 23 22:25:30.792632 np0000186415 devstack@neutron-api.service[101784]: DEBUG neutron.plugins.ml2.drivers.ovn.mech_driver.mech_driver [None req-5249d5d0-b206-4cb6-8008-49e23b4b404f admin admin] Validating network segment with type geneve, segmentation ID 626, physical network None {{(pid=101784) _validate_network_segments /opt/stack/neutron/neutron/plugins/ml2/drivers/ovn/mech_driver/mech_driver.py:646}}
Jul 23 22:25:30.792789 np0000186415 devstack@neutron-api.service[101784]: DEBUG neutron.db.ovn_revision_numbers_db [None req-5249d5d0-b206-4cb6-8008-49e23b4b404f admin admin] create_initial_revision uuid=c6cb5fc1-fa27-405c-8c1e-dabd7c8705f2, type=networks, rev=-1 {{(pid=101784) create_initial_revision /opt/stack/neutron/neutron/db/ovn_revision_numbers_db.py:98}}
Jul 23 22:25:30.818869 np0000186415 devstack@neutron-api.service[101784]: DEBUG neutron_lib.callbacks.manager [None req-5249d5d0-b206-4cb6-8008-49e23b4b404f admin admin] Publish callbacks ['neutron.plugins.ml2.ovo_rpc._ObjectChangeHandler.handle_event-1171083'] for network (c6cb5fc1-fa27-405c-8c1e-dabd7c8705f2), after_create {{(pid=101784) _notify_loop /opt/stack/data/venv/lib/python3.12/site-packages/neutron_lib/callbacks/manager.py:184}}
Jul 23 22:25:30.877856 np0000186415 devstack@neutron-api.service[101784]: DEBUG neutron.api.rpc.handlers.resources_rpc [None req-5249d5d0-b206-4cb6-8008-49e23b4b404f admin admin] Pushing event updated for resources: {'Network': ['ID=c6cb5fc1-fa27-405c-8c1e-dabd7c8705f2,revision_number=1']} {{(pid=101784) push /opt/stack/neutron/neutron/api/rpc/handlers/resources_rpc.py:237}}
Jul 23 22:25:30.888066 np0000186415 devstack@neutron-api.service[101784]: DEBUG ovsdbapp.backend.ovs_idl.transaction [-] Running txn n=1 command(idx=0): AddNetworkCommand(_result=None, network_uuid=c6cb5fc1-fa27-405c-8c1e-dabd7c8705f2, may_exist=True, columns={'external_ids': {'neutron:network_name': 'private', 'neutron:mtu': '1372', 'neutron:revision_number': '1', 'neutron:availability_zone_hints': '', 'neutron:provnet-network-type': 'geneve'}, 'other_config': {'mcast_snoop': 'false', 'mcast_flood_unregistered': 'false', 'vlan-passthru': 'false'}}) {{(pid=101784) do_commit /opt/stack/data/venv/lib/python3.12/site-packages/ovsdbapp/backend/ovs_idl/transaction.py:89}}
Jul 23 22:25:30.889006 np0000186415 devstack@neutron-api.service[101784]: DEBUG neutron.common.ovn.utils [-] OVS persist_uuid supported=True {{(pid=101784) ovs_persist_uuid_supported /opt/stack/neutron/neutron/common/ovn/utils.py:1565}}
Jul 23 22:25:30.893174 np0000186415 devstack@neutron-api.service[101782]: DEBUG neutron.plugins.ml2.drivers.ovn.mech_driver.ovsdb.ovsdb_monitor [-] Hash Ring: Node 8f26376b95a85448b3706b91829679ec (host: np0000186415) handling event "create" for row c6cb5fc1-fa27-405c-8c1e-dabd7c8705f2 (table: Logical_Switch) {{(pid=101782) notify /opt/stack/neutron/neutron/plugins/ml2/drivers/ovn/mech_driver/ovsdb/ovsdb_monitor.py:1013}}
Jul 23 22:25:30.897371 np0000186415 devstack@neutron-api.service[101785]: DEBUG neutron.plugins.ml2.drivers.ovn.mech_driver.ovsdb.ovsdb_monitor [-] Hash Ring: Node c9e52e72c15c592b853d6353a702c9e3 (host: np0000186415) handling event "create" for row c6cb5fc1-fa27-405c-8c1e-dabd7c8705f2 (table: Logical_Switch) {{(pid=101785) notify /opt/stack/neutron/neutron/plugins/ml2/drivers/ovn/mech_driver/ovsdb/ovsdb_monitor.py:1013}}
Jul 23 22:25:30.901622 np0000186415 devstack@neutron-api.service[101782]: DEBUG neutron.plugins.ml2.drivers.ovn.mech_driver.ovsdb.ovsdb_monitor [-] Hash Ring: Node 8f26376b95a85448b3706b91829679ec (host: np0000186415) handling event "create" for row 8d4e9c0d-645d-412e-895f-1e06b48df2f9 (table: Datapath_Binding) {{(pid=101782) notify /opt/stack/neutron/neutron/plugins/ml2/drivers/ovn/mech_driver/ovsdb/ovsdb_monitor.py:1013}}
Jul 23 22:25:30.936954 np0000186415 devstack@neutron-api.service[101784]: INFO neutron.db.ovn_revision_numbers_db [None req-5249d5d0-b206-4cb6-8008-49e23b4b404f admin admin] Successfully bumped revision number for resource c6cb5fc1-fa27-405c-8c1e-dabd7c8705f2 (type: networks) to 1
Jul 23 22:25:31.279458 np0000186415 devstack@neutron-api.service[101784]: DEBUG neutron_lib.callbacks.manager [None req-5249d5d0-b206-4cb6-8008-49e23b4b404f admin admin] Publish callbacks ['neutron.plugins.ml2.plugin.SecurityGroupDbMixin._ensure_default_security_group_handler-1008751'] for port (None), before_create {{(pid=101784) _notify_loop /opt/stack/data/venv/lib/python3.12/site-packages/neutron_lib/callbacks/manager.py:184}}
