Jul 23 22:25:49.638988 np0000186415 devstack@neutron-api.service[101783]: DEBUG neutron.plugins.ml2.drivers.ovn.mech_driver.ovsdb.ovsdb_monitor [None req-3fea2648-ad27-46bb-9a8c-3c2cbe966bc3 None None] Hash Ring: Node a0bee679c57e54c5a882ea5ada62d177 (host: np0000186415) handling event "update" for row b6edd183-bb1f-4670-9d55-2671fdb783af (table: Port_Binding) {{(pid=101783) notify /opt/stack/neutron/neutron/plugins/ml2/drivers/ovn/mech_driver/ovsdb/ovsdb_monitor.py:1013}}
Jul 23 22:25:49.650775 np0000186415 devstack@neutron-api.service[101783]: DEBUG neutron.plugins.ml2.plugin [None req-542868b9-c767-48ad-8556-fdb6f470c129 None None] Current status of the port 4d0099db-aa05-42af-a6fd-ad7bcb4fe2d2 is: DOWN; New status is: ACTIVE {{(pid=101783) _update_individual_port_db_status /opt/stack/neutron/neutron/plugins/ml2/plugin.py:2473}}
Jul 23 22:25:49.650946 np0000186415 devstack@neutron-api.service[101783]: DEBUG neutron_lib.callbacks.manager [None req-542868b9-c767-48ad-8556-fdb6f470c129 None None] Publish callbacks ['neutron.plugins.ml2.plugin.SecurityGroupDbMixin._ensure_default_security_group_handler-3260273', 'neutron.services.ovn_l3.plugin.OVNL3RouterPlugin._port_update-7922654638754', 'neutron.db.l3_db.L3_NAT_dbonly_mixin._prevent_internal_ip_change_for_fip-7922655846200'] for port (4d0099db-aa05-42af-a6fd-ad7bcb4fe2d2), before_update {{(pid=101783) _notify_loop /opt/stack/data/venv/lib/python3.12/site-packages/neutron_lib/callbacks/manager.py:184}}
Jul 23 22:25:49.665702 np0000186415 devstack@neutron-api.service[101783]: DEBUG neutron.plugins.ml2.db [None req-542868b9-c767-48ad-8556-fdb6f470c129 None None] For port 4d0099db-aa05-42af-a6fd-ad7bcb4fe2d2, host np0000186415, got binding levels [PortBindingLevel(driver='ovn',host='np0000186415',level=0,port_id=4d0099db-aa05-42af-a6fd-ad7bcb4fe2d2,segment=NetworkSegment(e7ecb8fe-8b13-4692-b4c4-ab56323d8208),segment_id=e7ecb8fe-8b13-4692-b4c4-ab56323d8208)] {{(pid=101783) get_binding_level_objs /opt/stack/neutron/neutron/plugins/ml2/db.py:74}}
Jul 23 22:25:49.666021 np0000186415 devstack@neutron-api.service[101783]: DEBUG neutron.plugins.ml2.drivers.ovn.mech_driver.mech_driver [None req-542868b9-c767-48ad-8556-fdb6f470c129 None None] No provisioning block for port 4d0099db-aa05-42af-a6fd-ad7bcb4fe2d2 since it is active {{(pid=101783) _is_port_provisioning_required /opt/stack/neutron/neutron/plugins/ml2/drivers/ovn/mech_driver/mech_driver.py:894}}
Jul 23 22:25:49.837620 np0000186415 devstack@neutron-api.service[101782]: [pid: 101782|app: 0|req: 8/26] 199.204.45.116 () {64 vars in 1527 bytes} [Thu Jul 23 22:25:49 2026] GET /networking/v2.0/ports?device_owner=network%3Arouter_gateway&fields=id&fields=name&fields=mac_address&fields=fixed_ips&fields=status => generated 212 bytes in 81 msecs (HTTP/1.1 200) 4 headers in 157 bytes (1 switches on core 0)
Jul 23 22:25:49.850125 np0000186415 devstack@neutron-api.service[101782]: DEBUG neutron_lib.callbacks.manager [None req-62b489f8-c08c-40fd-bc8d-8ecee81e50ca None None] Publish callbacks ['neutron.plugins.ml2.plugin.SecurityGroupDbMixin._ensure_default_security_group_handler-889772', 'neutron.services.ovn_l3.plugin.OVNL3RouterPlugin._port_update-7922654256162', 'neutron.db.l3_db.L3_NAT_dbonly_mixin._prevent_internal_ip_change_for_fip-7922655846320'] for port (4d0099db-aa05-42af-a6fd-ad7bcb4fe2d2), before_update {{(pid=101782) _notify_loop /opt/stack/data/venv/lib/python3.12/site-packages/neutron_lib/callbacks/manager.py:184}}
Jul 23 22:25:49.912502 np0000186415 devstack@neutron-api.service[101782]: DEBUG neutron.plugins.ml2.db [None req-62b489f8-c08c-40fd-bc8d-8ecee81e50ca None None] For port 4d0099db-aa05-42af-a6fd-ad7bcb4fe2d2, host np0000186415, got binding levels [PortBindingLevel(driver='ovn',host='np0000186415',level=0,port_id=4d0099db-aa05-42af-a6fd-ad7bcb4fe2d2,segment=NetworkSegment(e7ecb8fe-8b13-4692-b4c4-ab56323d8208),segment_id=e7ecb8fe-8b13-4692-b4c4-ab56323d8208)] {{(pid=101782) get_binding_level_objs /opt/stack/neutron/neutron/plugins/ml2/db.py:74}}
Jul 23 22:25:49.930628 np0000186415 devstack@neutron-api.service[101782]: DEBUG neutron_lib.callbacks.manager [None req-62b489f8-c08c-40fd-bc8d-8ecee81e50ca None None] Publish callbacks [] for port (4d0099db-aa05-42af-a6fd-ad7bcb4fe2d2), precommit_update {{(pid=101782) _notify_loop /opt/stack/data/venv/lib/python3.12/site-packages/neutron_lib/callbacks/manager.py:184}}
Jul 23 22:25:49.930857 np0000186415 devstack@neutron-api.service[101782]: DEBUG neutron.plugins.ml2.drivers.ovn.mech_driver.mech_driver [None req-62b489f8-c08c-40fd-bc8d-8ecee81e50ca None None] No provisioning block for port 4d0099db-aa05-42af-a6fd-ad7bcb4fe2d2 since host unchanged {{(pid=101782) _is_port_provisioning_required /opt/stack/neutron/neutron/plugins/ml2/drivers/ovn/mech_driver/mech_driver.py:904}}
Jul 23 22:25:49.993457 np0000186415 devstack@neutron-api.service[101782]: DEBUG neutron_lib.callbacks.manager [None req-62b489f8-c08c-40fd-bc8d-8ecee81e50ca None None] Publish callbacks ['neutron.plugins.ml2.ovo_rpc._ObjectChangeHandler.handle_event-1183117', 'neutron.services.ovn_l3.plugin.OVNL3RouterPlugin._port_update-7922654256162'] for port (4d0099db-aa05-42af-a6fd-ad7bcb4fe2d2), after_update {{(pid=101782) _notify_loop /opt/stack/data/venv/lib/python3.12/site-packages/neutron_lib/callbacks/manager.py:184}}
Jul 23 22:25:50.047027 np0000186415 devstack@neutron-api.service[101782]: DEBUG neutron.api.rpc.handlers.resources_rpc [None req-62b489f8-c08c-40fd-bc8d-8ecee81e50ca None None] Pushing event updated for resources: {'Port': ['ID=4d0099db-aa05-42af-a6fd-ad7bcb4fe2d2,revision_number=5']} {{(pid=101782) push /opt/stack/neutron/neutron/api/rpc/handlers/resources_rpc.py:237}}
Jul 23 22:25:50.053049 np0000186415 devstack@neutron-api.service[101782]: DEBUG neutron.api.rpc.callbacks.version_manager [None req-62b489f8-c08c-40fd-bc8d-8ecee81e50ca None None] Tracked resource versions report:
Jul 23 22:25:50.053049 np0000186415 devstack@neutron-api.service[101782]: pushed versions:
Jul 23 22:25:50.053049 np0000186415 devstack@neutron-api.service[101782]: { 'AddressGroup': {'1.2'},
Jul 23 22:25:50.053049 np0000186415 devstack@neutron-api.service[101782]: 'Agent': {'1.1'},
Jul 23 22:25:50.053049 np0000186415 devstack@neutron-api.service[101782]: 'ConntrackHelper': {'1.0'},
Jul 23 22:25:50.053049 np0000186415 devstack@neutron-api.service[101782]: 'LocalIPAssociation': {'1.0'},
Jul 23 22:25:50.053049 np0000186415 devstack@neutron-api.service[101782]: 'Log': {'1.0'},
Jul 23 22:25:50.053049 np0000186415 devstack@neutron-api.service[101782]: 'NDPProxy': {'1.0'},
Jul 23 22:25:50.053049 np0000186415 devstack@neutron-api.service[101782]: 'Network': {'1.3'},
Jul 23 22:25:50.053049 np0000186415 devstack@neutron-api.service[101782]: 'Port': {'1.11'},
Jul 23 22:25:50.053049 np0000186415 devstack@neutron-api.service[101782]: 'PortForwarding': {'1.3'},
Jul 23 22:25:50.053049 np0000186415 devstack@neutron-api.service[101782]: 'QosPolicy': {'1.10'},
Jul 23 22:25:50.053049 np0000186415 devstack@neutron-api.service[101782]: 'SecurityGroup': {'1.6'},
Jul 23 22:25:50.053049 np0000186415 devstack@neutron-api.service[101782]: 'SecurityGroupRule': {'1.3'},
Jul 23 22:25:50.053049 np0000186415 devstack@neutron-api.service[101782]: 'SubPort': {'1.0'},
Jul 23 22:25:50.053049 np0000186415 devstack@neutron-api.service[101782]: 'Subnet': {'1.2'},
Jul 23 22:25:50.053049 np0000186415 devstack@neutron-api.service[101782]: 'Trunk': {'1.1'}}
Jul 23 22:25:50.053049 np0000186415 devstack@neutron-api.service[101782]: consumer versions:
Jul 23 22:25:50.053049 np0000186415 devstack@neutron-api.service[101782]: { OVN Controller Gateway agent@np0000186415: {},
Jul 23 22:25:50.053049 np0000186415 devstack@neutron-api.service[101782]: OVN Neutron agent@np0000186415: {}}
Jul 23 22:25:50.053049 np0000186415 devstack@neutron-api.service[101782]: {{(pid=101782) report /opt/stack/neutron/neutron/api/rpc/callbacks/version_manager.py:183}}
Jul 23 22:25:50.116379 np0000186415 devstack@neutron-api.service[101783]: DEBUG neutron.plugins.ml2.drivers.ovn.mech_driver.ovsdb.commands [None req-542868b9-c767-48ad-8556-fdb6f470c129 None None] Converting tag [] to a tag_request {{(pid=101783) _tag_column_to_tag_request /opt/stack/neutron/neutron/plugins/ml2/drivers/ovn/mech_driver/ovsdb/commands.py:205}}
Jul 23 22:25:50.118043 np0000186415 devstack@neutron-api.service[101783]: DEBUG ovsdbapp.backend.ovs_idl.transaction [None req-119c8265-ac87-480d-80b9-862b141b218f None None] Running txn n=1 command(idx=0): CheckRevisionNumberCommand(_result=None, name=4d0099db-aa05-42af-a6fd-ad7bcb4fe2d2, resource={'id': '4d0099db-aa05-42af-a6fd-ad7bcb4fe2d2', 'name': '', 'network_id': '1182d1ae-486c-4558-bd73-4b3f79ac7a83', 'project_id': '', 'mac_address': 'fa:16:3e:66:f3:42', 'admin_state_up': True, 'status': 'ACTIVE', 'device_id': '8598a12f-3854-4eb6-83e9-f2a146bcc40c', 'device_owner': 'network:router_gateway', 'standard_attr_id': 23, 'fixed_ips': [{'subnet_id': 'd9b6cedb-63c2-4eaf-9f10-cda74f266253', 'ip_address': '172.24.5.132'}], 'allowed_address_pairs': [], 'extra_dhcp_opts': [], 'security_groups': [], 'description': '', 'binding:vnic_type': 'normal', 'binding:profile': {}, 'binding:host_id': 'np0000186415', 'binding:vif_type': 'ovs', 'binding:vif_details': {'port_filter': True, 'connectivity': 'l2', 'ovs_create_tap': True, 'bridge_name': 'br-int', 'datapath_type': 'system', 'bound_drivers': {'0': 'ovn'}}, 'port_security_enabled': False, 'tags': [], 'created_at': '2026-07-23T22:25:47Z', 'updated_at': '2026-07-23T22:25:49Z', 'revision_number': 5, 'tenant_id': '', 'network': {'id': '1182d1ae-486c-4558-bd73-4b3f79ac7a83', 'name': 'public', 'tenant_id': '13e7f082626340ee887677441175bcb5', 'project_id': '13e7f082626340ee887677441175bcb5', 'admin_state_up': True, 'mtu': 1430, 'status': 'ACTIVE', 'subnets': ['d9b6cedb-63c2-4eaf-9f10-cda74f266253'], 'standard_attr_id': 18, 'shared': False, 'availability_zone_hints': [], 'availability_zones': [], 'ipv4_address_scope': None, 'ipv6_address_scope': None, 'router:external': True, 'qinq': False, 'vlan_transparent': False, 'description': '', 'port_security_enabled': True, 'is_default': True, 'tags': [], 'created_at': '2026-07-23T22:25:40Z', 'updated_at': '2026-07-23T22:25:44Z', 'revision_number': 2, 'provider:network_type': 'flat', 'provider:physical_network': 'public', 'provider:segmentation_id': None}}, resource_type=ports, if_exists=True) {{(pid=101783) do_commit /opt/stack/data/venv/lib/python3.12/site-packages/ovsdbapp/backend/ovs_idl/transaction.py:89}}
Jul 23 22:25:50.118802 np0000186415 devstack@neutron-api.service[101783]: DEBUG ovsdbapp.backend.ovs_idl.transaction [None req-119c8265-ac87-480d-80b9-862b141b218f None None] Running txn n=1 command(idx=1): SetLSwitchPortCommand(_result=None, lport=4d0099db-aa05-42af-a6fd-ad7bcb4fe2d2, external_ids_update=None, columns={'external_ids': {'neutron:port_name': '', 'neutron:device_id': '8598a12f-3854-4eb6-83e9-f2a146bcc40c', 'neutron:project_id': '', 'neutron:cidrs': '172.24.5.132/24', 'neutron:device_owner': 'network:router_gateway', 'neutron:subnet_pool_addr_scope4': '', 'neutron:subnet_pool_addr_scope6': '', 'neutron:network_name': 'neutron-1182d1ae-486c-4558-bd73-4b3f79ac7a83', 'neutron:security_group_ids': '', 'neutron:revision_number': '5', 'neutron:vnic_type': 'normal', 'neutron:port_capabilities': '', 'neutron:mtu': '', 'neutron:host_id': 'np0000186415'}, 'parent_name': [], 'options': {'requested-chassis': 'np0000186415', 'exclude-lb-vips-from-garp': 'true', 'nat-addresses': 'router', 'router-port': 'lrp-4d0099db-aa05-42af-a6fd-ad7bcb4fe2d2'}, 'enabled': True, 'port_security': [], 'dhcpv4_options': [], 'dhcpv6_options': [], 'type': 'router', 'ha_chassis_group': [], 'tag_request': []}, if_exists=False) {{(pid=101783) do_commit /opt/stack/data/venv/lib/python3.12/site-packages/ovsdbapp/backend/ovs_idl/transaction.py:89}}
Jul 23 22:25:50.120597 np0000186415 devstack@neutron-api.service[101783]: DEBUG ovsdbapp.backend.ovs_idl.transaction [None req-119c8265-ac87-480d-80b9-862b141b218f None None] Running txn n=1 command(idx=2): PgDelPortCommand(_result=None, port_group=neutron_pg_drop, lsp=['4d0099db-aa05-42af-a6fd-ad7bcb4fe2d2'], if_exists=False) {{(pid=101783) do_commit /opt/stack/data/venv/lib/python3.12/site-packages/ovsdbapp/backend/ovs_idl/transaction.py:89}}
Jul 23 22:25:50.140684 np0000186415 devstack@neutron-api.service[101785]: DEBUG neutron.pecan_wsgi.hooks.policy_enforcement [None req-745f331c-7cf4-462b-ba07-6a3ee69e207a admin admin] Attributes excluded by policy engine: ['standard_attr_id', 'shared'] {{(pid=101785) _exclude_attributes_by_policy /opt/stack/neutron/neutron/pecan_wsgi/hooks/policy_enforcement.py:259}}
Jul 23 22:25:50.142056 np0000186415 devstack@neutron-api.service[101785]: [pid: 101785|app: 0|req: 7/27] 199.204.45.116 () {64 vars in 1412 bytes} [Thu Jul 23 22:25:50 2026] GET /networking/v2.0/subnets/9bb99ceb-b5c4-456c-bc8a-bbe68b074d87 => generated 730 bytes in 26 msecs (HTTP/1.1 200) 4 headers in 157 bytes (1 switches on core 0)
Jul 23 22:25:50.159634 np0000186415 devstack@neutron-api.service[101784]: DEBUG neutron.plugins.ml2.drivers.ovn.mech_driver.ovsdb.ovsdb_monitor [None req-be1c2340-28ac-430b-982c-e8a733efa340 None None] Touching Hash Ring node "e20f0dc5275356f59035fc2323da4df1" from IDL notify handler {{(pid=101784) notify /opt/stack/neutron/neutron/plugins/ml2/drivers/ovn/mech_driver/ovsdb/ovsdb_monitor.py:1005}}
Jul 23 22:25:50.162841 np0000186415 devstack@neutron-api.service[101783]: DEBUG neutron.api.wsgi [None req-f33bc141-ab93-418a-8bdb-12c89c783c03 admin admin] Missing Content-Type {{(pid=101783) get_content_type /opt/stack/neutron/neutron/api/wsgi.py:80}}
Jul 23 22:25:50.164628 np0000186415 devstack@neutron-api.service[101782]: DEBUG neutron.plugins.ml2.drivers.ovn.mech_driver.ovsdb.ovsdb_monitor [None req-490bab79-7128-4375-beee-038598d5281f None None] Touching Hash Ring node "8f26376b95a85448b3706b91829679ec" from IDL notify handler {{(pid=101782) notify /opt/stack/neutron/neutron/plugins/ml2/drivers/ovn/mech_driver/ovsdb/ovsdb_monitor.py:1005}}
Jul 23 22:25:50.178466 np0000186415 devstack@neutron-api.service[101784]: DEBUG neutron.plugins.ml2.drivers.ovn.mech_driver.ovsdb.ovsdb_monitor [None req-be1c2340-28ac-430b-982c-e8a733efa340 None None] Hash Ring: Node e20f0dc5275356f59035fc2323da4df1 (host: np0000186415) handling event "update" for row 95d64898-6b13-481d-8720-a9bca4729dd3 (table: Logical_Switch_Port) {{(pid=101784) notify /opt/stack/neutron/neutron/plugins/ml2/drivers/ovn/mech_driver/ovsdb/ovsdb_monitor.py:1013}}
Jul 23 22:25:50.186501 np0000186415 devstack@neutron-api.service[101782]: DEBUG neutron.plugins.ml2.drivers.ovn.mech_driver.ovsdb.ovsdb_monitor [None req-96b2267c-a244-47ad-bcd9-f897ca206a54 None None] Touching Hash Ring node "8f26376b95a85448b3706b91829679ec" from IDL notify handler {{(pid=101782) notify /opt/stack/neutron/neutron/plugins/ml2/drivers/ovn/mech_driver/ovsdb/ovsdb_monitor.py:1005}}
Jul 23 22:25:50.191670 np0000186415 devstack@neutron-api.service[101782]: DEBUG neutron.plugins.ml2.drivers.ovn.mech_driver.ovsdb.ovsdb_monitor [None req-490bab79-7128-4375-beee-038598d5281f None None] Hash Ring: Node 8f26376b95a85448b3706b91829679ec (host: np0000186415) handling event "update" for row 95d64898-6b13-481d-8720-a9bca4729dd3 (table: Logical_Switch_Port) {{(pid=101782) notify /opt/stack/neutron/neutron/plugins/ml2/drivers/ovn/mech_driver/ovsdb/ovsdb_monitor.py:1013}}
Jul 23 22:25:50.196961 np0000186415 devstack@neutron-api.service[101782]: DEBUG neutron.plugins.ml2.drivers.ovn.mech_driver.ovsdb.ovsdb_monitor [None req-96b2267c-a244-47ad-bcd9-f897ca206a54 None None] Hash Ring: Node 8f26376b95a85448b3706b91829679ec (host: np0000186415) handling event "update" for row b6edd183-bb1f-4670-9d55-2671fdb783af (table: Port_Binding) {{(pid=101782) notify /opt/stack/neutron/neutron/plugins/ml2/drivers/ovn/mech_driver/ovsdb/ovsdb_monitor.py:1013}}
Jul 23 22:25:50.197157 np0000186415 devstack@neutron-api.service[101783]: DEBUG neutron.plugins.ml2.drivers.ovn.mech_driver.ovsdb.ovsdb_monitor [None req-3fea2648-ad27-46bb-9a8c-3c2cbe966bc3 None None] Touching Hash Ring node "a0bee679c57e54c5a882ea5ada62d177" from IDL notify handler {{(pid=101783) notify /opt/stack/neutron/neutron/plugins/ml2/drivers/ovn/mech_driver/ovsdb/ovsdb_monitor.py:1005}}
Jul 23 22:25:50.243229 np0000186415 devstack@neutron-api.service[101782]: DEBUG neutron.plugins.ml2.drivers.ovn.mech_driver.ovsdb.commands [None req-62b489f8-c08c-40fd-bc8d-8ecee81e50ca None None] Converting tag [] to a tag_request {{(pid=101782) _tag_column_to_tag_request /opt/stack/neutron/neutron/plugins/ml2/drivers/ovn/mech_driver/ovsdb/commands.py:205}}
Jul 23 22:25:50.244643 np0000186415 devstack@neutron-api.service[101782]: DEBUG ovsdbapp.backend.ovs_idl.transaction [None req-490bab79-7128-4375-beee-038598d5281f None None] Running txn n=1 command(idx=0): CheckRevisionNumberCommand(_result=None, name=4d0099db-aa05-42af-a6fd-ad7bcb4fe2d2, resource={'id': '4d0099db-aa05-42af-a6fd-ad7bcb4fe2d2', 'name': '', 'network_id': '1182d1ae-486c-4558-bd73-4b3f79ac7a83', 'project_id': '', 'mac_address': 'fa:16:3e:66:f3:42', 'admin_state_up': True, 'status': 'DOWN', 'device_id': '8598a12f-3854-4eb6-83e9-f2a146bcc40c', 'device_owner': 'network:router_gateway', 'standard_attr_id': 23, 'fixed_ips': [{'subnet_id': 'd9b6cedb-63c2-4eaf-9f10-cda74f266253', 'ip_address': '172.24.5.132'}], 'allowed_address_pairs': [], 'extra_dhcp_opts': [], 'security_groups': [], 'description': '', 'binding:vnic_type': 'normal', 'binding:profile': {}, 'binding:host_id': 'np0000186415', 'binding:vif_type': 'ovs', 'binding:vif_details': {'port_filter': True, 'connectivity': 'l2', 'ovs_create_tap': True, 'bridge_name': 'br-int', 'datapath_type': 'system'}, 'port_security_enabled': False, 'tags': [], 'created_at': '2026-07-23T22:25:47Z', 'updated_at': '2026-07-23T22:25:49Z', 'revision_number': 4, 'tenant_id': '', 'network': {'id': '1182d1ae-486c-4558-bd73-4b3f79ac7a83', 'name': 'public', 'tenant_id': '13e7f082626340ee887677441175bcb5', 'project_id': '13e7f082626340ee887677441175bcb5', 'admin_state_up': True, 'mtu': 1430, 'status': 'ACTIVE', 'subnets': ['d9b6cedb-63c2-4eaf-9f10-cda74f266253'], 'standard_attr_id': 18, 'shared': False, 'availability_zone_hints': [], 'availability_zones': [], 'ipv4_address_scope': None, 'ipv6_address_scope': None, 'router:external': True, 'qinq': False, 'vlan_transparent': False, 'description': '', 'port_security_enabled': True, 'is_default': True, 'tags': [], 'created_at': '2026-07-23T22:25:40Z', 'updated_at': '2026-07-23T22:25:44Z', 'revision_number': 2, 'provider:network_type': 'flat', 'provider:physical_network': 'public', 'provider:segmentation_id': None}}, resource_type=ports, if_exists=True) {{(pid=101782) do_commit /opt/stack/data/venv/lib/python3.12/site-packages/ovsdbapp/backend/ovs_idl/transaction.py:89}}
Jul 23 22:25:50.248466 np0000186415 devstack@neutron-api.service[101782]: ERROR ovsdbapp.backend.ovs_idl.transaction [None req-62b489f8-c08c-40fd-bc8d-8ecee81e50ca None None]
Traceback (most recent call last):
Jul 23 22:25:50.248466 np0000186415 devstack@neutron-api.service[101782]: File "/opt/stack/data/venv/lib/python3.12/site-packages/ovsdbapp/backend/ovs_idl/connection.py", line 127, in run
Jul 23 22:25:50.248466 np0000186415 devstack@neutron-api.service[101782]: txn.results.put(txn.do_commit())
Jul 23 22:25:50.248466 np0000186415 devstack@neutron-api.service[101782]: ^^^^^^^^^^^^^^^
Jul 23 22:25:50.248466 np0000186415 devstack@neutron-api.service[101782]: File "/opt/stack/data/venv/lib/python3.12/site-packages/ovsdbapp/backend/ovs_idl/transaction.py", line 92, in do_commit
Jul 23 22:25:50.248466 np0000186415 devstack@neutron-api.service[101782]: command.run_idl(txn)
Jul 23 22:25:50.248466 np0000186415 devstack@neutron-api.service[101782]: File "/opt/stack/neutron/neutron/plugins/ml2/drivers/ovn/mech_driver/ovsdb/commands.py", line 1137, in run_idl
Jul 23 22:25:50.248466 np0000186415 devstack@neutron-api.service[101782]: raise ovn_exc.RevisionConflict(
Jul 23 22:25:50.248466 np0000186415 devstack@neutron-api.service[101782]: neutron.common.ovn.exceptions.RevisionConflict: OVN revision number for 4d0099db-aa05-42af-a6fd-ad7bcb4fe2d2 (type: ports) is higher than the given resource. Skipping update
Jul 23 22:25:50.248466 np0000186415 devstack@neutron-api.service[101782]:
Jul 23 22:25:50.249013 np0000186415 devstack@neutron-api.service[101782]: INFO neutron.plugins.ml2.drivers.ovn.mech_driver.ovsdb.impl_idl_ovn [None req-62b489f8-c08c-40fd-bc8d-8ecee81e50ca None None] Transaction aborted. Reason: OVN revision number for 4d0099db-aa05-42af-a6fd-ad7bcb4fe2d2 (type: ports) is higher than the given resource. Skipping update
Jul 23 22:25:50.258667 np0000186415 devstack@neutron-api.service[101782]: DEBUG ovsdbapp.backend.ovs_idl.transaction [None req-490bab79-7128-4375-beee-038598d5281f None None] Running txn n=1 command(idx=0): DbSetCommand(_result=None, table=Logical_Switch_Port, record=4d0099db-aa05-42af-a6fd-ad7bcb4fe2d2, col_values=(('external_ids', {'neutron:host_id': 'np0000186415'}),), if_exists=True) {{(pid=101782) do_commit /opt/stack/data/venv/lib/python3.12/site-packages/ovsdbapp/backend/ovs_idl/transaction.py:89}}
Jul 23 22:25:50.259990 np0000186415 devstack@neutron-api.service[101782]: DEBUG ovsdbapp.backend.ovs_idl.transaction [None req-490bab79-7128-4375-beee-038598d5281f None None] Transaction caused no change {{(pid=101782) do_commit /opt/stack/data/venv/lib/python3.12/site-packages/ovsdbapp/backend/ovs_idl/transaction.py:129}}
Jul 23 22:25:50.270659 np0000186415 devstack@neutron-api.service[101783]: DEBUG neutron.plugins.ml2.drivers.ovn.mech_driver.ovsdb.ovsdb_monitor [None req-3fea2648-ad27-46bb-9a8c-3c2cbe966bc3 None None] Hash Ring: Node a0bee679c57e54c5a882ea5ada62d177 (host: np0000186415) handling event "update" for row b6edd183-bb1f-4670-9d55-2671fdb783af (table: Port_Binding) {{(pid=101783) notify /opt/stack/neutron/neutron/plugins/ml2/drivers/ovn/mech_driver/ovsdb/ovsdb_monitor.py:1013}}
Jul 23 22:25:50.283587 np0000186415 devstack@neutron-api.service[101782]: DEBUG neutron.plugins.ml2.plugin [None req-62b489f8-c08c-40fd-bc8d-8ecee81e50ca None None] Current status of the port 4d0099db-aa05-42af-a6fd-ad7bcb4fe2d2 is: ACTIVE; New status is: ACTIVE {{(pid=101782) _update_individual_port_db_status /opt/stack/neutron/neutron/plugins/ml2/plugin.py:2473}}
Jul 23 22:25:50.296194 np0000186415 devstack@neutron-api.service[101783]: INFO neutron.db.ovn_revision_numbers_db [None req-542868b9-c767-48ad-8556-fdb6f470c129 None None] Successfully bumped revision number for resource 4d0099db-aa05-42af-a6fd-ad7bcb4fe2d2 (type: ports) to 5
Jul 23 22:25:50.303532 np0000186415 devstack@neutron-api.service[101783]: [pid: 101783|app: 0|req: 7/28] 199.204.45.116 () {64 vars in 1412 bytes} [Thu Jul 23 22:25:50 2026] GET /networking/v2.0/routers/8598a12f-3854-4eb6-83e9-f2a146bcc40c => generated 942 bytes in 149 msecs (HTTP/1.1 200) 4 headers in 157 bytes (1 switches on core 0)
Jul 23 22:25:50.310025 np0000186415 devstack@neutron-api.service[101783]: DEBUG neutron_lib.callbacks.manager [None req-542868b9-c767-48ad-8556-fdb6f470c129 None None] Publish callbacks ['neutron.plugins.ml2.ovo_rpc._ObjectChangeHandler.handle_event-32377172', 'neutron.services.ovn_l3.plugin.OVNL3RouterPlugin._port_update-7922654638754'] for port (4d0099db-aa05-42af-a6fd-ad7bcb4fe2d2), after_update {{(pid=101783) _notify_loop /opt/stack/data/venv/lib/python3.12/site-packages/neutron_lib/callbacks/manager.py:184}}
Jul 23 22:25:50.336472 np0000186415 devstack@neutron-api.service[101783]: DEBUG neutron.api.rpc.handlers.resources_rpc [None req-542868b9-c767-48ad-8556-fdb6f470c129 None None] Pushing event updated for resources: {'Port': ['ID=4d0099db-aa05-42af-a6fd-ad7bcb4fe2d2,revision_number=5']} {{(pid=101783) push /opt/stack/neutron/neutron/api/rpc/handlers/resources_rpc.py:237}}
Jul 23 22:25:50.393977 np0000186415 devstack@neutron-api.service[101782]: DEBUG futurist.periodics [-] Submitting periodic callback 'neutron.plugins.ml2.drivers.ovn.mech_driver.ovsdb.maintenance.HashRingHealthCheckPeriodics.touch_hash_ring_node' {{(pid=101782) _process_scheduled /opt/stack/data/venv/lib/python3.12/site-packages/futurist/periodics.py:784}}
Jul 23 22:25:50.393977 np0000186415 devstack@neutron-api.service[101782]: DEBUG neutron.plugins.ml2.drivers.ovn.mech_driver.ovsdb.maintenance [-] Touching Hash Ring node "8f26376b95a85448b3706b91829679ec" from periodic health check thread {{(pid=101782) touch_hash_ring_node /opt/stack/neutron/neutron/plugins/ml2/drivers/ovn/mech_driver/ovsdb/maintenance.py:1417}}
Jul 23 22:25:50.521948 np0000186415 devstack@neutron-api.service[101784]: DEBUG neutron_lib.callbacks.manager [None req-96b697c4-c1cb-49f6-92d8-544cb3a18c47 admin admin] Publish callbacks ['neutron.plugins.ml2.plugin.SecurityGroupDbMixin._ensure_default_security_group_handler-1008751'] for port (None), before_create {{(pid=101784) _notify_loop /opt/stack/data/venv/lib/python3.12/site-packages/neutron_lib/callbacks/manager.py:184}}
Jul 23 22:25:50.619172 np0000186415 devstack@neutron-api.service[101784]: DEBUG neutron.db.db_base_plugin_common [None req-96b697c4-c1cb-49f6-92d8-544cb3a18c47 admin admin] Allocated IP fdbc:aed7:9a14::1 (c6cb5fc1-fa27-405c-8c1e-dabd7c8705f2/9bb99ceb-b5c4-456c-bc8a-bbe68b074d87/cf4ea5b6-53f5-4fa3-abba-a430b884a470) {{(pid=101784) _store_ip_allocation /opt/stack/neutron/neutron/db/db_base_plugin_common.py:131}}
Jul 23 22:25:50.672134 np0000186415 devstack@neutron-api.service[101784]: DEBUG neutron_lib.callbacks.manager [None req-96b697c4-c1cb-49f6-92d8-544cb3a18c47 admin admin] Publish callbacks ['neutron.plugins.ml2.drivers.ovn.mech_driver.mech_driver.OVNMechanismDriver._validate_allowed_address_pairs-463898'] for allowed_address_pair (cf4ea5b6-53f5-4fa3-abba-a430b884a470), before_create {{(pid=101784) _notify_loop /opt/stack/data/venv/lib/python3.12/site-packages/neutron_lib/callbacks/manager.py:184}}
Jul 23 22:25:50.672561 np0000186415 devstack@neutron-api.service[101784]: DEBUG neutron_lib.callbacks.manager [None req-96b697c4-c1cb-49f6-92d8-544cb3a18c47 admin admin] Publish callbacks [] for port (cf4ea5b6-53f5-4fa3-abba-a430b884a470), precommit_create {{(pid=101784) _notify_loop /opt/stack/data/venv/lib/python3.12/site-packages/neutron_lib/callbacks/manager.py:184}}
Jul 23 22:25:50.672783 np0000186415 devstack@neutron-api.service[101784]: DEBUG neutron.plugins.ml2.drivers.ovn.mech_driver.mech_driver [None req-96b697c4-c1cb-49f6-92d8-544cb3a18c47 admin admin] No provisioning block for port cf4ea5b6-53f5-4fa3-abba-a430b884a470 since it does not have a host {{(pid=101784) _is_port_provisioning_required /opt/stack/neutron/neutron/plugins/ml2/drivers/ovn/mech_driver/mech_driver.py:899}}
Jul 23 22:25:50.672889 np0000186415 devstack@neutron-api.service[101784]: DEBUG neutron.db.ovn_revision_numbers_db [None req-96b697c4-c1cb-49f6-92d8-544cb3a18c47 admin admin] create_initial_revision uuid=cf4ea5b6-53f5-4fa3-abba-a430b884a470, type=ports, rev=-1 {{(pid=101784) create_initial_revision /opt/stack/neutron/neutron/db/ovn_revision_numbers_db.py:98}}
Jul 23 22:25:50.761480 np0000186415 devstack@neutron-api.service[101784]: DEBUG neutron.db.ovn_revision_numbers_db [None req-96b697c4-c1cb-49f6-92d8-544cb3a18c47 admin admin] create_initial_revision uuid=cf4ea5b6-53f5-4fa3-abba-a430b884a470, type=router_ports, rev=-1 {{(pid=101784) create_initial_revision /opt/stack/neutron/neutron/db/ovn_revision_numbers_db.py:98}}
Jul 23 22:25:50.795178 np0000186415 devstack@neutron-api.service[101784]: DEBUG neutron_lib.callbacks.manager [None req-96b697c4-c1cb-49f6-92d8-544cb3a18c47 admin admin] Publish callbacks ['neutron.plugins.ml2.ovo_rpc._ObjectChangeHandler.handle_event-1171130'] for port (cf4ea5b6-53f5-4fa3-abba-a430b884a470), after_create {{(pid=101784) _notify_loop /opt/stack/data/venv/lib/python3.12/site-packages/neutron_lib/callbacks/manager.py:184}}
Jul 23 22:25:50.822017 np0000186415 devstack@neutron-api.service[101784]: DEBUG neutron.api.rpc.handlers.resources_rpc [None req-96b697c4-c1cb-49f6-92d8-544cb3a18c47 admin admin] Pushing event updated for resources: {'Port': ['ID=cf4ea5b6-53f5-4fa3-abba-a430b884a470,revision_number=1']} {{(pid=101784) push /opt/stack/neutron/neutron/api/rpc/handlers/resources_rpc.py:237}}
Jul 23 22:25:50.861648 np0000186415 devstack@neutron-api.service[101784]: DEBUG neutron.plugins.ml2.drivers.ovn.mech_driver.ovsdb.commands [None req-96b697c4-c1cb-49f6-92d8-544cb3a18c47 admin admin] Converting tag [] to a tag_request {{(pid=101784) _tag_column_to_tag_request /opt/stack/neutron/neutron/plugins/ml2/drivers/ovn/mech_driver/ovsdb/commands.py:205}}
Jul 23 22:25:50.863155 np0000186415 devstack@neutron-api.service[101784]: DEBUG ovsdbapp.backend.ovs_idl.transaction [None req-be1c2340-28ac-430b-982c-e8a733efa340 None None] Running txn n=1 command(idx=0): AddLSwitchPortCommand(_result=None, lport=cf4ea5b6-53f5-4fa3-abba-a430b884a470, lswitch=neutron-c6cb5fc1-fa27-405c-8c1e-dabd7c8705f2, may_exist=True, network_uuid=c6cb5fc1-fa27-405c-8c1e-dabd7c8705f2, columns={'addresses': ['unknown'], 'external_ids': {'neutron:port_name': '', 'neutron:device_id': '8598a12f-3854-4eb6-83e9-f2a146bcc40c', 'neutron:project_id': '13e7f082626340ee887677441175bcb5', 'neutron:cidrs': 'fdbc:aed7:9a14::1/64', 'neutron:device_owner': 'network:router_interface', 'neutron:subnet_pool_addr_scope4': '', 'neutron:subnet_pool_addr_scope6': '', 'neutron:network_name': 'neutron-c6cb5fc1-fa27-405c-8c1e-dabd7c8705f2', 'neutron:security_group_ids': '', 'neutron:revision_number': '1', 'neutron:vnic_type': 'normal', 'neutron:port_capabilities': '', 'neutron:mtu': ''}, 'parent_name': [], 'enabled': True, 'options': {}, 'type': '', 'port_security': [], 'dhcpv4_options': [], 'dhcpv6_options': [], 'tag_request': []}) {{(pid=101784) do_commit /opt/stack/data/venv/lib/python3.12/site-packages/ovsdbapp/backend/ovs_idl/transaction.py:89}}
Jul 23 22:25:50.864618 np0000186415 devstack@neutron-api.service[101784]: DEBUG ovsdbapp.backend.ovs_idl.transaction [None req-be1c2340-28ac-430b-982c-e8a733efa340 None None] Running txn n=1 command(idx=1): QoSDelCommand(_result=None, switch=neutron-c6cb5fc1-fa27-405c-8c1e-dabd7c8705f2, conditions=[('direction', '=', 'to-lport'), ('priority', '=', 2002), ('match', '=', 'outport == "cf4ea5b6-53f5-4fa3-abba-a430b884a470"')], if_exists=True) {{(pid=101784) do_commit /opt/stack/data/venv/lib/python3.12/site-packages/ovsdbapp/backend/ovs_idl/transaction.py:89}}
Jul 23 22:25:50.865013 np0000186415 devstack@neutron-api.service[101784]: DEBUG ovsdbapp.backend.ovs_idl.transaction [None req-be1c2340-28ac-430b-982c-e8a733efa340 None None] Running txn n=1 command(idx=2): QoSDelCommand(_result=None, switch=neutron-c6cb5fc1-fa27-405c-8c1e-dabd7c8705f2, conditions=[('direction', '=', 'from-lport'), ('priority', '=', 2002), ('match', '=', 'inport == "cf4ea5b6-53f5-4fa3-abba-a430b884a470"')], if_exists=True) {{(pid=101784) do_commit /opt/stack/data/venv/lib/python3.12/site-packages/ovsdbapp/backend/ovs_idl/transaction.py:89}}
Jul 23 22:25:50.871025 np0000186415 devstack@neutron-api.service[101782]: DEBUG neutron.plugins.ml2.drivers.ovn.mech_driver.ovsdb.ovsdb_monitor [None req-490bab79-7128-4375-beee-038598d5281f None None] Touching Hash Ring node "8f26376b95a85448b3706b91829679ec" from IDL notify handler {{(pid=101782) notify /opt/stack/neutron/neutron/plugins/ml2/drivers/ovn/mech_driver/ovsdb/ovsdb_monitor.py:1005}}
Jul 23 22:25:50.875892 np0000186415 devstack@neutron-api.service[101785]: DEBUG neutron.plugins.ml2.drivers.ovn.mech_driver.ovsdb.ovsdb_monitor [None req-ff387d44-0f36-4d79-b83e-66c483115ae8 None None] Touching Hash Ring node "c9e52e72c15c592b853d6353a702c9e3" from IDL notify handler {{(pid=101785) notify /opt/stack/neutron/neutron/plugins/ml2/drivers/ovn/mech_driver/ovsdb/ovsdb_monitor.py:1005}}
Jul 23 22:25:50.878144 np0000186415 devstack@neutron-api.service[101782]: DEBUG neutron.plugins.ml2.drivers.ovn.mech_driver.ovsdb.ovsdb_monitor [None req-96b2267c-a244-47ad-bcd9-f897ca206a54 None None] Touching Hash Ring node "8f26376b95a85448b3706b91829679ec" from IDL notify handler {{(pid=101782) notify /opt/stack/neutron/neutron/plugins/ml2/drivers/ovn/mech_driver/ovsdb/ovsdb_monitor.py:1005}}
Jul 23 22:25:50.883026 np0000186415 devstack@neutron-api.service[101783]: DEBUG neutron.plugins.ml2.drivers.ovn.mech_driver.ovsdb.ovsdb_monitor [None req-3fea2648-ad27-46bb-9a8c-3c2cbe966bc3 None None] Touching Hash Ring node "a0bee679c57e54c5a882ea5ada62d177" from IDL notify handler {{(pid=101783) notify /opt/stack/neutron/neutron/plugins/ml2/drivers/ovn/mech_driver/ovsdb/ovsdb_monitor.py:1005}}
Jul 23 22:25:50.884280 np0000186415 devstack@neutron-api.service[101783]: DEBUG neutron.plugins.ml2.drivers.ovn.mech_driver.ovsdb.ovsdb_monitor [None req-119c8265-ac87-480d-80b9-862b141b218f None None] Touching Hash Ring node "a0bee679c57e54c5a882ea5ada62d177" from IDL notify handler {{(pid=101783) notify /opt/stack/neutron/neutron/plugins/ml2/drivers/ovn/mech_driver/ovsdb/ovsdb_monitor.py:1005}}
Jul 23 22:25:50.894352 np0000186415 devstack@neutron-api.service[101782]: DEBUG neutron.plugins.ml2.drivers.ovn.mech_driver.ovsdb.ovsdb_monitor [None req-490bab79-7128-4375-beee-038598d5281f None None] Hash Ring: Node 8f26376b95a85448b3706b91829679ec (host: np0000186415) handling event "update" for row c6cb5fc1-fa27-405c-8c1e-dabd7c8705f2 (table: Logical_Switch) {{(pid=101782) notify /opt/stack/neutron/neutron/plugins/ml2/drivers/ovn/mech_driver/ovsdb/ovsdb_monitor.py:1013}}
Jul 23 22:25:50.896215 np0000186415 devstack@neutron-api.service[101782]: DEBUG neutron.plugins.ml2.drivers.ovn.mech_driver.ovsdb.ovsdb_monitor [None req-96b2267c-a244-47ad-bcd9-f897ca206a54 None None] Hash Ring: Node 8f26376b95a85448b3706b91829679ec (host: np0000186415) handling event "create" for row 4a1e09f4-5737-43fb-b2c9-56c86498c9a2 (table: Port_Binding) {{(pid=101782) notify /opt/stack/neutron/neutron/plugins/ml2/drivers/ovn/mech_driver/ovsdb/ovsdb_monitor.py:1013}}
Jul 23 22:25:50.896857 np0000186415 devstack@neutron-api.service[101782]: DEBUG neutron.plugins.ml2.drivers.ovn.mech_driver.ovsdb.ovsdb_monitor [None req-490bab79-7128-4375-beee-038598d5281f None None] Touching Hash Ring node "8f26376b95a85448b3706b91829679ec" from IDL notify handler {{(pid=101782) notify /opt/stack/neutron/neutron/plugins/ml2/drivers/ovn/mech_driver/ovsdb/ovsdb_monitor.py:1005}}
Jul 23 22:25:50.900458 np0000186415 devstack@neutron-api.service[101782]: DEBUG neutron.plugins.ml2.drivers.ovn.mech_driver.ovsdb.ovsdb_monitor [None req-490bab79-7128-4375-beee-038598d5281f None None] Hash Ring: Node 8f26376b95a85448b3706b91829679ec (host: np0000186415) handling event "create" for row ffe57a4c-bd49-489f-aa68-9faaa4cfa31a (table: Logical_Switch_Port) {{(pid=101782) notify /opt/stack/neutron/neutron/plugins/ml2/drivers/ovn/mech_driver/ovsdb/ovsdb_monitor.py:1013}}
Jul 23 22:25:50.901754 np0000186415 devstack@neutron-api.service[101782]: DEBUG ovsdbapp.backend.ovs_idl.event [None req-490bab79-7128-4375-beee-038598d5281f None None] Matched CREATE: LogicalSwitchPortCreateEvent(events=('create',), table='Logical_Switch_Port', conditions=[], old_conditions=None), priority=20 to row=Logical_Switch_Port(uuid=ffe57a4c-bd49-489f-aa68-9faaa4cfa31a, addresses=['unknown'], dhcpv4_options=[], dhcpv6_options=[], dynamic_addresses=[], enabled=True, external_ids={'neutron:cidrs': 'fdbc:aed7:9a14::1/64', 'neutron:device_id': '8598a12f-3854-4eb6-83e9-f2a146bcc40c', 'neutron:device_owner': 'network:router_interface', 'neutron:mtu': '', 'neutron:network_name': 'neutron-c6cb5fc1-fa27-405c-8c1e-dabd7c8705f2', 'neutron:port_capabilities': '', 'neutron:port_name': '', 'neutron:project_id': '13e7f082626340ee887677441175bcb5', 'neutron:revision_number': '1', 'neutron:security_group_ids': '', 'neutron:subnet_pool_addr_scope4': '', 'neutron:subnet_pool_addr_scope6': '', 'neutron:vnic_type': 'normal'}, ha_chassis_group=[], mirror_rules=[], name='cf4ea5b6-53f5-4fa3-abba-a430b884a470', options={}, parent_name=[], port_security=[], tag=[], tag_request=[], type='', up=[]) old= {{(pid=101782) matches /opt/stack/data/venv/lib/python3.12/site-packages/ovsdbapp/backend/ovs_idl/event.py:55}}
Jul 23 22:25:50.903067 np0000186415 devstack@neutron-api.service[101782]: INFO neutron.plugins.ml2.drivers.ovn.mech_driver.mech_driver [None req-8ba9fe58-83a2-4afa-9aa1-a42cb6380dc6 None None] OVN reports status down for port: cf4ea5b6-53f5-4fa3-abba-a430b884a470
Jul 23 22:25:50.904556 np0000186415 devstack@neutron-api.service[101782]: DEBUG neutron.plugins.ml2.drivers.ovn.mech_driver.ovsdb.ovsdb_monitor [None req-490bab79-7128-4375-beee-038598d5281f None None] Touching Hash Ring node "8f26376b95a85448b3706b91829679ec" from IDL notify handler {{(pid=101782) notify /opt/stack/neutron/neutron/plugins/ml2/drivers/ovn/mech_driver/ovsdb/ovsdb_monitor.py:1005}}
Jul 23 22:25:50.907043 np0000186415 devstack@neutron-api.service[101782]: DEBUG neutron.plugins.ml2.drivers.ovn.mech_driver.ovsdb.ovsdb_monitor [None req-490bab79-7128-4375-beee-038598d5281f None None] Hash Ring: Node 8f26376b95a85448b3706b91829679ec (host: np0000186415) handling event "update" for row ffe57a4c-bd49-489f-aa68-9faaa4cfa31a (table: Logical_Switch_Port) {{(pid=101782) notify /opt/stack/neutron/neutron/plugins/ml2/drivers/ovn/mech_driver/ovsdb/ovsdb_monitor.py:1013}}
Jul 23 22:25:50.935257 np0000186415 devstack@neutron-api.service[101782]: DEBUG neutron.db.provisioning_blocks [None req-8ba9fe58-83a2-4afa-9aa1-a42cb6380dc6 None None] Transition to ACTIVE for port object cf4ea5b6-53f5-4fa3-abba-a430b884a470 will not be triggered until provisioned by entity L2. {{(pid=101782) add_provisioning_component /opt/stack/neutron/neutron/db/provisioning_blocks.py:74}}
Jul 23 22:25:50.936145 np0000186415 devstack@neutron-api.service[101785]: DEBUG neutron.plugins.ml2.drivers.ovn.mech_driver.ovsdb.ovsdb_monitor [None req-ff387d44-0f36-4d79-b83e-66c483115ae8 None None] Hash Ring: Node c9e52e72c15c592b853d6353a702c9e3 (host: np0000186415) handling event "update" for row c6cb5fc1-fa27-405c-8c1e-dabd7c8705f2 (table: Logical_Switch) {{(pid=101785) notify /opt/stack/neutron/neutron/plugins/ml2/drivers/ovn/mech_driver/ovsdb/ovsdb_monitor.py:1013}}
Jul 23 22:25:50.936313 np0000186415 devstack@neutron-api.service[101783]: DEBUG neutron.plugins.ml2.drivers.ovn.mech_driver.ovsdb.ovsdb_monitor [None req-3fea2648-ad27-46bb-9a8c-3c2cbe966bc3 None None] Hash Ring: Node a0bee679c57e54c5a882ea5ada62d177 (host: np0000186415) handling event "create" for row 4a1e09f4-5737-43fb-b2c9-56c86498c9a2 (table: Port_Binding) {{(pid=101783) notify /opt/stack/neutron/neutron/plugins/ml2/drivers/ovn/mech_driver/ovsdb/ovsdb_monitor.py:1013}}
Jul 23 22:25:50.937601 np0000186415 devstack@neutron-api.service[101783]: DEBUG neutron.plugins.ml2.drivers.ovn.mech_driver.ovsdb.ovsdb_monitor [None req-119c8265-ac87-480d-80b9-862b141b218f None None] Hash Ring: Node a0bee679c57e54c5a882ea5ada62d177 (host: np0000186415) handling event "create" for row ffe57a4c-bd49-489f-aa68-9faaa4cfa31a (table: Logical_Switch_Port) {{(pid=101783) notify /opt/stack/neutron/neutron/plugins/ml2/drivers/ovn/mech_driver/ovsdb/ovsdb_monitor.py:1013}}
Jul 23 22:25:50.939751 np0000186415 devstack@neutron-api.service[101783]: DEBUG ovsdbapp.backend.ovs_idl.event [None req-119c8265-ac87-480d-80b9-862b141b218f None None] Matched CREATE: LogicalSwitchPortCreateEvent(events=('create',), table='Logical_Switch_Port', conditions=[], old_conditions=None), priority=20 to row=Logical_Switch_Port(uuid=ffe57a4c-bd49-489f-aa68-9faaa4cfa31a, addresses=['unknown'], dhcpv4_options=[], dhcpv6_options=[], dynamic_addresses=[], enabled=True, external_ids={'neutron:cidrs': 'fdbc:aed7:9a14::1/64', 'neutron:device_id': '8598a12f-3854-4eb6-83e9-f2a146bcc40c', 'neutron:device_owner': 'network:router_interface', 'neutron:mtu': '', 'neutron:network_name': 'neutron-c6cb5fc1-fa27-405c-8c1e-dabd7c8705f2', 'neutron:port_capabilities': '', 'neutron:port_name': '', 'neutron:project_id': '13e7f082626340ee887677441175bcb5', 'neutron:revision_number': '1', 'neutron:security_group_ids': '', 'neutron:subnet_pool_addr_scope4': '', 'neutron:subnet_pool_addr_scope6': '', 'neutron:vnic_type': 'normal'}, ha_chassis_group=[], mirror_rules=[], name='cf4ea5b6-53f5-4fa3-abba-a430b884a470', options={}, parent_name=[], port_security=[], tag=[], tag_request=[], type='', up=[]) old= {{(pid=101783) matches /opt/stack/data/venv/lib/python3.12/site-packages/ovsdbapp/backend/ovs_idl/event.py:55}}
Jul 23 22:25:50.941565 np0000186415 devstack@neutron-api.service[101783]: INFO neutron.plugins.ml2.drivers.ovn.mech_driver.mech_driver [None req-7cc42e4f-92dc-4312-bc62-07c91e38039f None None] OVN reports status down for port: cf4ea5b6-53f5-4fa3-abba-a430b884a470
Jul 23 22:25:50.943817 np0000186415 devstack@neutron-api.service[101783]: DEBUG neutron.plugins.ml2.drivers.ovn.mech_driver.ovsdb.ovsdb_monitor [None req-119c8265-ac87-480d-80b9-862b141b218f None None] Touching Hash Ring node "a0bee679c57e54c5a882ea5ada62d177" from IDL notify handler {{(pid=101783) notify /opt/stack/neutron/neutron/plugins/ml2/drivers/ovn/mech_driver/ovsdb/ovsdb_monitor.py:1005}}
Jul 23 22:25:50.959509 np0000186415 devstack@neutron-api.service[101783]: DEBUG neutron.plugins.ml2.drivers.ovn.mech_driver.ovsdb.ovsdb_monitor [None req-119c8265-ac87-480d-80b9-862b141b218f None None] Hash Ring: Node a0bee679c57e54c5a882ea5ada62d177 (host: np0000186415) handling event "update" for row ffe57a4c-bd49-489f-aa68-9faaa4cfa31a (table: Logical_Switch_Port) {{(pid=101783) notify /opt/stack/neutron/neutron/plugins/ml2/drivers/ovn/mech_driver/ovsdb/ovsdb_monitor.py:1013}}
Jul 23 22:25:50.964613 np0000186415 devstack@neutron-api.service[101784]: INFO neutron.db.ovn_revision_numbers_db [None req-96b697c4-c1cb-49f6-92d8-544cb3a18c47 admin admin] Successfully bumped revision number for resource cf4ea5b6-53f5-4fa3-abba-a430b884a470 (type: ports) to 1
Jul 23 22:25:50.975975 np0000186415 devstack@neutron-api.service[101784]: DEBUG neutron_lib.callbacks.manager [None req-96b697c4-c1cb-49f6-92d8-544cb3a18c47 admin admin] Publish callbacks [] for router_interface (8598a12f-3854-4eb6-83e9-f2a146bcc40c), before_create {{(pid=101784) _notify_loop /opt/stack/data/venv/lib/python3.12/site-packages/neutron_lib/callbacks/manager.py:184}}
Jul 23 22:25:50.980999 np0000186415 devstack@neutron-api.service[101783]: DEBUG neutron.db.provisioning_blocks [None req-7cc42e4f-92dc-4312-bc62-07c91e38039f None None] Ignored duplicate provisioning block setup for port cf4ea5b6-53f5-4fa3-abba-a430b884a470 by entity L2. {{(pid=101783) add_provisioning_component /opt/stack/neutron/neutron/db/provisioning_blocks.py:69}}
Jul 23 22:25:50.992821 np0000186415 devstack@neutron-api.service[101782]: DEBUG neutron.plugins.ml2.plugin [None req-8ba9fe58-83a2-4afa-9aa1-a42cb6380dc6 None None] Current status of the port cf4ea5b6-53f5-4fa3-abba-a430b884a470 is: DOWN; New status is: DOWN {{(pid=101782) _update_individual_port_db_status /opt/stack/neutron/neutron/plugins/ml2/plugin.py:2473}}
Jul 23 22:25:51.013294 np0000186415 devstack@neutron-api.service[101783]: DEBUG neutron.plugins.ml2.plugin [None req-7cc42e4f-92dc-4312-bc62-07c91e38039f None None] Current status of the port cf4ea5b6-53f5-4fa3-abba-a430b884a470 is: DOWN; New status is: DOWN {{(pid=101783) _update_individual_port_db_status /opt/stack/neutron/neutron/plugins/ml2/plugin.py:2473}}
Jul 23 22:25:51.321163 np0000186415 devstack@neutron-api.service[101784]: DEBUG neutron_lib.callbacks.manager [None req-96b697c4-c1cb-49f6-92d8-544cb3a18c47 admin admin] Publish callbacks ['neutron.plugins.ml2.plugin.SecurityGroupDbMixin._ensure_default_security_group_handler-1008751', 'neutron.services.ovn_l3.plugin.OVNL3RouterPlugin._port_update-7922654721478', 'neutron.db.l3_db.L3_NAT_dbonly_mixin._prevent_internal_ip_change_for_fip-7922655841874'] for port (cf4ea5b6-53f5-4fa3-abba-a430b884a470), before_update {{(pid=101784) _notify_loop /opt/stack/data/venv/lib/python3.12/site-packages/neutron_lib/callbacks/manager.py:184}}
Jul 23 22:25:51.326442 np0000186415 devstack@neutron-api.service[101785]: DEBUG futurist.periodics [-] Submitting periodic callback 'neutron.plugins.ml2.drivers.ovn.mech_driver.ovsdb.maintenance.HashRingHealthCheckPeriodics.touch_hash_ring_node' {{(pid=101785) _process_scheduled /opt/stack/data/venv/lib/python3.12/site-packages/futurist/periodics.py:784}}
Jul 23 22:25:51.327202 np0000186415 devstack@neutron-api.service[101785]: DEBUG neutron.plugins.ml2.drivers.ovn.mech_driver.ovsdb.maintenance [-] Touching Hash Ring node "c9e52e72c15c592b853d6353a702c9e3" from periodic health check thread {{(pid=101785) touch_hash_ring_node /opt/stack/neutron/neutron/plugins/ml2/drivers/ovn/mech_driver/ovsdb/maintenance.py:1417}}
Jul 23 22:25:51.343013 np0000186415 devstack@neutron-api.service[101783]: DEBUG futurist.periodics [-] Submitting periodic callback 'neutron.plugins.ml2.drivers.ovn.mech_driver.ovsdb.maintenance.HashRingHealthCheckPeriodics.touch_hash_ring_node' {{(pid=101783) _process_scheduled /opt/stack/data/venv/lib/python3.12/site-packages/futurist/periodics.py:784}}
Jul 23 22:25:51.345770 np0000186415 devstack@neutron-api.service[101783]: DEBUG neutron.plugins.ml2.drivers.ovn.mech_driver.ovsdb.maintenance [-] Touching Hash Ring node "a0bee679c57e54c5a882ea5ada62d177" from periodic health check thread {{(pid=101783) touch_hash_ring_node /opt/stack/neutron/neutron/plugins/ml2/drivers/ovn/mech_driver/ovsdb/maintenance.py:1417}}
Jul 23 22:25:51.374614 np0000186415 devstack@neutron-api.service[101784]: DEBUG futurist.periodics [-] Submitting periodic callback 'neutron.plugins.ml2.drivers.ovn.mech_driver.ovsdb.maintenance.HashRingHealthCheckPeriodics.touch_hash_ring_node' {{(pid=101784) _process_scheduled /opt/stack/data/venv/lib/python3.12/site-packages/futurist/periodics.py:784}}
Jul 23 22:25:51.375801 np0000186415 devstack@neutron-api.service[101784]: DEBUG neutron.plugins.ml2.drivers.ovn.mech_driver.ovsdb.maintenance [-] Touching Hash Ring node "e20f0dc5275356f59035fc2323da4df1" from periodic health check thread {{(pid=101784) touch_hash_ring_node /opt/stack/neutron/neutron/plugins/ml2/drivers/ovn/mech_driver/ovsdb/maintenance.py:1417}}
Jul 23 22:25:51.468546 np0000186415 devstack@neutron-api.service[101784]: DEBUG neutron_lib.callbacks.manager [None req-96b697c4-c1cb-49f6-92d8-544cb3a18c47 admin admin] Publish callbacks [] for port (cf4ea5b6-53f5-4fa3-abba-a430b884a470), precommit_update {{(pid=101784) _notify_loop /opt/stack/data/venv/lib/python3.12/site-packages/neutron_lib/callbacks/manager.py:184}}
Jul 23 22:25:51.468722 np0000186415 devstack@neutron-api.service[101784]: DEBUG neutron.plugins.ml2.drivers.ovn.mech_driver.mech_driver [None req-96b697c4-c1cb-49f6-92d8-544cb3a18c47 admin admin] No provisioning block for port cf4ea5b6-53f5-4fa3-abba-a430b884a470 since it does not have a host {{(pid=101784) _is_port_provisioning_required /opt/stack/neutron/neutron/plugins/ml2/drivers/ovn/mech_driver/mech_driver.py:899}}
Jul 23 22:25:51.530779 np0000186415 devstack@neutron-api.service[101784]: DEBUG neutron_lib.callbacks.manager [None req-96b697c4-c1cb-49f6-92d8-544cb3a18c47 admin admin] Publish callbacks ['neutron.plugins.ml2.ovo_rpc._ObjectChangeHandler.handle_event-1171130', 'neutron.services.ovn_l3.plugin.OVNL3RouterPlugin._port_update-7922654721478'] for port (cf4ea5b6-53f5-4fa3-abba-a430b884a470), after_update {{(pid=101784) _notify_loop /opt/stack/data/venv/lib/python3.12/site-packages/neutron_lib/callbacks/manager.py:184}}
Jul 23 22:25:51.572703 np0000186415 devstack@neutron-api.service[101784]: DEBUG neutron.api.rpc.handlers.resources_rpc [None req-96b697c4-c1cb-49f6-92d8-544cb3a18c47 admin admin] Pushing event updated for resources: {'Port': ['ID=cf4ea5b6-53f5-4fa3-abba-a430b884a470,revision_number=1']} {{(pid=101784) push /opt/stack/neutron/neutron/api/rpc/handlers/resources_rpc.py:237}}
Jul 23 22:25:51.692980 np0000186415 devstack@neutron-api.service[101784]: DEBUG neutron.plugins.ml2.drivers.ovn.mech_driver.ovsdb.commands [None req-96b697c4-c1cb-49f6-92d8-544cb3a18c47 admin admin] Converting tag [] to a tag_request {{(pid=101784) _tag_column_to_tag_request /opt/stack/neutron/neutron/plugins/ml2/drivers/ovn/mech_driver/ovsdb/commands.py:205}}
