2026-04-07 00:39:53.231 7 INFO neutron.api.extensions [None req-73a9bae3-15c8-4e9c-bb38-ed2587974acf - - - - - -] Loaded extension: qos-gateway-ip
2026-04-07 00:39:53.232 7 INFO neutron.api.extensions [None req-73a9bae3-15c8-4e9c-bb38-ed2587974acf - - - - - -] Loaded extension: qos-port-network-policy
2026-04-07 00:39:53.232 8 INFO neutron.api.extensions [None req-5330af7e-32d3-4421-a793-df04d5d52999 - - - - - -] Loaded extension: standard-attr-tag
2026-04-07 00:39:53.232 7 INFO neutron.api.extensions [None req-73a9bae3-15c8-4e9c-bb38-ed2587974acf - - - - - -] Loaded extension: qos-pps-minimum
2026-04-07 00:39:53.233 8 INFO neutron.api.extensions [None req-5330af7e-32d3-4421-a793-df04d5d52999 - - - - - -] Loaded extension: standard-attr-timestamp
2026-04-07 00:39:53.233 7 INFO neutron.api.extensions [None req-73a9bae3-15c8-4e9c-bb38-ed2587974acf - - - - - -] Loaded extension: qos-pps-minimum-rule-alias
2026-04-07 00:39:53.233 8 INFO neutron.api.extensions [None req-5330af7e-32d3-4421-a793-df04d5d52999 - - - - - -] Loaded extension: trunk
2026-04-07 00:39:53.234 7 INFO neutron.api.extensions [None req-73a9bae3-15c8-4e9c-bb38-ed2587974acf - - - - - -] Loaded extension: qos-pps
2026-04-07 00:39:53.234 8 INFO neutron.api.extensions [None req-5330af7e-32d3-4421-a793-df04d5d52999 - - - - - -] Loaded extension: trunk-details
2026-04-07 00:39:53.234 7 INFO neutron.api.extensions [None req-73a9bae3-15c8-4e9c-bb38-ed2587974acf - - - - - -] Loaded extension: qos-rule-type-details
2026-04-07 00:39:53.234 8 INFO neutron.api.extensions [None req-5330af7e-32d3-4421-a793-df04d5d52999 - - - - - -] Extension uplink-status-propagation not supported by any of loaded plugins
2026-04-07 00:39:53.235 7 INFO neutron.api.extensions [None req-73a9bae3-15c8-4e9c-bb38-ed2587974acf - - - - - -] Loaded extension: qos-rule-type-filter
2026-04-07 00:39:53.235 8 INFO neutron.api.extensions [None req-5330af7e-32d3-4421-a793-df04d5d52999 - - - - - -] Extension vlan-transparent not supported by any of loaded plugins
2026-04-07 00:39:53.235 7 INFO neutron.api.extensions [None req-73a9bae3-15c8-4e9c-bb38-ed2587974acf - - - - - -] Loaded extension: qos-rules-alias
2026-04-07 00:39:53.236 7 INFO neutron.api.extensions [None req-73a9bae3-15c8-4e9c-bb38-ed2587974acf - - - - - -] Loaded extension: quota-check-limit
2026-04-07 00:39:53.237 8 INFO neutron.api.extensions [None req-5330af7e-32d3-4421-a793-df04d5d52999 - - - - - -] Extension vpn-agent-scheduler not supported by any of loaded plugins
2026-04-07 00:39:53.237 8 INFO neutron.api.extensions [None req-5330af7e-32d3-4421-a793-df04d5d52999 - - - - - -] Loaded extension: vpn-endpoint-groups
2026-04-07 00:39:53.238 7 INFO neutron.api.extensions [None req-73a9bae3-15c8-4e9c-bb38-ed2587974acf - - - - - -] Loaded extension: quotas
2026-04-07 00:39:53.238 8 INFO neutron.api.extensions [None req-5330af7e-32d3-4421-a793-df04d5d52999 - - - - - -] Loaded extension: vpn-flavors
2026-04-07 00:39:53.239 7 INFO neutron.api.extensions [None req-73a9bae3-15c8-4e9c-bb38-ed2587974acf - - - - - -] Loaded extension: quota_details
2026-04-07 00:39:53.240 8 INFO neutron.api.extensions [None req-5330af7e-32d3-4421-a793-df04d5d52999 - - - - - -] Loaded extension: vpnaas
2026-04-07 00:39:53.240 7 INFO neutron.api.extensions [None req-73a9bae3-15c8-4e9c-bb38-ed2587974acf - - - - - -] Loaded extension: rbac-policies
2026-04-07 00:39:53.240 7 INFO neutron.api.extensions [None req-73a9bae3-15c8-4e9c-bb38-ed2587974acf - - - - - -] Loaded extension: rbac-address-group
2026-04-07 00:39:53.241 7 INFO neutron.api.extensions [None req-73a9bae3-15c8-4e9c-bb38-ed2587974acf - - - - - -] Loaded extension: rbac-address-scope
2026-04-07 00:39:53.242 7 INFO neutron.api.extensions [None req-73a9bae3-15c8-4e9c-bb38-ed2587974acf - - - - - -] Loaded extension: rbac-security-groups
2026-04-07 00:39:53.242 8 INFO neutron.quota.resource_registry [None req-5330af7e-32d3-4421-a793-df04d5d52999 - - - - - -] Creating instance of TrackedResource for resource:network
2026-04-07 00:39:53.242 8 INFO neutron.quota.resource_registry [None req-5330af7e-32d3-4421-a793-df04d5d52999 - - - - - -] Creating instance of TrackedResource for resource:subnet
2026-04-07 00:39:53.242 7 INFO neutron.api.extensions [None req-73a9bae3-15c8-4e9c-bb38-ed2587974acf - - - - - -] Loaded extension: rbac-subnetpool
2026-04-07 00:39:53.242 8 INFO neutron.quota.resource_registry [None req-5330af7e-32d3-4421-a793-df04d5d52999 - - - - - -] Creating instance of TrackedResource for resource:subnetpool
2026-04-07 00:39:53.243 8 INFO neutron.quota.resource_registry [None req-5330af7e-32d3-4421-a793-df04d5d52999 - - - - - -] Creating instance of TrackedResource for resource:port
2026-04-07 00:39:53.243 7 INFO neutron.api.extensions [None req-73a9bae3-15c8-4e9c-bb38-ed2587974acf - - - - - -] Loaded extension: revision-if-match
2026-04-07 00:39:53.243 7 INFO neutron.api.extensions [None req-73a9bae3-15c8-4e9c-bb38-ed2587974acf - - - - - -] Loaded extension: standard-attr-revisions
2026-04-07 00:39:53.245 7 INFO neutron.api.extensions [None req-73a9bae3-15c8-4e9c-bb38-ed2587974acf - - - - - -] Loaded extension: router_availability_zone
2026-04-07 00:39:53.245 7 INFO neutron.api.extensions [None req-73a9bae3-15c8-4e9c-bb38-ed2587974acf - - - - - -] Extension router-service-type not supported by any of loaded plugins
2026-04-07 00:39:53.246 8 INFO neutron.quota.resource_registry [None req-5330af7e-32d3-4421-a793-df04d5d52999 - - - - - -] Creating instance of TrackedResource for resource:router
2026-04-07 00:39:53.247 7 INFO neutron.api.extensions [None req-73a9bae3-15c8-4e9c-bb38-ed2587974acf - - - - - -] Loaded extension: security-groups-default-rules
2026-04-07 00:39:53.247 8 INFO neutron.quota.resource_registry [None req-5330af7e-32d3-4421-a793-df04d5d52999 - - - - - -] Creating instance of TrackedResource for resource:floatingip
2026-04-07 00:39:53.248 7 INFO neutron.api.extensions [None req-73a9bae3-15c8-4e9c-bb38-ed2587974acf - - - - - -] Loaded extension: security-groups-normalized-cidr
2026-04-07 00:39:53.248 7 INFO neutron.api.extensions [None req-73a9bae3-15c8-4e9c-bb38-ed2587974acf - - - - - -] Loaded extension: port-security-groups-filtering
2026-04-07 00:39:53.249 7 INFO neutron.api.extensions [None req-73a9bae3-15c8-4e9c-bb38-ed2587974acf - - - - - -] Loaded extension: security-groups-remote-address-group
2026-04-07 00:39:53.249 7 INFO neutron.api.extensions [None req-73a9bae3-15c8-4e9c-bb38-ed2587974acf - - - - - -] Loaded extension: security-groups-rules-belongs-to-default-sg
2026-04-07 00:39:53.250 7 INFO neutron.api.extensions [None req-73a9bae3-15c8-4e9c-bb38-ed2587974acf - - - - - -] Loaded extension: security-groups-shared-filtering
2026-04-07 00:39:53.253 8 INFO neutron.quota.resource_registry [None req-5330af7e-32d3-4421-a793-df04d5d52999 - - - - - -] Creating instance of CountableResource for resource:rbac_policy
2026-04-07 00:39:53.254 8 INFO neutron.quota.resource_registry [None req-5330af7e-32d3-4421-a793-df04d5d52999 - - - - - -] Creating instance of TrackedResource for resource:security_group
2026-04-07 00:39:53.254 8 INFO neutron.quota.resource_registry [None req-5330af7e-32d3-4421-a793-df04d5d52999 - - - - - -] Creating instance of TrackedResource for resource:security_group_rule
2026-04-07 00:39:53.255 8 INFO neutron.quota.resource_registry [None req-5330af7e-32d3-4421-a793-df04d5d52999 - - - - - -] Creating instance of TrackedResource for resource:subnetpool
2026-04-07 00:39:53.256 8 WARNING neutron.quota.resource_registry [None req-5330af7e-32d3-4421-a793-df04d5d52999 - - - - - -] subnetpool is already registered
2026-04-07 00:39:53.256 8 INFO neutron.quota.resource_registry [None req-5330af7e-32d3-4421-a793-df04d5d52999 - - - - - -] Creating instance of TrackedResource for resource:subnetpool
2026-04-07 00:39:53.256 8 WARNING neutron.quota.resource_registry [None req-5330af7e-32d3-4421-a793-df04d5d52999 - - - - - -] subnetpool is already registered
2026-04-07 00:39:53.257 8 INFO neutron.quota.resource_registry [None req-5330af7e-32d3-4421-a793-df04d5d52999 - - - - - -] Creating instance of CountableResource for resource:trunk
2026-04-07 00:39:53.257 8 INFO neutron.quota.resource_registry [None req-5330af7e-32d3-4421-a793-df04d5d52999 - - - - - -] Creating instance of CountableResource for resource:endpoint_group
2026-04-07 00:39:53.258 8 INFO neutron.quota.resource_registry [None req-5330af7e-32d3-4421-a793-df04d5d52999 - - - - - -] Creating instance of CountableResource for resource:vpnservice
2026-04-07 00:39:53.258 8 INFO neutron.quota.resource_registry [None req-5330af7e-32d3-4421-a793-df04d5d52999 - - - - - -] Creating instance of CountableResource for resource:ipsec_site_connection
2026-04-07 00:39:53.259 8 INFO neutron.quota.resource_registry [None req-5330af7e-32d3-4421-a793-df04d5d52999 - - - - - -] Creating instance of CountableResource for resource:ipsecpolicy
2026-04-07 00:39:53.260 8 INFO neutron.quota.resource_registry [None req-5330af7e-32d3-4421-a793-df04d5d52999 - - - - - -] Creating instance of CountableResource for resource:ikepolicy
2026-04-07 00:39:53.260 7 INFO neutron.api.extensions [None req-73a9bae3-15c8-4e9c-bb38-ed2587974acf - - - - - -] Loaded extension: security-group
2026-04-07 00:39:53.261 7 INFO neutron.api.extensions [None req-73a9bae3-15c8-4e9c-bb38-ed2587974acf - - - - - -] Loaded extension: segment
2026-04-07 00:39:53.262 7 INFO neutron.api.extensions [None req-73a9bae3-15c8-4e9c-bb38-ed2587974acf - - - - - -] Loaded extension: segments-peer-subnet-host-routes
2026-04-07 00:39:53.263 7 INFO neutron.api.extensions [None req-73a9bae3-15c8-4e9c-bb38-ed2587974acf - - - - - -] Loaded extension: service-type
2026-04-07 00:39:53.263 7 INFO neutron.api.extensions [None req-73a9bae3-15c8-4e9c-bb38-ed2587974acf - - - - - -] Loaded extension: sorting
2026-04-07 00:39:53.264 7 INFO neutron.api.extensions [None req-73a9bae3-15c8-4e9c-bb38-ed2587974acf - - - - - -] Loaded extension: standard-attr-segment
2026-04-07 00:39:53.264 7 INFO neutron.api.extensions [None req-73a9bae3-15c8-4e9c-bb38-ed2587974acf - - - - - -] Loaded extension: standard-attr-description
2026-04-07 00:39:53.264 8 INFO neutron.quota.resource_registry [None req-5330af7e-32d3-4421-a793-df04d5d52999 - - - - - -] Creating instance of TrackedResource for resource:router
2026-04-07 00:39:53.265 8 WARNING neutron.quota.resource_registry [None req-5330af7e-32d3-4421-a793-df04d5d52999 - - - - - -] router is already registered
2026-04-07 00:39:53.265 7 INFO neutron.api.extensions [None req-73a9bae3-15c8-4e9c-bb38-ed2587974acf - - - - - -] Loaded extension: stateful-security-group
2026-04-07 00:39:53.265 8 INFO neutron.quota.resource_registry [None req-5330af7e-32d3-4421-a793-df04d5d52999 - - - - - -] Creating instance of TrackedResource for resource:floatingip
2026-04-07 00:39:53.265 7 WARNING neutron.api.extensions [None req-73a9bae3-15c8-4e9c-bb38-ed2587974acf - - - - - -] Did not find expected name "Stdattrs_common" in /var/lib/openstack/lib/python3.10/site-packages/neutron/extensions/stdattrs_common.py
2026-04-07 00:39:53.265 8 WARNING neutron.quota.resource_registry [None req-5330af7e-32d3-4421-a793-df04d5d52999 - - - - - -] floatingip is already registered
2026-04-07 00:39:53.266 7 INFO neutron.api.extensions [None req-73a9bae3-15c8-4e9c-bb38-ed2587974acf - - - - - -] Extension subnet-dns-publish-fixed-ip not supported by any of loaded plugins
2026-04-07 00:39:53.267 7 INFO neutron.api.extensions [None req-73a9bae3-15c8-4e9c-bb38-ed2587974acf - - - - - -] Loaded extension: subnet_onboard
2026-04-07 00:39:53.267 7 INFO neutron.api.extensions [None req-73a9bae3-15c8-4e9c-bb38-ed2587974acf - - - - - -] Loaded extension: subnet-segmentid-writable
2026-04-07 00:39:53.268 7 INFO neutron.api.extensions [None req-73a9bae3-15c8-4e9c-bb38-ed2587974acf - - - - - -] Loaded extension: subnet-service-types
2026-04-07 00:39:53.268 7 INFO neutron.api.extensions [None req-73a9bae3-15c8-4e9c-bb38-ed2587974acf - - - - - -] Loaded extension: subnet_allocation
2026-04-07 00:39:53.269 7 INFO neutron.api.extensions [None req-73a9bae3-15c8-4e9c-bb38-ed2587974acf - - - - - -] Loaded extension: subnetpool-prefix-ops
2026-04-07 00:39:53.270 7 INFO neutron.api.extensions [None req-73a9bae3-15c8-4e9c-bb38-ed2587974acf - - - - - -] Extension tag-ports-during-bulk-creation not supported by any of loaded plugins
2026-04-07 00:39:53.271 8 INFO neutron.quota.resource_registry [None req-5330af7e-32d3-4421-a793-df04d5d52999 - - - - - -] Creating instance of CountableResource for resource:rbac_policy
2026-04-07 00:39:53.271 8 WARNING neutron.quota.resource_registry [None req-5330af7e-32d3-4421-a793-df04d5d52999 - - - - - -] rbac_policy is already registered
2026-04-07 00:39:53.272 8 INFO neutron.quota.resource_registry [None req-5330af7e-32d3-4421-a793-df04d5d52999 - - - - - -] Creating instance of TrackedResource for resource:security_group
2026-04-07 00:39:53.272 8 WARNING neutron.quota.resource_registry [None req-5330af7e-32d3-4421-a793-df04d5d52999 - - - - - -] security_group is already registered
2026-04-07 00:39:53.272 7 INFO neutron.api.extensions [None req-73a9bae3-15c8-4e9c-bb38-ed2587974acf - - - - - -] Loaded extension: standard-attr-tag
2026-04-07 00:39:53.272 8 INFO neutron.quota.resource_registry [None req-5330af7e-32d3-4421-a793-df04d5d52999 - - - - - -] Creating instance of TrackedResource for resource:security_group_rule
2026-04-07 00:39:53.273 8 WARNING neutron.quota.resource_registry [None req-5330af7e-32d3-4421-a793-df04d5d52999 - - - - - -] security_group_rule is already registered
2026-04-07 00:39:53.273 7 INFO neutron.api.extensions [None req-73a9bae3-15c8-4e9c-bb38-ed2587974acf - - - - - -] Loaded extension: standard-attr-timestamp
2026-04-07 00:39:53.274 7 INFO neutron.api.extensions [None req-73a9bae3-15c8-4e9c-bb38-ed2587974acf - - - - - -] Loaded extension: trunk
2026-04-07 00:39:53.274 8 INFO neutron.quota.resource_registry [None req-5330af7e-32d3-4421-a793-df04d5d52999 - - - - - -] Creating instance of TrackedResource for resource:subnetpool
2026-04-07 00:39:53.274 8 WARNING neutron.quota.resource_registry [None req-5330af7e-32d3-4421-a793-df04d5d52999 - - - - - -] subnetpool is already registered
2026-04-07 00:39:53.274 7 INFO neutron.api.extensions [None req-73a9bae3-15c8-4e9c-bb38-ed2587974acf - - - - - -] Loaded extension: trunk-details
2026-04-07 00:39:53.275 8 INFO neutron.quota.resource_registry [None req-5330af7e-32d3-4421-a793-df04d5d52999 - - - - - -] Creating instance of TrackedResource for resource:subnetpool
2026-04-07 00:39:53.275 8 WARNING neutron.quota.resource_registry [None req-5330af7e-32d3-4421-a793-df04d5d52999 - - - - - -] subnetpool is already registered
2026-04-07 00:39:53.275 7 INFO neutron.api.extensions [None req-73a9bae3-15c8-4e9c-bb38-ed2587974acf - - - - - -] Extension uplink-status-propagation not supported by any of loaded plugins
2026-04-07 00:39:53.275 8 INFO neutron.quota.resource_registry [None req-5330af7e-32d3-4421-a793-df04d5d52999 - - - - - -] Creating instance of CountableResource for resource:trunk
2026-04-07 00:39:53.275 7 INFO neutron.api.extensions [None req-73a9bae3-15c8-4e9c-bb38-ed2587974acf - - - - - -] Extension vlan-transparent not supported by any of loaded plugins
2026-04-07 00:39:53.276 8 WARNING neutron.quota.resource_registry [None req-5330af7e-32d3-4421-a793-df04d5d52999 - - - - - -] trunk is already registered
2026-04-07 00:39:53.276 8 INFO neutron.quota.resource_registry [None req-5330af7e-32d3-4421-a793-df04d5d52999 - - - - - -] Creating instance of CountableResource for resource:endpoint_group
2026-04-07 00:39:53.276 8 WARNING neutron.quota.resource_registry [None req-5330af7e-32d3-4421-a793-df04d5d52999 - - - - - -] endpoint_group is already registered
2026-04-07 00:39:53.277 8 INFO neutron.quota.resource_registry [None req-5330af7e-32d3-4421-a793-df04d5d52999 - - - - - -] Creating instance of CountableResource for resource:vpnservice
2026-04-07 00:39:53.277 8 WARNING neutron.quota.resource_registry [None req-5330af7e-32d3-4421-a793-df04d5d52999 - - - - - -] vpnservice is already registered
2026-04-07 00:39:53.277 7 INFO neutron.api.extensions [None req-73a9bae3-15c8-4e9c-bb38-ed2587974acf - - - - - -] Extension vpn-agent-scheduler not supported by any of loaded plugins
2026-04-07 00:39:53.277 8 INFO neutron.quota.resource_registry [None req-5330af7e-32d3-4421-a793-df04d5d52999 - - - - - -] Creating instance of CountableResource for resource:ipsec_site_connection
2026-04-07 00:39:53.278 8 WARNING neutron.quota.resource_registry [None req-5330af7e-32d3-4421-a793-df04d5d52999 - - - - - -] ipsec_site_connection is already registered
2026-04-07 00:39:53.278 7 INFO neutron.api.extensions [None req-73a9bae3-15c8-4e9c-bb38-ed2587974acf - - - - - -] Loaded extension: vpn-endpoint-groups
2026-04-07 00:39:53.278 8 INFO neutron.quota.resource_registry [None req-5330af7e-32d3-4421-a793-df04d5d52999 - - - - - -] Creating instance of CountableResource for resource:ipsecpolicy
2026-04-07 00:39:53.278 8 WARNING neutron.quota.resource_registry [None req-5330af7e-32d3-4421-a793-df04d5d52999 - - - - - -] ipsecpolicy is already registered
2026-04-07 00:39:53.279 7 INFO neutron.api.extensions [None req-73a9bae3-15c8-4e9c-bb38-ed2587974acf - - - - - -] Loaded extension: vpn-flavors
2026-04-07 00:39:53.279 8 INFO neutron.quota.resource_registry [None req-5330af7e-32d3-4421-a793-df04d5d52999 - - - - - -] Creating instance of CountableResource for resource:ikepolicy
2026-04-07 00:39:53.279 8 WARNING neutron.quota.resource_registry [None req-5330af7e-32d3-4421-a793-df04d5d52999 - - - - - -] ikepolicy is already registered
2026-04-07 00:39:53.280 7 INFO neutron.api.extensions [None req-73a9bae3-15c8-4e9c-bb38-ed2587974acf - - - - - -] Loaded extension: vpnaas
2026-04-07 00:39:53.282 7 INFO neutron.quota.resource_registry [None req-73a9bae3-15c8-4e9c-bb38-ed2587974acf - - - - - -] Creating instance of TrackedResource for resource:network
2026-04-07 00:39:53.283 7 INFO neutron.quota.resource_registry [None req-73a9bae3-15c8-4e9c-bb38-ed2587974acf - - - - - -] Creating instance of TrackedResource for resource:subnet
2026-04-07 00:39:53.283 7 INFO neutron.quota.resource_registry [None req-73a9bae3-15c8-4e9c-bb38-ed2587974acf - - - - - -] Creating instance of TrackedResource for resource:subnetpool
2026-04-07 00:39:53.283 7 INFO neutron.quota.resource_registry [None req-73a9bae3-15c8-4e9c-bb38-ed2587974acf - - - - - -] Creating instance of TrackedResource for resource:port
2026-04-07 00:39:53.287 7 INFO neutron.quota.resource_registry [None req-73a9bae3-15c8-4e9c-bb38-ed2587974acf - - - - - -] Creating instance of TrackedResource for resource:router
2026-04-07 00:39:53.287 7 INFO neutron.quota.resource_registry [None req-73a9bae3-15c8-4e9c-bb38-ed2587974acf - - - - - -] Creating instance of TrackedResource for resource:floatingip
2026-04-07 00:39:53.293 7 INFO neutron.quota.resource_registry [None req-73a9bae3-15c8-4e9c-bb38-ed2587974acf - - - - - -] Creating instance of CountableResource for resource:rbac_policy
2026-04-07 00:39:53.294 7 INFO neutron.quota.resource_registry [None req-73a9bae3-15c8-4e9c-bb38-ed2587974acf - - - - - -] Creating instance of TrackedResource for resource:security_group
2026-04-07 00:39:53.295 7 INFO neutron.quota.resource_registry [None req-73a9bae3-15c8-4e9c-bb38-ed2587974acf - - - - - -] Creating instance of TrackedResource for resource:security_group_rule
2026-04-07 00:39:53.296 7 INFO neutron.quota.resource_registry [None req-73a9bae3-15c8-4e9c-bb38-ed2587974acf - - - - - -] Creating instance of TrackedResource for resource:subnetpool
2026-04-07 00:39:53.296 7 WARNING neutron.quota.resource_registry [None req-73a9bae3-15c8-4e9c-bb38-ed2587974acf - - - - - -] subnetpool is already registered
2026-04-07 00:39:53.296 7 INFO neutron.quota.resource_registry [None req-73a9bae3-15c8-4e9c-bb38-ed2587974acf - - - - - -] Creating instance of TrackedResource for resource:subnetpool
2026-04-07 00:39:53.297 7 WARNING neutron.quota.resource_registry [None req-73a9bae3-15c8-4e9c-bb38-ed2587974acf - - - - - -] subnetpool is already registered
2026-04-07 00:39:53.297 7 INFO neutron.quota.resource_registry [None req-73a9bae3-15c8-4e9c-bb38-ed2587974acf - - - - - -] Creating instance of CountableResource for resource:trunk
2026-04-07 00:39:53.298 7 INFO neutron.quota.resource_registry [None req-73a9bae3-15c8-4e9c-bb38-ed2587974acf - - - - - -] Creating instance of CountableResource for resource:endpoint_group
2026-04-07 00:39:53.298 7 INFO neutron.quota.resource_registry [None req-73a9bae3-15c8-4e9c-bb38-ed2587974acf - - - - - -] Creating instance of CountableResource for resource:vpnservice
2026-04-07 00:39:53.299 7 INFO neutron.quota.resource_registry [None req-73a9bae3-15c8-4e9c-bb38-ed2587974acf - - - - - -] Creating instance of CountableResource for resource:ipsec_site_connection
2026-04-07 00:39:53.299 7 INFO neutron.quota.resource_registry [None req-73a9bae3-15c8-4e9c-bb38-ed2587974acf - - - - - -] Creating instance of CountableResource for resource:ipsecpolicy
2026-04-07 00:39:53.300 7 INFO neutron.quota.resource_registry [None req-73a9bae3-15c8-4e9c-bb38-ed2587974acf - - - - - -] Creating instance of CountableResource for resource:ikepolicy
2026-04-07 00:39:53.305 7 INFO neutron.quota.resource_registry [None req-73a9bae3-15c8-4e9c-bb38-ed2587974acf - - - - - -] Creating instance of TrackedResource for resource:router
2026-04-07 00:39:53.305 7 WARNING neutron.quota.resource_registry [None req-73a9bae3-15c8-4e9c-bb38-ed2587974acf - - - - - -] router is already registered
2026-04-07 00:39:53.305 7 INFO neutron.quota.resource_registry [None req-73a9bae3-15c8-4e9c-bb38-ed2587974acf - - - - - -] Creating instance of TrackedResource for resource:floatingip
2026-04-07 00:39:53.306 7 WARNING neutron.quota.resource_registry [None req-73a9bae3-15c8-4e9c-bb38-ed2587974acf - - - - - -] floatingip is already registered
2026-04-07 00:39:53.310 7 INFO neutron.quota.resource_registry [None req-73a9bae3-15c8-4e9c-bb38-ed2587974acf - - - - - -] Creating instance of CountableResource for resource:rbac_policy
2026-04-07 00:39:53.311 7 WARNING neutron.quota.resource_registry [None req-73a9bae3-15c8-4e9c-bb38-ed2587974acf - - - - - -] rbac_policy is already registered
2026-04-07 00:39:53.311 7 INFO neutron.quota.resource_registry [None req-73a9bae3-15c8-4e9c-bb38-ed2587974acf - - - - - -] Creating instance of TrackedResource for resource:security_group
2026-04-07 00:39:53.312 7 WARNING neutron.quota.resource_registry [None req-73a9bae3-15c8-4e9c-bb38-ed2587974acf - - - - - -] security_group is already registered
2026-04-07 00:39:53.312 7 INFO neutron.quota.resource_registry [None req-73a9bae3-15c8-4e9c-bb38-ed2587974acf - - - - - -] Creating instance of TrackedResource for resource:security_group_rule
2026-04-07 00:39:53.312 7 WARNING neutron.quota.resource_registry [None req-73a9bae3-15c8-4e9c-bb38-ed2587974acf - - - - - -] security_group_rule is already registered
2026-04-07 00:39:53.313 7 INFO neutron.quota.resource_registry [None req-73a9bae3-15c8-4e9c-bb38-ed2587974acf - - - - - -] Creating instance of TrackedResource for resource:subnetpool
2026-04-07 00:39:53.314 7 WARNING neutron.quota.resource_registry [None req-73a9bae3-15c8-4e9c-bb38-ed2587974acf - - - - - -] subnetpool is already registered
2026-04-07 00:39:53.314 7 INFO neutron.quota.resource_registry [None req-73a9bae3-15c8-4e9c-bb38-ed2587974acf - - - - - -] Creating instance of TrackedResource for resource:subnetpool
2026-04-07 00:39:53.314 7 WARNING neutron.quota.resource_registry [None req-73a9bae3-15c8-4e9c-bb38-ed2587974acf - - - - - -] subnetpool is already registered
2026-04-07 00:39:53.315 7 INFO neutron.quota.resource_registry [None req-73a9bae3-15c8-4e9c-bb38-ed2587974acf - - - - - -] Creating instance of CountableResource for resource:trunk
2026-04-07 00:39:53.315 7 WARNING neutron.quota.resource_registry [None req-73a9bae3-15c8-4e9c-bb38-ed2587974acf - - - - - -] trunk is already registered
2026-04-07 00:39:53.316 7 INFO neutron.quota.resource_registry [None req-73a9bae3-15c8-4e9c-bb38-ed2587974acf - - - - - -] Creating instance of CountableResource for resource:endpoint_group
2026-04-07 00:39:53.316 7 WARNING neutron.quota.resource_registry [None req-73a9bae3-15c8-4e9c-bb38-ed2587974acf - - - - - -] endpoint_group is already registered
2026-04-07 00:39:53.316 7 INFO neutron.quota.resource_registry [None req-73a9bae3-15c8-4e9c-bb38-ed2587974acf - - - - - -] Creating instance of CountableResource for resource:vpnservice
2026-04-07 00:39:53.316 7 WARNING neutron.quota.resource_registry [None req-73a9bae3-15c8-4e9c-bb38-ed2587974acf - - - - - -] vpnservice is already registered
2026-04-07 00:39:53.316 8 WARNING keystonemiddleware._common.config [None req-5330af7e-32d3-4421-a793-df04d5d52999 - - - - - -] The option "audit_map_file" is not known to keystonemiddleware
2026-04-07 00:39:53.317 7 INFO neutron.quota.resource_registry [None req-73a9bae3-15c8-4e9c-bb38-ed2587974acf - - - - - -] Creating instance of CountableResource for resource:ipsec_site_connection
2026-04-07 00:39:53.317 7 WARNING neutron.quota.resource_registry [None req-73a9bae3-15c8-4e9c-bb38-ed2587974acf - - - - - -] ipsec_site_connection is already registered
2026-04-07 00:39:53.318 7 INFO neutron.quota.resource_registry [None req-73a9bae3-15c8-4e9c-bb38-ed2587974acf - - - - - -] Creating instance of CountableResource for resource:ipsecpolicy
2026-04-07 00:39:53.318 7 WARNING neutron.quota.resource_registry [None req-73a9bae3-15c8-4e9c-bb38-ed2587974acf - - - - - -] ipsecpolicy is already registered
2026-04-07 00:39:53.318 7 INFO neutron.quota.resource_registry [None req-73a9bae3-15c8-4e9c-bb38-ed2587974acf - - - - - -] Creating instance of CountableResource for resource:ikepolicy
2026-04-07 00:39:53.319 7 WARNING neutron.quota.resource_registry [None req-73a9bae3-15c8-4e9c-bb38-ed2587974acf - - - - - -] ikepolicy is already registered
2026-04-07 00:39:53.324 8 WARNING oslo_config.cfg [None req-5330af7e-32d3-4421-a793-df04d5d52999 - - - - - -] Deprecated: Option "auth_uri" from group "keystone_authtoken" is deprecated. Use option "www_authenticate_uri" from group "keystone_authtoken". WSGI app 0 (mountpoint='') ready in 6 seconds on interpreter 0x55bcb807a150 pid: 8 (default app)
2026-04-07 00:39:53.365 7 WARNING keystonemiddleware._common.config [None req-73a9bae3-15c8-4e9c-bb38-ed2587974acf - - - - - -] The option "audit_map_file" is not known to keystonemiddleware
2026-04-07 00:39:53.374 7 WARNING oslo_config.cfg [None req-73a9bae3-15c8-4e9c-bb38-ed2587974acf - - - - - -] Deprecated: Option "auth_uri" from group "keystone_authtoken" is deprecated. Use option "www_authenticate_uri" from group "keystone_authtoken". WSGI app 0 (mountpoint='') ready in 6 seconds on interpreter 0x55bcb807a150 pid: 7 (default app) /var/lib/openstack/lib/python3.10/site-packages/pycadf/identifier.py:71: UserWarning: Invalid uuid: unknown. To ensure interoperability, identifiers should be a valid uuid. warnings.warn(('Invalid uuid: %s. To ensure interoperability, '
2026-04-07 00:39:59.397 7 INFO neutron.pecan_wsgi.hooks.translation [None req-55884e36-fb25-4967-9ad8-f5ecdf2db430 80cb44ba17ee4e8ebcd7a1b6d4787eef bfaad883dd9c4e248e33180ac9105df6 - - default default] GET failed (client error): The resource could not be found. [pid: 7|app: 0|req: 1/2] 199.204.45.216 () {44 vars in 928 bytes} [Tue Apr 7 00:39:58 2026] GET /v2.0/networks/public => generated 108 bytes in 801 msecs (HTTP/1.1 404) 4 headers in 164 bytes (1 switches on core 0) /var/lib/openstack/lib/python3.10/site-packages/pycadf/identifier.py:71: UserWarning: Invalid uuid: unknown. To ensure interoperability, identifiers should be a valid uuid. warnings.warn(('Invalid uuid: %s. To ensure interoperability, ' [pid: 8|app: 0|req: 2/3] 199.204.45.216 () {44 vars in 950 bytes} [Tue Apr 7 00:39:59 2026] GET /v2.0/networks?name=public => generated 15 bytes in 354 msecs (HTTP/1.1 200) 4 headers in 156 bytes (1 switches on core 0)
2026-04-07 00:39:59.935 7 WARNING oslo_policy.policy [None req-7580280f-bb2f-4c52-8b61-8d4f4f673039 80cb44ba17ee4e8ebcd7a1b6d4787eef bfaad883dd9c4e248e33180ac9105df6 - - default default] Policies ['get_subnets_tags'] reference a rule that is not defined.
2026-04-07 00:40:00.073 7 WARNING neutron.services.revisions.revision_plugin [None req-7580280f-bb2f-4c52-8b61-8d4f4f673039 80cb44ba17ee4e8ebcd7a1b6d4787eef bfaad883dd9c4e248e33180ac9105df6 - - default default] Could not find related network for resource to bump revision.
2026-04-07 00:40:00.108 7 INFO neutron.db.segments_db [None req-7580280f-bb2f-4c52-8b61-8d4f4f673039 80cb44ba17ee4e8ebcd7a1b6d4787eef bfaad883dd9c4e248e33180ac9105df6 - - default default] Added segment deedb70c-0fa1-4239-8c39-f57ae1ff126c of type flat for network 185fdb0c-ca65-403c-b8fd-57f78184a0ed
2026-04-07 00:40:00.178 7 INFO neutron.pecan_wsgi.hooks.translation [None req-7580280f-bb2f-4c52-8b61-8d4f4f673039 80cb44ba17ee4e8ebcd7a1b6d4787eef bfaad883dd9c4e248e33180ac9105df6 - - default default] POST failed (client error): The resource could not be found. [pid: 7|app: 0|req: 2/4] 199.204.45.216 () {48 vars in 968 bytes} [Tue Apr 7 00:39:59 2026] POST /v2.0/networks => generated 124 bytes in 429 msecs (HTTP/1.1 404) 4 headers in 164 bytes (1 switches on core 0)
2026-04-07 00:40:06.096 7 INFO neutron.pecan_wsgi.hooks.translation [None req-1e7dd008-6b02-43ce-a931-6f0b9c0bc039 80cb44ba17ee4e8ebcd7a1b6d4787eef bfaad883dd9c4e248e33180ac9105df6 - - default default] GET failed (client error): The resource could not be found. [pid: 7|app: 0|req: 3/6] 199.204.45.216 () {44 vars in 928 bytes} [Tue Apr 7 00:40:06 2026] GET /v2.0/networks/public => generated 108 bytes in 60 msecs (HTTP/1.1 404) 4 headers in 164 bytes (1 switches on core 0) [pid: 8|app: 0|req: 4/7] 199.204.45.216 () {44 vars in 950 bytes} [Tue Apr 7 00:40:06 2026] GET /v2.0/networks?name=public => generated 15 bytes in 16 msecs (HTTP/1.1 200) 4 headers in 156 bytes (1 switches on core 0)
2026-04-07 00:40:06.185 7 WARNING neutron.services.revisions.revision_plugin [None req-66a72497-7cd8-4445-bda6-db4a31209c18 80cb44ba17ee4e8ebcd7a1b6d4787eef bfaad883dd9c4e248e33180ac9105df6 - - default default] Could not find related network for resource to bump revision.
2026-04-07 00:40:06.202 7 INFO neutron.db.segments_db [None req-66a72497-7cd8-4445-bda6-db4a31209c18 80cb44ba17ee4e8ebcd7a1b6d4787eef bfaad883dd9c4e248e33180ac9105df6 - - default default] Added segment 82c8987b-24a5-4961-b39a-dee5c463488d of type flat for network 10ab5b17-3070-4eb9-a3b8-bb790c99efe1
2026-04-07 00:40:06.247 7 INFO neutron.pecan_wsgi.hooks.translation [None req-66a72497-7cd8-4445-bda6-db4a31209c18 80cb44ba17ee4e8ebcd7a1b6d4787eef bfaad883dd9c4e248e33180ac9105df6 - - default default] POST failed (client error): The resource could not be found. [pid: 7|app: 0|req: 4/8] 199.204.45.216 () {48 vars in 968 bytes} [Tue Apr 7 00:40:06 2026] POST /v2.0/networks => generated 124 bytes in 142 msecs (HTTP/1.1 404) 4 headers in 164 bytes (1 switches on core 0)
2026-04-07 00:40:12.466 8 INFO neutron.pecan_wsgi.hooks.translation [None req-a60ffbf1-8bab-43bf-9b13-b4799c670d82 80cb44ba17ee4e8ebcd7a1b6d4787eef bfaad883dd9c4e248e33180ac9105df6 - - default default] GET failed (client error): The resource could not be found. [pid: 8|app: 0|req: 5/9] 199.204.45.216 () {44 vars in 928 bytes} [Tue Apr 7 00:40:12 2026] GET /v2.0/networks/public => generated 108 bytes in 404 msecs (HTTP/1.1 404) 4 headers in 164 bytes (1 switches on core 0) [pid: 7|app: 0|req: 5/10] 199.204.45.216 () {44 vars in 950 bytes} [Tue Apr 7 00:40:12 2026] GET /v2.0/networks?name=public => generated 15 bytes in 22 msecs (HTTP/1.1 200) 4 headers in 156 bytes (1 switches on core 0)
2026-04-07 00:40:12.659 8 WARNING oslo_policy.policy [None req-1fc59983-9fa9-4a03-b547-744c3a8134aa 80cb44ba17ee4e8ebcd7a1b6d4787eef bfaad883dd9c4e248e33180ac9105df6 - - default default] Policies ['get_subnets_tags'] reference a rule that is not defined.
2026-04-07 00:40:12.712 8 WARNING neutron.services.revisions.revision_plugin [None req-1fc59983-9fa9-4a03-b547-744c3a8134aa 80cb44ba17ee4e8ebcd7a1b6d4787eef bfaad883dd9c4e248e33180ac9105df6 - - default default] Could not find related network for resource to bump revision.
2026-04-07 00:40:12.737 8 INFO neutron.db.segments_db [None req-1fc59983-9fa9-4a03-b547-744c3a8134aa 80cb44ba17ee4e8ebcd7a1b6d4787eef bfaad883dd9c4e248e33180ac9105df6 - - default default] Added segment 8bc3ed27-7718-4632-9cbb-c6c8b81970ce of type flat for network fc4bdff7-4430-4f10-98d2-54243f273ab8
2026-04-07 00:40:12.783 8 INFO neutron.pecan_wsgi.hooks.translation [None req-1fc59983-9fa9-4a03-b547-744c3a8134aa 80cb44ba17ee4e8ebcd7a1b6d4787eef bfaad883dd9c4e248e33180ac9105df6 - - default default] POST failed (client error): The resource could not be found. [pid: 8|app: 0|req: 6/11] 199.204.45.216 () {48 vars in 968 bytes} [Tue Apr 7 00:40:12 2026] POST /v2.0/networks => generated 124 bytes in 309 msecs (HTTP/1.1 404) 4 headers in 164 bytes (1 switches on core 0)
2026-04-07 00:40:18.659 8 INFO neutron.pecan_wsgi.hooks.translation [None req-45b20bd1-049c-4c9a-b329-d51119b00530 80cb44ba17ee4e8ebcd7a1b6d4787eef bfaad883dd9c4e248e33180ac9105df6 - - default default] GET failed (client error): The resource could not be found. [pid: 8|app: 0|req: 7/13] 199.204.45.216 () {44 vars in 928 bytes} [Tue Apr 7 00:40:18 2026] GET /v2.0/networks/public => generated 108 bytes in 57 msecs (HTTP/1.1 404) 4 headers in 164 bytes (1 switches on core 0) [pid: 7|app: 0|req: 7/14] 199.204.45.216 () {44 vars in 950 bytes} [Tue Apr 7 00:40:18 2026] GET /v2.0/networks?name=public => generated 15 bytes in 17 msecs (HTTP/1.1 200) 4 headers in 156 bytes (1 switches on core 0)
2026-04-07 00:40:18.746 8 WARNING neutron.services.revisions.revision_plugin [None req-583a3f48-96e9-4fc5-803e-f125cdc8b6c1 80cb44ba17ee4e8ebcd7a1b6d4787eef bfaad883dd9c4e248e33180ac9105df6 - - default default] Could not find related network for resource to bump revision.
2026-04-07 00:40:18.766 8 INFO neutron.db.segments_db [None req-583a3f48-96e9-4fc5-803e-f125cdc8b6c1 80cb44ba17ee4e8ebcd7a1b6d4787eef bfaad883dd9c4e248e33180ac9105df6 - - default default] Added segment ea303787-d293-4f83-a85a-a4909b88ec8d of type flat for network d8fdaaa4-11b0-4742-a3c4-9c8851f7ca8a
2026-04-07 00:40:18.806 8 INFO neutron.pecan_wsgi.hooks.translation [None req-583a3f48-96e9-4fc5-803e-f125cdc8b6c1 80cb44ba17ee4e8ebcd7a1b6d4787eef bfaad883dd9c4e248e33180ac9105df6 - - default default] POST failed (client error): The resource could not be found. [pid: 8|app: 0|req: 8/15] 199.204.45.216 () {48 vars in 968 bytes} [Tue Apr 7 00:40:18 2026] POST /v2.0/networks => generated 124 bytes in 139 msecs (HTTP/1.1 404) 4 headers in 164 bytes (1 switches on core 0)
2026-04-07 00:40:24.696 7 INFO neutron.pecan_wsgi.hooks.translation [None req-722971e0-cfa4-4f0e-b1eb-6af91ce43a82 80cb44ba17ee4e8ebcd7a1b6d4787eef bfaad883dd9c4e248e33180ac9105df6 - - default default] GET failed (client error): The resource could not be found. [pid: 7|app: 0|req: 8/16] 199.204.45.216 () {44 vars in 928 bytes} [Tue Apr 7 00:40:24 2026] GET /v2.0/networks/public => generated 108 bytes in 70 msecs (HTTP/1.1 404) 4 headers in 164 bytes (1 switches on core 0) [pid: 8|app: 0|req: 9/17] 199.204.45.216 () {44 vars in 950 bytes} [Tue Apr 7 00:40:24 2026] GET /v2.0/networks?name=public => generated 15 bytes in 21 msecs (HTTP/1.1 200) 4 headers in 156 bytes (1 switches on core 0)
2026-04-07 00:40:24.849 7 WARNING neutron.services.revisions.revision_plugin [None req-6ed94a59-f7ed-4ddf-a2f5-8f3fb3260928 80cb44ba17ee4e8ebcd7a1b6d4787eef bfaad883dd9c4e248e33180ac9105df6 - - default default] Could not find related network for resource to bump revision.
2026-04-07 00:40:24.875 7 INFO neutron.db.segments_db [None req-6ed94a59-f7ed-4ddf-a2f5-8f3fb3260928 80cb44ba17ee4e8ebcd7a1b6d4787eef bfaad883dd9c4e248e33180ac9105df6 - - default default] Added segment 47886924-f3cf-445b-85a7-85f3b2da5163 of type flat for network 350312bd-b322-424c-a095-120a8988d04c [pid: 7|app: 0|req: 9/18] 199.204.45.216 () {48 vars in 968 bytes} [Tue Apr 7 00:40:24 2026] POST /v2.0/networks => generated 706 bytes in 397 msecs (HTTP/1.1 201) 4 headers in 162 bytes (1 switches on core 0)
2026-04-07 00:40:26.556 8 INFO neutron.pecan_wsgi.hooks.translation [None req-8082aa06-cf5f-404e-ab13-7b1a0457d3d7 80cb44ba17ee4e8ebcd7a1b6d4787eef bfaad883dd9c4e248e33180ac9105df6 - - default default] GET failed (client error): The resource could not be found. [pid: 8|app: 0|req: 10/19] 199.204.45.216 () {44 vars in 928 bytes} [Tue Apr 7 00:40:26 2026] GET /v2.0/networks/public => generated 108 bytes in 57 msecs (HTTP/1.1 404) 4 headers in 164 bytes (1 switches on core 0) [pid: 7|app: 0|req: 10/20] 199.204.45.216 () {44 vars in 950 bytes} [Tue Apr 7 00:40:26 2026] GET /v2.0/networks?name=public => generated 709 bytes in 66 msecs (HTTP/1.1 200) 4 headers in 157 bytes (1 switches on core 0)
2026-04-07 00:40:26.671 8 INFO neutron.pecan_wsgi.hooks.translation [None req-f0a4acf6-42c9-4a8c-a2d3-369b5421d087 80cb44ba17ee4e8ebcd7a1b6d4787eef bfaad883dd9c4e248e33180ac9105df6 - - default default] GET failed (client error): The resource could not be found. [pid: 8|app: 0|req: 11/21] 199.204.45.216 () {44 vars in 1035 bytes} [Tue Apr 7 00:40:26 2026] GET /v2.0/subnets/public-subnet?network_id=350312bd-b322-424c-a095-120a8988d04c => generated 113 bytes in 37 msecs (HTTP/1.1 404) 4 headers in 164 bytes (1 switches on core 0) [pid: 7|app: 0|req: 11/22] 199.204.45.216 () {44 vars in 1058 bytes} [Tue Apr 7 00:40:26 2026] GET /v2.0/subnets?name=public-subnet&network_id=350312bd-b322-424c-a095-120a8988d04c => generated 14 bytes in 22 msecs (HTTP/1.1 200) 4 headers in 156 bytes (1 switches on core 0) [pid: 8|app: 0|req: 12/23] 199.204.45.216 () {48 vars in 966 bytes} [Tue Apr 7 00:40:26 2026] POST /v2.0/subnets => generated 641 bytes in 557 msecs (HTTP/1.1 201) 4 headers in 162 bytes (1 switches on core 0)
2026-04-07 00:44:55.502 7 ERROR oslo.messaging._drivers.impl_rabbit [-] [65710115-b595-4d63-b255-47f875051b83] AMQP server on rabbitmq-neutron.openstack.svc.cluster.local:5672 is unreachable: . Trying again in 1 seconds.: amqp.exceptions.RecoverableConnectionError: 
2026-04-07 00:44:55.503 7 ERROR oslo.messaging._drivers.impl_rabbit [-] [776a22d0-7139-4392-9442-015b5d96c0a8] AMQP server on rabbitmq-neutron.openstack.svc.cluster.local:5672 is unreachable: . Trying again in 1 seconds.: amqp.exceptions.RecoverableConnectionError: 
2026-04-07 00:44:55.504 7 INFO oslo.messaging._drivers.impl_rabbit [-] A recoverable connection/channel error occurred, trying to reconnect: Server unexpectedly closed connection Tue Apr 7 00:44:55 2026 - SIGPIPE: writing to a closed pipe/socket/fd (probably the client disconnected) on request /v2.0/networks/lb-mgmt-net (ip 199.204.45.216) !!!
2026-04-07 00:44:55.622 7 INFO neutron.pecan_wsgi.hooks.translation [None req-aaafae07-ff50-4d8d-ba9c-afc5dd3bb792 80cb44ba17ee4e8ebcd7a1b6d4787eef bfaad883dd9c4e248e33180ac9105df6 - - default default] GET failed (client error): The resource could not be found. [pid: 7|app: 0|req: 29/58] 199.204.45.216 () {44 vars in 938 bytes} [Tue Apr 7 00:44:55 2026] GET /v2.0/networks/lb-mgmt-net => generated 113 bytes in 135 msecs (HTTP/1.1 404) 4 headers in 164 bytes (1 switches on core 0)
2026-04-07 00:44:55.650 8 ERROR oslo.messaging._drivers.impl_rabbit [-] [a2a14ce5-5006-4f4d-a381-7860dd75b6d1] AMQP server on rabbitmq-neutron.openstack.svc.cluster.local:5672 is unreachable: . Trying again in 1 seconds.: amqp.exceptions.RecoverableConnectionError: 
2026-04-07 00:44:55.651 8 ERROR oslo.messaging._drivers.impl_rabbit [-] [6d3fc25c-b300-4ea6-950a-68924b51a07a] AMQP server on rabbitmq-neutron.openstack.svc.cluster.local:5672 is unreachable: . Trying again in 1 seconds.: amqp.exceptions.RecoverableConnectionError: 
2026-04-07 00:44:55.652 8 INFO oslo.messaging._drivers.impl_rabbit [-] A recoverable connection/channel error occurred, trying to reconnect: Server unexpectedly closed connection Tue Apr 7 00:44:55 2026 - SIGPIPE: writing to a closed pipe/socket/fd (probably the client disconnected) on request /v2.0/networks?name=lb-mgmt-net (ip 199.204.45.216) !!! [pid: 8|app: 0|req: 30/59] 199.204.45.216 () {44 vars in 960 bytes} [Tue Apr 7 00:44:55 2026] GET /v2.0/networks?name=lb-mgmt-net => generated 15 bytes in 35 msecs (HTTP/1.1 200) 4 headers in 156 bytes (1 switches on core 0)
2026-04-07 00:44:55.735 7 INFO neutron.db.segments_db [None req-2028e1df-6ee2-4641-a73d-7d1036903333 80cb44ba17ee4e8ebcd7a1b6d4787eef bfaad883dd9c4e248e33180ac9105df6 - - default default] Added segment 9bc2d847-e60e-4744-9611-2fbde7ce798f of type vxlan for network 3e40a8b0-095a-4420-9010-9e82d0fb6322 [pid: 7|app: 0|req: 30/60] 199.204.45.216 () {48 vars in 967 bytes} [Tue Apr 7 00:44:55 2026] POST /v2.0/networks => generated 707 bytes in 176 msecs (HTTP/1.1 201) 4 headers in 162 bytes (1 switches on core 0)
2026-04-07 00:44:56.761 8 INFO oslo.messaging._drivers.impl_rabbit [-] [a2a14ce5-5006-4f4d-a381-7860dd75b6d1] Reconnected to AMQP server on rabbitmq-neutron.openstack.svc.cluster.local:5672 via [amqp] client with port 41186.
2026-04-07 00:44:56.761 8 INFO oslo.messaging._drivers.impl_rabbit [-] [6d3fc25c-b300-4ea6-950a-68924b51a07a] Reconnected to AMQP server on rabbitmq-neutron.openstack.svc.cluster.local:5672 via [amqp] client with port 41190.
2026-04-07 00:44:56.803 8 INFO neutron.pecan_wsgi.hooks.translation [None req-ec0776ec-b38b-4f92-a860-2831aea40adc 80cb44ba17ee4e8ebcd7a1b6d4787eef bfaad883dd9c4e248e33180ac9105df6 - - default default] GET failed (client error): The resource could not be found. [pid: 8|app: 0|req: 31/61] 199.204.45.216 () {44 vars in 938 bytes} [Tue Apr 7 00:44:56 2026] GET /v2.0/networks/lb-mgmt-net => generated 113 bytes in 75 msecs (HTTP/1.1 404) 4 headers in 164 bytes (1 switches on core 0)
2026-04-07 00:44:56.861 7 INFO oslo.messaging._drivers.impl_rabbit [-] [65710115-b595-4d63-b255-47f875051b83] Reconnected to AMQP server on rabbitmq-neutron.openstack.svc.cluster.local:5672 via [amqp] client with port 41206.
2026-04-07 00:44:56.862 7 INFO oslo.messaging._drivers.impl_rabbit [-] [776a22d0-7139-4392-9442-015b5d96c0a8] Reconnected to AMQP server on rabbitmq-neutron.openstack.svc.cluster.local:5672 via [amqp] client with port 41222. [pid: 7|app: 0|req: 31/62] 199.204.45.216 () {44 vars in 960 bytes} [Tue Apr 7 00:44:56 2026] GET /v2.0/networks?name=lb-mgmt-net => generated 691 bytes in 64 msecs (HTTP/1.1 200) 4 headers in 157 bytes (1 switches on core 0)
2026-04-07 00:44:56.901 8 INFO neutron.pecan_wsgi.hooks.translation [None req-d91f097c-7d3f-4ad9-a401-816e5fc63043 80cb44ba17ee4e8ebcd7a1b6d4787eef bfaad883dd9c4e248e33180ac9105df6 - - default default] GET failed (client error): The resource could not be found. [pid: 8|app: 0|req: 32/63] 199.204.45.216 () {44 vars in 1037 bytes} [Tue Apr 7 00:44:56 2026] GET /v2.0/subnets/lb-mgmt-subnet?network_id=3e40a8b0-095a-4420-9010-9e82d0fb6322 => generated 114 bytes in 19 msecs (HTTP/1.1 404) 4 headers in 164 bytes (1 switches on core 0) [pid: 7|app: 0|req: 32/64] 199.204.45.216 () {44 vars in 1060 bytes} [Tue Apr 7 00:44:56 2026] GET /v2.0/subnets?name=lb-mgmt-subnet&network_id=3e40a8b0-095a-4420-9010-9e82d0fb6322 => generated 14 bytes in 20 msecs (HTTP/1.1 200) 4 headers in 156 bytes (1 switches on core 0) [pid: 8|app: 0|req: 33/65] 199.204.45.216 () {48 vars in 966 bytes} [Tue Apr 7 00:44:56 2026] POST /v2.0/subnets => generated 627 bytes in 241 msecs (HTTP/1.1 201) 4 headers in 162 bytes (1 switches on core 0)
2026-04-07 00:44:58.430 7 INFO neutron.api.v2.resource [None req-ad4ece55-733f-4eca-94c6-a241b57d8c5f 80cb44ba17ee4e8ebcd7a1b6d4787eef bfaad883dd9c4e248e33180ac9105df6 - - default default] show failed (client error): The resource could not be found. [pid: 7|app: 0|req: 33/66] 199.204.45.216 () {44 vars in 972 bytes} [Tue Apr 7 00:44:58 2026] GET /v2.0/security-groups/lb-health-mgr-sec-grp => generated 131 bytes in 49 msecs (HTTP/1.1 404) 4 headers in 164 bytes (1 switches on core 0) [pid: 8|app: 0|req: 34/67] 199.204.45.216 () {44 vars in 994 bytes} [Tue Apr 7 00:44:58 2026] GET /v2.0/security-groups?name=lb-health-mgr-sec-grp => generated 23 bytes in 47 msecs (HTTP/1.1 200) 4 headers in 156 bytes (1 switches on core 0) [pid: 7|app: 0|req: 34/68] 199.204.45.216 () {48 vars in 981 bytes} [Tue Apr 7 00:44:58 2026] POST /v2.0/security-groups => generated 1616 bytes in 177 msecs (HTTP/1.1 201) 4 headers in 163 bytes (1 switches on core 0) [pid: 8|app: 0|req: 35/69] 199.204.45.216 () {44 vars in 1002 bytes} [Tue Apr 7 00:44:59 2026] GET /v2.0/security-groups/3060a323-4ba5-45b9-82e8-6cd4c33b35f6 => generated 1616 bytes in 74 msecs (HTTP/1.1 200) 4 headers in 158 bytes (1 switches on core 0) [pid: 7|app: 0|req: 35/70] 199.204.45.216 () {44 vars in 1002 bytes} [Tue Apr 7 00:44:59 2026] GET /v2.0/security-groups/3060a323-4ba5-45b9-82e8-6cd4c33b35f6 => generated 1616 bytes in 30 msecs (HTTP/1.1 200) 4 headers in 158 bytes (1 switches on core 0) [pid: 8|app: 0|req: 36/71] 199.204.45.216 () {44 vars in 1002 bytes} [Tue Apr 7 00:44:59 2026] GET /v2.0/security-groups/3060a323-4ba5-45b9-82e8-6cd4c33b35f6 => generated 1616 bytes in 32 msecs (HTTP/1.1 200) 4 headers in 158 bytes (1 switches on core 0) [pid: 7|app: 0|req: 36/72] 199.204.45.216 () {48 vars in 992 bytes} [Tue Apr 7 00:44:59 2026] POST /v2.0/security-group-rules => generated 601 bytes in 121 msecs (HTTP/1.1 201) 4 headers in 162 bytes (1 switches on core 0) [pid: 8|app: 0|req: 37/75] 199.204.45.216 () {44 vars in 1002 bytes} [Tue Apr 7 00:45:00 2026] GET /v2.0/security-groups/3060a323-4ba5-45b9-82e8-6cd4c33b35f6 => generated 2230 bytes in 87 msecs (HTTP/1.1 200) 4 headers in 158 bytes (1 switches on core 0) [pid: 7|app: 0|req: 39/76] 199.204.45.216 () {44 vars in 1002 bytes} [Tue Apr 7 00:45:00 2026] GET /v2.0/security-groups/3060a323-4ba5-45b9-82e8-6cd4c33b35f6 => generated 2230 bytes in 29 msecs (HTTP/1.1 200) 4 headers in 158 bytes (1 switches on core 0) [pid: 8|app: 0|req: 38/77] 199.204.45.216 () {44 vars in 1002 bytes} [Tue Apr 7 00:45:00 2026] GET /v2.0/security-groups/3060a323-4ba5-45b9-82e8-6cd4c33b35f6 => generated 2230 bytes in 222 msecs (HTTP/1.1 200) 4 headers in 158 bytes (1 switches on core 0) [pid: 7|app: 0|req: 40/78] 199.204.45.216 () {48 vars in 992 bytes} [Tue Apr 7 00:45:01 2026] POST /v2.0/security-group-rules => generated 603 bytes in 117 msecs (HTTP/1.1 201) 4 headers in 162 bytes (1 switches on core 0) [pid: 8|app: 0|req: 39/79] 199.204.45.216 () {44 vars in 1002 bytes} [Tue Apr 7 00:45:02 2026] GET /v2.0/security-groups/3060a323-4ba5-45b9-82e8-6cd4c33b35f6 => generated 2846 bytes in 58 msecs (HTTP/1.1 200) 4 headers in 158 bytes (1 switches on core 0) [pid: 7|app: 0|req: 41/80] 199.204.45.216 () {44 vars in 1002 bytes} [Tue Apr 7 00:45:02 2026] GET /v2.0/security-groups/3060a323-4ba5-45b9-82e8-6cd4c33b35f6 => generated 2846 bytes in 36 msecs (HTTP/1.1 200) 4 headers in 158 bytes (1 switches on core 0) [pid: 8|app: 0|req: 40/81] 199.204.45.216 () {44 vars in 1002 bytes} [Tue Apr 7 00:45:02 2026] GET /v2.0/security-groups/3060a323-4ba5-45b9-82e8-6cd4c33b35f6 => generated 2846 bytes in 28 msecs (HTTP/1.1 200) 4 headers in 158 bytes (1 switches on core 0) [pid: 7|app: 0|req: 42/82] 199.204.45.216 () {48 vars in 992 bytes} [Tue Apr 7 00:45:02 2026] POST /v2.0/security-group-rules => generated 603 bytes in 111 msecs (HTTP/1.1 201) 4 headers in 162 bytes (1 switches on core 0) [pid: 8|app: 0|req: 41/83] 199.204.45.216 () {44 vars in 1002 bytes} [Tue Apr 7 00:45:03 2026] GET /v2.0/security-groups/3060a323-4ba5-45b9-82e8-6cd4c33b35f6 => generated 3462 bytes in 54 msecs (HTTP/1.1 200) 4 headers in 158 bytes (1 switches on core 0) [pid: 7|app: 0|req: 43/84] 199.204.45.216 () {44 vars in 1002 bytes} [Tue Apr 7 00:45:03 2026] GET /v2.0/security-groups/3060a323-4ba5-45b9-82e8-6cd4c33b35f6 => generated 3462 bytes in 38 msecs (HTTP/1.1 200) 4 headers in 158 bytes (1 switches on core 0) [pid: 8|app: 0|req: 42/85] 199.204.45.216 () {44 vars in 1002 bytes} [Tue Apr 7 00:45:03 2026] GET /v2.0/security-groups/3060a323-4ba5-45b9-82e8-6cd4c33b35f6 => generated 3462 bytes in 37 msecs (HTTP/1.1 200) 4 headers in 158 bytes (1 switches on core 0) [pid: 7|app: 0|req: 44/86] 199.204.45.216 () {48 vars in 992 bytes} [Tue Apr 7 00:45:03 2026] POST /v2.0/security-group-rules => generated 603 bytes in 128 msecs (HTTP/1.1 201) 4 headers in 162 bytes (1 switches on core 0) [pid: 8|app: 0|req: 43/87] 199.204.45.216 () {44 vars in 1002 bytes} [Tue Apr 7 00:45:04 2026] GET /v2.0/security-groups/3060a323-4ba5-45b9-82e8-6cd4c33b35f6 => generated 4078 bytes in 59 msecs (HTTP/1.1 200) 4 headers in 158 bytes (1 switches on core 0) [pid: 7|app: 0|req: 45/88] 199.204.45.216 () {44 vars in 1002 bytes} [Tue Apr 7 00:45:04 2026] GET /v2.0/security-groups/3060a323-4ba5-45b9-82e8-6cd4c33b35f6 => generated 4078 bytes in 35 msecs (HTTP/1.1 200) 4 headers in 158 bytes (1 switches on core 0) [pid: 8|app: 0|req: 44/89] 199.204.45.216 () {44 vars in 1002 bytes} [Tue Apr 7 00:45:04 2026] GET /v2.0/security-groups/3060a323-4ba5-45b9-82e8-6cd4c33b35f6 => generated 4078 bytes in 32 msecs (HTTP/1.1 200) 4 headers in 158 bytes (1 switches on core 0) [pid: 7|app: 0|req: 46/90] 199.204.45.216 () {48 vars in 992 bytes} [Tue Apr 7 00:45:04 2026] POST /v2.0/security-group-rules => generated 603 bytes in 106 msecs (HTTP/1.1 201) 4 headers in 162 bytes (1 switches on core 0) [pid: 8|app: 0|req: 45/91] 199.204.45.216 () {44 vars in 988 bytes} [Tue Apr 7 00:45:05 2026] GET /v2.0/networks/3e40a8b0-095a-4420-9010-9e82d0fb6322 => generated 732 bytes in 126 msecs (HTTP/1.1 200) 4 headers in 157 bytes (1 switches on core 0)
