Feb 19 02:52:32.110782 np0000156477 devstack@m-api.service[91850]: INFO manila.api.openstack.wsgi [None req-7770f402-49b2-4a89-8b04-2b87d09f71e1 tempest-test_creds-684308411 tempest-test_creds-684308411-project-admin] GET https://199.19.213.217/share/v2/e19db1df1c2b41dcb5db5bcd4dd8bd65/shares/b57a7769-bc5c-4109-89b6-1704990f17bb
Feb 19 02:52:32.110782 np0000156477 devstack@m-api.service[91850]: DEBUG manila.api.openstack.wsgi [None req-7770f402-49b2-4a89-8b04-2b87d09f71e1 tempest-test_creds-684308411 tempest-test_creds-684308411-project-admin] Empty body provided in request {{(pid=91850) get_body /opt/stack/manila/manila/api/openstack/wsgi.py:652}}
Feb 19 02:52:32.110782 np0000156477 devstack@m-api.service[91850]: DEBUG manila.api.openstack.wsgi [None req-7770f402-49b2-4a89-8b04-2b87d09f71e1 tempest-test_creds-684308411 tempest-test_creds-684308411-project-admin] Calling method 'ShareMixin.show' {{(pid=91850) _process_stack /opt/stack/manila/manila/api/openstack/wsgi.py:798}}
Feb 19 02:52:32.115209 np0000156477 devstack@m-api.service[91850]: INFO manila.api.openstack.wsgi [None req-7770f402-49b2-4a89-8b04-2b87d09f71e1 tempest-test_creds-684308411 tempest-test_creds-684308411-project-admin] HTTP exception thrown: The resource could not be found.
Feb 19 02:52:32.115507 np0000156477 devstack@m-api.service[91850]: INFO manila.api.openstack.wsgi [None req-7770f402-49b2-4a89-8b04-2b87d09f71e1 tempest-test_creds-684308411 tempest-test_creds-684308411-project-admin] https://199.19.213.217/share/v2/e19db1df1c2b41dcb5db5bcd4dd8bd65/shares/b57a7769-bc5c-4109-89b6-1704990f17bb returned with HTTP 404
Feb 19 02:52:32.116192 np0000156477 devstack@m-api.service[91850]: [pid: 91850|app: 0|req: 138/275] 199.19.213.217 () {68 vars in 1518 bytes} [Thu Feb 19 02:52:32 2026] GET /share/v2/e19db1df1c2b41dcb5db5bcd4dd8bd65/shares/b57a7769-bc5c-4109-89b6-1704990f17bb => generated 78 bytes in 11 msecs (HTTP/1.1 404) 7 headers in 303 bytes (1 switches on core 0)
Feb 19 02:52:32.138185 np0000156477 devstack@m-api.service[91851]: INFO manila.api.openstack.wsgi [None req-ef996ea0-c27b-496c-a861-3c5dedb3da49 tempest-test_creds-684308411 tempest-test_creds-684308411-project-admin] POST https://199.19.213.217/share/v2/e19db1df1c2b41dcb5db5bcd4dd8bd65/shares
Feb 19 02:52:32.138540 np0000156477 devstack@m-api.service[91851]: DEBUG manila.api.openstack.wsgi [None req-ef996ea0-c27b-496c-a861-3c5dedb3da49 tempest-test_creds-684308411 tempest-test_creds-684308411-project-admin] Action: 'create', calling method: Controller.__getattribute__..version_select, body: {"share": {"share_proto": "nfs", "description": "Tempest's share", "snapshot_id": null, "name": "tempest-tempest-created-share-1541840152", "size": 1, "metadata": {}, "is_public": false, "share_network_id": "dc4b10f3-0c87-47d7-b1b6-de65b779efe5", "share_type": "d18f86e8-6698-4138-a1ce-1d461c4cddcb"}} {{(pid=91851) _process_stack /opt/stack/manila/manila/api/openstack/wsgi.py:796}}
Feb 19 02:52:32.139581 np0000156477 devstack@m-api.service[91851]: INFO manila.api.v2.shares [None req-ef996ea0-c27b-496c-a861-3c5dedb3da49 tempest-test_creds-684308411 tempest-test_creds-684308411-project-admin] Create NFS share of 1 GB
Feb 19 02:52:32.197624 np0000156477 devstack@m-api.service[91851]: DEBUG manila.quota [None req-ef996ea0-c27b-496c-a861-3c5dedb3da49 tempest-test_creds-684308411 tempest-test_creds-684308411-project-admin] Created reservations ['87ce9362-dc43-4310-8f8a-0af01bd44a57', 'c4056394-39b2-41e3-bf8e-f2d28fd8b81e', '63d42271-3d77-47ab-9ca2-69a5ef7ed46d', 'b4fe6a55-2d39-4f1c-b1a8-40fa1f95ec9f'] {{(pid=91851) reserve /opt/stack/manila/manila/quota.py:1038}}
Feb 19 02:52:32.242621 np0000156477 devstack@m-api.service[91851]: DEBUG manila.quota [None req-ef996ea0-c27b-496c-a861-3c5dedb3da49 tempest-test_creds-684308411 tempest-test_creds-684308411-project-admin] Committed reservations ['87ce9362-dc43-4310-8f8a-0af01bd44a57', 'c4056394-39b2-41e3-bf8e-f2d28fd8b81e', '63d42271-3d77-47ab-9ca2-69a5ef7ed46d', 'b4fe6a55-2d39-4f1c-b1a8-40fa1f95ec9f'] {{(pid=91851) commit /opt/stack/manila/manila/quota.py:1066}}
Feb 19 02:52:32.303943 np0000156477 devstack@m-api.service[91851]: INFO manila.api.openstack.wsgi [None req-ef996ea0-c27b-496c-a861-3c5dedb3da49 tempest-test_creds-684308411 tempest-test_creds-684308411-project-admin] https://199.19.213.217/share/v2/e19db1df1c2b41dcb5db5bcd4dd8bd65/shares returned with HTTP 200
Feb 19 02:52:32.304382 np0000156477 devstack@m-api.service[91851]: [pid: 91851|app: 0|req: 138/276] 199.19.213.217 () {70 vars in 1429 bytes} [Thu Feb 19 02:52:32 2026] POST /share/v2/e19db1df1c2b41dcb5db5bcd4dd8bd65/shares => generated 1416 bytes in 170 msecs (HTTP/1.1 200) 7 headers in 298 bytes (1 switches on core 0)
Feb 19 02:52:32.321086 np0000156477 devstack@m-api.service[91850]: INFO manila.api.openstack.wsgi [None req-b80064f5-7a3c-4f77-a64c-86b079b66ab1 tempest-test_creds-684308411 tempest-test_creds-684308411-project-admin] GET https://199.19.213.217/share/v2/e19db1df1c2b41dcb5db5bcd4dd8bd65/shares/8a6faa3c-67b1-422e-9179-641a3612d4b8
Feb 19 02:52:32.321867 np0000156477 devstack@m-api.service[91850]: DEBUG manila.api.openstack.wsgi [None req-b80064f5-7a3c-4f77-a64c-86b079b66ab1 tempest-test_creds-684308411 tempest-test_creds-684308411-project-admin] Empty body provided in request {{(pid=91850) get_body /opt/stack/manila/manila/api/openstack/wsgi.py:652}}
Feb 19 02:52:32.321867 np0000156477 devstack@m-api.service[91850]: DEBUG manila.api.openstack.wsgi [None req-b80064f5-7a3c-4f77-a64c-86b079b66ab1 tempest-test_creds-684308411 tempest-test_creds-684308411-project-admin] Calling method 'ShareMixin.show' {{(pid=91850) _process_stack /opt/stack/manila/manila/api/openstack/wsgi.py:798}}
Feb 19 02:52:32.336935 np0000156477 devstack@m-api.service[91850]: INFO manila.api.openstack.wsgi [None req-b80064f5-7a3c-4f77-a64c-86b079b66ab1 tempest-test_creds-684308411 tempest-test_creds-684308411-project-admin] https://199.19.213.217/share/v2/e19db1df1c2b41dcb5db5bcd4dd8bd65/shares/8a6faa3c-67b1-422e-9179-641a3612d4b8 returned with HTTP 200
Feb 19 02:52:32.337270 np0000156477 devstack@m-api.service[91850]: [pid: 91850|app: 0|req: 139/277] 199.19.213.217 () {68 vars in 1518 bytes} [Thu Feb 19 02:52:32 2026] GET /share/v2/e19db1df1c2b41dcb5db5bcd4dd8bd65/shares/8a6faa3c-67b1-422e-9179-641a3612d4b8 => generated 1440 bytes in 20 msecs (HTTP/1.1 200) 7 headers in 298 bytes (1 switches on core 0)
Feb 19 02:52:34.718811 np0000156477 devstack@m-api.service[91851]: INFO manila.api.openstack.wsgi [None req-b47a707e-2ba2-474d-a8c9-831873ef9206 tempest-test_creds-1930972785 tempest-test_creds-1930972785-project] GET https://199.19.213.217/share/v2/e48a2286aa944376ab71c8e83cd3f9b0/share-access-rules?share_id=4cb84f2f-d8b7-4a0e-b5aa-86bb905b6ec6
Feb 19 02:52:34.719467 np0000156477 devstack@m-api.service[91851]: DEBUG manila.api.openstack.wsgi [None req-b47a707e-2ba2-474d-a8c9-831873ef9206 tempest-test_creds-1930972785 tempest-test_creds-1930972785-project] Empty body provided in request {{(pid=91851) get_body /opt/stack/manila/manila/api/openstack/wsgi.py:652}}
Feb 19 02:52:34.719467 np0000156477 devstack@m-api.service[91851]: DEBUG manila.api.openstack.wsgi [None req-b47a707e-2ba2-474d-a8c9-831873ef9206 tempest-test_creds-1930972785 tempest-test_creds-1930972785-project] Calling method 'Controller.__getattribute__..version_select' {{(pid=91851) _process_stack /opt/stack/manila/manila/api/openstack/wsgi.py:798}}
Feb 19 02:52:34.741329 np0000156477 devstack@m-api.service[91851]: INFO manila.api.openstack.wsgi [None req-b47a707e-2ba2-474d-a8c9-831873ef9206 tempest-test_creds-1930972785 tempest-test_creds-1930972785-project] https://199.19.213.217/share/v2/e48a2286aa944376ab71c8e83cd3f9b0/share-access-rules?share_id=4cb84f2f-d8b7-4a0e-b5aa-86bb905b6ec6 returned with HTTP 200
Feb 19 02:52:34.741734 np0000156477 devstack@m-api.service[91851]: [pid: 91851|app: 0|req: 139/278] 199.19.213.217 () {68 vars in 1534 bytes} [Thu Feb 19 02:52:34 2026] GET /share/v2/e48a2286aa944376ab71c8e83cd3f9b0/share-access-rules?share_id=4cb84f2f-d8b7-4a0e-b5aa-86bb905b6ec6 => generated 19 bytes in 96 msecs (HTTP/1.1 200) 7 headers in 296 bytes (1 switches on core 0)
Feb 19 02:52:34.757226 np0000156477 devstack@m-api.service[91850]: INFO manila.api.openstack.wsgi [None req-2a16b900-79bc-4d2e-9ff2-b3640ca35a68 tempest-test_creds-1930972785 tempest-test_creds-1930972785-project] POST https://199.19.213.217/share/v2/e48a2286aa944376ab71c8e83cd3f9b0/shares/4cb84f2f-d8b7-4a0e-b5aa-86bb905b6ec6/action
Feb 19 02:52:34.758251 np0000156477 devstack@m-api.service[91850]: DEBUG manila.api.openstack.wsgi [None req-2a16b900-79bc-4d2e-9ff2-b3640ca35a68 tempest-test_creds-1930972785 tempest-test_creds-1930972785-project] Action body: b'{"allow_access": {"access_type": "ip", "access_to": "203.0.113.235", "access_level": "rw"}}' {{(pid=91850) get_method /opt/stack/manila/manila/api/openstack/wsgi.py:912}}
Feb 19 02:52:34.758251 np0000156477 devstack@m-api.service[91850]: DEBUG manila.api.openstack.wsgi [None req-2a16b900-79bc-4d2e-9ff2-b3640ca35a68 tempest-test_creds-1930972785 tempest-test_creds-1930972785-project] Action: 'action', calling method: ShareController.allow_access, body: {"allow_access": {"access_type": "ip", "access_to": "203.0.113.235", "access_level": "rw"}} {{(pid=91850) _process_stack /opt/stack/manila/manila/api/openstack/wsgi.py:796}}
Feb 19 02:52:34.839392 np0000156477 devstack@m-api.service[91850]: DEBUG oslo_concurrency.lockutils [None req-2a16b900-79bc-4d2e-9ff2-b3640ca35a68 tempest-test_creds-1930972785 tempest-test_creds-1930972785-project] Acquiring lock "locked_access_rules_operation_by_share_instance_1c69ffc2-55fc-4639-90eb-8d1a62194fde" by "manila.share.access.locked_access_rules_operation..wrapped..locked_operation" {{(pid=91850) inner /opt/stack/data/venv/lib/python3.12/site-packages/oslo_concurrency/lockutils.py:506}}
Feb 19 02:52:34.839677 np0000156477 devstack@m-api.service[91850]: DEBUG oslo_concurrency.lockutils [None req-2a16b900-79bc-4d2e-9ff2-b3640ca35a68 tempest-test_creds-1930972785 tempest-test_creds-1930972785-project] Lock "locked_access_rules_operation_by_share_instance_1c69ffc2-55fc-4639-90eb-8d1a62194fde" acquired by "manila.share.access.locked_access_rules_operation..wrapped..locked_operation" :: waited 0.000s {{(pid=91850) inner /opt/stack/data/venv/lib/python3.12/site-packages/oslo_concurrency/lockutils.py:519}}
Feb 19 02:52:34.893533 np0000156477 devstack@m-api.service[91850]: DEBUG oslo_concurrency.lockutils [None req-2a16b900-79bc-4d2e-9ff2-b3640ca35a68 tempest-test_creds-1930972785 tempest-test_creds-1930972785-project] Lock "locked_access_rules_operation_by_share_instance_1c69ffc2-55fc-4639-90eb-8d1a62194fde" "released" by "manila.share.access.locked_access_rules_operation..wrapped..locked_operation" :: held 0.054s {{(pid=91850) inner /opt/stack/data/venv/lib/python3.12/site-packages/oslo_concurrency/lockutils.py:538}}
Feb 19 02:52:34.894848 np0000156477 devstack@m-api.service[91850]: INFO manila.api.openstack.wsgi [None req-2a16b900-79bc-4d2e-9ff2-b3640ca35a68 tempest-test_creds-1930972785 tempest-test_creds-1930972785-project] https://199.19.213.217/share/v2/e48a2286aa944376ab71c8e83cd3f9b0/shares/4cb84f2f-d8b7-4a0e-b5aa-86bb905b6ec6/action returned with HTTP 200
Feb 19 02:52:34.895262 np0000156477 devstack@m-api.service[91850]: [pid: 91850|app: 0|req: 140/279] 199.19.213.217 () {70 vars in 1560 bytes} [Thu Feb 19 02:52:34 2026] POST /share/v2/e48a2286aa944376ab71c8e83cd3f9b0/shares/4cb84f2f-d8b7-4a0e-b5aa-86bb905b6ec6/action => generated 295 bytes in 142 msecs (HTTP/1.1 200) 7 headers in 297 bytes (1 switches on core 0)
Feb 19 02:52:34.910454 np0000156477 devstack@m-api.service[91851]: INFO manila.api.openstack.wsgi [None req-0bce823f-cd6f-486f-8841-57638fcf4cd7 tempest-test_creds-1930972785 tempest-test_creds-1930972785-project] POST https://199.19.213.217/share/v2/e48a2286aa944376ab71c8e83cd3f9b0/shares/4cb84f2f-d8b7-4a0e-b5aa-86bb905b6ec6/action
Feb 19 02:52:34.911017 np0000156477 devstack@m-api.service[91851]: DEBUG manila.api.openstack.wsgi [None req-0bce823f-cd6f-486f-8841-57638fcf4cd7 tempest-test_creds-1930972785 tempest-test_creds-1930972785-project] Action body: b'{"access_list": null}' {{(pid=91851) get_method /opt/stack/manila/manila/api/openstack/wsgi.py:912}}
Feb 19 02:52:34.911265 np0000156477 devstack@m-api.service[91851]: DEBUG manila.api.openstack.wsgi [None req-0bce823f-cd6f-486f-8841-57638fcf4cd7 tempest-test_creds-1930972785 tempest-test_creds-1930972785-project] Action: 'action', calling method: ShareController.access_list, body: {"access_list": null} {{(pid=91851) _process_stack /opt/stack/manila/manila/api/openstack/wsgi.py:796}}
Feb 19 02:52:34.942401 np0000156477 devstack@m-api.service[91851]: INFO manila.api.openstack.wsgi [None req-0bce823f-cd6f-486f-8841-57638fcf4cd7 tempest-test_creds-1930972785 tempest-test_creds-1930972785-project] https://199.19.213.217/share/v2/e48a2286aa944376ab71c8e83cd3f9b0/shares/4cb84f2f-d8b7-4a0e-b5aa-86bb905b6ec6/action returned with HTTP 200
Feb 19 02:52:34.942894 np0000156477 devstack@m-api.service[91851]: [pid: 91851|app: 0|req: 140/280] 199.19.213.217 () {70 vars in 1560 bytes} [Thu Feb 19 02:52:34 2026] POST /share/v2/e48a2286aa944376ab71c8e83cd3f9b0/shares/4cb84f2f-d8b7-4a0e-b5aa-86bb905b6ec6/action => generated 250 bytes in 36 msecs (HTTP/1.1 200) 7 headers in 297 bytes (1 switches on core 0)
Feb 19 02:52:35.352507 np0000156477 devstack@m-api.service[91850]: INFO manila.api.openstack.wsgi [None req-784c6b89-4c1f-46df-b2c0-0a804d4c5d74 tempest-test_creds-684308411 tempest-test_creds-684308411-project-admin] GET https://199.19.213.217/share/v2/e19db1df1c2b41dcb5db5bcd4dd8bd65/shares/8a6faa3c-67b1-422e-9179-641a3612d4b8
Feb 19 02:52:35.353424 np0000156477 devstack@m-api.service[91850]: DEBUG manila.api.openstack.wsgi [None req-784c6b89-4c1f-46df-b2c0-0a804d4c5d74 tempest-test_creds-684308411 tempest-test_creds-684308411-project-admin] Empty body provided in request {{(pid=91850) get_body /opt/stack/manila/manila/api/openstack/wsgi.py:652}}
Feb 19 02:52:35.353424 np0000156477 devstack@m-api.service[91850]: DEBUG manila.api.openstack.wsgi [None req-784c6b89-4c1f-46df-b2c0-0a804d4c5d74 tempest-test_creds-684308411 tempest-test_creds-684308411-project-admin] Calling method 'ShareMixin.show' {{(pid=91850) _process_stack /opt/stack/manila/manila/api/openstack/wsgi.py:798}}
Feb 19 02:52:35.368228 np0000156477 devstack@m-api.service[91850]: INFO manila.api.openstack.wsgi [None req-784c6b89-4c1f-46df-b2c0-0a804d4c5d74 tempest-test_creds-684308411 tempest-test_creds-684308411-project-admin] https://199.19.213.217/share/v2/e19db1df1c2b41dcb5db5bcd4dd8bd65/shares/8a6faa3c-67b1-422e-9179-641a3612d4b8 returned with HTTP 200
Feb 19 02:52:35.368563 np0000156477 devstack@m-api.service[91850]: [pid: 91850|app: 0|req: 141/281] 199.19.213.217 () {68 vars in 1518 bytes} [Thu Feb 19 02:52:35 2026] GET /share/v2/e19db1df1c2b41dcb5db5bcd4dd8bd65/shares/8a6faa3c-67b1-422e-9179-641a3612d4b8 => generated 1476 bytes in 20 msecs (HTTP/1.1 200) 7 headers in 298 bytes (1 switches on core 0)
Feb 19 02:52:37.958657 np0000156477 devstack@m-api.service[91851]: INFO manila.api.openstack.wsgi [None req-7d3081a5-7b2d-4ec4-9160-79bb693d09c0 tempest-test_creds-1930972785 tempest-test_creds-1930972785-project] POST https://199.19.213.217/share/v2/e48a2286aa944376ab71c8e83cd3f9b0/shares/4cb84f2f-d8b7-4a0e-b5aa-86bb905b6ec6/action
Feb 19 02:52:37.959565 np0000156477 devstack@m-api.service[91851]: DEBUG manila.api.openstack.wsgi [None req-7d3081a5-7b2d-4ec4-9160-79bb693d09c0 tempest-test_creds-1930972785 tempest-test_creds-1930972785-project] Action body: b'{"access_list": null}' {{(pid=91851) get_method /opt/stack/manila/manila/api/openstack/wsgi.py:912}}
Feb 19 02:52:37.959841 np0000156477 devstack@m-api.service[91851]: DEBUG manila.api.openstack.wsgi [None req-7d3081a5-7b2d-4ec4-9160-79bb693d09c0 tempest-test_creds-1930972785 tempest-test_creds-1930972785-project] Action: 'action', calling method: ShareController.access_list, body: {"access_list": null} {{(pid=91851) _process_stack /opt/stack/manila/manila/api/openstack/wsgi.py:796}}
Feb 19 02:52:37.983365 np0000156477 devstack@m-api.service[91851]: INFO manila.api.openstack.wsgi [None req-7d3081a5-7b2d-4ec4-9160-79bb693d09c0 tempest-test_creds-1930972785 tempest-test_creds-1930972785-project] https://199.19.213.217/share/v2/e48a2286aa944376ab71c8e83cd3f9b0/shares/4cb84f2f-d8b7-4a0e-b5aa-86bb905b6ec6/action returned with HTTP 200
Feb 19 02:52:37.983791 np0000156477 devstack@m-api.service[91851]: [pid: 91851|app: 0|req: 141/282] 199.19.213.217 () {70 vars in 1560 bytes} [Thu Feb 19 02:52:37 2026] POST /share/v2/e48a2286aa944376ab71c8e83cd3f9b0/shares/4cb84f2f-d8b7-4a0e-b5aa-86bb905b6ec6/action => generated 267 bytes in 29 msecs (HTTP/1.1 200) 7 headers in 297 bytes (1 switches on core 0)
Feb 19 02:52:38.383888 np0000156477 devstack@m-api.service[91850]: INFO manila.api.openstack.wsgi [None req-2babceb6-f335-4056-98b0-78962d684fa2 tempest-test_creds-684308411 tempest-test_creds-684308411-project-admin] GET https://199.19.213.217/share/v2/e19db1df1c2b41dcb5db5bcd4dd8bd65/shares/8a6faa3c-67b1-422e-9179-641a3612d4b8
Feb 19 02:52:38.384319 np0000156477 devstack@m-api.service[91850]: DEBUG manila.api.openstack.wsgi [None req-2babceb6-f335-4056-98b0-78962d684fa2 tempest-test_creds-684308411 tempest-test_creds-684308411-project-admin] Empty body provided in request {{(pid=91850) get_body /opt/stack/manila/manila/api/openstack/wsgi.py:652}}
Feb 19 02:52:38.384609 np0000156477 devstack@m-api.service[91850]: DEBUG manila.api.openstack.wsgi [None req-2babceb6-f335-4056-98b0-78962d684fa2 tempest-test_creds-684308411 tempest-test_creds-684308411-project-admin] Calling method 'ShareMixin.show' {{(pid=91850) _process_stack /opt/stack/manila/manila/api/openstack/wsgi.py:798}}
Feb 19 02:52:38.398866 np0000156477 devstack@m-api.service[91850]: INFO manila.api.openstack.wsgi [None req-2babceb6-f335-4056-98b0-78962d684fa2 tempest-test_creds-684308411 tempest-test_creds-684308411-project-admin] https://199.19.213.217/share/v2/e19db1df1c2b41dcb5db5bcd4dd8bd65/shares/8a6faa3c-67b1-422e-9179-641a3612d4b8 returned with HTTP 200
Feb 19 02:52:38.399476 np0000156477 devstack@m-api.service[91850]: [pid: 91850|app: 0|req: 142/283] 199.19.213.217 () {68 vars in 1518 bytes} [Thu Feb 19 02:52:38 2026] GET /share/v2/e19db1df1c2b41dcb5db5bcd4dd8bd65/shares/8a6faa3c-67b1-422e-9179-641a3612d4b8 => generated 1476 bytes in 19 msecs (HTTP/1.1 200) 7 headers in 298 bytes (1 switches on core 0)
Feb 19 02:52:41.000116 np0000156477 devstack@m-api.service[91851]: INFO manila.api.openstack.wsgi [None req-fc31a068-31e6-48ab-9747-bd56e6437dd9 tempest-test_creds-1930972785 tempest-test_creds-1930972785-project] POST https://199.19.213.217/share/v2/e48a2286aa944376ab71c8e83cd3f9b0/shares/4cb84f2f-d8b7-4a0e-b5aa-86bb905b6ec6/action
Feb 19 02:52:41.000713 np0000156477 devstack@m-api.service[91851]: DEBUG manila.api.openstack.wsgi [None req-fc31a068-31e6-48ab-9747-bd56e6437dd9 tempest-test_creds-1930972785 tempest-test_creds-1930972785-project] Action body: b'{"access_list": null}' {{(pid=91851) get_method /opt/stack/manila/manila/api/openstack/wsgi.py:912}}
Feb 19 02:52:41.000713 np0000156477 devstack@m-api.service[91851]: DEBUG manila.api.openstack.wsgi [None req-fc31a068-31e6-48ab-9747-bd56e6437dd9 tempest-test_creds-1930972785 tempest-test_creds-1930972785-project] Action: 'action', calling method: ShareController.access_list, body: {"access_list": null} {{(pid=91851) _process_stack /opt/stack/manila/manila/api/openstack/wsgi.py:796}}
Feb 19 02:52:41.028532 np0000156477 devstack@m-api.service[91851]: INFO manila.api.openstack.wsgi [None req-fc31a068-31e6-48ab-9747-bd56e6437dd9 tempest-test_creds-1930972785 tempest-test_creds-1930972785-project] https://199.19.213.217/share/v2/e48a2286aa944376ab71c8e83cd3f9b0/shares/4cb84f2f-d8b7-4a0e-b5aa-86bb905b6ec6/action returned with HTTP 200
Feb 19 02:52:41.029031 np0000156477 devstack@m-api.service[91851]: [pid: 91851|app: 0|req: 142/284] 199.19.213.217 () {70 vars in 1560 bytes} [Thu Feb 19 02:52:40 2026] POST /share/v2/e48a2286aa944376ab71c8e83cd3f9b0/shares/4cb84f2f-d8b7-4a0e-b5aa-86bb905b6ec6/action => generated 265 bytes in 32 msecs (HTTP/1.1 200) 7 headers in 297 bytes (1 switches on core 0)
Feb 19 02:52:41.042884 np0000156477 devstack@m-api.service[91850]: INFO manila.api.openstack.wsgi [None req-3e38e0eb-c014-4834-8442-a6fa83e20dc2 tempest-test_creds-1930972785 tempest-test_creds-1930972785-project] POST https://199.19.213.217/share/v2/e48a2286aa944376ab71c8e83cd3f9b0/shares/4cb84f2f-d8b7-4a0e-b5aa-86bb905b6ec6/action
Feb 19 02:52:41.043540 np0000156477 devstack@m-api.service[91850]: DEBUG manila.api.openstack.wsgi [None req-3e38e0eb-c014-4834-8442-a6fa83e20dc2 tempest-test_creds-1930972785 tempest-test_creds-1930972785-project] Action body: b'{"deny_access": {"access_id": "8b62ea64-d07d-4e85-9d06-d0328512df80"}}' {{(pid=91850) get_method /opt/stack/manila/manila/api/openstack/wsgi.py:912}}
Feb 19 02:52:41.043841 np0000156477 devstack@m-api.service[91850]: DEBUG manila.api.openstack.wsgi [None req-3e38e0eb-c014-4834-8442-a6fa83e20dc2 tempest-test_creds-1930972785 tempest-test_creds-1930972785-project] Action: 'action', calling method: ShareController.deny_access, body: {"deny_access": {"access_id": "8b62ea64-d07d-4e85-9d06-d0328512df80"}} {{(pid=91850) _process_stack /opt/stack/manila/manila/api/openstack/wsgi.py:796}}
Feb 19 02:52:41.045703 np0000156477 devstack@m-api.service[91850]: DEBUG manila.lock.api [None req-3e38e0eb-c014-4834-8442-a6fa83e20dc2 tempest-test_creds-1930972785 tempest-test_creds-1930972785-project] Searching for locks by: {'resource_id': '8b62ea64-d07d-4e85-9d06-d0328512df80', 'resource_action': 'delete', 'all_projects': True} {{(pid=91850) get_all /opt/stack/manila/manila/lock/api.py:112}}
Feb 19 02:52:41.132805 np0000156477 devstack@m-api.service[91850]: DEBUG oslo_concurrency.lockutils [None req-3e38e0eb-c014-4834-8442-a6fa83e20dc2 tempest-test_creds-1930972785 tempest-test_creds-1930972785-project] Acquiring lock "locked_access_rules_operation_by_share_instance_1c69ffc2-55fc-4639-90eb-8d1a62194fde" by "manila.share.access.locked_access_rules_operation..wrapped..locked_operation" {{(pid=91850) inner /opt/stack/data/venv/lib/python3.12/site-packages/oslo_concurrency/lockutils.py:506}}
Feb 19 02:52:41.133132 np0000156477 devstack@m-api.service[91850]: DEBUG oslo_concurrency.lockutils [None req-3e38e0eb-c014-4834-8442-a6fa83e20dc2 tempest-test_creds-1930972785 tempest-test_creds-1930972785-project] Lock "locked_access_rules_operation_by_share_instance_1c69ffc2-55fc-4639-90eb-8d1a62194fde" acquired by "manila.share.access.locked_access_rules_operation..wrapped..locked_operation" :: waited 0.000s {{(pid=91850) inner /opt/stack/data/venv/lib/python3.12/site-packages/oslo_concurrency/lockutils.py:519}}
Feb 19 02:52:41.195796 np0000156477 devstack@m-api.service[91850]: DEBUG oslo_concurrency.lockutils [None req-3e38e0eb-c014-4834-8442-a6fa83e20dc2 tempest-test_creds-1930972785 tempest-test_creds-1930972785-project] Lock "locked_access_rules_operation_by_share_instance_1c69ffc2-55fc-4639-90eb-8d1a62194fde" "released" by "manila.share.access.locked_access_rules_operation..wrapped..locked_operation" :: held 0.062s {{(pid=91850) inner /opt/stack/data/venv/lib/python3.12/site-packages/oslo_concurrency/lockutils.py:538}}
Feb 19 02:52:41.196117 np0000156477 devstack@m-api.service[91850]: DEBUG oslo_concurrency.lockutils [None req-3e38e0eb-c014-4834-8442-a6fa83e20dc2 tempest-test_creds-1930972785 tempest-test_creds-1930972785-project] Acquiring lock "locked_access_rules_operation_by_share_instance_1c69ffc2-55fc-4639-90eb-8d1a62194fde" by "manila.share.access.locked_access_rules_operation..wrapped..locked_operation" {{(pid=91850) inner /opt/stack/data/venv/lib/python3.12/site-packages/oslo_concurrency/lockutils.py:506}}
Feb 19 02:52:41.196357 np0000156477 devstack@m-api.service[91850]: DEBUG oslo_concurrency.lockutils [None req-3e38e0eb-c014-4834-8442-a6fa83e20dc2 tempest-test_creds-1930972785 tempest-test_creds-1930972785-project] Lock "locked_access_rules_operation_by_share_instance_1c69ffc2-55fc-4639-90eb-8d1a62194fde" acquired by "manila.share.access.locked_access_rules_operation..wrapped..locked_operation" :: waited 0.000s {{(pid=91850) inner /opt/stack/data/venv/lib/python3.12/site-packages/oslo_concurrency/lockutils.py:519}}
Feb 19 02:52:41.250658 np0000156477 devstack@m-api.service[91850]: DEBUG oslo_concurrency.lockutils [None req-3e38e0eb-c014-4834-8442-a6fa83e20dc2 tempest-test_creds-1930972785 tempest-test_creds-1930972785-project] Lock "locked_access_rules_operation_by_share_instance_1c69ffc2-55fc-4639-90eb-8d1a62194fde" "released" by "manila.share.access.locked_access_rules_operation..wrapped..locked_operation" :: held 0.054s {{(pid=91850) inner /opt/stack/data/venv/lib/python3.12/site-packages/oslo_concurrency/lockutils.py:538}}
Feb 19 02:52:41.252069 np0000156477 devstack@m-api.service[91850]: INFO manila.api.openstack.wsgi [None req-3e38e0eb-c014-4834-8442-a6fa83e20dc2 tempest-test_creds-1930972785 tempest-test_creds-1930972785-project] https://199.19.213.217/share/v2/e48a2286aa944376ab71c8e83cd3f9b0/shares/4cb84f2f-d8b7-4a0e-b5aa-86bb905b6ec6/action returned with HTTP 202
Feb 19 02:52:41.252783 np0000156477 devstack@m-api.service[91850]: [pid: 91850|app: 0|req: 143/285] 199.19.213.217 () {70 vars in 1560 bytes} [Thu Feb 19 02:52:41 2026] POST /share/v2/e48a2286aa944376ab71c8e83cd3f9b0/shares/4cb84f2f-d8b7-4a0e-b5aa-86bb905b6ec6/action => generated 0 bytes in 214 msecs (HTTP/1.1 202) 7 headers in 309 bytes (1 switches on core 0)
Feb 19 02:52:41.265529 np0000156477 devstack@m-api.service[91851]: INFO manila.api.openstack.wsgi [None req-1fc81687-1efc-4c67-a5d5-7703d9ab700a tempest-test_creds-1930972785 tempest-test_creds-1930972785-project] GET https://199.19.213.217/share/v2/e48a2286aa944376ab71c8e83cd3f9b0/share-access-rules?share_id=4cb84f2f-d8b7-4a0e-b5aa-86bb905b6ec6
Feb 19 02:52:41.265810 np0000156477 devstack@m-api.service[91851]: DEBUG manila.api.openstack.wsgi [None req-1fc81687-1efc-4c67-a5d5-7703d9ab700a tempest-test_creds-1930972785 tempest-test_creds-1930972785-project] Empty body provided in request {{(pid=91851) get_body /opt/stack/manila/manila/api/openstack/wsgi.py:652}}
Feb 19 02:52:41.266026 np0000156477 devstack@m-api.service[91851]: DEBUG manila.api.openstack.wsgi [None req-1fc81687-1efc-4c67-a5d5-7703d9ab700a tempest-test_creds-1930972785 tempest-test_creds-1930972785-project] Calling method 'Controller.__getattribute__..version_select' {{(pid=91851) _process_stack /opt/stack/manila/manila/api/openstack/wsgi.py:798}}
Feb 19 02:52:41.295947 np0000156477 devstack@m-api.service[91851]: DEBUG manila.lock.api [None req-1fc81687-1efc-4c67-a5d5-7703d9ab700a tempest-test_creds-1930972785 tempest-test_creds-1930972785-project] Searching for locks by: {'resource_id': '8b62ea64-d07d-4e85-9d06-d0328512df80', 'resource_action': 'show', 'resource_type': 'access_rule', 'all_projects': True} {{(pid=91851) get_all /opt/stack/manila/manila/lock/api.py:112}}
Feb 19 02:52:41.300097 np0000156477 devstack@m-api.service[91851]: INFO manila.api.openstack.wsgi [None req-1fc81687-1efc-4c67-a5d5-7703d9ab700a tempest-test_creds-1930972785 tempest-test_creds-1930972785-project] https://199.19.213.217/share/v2/e48a2286aa944376ab71c8e83cd3f9b0/share-access-rules?share_id=4cb84f2f-d8b7-4a0e-b5aa-86bb905b6ec6 returned with HTTP 200
Feb 19 02:52:41.300097 np0000156477 devstack@m-api.service[91851]: [pid: 91851|app: 0|req: 143/286] 199.19.213.217 () {68 vars in 1534 bytes} [Thu Feb 19 02:52:41 2026] GET /share/v2/e48a2286aa944376ab71c8e83cd3f9b0/share-access-rules?share_id=4cb84f2f-d8b7-4a0e-b5aa-86bb905b6ec6 => generated 289 bytes in 39 msecs (HTTP/1.1 200) 7 headers in 297 bytes (1 switches on core 0)
Feb 19 02:52:41.414744 np0000156477 devstack@m-api.service[91850]: INFO manila.api.openstack.wsgi [None req-0f99f36c-7468-4174-aec3-a472077e8c47 tempest-test_creds-684308411 tempest-test_creds-684308411-project-admin] GET https://199.19.213.217/share/v2/e19db1df1c2b41dcb5db5bcd4dd8bd65/shares/8a6faa3c-67b1-422e-9179-641a3612d4b8
Feb 19 02:52:41.415170 np0000156477 devstack@m-api.service[91850]: DEBUG manila.api.openstack.wsgi [None req-0f99f36c-7468-4174-aec3-a472077e8c47 tempest-test_creds-684308411 tempest-test_creds-684308411-project-admin] Empty body provided in request {{(pid=91850) get_body /opt/stack/manila/manila/api/openstack/wsgi.py:652}}
Feb 19 02:52:41.415494 np0000156477 devstack@m-api.service[91850]: DEBUG manila.api.openstack.wsgi [None req-0f99f36c-7468-4174-aec3-a472077e8c47 tempest-test_creds-684308411 tempest-test_creds-684308411-project-admin] Calling method 'ShareMixin.show' {{(pid=91850) _process_stack /opt/stack/manila/manila/api/openstack/wsgi.py:798}}
Feb 19 02:52:41.431377 np0000156477 devstack@m-api.service[91850]: INFO manila.api.openstack.wsgi [None req-0f99f36c-7468-4174-aec3-a472077e8c47 tempest-test_creds-684308411 tempest-test_creds-684308411-project-admin] https://199.19.213.217/share/v2/e19db1df1c2b41dcb5db5bcd4dd8bd65/shares/8a6faa3c-67b1-422e-9179-641a3612d4b8 returned with HTTP 200
Feb 19 02:52:41.431698 np0000156477 devstack@m-api.service[91850]: [pid: 91850|app: 0|req: 144/287] 199.19.213.217 () {68 vars in 1518 bytes} [Thu Feb 19 02:52:41 2026] GET /share/v2/e19db1df1c2b41dcb5db5bcd4dd8bd65/shares/8a6faa3c-67b1-422e-9179-641a3612d4b8 => generated 1476 bytes in 21 msecs (HTTP/1.1 200) 7 headers in 298 bytes (1 switches on core 0)
Feb 19 02:52:44.313243 np0000156477 devstack@m-api.service[91851]: INFO manila.api.openstack.wsgi [None req-a153271d-4922-4063-bebb-e41ad718a7db tempest-test_creds-1930972785 tempest-test_creds-1930972785-project] GET https://199.19.213.217/share/v2/e48a2286aa944376ab71c8e83cd3f9b0/share-access-rules?share_id=4cb84f2f-d8b7-4a0e-b5aa-86bb905b6ec6
Feb 19 02:52:44.314049 np0000156477 devstack@m-api.service[91851]: DEBUG manila.api.openstack.wsgi [None req-a153271d-4922-4063-bebb-e41ad718a7db tempest-test_creds-1930972785 tempest-test_creds-1930972785-project] Empty body provided in request {{(pid=91851) get_body /opt/stack/manila/manila/api/openstack/wsgi.py:652}}
Feb 19 02:52:44.314049 np0000156477 devstack@m-api.service[91851]: DEBUG manila.api.openstack.wsgi [None req-a153271d-4922-4063-bebb-e41ad718a7db tempest-test_creds-1930972785 tempest-test_creds-1930972785-project] Calling method 'Controller.__getattribute__..version_select' {{(pid=91851) _process_stack /opt/stack/manila/manila/api/openstack/wsgi.py:798}}
Feb 19 02:52:44.343465 np0000156477 devstack@m-api.service[91851]: DEBUG manila.lock.api [None req-a153271d-4922-4063-bebb-e41ad718a7db tempest-test_creds-1930972785 tempest-test_creds-1930972785-project] Searching for locks by: {'resource_id': '8b62ea64-d07d-4e85-9d06-d0328512df80', 'resource_action': 'show', 'resource_type': 'access_rule', 'all_projects': True} {{(pid=91851) get_all /opt/stack/manila/manila/lock/api.py:112}}
Feb 19 02:52:44.348247 np0000156477 devstack@m-api.service[91851]: INFO manila.api.openstack.wsgi [None req-a153271d-4922-4063-bebb-e41ad718a7db tempest-test_creds-1930972785 tempest-test_creds-1930972785-project] https://199.19.213.217/share/v2/e48a2286aa944376ab71c8e83cd3f9b0/share-access-rules?share_id=4cb84f2f-d8b7-4a0e-b5aa-86bb905b6ec6 returned with HTTP 200
Feb 19 02:52:44.348599 np0000156477 devstack@m-api.service[91851]: [pid: 91851|app: 0|req: 144/288] 199.19.213.217 () {68 vars in 1534 bytes} [Thu Feb 19 02:52:44 2026] GET /share/v2/e48a2286aa944376ab71c8e83cd3f9b0/share-access-rules?share_id=4cb84f2f-d8b7-4a0e-b5aa-86bb905b6ec6 => generated 282 bytes in 39 msecs (HTTP/1.1 200) 7 headers in 297 bytes (1 switches on core 0)
Feb 19 02:52:44.446863 np0000156477 devstack@m-api.service[91850]: INFO manila.api.openstack.wsgi [None req-97f295ba-2216-43e8-86f6-bc2184becbcf tempest-test_creds-684308411 tempest-test_creds-684308411-project-admin] GET https://199.19.213.217/share/v2/e19db1df1c2b41dcb5db5bcd4dd8bd65/shares/8a6faa3c-67b1-422e-9179-641a3612d4b8
Feb 19 02:52:44.449338 np0000156477 devstack@m-api.service[91850]: DEBUG manila.api.openstack.wsgi [None req-97f295ba-2216-43e8-86f6-bc2184becbcf tempest-test_creds-684308411 tempest-test_creds-684308411-project-admin] Empty body provided in request {{(pid=91850) get_body /opt/stack/manila/manila/api/openstack/wsgi.py:652}}
Feb 19 02:52:44.449338 np0000156477 devstack@m-api.service[91850]: DEBUG manila.api.openstack.wsgi [None req-97f295ba-2216-43e8-86f6-bc2184becbcf tempest-test_creds-684308411 tempest-test_creds-684308411-project-admin] Calling method 'ShareMixin.show' {{(pid=91850) _process_stack /opt/stack/manila/manila/api/openstack/wsgi.py:798}}
Feb 19 02:52:44.469584 np0000156477 devstack@m-api.service[91850]: INFO manila.api.openstack.wsgi [None req-97f295ba-2216-43e8-86f6-bc2184becbcf tempest-test_creds-684308411 tempest-test_creds-684308411-project-admin] https://199.19.213.217/share/v2/e19db1df1c2b41dcb5db5bcd4dd8bd65/shares/8a6faa3c-67b1-422e-9179-641a3612d4b8 returned with HTTP 200
Feb 19 02:52:44.470186 np0000156477 devstack@m-api.service[91850]: [pid: 91850|app: 0|req: 145/289] 199.19.213.217 () {68 vars in 1518 bytes} [Thu Feb 19 02:52:44 2026] GET /share/v2/e19db1df1c2b41dcb5db5bcd4dd8bd65/shares/8a6faa3c-67b1-422e-9179-641a3612d4b8 => generated 1476 bytes in 27 msecs (HTTP/1.1 200) 7 headers in 298 bytes (1 switches on core 0)
Feb 19 02:52:47.362239 np0000156477 devstack@m-api.service[91851]: INFO manila.api.openstack.wsgi [None req-c1bb000d-b86d-4504-8817-ed1023e562c1 tempest-test_creds-1930972785 tempest-test_creds-1930972785-project] GET https://199.19.213.217/share/v2/e48a2286aa944376ab71c8e83cd3f9b0/share-access-rules?share_id=4cb84f2f-d8b7-4a0e-b5aa-86bb905b6ec6
Feb 19 02:52:47.362794 np0000156477 devstack@m-api.service[91851]: DEBUG manila.api.openstack.wsgi [None req-c1bb000d-b86d-4504-8817-ed1023e562c1 tempest-test_creds-1930972785 tempest-test_creds-1930972785-project] Empty body provided in request {{(pid=91851) get_body /opt/stack/manila/manila/api/openstack/wsgi.py:652}}
Feb 19 02:52:47.362874 np0000156477 devstack@m-api.service[91851]: DEBUG manila.api.openstack.wsgi [None req-c1bb000d-b86d-4504-8817-ed1023e562c1 tempest-test_creds-1930972785 tempest-test_creds-1930972785-project] Calling method 'Controller.__getattribute__..version_select' {{(pid=91851) _process_stack /opt/stack/manila/manila/api/openstack/wsgi.py:798}}
Feb 19 02:52:47.379076 np0000156477 devstack@m-api.service[91851]: INFO manila.api.openstack.wsgi [None req-c1bb000d-b86d-4504-8817-ed1023e562c1 tempest-test_creds-1930972785 tempest-test_creds-1930972785-project] https://199.19.213.217/share/v2/e48a2286aa944376ab71c8e83cd3f9b0/share-access-rules?share_id=4cb84f2f-d8b7-4a0e-b5aa-86bb905b6ec6 returned with HTTP 200
Feb 19 02:52:47.379454 np0000156477 devstack@m-api.service[91851]: [pid: 91851|app: 0|req: 145/290] 199.19.213.217 () {68 vars in 1534 bytes} [Thu Feb 19 02:52:47 2026] GET /share/v2/e48a2286aa944376ab71c8e83cd3f9b0/share-access-rules?share_id=4cb84f2f-d8b7-4a0e-b5aa-86bb905b6ec6 => generated 19 bytes in 20 msecs (HTTP/1.1 200) 7 headers in 296 bytes (1 switches on core 0)
Feb 19 02:52:47.394384 np0000156477 devstack@m-api.service[91850]: INFO manila.api.openstack.wsgi [None req-0e3baff3-2c97-4272-8b2d-0af3f13c216d tempest-test_creds-1930972785 tempest-test_creds-1930972785-project] POST https://199.19.213.217/share/v2/e48a2286aa944376ab71c8e83cd3f9b0/shares/4cb84f2f-d8b7-4a0e-b5aa-86bb905b6ec6/action
Feb 19 02:52:47.394778 np0000156477 devstack@m-api.service[91850]: DEBUG manila.api.openstack.wsgi [None req-0e3baff3-2c97-4272-8b2d-0af3f13c216d tempest-test_creds-1930972785 tempest-test_creds-1930972785-project] Action body: b'{"allow_access": {"access_type": "ip", "access_to": "203.0.113.84", "access_level": "rw"}}' {{(pid=91850) get_method /opt/stack/manila/manila/api/openstack/wsgi.py:912}}
Feb 19 02:52:47.394948 np0000156477 devstack@m-api.service[91850]: DEBUG manila.api.openstack.wsgi [None req-0e3baff3-2c97-4272-8b2d-0af3f13c216d tempest-test_creds-1930972785 tempest-test_creds-1930972785-project] Action: 'action', calling method: ShareController.allow_access, body: {"allow_access": {"access_type": "ip", "access_to": "203.0.113.84", "access_level": "rw"}} {{(pid=91850) _process_stack /opt/stack/manila/manila/api/openstack/wsgi.py:796}}
Feb 19 02:52:47.452540 np0000156477 devstack@m-api.service[91850]: DEBUG oslo_concurrency.lockutils [None req-0e3baff3-2c97-4272-8b2d-0af3f13c216d tempest-test_creds-1930972785 tempest-test_creds-1930972785-project] Acquiring lock "locked_access_rules_operation_by_share_instance_1c69ffc2-55fc-4639-90eb-8d1a62194fde" by "manila.share.access.locked_access_rules_operation..wrapped..locked_operation" {{(pid=91850) inner /opt/stack/data/venv/lib/python3.12/site-packages/oslo_concurrency/lockutils.py:506}}
Feb 19 02:52:47.453186 np0000156477 devstack@m-api.service[91850]: DEBUG oslo_concurrency.lockutils [None req-0e3baff3-2c97-4272-8b2d-0af3f13c216d tempest-test_creds-1930972785 tempest-test_creds-1930972785-project] Lock "locked_access_rules_operation_by_share_instance_1c69ffc2-55fc-4639-90eb-8d1a62194fde" acquired by "manila.share.access.locked_access_rules_operation..wrapped..locked_operation" :: waited 0.001s {{(pid=91850) inner /opt/stack/data/venv/lib/python3.12/site-packages/oslo_concurrency/lockutils.py:519}}
Feb 19 02:52:47.488439 np0000156477 devstack@m-api.service[91851]: INFO manila.api.openstack.wsgi [None req-e1f04967-47eb-4d45-bb1c-3efe060e9885 tempest-test_creds-684308411 tempest-test_creds-684308411-project-admin] GET https://199.19.213.217/share/v2/e19db1df1c2b41dcb5db5bcd4dd8bd65/shares/8a6faa3c-67b1-422e-9179-641a3612d4b8
Feb 19 02:52:47.489062 np0000156477 devstack@m-api.service[91851]: DEBUG manila.api.openstack.wsgi [None req-e1f04967-47eb-4d45-bb1c-3efe060e9885 tempest-test_creds-684308411 tempest-test_creds-684308411-project-admin] Empty body provided in request {{(pid=91851) get_body /opt/stack/manila/manila/api/openstack/wsgi.py:652}}
Feb 19 02:52:47.489588 np0000156477 devstack@m-api.service[91851]: DEBUG manila.api.openstack.wsgi [None req-e1f04967-47eb-4d45-bb1c-3efe060e9885 tempest-test_creds-684308411 tempest-test_creds-684308411-project-admin] Calling method 'ShareMixin.show' {{(pid=91851) _process_stack /opt/stack/manila/manila/api/openstack/wsgi.py:798}}
Feb 19 02:52:47.506887 np0000156477 devstack@m-api.service[91851]: INFO manila.api.openstack.wsgi [None req-e1f04967-47eb-4d45-bb1c-3efe060e9885 tempest-test_creds-684308411 tempest-test_creds-684308411-project-admin] https://199.19.213.217/share/v2/e19db1df1c2b41dcb5db5bcd4dd8bd65/shares/8a6faa3c-67b1-422e-9179-641a3612d4b8 returned with HTTP 200
Feb 19 02:52:47.507331 np0000156477 devstack@m-api.service[91851]: [pid: 91851|app: 0|req: 146/291] 199.19.213.217 () {68 vars in 1518 bytes} [Thu Feb 19 02:52:47 2026] GET /share/v2/e19db1df1c2b41dcb5db5bcd4dd8bd65/shares/8a6faa3c-67b1-422e-9179-641a3612d4b8 => generated 1476 bytes in 24 msecs (HTTP/1.1 200) 7 headers in 298 bytes (1 switches on core 0)
Feb 19 02:52:47.514577 np0000156477 devstack@m-api.service[91850]: DEBUG oslo_concurrency.lockutils [None req-0e3baff3-2c97-4272-8b2d-0af3f13c216d tempest-test_creds-1930972785 tempest-test_creds-1930972785-project] Lock "locked_access_rules_operation_by_share_instance_1c69ffc2-55fc-4639-90eb-8d1a62194fde" "released" by "manila.share.access.locked_access_rules_operation..wrapped..locked_operation" :: held 0.061s {{(pid=91850) inner /opt/stack/data/venv/lib/python3.12/site-packages/oslo_concurrency/lockutils.py:538}}
Feb 19 02:52:47.519463 np0000156477 devstack@m-api.service[91850]: INFO manila.api.openstack.wsgi [None req-0e3baff3-2c97-4272-8b2d-0af3f13c216d tempest-test_creds-1930972785 tempest-test_creds-1930972785-project] https://199.19.213.217/share/v2/e48a2286aa944376ab71c8e83cd3f9b0/shares/4cb84f2f-d8b7-4a0e-b5aa-86bb905b6ec6/action returned with HTTP 200
Feb 19 02:52:47.520051 np0000156477 devstack@m-api.service[91850]: [pid: 91850|app: 0|req: 146/292] 199.19.213.217 () {70 vars in 1560 bytes} [Thu Feb 19 02:52:47 2026] POST /share/v2/e48a2286aa944376ab71c8e83cd3f9b0/shares/4cb84f2f-d8b7-4a0e-b5aa-86bb905b6ec6/action => generated 310 bytes in 130 msecs (HTTP/1.1 200) 7 headers in 297 bytes (1 switches on core 0)
Feb 19 02:52:47.539456 np0000156477 devstack@m-api.service[91851]: INFO manila.api.openstack.wsgi [None req-d79f5a1d-0ab7-4e3d-a43e-9f6422a27119 tempest-test_creds-1930972785 tempest-test_creds-1930972785-project] GET https://199.19.213.217/share/v2/e48a2286aa944376ab71c8e83cd3f9b0/share-access-rules?share_id=4cb84f2f-d8b7-4a0e-b5aa-86bb905b6ec6
Feb 19 02:52:47.539709 np0000156477 devstack@m-api.service[91851]: DEBUG manila.api.openstack.wsgi [None req-d79f5a1d-0ab7-4e3d-a43e-9f6422a27119 tempest-test_creds-1930972785 tempest-test_creds-1930972785-project] Empty body provided in request {{(pid=91851) get_body /opt/stack/manila/manila/api/openstack/wsgi.py:652}}
Feb 19 02:52:47.540002 np0000156477 devstack@m-api.service[91851]: DEBUG manila.api.openstack.wsgi [None req-d79f5a1d-0ab7-4e3d-a43e-9f6422a27119 tempest-test_creds-1930972785 tempest-test_creds-1930972785-project] Calling method 'Controller.__getattribute__..version_select' {{(pid=91851) _process_stack /opt/stack/manila/manila/api/openstack/wsgi.py:798}}
Feb 19 02:52:47.574639 np0000156477 devstack@m-api.service[91851]: DEBUG manila.lock.api [None req-d79f5a1d-0ab7-4e3d-a43e-9f6422a27119 tempest-test_creds-1930972785 tempest-test_creds-1930972785-project] Searching for locks by: {'resource_id': '080445d6-445e-4f6a-aa2f-e5ae1ac6b05d', 'resource_action': 'show', 'resource_type': 'access_rule', 'all_projects': True} {{(pid=91851) get_all /opt/stack/manila/manila/lock/api.py:112}}
Feb 19 02:52:47.578554 np0000156477 devstack@m-api.service[91851]: INFO manila.api.openstack.wsgi [None req-d79f5a1d-0ab7-4e3d-a43e-9f6422a27119 tempest-test_creds-1930972785 tempest-test_creds-1930972785-project] https://199.19.213.217/share/v2/e48a2286aa944376ab71c8e83cd3f9b0/share-access-rules?share_id=4cb84f2f-d8b7-4a0e-b5aa-86bb905b6ec6 returned with HTTP 200
Feb 19 02:52:47.578974 np0000156477 devstack@m-api.service[91851]: [pid: 91851|app: 0|req: 147/293] 199.19.213.217 () {68 vars in 1534 bytes} [Thu Feb 19 02:52:47 2026] GET /share/v2/e48a2286aa944376ab71c8e83cd3f9b0/share-access-rules?share_id=4cb84f2f-d8b7-4a0e-b5aa-86bb905b6ec6 => generated 265 bytes in 45 msecs (HTTP/1.1 200) 7 headers in 297 bytes (1 switches on core 0)
Feb 19 02:52:50.520464 np0000156477 devstack@m-api.service[91850]: INFO manila.api.openstack.wsgi [None req-f3636793-8751-45e1-a8d3-c37a7aaf8171 tempest-test_creds-684308411 tempest-test_creds-684308411-project-admin] GET https://199.19.213.217/share/v2/e19db1df1c2b41dcb5db5bcd4dd8bd65/shares/8a6faa3c-67b1-422e-9179-641a3612d4b8
Feb 19 02:52:50.521178 np0000156477 devstack@m-api.service[91850]: DEBUG manila.api.openstack.wsgi [None req-f3636793-8751-45e1-a8d3-c37a7aaf8171 tempest-test_creds-684308411 tempest-test_creds-684308411-project-admin] Empty body provided in request {{(pid=91850) get_body /opt/stack/manila/manila/api/openstack/wsgi.py:652}}
Feb 19 02:52:50.521178 np0000156477 devstack@m-api.service[91850]: DEBUG manila.api.openstack.wsgi [None req-f3636793-8751-45e1-a8d3-c37a7aaf8171 tempest-test_creds-684308411 tempest-test_creds-684308411-project-admin] Calling method 'ShareMixin.show' {{(pid=91850) _process_stack /opt/stack/manila/manila/api/openstack/wsgi.py:798}}
Feb 19 02:52:50.539105 np0000156477 devstack@m-api.service[91850]: INFO manila.api.openstack.wsgi [None req-f3636793-8751-45e1-a8d3-c37a7aaf8171 tempest-test_creds-684308411 tempest-test_creds-684308411-project-admin] https://199.19.213.217/share/v2/e19db1df1c2b41dcb5db5bcd4dd8bd65/shares/8a6faa3c-67b1-422e-9179-641a3612d4b8 returned with HTTP 200
Feb 19 02:52:50.539105 np0000156477 devstack@m-api.service[91850]: [pid: 91850|app: 0|req: 147/294] 199.19.213.217 () {68 vars in 1518 bytes} [Thu Feb 19 02:52:50 2026] GET /share/v2/e19db1df1c2b41dcb5db5bcd4dd8bd65/shares/8a6faa3c-67b1-422e-9179-641a3612d4b8 => generated 1476 bytes in 21 msecs (HTTP/1.1 200) 7 headers in 298 bytes (1 switches on core 0)
Feb 19 02:52:50.594051 np0000156477 devstack@m-api.service[91851]: INFO manila.api.openstack.wsgi [None req-f9cd5a03-8f8d-4da8-b8fe-09ebd17f8ada tempest-test_creds-1930972785 tempest-test_creds-1930972785-project] GET https://199.19.213.217/share/v2/e48a2286aa944376ab71c8e83cd3f9b0/share-access-rules?share_id=4cb84f2f-d8b7-4a0e-b5aa-86bb905b6ec6
Feb 19 02:52:50.594699 np0000156477 devstack@m-api.service[91851]: DEBUG manila.api.openstack.wsgi [None req-f9cd5a03-8f8d-4da8-b8fe-09ebd17f8ada tempest-test_creds-1930972785 tempest-test_creds-1930972785-project] Empty body provided in request {{(pid=91851) get_body /opt/stack/manila/manila/api/openstack/wsgi.py:652}}
Feb 19 02:52:50.594699 np0000156477 devstack@m-api.service[91851]: DEBUG manila.api.openstack.wsgi [None req-f9cd5a03-8f8d-4da8-b8fe-09ebd17f8ada tempest-test_creds-1930972785 tempest-test_creds-1930972785-project] Calling method 'Controller.__getattribute__..version_select' {{(pid=91851) _process_stack /opt/stack/manila/manila/api/openstack/wsgi.py:798}}
Feb 19 02:52:50.624002 np0000156477 devstack@m-api.service[91851]: DEBUG manila.lock.api [None req-f9cd5a03-8f8d-4da8-b8fe-09ebd17f8ada tempest-test_creds-1930972785 tempest-test_creds-1930972785-project] Searching for locks by: {'resource_id': '080445d6-445e-4f6a-aa2f-e5ae1ac6b05d', 'resource_action': 'show', 'resource_type': 'access_rule', 'all_projects': True} {{(pid=91851) get_all /opt/stack/manila/manila/lock/api.py:112}}
Feb 19 02:52:50.627433 np0000156477 devstack@m-api.service[91851]: INFO manila.api.openstack.wsgi [None req-f9cd5a03-8f8d-4da8-b8fe-09ebd17f8ada tempest-test_creds-1930972785 tempest-test_creds-1930972785-project] https://199.19.213.217/share/v2/e48a2286aa944376ab71c8e83cd3f9b0/share-access-rules?share_id=4cb84f2f-d8b7-4a0e-b5aa-86bb905b6ec6 returned with HTTP 200
Feb 19 02:52:50.627807 np0000156477 devstack@m-api.service[91851]: [pid: 91851|app: 0|req: 148/295] 199.19.213.217 () {68 vars in 1534 bytes} [Thu Feb 19 02:52:50 2026] GET /share/v2/e48a2286aa944376ab71c8e83cd3f9b0/share-access-rules?share_id=4cb84f2f-d8b7-4a0e-b5aa-86bb905b6ec6 => generated 282 bytes in 36 msecs (HTTP/1.1 200) 7 headers in 297 bytes (1 switches on core 0)
Feb 19 02:52:53.554942 np0000156477 devstack@m-api.service[91850]: INFO manila.api.openstack.wsgi [None req-d10feaba-b584-45a8-b296-6033d7c0df80 tempest-test_creds-684308411 tempest-test_creds-684308411-project-admin] GET https://199.19.213.217/share/v2/e19db1df1c2b41dcb5db5bcd4dd8bd65/shares/8a6faa3c-67b1-422e-9179-641a3612d4b8
Feb 19 02:52:53.555586 np0000156477 devstack@m-api.service[91850]: DEBUG manila.api.openstack.wsgi [None req-d10feaba-b584-45a8-b296-6033d7c0df80 tempest-test_creds-684308411 tempest-test_creds-684308411-project-admin] Empty body provided in request {{(pid=91850) get_body /opt/stack/manila/manila/api/openstack/wsgi.py:652}}
Feb 19 02:52:53.555586 np0000156477 devstack@m-api.service[91850]: DEBUG manila.api.openstack.wsgi [None req-d10feaba-b584-45a8-b296-6033d7c0df80 tempest-test_creds-684308411 tempest-test_creds-684308411-project-admin] Calling method 'ShareMixin.show' {{(pid=91850) _process_stack /opt/stack/manila/manila/api/openstack/wsgi.py:798}}
Feb 19 02:52:53.570010 np0000156477 devstack@m-api.service[91850]: INFO manila.api.openstack.wsgi [None req-d10feaba-b584-45a8-b296-6033d7c0df80 tempest-test_creds-684308411 tempest-test_creds-684308411-project-admin] https://199.19.213.217/share/v2/e19db1df1c2b41dcb5db5bcd4dd8bd65/shares/8a6faa3c-67b1-422e-9179-641a3612d4b8 returned with HTTP 200
Feb 19 02:52:53.570522 np0000156477 devstack@m-api.service[91850]: [pid: 91850|app: 0|req: 148/296] 199.19.213.217 () {68 vars in 1518 bytes} [Thu Feb 19 02:52:53 2026] GET /share/v2/e19db1df1c2b41dcb5db5bcd4dd8bd65/shares/8a6faa3c-67b1-422e-9179-641a3612d4b8 => generated 1476 bytes in 20 msecs (HTTP/1.1 200) 7 headers in 298 bytes (1 switches on core 0)
Feb 19 02:52:53.643019 np0000156477 devstack@m-api.service[91851]: INFO manila.api.openstack.wsgi [None req-0e789e05-d587-4926-be5f-36a04e4b64ad tempest-test_creds-1930972785 tempest-test_creds-1930972785-project] GET https://199.19.213.217/share/v2/e48a2286aa944376ab71c8e83cd3f9b0/share-access-rules?share_id=4cb84f2f-d8b7-4a0e-b5aa-86bb905b6ec6
Feb 19 02:52:53.643711 np0000156477 devstack@m-api.service[91851]: DEBUG manila.api.openstack.wsgi [None req-0e789e05-d587-4926-be5f-36a04e4b64ad tempest-test_creds-1930972785 tempest-test_creds-1930972785-project] Empty body provided in request {{(pid=91851) get_body /opt/stack/manila/manila/api/openstack/wsgi.py:652}}
Feb 19 02:52:53.643711 np0000156477 devstack@m-api.service[91851]: DEBUG manila.api.openstack.wsgi [None req-0e789e05-d587-4926-be5f-36a04e4b64ad tempest-test_creds-1930972785 tempest-test_creds-1930972785-project] Calling method 'Controller.__getattribute__..version_select' {{(pid=91851) _process_stack /opt/stack/manila/manila/api/openstack/wsgi.py:798}}
Feb 19 02:52:53.672847 np0000156477 devstack@m-api.service[91851]: DEBUG manila.lock.api [None req-0e789e05-d587-4926-be5f-36a04e4b64ad tempest-test_creds-1930972785 tempest-test_creds-1930972785-project] Searching for locks by: {'resource_id': '080445d6-445e-4f6a-aa2f-e5ae1ac6b05d', 'resource_action': 'show', 'resource_type': 'access_rule', 'all_projects': True} {{(pid=91851) get_all /opt/stack/manila/manila/lock/api.py:112}}
