Feb 19 02:51:00.080634 np0000156477 devstack@m-api.service[91851]: INFO manila.api.openstack.wsgi [None req-537080ac-5f27-404e-899a-63ce077bc50f tempest-test_creds-1930972785 tempest-test_creds-1930972785-project] https://199.19.213.217/share/v2/e48a2286aa944376ab71c8e83cd3f9b0/shares/4cb84f2f-d8b7-4a0e-b5aa-86bb905b6ec6 returned with HTTP 200
Feb 19 02:51:00.081309 np0000156477 devstack@m-api.service[91851]: [pid: 91851|app: 0|req: 92/184] 199.19.213.217 () {68 vars in 1518 bytes} [Thu Feb 19 02:51:00 2026] GET /share/v2/e48a2286aa944376ab71c8e83cd3f9b0/shares/4cb84f2f-d8b7-4a0e-b5aa-86bb905b6ec6 => generated 1381 bytes in 27 msecs (HTTP/1.1 200) 7 headers in 298 bytes (1 switches on core 0)
Feb 19 02:51:03.093891 np0000156477 devstack@m-api.service[91850]: INFO manila.api.openstack.wsgi [None req-61144149-7c84-4133-9679-879bd97c470a tempest-test_creds-684308411 tempest-test_creds-684308411-project-admin] GET https://199.19.213.217/share/v2/e19db1df1c2b41dcb5db5bcd4dd8bd65/shares/15150826-a70c-4688-9b12-762003d8d0fe
Feb 19 02:51:03.094422 np0000156477 devstack@m-api.service[91850]: DEBUG manila.api.openstack.wsgi [None req-61144149-7c84-4133-9679-879bd97c470a tempest-test_creds-684308411 tempest-test_creds-684308411-project-admin] Empty body provided in request {{(pid=91850) get_body /opt/stack/manila/manila/api/openstack/wsgi.py:652}}
Feb 19 02:51:03.094637 np0000156477 devstack@m-api.service[91850]: DEBUG manila.api.openstack.wsgi [None req-61144149-7c84-4133-9679-879bd97c470a tempest-test_creds-684308411 tempest-test_creds-684308411-project-admin] Calling method 'ShareMixin.show' {{(pid=91850) _process_stack /opt/stack/manila/manila/api/openstack/wsgi.py:798}}
Feb 19 02:51:03.095255 np0000156477 devstack@m-api.service[91851]: INFO manila.api.openstack.wsgi [None req-41dd3f0a-0235-418e-ac78-1cd943cf1c8f tempest-test_creds-1930972785 tempest-test_creds-1930972785-project] GET https://199.19.213.217/share/v2/e48a2286aa944376ab71c8e83cd3f9b0/shares/4cb84f2f-d8b7-4a0e-b5aa-86bb905b6ec6
Feb 19 02:51:03.095654 np0000156477 devstack@m-api.service[91851]: DEBUG manila.api.openstack.wsgi [None req-41dd3f0a-0235-418e-ac78-1cd943cf1c8f tempest-test_creds-1930972785 tempest-test_creds-1930972785-project] Empty body provided in request {{(pid=91851) get_body /opt/stack/manila/manila/api/openstack/wsgi.py:652}}
Feb 19 02:51:03.095745 np0000156477 devstack@m-api.service[91851]: DEBUG manila.api.openstack.wsgi [None req-41dd3f0a-0235-418e-ac78-1cd943cf1c8f tempest-test_creds-1930972785 tempest-test_creds-1930972785-project] Calling method 'ShareMixin.show' {{(pid=91851) _process_stack /opt/stack/manila/manila/api/openstack/wsgi.py:798}}
Feb 19 02:51:03.110450 np0000156477 devstack@m-api.service[91850]: INFO manila.api.openstack.wsgi [None req-61144149-7c84-4133-9679-879bd97c470a tempest-test_creds-684308411 tempest-test_creds-684308411-project-admin] https://199.19.213.217/share/v2/e19db1df1c2b41dcb5db5bcd4dd8bd65/shares/15150826-a70c-4688-9b12-762003d8d0fe returned with HTTP 200
Feb 19 02:51:03.110866 np0000156477 devstack@m-api.service[91850]: [pid: 91850|app: 0|req: 93/185] 199.19.213.217 () {68 vars in 1518 bytes} [Thu Feb 19 02:51:03 2026] GET /share/v2/e19db1df1c2b41dcb5db5bcd4dd8bd65/shares/15150826-a70c-4688-9b12-762003d8d0fe => generated 1476 bytes in 21 msecs (HTTP/1.1 200) 7 headers in 298 bytes (1 switches on core 0)
Feb 19 02:51:03.115047 np0000156477 devstack@m-api.service[91851]: INFO manila.api.openstack.wsgi [None req-41dd3f0a-0235-418e-ac78-1cd943cf1c8f tempest-test_creds-1930972785 tempest-test_creds-1930972785-project] https://199.19.213.217/share/v2/e48a2286aa944376ab71c8e83cd3f9b0/shares/4cb84f2f-d8b7-4a0e-b5aa-86bb905b6ec6 returned with HTTP 200
Feb 19 02:51:03.115614 np0000156477 devstack@m-api.service[91851]: [pid: 91851|app: 0|req: 93/186] 199.19.213.217 () {68 vars in 1518 bytes} [Thu Feb 19 02:51:03 2026] GET /share/v2/e48a2286aa944376ab71c8e83cd3f9b0/shares/4cb84f2f-d8b7-4a0e-b5aa-86bb905b6ec6 => generated 1381 bytes in 23 msecs (HTTP/1.1 200) 7 headers in 298 bytes (1 switches on core 0)
Feb 19 02:51:06.126682 np0000156477 devstack@m-api.service[91850]: INFO manila.api.openstack.wsgi [None req-1d8743a9-1885-4a8b-9eda-610d9cb9be81 tempest-test_creds-684308411 tempest-test_creds-684308411-project-admin] GET https://199.19.213.217/share/v2/e19db1df1c2b41dcb5db5bcd4dd8bd65/shares/15150826-a70c-4688-9b12-762003d8d0fe
Feb 19 02:51:06.127139 np0000156477 devstack@m-api.service[91850]: DEBUG manila.api.openstack.wsgi [None req-1d8743a9-1885-4a8b-9eda-610d9cb9be81 tempest-test_creds-684308411 tempest-test_creds-684308411-project-admin] Empty body provided in request {{(pid=91850) get_body /opt/stack/manila/manila/api/openstack/wsgi.py:652}}
Feb 19 02:51:06.127139 np0000156477 devstack@m-api.service[91850]: DEBUG manila.api.openstack.wsgi [None req-1d8743a9-1885-4a8b-9eda-610d9cb9be81 tempest-test_creds-684308411 tempest-test_creds-684308411-project-admin] Calling method 'ShareMixin.show' {{(pid=91850) _process_stack /opt/stack/manila/manila/api/openstack/wsgi.py:798}}
Feb 19 02:51:06.128038 np0000156477 devstack@m-api.service[91851]: INFO manila.api.openstack.wsgi [None req-aa1f6a07-396b-448a-a1df-47cc84105e48 tempest-test_creds-1930972785 tempest-test_creds-1930972785-project] GET https://199.19.213.217/share/v2/e48a2286aa944376ab71c8e83cd3f9b0/shares/4cb84f2f-d8b7-4a0e-b5aa-86bb905b6ec6
Feb 19 02:51:06.128290 np0000156477 devstack@m-api.service[91851]: DEBUG manila.api.openstack.wsgi [None req-aa1f6a07-396b-448a-a1df-47cc84105e48 tempest-test_creds-1930972785 tempest-test_creds-1930972785-project] Empty body provided in request {{(pid=91851) get_body /opt/stack/manila/manila/api/openstack/wsgi.py:652}}
Feb 19 02:51:06.128515 np0000156477 devstack@m-api.service[91851]: DEBUG manila.api.openstack.wsgi [None req-aa1f6a07-396b-448a-a1df-47cc84105e48 tempest-test_creds-1930972785 tempest-test_creds-1930972785-project] Calling method 'ShareMixin.show' {{(pid=91851) _process_stack /opt/stack/manila/manila/api/openstack/wsgi.py:798}}
Feb 19 02:51:06.143226 np0000156477 devstack@m-api.service[91851]: INFO manila.api.openstack.wsgi [None req-aa1f6a07-396b-448a-a1df-47cc84105e48 tempest-test_creds-1930972785 tempest-test_creds-1930972785-project] https://199.19.213.217/share/v2/e48a2286aa944376ab71c8e83cd3f9b0/shares/4cb84f2f-d8b7-4a0e-b5aa-86bb905b6ec6 returned with HTTP 200
Feb 19 02:51:06.143542 np0000156477 devstack@m-api.service[91851]: [pid: 91851|app: 0|req: 94/187] 199.19.213.217 () {68 vars in 1518 bytes} [Thu Feb 19 02:51:06 2026] GET /share/v2/e48a2286aa944376ab71c8e83cd3f9b0/shares/4cb84f2f-d8b7-4a0e-b5aa-86bb905b6ec6 => generated 1381 bytes in 18 msecs (HTTP/1.1 200) 7 headers in 298 bytes (1 switches on core 0)
Feb 19 02:51:06.146643 np0000156477 devstack@m-api.service[91850]: INFO manila.api.openstack.wsgi [None req-1d8743a9-1885-4a8b-9eda-610d9cb9be81 tempest-test_creds-684308411 tempest-test_creds-684308411-project-admin] https://199.19.213.217/share/v2/e19db1df1c2b41dcb5db5bcd4dd8bd65/shares/15150826-a70c-4688-9b12-762003d8d0fe returned with HTTP 200
Feb 19 02:51:06.147043 np0000156477 devstack@m-api.service[91850]: [pid: 91850|app: 0|req: 94/188] 199.19.213.217 () {68 vars in 1518 bytes} [Thu Feb 19 02:51:06 2026] GET /share/v2/e19db1df1c2b41dcb5db5bcd4dd8bd65/shares/15150826-a70c-4688-9b12-762003d8d0fe => generated 1476 bytes in 25 msecs (HTTP/1.1 200) 7 headers in 298 bytes (1 switches on core 0)
Feb 19 02:51:09.157305 np0000156477 devstack@m-api.service[91851]: INFO manila.api.openstack.wsgi [None req-6f14b6ca-5d46-40e6-9cfc-7dd0770bd98e tempest-test_creds-1930972785 tempest-test_creds-1930972785-project] GET https://199.19.213.217/share/v2/e48a2286aa944376ab71c8e83cd3f9b0/shares/4cb84f2f-d8b7-4a0e-b5aa-86bb905b6ec6
Feb 19 02:51:09.157748 np0000156477 devstack@m-api.service[91851]: DEBUG manila.api.openstack.wsgi [None req-6f14b6ca-5d46-40e6-9cfc-7dd0770bd98e tempest-test_creds-1930972785 tempest-test_creds-1930972785-project] Empty body provided in request {{(pid=91851) get_body /opt/stack/manila/manila/api/openstack/wsgi.py:652}}
Feb 19 02:51:09.157814 np0000156477 devstack@m-api.service[91851]: DEBUG manila.api.openstack.wsgi [None req-6f14b6ca-5d46-40e6-9cfc-7dd0770bd98e tempest-test_creds-1930972785 tempest-test_creds-1930972785-project] Calling method 'ShareMixin.show' {{(pid=91851) _process_stack /opt/stack/manila/manila/api/openstack/wsgi.py:798}}
Feb 19 02:51:09.162318 np0000156477 devstack@m-api.service[91850]: INFO manila.api.openstack.wsgi [None req-a2c2113f-d49a-40c9-ac42-10993c00ef67 tempest-test_creds-684308411 tempest-test_creds-684308411-project-admin] GET https://199.19.213.217/share/v2/e19db1df1c2b41dcb5db5bcd4dd8bd65/shares/15150826-a70c-4688-9b12-762003d8d0fe
Feb 19 02:51:09.162735 np0000156477 devstack@m-api.service[91850]: DEBUG manila.api.openstack.wsgi [None req-a2c2113f-d49a-40c9-ac42-10993c00ef67 tempest-test_creds-684308411 tempest-test_creds-684308411-project-admin] Empty body provided in request {{(pid=91850) get_body /opt/stack/manila/manila/api/openstack/wsgi.py:652}}
Feb 19 02:51:09.162910 np0000156477 devstack@m-api.service[91850]: DEBUG manila.api.openstack.wsgi [None req-a2c2113f-d49a-40c9-ac42-10993c00ef67 tempest-test_creds-684308411 tempest-test_creds-684308411-project-admin] Calling method 'ShareMixin.show' {{(pid=91850) _process_stack /opt/stack/manila/manila/api/openstack/wsgi.py:798}}
Feb 19 02:51:09.172366 np0000156477 devstack@m-api.service[91851]: INFO manila.api.openstack.wsgi [None req-6f14b6ca-5d46-40e6-9cfc-7dd0770bd98e tempest-test_creds-1930972785 tempest-test_creds-1930972785-project] https://199.19.213.217/share/v2/e48a2286aa944376ab71c8e83cd3f9b0/shares/4cb84f2f-d8b7-4a0e-b5aa-86bb905b6ec6 returned with HTTP 200
Feb 19 02:51:09.172712 np0000156477 devstack@m-api.service[91851]: [pid: 91851|app: 0|req: 95/189] 199.19.213.217 () {68 vars in 1518 bytes} [Thu Feb 19 02:51:09 2026] GET /share/v2/e48a2286aa944376ab71c8e83cd3f9b0/shares/4cb84f2f-d8b7-4a0e-b5aa-86bb905b6ec6 => generated 1381 bytes in 18 msecs (HTTP/1.1 200) 7 headers in 298 bytes (1 switches on core 0)
Feb 19 02:51:09.180564 np0000156477 devstack@m-api.service[91850]: INFO manila.api.openstack.wsgi [None req-a2c2113f-d49a-40c9-ac42-10993c00ef67 tempest-test_creds-684308411 tempest-test_creds-684308411-project-admin] https://199.19.213.217/share/v2/e19db1df1c2b41dcb5db5bcd4dd8bd65/shares/15150826-a70c-4688-9b12-762003d8d0fe returned with HTTP 200
Feb 19 02:51:09.181334 np0000156477 devstack@m-api.service[91850]: [pid: 91850|app: 0|req: 95/190] 199.19.213.217 () {68 vars in 1518 bytes} [Thu Feb 19 02:51:09 2026] GET /share/v2/e19db1df1c2b41dcb5db5bcd4dd8bd65/shares/15150826-a70c-4688-9b12-762003d8d0fe => generated 1476 bytes in 22 msecs (HTTP/1.1 200) 7 headers in 298 bytes (1 switches on core 0)
Feb 19 02:51:12.186743 np0000156477 devstack@m-api.service[91851]: INFO manila.api.openstack.wsgi [None req-feac87a7-5523-4c6d-b716-86be5e40c507 tempest-test_creds-1930972785 tempest-test_creds-1930972785-project] GET https://199.19.213.217/share/v2/e48a2286aa944376ab71c8e83cd3f9b0/shares/4cb84f2f-d8b7-4a0e-b5aa-86bb905b6ec6
Feb 19 02:51:12.187364 np0000156477 devstack@m-api.service[91851]: DEBUG manila.api.openstack.wsgi [None req-feac87a7-5523-4c6d-b716-86be5e40c507 tempest-test_creds-1930972785 tempest-test_creds-1930972785-project] Empty body provided in request {{(pid=91851) get_body /opt/stack/manila/manila/api/openstack/wsgi.py:652}}
Feb 19 02:51:12.187364 np0000156477 devstack@m-api.service[91851]: DEBUG manila.api.openstack.wsgi [None req-feac87a7-5523-4c6d-b716-86be5e40c507 tempest-test_creds-1930972785 tempest-test_creds-1930972785-project] Calling method 'ShareMixin.show' {{(pid=91851) _process_stack /opt/stack/manila/manila/api/openstack/wsgi.py:798}}
Feb 19 02:51:12.197079 np0000156477 devstack@m-api.service[91850]: INFO manila.api.openstack.wsgi [None req-221af216-77d0-41ad-b395-c9c673e5c9ee tempest-test_creds-684308411 tempest-test_creds-684308411-project-admin] GET https://199.19.213.217/share/v2/e19db1df1c2b41dcb5db5bcd4dd8bd65/shares/15150826-a70c-4688-9b12-762003d8d0fe
Feb 19 02:51:12.197545 np0000156477 devstack@m-api.service[91850]: DEBUG manila.api.openstack.wsgi [None req-221af216-77d0-41ad-b395-c9c673e5c9ee tempest-test_creds-684308411 tempest-test_creds-684308411-project-admin] Empty body provided in request {{(pid=91850) get_body /opt/stack/manila/manila/api/openstack/wsgi.py:652}}
Feb 19 02:51:12.197822 np0000156477 devstack@m-api.service[91850]: DEBUG manila.api.openstack.wsgi [None req-221af216-77d0-41ad-b395-c9c673e5c9ee tempest-test_creds-684308411 tempest-test_creds-684308411-project-admin] Calling method 'ShareMixin.show' {{(pid=91850) _process_stack /opt/stack/manila/manila/api/openstack/wsgi.py:798}}
Feb 19 02:51:12.201092 np0000156477 devstack@m-api.service[91851]: INFO manila.api.openstack.wsgi [None req-feac87a7-5523-4c6d-b716-86be5e40c507 tempest-test_creds-1930972785 tempest-test_creds-1930972785-project] https://199.19.213.217/share/v2/e48a2286aa944376ab71c8e83cd3f9b0/shares/4cb84f2f-d8b7-4a0e-b5aa-86bb905b6ec6 returned with HTTP 200
Feb 19 02:51:12.201434 np0000156477 devstack@m-api.service[91851]: [pid: 91851|app: 0|req: 96/191] 199.19.213.217 () {68 vars in 1518 bytes} [Thu Feb 19 02:51:12 2026] GET /share/v2/e48a2286aa944376ab71c8e83cd3f9b0/shares/4cb84f2f-d8b7-4a0e-b5aa-86bb905b6ec6 => generated 1381 bytes in 17 msecs (HTTP/1.1 200) 7 headers in 298 bytes (1 switches on core 0)
Feb 19 02:51:12.212915 np0000156477 devstack@m-api.service[91850]: INFO manila.api.openstack.wsgi [None req-221af216-77d0-41ad-b395-c9c673e5c9ee tempest-test_creds-684308411 tempest-test_creds-684308411-project-admin] https://199.19.213.217/share/v2/e19db1df1c2b41dcb5db5bcd4dd8bd65/shares/15150826-a70c-4688-9b12-762003d8d0fe returned with HTTP 200
Feb 19 02:51:12.213243 np0000156477 devstack@m-api.service[91850]: [pid: 91850|app: 0|req: 96/192] 199.19.213.217 () {68 vars in 1518 bytes} [Thu Feb 19 02:51:12 2026] GET /share/v2/e19db1df1c2b41dcb5db5bcd4dd8bd65/shares/15150826-a70c-4688-9b12-762003d8d0fe => generated 1479 bytes in 20 msecs (HTTP/1.1 200) 7 headers in 298 bytes (1 switches on core 0)
Feb 19 02:51:12.227901 np0000156477 devstack@m-api.service[91851]: INFO manila.api.openstack.wsgi [None req-7020d4b5-0cad-483c-bc92-59d116aaa8f9 tempest-test_creds-684308411 tempest-test_creds-684308411-project-admin] POST https://199.19.213.217/share/v2/e19db1df1c2b41dcb5db5bcd4dd8bd65/shares
Feb 19 02:51:12.228497 np0000156477 devstack@m-api.service[91851]: DEBUG manila.api.openstack.wsgi [None req-7020d4b5-0cad-483c-bc92-59d116aaa8f9 tempest-test_creds-684308411 tempest-test_creds-684308411-project-admin] Action: 'create', calling method: Controller.__getattribute__..version_select, body: {"share": {"share_proto": "nfs", "description": "Tempest's share", "snapshot_id": null, "name": "tempest-tempest-created-share-478210741", "size": 1, "metadata": {}, "is_public": false, "share_network_id": "dc4b10f3-0c87-47d7-b1b6-de65b779efe5", "share_type": "d18f86e8-6698-4138-a1ce-1d461c4cddcb"}} {{(pid=91851) _process_stack /opt/stack/manila/manila/api/openstack/wsgi.py:796}}
Feb 19 02:51:12.229780 np0000156477 devstack@m-api.service[91851]: INFO manila.api.v2.shares [None req-7020d4b5-0cad-483c-bc92-59d116aaa8f9 tempest-test_creds-684308411 tempest-test_creds-684308411-project-admin] Create NFS share of 1 GB
Feb 19 02:51:12.296105 np0000156477 devstack@m-api.service[91851]: DEBUG manila.quota [None req-7020d4b5-0cad-483c-bc92-59d116aaa8f9 tempest-test_creds-684308411 tempest-test_creds-684308411-project-admin] Created reservations ['5ca9375c-e6cd-48c1-9828-a9359fff26cb', '1acc12f2-a268-4c0b-984e-d56f1a256b6f', '941eb5f6-6cae-4c0d-a287-c37200a41f6c', '84e6f8dd-ce04-492c-ad4a-ccde150b3a3a'] {{(pid=91851) reserve /opt/stack/manila/manila/quota.py:1038}}
Feb 19 02:51:12.339264 np0000156477 devstack@m-api.service[91851]: DEBUG manila.quota [None req-7020d4b5-0cad-483c-bc92-59d116aaa8f9 tempest-test_creds-684308411 tempest-test_creds-684308411-project-admin] Committed reservations ['5ca9375c-e6cd-48c1-9828-a9359fff26cb', '1acc12f2-a268-4c0b-984e-d56f1a256b6f', '941eb5f6-6cae-4c0d-a287-c37200a41f6c', '84e6f8dd-ce04-492c-ad4a-ccde150b3a3a'] {{(pid=91851) commit /opt/stack/manila/manila/quota.py:1066}}
Feb 19 02:51:12.394712 np0000156477 devstack@m-api.service[91851]: INFO manila.api.openstack.wsgi [None req-7020d4b5-0cad-483c-bc92-59d116aaa8f9 tempest-test_creds-684308411 tempest-test_creds-684308411-project-admin] https://199.19.213.217/share/v2/e19db1df1c2b41dcb5db5bcd4dd8bd65/shares returned with HTTP 200
Feb 19 02:51:12.395182 np0000156477 devstack@m-api.service[91851]: [pid: 91851|app: 0|req: 97/193] 199.19.213.217 () {70 vars in 1429 bytes} [Thu Feb 19 02:51:12 2026] POST /share/v2/e19db1df1c2b41dcb5db5bcd4dd8bd65/shares => generated 1415 bytes in 171 msecs (HTTP/1.1 200) 7 headers in 298 bytes (1 switches on core 0)
Feb 19 02:51:12.410749 np0000156477 devstack@m-api.service[91850]: INFO manila.api.openstack.wsgi [None req-123d5554-7293-4586-9f95-ce538cb9f3bc tempest-test_creds-684308411 tempest-test_creds-684308411-project-admin] GET https://199.19.213.217/share/v2/e19db1df1c2b41dcb5db5bcd4dd8bd65/shares/b57a7769-bc5c-4109-89b6-1704990f17bb
Feb 19 02:51:12.411242 np0000156477 devstack@m-api.service[91850]: DEBUG manila.api.openstack.wsgi [None req-123d5554-7293-4586-9f95-ce538cb9f3bc tempest-test_creds-684308411 tempest-test_creds-684308411-project-admin] Empty body provided in request {{(pid=91850) get_body /opt/stack/manila/manila/api/openstack/wsgi.py:652}}
Feb 19 02:51:12.411599 np0000156477 devstack@m-api.service[91850]: DEBUG manila.api.openstack.wsgi [None req-123d5554-7293-4586-9f95-ce538cb9f3bc tempest-test_creds-684308411 tempest-test_creds-684308411-project-admin] Calling method 'ShareMixin.show' {{(pid=91850) _process_stack /opt/stack/manila/manila/api/openstack/wsgi.py:798}}
Feb 19 02:51:12.432213 np0000156477 devstack@m-api.service[91850]: INFO manila.api.openstack.wsgi [None req-123d5554-7293-4586-9f95-ce538cb9f3bc tempest-test_creds-684308411 tempest-test_creds-684308411-project-admin] https://199.19.213.217/share/v2/e19db1df1c2b41dcb5db5bcd4dd8bd65/shares/b57a7769-bc5c-4109-89b6-1704990f17bb returned with HTTP 200
Feb 19 02:51:12.432579 np0000156477 devstack@m-api.service[91850]: [pid: 91850|app: 0|req: 97/194] 199.19.213.217 () {68 vars in 1518 bytes} [Thu Feb 19 02:51:12 2026] GET /share/v2/e19db1df1c2b41dcb5db5bcd4dd8bd65/shares/b57a7769-bc5c-4109-89b6-1704990f17bb => generated 1415 bytes in 26 msecs (HTTP/1.1 200) 7 headers in 298 bytes (1 switches on core 0)
Feb 19 02:51:15.215452 np0000156477 devstack@m-api.service[91851]: INFO manila.api.openstack.wsgi [None req-8a66c10b-b092-4f81-a829-2ea5a6e42c68 tempest-test_creds-1930972785 tempest-test_creds-1930972785-project] GET https://199.19.213.217/share/v2/e48a2286aa944376ab71c8e83cd3f9b0/shares/4cb84f2f-d8b7-4a0e-b5aa-86bb905b6ec6
Feb 19 02:51:15.215954 np0000156477 devstack@m-api.service[91851]: DEBUG manila.api.openstack.wsgi [None req-8a66c10b-b092-4f81-a829-2ea5a6e42c68 tempest-test_creds-1930972785 tempest-test_creds-1930972785-project] Empty body provided in request {{(pid=91851) get_body /opt/stack/manila/manila/api/openstack/wsgi.py:652}}
Feb 19 02:51:15.215954 np0000156477 devstack@m-api.service[91851]: DEBUG manila.api.openstack.wsgi [None req-8a66c10b-b092-4f81-a829-2ea5a6e42c68 tempest-test_creds-1930972785 tempest-test_creds-1930972785-project] Calling method 'ShareMixin.show' {{(pid=91851) _process_stack /opt/stack/manila/manila/api/openstack/wsgi.py:798}}
Feb 19 02:51:15.234706 np0000156477 devstack@m-api.service[91851]: INFO manila.api.openstack.wsgi [None req-8a66c10b-b092-4f81-a829-2ea5a6e42c68 tempest-test_creds-1930972785 tempest-test_creds-1930972785-project] https://199.19.213.217/share/v2/e48a2286aa944376ab71c8e83cd3f9b0/shares/4cb84f2f-d8b7-4a0e-b5aa-86bb905b6ec6 returned with HTTP 200
Feb 19 02:51:15.235106 np0000156477 devstack@m-api.service[91851]: [pid: 91851|app: 0|req: 98/195] 199.19.213.217 () {68 vars in 1518 bytes} [Thu Feb 19 02:51:15 2026] GET /share/v2/e48a2286aa944376ab71c8e83cd3f9b0/shares/4cb84f2f-d8b7-4a0e-b5aa-86bb905b6ec6 => generated 1381 bytes in 22 msecs (HTTP/1.1 200) 7 headers in 298 bytes (1 switches on core 0)
Feb 19 02:51:15.452142 np0000156477 devstack@m-api.service[91850]: INFO manila.api.openstack.wsgi [None req-545c707f-0556-4090-bd77-ed6b8af5f36e tempest-test_creds-684308411 tempest-test_creds-684308411-project-admin] GET https://199.19.213.217/share/v2/e19db1df1c2b41dcb5db5bcd4dd8bd65/shares/b57a7769-bc5c-4109-89b6-1704990f17bb
Feb 19 02:51:15.452142 np0000156477 devstack@m-api.service[91850]: DEBUG manila.api.openstack.wsgi [None req-545c707f-0556-4090-bd77-ed6b8af5f36e tempest-test_creds-684308411 tempest-test_creds-684308411-project-admin] Empty body provided in request {{(pid=91850) get_body /opt/stack/manila/manila/api/openstack/wsgi.py:652}}
Feb 19 02:51:15.452142 np0000156477 devstack@m-api.service[91850]: DEBUG manila.api.openstack.wsgi [None req-545c707f-0556-4090-bd77-ed6b8af5f36e tempest-test_creds-684308411 tempest-test_creds-684308411-project-admin] Calling method 'ShareMixin.show' {{(pid=91850) _process_stack /opt/stack/manila/manila/api/openstack/wsgi.py:798}}
Feb 19 02:51:15.467536 np0000156477 devstack@m-api.service[91850]: INFO manila.api.openstack.wsgi [None req-545c707f-0556-4090-bd77-ed6b8af5f36e tempest-test_creds-684308411 tempest-test_creds-684308411-project-admin] https://199.19.213.217/share/v2/e19db1df1c2b41dcb5db5bcd4dd8bd65/shares/b57a7769-bc5c-4109-89b6-1704990f17bb returned with HTTP 200
Feb 19 02:51:15.468046 np0000156477 devstack@m-api.service[91850]: [pid: 91850|app: 0|req: 98/196] 199.19.213.217 () {68 vars in 1518 bytes} [Thu Feb 19 02:51:15 2026] GET /share/v2/e19db1df1c2b41dcb5db5bcd4dd8bd65/shares/b57a7769-bc5c-4109-89b6-1704990f17bb => generated 1475 bytes in 21 msecs (HTTP/1.1 200) 7 headers in 298 bytes (1 switches on core 0)
Feb 19 02:51:18.248619 np0000156477 devstack@m-api.service[91851]: INFO manila.api.openstack.wsgi [None req-71735fc2-7ce6-45f2-9ef5-7d251877d98d tempest-test_creds-1930972785 tempest-test_creds-1930972785-project] GET https://199.19.213.217/share/v2/e48a2286aa944376ab71c8e83cd3f9b0/shares/4cb84f2f-d8b7-4a0e-b5aa-86bb905b6ec6
Feb 19 02:51:18.249189 np0000156477 devstack@m-api.service[91851]: DEBUG manila.api.openstack.wsgi [None req-71735fc2-7ce6-45f2-9ef5-7d251877d98d tempest-test_creds-1930972785 tempest-test_creds-1930972785-project] Empty body provided in request {{(pid=91851) get_body /opt/stack/manila/manila/api/openstack/wsgi.py:652}}
Feb 19 02:51:18.249307 np0000156477 devstack@m-api.service[91851]: DEBUG manila.api.openstack.wsgi [None req-71735fc2-7ce6-45f2-9ef5-7d251877d98d tempest-test_creds-1930972785 tempest-test_creds-1930972785-project] Calling method 'ShareMixin.show' {{(pid=91851) _process_stack /opt/stack/manila/manila/api/openstack/wsgi.py:798}}
Feb 19 02:51:18.268011 np0000156477 devstack@m-api.service[91851]: INFO manila.api.openstack.wsgi [None req-71735fc2-7ce6-45f2-9ef5-7d251877d98d tempest-test_creds-1930972785 tempest-test_creds-1930972785-project] https://199.19.213.217/share/v2/e48a2286aa944376ab71c8e83cd3f9b0/shares/4cb84f2f-d8b7-4a0e-b5aa-86bb905b6ec6 returned with HTTP 200
Feb 19 02:51:18.268437 np0000156477 devstack@m-api.service[91851]: [pid: 91851|app: 0|req: 99/197] 199.19.213.217 () {68 vars in 1518 bytes} [Thu Feb 19 02:51:18 2026] GET /share/v2/e48a2286aa944376ab71c8e83cd3f9b0/shares/4cb84f2f-d8b7-4a0e-b5aa-86bb905b6ec6 => generated 1384 bytes in 24 msecs (HTTP/1.1 200) 7 headers in 298 bytes (1 switches on core 0)
Feb 19 02:51:18.285046 np0000156477 devstack@m-api.service[91850]: INFO manila.api.openstack.wsgi [None req-d7c73c33-d93e-469a-b122-9a38dc709dfb tempest-test_creds-1930972785 tempest-test_creds-1930972785-project] POST https://199.19.213.217/share/v2/e48a2286aa944376ab71c8e83cd3f9b0/shares/4cb84f2f-d8b7-4a0e-b5aa-86bb905b6ec6/action
Feb 19 02:51:18.286051 np0000156477 devstack@m-api.service[91850]: DEBUG manila.api.openstack.wsgi [None req-d7c73c33-d93e-469a-b122-9a38dc709dfb tempest-test_creds-1930972785 tempest-test_creds-1930972785-project] Action body: b'{"allow_access": {"access_type": "ip", "access_to": "203.0.113.168/31", "access_level": "rw"}}' {{(pid=91850) get_method /opt/stack/manila/manila/api/openstack/wsgi.py:912}}
Feb 19 02:51:18.286320 np0000156477 devstack@m-api.service[91850]: DEBUG manila.api.openstack.wsgi [None req-d7c73c33-d93e-469a-b122-9a38dc709dfb tempest-test_creds-1930972785 tempest-test_creds-1930972785-project] Action: 'action', calling method: Controller.__getattribute__..version_select, body: {"allow_access": {"access_type": "ip", "access_to": "203.0.113.168/31", "access_level": "rw"}} {{(pid=91850) _process_stack /opt/stack/manila/manila/api/openstack/wsgi.py:796}}
Feb 19 02:51:18.391486 np0000156477 devstack@m-api.service[91850]: DEBUG oslo_concurrency.lockutils [None req-d7c73c33-d93e-469a-b122-9a38dc709dfb tempest-test_creds-1930972785 tempest-test_creds-1930972785-project] Acquiring lock "locked_access_rules_operation_by_share_instance_1c69ffc2-55fc-4639-90eb-8d1a62194fde" by "manila.share.access.locked_access_rules_operation..wrapped..locked_operation" {{(pid=91850) inner /opt/stack/data/venv/lib/python3.12/site-packages/oslo_concurrency/lockutils.py:506}}
Feb 19 02:51:18.391988 np0000156477 devstack@m-api.service[91850]: DEBUG oslo_concurrency.lockutils [None req-d7c73c33-d93e-469a-b122-9a38dc709dfb tempest-test_creds-1930972785 tempest-test_creds-1930972785-project] Lock "locked_access_rules_operation_by_share_instance_1c69ffc2-55fc-4639-90eb-8d1a62194fde" acquired by "manila.share.access.locked_access_rules_operation..wrapped..locked_operation" :: waited 0.001s {{(pid=91850) inner /opt/stack/data/venv/lib/python3.12/site-packages/oslo_concurrency/lockutils.py:519}}
Feb 19 02:51:18.454806 np0000156477 devstack@m-api.service[91850]: DEBUG oslo_concurrency.lockutils [None req-d7c73c33-d93e-469a-b122-9a38dc709dfb tempest-test_creds-1930972785 tempest-test_creds-1930972785-project] Lock "locked_access_rules_operation_by_share_instance_1c69ffc2-55fc-4639-90eb-8d1a62194fde" "released" by "manila.share.access.locked_access_rules_operation..wrapped..locked_operation" :: held 0.063s {{(pid=91850) inner /opt/stack/data/venv/lib/python3.12/site-packages/oslo_concurrency/lockutils.py:538}}
Feb 19 02:51:18.472034 np0000156477 devstack@m-api.service[91850]: INFO manila.api.openstack.wsgi [None req-d7c73c33-d93e-469a-b122-9a38dc709dfb tempest-test_creds-1930972785 tempest-test_creds-1930972785-project] https://199.19.213.217/share/v2/e48a2286aa944376ab71c8e83cd3f9b0/shares/4cb84f2f-d8b7-4a0e-b5aa-86bb905b6ec6/action returned with HTTP 200
Feb 19 02:51:18.472698 np0000156477 devstack@m-api.service[91850]: [pid: 91850|app: 0|req: 99/198] 199.19.213.217 () {70 vars in 1559 bytes} [Thu Feb 19 02:51:18 2026] POST /share/v2/e48a2286aa944376ab71c8e83cd3f9b0/shares/4cb84f2f-d8b7-4a0e-b5aa-86bb905b6ec6/action => generated 202 bytes in 191 msecs (HTTP/1.1 200) 7 headers in 296 bytes (1 switches on core 0)
Feb 19 02:51:18.484302 np0000156477 devstack@m-api.service[91851]: INFO manila.api.openstack.wsgi [None req-a9ac3ffa-b5b5-42a6-b72a-6de5e9a91ce3 tempest-test_creds-1930972785 tempest-test_creds-1930972785-project] POST https://199.19.213.217/share/v2/e48a2286aa944376ab71c8e83cd3f9b0/shares/4cb84f2f-d8b7-4a0e-b5aa-86bb905b6ec6/action
Feb 19 02:51:18.484871 np0000156477 devstack@m-api.service[91851]: DEBUG manila.api.openstack.wsgi [None req-a9ac3ffa-b5b5-42a6-b72a-6de5e9a91ce3 tempest-test_creds-1930972785 tempest-test_creds-1930972785-project] Action body: b'{"access_list": null}' {{(pid=91851) get_method /opt/stack/manila/manila/api/openstack/wsgi.py:912}}
Feb 19 02:51:18.485033 np0000156477 devstack@m-api.service[91850]: INFO manila.api.openstack.wsgi [None req-fc85b475-2ba7-498b-999e-5592cf3012aa tempest-test_creds-684308411 tempest-test_creds-684308411-project-admin] GET https://199.19.213.217/share/v2/e19db1df1c2b41dcb5db5bcd4dd8bd65/shares/b57a7769-bc5c-4109-89b6-1704990f17bb
Feb 19 02:51:18.485141 np0000156477 devstack@m-api.service[91851]: DEBUG manila.api.openstack.wsgi [None req-a9ac3ffa-b5b5-42a6-b72a-6de5e9a91ce3 tempest-test_creds-1930972785 tempest-test_creds-1930972785-project] Action: 'action', calling method: Controller.__getattribute__..version_select, body: {"access_list": null} {{(pid=91851) _process_stack /opt/stack/manila/manila/api/openstack/wsgi.py:796}}
Feb 19 02:51:18.485382 np0000156477 devstack@m-api.service[91850]: DEBUG manila.api.openstack.wsgi [None req-fc85b475-2ba7-498b-999e-5592cf3012aa tempest-test_creds-684308411 tempest-test_creds-684308411-project-admin] Empty body provided in request {{(pid=91850) get_body /opt/stack/manila/manila/api/openstack/wsgi.py:652}}
Feb 19 02:51:18.485608 np0000156477 devstack@m-api.service[91850]: DEBUG manila.api.openstack.wsgi [None req-fc85b475-2ba7-498b-999e-5592cf3012aa tempest-test_creds-684308411 tempest-test_creds-684308411-project-admin] Calling method 'ShareMixin.show' {{(pid=91850) _process_stack /opt/stack/manila/manila/api/openstack/wsgi.py:798}}
Feb 19 02:51:18.501530 np0000156477 devstack@m-api.service[91850]: INFO manila.api.openstack.wsgi [None req-fc85b475-2ba7-498b-999e-5592cf3012aa tempest-test_creds-684308411 tempest-test_creds-684308411-project-admin] https://199.19.213.217/share/v2/e19db1df1c2b41dcb5db5bcd4dd8bd65/shares/b57a7769-bc5c-4109-89b6-1704990f17bb returned with HTTP 200
Feb 19 02:51:18.501827 np0000156477 devstack@m-api.service[91850]: [pid: 91850|app: 0|req: 100/199] 199.19.213.217 () {68 vars in 1518 bytes} [Thu Feb 19 02:51:18 2026] GET /share/v2/e19db1df1c2b41dcb5db5bcd4dd8bd65/shares/b57a7769-bc5c-4109-89b6-1704990f17bb => generated 1475 bytes in 20 msecs (HTTP/1.1 200) 7 headers in 298 bytes (1 switches on core 0)
Feb 19 02:51:18.541575 np0000156477 devstack@m-api.service[91851]: INFO manila.api.openstack.wsgi [None req-a9ac3ffa-b5b5-42a6-b72a-6de5e9a91ce3 tempest-test_creds-1930972785 tempest-test_creds-1930972785-project] https://199.19.213.217/share/v2/e48a2286aa944376ab71c8e83cd3f9b0/shares/4cb84f2f-d8b7-4a0e-b5aa-86bb905b6ec6/action returned with HTTP 200
Feb 19 02:51:18.542009 np0000156477 devstack@m-api.service[91851]: [pid: 91851|app: 0|req: 100/200] 199.19.213.217 () {70 vars in 1559 bytes} [Thu Feb 19 02:51:18 2026] POST /share/v2/e48a2286aa944376ab71c8e83cd3f9b0/shares/4cb84f2f-d8b7-4a0e-b5aa-86bb905b6ec6/action => generated 157 bytes in 60 msecs (HTTP/1.1 200) 7 headers in 296 bytes (1 switches on core 0)
Feb 19 02:51:21.517206 np0000156477 devstack@m-api.service[91850]: INFO manila.api.openstack.wsgi [None req-c7289dc5-14ac-484b-9e88-4cb71c6622dd tempest-test_creds-684308411 tempest-test_creds-684308411-project-admin] GET https://199.19.213.217/share/v2/e19db1df1c2b41dcb5db5bcd4dd8bd65/shares/b57a7769-bc5c-4109-89b6-1704990f17bb
Feb 19 02:51:21.517946 np0000156477 devstack@m-api.service[91850]: DEBUG manila.api.openstack.wsgi [None req-c7289dc5-14ac-484b-9e88-4cb71c6622dd tempest-test_creds-684308411 tempest-test_creds-684308411-project-admin] Empty body provided in request {{(pid=91850) get_body /opt/stack/manila/manila/api/openstack/wsgi.py:652}}
Feb 19 02:51:21.517946 np0000156477 devstack@m-api.service[91850]: DEBUG manila.api.openstack.wsgi [None req-c7289dc5-14ac-484b-9e88-4cb71c6622dd tempest-test_creds-684308411 tempest-test_creds-684308411-project-admin] Calling method 'ShareMixin.show' {{(pid=91850) _process_stack /opt/stack/manila/manila/api/openstack/wsgi.py:798}}
Feb 19 02:51:21.533530 np0000156477 devstack@m-api.service[91850]: INFO manila.api.openstack.wsgi [None req-c7289dc5-14ac-484b-9e88-4cb71c6622dd tempest-test_creds-684308411 tempest-test_creds-684308411-project-admin] https://199.19.213.217/share/v2/e19db1df1c2b41dcb5db5bcd4dd8bd65/shares/b57a7769-bc5c-4109-89b6-1704990f17bb returned with HTTP 200
Feb 19 02:51:21.534207 np0000156477 devstack@m-api.service[91850]: [pid: 91850|app: 0|req: 101/201] 199.19.213.217 () {68 vars in 1518 bytes} [Thu Feb 19 02:51:21 2026] GET /share/v2/e19db1df1c2b41dcb5db5bcd4dd8bd65/shares/b57a7769-bc5c-4109-89b6-1704990f17bb => generated 1475 bytes in 21 msecs (HTTP/1.1 200) 7 headers in 298 bytes (1 switches on core 0)
Feb 19 02:51:21.557392 np0000156477 devstack@m-api.service[91851]: INFO manila.api.openstack.wsgi [None req-da1c9e03-410f-497e-aec9-f83e2fcb60f1 tempest-test_creds-1930972785 tempest-test_creds-1930972785-project] POST https://199.19.213.217/share/v2/e48a2286aa944376ab71c8e83cd3f9b0/shares/4cb84f2f-d8b7-4a0e-b5aa-86bb905b6ec6/action
Feb 19 02:51:21.559524 np0000156477 devstack@m-api.service[91851]: DEBUG manila.api.openstack.wsgi [None req-da1c9e03-410f-497e-aec9-f83e2fcb60f1 tempest-test_creds-1930972785 tempest-test_creds-1930972785-project] Action body: b'{"access_list": null}' {{(pid=91851) get_method /opt/stack/manila/manila/api/openstack/wsgi.py:912}}
Feb 19 02:51:21.559524 np0000156477 devstack@m-api.service[91851]: DEBUG manila.api.openstack.wsgi [None req-da1c9e03-410f-497e-aec9-f83e2fcb60f1 tempest-test_creds-1930972785 tempest-test_creds-1930972785-project] Action: 'action', calling method: ShareController.access_list, body: {"access_list": null} {{(pid=91851) _process_stack /opt/stack/manila/manila/api/openstack/wsgi.py:796}}
Feb 19 02:51:21.631770 np0000156477 devstack@m-api.service[91851]: INFO manila.api.openstack.wsgi [None req-da1c9e03-410f-497e-aec9-f83e2fcb60f1 tempest-test_creds-1930972785 tempest-test_creds-1930972785-project] https://199.19.213.217/share/v2/e48a2286aa944376ab71c8e83cd3f9b0/shares/4cb84f2f-d8b7-4a0e-b5aa-86bb905b6ec6/action returned with HTTP 200
Feb 19 02:51:21.632122 np0000156477 devstack@m-api.service[91851]: [pid: 91851|app: 0|req: 101/202] 199.19.213.217 () {70 vars in 1559 bytes} [Thu Feb 19 02:51:21 2026] POST /share/v2/e48a2286aa944376ab71c8e83cd3f9b0/shares/4cb84f2f-d8b7-4a0e-b5aa-86bb905b6ec6/action => generated 157 bytes in 78 msecs (HTTP/1.1 200) 7 headers in 296 bytes (1 switches on core 0)
Feb 19 02:51:24.549476 np0000156477 devstack@m-api.service[91850]: INFO manila.api.openstack.wsgi [None req-30bfadca-bf54-4546-a995-80793417833d tempest-test_creds-684308411 tempest-test_creds-684308411-project-admin] GET https://199.19.213.217/share/v2/e19db1df1c2b41dcb5db5bcd4dd8bd65/shares/b57a7769-bc5c-4109-89b6-1704990f17bb
Feb 19 02:51:24.549906 np0000156477 devstack@m-api.service[91850]: DEBUG manila.api.openstack.wsgi [None req-30bfadca-bf54-4546-a995-80793417833d tempest-test_creds-684308411 tempest-test_creds-684308411-project-admin] Empty body provided in request {{(pid=91850) get_body /opt/stack/manila/manila/api/openstack/wsgi.py:652}}
Feb 19 02:51:24.550122 np0000156477 devstack@m-api.service[91850]: DEBUG manila.api.openstack.wsgi [None req-30bfadca-bf54-4546-a995-80793417833d tempest-test_creds-684308411 tempest-test_creds-684308411-project-admin] Calling method 'ShareMixin.show' {{(pid=91850) _process_stack /opt/stack/manila/manila/api/openstack/wsgi.py:798}}
Feb 19 02:51:24.553554 np0000156477 devstack@m-api.service[91850]: DEBUG dbcounter [-] [91850] Writing DB stats manila:SELECT=120,manila:INSERT=2,manila:UPDATE=1 {{(pid=91850) stat_writer /opt/stack/data/venv/lib/python3.12/site-packages/dbcounter.py:115}}
Feb 19 02:51:24.571606 np0000156477 devstack@m-api.service[91850]: INFO manila.api.openstack.wsgi [None req-30bfadca-bf54-4546-a995-80793417833d tempest-test_creds-684308411 tempest-test_creds-684308411-project-admin] https://199.19.213.217/share/v2/e19db1df1c2b41dcb5db5bcd4dd8bd65/shares/b57a7769-bc5c-4109-89b6-1704990f17bb returned with HTTP 200
Feb 19 02:51:24.571986 np0000156477 devstack@m-api.service[91850]: [pid: 91850|app: 0|req: 102/203] 199.19.213.217 () {68 vars in 1518 bytes} [Thu Feb 19 02:51:24 2026] GET /share/v2/e19db1df1c2b41dcb5db5bcd4dd8bd65/shares/b57a7769-bc5c-4109-89b6-1704990f17bb => generated 1475 bytes in 27 msecs (HTTP/1.1 200) 7 headers in 298 bytes (1 switches on core 0)
Feb 19 02:51:24.647566 np0000156477 devstack@m-api.service[91851]: INFO manila.api.openstack.wsgi [None req-dea07893-b3d6-4575-82ca-9a1c8aae474e tempest-test_creds-1930972785 tempest-test_creds-1930972785-project] POST https://199.19.213.217/share/v2/e48a2286aa944376ab71c8e83cd3f9b0/shares/4cb84f2f-d8b7-4a0e-b5aa-86bb905b6ec6/action
Feb 19 02:51:24.648005 np0000156477 devstack@m-api.service[91851]: DEBUG manila.api.openstack.wsgi [None req-dea07893-b3d6-4575-82ca-9a1c8aae474e tempest-test_creds-1930972785 tempest-test_creds-1930972785-project] Action body: b'{"access_list": null}' {{(pid=91851) get_method /opt/stack/manila/manila/api/openstack/wsgi.py:912}}
Feb 19 02:51:24.648179 np0000156477 devstack@m-api.service[91851]: DEBUG manila.api.openstack.wsgi [None req-dea07893-b3d6-4575-82ca-9a1c8aae474e tempest-test_creds-1930972785 tempest-test_creds-1930972785-project] Action: 'action', calling method: ShareController.access_list, body: {"access_list": null} {{(pid=91851) _process_stack /opt/stack/manila/manila/api/openstack/wsgi.py:796}}
Feb 19 02:51:24.650321 np0000156477 devstack@m-api.service[91851]: DEBUG dbcounter [-] [91851] Writing DB stats manila:SELECT=149,manila:INSERT=6,manila:UPDATE=6 {{(pid=91851) stat_writer /opt/stack/data/venv/lib/python3.12/site-packages/dbcounter.py:115}}
Feb 19 02:51:24.698797 np0000156477 devstack@m-api.service[91851]: INFO manila.api.openstack.wsgi [None req-dea07893-b3d6-4575-82ca-9a1c8aae474e tempest-test_creds-1930972785 tempest-test_creds-1930972785-project] https://199.19.213.217/share/v2/e48a2286aa944376ab71c8e83cd3f9b0/shares/4cb84f2f-d8b7-4a0e-b5aa-86bb905b6ec6/action returned with HTTP 200
Feb 19 02:51:24.699633 np0000156477 devstack@m-api.service[91851]: [pid: 91851|app: 0|req: 102/204] 199.19.213.217 () {70 vars in 1559 bytes} [Thu Feb 19 02:51:24 2026] POST /share/v2/e48a2286aa944376ab71c8e83cd3f9b0/shares/4cb84f2f-d8b7-4a0e-b5aa-86bb905b6ec6/action => generated 160 bytes in 55 msecs (HTTP/1.1 200) 7 headers in 296 bytes (1 switches on core 0)
Feb 19 02:51:24.710974 np0000156477 devstack@m-api.service[91850]: INFO manila.api.openstack.wsgi [None req-7bf74def-abbf-4277-98a2-bd78a27226d2 tempest-test_creds-1930972785 tempest-test_creds-1930972785-project] POST https://199.19.213.217/share/v2/e48a2286aa944376ab71c8e83cd3f9b0/shares/4cb84f2f-d8b7-4a0e-b5aa-86bb905b6ec6/action
Feb 19 02:51:24.711625 np0000156477 devstack@m-api.service[91850]: DEBUG manila.api.openstack.wsgi [None req-7bf74def-abbf-4277-98a2-bd78a27226d2 tempest-test_creds-1930972785 tempest-test_creds-1930972785-project] Action body: b'{"deny_access": {"access_id": "2cb493a9-ef79-4cca-8539-fc75a706b79f"}}' {{(pid=91850) get_method /opt/stack/manila/manila/api/openstack/wsgi.py:912}}
Feb 19 02:51:24.711966 np0000156477 devstack@m-api.service[91850]: DEBUG manila.api.openstack.wsgi [None req-7bf74def-abbf-4277-98a2-bd78a27226d2 tempest-test_creds-1930972785 tempest-test_creds-1930972785-project] Action: 'action', calling method: Controller.__getattribute__..version_select, body: {"deny_access": {"access_id": "2cb493a9-ef79-4cca-8539-fc75a706b79f"}} {{(pid=91850) _process_stack /opt/stack/manila/manila/api/openstack/wsgi.py:796}}
Feb 19 02:51:24.713671 np0000156477 devstack@m-api.service[91850]: DEBUG manila.lock.api [None req-7bf74def-abbf-4277-98a2-bd78a27226d2 tempest-test_creds-1930972785 tempest-test_creds-1930972785-project] Searching for locks by: {'resource_id': '2cb493a9-ef79-4cca-8539-fc75a706b79f', 'resource_action': 'delete', 'all_projects': True} {{(pid=91850) get_all /opt/stack/manila/manila/lock/api.py:112}}
Feb 19 02:51:24.813309 np0000156477 devstack@m-api.service[91850]: DEBUG oslo_concurrency.lockutils [None req-7bf74def-abbf-4277-98a2-bd78a27226d2 tempest-test_creds-1930972785 tempest-test_creds-1930972785-project] Acquiring lock "locked_access_rules_operation_by_share_instance_1c69ffc2-55fc-4639-90eb-8d1a62194fde" by "manila.share.access.locked_access_rules_operation..wrapped..locked_operation" {{(pid=91850) inner /opt/stack/data/venv/lib/python3.12/site-packages/oslo_concurrency/lockutils.py:506}}
Feb 19 02:51:24.813561 np0000156477 devstack@m-api.service[91850]: DEBUG oslo_concurrency.lockutils [None req-7bf74def-abbf-4277-98a2-bd78a27226d2 tempest-test_creds-1930972785 tempest-test_creds-1930972785-project] Lock "locked_access_rules_operation_by_share_instance_1c69ffc2-55fc-4639-90eb-8d1a62194fde" acquired by "manila.share.access.locked_access_rules_operation..wrapped..locked_operation" :: waited 0.000s {{(pid=91850) inner /opt/stack/data/venv/lib/python3.12/site-packages/oslo_concurrency/lockutils.py:519}}
Feb 19 02:51:24.881276 np0000156477 devstack@m-api.service[91850]: DEBUG oslo_concurrency.lockutils [None req-7bf74def-abbf-4277-98a2-bd78a27226d2 tempest-test_creds-1930972785 tempest-test_creds-1930972785-project] Lock "locked_access_rules_operation_by_share_instance_1c69ffc2-55fc-4639-90eb-8d1a62194fde" "released" by "manila.share.access.locked_access_rules_operation..wrapped..locked_operation" :: held 0.067s {{(pid=91850) inner /opt/stack/data/venv/lib/python3.12/site-packages/oslo_concurrency/lockutils.py:538}}
Feb 19 02:51:24.881623 np0000156477 devstack@m-api.service[91850]: DEBUG oslo_concurrency.lockutils [None req-7bf74def-abbf-4277-98a2-bd78a27226d2 tempest-test_creds-1930972785 tempest-test_creds-1930972785-project] Acquiring lock "locked_access_rules_operation_by_share_instance_1c69ffc2-55fc-4639-90eb-8d1a62194fde" by "manila.share.access.locked_access_rules_operation..wrapped..locked_operation" {{(pid=91850) inner /opt/stack/data/venv/lib/python3.12/site-packages/oslo_concurrency/lockutils.py:506}}
Feb 19 02:51:24.882115 np0000156477 devstack@m-api.service[91850]: DEBUG oslo_concurrency.lockutils [None req-7bf74def-abbf-4277-98a2-bd78a27226d2 tempest-test_creds-1930972785 tempest-test_creds-1930972785-project] Lock "locked_access_rules_operation_by_share_instance_1c69ffc2-55fc-4639-90eb-8d1a62194fde" acquired by "manila.share.access.locked_access_rules_operation..wrapped..locked_operation" :: waited 0.001s {{(pid=91850) inner /opt/stack/data/venv/lib/python3.12/site-packages/oslo_concurrency/lockutils.py:519}}
Feb 19 02:51:24.945696 np0000156477 devstack@m-api.service[91850]: DEBUG oslo_concurrency.lockutils [None req-7bf74def-abbf-4277-98a2-bd78a27226d2 tempest-test_creds-1930972785 tempest-test_creds-1930972785-project] Lock "locked_access_rules_operation_by_share_instance_1c69ffc2-55fc-4639-90eb-8d1a62194fde" "released" by "manila.share.access.locked_access_rules_operation..wrapped..locked_operation" :: held 0.064s {{(pid=91850) inner /opt/stack/data/venv/lib/python3.12/site-packages/oslo_concurrency/lockutils.py:538}}
Feb 19 02:51:24.947838 np0000156477 devstack@m-api.service[91850]: INFO manila.api.openstack.wsgi [None req-7bf74def-abbf-4277-98a2-bd78a27226d2 tempest-test_creds-1930972785 tempest-test_creds-1930972785-project] https://199.19.213.217/share/v2/e48a2286aa944376ab71c8e83cd3f9b0/shares/4cb84f2f-d8b7-4a0e-b5aa-86bb905b6ec6/action returned with HTTP 202
Feb 19 02:51:24.947838 np0000156477 devstack@m-api.service[91850]: [pid: 91850|app: 0|req: 103/205] 199.19.213.217 () {70 vars in 1560 bytes} [Thu Feb 19 02:51:24 2026] POST /share/v2/e48a2286aa944376ab71c8e83cd3f9b0/shares/4cb84f2f-d8b7-4a0e-b5aa-86bb905b6ec6/action => generated 0 bytes in 241 msecs (HTTP/1.1 202) 7 headers in 309 bytes (1 switches on core 0)
Feb 19 02:51:24.962218 np0000156477 devstack@m-api.service[91851]: INFO manila.api.openstack.wsgi [None req-50defd6f-6fec-4beb-adfb-3ca8f1d0d7c1 tempest-test_creds-1930972785 tempest-test_creds-1930972785-project] GET https://199.19.213.217/share/v2/e48a2286aa944376ab71c8e83cd3f9b0/share-access-rules?share_id=4cb84f2f-d8b7-4a0e-b5aa-86bb905b6ec6
Feb 19 02:51:24.962712 np0000156477 devstack@m-api.service[91851]: DEBUG manila.api.openstack.wsgi [None req-50defd6f-6fec-4beb-adfb-3ca8f1d0d7c1 tempest-test_creds-1930972785 tempest-test_creds-1930972785-project] Empty body provided in request {{(pid=91851) get_body /opt/stack/manila/manila/api/openstack/wsgi.py:652}}
Feb 19 02:51:24.963075 np0000156477 devstack@m-api.service[91851]: DEBUG manila.api.openstack.wsgi [None req-50defd6f-6fec-4beb-adfb-3ca8f1d0d7c1 tempest-test_creds-1930972785 tempest-test_creds-1930972785-project] Calling method 'Controller.__getattribute__..version_select' {{(pid=91851) _process_stack /opt/stack/manila/manila/api/openstack/wsgi.py:798}}
Feb 19 02:51:24.992496 np0000156477 devstack@m-api.service[91851]: DEBUG manila.lock.api [None req-50defd6f-6fec-4beb-adfb-3ca8f1d0d7c1 tempest-test_creds-1930972785 tempest-test_creds-1930972785-project] Searching for locks by: {'resource_id': '2cb493a9-ef79-4cca-8539-fc75a706b79f', 'resource_action': 'show', 'resource_type': 'access_rule', 'all_projects': True} {{(pid=91851) get_all /opt/stack/manila/manila/lock/api.py:112}}
Feb 19 02:51:25.003480 np0000156477 devstack@m-api.service[91851]: INFO manila.api.openstack.wsgi [None req-50defd6f-6fec-4beb-adfb-3ca8f1d0d7c1 tempest-test_creds-1930972785 tempest-test_creds-1930972785-project] https://199.19.213.217/share/v2/e48a2286aa944376ab71c8e83cd3f9b0/share-access-rules?share_id=4cb84f2f-d8b7-4a0e-b5aa-86bb905b6ec6 returned with HTTP 200
Feb 19 02:51:25.004101 np0000156477 devstack@m-api.service[91851]: [pid: 91851|app: 0|req: 103/206] 199.19.213.217 () {68 vars in 1534 bytes} [Thu Feb 19 02:51:24 2026] GET /share/v2/e48a2286aa944376ab71c8e83cd3f9b0/share-access-rules?share_id=4cb84f2f-d8b7-4a0e-b5aa-86bb905b6ec6 => generated 292 bytes in 45 msecs (HTTP/1.1 200) 7 headers in 297 bytes (1 switches on core 0)
Feb 19 02:51:27.587597 np0000156477 devstack@m-api.service[91850]: INFO manila.api.openstack.wsgi [None req-e1e8831e-d651-45f8-b704-19da98d54da9 tempest-test_creds-684308411 tempest-test_creds-684308411-project-admin] GET https://199.19.213.217/share/v2/e19db1df1c2b41dcb5db5bcd4dd8bd65/shares/b57a7769-bc5c-4109-89b6-1704990f17bb
Feb 19 02:51:27.588322 np0000156477 devstack@m-api.service[91850]: DEBUG manila.api.openstack.wsgi [None req-e1e8831e-d651-45f8-b704-19da98d54da9 tempest-test_creds-684308411 tempest-test_creds-684308411-project-admin] Empty body provided in request {{(pid=91850) get_body /opt/stack/manila/manila/api/openstack/wsgi.py:652}}
Feb 19 02:51:27.588322 np0000156477 devstack@m-api.service[91850]: DEBUG manila.api.openstack.wsgi [None req-e1e8831e-d651-45f8-b704-19da98d54da9 tempest-test_creds-684308411 tempest-test_creds-684308411-project-admin] Calling method 'ShareMixin.show' {{(pid=91850) _process_stack /opt/stack/manila/manila/api/openstack/wsgi.py:798}}
Feb 19 02:51:27.604533 np0000156477 devstack@m-api.service[91850]: INFO manila.api.openstack.wsgi [None req-e1e8831e-d651-45f8-b704-19da98d54da9 tempest-test_creds-684308411 tempest-test_creds-684308411-project-admin] https://199.19.213.217/share/v2/e19db1df1c2b41dcb5db5bcd4dd8bd65/shares/b57a7769-bc5c-4109-89b6-1704990f17bb returned with HTTP 200
Feb 19 02:51:27.605136 np0000156477 devstack@m-api.service[91850]: [pid: 91850|app: 0|req: 104/207] 199.19.213.217 () {68 vars in 1518 bytes} [Thu Feb 19 02:51:27 2026] GET /share/v2/e19db1df1c2b41dcb5db5bcd4dd8bd65/shares/b57a7769-bc5c-4109-89b6-1704990f17bb => generated 1475 bytes in 20 msecs (HTTP/1.1 200) 7 headers in 298 bytes (1 switches on core 0)
Feb 19 02:51:28.021169 np0000156477 devstack@m-api.service[91851]: INFO manila.api.openstack.wsgi [None req-545ee6cb-a593-49b1-afca-c72a6c23122b tempest-test_creds-1930972785 tempest-test_creds-1930972785-project] GET https://199.19.213.217/share/v2/e48a2286aa944376ab71c8e83cd3f9b0/share-access-rules?share_id=4cb84f2f-d8b7-4a0e-b5aa-86bb905b6ec6
Feb 19 02:51:28.021782 np0000156477 devstack@m-api.service[91851]: DEBUG manila.api.openstack.wsgi [None req-545ee6cb-a593-49b1-afca-c72a6c23122b tempest-test_creds-1930972785 tempest-test_creds-1930972785-project] Empty body provided in request {{(pid=91851) get_body /opt/stack/manila/manila/api/openstack/wsgi.py:652}}
Feb 19 02:51:28.021782 np0000156477 devstack@m-api.service[91851]: DEBUG manila.api.openstack.wsgi [None req-545ee6cb-a593-49b1-afca-c72a6c23122b tempest-test_creds-1930972785 tempest-test_creds-1930972785-project] Calling method 'Controller.__getattribute__..version_select' {{(pid=91851) _process_stack /opt/stack/manila/manila/api/openstack/wsgi.py:798}}
Feb 19 02:51:28.051669 np0000156477 devstack@m-api.service[91851]: DEBUG manila.lock.api [None req-545ee6cb-a593-49b1-afca-c72a6c23122b tempest-test_creds-1930972785 tempest-test_creds-1930972785-project] Searching for locks by: {'resource_id': '2cb493a9-ef79-4cca-8539-fc75a706b79f', 'resource_action': 'show', 'resource_type': 'access_rule', 'all_projects': True} {{(pid=91851) get_all /opt/stack/manila/manila/lock/api.py:112}}
Feb 19 02:51:28.056339 np0000156477 devstack@m-api.service[91851]: INFO manila.api.openstack.wsgi [None req-545ee6cb-a593-49b1-afca-c72a6c23122b tempest-test_creds-1930972785 tempest-test_creds-1930972785-project] https://199.19.213.217/share/v2/e48a2286aa944376ab71c8e83cd3f9b0/share-access-rules?share_id=4cb84f2f-d8b7-4a0e-b5aa-86bb905b6ec6 returned with HTTP 200
Feb 19 02:51:28.056970 np0000156477 devstack@m-api.service[91851]: [pid: 91851|app: 0|req: 104/208] 199.19.213.217 () {68 vars in 1534 bytes} [Thu Feb 19 02:51:28 2026] GET /share/v2/e48a2286aa944376ab71c8e83cd3f9b0/share-access-rules?share_id=4cb84f2f-d8b7-4a0e-b5aa-86bb905b6ec6 => generated 285 bytes in 41 msecs (HTTP/1.1 200) 7 headers in 297 bytes (1 switches on core 0)
Feb 19 02:51:30.620889 np0000156477 devstack@m-api.service[91850]: INFO manila.api.openstack.wsgi [None req-f0fc9965-ad05-4c90-a945-e9adc4da9915 tempest-test_creds-684308411 tempest-test_creds-684308411-project-admin] GET https://199.19.213.217/share/v2/e19db1df1c2b41dcb5db5bcd4dd8bd65/shares/b57a7769-bc5c-4109-89b6-1704990f17bb
