2026-05-01 02:08:50.820 10 INFO neutron.wsgi [req-07a11b11-8a15-4a60-a12c-c7170f4cffc3 req-4f6efdc0-cdeb-443f-ae4c-e9afbaa930cb 3f3d82fb440a4da59a93fa5966cd6cbd dabb3c9ac0c046c68e0023dd3d7e1203 - - default default] 10.0.0.19 "GET /v2.0/networks?id=a2531df1-cf33-49ec-828f-055f04ea51dd HTTP/1.1" status: 200 len: 872 time: 0.1163290
2026-05-01 02:08:50.841 10 INFO neutron.wsgi [req-07a11b11-8a15-4a60-a12c-c7170f4cffc3 req-e3759d88-a04f-4c2f-a9cf-29936768a9d0 3f3d82fb440a4da59a93fa5966cd6cbd dabb3c9ac0c046c68e0023dd3d7e1203 - - default default] 10.0.0.19 "GET /v2.0/quotas/dabb3c9ac0c046c68e0023dd3d7e1203 HTTP/1.1" status: 200 len: 386 time: 0.0129941
2026-05-01 02:08:50.954 10 INFO neutron.wsgi [req-07a11b11-8a15-4a60-a12c-c7170f4cffc3 req-da094f03-ebfb-4e39-b58c-5c1376a8d7c2 3f3d82fb440a4da59a93fa5966cd6cbd dabb3c9ac0c046c68e0023dd3d7e1203 - - default default] 10.0.0.19 "GET /v2.0/ports?tenant_id=dabb3c9ac0c046c68e0023dd3d7e1203&fields=id HTTP/1.1" status: 200 len: 302 time: 0.1060538
2026-05-01 02:08:51.045 10 INFO neutron.wsgi [req-07a11b11-8a15-4a60-a12c-c7170f4cffc3 req-4ec8b5e1-cc47-4958-a8b8-d8cdedc29f6d bdee89af079f4190a6e38113d83a464b 0eb0ed8e042f424abd6c9a83c4e0b0e0 - - 47cc34d411aa4a3ab8f0d3390e3f1bb0 47cc34d411aa4a3ab8f0d3390e3f1bb0] 10.0.0.19 "GET /v2.0/networks/a2531df1-cf33-49ec-828f-055f04ea51dd?fields=segments HTTP/1.1" status: 200 len: 212 time: 0.0764277
2026-05-01 02:08:51.116 9 INFO neutron.db.ovn_revision_numbers_db [None req-03670318-d68e-4681-b4ea-295d077e1f44 e030986686b24837825d7f688707c6f8 c2072fa929a74d01b0585c80889d5646 - - default default] Successfully bumped revision number for resource e6bb8928-3bdd-439a-b1f3-ff699f5f074f (type: security_groups) to 1
2026-05-01 02:08:51.132 9 INFO neutron.db.ovn_revision_numbers_db [None req-03670318-d68e-4681-b4ea-295d077e1f44 e030986686b24837825d7f688707c6f8 c2072fa929a74d01b0585c80889d5646 - - default default] Successfully bumped revision number for resource 49f2751b-9f7f-4b57-8b7f-cf16349aaeaf (type: security_group_rules) to 0
2026-05-01 02:08:51.138 10 INFO neutron.wsgi [req-07a11b11-8a15-4a60-a12c-c7170f4cffc3 req-45f6420c-239f-48b0-984c-fe005b2dac92 bdee89af079f4190a6e38113d83a464b 0eb0ed8e042f424abd6c9a83c4e0b0e0 - - 47cc34d411aa4a3ab8f0d3390e3f1bb0 47cc34d411aa4a3ab8f0d3390e3f1bb0] 10.0.0.19 "GET /v2.0/networks/a2531df1-cf33-49ec-828f-055f04ea51dd?fields=provider%3Aphysical_network&fields=provider%3Anetwork_type HTTP/1.1" status: 200 len: 277 time: 0.0857580
2026-05-01 02:08:51.146 9 INFO neutron.db.ovn_revision_numbers_db [None req-03670318-d68e-4681-b4ea-295d077e1f44 e030986686b24837825d7f688707c6f8 c2072fa929a74d01b0585c80889d5646 - - default default] Successfully bumped revision number for resource 5f2e36a0-6940-456c-965c-d223eb659814 (type: security_group_rules) to 0
2026-05-01 02:08:51.159 9 INFO neutron.db.ovn_revision_numbers_db [None req-03670318-d68e-4681-b4ea-295d077e1f44 e030986686b24837825d7f688707c6f8 c2072fa929a74d01b0585c80889d5646 - - default default] Successfully bumped revision number for resource b5344a37-65fe-4857-9d66-d789a5b96a81 (type: security_group_rules) to 0
2026-05-01 02:08:51.171 9 INFO neutron.db.ovn_revision_numbers_db [None req-03670318-d68e-4681-b4ea-295d077e1f44 e030986686b24837825d7f688707c6f8 c2072fa929a74d01b0585c80889d5646 - - default default] Successfully bumped revision number for resource e4b13d04-45f4-4e65-a194-5d91af6900d7 (type: security_group_rules) to 0
2026-05-01 02:08:51.195 9 INFO neutron.wsgi [None req-03670318-d68e-4681-b4ea-295d077e1f44 e030986686b24837825d7f688707c6f8 c2072fa929a74d01b0585c80889d5646 - - default default] 10.0.0.244 "GET /v2.0/security-groups?tenant_id=d6f04bfef0ec4be2848d616c0a918f25&name=default HTTP/1.1" status: 200 len: 2996 time: 0.4405634
2026-05-01 02:08:51.297 9 INFO neutron.wsgi [req-9aafb3c2-9588-491a-94e2-13aedf1bd7a6 req-fd915a1e-4e84-4753-ae1d-2923d40e73df 3f3d82fb440a4da59a93fa5966cd6cbd dabb3c9ac0c046c68e0023dd3d7e1203 - - default default] 10.0.0.19 "GET /v2.0/ports?device_id=07d8c5cc-9bc4-4e37-b060-3f7347b525c6 HTTP/1.1" status: 200 len: 210 time: 0.0336812
2026-05-01 02:08:51.395 9 INFO neutron.wsgi [None req-22dbe044-42e1-4780-9e3f-35a3ad9e95e7 e030986686b24837825d7f688707c6f8 c2072fa929a74d01b0585c80889d5646 - - default default] 10.0.0.244 "DELETE /v2.0/security-groups/e6bb8928-3bdd-439a-b1f3-ff699f5f074f HTTP/1.1" status: 204 len: 168 time: 0.1959848
2026-05-01 02:08:52.057 10 INFO neutron.wsgi [req-07a11b11-8a15-4a60-a12c-c7170f4cffc3 req-9dd40637-aef9-43c5-bf4e-3d02dc6ace25 3f3d82fb440a4da59a93fa5966cd6cbd dabb3c9ac0c046c68e0023dd3d7e1203 - - default default] 199.204.45.140 "GET /v2.0/networks?id=a2531df1-cf33-49ec-828f-055f04ea51dd HTTP/1.1" status: 200 len: 872 time: 0.0871873
2026-05-01 02:08:52.117 10 INFO neutron.wsgi [req-07a11b11-8a15-4a60-a12c-c7170f4cffc3 req-c78dffc2-23b1-4108-8521-2905291b869b 3f3d82fb440a4da59a93fa5966cd6cbd dabb3c9ac0c046c68e0023dd3d7e1203 - - default default] 199.204.45.140 "GET /v2.0/security-groups?fields=id&fields=name&tenant_id=dabb3c9ac0c046c68e0023dd3d7e1203 HTTP/1.1" status: 200 len: 472 time: 0.0553124
2026-05-01 02:08:52.142 10 WARNING neutron_lib.context [req-07a11b11-8a15-4a60-a12c-c7170f4cffc3 req-87e85d04-731b-4793-9545-eace6e00cea6 3f3d82fb440a4da59a93fa5966cd6cbd dabb3c9ac0c046c68e0023dd3d7e1203 - - default default] Method 'is_advsvc' is deprecated since 2023.2 release (neutron-lib 3.8.0) and will be removed once support for the old RBAC API policies will be removed from Neutron. Please use method 'is_service_role' instead.
2026-05-01 02:08:52.640 10 INFO neutron.wsgi [req-23b82c4a-265f-4fc3-8d9b-4a5238d2125d req-bddae521-c80a-40c5-98ac-c59e0c5f7d16 3f3d82fb440a4da59a93fa5966cd6cbd dabb3c9ac0c046c68e0023dd3d7e1203 - - default default] 10.0.0.19 "GET /v2.0/ports?device_id=07d8c5cc-9bc4-4e37-b060-3f7347b525c6 HTTP/1.1" status: 200 len: 210 time: 0.0209422
2026-05-01 02:08:52.848 10 WARNING neutron.scheduler.dhcp_agent_scheduler [req-07a11b11-8a15-4a60-a12c-c7170f4cffc3 req-87e85d04-731b-4793-9545-eace6e00cea6 3f3d82fb440a4da59a93fa5966cd6cbd dabb3c9ac0c046c68e0023dd3d7e1203 - - default default] No more DHCP agents
2026-05-01 02:08:52.850 10 WARNING neutron.api.rpc.agentnotifiers.dhcp_rpc_agent_api [req-07a11b11-8a15-4a60-a12c-c7170f4cffc3 req-87e85d04-731b-4793-9545-eace6e00cea6 3f3d82fb440a4da59a93fa5966cd6cbd dabb3c9ac0c046c68e0023dd3d7e1203 - - default default] Unable to schedule network a2531df1-cf33-49ec-828f-055f04ea51dd: no agents available; will retry on subsequent port and subnet creation events.
2026-05-01 02:08:53.057 10 INFO neutron.db.ovn_revision_numbers_db [req-07a11b11-8a15-4a60-a12c-c7170f4cffc3 req-87e85d04-731b-4793-9545-eace6e00cea6 3f3d82fb440a4da59a93fa5966cd6cbd dabb3c9ac0c046c68e0023dd3d7e1203 - - default default] Successfully bumped revision number for resource 55883e54-0732-43d6-965f-a62b1cde63d5 (type: ports) to 1
2026-05-01 02:08:53.090 10 INFO neutron.wsgi [req-07a11b11-8a15-4a60-a12c-c7170f4cffc3 req-87e85d04-731b-4793-9545-eace6e00cea6 3f3d82fb440a4da59a93fa5966cd6cbd dabb3c9ac0c046c68e0023dd3d7e1203 - - default default] 199.204.45.140 "POST /v2.0/ports HTTP/1.1" status: 201 len: 1201 time: 0.9547648 /var/lib/openstack/lib/python3.10/site-packages/pycadf/identifier.py:71: UserWarning: Invalid uuid: neutron. To ensure interoperability, identifiers should be a valid uuid. warnings.warn(('Invalid uuid: %s. To ensure interoperability, '
2026-05-01 02:08:53.384 10 WARNING neutron_lib.context [None req-d8bd6c10-bec4-4d43-ac7f-de2a37d104a9 2b53297ae9fd481d89965bb1ae675fb5 3c6b86c618934a1dae16c610aa01769c - - default default] Method 'is_advsvc' is deprecated since 2023.2 release (neutron-lib 3.8.0) and will be removed once support for the old RBAC API policies will be removed from Neutron. Please use method 'is_service_role' instead.
2026-05-01 02:08:53.603 10 INFO neutron.db.ovn_revision_numbers_db [None req-d8bd6c10-bec4-4d43-ac7f-de2a37d104a9 2b53297ae9fd481d89965bb1ae675fb5 3c6b86c618934a1dae16c610aa01769c - - default default] Successfully bumped revision number for resource 13c41dfb-a7ce-4a3d-b0e7-631ae40c1866 (type: security_groups) to 1
2026-05-01 02:08:53.611 10 INFO neutron.db.ovn_revision_numbers_db [req-07a11b11-8a15-4a60-a12c-c7170f4cffc3 req-df625462-ecad-4107-811d-4f3775e10ba0 bdee89af079f4190a6e38113d83a464b 0eb0ed8e042f424abd6c9a83c4e0b0e0 - - 47cc34d411aa4a3ab8f0d3390e3f1bb0 47cc34d411aa4a3ab8f0d3390e3f1bb0] Successfully bumped revision number for resource 55883e54-0732-43d6-965f-a62b1cde63d5 (type: ports) to 2
2026-05-01 02:08:53.617 10 INFO neutron.db.ovn_revision_numbers_db [None req-d8bd6c10-bec4-4d43-ac7f-de2a37d104a9 2b53297ae9fd481d89965bb1ae675fb5 3c6b86c618934a1dae16c610aa01769c - - default default] Successfully bumped revision number for resource 1f4d0a75-fd27-49dd-9781-ae448465071d (type: security_group_rules) to 0
2026-05-01 02:08:53.630 10 INFO neutron.db.ovn_revision_numbers_db [None req-d8bd6c10-bec4-4d43-ac7f-de2a37d104a9 2b53297ae9fd481d89965bb1ae675fb5 3c6b86c618934a1dae16c610aa01769c - - default default] Successfully bumped revision number for resource a775897c-4487-44ad-807e-fc6c3cb2c768 (type: security_group_rules) to 0
2026-05-01 02:08:53.648 10 INFO neutron.db.ovn_revision_numbers_db [None req-d8bd6c10-bec4-4d43-ac7f-de2a37d104a9 2b53297ae9fd481d89965bb1ae675fb5 3c6b86c618934a1dae16c610aa01769c - - default default] Successfully bumped revision number for resource e58328af-0257-405e-a180-c566bac1bde0 (type: security_group_rules) to 0
2026-05-01 02:08:53.671 10 INFO neutron.db.ovn_revision_numbers_db [None req-d8bd6c10-bec4-4d43-ac7f-de2a37d104a9 2b53297ae9fd481d89965bb1ae675fb5 3c6b86c618934a1dae16c610aa01769c - - default default] Successfully bumped revision number for resource fa165c20-e672-4e4c-874a-7c63cd63a242 (type: security_group_rules) to 0
2026-05-01 02:08:53.759 10 INFO neutron.db.segments_db [None req-d8bd6c10-bec4-4d43-ac7f-de2a37d104a9 2b53297ae9fd481d89965bb1ae675fb5 3c6b86c618934a1dae16c610aa01769c - - default default] Added segment 4f2640c8-aed5-46cb-ad7d-df6b38b2eed2 of type geneve for network 488d1e69-5fc4-4a0b-a1e2-aa227e783e11
2026-05-01 02:08:53.825 9 INFO neutron.wsgi [req-36847409-2c2e-4045-8324-671f85e41b2d req-111d73e7-fd99-4b2b-b418-e9d6fdc845bb 3f3d82fb440a4da59a93fa5966cd6cbd dabb3c9ac0c046c68e0023dd3d7e1203 - - default default] 10.0.0.19 "GET /v2.0/ports?device_id=07d8c5cc-9bc4-4e37-b060-3f7347b525c6 HTTP/1.1" status: 200 len: 1212 time: 0.1161146
2026-05-01 02:08:53.878 9 INFO neutron.wsgi [req-36847409-2c2e-4045-8324-671f85e41b2d req-fef8ef9d-0929-4a9d-9cd9-622afd1f6cd6 3f3d82fb440a4da59a93fa5966cd6cbd dabb3c9ac0c046c68e0023dd3d7e1203 - - default default] 10.0.0.19 "GET /v2.0/security-groups?id=75c26404-ee57-4158-8ddd-929f0150a2b4&id=91665093-46ab-4694-8a96-21232ba8d5ea&fields=id&fields=name HTTP/1.1" status: 200 len: 405 time: 0.0449564
2026-05-01 02:08:53.908 10 INFO neutron.db.ovn_revision_numbers_db [req-07a11b11-8a15-4a60-a12c-c7170f4cffc3 req-df625462-ecad-4107-811d-4f3775e10ba0 bdee89af079f4190a6e38113d83a464b 0eb0ed8e042f424abd6c9a83c4e0b0e0 - - 47cc34d411aa4a3ab8f0d3390e3f1bb0 47cc34d411aa4a3ab8f0d3390e3f1bb0] Successfully bumped revision number for resource 55883e54-0732-43d6-965f-a62b1cde63d5 (type: ports) to 2
2026-05-01 02:08:53.948 10 INFO neutron.wsgi [req-07a11b11-8a15-4a60-a12c-c7170f4cffc3 req-df625462-ecad-4107-811d-4f3775e10ba0 bdee89af079f4190a6e38113d83a464b 0eb0ed8e042f424abd6c9a83c4e0b0e0 - - 47cc34d411aa4a3ab8f0d3390e3f1bb0 47cc34d411aa4a3ab8f0d3390e3f1bb0] 199.204.45.140 "PUT /v2.0/ports/55883e54-0732-43d6-965f-a62b1cde63d5 HTTP/1.1" status: 200 len: 1419 time: 0.8499806
2026-05-01 02:08:53.968 10 INFO neutron.db.ovn_revision_numbers_db [None req-d8bd6c10-bec4-4d43-ac7f-de2a37d104a9 2b53297ae9fd481d89965bb1ae675fb5 3c6b86c618934a1dae16c610aa01769c - - default default] Successfully bumped revision number for resource 488d1e69-5fc4-4a0b-a1e2-aa227e783e11 (type: networks) to 1 /var/lib/openstack/lib/python3.10/site-packages/pycadf/identifier.py:71: UserWarning: Invalid uuid: neutron. To ensure interoperability, identifiers should be a valid uuid. warnings.warn(('Invalid uuid: %s. To ensure interoperability, '
2026-05-01 02:08:53.999 10 INFO neutron.notifiers.nova [-] Nova event matching ['req-5a624fc3-9c2f-4a13-ad29-3a04c915670d'] response: {'name': 'network-changed', 'server_uuid': '07d8c5cc-9bc4-4e37-b060-3f7347b525c6', 'tag': '55883e54-0732-43d6-965f-a62b1cde63d5', 'status': 'completed', 'code': 200}
2026-05-01 02:08:54.026 10 INFO neutron.wsgi [req-07a11b11-8a15-4a60-a12c-c7170f4cffc3 req-87061888-6a2f-4c32-88e1-300fc29c46f2 bdee89af079f4190a6e38113d83a464b 0eb0ed8e042f424abd6c9a83c4e0b0e0 - - 47cc34d411aa4a3ab8f0d3390e3f1bb0 47cc34d411aa4a3ab8f0d3390e3f1bb0] 199.204.45.140 "GET /v2.0/ports?tenant_id=dabb3c9ac0c046c68e0023dd3d7e1203&device_id=07d8c5cc-9bc4-4e37-b060-3f7347b525c6 HTTP/1.1" status: 200 len: 1450 time: 0.0431745
2026-05-01 02:08:54.070 10 INFO neutron.wsgi [req-07a11b11-8a15-4a60-a12c-c7170f4cffc3 req-a81d3c8b-172d-4cae-9c81-d1d9e86fff14 bdee89af079f4190a6e38113d83a464b 0eb0ed8e042f424abd6c9a83c4e0b0e0 - - 47cc34d411aa4a3ab8f0d3390e3f1bb0 47cc34d411aa4a3ab8f0d3390e3f1bb0] 199.204.45.140 "GET /v2.0/floatingips?fixed_ip_address=10.100.0.13&port_id=55883e54-0732-43d6-965f-a62b1cde63d5 HTTP/1.1" status: 200 len: 217 time: 0.0367222
2026-05-01 02:08:54.132 10 INFO neutron.wsgi [req-07a11b11-8a15-4a60-a12c-c7170f4cffc3 req-bf615d0d-a9e2-4773-8fc2-8721e7d985a7 bdee89af079f4190a6e38113d83a464b 0eb0ed8e042f424abd6c9a83c4e0b0e0 - - 47cc34d411aa4a3ab8f0d3390e3f1bb0 47cc34d411aa4a3ab8f0d3390e3f1bb0] 199.204.45.140 "GET /v2.0/subnets?id=164a00e2-6988-43d8-a009-96889ec9512f HTTP/1.1" status: 200 len: 866 time: 0.0503328
2026-05-01 02:08:54.168 10 INFO neutron.wsgi [req-07a11b11-8a15-4a60-a12c-c7170f4cffc3 req-51908b57-6b89-420f-a635-90fd2908083c bdee89af079f4190a6e38113d83a464b 0eb0ed8e042f424abd6c9a83c4e0b0e0 - - 47cc34d411aa4a3ab8f0d3390e3f1bb0 47cc34d411aa4a3ab8f0d3390e3f1bb0] 199.204.45.140 "GET /v2.0/ports?network_id=a2531df1-cf33-49ec-828f-055f04ea51dd&device_owner=network%3Adhcp HTTP/1.1" status: 200 len: 210 time: 0.0274520
2026-05-01 02:08:54.233 10 WARNING neutron.scheduler.dhcp_agent_scheduler [None req-d8bd6c10-bec4-4d43-ac7f-de2a37d104a9 2b53297ae9fd481d89965bb1ae675fb5 3c6b86c618934a1dae16c610aa01769c - - default default] No more DHCP agents
2026-05-01 02:08:54.238 10 WARNING neutron.api.rpc.agentnotifiers.dhcp_rpc_agent_api [None req-d8bd6c10-bec4-4d43-ac7f-de2a37d104a9 2b53297ae9fd481d89965bb1ae675fb5 3c6b86c618934a1dae16c610aa01769c - - default default] Unable to schedule network 488d1e69-5fc4-4a0b-a1e2-aa227e783e11: no agents available; will retry on subsequent port and subnet creation events.
2026-05-01 02:08:54.261 10 INFO neutron.wsgi [req-07a11b11-8a15-4a60-a12c-c7170f4cffc3 req-2dcdf28c-c323-4551-a756-a6049c9067e3 bdee89af079f4190a6e38113d83a464b 0eb0ed8e042f424abd6c9a83c4e0b0e0 - - 47cc34d411aa4a3ab8f0d3390e3f1bb0 47cc34d411aa4a3ab8f0d3390e3f1bb0] 199.204.45.140 "GET /v2.0/networks/a2531df1-cf33-49ec-828f-055f04ea51dd?fields=segments HTTP/1.1" status: 200 len: 212 time: 0.0830090
2026-05-01 02:08:54.364 10 INFO neutron.db.ovn_revision_numbers_db [None req-d8bd6c10-bec4-4d43-ac7f-de2a37d104a9 2b53297ae9fd481d89965bb1ae675fb5 3c6b86c618934a1dae16c610aa01769c - - default default] Successfully bumped revision number for resource 230a9bb7-ebfb-41b0-92c9-db244e23ba36 (type: ports) to 1
2026-05-01 02:08:54.369 10 INFO neutron.wsgi [req-07a11b11-8a15-4a60-a12c-c7170f4cffc3 req-8f0d2dcc-5ff5-4973-9cea-bf4e26ddd1fd bdee89af079f4190a6e38113d83a464b 0eb0ed8e042f424abd6c9a83c4e0b0e0 - - 47cc34d411aa4a3ab8f0d3390e3f1bb0 47cc34d411aa4a3ab8f0d3390e3f1bb0] 199.204.45.140 "GET /v2.0/networks/a2531df1-cf33-49ec-828f-055f04ea51dd?fields=provider%3Aphysical_network&fields=provider%3Anetwork_type HTTP/1.1" status: 200 len: 277 time: 0.0938907
2026-05-01 02:08:54.388 10 INFO neutron.wsgi [None req-d8bd6c10-bec4-4d43-ac7f-de2a37d104a9 2b53297ae9fd481d89965bb1ae675fb5 3c6b86c618934a1dae16c610aa01769c - - default default] 10.0.0.244 "POST /v2.0/networks HTTP/1.1" status: 201 len: 847 time: 1.2238944
2026-05-01 02:08:54.457 10 INFO neutron.wsgi [req-bab121ac-7cc2-4b8f-a71c-b4d170b2b7bc req-fcb029c4-692f-4469-84a1-cd8609566b4f bdee89af079f4190a6e38113d83a464b 0eb0ed8e042f424abd6c9a83c4e0b0e0 - - 47cc34d411aa4a3ab8f0d3390e3f1bb0 47cc34d411aa4a3ab8f0d3390e3f1bb0] 199.204.45.140 "GET /v2.0/ports?tenant_id=dabb3c9ac0c046c68e0023dd3d7e1203&device_id=07d8c5cc-9bc4-4e37-b060-3f7347b525c6 HTTP/1.1" status: 200 len: 1450 time: 0.0381351
2026-05-01 02:08:54.535 10 INFO neutron.wsgi [req-bab121ac-7cc2-4b8f-a71c-b4d170b2b7bc req-a52b6f70-5847-4a91-9685-61c091d95bf1 bdee89af079f4190a6e38113d83a464b 0eb0ed8e042f424abd6c9a83c4e0b0e0 - - 47cc34d411aa4a3ab8f0d3390e3f1bb0 47cc34d411aa4a3ab8f0d3390e3f1bb0] 199.204.45.140 "GET /v2.0/networks?id=a2531df1-cf33-49ec-828f-055f04ea51dd HTTP/1.1" status: 200 len: 971 time: 0.0676394
2026-05-01 02:08:54.584 10 INFO neutron.wsgi [req-bab121ac-7cc2-4b8f-a71c-b4d170b2b7bc req-ab4495c5-0d92-4a73-a053-715fd5c4bf5f bdee89af079f4190a6e38113d83a464b 0eb0ed8e042f424abd6c9a83c4e0b0e0 - - 47cc34d411aa4a3ab8f0d3390e3f1bb0 47cc34d411aa4a3ab8f0d3390e3f1bb0] 199.204.45.140 "GET /v2.0/floatingips?fixed_ip_address=10.100.0.13&port_id=55883e54-0732-43d6-965f-a62b1cde63d5 HTTP/1.1" status: 200 len: 217 time: 0.0353448
2026-05-01 02:08:54.590 9 INFO neutron.wsgi [req-0af78988-240f-42aa-8f85-f9008c495827 req-7eac7b54-a177-4796-abab-62d046003eb0 bdee89af079f4190a6e38113d83a464b 0eb0ed8e042f424abd6c9a83c4e0b0e0 - - 47cc34d411aa4a3ab8f0d3390e3f1bb0 47cc34d411aa4a3ab8f0d3390e3f1bb0] 199.204.45.140 "GET /v2.0/ports?device_id=07d8c5cc-9bc4-4e37-b060-3f7347b525c6 HTTP/1.1" status: 200 len: 1450 time: 0.0405376
2026-05-01 02:08:54.630 10 INFO neutron.wsgi [req-bab121ac-7cc2-4b8f-a71c-b4d170b2b7bc req-ba07c248-1665-4491-a3f0-d551db3ba722 bdee89af079f4190a6e38113d83a464b 0eb0ed8e042f424abd6c9a83c4e0b0e0 - - 47cc34d411aa4a3ab8f0d3390e3f1bb0 47cc34d411aa4a3ab8f0d3390e3f1bb0] 199.204.45.140 "GET /v2.0/subnets?id=164a00e2-6988-43d8-a009-96889ec9512f HTTP/1.1" status: 200 len: 866 time: 0.0389769
2026-05-01 02:08:54.639 9 INFO neutron.wsgi [req-0af78988-240f-42aa-8f85-f9008c495827 req-8f5d8a54-699a-48be-936a-b17f03d17b7a bdee89af079f4190a6e38113d83a464b 0eb0ed8e042f424abd6c9a83c4e0b0e0 - - 47cc34d411aa4a3ab8f0d3390e3f1bb0 47cc34d411aa4a3ab8f0d3390e3f1bb0] 199.204.45.140 "GET /v2.0/security-groups?id=75c26404-ee57-4158-8ddd-929f0150a2b4&id=91665093-46ab-4694-8a96-21232ba8d5ea&fields=id&fields=name HTTP/1.1" status: 200 len: 405 time: 0.0441449
2026-05-01 02:08:54.655 10 INFO neutron.wsgi [req-bab121ac-7cc2-4b8f-a71c-b4d170b2b7bc req-f050f6ec-852e-4965-aa77-d9006ea93c7a bdee89af079f4190a6e38113d83a464b 0eb0ed8e042f424abd6c9a83c4e0b0e0 - - 47cc34d411aa4a3ab8f0d3390e3f1bb0 47cc34d411aa4a3ab8f0d3390e3f1bb0] 199.204.45.140 "GET /v2.0/ports?network_id=a2531df1-cf33-49ec-828f-055f04ea51dd&device_owner=network%3Adhcp HTTP/1.1" status: 200 len: 210 time: 0.0193739
2026-05-01 02:08:54.745 9 INFO neutron.plugins.ml2.drivers.ovn.mech_driver.mech_driver [None req-f8365007-44bd-46bf-ac2c-cb7d65cf516d - - - - - -] OVN reports status up for port: 55883e54-0732-43d6-965f-a62b1cde63d5
2026-05-01 02:08:54.749 10 INFO neutron.wsgi [req-bab121ac-7cc2-4b8f-a71c-b4d170b2b7bc req-8193a8a3-bd04-4b33-a17a-02350e37693f bdee89af079f4190a6e38113d83a464b 0eb0ed8e042f424abd6c9a83c4e0b0e0 - - 47cc34d411aa4a3ab8f0d3390e3f1bb0 47cc34d411aa4a3ab8f0d3390e3f1bb0] 199.204.45.140 "GET /v2.0/networks/a2531df1-cf33-49ec-828f-055f04ea51dd?fields=segments HTTP/1.1" status: 200 len: 212 time: 0.0738771
2026-05-01 02:08:54.777 9 INFO neutron.plugins.ml2.plugin [None req-f8365007-44bd-46bf-ac2c-cb7d65cf516d - - - - - -] Attempt 1 to provision port 55883e54-0732-43d6-965f-a62b1cde63d5
2026-05-01 02:08:54.815 10 INFO neutron.wsgi [req-bab121ac-7cc2-4b8f-a71c-b4d170b2b7bc req-08efd45c-584a-47bb-aad0-69f8c4022ab3 bdee89af079f4190a6e38113d83a464b 0eb0ed8e042f424abd6c9a83c4e0b0e0 - - 47cc34d411aa4a3ab8f0d3390e3f1bb0 47cc34d411aa4a3ab8f0d3390e3f1bb0] 199.204.45.140 "GET /v2.0/networks/a2531df1-cf33-49ec-828f-055f04ea51dd?fields=provider%3Aphysical_network&fields=provider%3Anetwork_type HTTP/1.1" status: 200 len: 277 time: 0.0603349
2026-05-01 02:08:54.819 9 INFO neutron.db.ovn_revision_numbers_db [None req-22c6346a-4b7c-4263-9664-2b70f979edf6 e030986686b24837825d7f688707c6f8 c2072fa929a74d01b0585c80889d5646 - - default default] Successfully bumped revision number for resource d22ea9f5-8fb5-4243-8d0a-ccf1c743457b (type: security_groups) to 1
2026-05-01 02:08:54.844 9 INFO neutron.db.ovn_revision_numbers_db [None req-22c6346a-4b7c-4263-9664-2b70f979edf6 e030986686b24837825d7f688707c6f8 c2072fa929a74d01b0585c80889d5646 - - default default] Successfully bumped revision number for resource 395d15ce-d87b-4bf3-acf2-9956640d87c0 (type: security_group_rules) to 0
2026-05-01 02:08:54.859 9 INFO neutron.db.ovn_revision_numbers_db [None req-22c6346a-4b7c-4263-9664-2b70f979edf6 e030986686b24837825d7f688707c6f8 c2072fa929a74d01b0585c80889d5646 - - default default] Successfully bumped revision number for resource 3e660a44-a834-442a-a1cd-a6c4711ced20 (type: security_group_rules) to 0
2026-05-01 02:08:54.869 9 WARNING neutron_lib.context [None req-e3d5c3a8-13d5-49da-a28d-bf0884717deb 2b53297ae9fd481d89965bb1ae675fb5 3c6b86c618934a1dae16c610aa01769c - - default default] Method 'is_advsvc' is deprecated since 2023.2 release (neutron-lib 3.8.0) and will be removed once support for the old RBAC API policies will be removed from Neutron. Please use method 'is_service_role' instead.
2026-05-01 02:08:54.886 9 INFO neutron.db.ovn_revision_numbers_db [None req-22c6346a-4b7c-4263-9664-2b70f979edf6 e030986686b24837825d7f688707c6f8 c2072fa929a74d01b0585c80889d5646 - - default default] Successfully bumped revision number for resource a632d50b-4a59-42d4-9f09-7ec36a178215 (type: security_group_rules) to 0
2026-05-01 02:08:55.220 9 INFO neutron.db.ovn_revision_numbers_db [None req-22c6346a-4b7c-4263-9664-2b70f979edf6 e030986686b24837825d7f688707c6f8 c2072fa929a74d01b0585c80889d5646 - - default default] Successfully bumped revision number for resource e05fb29b-8c6b-411a-a8e9-6de04e41ba53 (type: security_group_rules) to 0
2026-05-01 02:08:55.236 9 INFO neutron.notifiers.nova [-] Nova event matching ['req-f840fb54-6335-4d51-957f-9e112121bef3'] response: {'server_uuid': '07d8c5cc-9bc4-4e37-b060-3f7347b525c6', 'name': 'network-vif-plugged', 'status': 'completed', 'tag': '55883e54-0732-43d6-965f-a62b1cde63d5', 'code': 200}
2026-05-01 02:08:55.274 9 INFO neutron.wsgi [req-c07883c6-ff4f-4a78-a9c4-c5c05405c087 req-358dfb76-3be1-4ada-9269-99dd6bbd412a 3f3d82fb440a4da59a93fa5966cd6cbd dabb3c9ac0c046c68e0023dd3d7e1203 - - default default] 10.0.0.19 "GET /v2.0/ports?device_id=07d8c5cc-9bc4-4e37-b060-3f7347b525c6 HTTP/1.1" status: 200 len: 1212 time: 0.0724535
2026-05-01 02:08:55.283 9 INFO neutron.wsgi [None req-22c6346a-4b7c-4263-9664-2b70f979edf6 e030986686b24837825d7f688707c6f8 c2072fa929a74d01b0585c80889d5646 - - default default] 10.0.0.244 "GET /v2.0/security-groups?tenant_id=e1f92836b8764047a38ace967bc64439&name=default HTTP/1.1" status: 200 len: 2996 time: 0.7756867
2026-05-01 02:08:55.559 10 INFO neutron.wsgi [None req-2b437318-69da-43b5-8eb4-d7ef38a81487 e030986686b24837825d7f688707c6f8 c2072fa929a74d01b0585c80889d5646 - - default default] 10.0.0.244 "DELETE /v2.0/security-groups/d22ea9f5-8fb5-4243-8d0a-ccf1c743457b HTTP/1.1" status: 204 len: 168 time: 0.2672358
2026-05-01 02:08:55.572 9 INFO neutron.wsgi [req-c07883c6-ff4f-4a78-a9c4-c5c05405c087 req-ca3a7e0e-7c79-4503-a860-a587e805cd74 3f3d82fb440a4da59a93fa5966cd6cbd dabb3c9ac0c046c68e0023dd3d7e1203 - - default default] 10.0.0.19 "GET /v2.0/security-groups?id=75c26404-ee57-4158-8ddd-929f0150a2b4&id=91665093-46ab-4694-8a96-21232ba8d5ea&fields=id&fields=name HTTP/1.1" status: 200 len: 405 time: 0.2851598
2026-05-01 02:08:55.724 9 INFO neutron.db.ovn_revision_numbers_db [None req-f8365007-44bd-46bf-ac2c-cb7d65cf516d - - - - - -] Successfully bumped revision number for resource 55883e54-0732-43d6-965f-a62b1cde63d5 (type: ports) to 4
2026-05-01 02:08:55.741 9 WARNING neutron.scheduler.dhcp_agent_scheduler [None req-e3d5c3a8-13d5-49da-a28d-bf0884717deb 2b53297ae9fd481d89965bb1ae675fb5 3c6b86c618934a1dae16c610aa01769c - - default default] No more DHCP agents
2026-05-01 02:08:55.764 9 WARNING neutron.api.rpc.agentnotifiers.dhcp_rpc_agent_api [None req-e3d5c3a8-13d5-49da-a28d-bf0884717deb 2b53297ae9fd481d89965bb1ae675fb5 3c6b86c618934a1dae16c610aa01769c - - default default] Unable to schedule network 488d1e69-5fc4-4a0b-a1e2-aa227e783e11: no agents available; will retry on subsequent port and subnet creation events.
2026-05-01 02:08:55.783 10 INFO neutron.db.ovn_revision_numbers_db [None req-c5ce6d32-5fb3-4244-92d4-6058884a3f0c e030986686b24837825d7f688707c6f8 c2072fa929a74d01b0585c80889d5646 - - default default] Successfully bumped revision number for resource 599de7a6-a641-48eb-a25d-3e8234fc53e7 (type: security_groups) to 1
2026-05-01 02:08:55.801 10 INFO neutron.db.ovn_revision_numbers_db [None req-c5ce6d32-5fb3-4244-92d4-6058884a3f0c e030986686b24837825d7f688707c6f8 c2072fa929a74d01b0585c80889d5646 - - default default] Successfully bumped revision number for resource 5482088a-615d-4c7f-a213-8b6ed7424714 (type: security_group_rules) to 0
2026-05-01 02:08:55.808 9 INFO neutron.db.ovn_revision_numbers_db [None req-e3d5c3a8-13d5-49da-a28d-bf0884717deb 2b53297ae9fd481d89965bb1ae675fb5 3c6b86c618934a1dae16c610aa01769c - - default default] Successfully bumped revision number for resource f244ce4c-b7d4-4e5e-8f71-0d92954bfe33 (type: subnets) to 0
2026-05-01 02:08:55.819 10 INFO neutron.db.ovn_revision_numbers_db [None req-c5ce6d32-5fb3-4244-92d4-6058884a3f0c e030986686b24837825d7f688707c6f8 c2072fa929a74d01b0585c80889d5646 - - default default] Successfully bumped revision number for resource 79a6cb29-ec03-4865-8d93-9df093fd02a3 (type: security_group_rules) to 0
2026-05-01 02:08:55.826 9 INFO neutron.wsgi [None req-e3d5c3a8-13d5-49da-a28d-bf0884717deb 2b53297ae9fd481d89965bb1ae675fb5 3c6b86c618934a1dae16c610aa01769c - - default default] 10.0.0.244 "POST /v2.0/subnets HTTP/1.1" status: 201 len: 848 time: 0.9616411 /var/lib/openstack/lib/python3.10/site-packages/pycadf/identifier.py:71: UserWarning: Invalid uuid: neutron. To ensure interoperability, identifiers should be a valid uuid. warnings.warn(('Invalid uuid: %s. To ensure interoperability, '
2026-05-01 02:08:55.837 10 INFO neutron.db.ovn_revision_numbers_db [None req-c5ce6d32-5fb3-4244-92d4-6058884a3f0c e030986686b24837825d7f688707c6f8 c2072fa929a74d01b0585c80889d5646 - - default default] Successfully bumped revision number for resource aaca319e-d8f8-4b4f-a90d-ee61cda2a3e9 (type: security_group_rules) to 0
2026-05-01 02:08:55.837 9 WARNING neutron_lib.context [None req-2fecb40d-bde7-48af-8b9c-b4456c609c3c 2b53297ae9fd481d89965bb1ae675fb5 3c6b86c618934a1dae16c610aa01769c - - default default] Method 'is_advsvc' is deprecated since 2023.2 release (neutron-lib 3.8.0) and will be removed once support for the old RBAC API policies will be removed from Neutron. Please use method 'is_service_role' instead.
2026-05-01 02:08:55.856 10 INFO neutron.db.ovn_revision_numbers_db [None req-c5ce6d32-5fb3-4244-92d4-6058884a3f0c e030986686b24837825d7f688707c6f8 c2072fa929a74d01b0585c80889d5646 - - default default] Successfully bumped revision number for resource ab9d4ef2-0aa9-4471-8a3e-bdcff715a8ea (type: security_group_rules) to 0
2026-05-01 02:08:55.882 10 INFO neutron.wsgi [None req-c5ce6d32-5fb3-4244-92d4-6058884a3f0c e030986686b24837825d7f688707c6f8 c2072fa929a74d01b0585c80889d5646 - - default default] 10.0.0.244 "GET /v2.0/security-groups?tenant_id=327ae7e9dbb549f7b016463dff4033ba&name=default HTTP/1.1" status: 200 len: 2996 time: 0.2309446
2026-05-01 02:08:55.905 10 WARNING neutron.plugins.ml2.drivers.ovn.mech_driver.ovsdb.ovn_client [None req-baefa63a-eed7-45ab-ae84-ad67a725750a - - - - - -] No hosting information found for port 5484129a-9b82-4473-941d-d10a76c48d93: RuntimeError: No hosting information found for port 5484129a-9b82-4473-941d-d10a76c48d93
2026-05-01 02:08:55.920 9 INFO neutron.db.segments_db [None req-2fecb40d-bde7-48af-8b9c-b4456c609c3c 2b53297ae9fd481d89965bb1ae675fb5 3c6b86c618934a1dae16c610aa01769c - - default default] Added segment 6591550b-8002-4bae-9357-3037be4521ab of type geneve for network e20617aa-f22f-478e-b981-8557de1d7926
2026-05-01 02:08:56.083 9 INFO neutron.db.ovn_revision_numbers_db [None req-2fecb40d-bde7-48af-8b9c-b4456c609c3c 2b53297ae9fd481d89965bb1ae675fb5 3c6b86c618934a1dae16c610aa01769c - - default default] Successfully bumped revision number for resource e20617aa-f22f-478e-b981-8557de1d7926 (type: networks) to 1
2026-05-01 02:08:56.201 9 INFO neutron.wsgi [None req-bcfed094-ae36-466c-8b27-9e4fae70d779 e030986686b24837825d7f688707c6f8 c2072fa929a74d01b0585c80889d5646 - - default default] 10.0.0.244 "DELETE /v2.0/security-groups/599de7a6-a641-48eb-a25d-3e8234fc53e7 HTTP/1.1" status: 204 len: 168 time: 0.3122032
2026-05-01 02:08:56.257 9 WARNING neutron.scheduler.dhcp_agent_scheduler [None req-2fecb40d-bde7-48af-8b9c-b4456c609c3c 2b53297ae9fd481d89965bb1ae675fb5 3c6b86c618934a1dae16c610aa01769c - - default default] No more DHCP agents
2026-05-01 02:08:56.259 9 WARNING neutron.api.rpc.agentnotifiers.dhcp_rpc_agent_api [None req-2fecb40d-bde7-48af-8b9c-b4456c609c3c 2b53297ae9fd481d89965bb1ae675fb5 3c6b86c618934a1dae16c610aa01769c - - default default] Unable to schedule network e20617aa-f22f-478e-b981-8557de1d7926: no agents available; will retry on subsequent port and subnet creation events.
2026-05-01 02:08:56.349 9 INFO neutron.db.ovn_revision_numbers_db [None req-2fecb40d-bde7-48af-8b9c-b4456c609c3c 2b53297ae9fd481d89965bb1ae675fb5 3c6b86c618934a1dae16c610aa01769c - - default default] Successfully bumped revision number for resource 99edf890-5899-414d-bedd-434589bd752c (type: ports) to 1
2026-05-01 02:08:56.378 9 INFO neutron.wsgi [None req-2fecb40d-bde7-48af-8b9c-b4456c609c3c 2b53297ae9fd481d89965bb1ae675fb5 3c6b86c618934a1dae16c610aa01769c - - default default] 10.0.0.244 "POST /v2.0/networks HTTP/1.1" status: 201 len: 845 time: 0.5458040
2026-05-01 02:08:56.588 9 INFO neutron.db.ovn_revision_numbers_db [None req-f0ee4375-8e6e-45e9-918b-fcb0bff40095 2b53297ae9fd481d89965bb1ae675fb5 3c6b86c618934a1dae16c610aa01769c - - default default] Successfully bumped revision number for resource e20617aa-f22f-478e-b981-8557de1d7926 (type: networks) to 2
2026-05-01 02:08:56.594 9 INFO neutron.wsgi [None req-f0ee4375-8e6e-45e9-918b-fcb0bff40095 2b53297ae9fd481d89965bb1ae675fb5 3c6b86c618934a1dae16c610aa01769c - - default default] 10.0.0.244 "PUT /v2.0/networks/e20617aa-f22f-478e-b981-8557de1d7926 HTTP/1.1" status: 200 len: 792 time: 0.2100449
2026-05-01 02:08:56.604 9 WARNING neutron_lib.context [None req-bf99f9aa-448e-4763-a99a-ffae186488f8 2b53297ae9fd481d89965bb1ae675fb5 3c6b86c618934a1dae16c610aa01769c - - default default] Method 'is_advsvc' is deprecated since 2023.2 release (neutron-lib 3.8.0) and will be removed once support for the old RBAC API policies will be removed from Neutron. Please use method 'is_service_role' instead.
2026-05-01 02:08:56.752 10 INFO neutron.wsgi [req-abfe42cf-4a6d-425a-bd86-c0d028122222 req-f98e0498-f9eb-4341-916d-575ba24a4457 3f3d82fb440a4da59a93fa5966cd6cbd dabb3c9ac0c046c68e0023dd3d7e1203 - - default default] 10.0.0.19 "GET /v2.0/ports?device_id=07d8c5cc-9bc4-4e37-b060-3f7347b525c6 HTTP/1.1" status: 200 len: 1214 time: 0.1034150
2026-05-01 02:08:56.808 10 INFO neutron.wsgi [req-abfe42cf-4a6d-425a-bd86-c0d028122222 req-cd541210-e384-4f39-bdf0-ee8e094660ae 3f3d82fb440a4da59a93fa5966cd6cbd dabb3c9ac0c046c68e0023dd3d7e1203 - - default default] 10.0.0.19 "GET /v2.0/security-groups?id=75c26404-ee57-4158-8ddd-929f0150a2b4&id=91665093-46ab-4694-8a96-21232ba8d5ea&fields=id&fields=name HTTP/1.1" status: 200 len: 405 time: 0.0489521
2026-05-01 02:08:56.865 9 WARNING neutron.scheduler.dhcp_agent_scheduler [None req-bf99f9aa-448e-4763-a99a-ffae186488f8 2b53297ae9fd481d89965bb1ae675fb5 3c6b86c618934a1dae16c610aa01769c - - default default] No more DHCP agents
2026-05-01 02:08:56.867 9 WARNING neutron.api.rpc.agentnotifiers.dhcp_rpc_agent_api [None req-bf99f9aa-448e-4763-a99a-ffae186488f8 2b53297ae9fd481d89965bb1ae675fb5 3c6b86c618934a1dae16c610aa01769c - - default default] Unable to schedule network e20617aa-f22f-478e-b981-8557de1d7926: no agents available; will retry on subsequent port and subnet creation events.
2026-05-01 02:08:56.928 9 INFO neutron.db.ovn_revision_numbers_db [None req-bf99f9aa-448e-4763-a99a-ffae186488f8 2b53297ae9fd481d89965bb1ae675fb5 3c6b86c618934a1dae16c610aa01769c - - default default] Successfully bumped revision number for resource 08320d59-0e82-496b-bc31-fc666bf936c3 (type: subnets) to 0
2026-05-01 02:08:56.947 9 INFO neutron.wsgi [req-94fd8e6f-c310-4ec4-b93c-92f3fa5f38af req-840e355a-6d27-4abf-a78a-1d24daa52495 3f3d82fb440a4da59a93fa5966cd6cbd dabb3c9ac0c046c68e0023dd3d7e1203 - - default default] 10.0.0.19 "GET /v2.0/ports?device_id=07d8c5cc-9bc4-4e37-b060-3f7347b525c6 HTTP/1.1" status: 200 len: 1214 time: 0.0566969
2026-05-01 02:08:56.954 9 INFO neutron.wsgi [None req-bf99f9aa-448e-4763-a99a-ffae186488f8 2b53297ae9fd481d89965bb1ae675fb5 3c6b86c618934a1dae16c610aa01769c - - default default] 10.0.0.244 "POST /v2.0/subnets HTTP/1.1" status: 201 len: 821 time: 0.3551753
2026-05-01 02:08:57.224 10 INFO neutron.db.l3_db [None req-32636454-e682-4145-81fe-3b3b20d397b7 3f3d82fb440a4da59a93fa5966cd6cbd dabb3c9ac0c046c68e0023dd3d7e1203 - - default default] Floating IP 1890ae8d-db74-4bd0-aa84-57b5c19fd3ab associated. External IP: 10.96.250.219, port: 55883e54-0732-43d6-965f-a62b1cde63d5.
2026-05-01 02:08:57.280 9 INFO neutron.notifiers.nova [-] Nova event matching ['req-f12dc8af-4f43-4102-923b-70b728aa292c'] response: {'server_uuid': '07d8c5cc-9bc4-4e37-b060-3f7347b525c6', 'name': 'network-vif-plugged', 'status': 'completed', 'tag': '55883e54-0732-43d6-965f-a62b1cde63d5', 'code': 200}
2026-05-01 02:08:57.319 9 INFO neutron.db.ovn_revision_numbers_db [None req-69b16fbe-ca1a-49d5-b6d0-0f149972f0e4 e030986686b24837825d7f688707c6f8 c2072fa929a74d01b0585c80889d5646 - - default default] Successfully bumped revision number for resource 36c76aba-21db-4df7-b679-fc207f4cd46d (type: security_groups) to 1
2026-05-01 02:08:57.351 9 INFO neutron.db.ovn_revision_numbers_db [None req-69b16fbe-ca1a-49d5-b6d0-0f149972f0e4 e030986686b24837825d7f688707c6f8 c2072fa929a74d01b0585c80889d5646 - - default default] Successfully bumped revision number for resource 096ee3d2-3ac9-4287-b16c-242b9c967487 (type: security_group_rules) to 0
2026-05-01 02:08:57.376 9 INFO neutron.db.ovn_revision_numbers_db [None req-69b16fbe-ca1a-49d5-b6d0-0f149972f0e4 e030986686b24837825d7f688707c6f8 c2072fa929a74d01b0585c80889d5646 - - default default] Successfully bumped revision number for resource 37885d76-0fa4-416f-98be-421b410515ed (type: security_group_rules) to 0
2026-05-01 02:08:57.405 9 INFO neutron.db.ovn_revision_numbers_db [None req-69b16fbe-ca1a-49d5-b6d0-0f149972f0e4 e030986686b24837825d7f688707c6f8 c2072fa929a74d01b0585c80889d5646 - - default default] Successfully bumped revision number for resource 869d4899-afa8-46a2-a4fd-e5b0db14e335 (type: security_group_rules) to 0
2026-05-01 02:08:57.427 9 INFO neutron.db.ovn_revision_numbers_db [None req-69b16fbe-ca1a-49d5-b6d0-0f149972f0e4 e030986686b24837825d7f688707c6f8 c2072fa929a74d01b0585c80889d5646 - - default default] Successfully bumped revision number for resource 95a8019d-0489-45a2-918e-7c39461c7b03 (type: security_group_rules) to 0
2026-05-01 02:08:57.457 9 INFO neutron.wsgi [None req-69b16fbe-ca1a-49d5-b6d0-0f149972f0e4 e030986686b24837825d7f688707c6f8 c2072fa929a74d01b0585c80889d5646 - - default default] 10.0.0.244 "GET /v2.0/security-groups?tenant_id=41b84bed888f42e686713b993b3e0311&name=default HTTP/1.1" status: 200 len: 2996 time: 0.4216201
2026-05-01 02:08:57.735 9 INFO neutron.wsgi [None req-e538d6c6-affb-47f4-917f-666e9135fe3e e030986686b24837825d7f688707c6f8 c2072fa929a74d01b0585c80889d5646 - - default default] 10.0.0.244 "DELETE /v2.0/security-groups/36c76aba-21db-4df7-b679-fc207f4cd46d HTTP/1.1" status: 204 len: 168 time: 0.2686014
2026-05-01 02:08:57.772 9 INFO neutron.db.ovn_revision_numbers_db [None req-8d518d7b-1b42-47f9-863a-3ecb62e7f8ae 2b53297ae9fd481d89965bb1ae675fb5 3c6b86c618934a1dae16c610aa01769c - - default default] Successfully bumped revision number for resource 99edf890-5899-414d-bedd-434589bd752c (type: ports) to 2
2026-05-01 02:08:57.817 9 INFO neutron.db.ovn_revision_numbers_db [None req-8d518d7b-1b42-47f9-863a-3ecb62e7f8ae 2b53297ae9fd481d89965bb1ae675fb5 3c6b86c618934a1dae16c610aa01769c - - default default] Successfully bumped revision number for resource 08320d59-0e82-496b-bc31-fc666bf936c3 (type: subnets) to 1
2026-05-01 02:08:57.821 9 INFO neutron.wsgi [None req-8d518d7b-1b42-47f9-863a-3ecb62e7f8ae 2b53297ae9fd481d89965bb1ae675fb5 3c6b86c618934a1dae16c610aa01769c - - default default] 10.0.0.244 "PUT /v2.0/subnets/08320d59-0e82-496b-bc31-fc666bf936c3 HTTP/1.1" status: 200 len: 826 time: 0.8589742
2026-05-01 02:08:57.864 10 INFO neutron.db.ovn_revision_numbers_db [None req-32636454-e682-4145-81fe-3b3b20d397b7 3f3d82fb440a4da59a93fa5966cd6cbd dabb3c9ac0c046c68e0023dd3d7e1203 - - default default] Successfully bumped revision number for resource 1890ae8d-db74-4bd0-aa84-57b5c19fd3ab (type: floatingips) to 1
2026-05-01 02:08:58.001 10 INFO neutron.db.ovn_revision_numbers_db [None req-32636454-e682-4145-81fe-3b3b20d397b7 3f3d82fb440a4da59a93fa5966cd6cbd dabb3c9ac0c046c68e0023dd3d7e1203 - - default default] Successfully bumped revision number for resource 1890ae8d-db74-4bd0-aa84-57b5c19fd3ab (type: floatingips) to 2
2026-05-01 02:08:58.045 10 INFO neutron.wsgi [None req-32636454-e682-4145-81fe-3b3b20d397b7 3f3d82fb440a4da59a93fa5966cd6cbd dabb3c9ac0c046c68e0023dd3d7e1203 - - default default] 10.0.0.244 "PUT /v2.0/floatingips/1890ae8d-db74-4bd0-aa84-57b5c19fd3ab HTTP/1.1" status: 200 len: 1050 time: 1.0803969
2026-05-01 02:08:58.094 10 INFO neutron.notifiers.nova [-] Nova event matching ['req-5d85ba3a-2258-4dd7-97e3-73af67e4df1f'] response: {'name': 'network-changed', 'server_uuid': '07d8c5cc-9bc4-4e37-b060-3f7347b525c6', 'tag': '55883e54-0732-43d6-965f-a62b1cde63d5', 'status': 'completed', 'code': 200} /var/lib/openstack/lib/python3.10/site-packages/pycadf/identifier.py:71: UserWarning: Invalid uuid: neutron. To ensure interoperability, identifiers should be a valid uuid. warnings.warn(('Invalid uuid: %s. To ensure interoperability, '
2026-05-01 02:08:58.172 10 INFO neutron.wsgi [req-6b01fb81-66b2-4556-92e7-b23675b2afe6 req-2d10d1cf-7309-4ba9-b77b-c638982ca4e1 bdee89af079f4190a6e38113d83a464b 0eb0ed8e042f424abd6c9a83c4e0b0e0 - - 47cc34d411aa4a3ab8f0d3390e3f1bb0 47cc34d411aa4a3ab8f0d3390e3f1bb0] 199.204.45.140 "GET /v2.0/ports?tenant_id=dabb3c9ac0c046c68e0023dd3d7e1203&device_id=07d8c5cc-9bc4-4e37-b060-3f7347b525c6 HTTP/1.1" status: 200 len: 1452 time: 0.0513153
2026-05-01 02:08:58.257 10 INFO neutron.wsgi [req-6b01fb81-66b2-4556-92e7-b23675b2afe6 req-7897ecef-9d8c-45c7-a856-27663cfd1c31 bdee89af079f4190a6e38113d83a464b 0eb0ed8e042f424abd6c9a83c4e0b0e0 - - 47cc34d411aa4a3ab8f0d3390e3f1bb0 47cc34d411aa4a3ab8f0d3390e3f1bb0] 199.204.45.140 "GET /v2.0/networks?id=a2531df1-cf33-49ec-828f-055f04ea51dd HTTP/1.1" status: 200 len: 971 time: 0.0765555
2026-05-01 02:08:58.314 10 INFO neutron.wsgi [req-6b01fb81-66b2-4556-92e7-b23675b2afe6 req-dd6ac786-195a-4366-bbc4-106771cfef78 bdee89af079f4190a6e38113d83a464b 0eb0ed8e042f424abd6c9a83c4e0b0e0 - - 47cc34d411aa4a3ab8f0d3390e3f1bb0 47cc34d411aa4a3ab8f0d3390e3f1bb0] 199.204.45.140 "GET /v2.0/floatingips?fixed_ip_address=10.100.0.13&port_id=55883e54-0732-43d6-965f-a62b1cde63d5 HTTP/1.1" status: 200 len: 1060 time: 0.0510592
2026-05-01 02:08:58.354 9 INFO neutron.services.segments.plugin [-] Segment 6591550b-8002-4bae-9357-3037be4521ab resource provider aggregate not found
2026-05-01 02:08:58.361 10 INFO neutron.wsgi [req-6b01fb81-66b2-4556-92e7-b23675b2afe6 req-579747d0-0215-4f36-845b-736d16cfb6ad bdee89af079f4190a6e38113d83a464b 0eb0ed8e042f424abd6c9a83c4e0b0e0 - - 47cc34d411aa4a3ab8f0d3390e3f1bb0 47cc34d411aa4a3ab8f0d3390e3f1bb0] 199.204.45.140 "GET /v2.0/subnets?id=164a00e2-6988-43d8-a009-96889ec9512f HTTP/1.1" status: 200 len: 866 time: 0.0373724
2026-05-01 02:08:58.362 9 INFO neutron.services.segments.plugin [-] Segment 6591550b-8002-4bae-9357-3037be4521ab resource provider aggregate not found
2026-05-01 02:08:58.377 9 INFO neutron.services.segments.plugin [-] Segment 6591550b-8002-4bae-9357-3037be4521ab resource provider not found; error: Placement Client Error (4xx): {"errors": [{"status": 404, "title": "Not Found", "detail": "The resource could not be found.\n\n No resource provider with uuid 6591550b-8002-4bae-9357-3037be4521ab found for delete ", "request_id": "req-51811e87-c7fb-4bbc-8305-f31987317cc5"}]}
2026-05-01 02:08:58.377 9 INFO neutron.services.segments.plugin [-] Segment 6591550b-8002-4bae-9357-3037be4521ab resource provider not found; error: Placement Client Error (4xx): {"errors": [{"status": 404, "title": "Not Found", "detail": "The resource could not be found.\n\n No resource provider with uuid 6591550b-8002-4bae-9357-3037be4521ab found for delete ", "request_id": "req-07f01925-01bc-4052-9a71-7e828cb327c8"}]}
2026-05-01 02:08:58.393 10 INFO neutron.wsgi [req-6b01fb81-66b2-4556-92e7-b23675b2afe6 req-a7b71dba-340b-4f85-8454-a8c16a81813a bdee89af079f4190a6e38113d83a464b 0eb0ed8e042f424abd6c9a83c4e0b0e0 - - 47cc34d411aa4a3ab8f0d3390e3f1bb0 47cc34d411aa4a3ab8f0d3390e3f1bb0] 199.204.45.140 "GET /v2.0/ports?network_id=a2531df1-cf33-49ec-828f-055f04ea51dd&device_owner=network%3Adhcp HTTP/1.1" status: 200 len: 210 time: 0.0228696
2026-05-01 02:08:58.403 9 INFO neutron.wsgi [None req-8860a6fa-6bfa-4689-adb3-1796e17a84e2 2b53297ae9fd481d89965bb1ae675fb5 3c6b86c618934a1dae16c610aa01769c - - default default] 10.0.0.244 "DELETE /v2.0/networks/e20617aa-f22f-478e-b981-8557de1d7926 HTTP/1.1" status: 204 len: 168 time: 0.5723190
2026-05-01 02:08:58.421 9 INFO neutron.pecan_wsgi.hooks.translation [None req-87975fd9-53dd-4d72-9b03-b7b4c664c3c7 2b53297ae9fd481d89965bb1ae675fb5 3c6b86c618934a1dae16c610aa01769c - - default default] DELETE failed (client error): The resource could not be found.
2026-05-01 02:08:58.423 9 INFO neutron.wsgi [None req-87975fd9-53dd-4d72-9b03-b7b4c664c3c7 2b53297ae9fd481d89965bb1ae675fb5 3c6b86c618934a1dae16c610aa01769c - - default default] 10.0.0.244 "DELETE /v2.0/networks/e20617aa-f22f-478e-b981-8557de1d7926 HTTP/1.1" status: 404 len: 339 time: 0.0130095
2026-05-01 02:08:58.468 10 INFO neutron.wsgi [req-6b01fb81-66b2-4556-92e7-b23675b2afe6 req-0b40378f-b415-48bb-a8e0-c02aaf22f605 bdee89af079f4190a6e38113d83a464b 0eb0ed8e042f424abd6c9a83c4e0b0e0 - - 47cc34d411aa4a3ab8f0d3390e3f1bb0 47cc34d411aa4a3ab8f0d3390e3f1bb0] 199.204.45.140 "GET /v2.0/networks/a2531df1-cf33-49ec-828f-055f04ea51dd?fields=segments HTTP/1.1" status: 200 len: 212 time: 0.0679336
2026-05-01 02:08:58.552 10 INFO neutron.wsgi [req-6b01fb81-66b2-4556-92e7-b23675b2afe6 req-980d2d64-1b8f-41c8-a70b-7e525f5bde39 bdee89af079f4190a6e38113d83a464b 0eb0ed8e042f424abd6c9a83c4e0b0e0 - - 47cc34d411aa4a3ab8f0d3390e3f1bb0 47cc34d411aa4a3ab8f0d3390e3f1bb0] 199.204.45.140 "GET /v2.0/networks/a2531df1-cf33-49ec-828f-055f04ea51dd?fields=provider%3Aphysical_network&fields=provider%3Anetwork_type HTTP/1.1" status: 200 len: 277 time: 0.0763111
2026-05-01 02:08:58.566 9 INFO neutron.wsgi [None req-8bce0c85-69ea-4032-a9ce-ac6bf416ea83 2b53297ae9fd481d89965bb1ae675fb5 3c6b86c618934a1dae16c610aa01769c - - default default] 10.0.0.244 "GET /v2.0/networks?router%3Aexternal=True HTTP/1.1" status: 200 len: 845 time: 0.1302793
2026-05-01 02:08:58.617 9 INFO neutron.wsgi [None req-0491a692-a432-41ed-90cd-17df4b8f6a5a 2b53297ae9fd481d89965bb1ae675fb5 3c6b86c618934a1dae16c610aa01769c - - default default] 10.0.0.244 "GET /v2.0/subnets?network_id=313972ae-5aa1-4963-9770-91655d741c19 HTTP/1.1" status: 200 len: 820 time: 0.0473025
2026-05-01 02:08:58.627 9 INFO neutron.wsgi [None req-a07735cc-8830-4f22-bc2e-9fd20727cad8 2b53297ae9fd481d89965bb1ae675fb5 3c6b86c618934a1dae16c610aa01769c - - default default] 10.0.0.244 "GET /v2.0/extensions HTTP/1.1" status: 200 len: 16975 time: 0.0065279
2026-05-01 02:08:58.974 9 INFO neutron.wsgi [None req-b0481624-e76d-49e2-a837-ebf54e63507a 2b53297ae9fd481d89965bb1ae675fb5 3c6b86c618934a1dae16c610aa01769c - - default default] 10.0.0.244 "GET /v2.0/networks HTTP/1.1" status: 200 len: 1508 time: 0.3401086
2026-05-01 02:08:59.034 9 INFO neutron.wsgi [None req-9c9113f6-f8f4-435f-83b9-12a344fb1dbe 2b53297ae9fd481d89965bb1ae675fb5 3c6b86c618934a1dae16c610aa01769c - - default default] 10.0.0.244 "GET /v2.0/subnets HTTP/1.1" status: 200 len: 1460 time: 0.0517313
2026-05-01 02:08:59.124 10 INFO neutron.wsgi [None req-c16c8c82-0fc4-438d-ac80-4176d8371d0e 2b53297ae9fd481d89965bb1ae675fb5 3c6b86c618934a1dae16c610aa01769c - - default default] 10.0.0.244 "GET /v2.0/networks/488d1e69-5fc4-4a0b-a1e2-aa227e783e11 HTTP/1.1" status: 200 len: 867 time: 0.0829334
2026-05-01 02:08:59.175 10 INFO neutron.wsgi [None req-6609ed25-8069-43b5-bf44-47fdce1b37b8 2b53297ae9fd481d89965bb1ae675fb5 3c6b86c618934a1dae16c610aa01769c - - default default] 10.0.0.244 "GET /v2.0/subnets/f244ce4c-b7d4-4e5e-8f71-0d92954bfe33 HTTP/1.1" status: 200 len: 843 time: 0.0465429
2026-05-01 02:08:59.197 10 INFO neutron.pecan_wsgi.hooks.translation [None req-281e0180-c027-4691-a218-864b2821210d 2b53297ae9fd481d89965bb1ae675fb5 3c6b86c618934a1dae16c610aa01769c - - default default] DELETE failed (client error): The resource could not be found.
2026-05-01 02:08:59.199 10 INFO neutron.wsgi [None req-281e0180-c027-4691-a218-864b2821210d 2b53297ae9fd481d89965bb1ae675fb5 3c6b86c618934a1dae16c610aa01769c - - default default] 10.0.0.244 "DELETE /v2.0/subnets/08320d59-0e82-496b-bc31-fc666bf936c3 HTTP/1.1" status: 404 len: 337 time: 0.0190070
2026-05-01 02:08:59.217 10 INFO neutron.pecan_wsgi.hooks.translation [None req-15c340ac-4fee-46d3-92bf-fbf8a0511cb3 2b53297ae9fd481d89965bb1ae675fb5 3c6b86c618934a1dae16c610aa01769c - - default default] DELETE failed (client error): The resource could not be found.
2026-05-01 02:08:59.220 10 INFO neutron.wsgi [None req-15c340ac-4fee-46d3-92bf-fbf8a0511cb3 2b53297ae9fd481d89965bb1ae675fb5 3c6b86c618934a1dae16c610aa01769c - - default default] 10.0.0.244 "DELETE /v2.0/networks/e20617aa-f22f-478e-b981-8557de1d7926 HTTP/1.1" status: 404 len: 339 time: 0.0167077
2026-05-01 02:08:59.447 10 INFO neutron.wsgi [None req-bfe8f4e0-959c-4c90-8be7-fdd82774fa7c 2b53297ae9fd481d89965bb1ae675fb5 3c6b86c618934a1dae16c610aa01769c - - default default] 10.0.0.244 "DELETE /v2.0/subnets/f244ce4c-b7d4-4e5e-8f71-0d92954bfe33 HTTP/1.1" status: 204 len: 168 time: 0.2230856
2026-05-01 02:08:59.820 9 INFO neutron.wsgi [None req-663a0556-989f-4ebb-a4af-12bee2658ba9 2b53297ae9fd481d89965bb1ae675fb5 3c6b86c618934a1dae16c610aa01769c - - default default] 10.0.0.244 "DELETE /v2.0/networks/488d1e69-5fc4-4a0b-a1e2-aa227e783e11 HTTP/1.1" status: 204 len: 168 time: 0.3683729
2026-05-01 02:09:00.052 10 INFO neutron.db.ovn_revision_numbers_db [None req-126b36dc-88d3-4e69-b763-347b489c9ac6 e030986686b24837825d7f688707c6f8 c2072fa929a74d01b0585c80889d5646 - - default default] Successfully bumped revision number for resource 9bb0edbe-f7db-4c6c-95a5-961ef4153334 (type: security_groups) to 1
2026-05-01 02:09:00.083 10 INFO neutron.db.ovn_revision_numbers_db [None req-126b36dc-88d3-4e69-b763-347b489c9ac6 e030986686b24837825d7f688707c6f8 c2072fa929a74d01b0585c80889d5646 - - default default] Successfully bumped revision number for resource 0a985ec6-27f8-43d5-8b6f-b258fc23f95c (type: security_group_rules) to 0
2026-05-01 02:09:00.097 10 INFO neutron.db.ovn_revision_numbers_db [None req-126b36dc-88d3-4e69-b763-347b489c9ac6 e030986686b24837825d7f688707c6f8 c2072fa929a74d01b0585c80889d5646 - - default default] Successfully bumped revision number for resource 1b8876be-f8cd-416e-9fe5-01e88e9629e7 (type: security_group_rules) to 0
2026-05-01 02:09:00.116 10 INFO neutron.db.ovn_revision_numbers_db [None req-126b36dc-88d3-4e69-b763-347b489c9ac6 e030986686b24837825d7f688707c6f8 c2072fa929a74d01b0585c80889d5646 - - default default] Successfully bumped revision number for resource 5534aa13-b781-420e-a50c-8205ffb49159 (type: security_group_rules) to 0
2026-05-01 02:09:00.135 10 INFO neutron.db.ovn_revision_numbers_db [None req-126b36dc-88d3-4e69-b763-347b489c9ac6 e030986686b24837825d7f688707c6f8 c2072fa929a74d01b0585c80889d5646 - - default default] Successfully bumped revision number for resource bb359b62-0e51-4eea-b0e5-6808245b9f75 (type: security_group_rules) to 0
2026-05-01 02:09:00.159 10 INFO neutron.wsgi [None req-126b36dc-88d3-4e69-b763-347b489c9ac6 e030986686b24837825d7f688707c6f8 c2072fa929a74d01b0585c80889d5646 - - default default] 10.0.0.244 "GET /v2.0/security-groups?tenant_id=db20791d02bf4ce3a7833c2bd81f7cba&name=default HTTP/1.1" status: 200 len: 2996 time: 0.4369721
2026-05-01 02:09:00.359 10 INFO neutron.wsgi [None req-bb928ee8-37bf-4378-9c85-d7e0f99743aa e030986686b24837825d7f688707c6f8 c2072fa929a74d01b0585c80889d5646 - - default default] 10.0.0.244 "GET /v2.0/security-groups?tenant_id=3c6b86c618934a1dae16c610aa01769c&name=default HTTP/1.1" status: 200 len: 2996 time: 0.1469743
2026-05-01 02:09:00.396 10 INFO neutron.wsgi [None req-03f42c5d-13e2-46b3-b389-ad0f8344e127 e030986686b24837825d7f688707c6f8 c2072fa929a74d01b0585c80889d5646 - - default default] 10.0.0.244 "DELETE /v2.0/security-groups/9bb0edbe-f7db-4c6c-95a5-961ef4153334 HTTP/1.1" status: 204 len: 168 time: 0.2290559
2026-05-01 02:09:00.398 9 INFO neutron.services.segments.plugin [-] Segment 4f2640c8-aed5-46cb-ad7d-df6b38b2eed2 resource provider aggregate not found
