2026-05-01 02:09:42.032 9 INFO neutron.wsgi [None req-21da5574-e682-4497-bfb6-da3662ce2ea2 f76434707f7f4b7ba6ed0885ed3346e1 d3ae0009b3104f428649d963f3c53c9f - - default default] 10.0.0.244 "DELETE /v2.0/ports/2e6d13f1-0359-40d0-be36-bda4aea92dd8 HTTP/1.1" status: 204 len: 168 time: 0.2648180
2026-05-01 02:09:42.037 10 INFO neutron.wsgi [None req-87b8f0b6-3dac-4fd6-8d55-ccc65c264570 85c1859da92f4b4b90f3faa7496962e4 5a9259064ee544c9a7653266e6d866dd - - default default] 10.0.0.244 "DELETE /v2.0/floatingips/51d459a0-7919-42ed-ae3c-3e8294d5733f HTTP/1.1" status: 204 len: 168 time: 0.3484533
2026-05-01 02:09:42.343 10 INFO neutron.wsgi [None req-e916b5e6-49fb-40c2-a328-c96cb63e53b2 f76434707f7f4b7ba6ed0885ed3346e1 d3ae0009b3104f428649d963f3c53c9f - - default default] 10.0.0.244 "DELETE /v2.0/ports/906b7292-cf96-44f0-999c-aa6d6dfd041a HTTP/1.1" status: 204 len: 168 time: 0.2970197
2026-05-01 02:09:42.508 10 INFO neutron.wsgi [None req-5f9b4d53-242a-4504-b971-b1cb94d19b4d 85c1859da92f4b4b90f3faa7496962e4 5a9259064ee544c9a7653266e6d866dd - - default default] 10.0.0.244 "DELETE /v2.0/floatingips/138802a1-cb01-4167-82c1-b5c859b1a8d2 HTTP/1.1" status: 204 len: 168 time: 0.4607205
2026-05-01 02:09:42.586 10 INFO neutron.wsgi [None req-c89a90e5-b711-4a80-825d-8facbaa0dccf f76434707f7f4b7ba6ed0885ed3346e1 d3ae0009b3104f428649d963f3c53c9f - - default default] 10.0.0.244 "DELETE /v2.0/ports/b1742e47-797f-482b-b54a-6a11831009b9 HTTP/1.1" status: 204 len: 168 time: 0.2377095
2026-05-01 02:09:42.842 10 INFO neutron.wsgi [None req-cfbd0131-fc29-44e0-b952-94a4c4325455 f76434707f7f4b7ba6ed0885ed3346e1 d3ae0009b3104f428649d963f3c53c9f - - default default] 10.0.0.244 "DELETE /v2.0/ports/36515db1-4e8a-45d6-80ff-0a7c2732bd09 HTTP/1.1" status: 204 len: 168 time: 0.2491307
2026-05-01 02:09:43.174 9 INFO neutron.services.segments.plugin [-] Segment f984aaae-415c-4f0c-ab10-22c5e745f9c6 resource provider aggregate not found
2026-05-01 02:09:43.179 9 INFO neutron.services.segments.plugin [-] Segment f984aaae-415c-4f0c-ab10-22c5e745f9c6 resource provider aggregate not found
2026-05-01 02:09:43.198 9 INFO neutron.services.segments.plugin [-] Segment f984aaae-415c-4f0c-ab10-22c5e745f9c6 resource provider not found; error: Placement Client Error (4xx): {"errors": [{"status": 404, "title": "Not Found", "detail": "The resource could not be found.\n\n No resource provider with uuid f984aaae-415c-4f0c-ab10-22c5e745f9c6 found for delete ", "request_id": "req-ed367458-7cdf-450d-828a-8a114325e9c5"}]}
2026-05-01 02:09:43.199 9 INFO neutron.services.segments.plugin [-] Segment f984aaae-415c-4f0c-ab10-22c5e745f9c6 resource provider not found; error: Placement Client Error (4xx): {"errors": [{"status": 404, "title": "Not Found", "detail": "The resource could not be found.\n\n No resource provider with uuid f984aaae-415c-4f0c-ab10-22c5e745f9c6 found for delete ", "request_id": "req-bb698300-2fc2-494e-b6bb-a3b166ed57b4"}]}
2026-05-01 02:09:43.212 9 INFO neutron.wsgi [None req-b9ec8f94-f1e2-46ac-8457-91cb64108a5f f76434707f7f4b7ba6ed0885ed3346e1 d3ae0009b3104f428649d963f3c53c9f - - default default] 10.0.0.244 "DELETE /v2.0/networks/3a0899bc-2859-4798-9f71-813f4e25d434 HTTP/1.1" status: 204 len: 168 time: 0.3642635
2026-05-01 02:09:43.562 10 INFO neutron.services.segments.plugin [-] Segment 765016b7-2693-42ea-b5e7-a27c3d526718 resource provider aggregate not found
2026-05-01 02:09:43.572 10 INFO neutron.services.segments.plugin [-] Segment 765016b7-2693-42ea-b5e7-a27c3d526718 resource provider aggregate not found
2026-05-01 02:09:43.588 10 INFO neutron.services.segments.plugin [-] Segment 765016b7-2693-42ea-b5e7-a27c3d526718 resource provider not found; error: Placement Client Error (4xx): {"errors": [{"status": 404, "title": "Not Found", "detail": "The resource could not be found.\n\n No resource provider with uuid 765016b7-2693-42ea-b5e7-a27c3d526718 found for delete ", "request_id": "req-6773e8e0-1f04-4b6a-8d7e-bb360945bc88"}]}
2026-05-01 02:09:43.589 10 INFO neutron.services.segments.plugin [-] Segment 765016b7-2693-42ea-b5e7-a27c3d526718 resource provider not found; error: Placement Client Error (4xx): {"errors": [{"status": 404, "title": "Not Found", "detail": "The resource could not be found.\n\n No resource provider with uuid 765016b7-2693-42ea-b5e7-a27c3d526718 found for delete ", "request_id": "req-ccad844d-5a7a-4873-b605-b24d0841a77b"}]}
2026-05-01 02:09:43.618 10 INFO neutron.wsgi [None req-af66ca35-91fa-49ee-acd7-c4379b6400dc f76434707f7f4b7ba6ed0885ed3346e1 d3ae0009b3104f428649d963f3c53c9f - - default default] 10.0.0.244 "DELETE /v2.0/networks/59430e9c-b6de-471b-846f-3b70761ed158 HTTP/1.1" status: 204 len: 168 time: 0.3973243
2026-05-01 02:09:43.700 10 INFO neutron.db.ovn_revision_numbers_db [None req-54c1c63b-0470-40dd-b75b-1eff0441212e e030986686b24837825d7f688707c6f8 c2072fa929a74d01b0585c80889d5646 - - default default] Successfully bumped revision number for resource bb9a7c84-6848-4bf2-b6d5-b811e0a80116 (type: security_groups) to 1
2026-05-01 02:09:43.716 10 INFO neutron.db.ovn_revision_numbers_db [None req-54c1c63b-0470-40dd-b75b-1eff0441212e e030986686b24837825d7f688707c6f8 c2072fa929a74d01b0585c80889d5646 - - default default] Successfully bumped revision number for resource 8d48a107-8ce2-4151-b7d8-700fa9e7bdb3 (type: security_group_rules) to 0
2026-05-01 02:09:43.731 10 INFO neutron.db.ovn_revision_numbers_db [None req-54c1c63b-0470-40dd-b75b-1eff0441212e e030986686b24837825d7f688707c6f8 c2072fa929a74d01b0585c80889d5646 - - default default] Successfully bumped revision number for resource cd96d602-dc07-4ae6-9fa8-00658f53385c (type: security_group_rules) to 0
2026-05-01 02:09:43.764 10 INFO neutron.db.ovn_revision_numbers_db [None req-54c1c63b-0470-40dd-b75b-1eff0441212e e030986686b24837825d7f688707c6f8 c2072fa929a74d01b0585c80889d5646 - - default default] Successfully bumped revision number for resource d9e36a70-8c6f-4554-aed4-4898573208c7 (type: security_group_rules) to 0
2026-05-01 02:09:43.793 10 INFO neutron.db.ovn_revision_numbers_db [None req-54c1c63b-0470-40dd-b75b-1eff0441212e e030986686b24837825d7f688707c6f8 c2072fa929a74d01b0585c80889d5646 - - default default] Successfully bumped revision number for resource fbd0d08f-6229-4c4f-8bee-50c65e75ff2a (type: security_group_rules) to 0
2026-05-01 02:09:43.825 10 INFO neutron.wsgi [None req-54c1c63b-0470-40dd-b75b-1eff0441212e e030986686b24837825d7f688707c6f8 c2072fa929a74d01b0585c80889d5646 - - default default] 10.0.0.244 "GET /v2.0/security-groups?tenant_id=5a9259064ee544c9a7653266e6d866dd&name=default HTTP/1.1" status: 200 len: 2996 time: 0.4174311
2026-05-01 02:09:44.060 9 INFO neutron.wsgi [None req-23c9452c-d35b-48e8-9f37-62297c0ed09f f76434707f7f4b7ba6ed0885ed3346e1 d3ae0009b3104f428649d963f3c53c9f - - default default] 10.0.0.244 "DELETE /v2.0/networks/39c4fc76-b14b-45fd-91ef-34533732996f HTTP/1.1" status: 204 len: 168 time: 0.4364223
2026-05-01 02:09:44.062 10 INFO neutron.wsgi [None req-8fbd6796-1b45-4cbc-8e42-237f48e70522 e030986686b24837825d7f688707c6f8 c2072fa929a74d01b0585c80889d5646 - - default default] 10.0.0.244 "DELETE /v2.0/security-groups/bb9a7c84-6848-4bf2-b6d5-b811e0a80116 HTTP/1.1" status: 204 len: 168 time: 0.2282970
2026-05-01 02:09:44.264 9 INFO neutron.db.ovn_revision_numbers_db [None req-b0df51e8-8c3c-4b53-8726-89dc74712634 e030986686b24837825d7f688707c6f8 c2072fa929a74d01b0585c80889d5646 - - default default] Successfully bumped revision number for resource 588ce9ff-daed-4018-939b-eaa180796855 (type: security_groups) to 1
2026-05-01 02:09:44.274 9 INFO neutron.db.ovn_revision_numbers_db [None req-b0df51e8-8c3c-4b53-8726-89dc74712634 e030986686b24837825d7f688707c6f8 c2072fa929a74d01b0585c80889d5646 - - default default] Successfully bumped revision number for resource 1954dfd9-b6d4-4e45-be17-5a3b72ebf142 (type: security_group_rules) to 0
2026-05-01 02:09:44.286 9 INFO neutron.db.ovn_revision_numbers_db [None req-b0df51e8-8c3c-4b53-8726-89dc74712634 e030986686b24837825d7f688707c6f8 c2072fa929a74d01b0585c80889d5646 - - default default] Successfully bumped revision number for resource 4f8c9f67-f1d0-4c8f-945f-a48672a03f1a (type: security_group_rules) to 0
2026-05-01 02:09:44.301 9 INFO neutron.db.ovn_revision_numbers_db [None req-b0df51e8-8c3c-4b53-8726-89dc74712634 e030986686b24837825d7f688707c6f8 c2072fa929a74d01b0585c80889d5646 - - default default] Successfully bumped revision number for resource 58f8b26a-4352-472c-afb2-8151b6e043e3 (type: security_group_rules) to 0
2026-05-01 02:09:44.324 9 INFO neutron.db.ovn_revision_numbers_db [None req-b0df51e8-8c3c-4b53-8726-89dc74712634 e030986686b24837825d7f688707c6f8 c2072fa929a74d01b0585c80889d5646 - - default default] Successfully bumped revision number for resource e7a3f63b-263d-4510-84ce-46a5e77470d5 (type: security_group_rules) to 0
2026-05-01 02:09:44.347 9 INFO neutron.wsgi [None req-b0df51e8-8c3c-4b53-8726-89dc74712634 e030986686b24837825d7f688707c6f8 c2072fa929a74d01b0585c80889d5646 - - default default] 10.0.0.244 "GET /v2.0/security-groups?tenant_id=064304000eec4e42862ad9776df8024b&name=default HTTP/1.1" status: 200 len: 2996 time: 0.1947160
2026-05-01 02:09:44.481 10 INFO neutron.wsgi [None req-363a663c-4edd-4ced-b745-f401aaaa6d13 f76434707f7f4b7ba6ed0885ed3346e1 d3ae0009b3104f428649d963f3c53c9f - - default default] 10.0.0.244 "DELETE /v2.0/networks/bfaca2cb-9d61-4d0d-bc77-2cf918c59de0 HTTP/1.1" status: 204 len: 168 time: 0.4141576
2026-05-01 02:09:44.635 9 INFO neutron.wsgi [None req-8bce4410-8d89-4912-81ab-50ef5c558896 e030986686b24837825d7f688707c6f8 c2072fa929a74d01b0585c80889d5646 - - default default] 10.0.0.244 "DELETE /v2.0/security-groups/588ce9ff-daed-4018-939b-eaa180796855 HTTP/1.1" status: 204 len: 168 time: 0.2829926
2026-05-01 02:09:44.906 10 INFO neutron.db.ovn_revision_numbers_db [None req-89c2dbd7-aaa2-4035-b7e2-8efea2cb3151 e030986686b24837825d7f688707c6f8 c2072fa929a74d01b0585c80889d5646 - - default default] Successfully bumped revision number for resource 8410ab2d-18ec-4f56-9b43-0f7a61b6c28a (type: security_groups) to 1
2026-05-01 02:09:44.920 9 INFO neutron.wsgi [None req-fb716006-0fe6-4a32-ae97-68ff81348877 f76434707f7f4b7ba6ed0885ed3346e1 d3ae0009b3104f428649d963f3c53c9f - - default default] 10.0.0.244 "DELETE /v2.0/networks/c38653c4-79aa-4b5a-9f49-df107b226af2 HTTP/1.1" status: 204 len: 168 time: 0.4326441
2026-05-01 02:09:44.923 10 INFO neutron.db.ovn_revision_numbers_db [None req-89c2dbd7-aaa2-4035-b7e2-8efea2cb3151 e030986686b24837825d7f688707c6f8 c2072fa929a74d01b0585c80889d5646 - - default default] Successfully bumped revision number for resource 33b7e603-0b40-4ac5-b2cf-d93ce36cda00 (type: security_group_rules) to 0
2026-05-01 02:09:44.939 10 INFO neutron.db.ovn_revision_numbers_db [None req-89c2dbd7-aaa2-4035-b7e2-8efea2cb3151 e030986686b24837825d7f688707c6f8 c2072fa929a74d01b0585c80889d5646 - - default default] Successfully bumped revision number for resource 7b9a1bdd-0c21-4749-b24a-2ba0816fec44 (type: security_group_rules) to 0
2026-05-01 02:09:44.956 10 INFO neutron.db.ovn_revision_numbers_db [None req-89c2dbd7-aaa2-4035-b7e2-8efea2cb3151 e030986686b24837825d7f688707c6f8 c2072fa929a74d01b0585c80889d5646 - - default default] Successfully bumped revision number for resource 9d3c9750-e8ab-4e7c-855b-b091047a1c20 (type: security_group_rules) to 0
2026-05-01 02:09:44.969 10 INFO neutron.db.ovn_revision_numbers_db [None req-89c2dbd7-aaa2-4035-b7e2-8efea2cb3151 e030986686b24837825d7f688707c6f8 c2072fa929a74d01b0585c80889d5646 - - default default] Successfully bumped revision number for resource f9c93e46-956e-4238-a540-cdeffa6f62d0 (type: security_group_rules) to 0
2026-05-01 02:09:45.005 10 INFO neutron.wsgi [None req-89c2dbd7-aaa2-4035-b7e2-8efea2cb3151 e030986686b24837825d7f688707c6f8 c2072fa929a74d01b0585c80889d5646 - - default default] 10.0.0.244 "GET /v2.0/security-groups?tenant_id=93b1727439e748189e61d4340f89961f&name=default HTTP/1.1" status: 200 len: 2996 time: 0.2220869
2026-05-01 02:09:45.223 9 INFO neutron.services.segments.plugin [-] Segment 68081399-4949-4bac-a542-3974b5cbe17f resource provider aggregate not found
2026-05-01 02:09:45.231 9 INFO neutron.services.segments.plugin [-] Segment 68081399-4949-4bac-a542-3974b5cbe17f resource provider aggregate not found
2026-05-01 02:09:45.235 10 INFO neutron.wsgi [None req-3d326801-3ccb-4936-86ad-35e397937957 e030986686b24837825d7f688707c6f8 c2072fa929a74d01b0585c80889d5646 - - default default] 10.0.0.244 "DELETE /v2.0/security-groups/8410ab2d-18ec-4f56-9b43-0f7a61b6c28a HTTP/1.1" status: 204 len: 168 time: 0.2252913
2026-05-01 02:09:45.246 9 INFO neutron.services.segments.plugin [-] Segment 68081399-4949-4bac-a542-3974b5cbe17f resource provider not found; error: Placement Client Error (4xx): {"errors": [{"status": 404, "title": "Not Found", "detail": "The resource could not be found.\n\n No resource provider with uuid 68081399-4949-4bac-a542-3974b5cbe17f found for delete ", "request_id": "req-d40b084e-893d-4c6a-9e71-1cbabc571f6e"}]}
2026-05-01 02:09:45.255 9 INFO neutron.services.segments.plugin [-] Segment 68081399-4949-4bac-a542-3974b5cbe17f resource provider not found; error: Placement Client Error (4xx): {"errors": [{"status": 404, "title": "Not Found", "detail": "The resource could not be found.\n\n No resource provider with uuid 68081399-4949-4bac-a542-3974b5cbe17f found for delete ", "request_id": "req-90c78023-34f3-4cb3-b91c-dfe5797b7cfc"}]}
2026-05-01 02:09:45.264 9 INFO neutron.services.segments.plugin [-] Segment 3109f6f4-1e32-4eb4-83b9-bdfda310eaba resource provider aggregate not found
2026-05-01 02:09:45.272 9 INFO neutron.services.segments.plugin [-] Segment 3109f6f4-1e32-4eb4-83b9-bdfda310eaba resource provider aggregate not found
2026-05-01 02:09:45.281 9 INFO neutron.services.segments.plugin [-] Segment 3109f6f4-1e32-4eb4-83b9-bdfda310eaba resource provider not found; error: Placement Client Error (4xx): {"errors": [{"status": 404, "title": "Not Found", "detail": "The resource could not be found.\n\n No resource provider with uuid 3109f6f4-1e32-4eb4-83b9-bdfda310eaba found for delete ", "request_id": "req-1a972759-5cc0-4869-ac8e-facdeba51666"}]}
2026-05-01 02:09:45.291 9 INFO neutron.services.segments.plugin [-] Segment 3109f6f4-1e32-4eb4-83b9-bdfda310eaba resource provider not found; error: Placement Client Error (4xx): {"errors": [{"status": 404, "title": "Not Found", "detail": "The resource could not be found.\n\n No resource provider with uuid 3109f6f4-1e32-4eb4-83b9-bdfda310eaba found for delete ", "request_id": "req-3d4e3cdc-f070-42ae-8ea6-31c0f8b5bf7c"}]}
2026-05-01 02:09:45.615 10 INFO neutron.services.segments.plugin [-] Segment 07a773f8-e338-4335-9fa5-26c310e52615 resource provider aggregate not found
2026-05-01 02:09:45.621 10 INFO neutron.services.segments.plugin [-] Segment 07a773f8-e338-4335-9fa5-26c310e52615 resource provider aggregate not found
2026-05-01 02:09:45.655 10 INFO neutron.services.segments.plugin [-] Segment 07a773f8-e338-4335-9fa5-26c310e52615 resource provider not found; error: Placement Client Error (4xx): {"errors": [{"status": 404, "title": "Not Found", "detail": "The resource could not be found.\n\n No resource provider with uuid 07a773f8-e338-4335-9fa5-26c310e52615 found for delete ", "request_id": "req-f28de0f1-a80c-49ce-aa4f-b3b9677f3f80"}]}
2026-05-01 02:09:45.712 10 INFO neutron.services.segments.plugin [-] Segment 07a773f8-e338-4335-9fa5-26c310e52615 resource provider not found; error: Placement Client Error (4xx): {"errors": [{"status": 404, "title": "Not Found", "detail": "The resource could not be found.\n\n No resource provider with uuid 07a773f8-e338-4335-9fa5-26c310e52615 found for delete ", "request_id": "req-afdd3889-ce57-4655-a978-7d3639719f5d"}]}
2026-05-01 02:09:45.799 9 INFO neutron.wsgi [None req-7d5c99e0-71f9-4283-a3fb-236822b4f142 32040b424af4445da3be75ab52efe051 2cd7cd8c32d34d10b3a809a42e25e4ee - - default default] 10.0.0.201 "GET /v2.0/extensions HTTP/1.1" status: 200 len: 16980 time: 0.0054674
2026-05-01 02:09:45.876 9 INFO neutron.wsgi [None req-495b8506-f192-452a-aa2e-ea2a256cf20a 32040b424af4445da3be75ab52efe051 2cd7cd8c32d34d10b3a809a42e25e4ee - - default default] 10.0.0.201 "GET /v2.0/quotas/2cd7cd8c32d34d10b3a809a42e25e4ee/details HTTP/1.1" status: 200 len: 756 time: 0.0657234
2026-05-01 02:09:45.945 9 INFO neutron.wsgi [None req-9213391c-737c-44d5-a20d-506532cdd29b e030986686b24837825d7f688707c6f8 c2072fa929a74d01b0585c80889d5646 - - default default] 10.0.0.244 "GET /v2.0/security-groups?tenant_id=d3ae0009b3104f428649d963f3c53c9f&name=default HTTP/1.1" status: 200 len: 2996 time: 0.1375835
2026-05-01 02:09:46.157 9 INFO neutron.wsgi [None req-40f9895b-5e4b-425d-bf7c-d61331faa2a5 e030986686b24837825d7f688707c6f8 c2072fa929a74d01b0585c80889d5646 - - default default] 10.0.0.244 "DELETE /v2.0/security-groups/cd9122d5-fde9-41ce-8644-dcae89ed2e5b HTTP/1.1" status: 204 len: 168 time: 0.2078812
2026-05-01 02:09:46.316 9 INFO neutron.wsgi [req-a4f97b28-15c2-4244-8c91-ef1d61bc448e req-4d40077e-d87f-43c6-a94e-dfea5d5a7ca7 bdee89af079f4190a6e38113d83a464b 0eb0ed8e042f424abd6c9a83c4e0b0e0 - - 47cc34d411aa4a3ab8f0d3390e3f1bb0 47cc34d411aa4a3ab8f0d3390e3f1bb0] 10.0.0.145 "GET /v2.0/ports?device_id=bf34ac7d-9f68-40e7-b4c1-9511a67c0fc3 HTTP/1.1" status: 200 len: 1409 time: 0.0421557
2026-05-01 02:09:46.362 9 INFO neutron.wsgi [req-a4f97b28-15c2-4244-8c91-ef1d61bc448e req-e53f8b65-5bf2-4b15-9e9f-64443b9f4bc4 bdee89af079f4190a6e38113d83a464b 0eb0ed8e042f424abd6c9a83c4e0b0e0 - - 47cc34d411aa4a3ab8f0d3390e3f1bb0 47cc34d411aa4a3ab8f0d3390e3f1bb0] 10.0.0.145 "GET /v2.0/security-groups?id=38401961-4d48-40dd-8b8b-e0bbe7adf544&fields=id&fields=name HTTP/1.1" status: 200 len: 312 time: 0.0421171
2026-05-01 02:09:46.443 9 INFO neutron.db.ovn_revision_numbers_db [None req-636abcfa-d955-4cc5-8c74-07d3c672eb4e e030986686b24837825d7f688707c6f8 c2072fa929a74d01b0585c80889d5646 - - default default] Successfully bumped revision number for resource fa170dd6-e97d-43d7-bd90-c92aaf513b10 (type: security_groups) to 1
2026-05-01 02:09:46.459 9 INFO neutron.db.ovn_revision_numbers_db [None req-636abcfa-d955-4cc5-8c74-07d3c672eb4e e030986686b24837825d7f688707c6f8 c2072fa929a74d01b0585c80889d5646 - - default default] Successfully bumped revision number for resource 2608cc8c-428b-405d-8d24-b36b3401e727 (type: security_group_rules) to 0
2026-05-01 02:09:46.472 9 INFO neutron.db.ovn_revision_numbers_db [None req-636abcfa-d955-4cc5-8c74-07d3c672eb4e e030986686b24837825d7f688707c6f8 c2072fa929a74d01b0585c80889d5646 - - default default] Successfully bumped revision number for resource 422cb0e8-0cc4-4449-bf97-658693fa5661 (type: security_group_rules) to 0
2026-05-01 02:09:46.488 9 INFO neutron.db.ovn_revision_numbers_db [None req-636abcfa-d955-4cc5-8c74-07d3c672eb4e e030986686b24837825d7f688707c6f8 c2072fa929a74d01b0585c80889d5646 - - default default] Successfully bumped revision number for resource b8211b8a-c7b1-467e-8e93-f02a3f09de7e (type: security_group_rules) to 0
2026-05-01 02:09:46.503 9 INFO neutron.db.ovn_revision_numbers_db [None req-636abcfa-d955-4cc5-8c74-07d3c672eb4e e030986686b24837825d7f688707c6f8 c2072fa929a74d01b0585c80889d5646 - - default default] Successfully bumped revision number for resource bc0e7bf5-4458-4927-b1fa-49a490e58393 (type: security_group_rules) to 0
2026-05-01 02:09:46.533 9 INFO neutron.wsgi [None req-636abcfa-d955-4cc5-8c74-07d3c672eb4e e030986686b24837825d7f688707c6f8 c2072fa929a74d01b0585c80889d5646 - - default default] 10.0.0.244 "GET /v2.0/security-groups?tenant_id=deefe20d8381420e96e7a040983c281a&name=default HTTP/1.1" status: 200 len: 2996 time: 0.2226360
2026-05-01 02:09:46.778 10 INFO neutron.wsgi [None req-b8a669d4-932c-4664-b04e-d4fcd1a559df e030986686b24837825d7f688707c6f8 c2072fa929a74d01b0585c80889d5646 - - default default] 10.0.0.244 "DELETE /v2.0/security-groups/fa170dd6-e97d-43d7-bd90-c92aaf513b10 HTTP/1.1" status: 204 len: 168 time: 0.2384360
2026-05-01 02:09:47.035 9 INFO neutron.db.ovn_revision_numbers_db [None req-5e6c8124-87aa-475c-9a7c-429abc25f24e e030986686b24837825d7f688707c6f8 c2072fa929a74d01b0585c80889d5646 - - default default] Successfully bumped revision number for resource 2df2e860-b77e-48e6-b3a7-3b8bf9e3769d (type: security_groups) to 1
2026-05-01 02:09:47.047 9 INFO neutron.db.ovn_revision_numbers_db [None req-5e6c8124-87aa-475c-9a7c-429abc25f24e e030986686b24837825d7f688707c6f8 c2072fa929a74d01b0585c80889d5646 - - default default] Successfully bumped revision number for resource 77f738c7-aab2-4ece-9b08-258cebae64d4 (type: security_group_rules) to 0
2026-05-01 02:09:47.062 9 INFO neutron.db.ovn_revision_numbers_db [None req-5e6c8124-87aa-475c-9a7c-429abc25f24e e030986686b24837825d7f688707c6f8 c2072fa929a74d01b0585c80889d5646 - - default default] Successfully bumped revision number for resource 9a29586f-036d-4a81-834b-b7086abc0a8a (type: security_group_rules) to 0
2026-05-01 02:09:47.076 9 INFO neutron.db.ovn_revision_numbers_db [None req-5e6c8124-87aa-475c-9a7c-429abc25f24e e030986686b24837825d7f688707c6f8 c2072fa929a74d01b0585c80889d5646 - - default default] Successfully bumped revision number for resource c88212a3-bc71-41ea-93d2-4693f7033a0a (type: security_group_rules) to 0
2026-05-01 02:09:47.089 9 INFO neutron.db.ovn_revision_numbers_db [None req-5e6c8124-87aa-475c-9a7c-429abc25f24e e030986686b24837825d7f688707c6f8 c2072fa929a74d01b0585c80889d5646 - - default default] Successfully bumped revision number for resource fa4030bc-c8db-42c0-91de-125ac4f56bac (type: security_group_rules) to 0
2026-05-01 02:09:47.118 9 INFO neutron.wsgi [None req-5e6c8124-87aa-475c-9a7c-429abc25f24e e030986686b24837825d7f688707c6f8 c2072fa929a74d01b0585c80889d5646 - - default default] 10.0.0.244 "GET /v2.0/security-groups?tenant_id=3c2a577e49864b82aab9ae09206b69af&name=default HTTP/1.1" status: 200 len: 2996 time: 0.1982872
2026-05-01 02:09:47.337 9 INFO neutron.wsgi [None req-107860b7-5cc5-4cf4-8368-bcc0ca8ccf9f e030986686b24837825d7f688707c6f8 c2072fa929a74d01b0585c80889d5646 - - default default] 10.0.0.244 "DELETE /v2.0/security-groups/2df2e860-b77e-48e6-b3a7-3b8bf9e3769d HTTP/1.1" status: 204 len: 168 time: 0.2130287
2026-05-01 02:09:47.620 9 INFO neutron.wsgi [-] 10.0.0.25 "GET / HTTP/1.1" status: 200 len: 247 time: 0.0021222
2026-05-01 02:09:47.623 9 INFO neutron.wsgi [-] 10.0.0.25 "GET / HTTP/1.1" status: 200 len: 247 time: 0.0014393
2026-05-01 02:09:48.472 9 INFO neutron.db.ovn_revision_numbers_db [None req-f0478e76-ead9-43ec-bc08-59044b15cbc0 e030986686b24837825d7f688707c6f8 c2072fa929a74d01b0585c80889d5646 - - default default] Successfully bumped revision number for resource 2a040363-cc83-4387-a235-ae8c9a6ed9dd (type: security_groups) to 1
2026-05-01 02:09:48.487 9 INFO neutron.db.ovn_revision_numbers_db [None req-f0478e76-ead9-43ec-bc08-59044b15cbc0 e030986686b24837825d7f688707c6f8 c2072fa929a74d01b0585c80889d5646 - - default default] Successfully bumped revision number for resource 572edcf7-a8ef-4f38-b9b5-609e6efb415f (type: security_group_rules) to 0
2026-05-01 02:09:48.503 9 INFO neutron.db.ovn_revision_numbers_db [None req-f0478e76-ead9-43ec-bc08-59044b15cbc0 e030986686b24837825d7f688707c6f8 c2072fa929a74d01b0585c80889d5646 - - default default] Successfully bumped revision number for resource 91d22589-cd92-4854-948e-13c31c2e78b6 (type: security_group_rules) to 0
2026-05-01 02:09:48.520 9 INFO neutron.db.ovn_revision_numbers_db [None req-f0478e76-ead9-43ec-bc08-59044b15cbc0 e030986686b24837825d7f688707c6f8 c2072fa929a74d01b0585c80889d5646 - - default default] Successfully bumped revision number for resource a178bc55-7d5c-4cf9-ae89-19f6ab8f8298 (type: security_group_rules) to 0
2026-05-01 02:09:48.534 9 INFO neutron.db.ovn_revision_numbers_db [None req-f0478e76-ead9-43ec-bc08-59044b15cbc0 e030986686b24837825d7f688707c6f8 c2072fa929a74d01b0585c80889d5646 - - default default] Successfully bumped revision number for resource b8cdc79b-172d-4736-b49d-b582fe5194e7 (type: security_group_rules) to 0
2026-05-01 02:09:48.560 9 INFO neutron.wsgi [None req-f0478e76-ead9-43ec-bc08-59044b15cbc0 e030986686b24837825d7f688707c6f8 c2072fa929a74d01b0585c80889d5646 - - default default] 10.0.0.244 "GET /v2.0/security-groups?tenant_id=2cd7cd8c32d34d10b3a809a42e25e4ee&name=default HTTP/1.1" status: 200 len: 2996 time: 0.3276536
2026-05-01 02:09:48.782 10 INFO neutron.wsgi [None req-0b3619f4-5bba-4922-92df-eca737c6acd4 e030986686b24837825d7f688707c6f8 c2072fa929a74d01b0585c80889d5646 - - default default] 10.0.0.244 "DELETE /v2.0/security-groups/2a040363-cc83-4387-a235-ae8c9a6ed9dd HTTP/1.1" status: 204 len: 168 time: 0.2163107
2026-05-01 02:09:48.843 10 WARNING neutron_lib.context [None req-a49c8a00-b6fa-4f2e-95f7-d1c1a2324370 5ead52dce55f4cac917556ea8dbd518a f11fecf85102495a9f3ffdc90132616f - - default default] Method 'is_advsvc' is deprecated since 2023.2 release (neutron-lib 3.8.0) and will be removed once support for the old RBAC API policies will be removed from Neutron. Please use method 'is_service_role' instead.
2026-05-01 02:09:48.908 10 INFO neutron.plugins.ml2.drivers.ovn.mech_driver.mech_driver [None req-baefa63a-eed7-45ab-ae84-ad67a725750a - - - - - -] OVN reports status down for port: 4ac74c76-f8be-472b-8cda-baff92eae36f
2026-05-01 02:09:48.952 9 INFO neutron.wsgi [req-ff20260d-53d7-4bd6-bb80-fbcff2d2e179 req-59e4591d-f8b4-4915-9d15-0e5786fc16bd 5ccaab2cb06c49a086b619465db49e33 0ce074692628455887350d86b7d39804 - - default default] 10.0.0.19 "GET /v2.0/ports?device_id=bf34ac7d-9f68-40e7-b4c1-9511a67c0fc3 HTTP/1.1" status: 200 len: 1170 time: 0.1075654
2026-05-01 02:09:49.001 9 INFO neutron.wsgi [req-ff20260d-53d7-4bd6-bb80-fbcff2d2e179 req-5041f4e6-ce7d-4bec-abef-eb0e3f696d3f 5ccaab2cb06c49a086b619465db49e33 0ce074692628455887350d86b7d39804 - - default default] 10.0.0.19 "GET /v2.0/security-groups?id=38401961-4d48-40dd-8b8b-e0bbe7adf544&fields=id&fields=name HTTP/1.1" status: 200 len: 312 time: 0.0431948
2026-05-01 02:09:49.069 10 INFO neutron.db.ovn_revision_numbers_db [None req-a49c8a00-b6fa-4f2e-95f7-d1c1a2324370 5ead52dce55f4cac917556ea8dbd518a f11fecf85102495a9f3ffdc90132616f - - default default] Successfully bumped revision number for resource 2b6bf8d6-0138-451c-af41-ad21016faffe (type: security_groups) to 1
2026-05-01 02:09:49.087 10 INFO neutron.notifiers.nova [-] Nova event matching ['req-c9d0ffcc-4b62-4280-b564-117862de7819'] response: {'server_uuid': 'bf34ac7d-9f68-40e7-b4c1-9511a67c0fc3', 'name': 'network-vif-unplugged', 'status': 'completed', 'tag': '4ac74c76-f8be-472b-8cda-baff92eae36f', 'code': 200}
2026-05-01 02:09:49.106 10 INFO neutron.db.ovn_revision_numbers_db [None req-a49c8a00-b6fa-4f2e-95f7-d1c1a2324370 5ead52dce55f4cac917556ea8dbd518a f11fecf85102495a9f3ffdc90132616f - - default default] Successfully bumped revision number for resource 13ae470b-c100-4e7c-b281-7f051909164d (type: security_group_rules) to 0
2026-05-01 02:09:49.125 10 INFO neutron.db.ovn_revision_numbers_db [None req-a49c8a00-b6fa-4f2e-95f7-d1c1a2324370 5ead52dce55f4cac917556ea8dbd518a f11fecf85102495a9f3ffdc90132616f - - default default] Successfully bumped revision number for resource 6c077a5f-1abe-4505-86c6-480267867dad (type: security_group_rules) to 0
2026-05-01 02:09:49.142 10 INFO neutron.db.ovn_revision_numbers_db [None req-a49c8a00-b6fa-4f2e-95f7-d1c1a2324370 5ead52dce55f4cac917556ea8dbd518a f11fecf85102495a9f3ffdc90132616f - - default default] Successfully bumped revision number for resource e6a0f996-09a0-4966-82a6-dc46ff45cca0 (type: security_group_rules) to 0
2026-05-01 02:09:49.163 10 INFO neutron.db.ovn_revision_numbers_db [None req-a49c8a00-b6fa-4f2e-95f7-d1c1a2324370 5ead52dce55f4cac917556ea8dbd518a f11fecf85102495a9f3ffdc90132616f - - default default] Successfully bumped revision number for resource ff2229c2-5fe6-4888-899b-712340d17fa3 (type: security_group_rules) to 0
2026-05-01 02:09:49.651 10 INFO neutron.wsgi [req-a2db249e-99cd-4663-ad26-a201724c0c19 req-38132e5a-1eb4-4fa9-8cca-781f8032f930 5ccaab2cb06c49a086b619465db49e33 0ce074692628455887350d86b7d39804 - - default default] 199.204.45.140 "GET /v2.0/ports?device_id=bf34ac7d-9f68-40e7-b4c1-9511a67c0fc3 HTTP/1.1" status: 200 len: 1168 time: 0.4729459
2026-05-01 02:09:49.654 10 INFO neutron.db.ovn_revision_numbers_db [None req-baefa63a-eed7-45ab-ae84-ad67a725750a - - - - - -] Successfully bumped revision number for resource 4ac74c76-f8be-472b-8cda-baff92eae36f (type: ports) to 5
2026-05-01 02:09:49.656 10 INFO neutron.db.ovn_revision_numbers_db [None req-a49c8a00-b6fa-4f2e-95f7-d1c1a2324370 5ead52dce55f4cac917556ea8dbd518a f11fecf85102495a9f3ffdc90132616f - - default default] Successfully bumped revision number for resource bcbc4944-d2d0-46ae-a72d-bdec61d50abc (type: security_groups) to 1
2026-05-01 02:09:49.690 10 INFO neutron.db.ovn_revision_numbers_db [None req-a49c8a00-b6fa-4f2e-95f7-d1c1a2324370 5ead52dce55f4cac917556ea8dbd518a f11fecf85102495a9f3ffdc90132616f - - default default] Successfully bumped revision number for resource 5f954681-80c5-49a0-a468-bf8980be26ef (type: security_group_rules) to 0
2026-05-01 02:09:49.721 10 INFO neutron.db.ovn_revision_numbers_db [None req-a49c8a00-b6fa-4f2e-95f7-d1c1a2324370 5ead52dce55f4cac917556ea8dbd518a f11fecf85102495a9f3ffdc90132616f - - default default] Successfully bumped revision number for resource cb13c2c8-4787-4056-aa93-2be489c76947 (type: security_group_rules) to 0
2026-05-01 02:09:49.756 10 INFO neutron.wsgi [None req-a49c8a00-b6fa-4f2e-95f7-d1c1a2324370 5ead52dce55f4cac917556ea8dbd518a f11fecf85102495a9f3ffdc90132616f - - default default] 10.0.0.244 "POST /v2.0/security-groups HTTP/1.1" status: 201 len: 1737 time: 1.1523306 /var/lib/openstack/lib/python3.10/site-packages/pycadf/identifier.py:71: UserWarning: Invalid uuid: neutron. To ensure interoperability, identifiers should be a valid uuid. warnings.warn(('Invalid uuid: %s. To ensure interoperability, '
2026-05-01 02:09:49.801 10 INFO neutron.wsgi [None req-90805270-8bb5-41e0-9fb2-3b3e8e9cc2f8 5ead52dce55f4cac917556ea8dbd518a f11fecf85102495a9f3ffdc90132616f - - default default] 10.0.0.244 "PUT /v2.0/security-groups/bcbc4944-d2d0-46ae-a72d-bdec61d50abc/tags HTTP/1.1" status: 200 len: 218 time: 0.0389934
2026-05-01 02:09:49.835 9 INFO neutron.wsgi [None req-181b4051-95ed-4198-a2ac-e9e385a134db 5ead52dce55f4cac917556ea8dbd518a f11fecf85102495a9f3ffdc90132616f - - default default] 10.0.0.244 "GET /v2.0/security-groups/bcbc4944-d2d0-46ae-a72d-bdec61d50abc/tags HTTP/1.1" status: 200 len: 218 time: 0.0278027
2026-05-01 02:09:49.872 9 INFO neutron.wsgi [None req-9ded6ff5-2803-4d5a-be5d-709bfbf9689b 5ead52dce55f4cac917556ea8dbd518a f11fecf85102495a9f3ffdc90132616f - - default default] 10.0.0.244 "PUT /v2.0/security-groups/bcbc4944-d2d0-46ae-a72d-bdec61d50abc/tags/green HTTP/1.1" status: 201 len: 201 time: 0.0322969
2026-05-01 02:09:49.911 9 INFO neutron.wsgi [None req-4acfbcea-8b41-4b52-81eb-41c9e691fd1a 5ead52dce55f4cac917556ea8dbd518a f11fecf85102495a9f3ffdc90132616f - - default default] 10.0.0.244 "GET /v2.0/security-groups/bcbc4944-d2d0-46ae-a72d-bdec61d50abc/tags HTTP/1.1" status: 200 len: 227 time: 0.0351322
2026-05-01 02:09:49.957 10 INFO neutron.wsgi [None req-40864f71-6792-4eb6-be26-59b1cf9bf9fd 5ead52dce55f4cac917556ea8dbd518a f11fecf85102495a9f3ffdc90132616f - - default default] 10.0.0.244 "PUT /v2.0/security-groups/bcbc4944-d2d0-46ae-a72d-bdec61d50abc/tags/red HTTP/1.1" status: 201 len: 201 time: 0.0377896
2026-05-01 02:09:49.996 10 INFO neutron.wsgi [None req-f6eac23a-0c84-4436-8e87-67d59f7b8914 5ead52dce55f4cac917556ea8dbd518a f11fecf85102495a9f3ffdc90132616f - - default default] 10.0.0.244 "GET /v2.0/security-groups/bcbc4944-d2d0-46ae-a72d-bdec61d50abc/tags HTTP/1.1" status: 200 len: 227 time: 0.0339780
2026-05-01 02:09:50.040 9 INFO neutron.wsgi [None req-4e242a16-f174-4f1b-95b3-23ce1711a3c4 5ead52dce55f4cac917556ea8dbd518a f11fecf85102495a9f3ffdc90132616f - - default default] 10.0.0.244 "PUT /v2.0/security-groups/bcbc4944-d2d0-46ae-a72d-bdec61d50abc/tags/black.or.white HTTP/1.1" status: 201 len: 201 time: 0.0377355
2026-05-01 02:09:50.055 10 INFO neutron.db.l3_db [req-a2db249e-99cd-4663-ad26-a201724c0c19 req-e6f3e8d3-1733-4eea-889d-97da095e00ff 5ccaab2cb06c49a086b619465db49e33 0ce074692628455887350d86b7d39804 - - default default] Floating IP 4796cc45-2688-4ed9-adad-fa17f3d38ee7 disassociated. External IP: 10.96.250.208, port: 4ac74c76-f8be-472b-8cda-baff92eae36f. /var/lib/openstack/lib/python3.10/site-packages/pycadf/identifier.py:71: UserWarning: Invalid uuid: neutron. To ensure interoperability, identifiers should be a valid uuid. warnings.warn(('Invalid uuid: %s. To ensure interoperability, '
2026-05-01 02:09:50.109 9 INFO neutron.wsgi [None req-5e9203ef-5aa2-430c-a9c8-dbd98e52c949 5ead52dce55f4cac917556ea8dbd518a f11fecf85102495a9f3ffdc90132616f - - default default] 10.0.0.244 "GET /v2.0/security-groups/bcbc4944-d2d0-46ae-a72d-bdec61d50abc/tags HTTP/1.1" status: 200 len: 245 time: 0.0644221
2026-05-01 02:09:50.149 9 INFO neutron.wsgi [req-461159b7-4971-446f-8464-55af284e7f60 req-b00f3822-5465-4246-b76e-253c786da73f 5ccaab2cb06c49a086b619465db49e33 0ce074692628455887350d86b7d39804 - - default default] 10.0.0.19 "GET /v2.0/ports?device_id=bf34ac7d-9f68-40e7-b4c1-9511a67c0fc3 HTTP/1.1" status: 200 len: 1168 time: 0.0537779
2026-05-01 02:09:50.175 9 INFO neutron.wsgi [None req-6bd599cb-d643-448f-8928-32db8cc7cefb 5ead52dce55f4cac917556ea8dbd518a f11fecf85102495a9f3ffdc90132616f - - default default] 10.0.0.244 "PUT /v2.0/security-groups/bcbc4944-d2d0-46ae-a72d-bdec61d50abc/tags HTTP/1.1" status: 200 len: 230 time: 0.0612431
2026-05-01 02:09:50.206 9 INFO neutron.wsgi [req-461159b7-4971-446f-8464-55af284e7f60 req-076456c0-d3ae-4874-b7a4-39497154e5b0 5ccaab2cb06c49a086b619465db49e33 0ce074692628455887350d86b7d39804 - - default default] 10.0.0.19 "GET /v2.0/security-groups?id=38401961-4d48-40dd-8b8b-e0bbe7adf544&fields=id&fields=name HTTP/1.1" status: 200 len: 312 time: 0.0482113
2026-05-01 02:09:50.207 9 INFO neutron.wsgi [None req-313b0854-ffa1-47a4-9a76-b54da307f8e5 5ead52dce55f4cac917556ea8dbd518a f11fecf85102495a9f3ffdc90132616f - - default default] 10.0.0.244 "GET /v2.0/security-groups/bcbc4944-d2d0-46ae-a72d-bdec61d50abc/tags HTTP/1.1" status: 200 len: 230 time: 0.0260799
2026-05-01 02:09:50.221 10 INFO neutron.wsgi [req-a2db249e-99cd-4663-ad26-a201724c0c19 req-e6f3e8d3-1733-4eea-889d-97da095e00ff 5ccaab2cb06c49a086b619465db49e33 0ce074692628455887350d86b7d39804 - - default default] 199.204.45.140 "DELETE /v2.0/ports/4ac74c76-f8be-472b-8cda-baff92eae36f HTTP/1.1" status: 204 len: 173 time: 0.5626190
2026-05-01 02:09:50.242 9 INFO neutron.wsgi [None req-e858556b-6b89-412e-99b4-40e35a409552 5ead52dce55f4cac917556ea8dbd518a f11fecf85102495a9f3ffdc90132616f - - default default] 10.0.0.244 "GET /v2.0/security-groups/bcbc4944-d2d0-46ae-a72d-bdec61d50abc/tags/red HTTP/1.1" status: 204 len: 168 time: 0.0310891
2026-05-01 02:09:50.266 9 INFO neutron.api.v2.resource [None req-1c0b0bf5-d8fa-4ceb-a408-268f3d993f5c 5ead52dce55f4cac917556ea8dbd518a f11fecf85102495a9f3ffdc90132616f - - default default] show failed (client error): The resource could not be found.
2026-05-01 02:09:50.268 9 INFO neutron.wsgi [None req-1c0b0bf5-d8fa-4ceb-a408-268f3d993f5c 5ead52dce55f4cac917556ea8dbd518a f11fecf85102495a9f3ffdc90132616f - - default default] 10.0.0.244 "GET /v2.0/security-groups/bcbc4944-d2d0-46ae-a72d-bdec61d50abc/tags/green HTTP/1.1" status: 404 len: 299 time: 0.0213776
2026-05-01 02:09:50.318 9 INFO neutron.wsgi [None req-0abdabeb-d5aa-4389-bbea-8f9fa510f04a 5ead52dce55f4cac917556ea8dbd518a f11fecf85102495a9f3ffdc90132616f - - default default] 10.0.0.244 "DELETE /v2.0/security-groups/bcbc4944-d2d0-46ae-a72d-bdec61d50abc/tags/red HTTP/1.1" status: 204 len: 168 time: 0.0462129
2026-05-01 02:09:50.345 9 INFO neutron.wsgi [None req-bb8c545e-97ac-4f3c-bba2-3d7fd824030d 5ead52dce55f4cac917556ea8dbd518a f11fecf85102495a9f3ffdc90132616f - - default default] 10.0.0.244 "GET /v2.0/security-groups/bcbc4944-d2d0-46ae-a72d-bdec61d50abc/tags HTTP/1.1" status: 200 len: 223 time: 0.0215976
2026-05-01 02:09:50.374 9 INFO neutron.api.v2.resource [None req-fd73f27d-fdbf-4b42-acdf-2209d0ff6f4e 5ead52dce55f4cac917556ea8dbd518a f11fecf85102495a9f3ffdc90132616f - - default default] delete failed (client error): The resource could not be found.
2026-05-01 02:09:50.376 9 INFO neutron.wsgi [None req-fd73f27d-fdbf-4b42-acdf-2209d0ff6f4e 5ead52dce55f4cac917556ea8dbd518a f11fecf85102495a9f3ffdc90132616f - - default default] 10.0.0.244 "DELETE /v2.0/security-groups/bcbc4944-d2d0-46ae-a72d-bdec61d50abc/tags/green HTTP/1.1" status: 404 len: 299 time: 0.0260627
2026-05-01 02:09:50.415 9 INFO neutron.wsgi [None req-66a46030-2453-49e8-b974-bf905506dc8d 5ead52dce55f4cac917556ea8dbd518a f11fecf85102495a9f3ffdc90132616f - - default default] 10.0.0.244 "DELETE /v2.0/security-groups/bcbc4944-d2d0-46ae-a72d-bdec61d50abc/tags HTTP/1.1" status: 204 len: 168 time: 0.0338480
2026-05-01 02:09:50.441 9 INFO neutron.wsgi [None req-a1a08af8-84cf-425c-9692-cd48b7756cdb 5ead52dce55f4cac917556ea8dbd518a f11fecf85102495a9f3ffdc90132616f - - default default] 10.0.0.244 "GET /v2.0/security-groups/bcbc4944-d2d0-46ae-a72d-bdec61d50abc/tags HTTP/1.1" status: 200 len: 205 time: 0.0215654
2026-05-01 02:09:50.573 9 INFO neutron.wsgi [None req-dfffd256-acb8-4bd6-aff9-cae47f79d87c 5ead52dce55f4cac917556ea8dbd518a f11fecf85102495a9f3ffdc90132616f - - default default] 10.0.0.244 "DELETE /v2.0/security-groups/bcbc4944-d2d0-46ae-a72d-bdec61d50abc HTTP/1.1" status: 204 len: 168 time: 0.1195354
2026-05-01 02:09:51.125 10 INFO neutron.notifiers.nova [-] Nova event matching ['req-5ef8246b-9342-4343-9ffa-ae99af71071c'] response: {'server_uuid': 'bf34ac7d-9f68-40e7-b4c1-9511a67c0fc3', 'name': 'network-vif-plugged', 'status': 'completed', 'tag': '4ac74c76-f8be-472b-8cda-baff92eae36f', 'code': 200}
2026-05-01 02:09:51.125 10 INFO neutron.notifiers.nova [-] Nova event matching ['req-5ef8246b-9342-4343-9ffa-ae99af71071c'] response: {'server_uuid': 'bf34ac7d-9f68-40e7-b4c1-9511a67c0fc3', 'name': 'network-vif-deleted', 'tag': '4ac74c76-f8be-472b-8cda-baff92eae36f', 'status': 'completed', 'code': 200}
2026-05-01 02:09:51.410 9 INFO neutron.wsgi [None req-09f4bb17-2488-4ce2-b36a-a408014917e7 5ccaab2cb06c49a086b619465db49e33 0ce074692628455887350d86b7d39804 - - default default] 10.0.0.244 "DELETE /v2.0/security-groups/38401961-4d48-40dd-8b8b-e0bbe7adf544 HTTP/1.1" status: 204 len: 168 time: 0.1299391
2026-05-01 02:09:51.432 10 INFO neutron.wsgi [None req-4aa87112-f7a7-413c-98c6-67f9c258f86a e030986686b24837825d7f688707c6f8 c2072fa929a74d01b0585c80889d5646 - - default default] 10.0.0.244 "GET /v2.0/security-groups?tenant_id=f11fecf85102495a9f3ffdc90132616f&name=default HTTP/1.1" status: 200 len: 2996 time: 0.1524100
2026-05-01 02:09:51.519 10 WARNING neutron_lib.context [None req-a1f288d7-a81e-4f61-90f3-88c7fd88998d 5cbc613baeaa4f72b61a96ae9e33b46a 8b967e97b4b9428ea2eae9f9da773e4a - - default default] Method 'is_advsvc' is deprecated since 2023.2 release (neutron-lib 3.8.0) and will be removed once support for the old RBAC API policies will be removed from Neutron. Please use method 'is_service_role' instead.
2026-05-01 02:09:51.667 10 INFO neutron.db.ovn_revision_numbers_db [None req-a1f288d7-a81e-4f61-90f3-88c7fd88998d 5cbc613baeaa4f72b61a96ae9e33b46a 8b967e97b4b9428ea2eae9f9da773e4a - - default default] Successfully bumped revision number for resource 0783dfe6-e204-4336-844d-1d93f2f505f5 (type: security_groups) to 1
2026-05-01 02:09:51.684 10 INFO neutron.wsgi [None req-21674112-6f1f-4c39-b7f7-1d379676773d e030986686b24837825d7f688707c6f8 c2072fa929a74d01b0585c80889d5646 - - default default] 10.0.0.244 "DELETE /v2.0/security-groups/2b6bf8d6-0138-451c-af41-ad21016faffe HTTP/1.1" status: 204 len: 168 time: 0.2459116
2026-05-01 02:09:51.685 10 INFO neutron.db.ovn_revision_numbers_db [None req-a1f288d7-a81e-4f61-90f3-88c7fd88998d 5cbc613baeaa4f72b61a96ae9e33b46a 8b967e97b4b9428ea2eae9f9da773e4a - - default default] Successfully bumped revision number for resource 0cb2af38-4294-46f1-8b48-3ee3ec5dfcfb (type: security_group_rules) to 0
2026-05-01 02:09:51.697 10 INFO neutron.db.ovn_revision_numbers_db [None req-a1f288d7-a81e-4f61-90f3-88c7fd88998d 5cbc613baeaa4f72b61a96ae9e33b46a 8b967e97b4b9428ea2eae9f9da773e4a - - default default] Successfully bumped revision number for resource 3e3e77f2-a85e-4524-8878-0b602948b596 (type: security_group_rules) to 0
2026-05-01 02:09:51.710 10 INFO neutron.db.ovn_revision_numbers_db [None req-a1f288d7-a81e-4f61-90f3-88c7fd88998d 5cbc613baeaa4f72b61a96ae9e33b46a 8b967e97b4b9428ea2eae9f9da773e4a - - default default] Successfully bumped revision number for resource 7f48d804-ae9a-47d9-a53f-2db84a2112bc (type: security_group_rules) to 0
2026-05-01 02:09:51.722 10 INFO neutron.db.ovn_revision_numbers_db [None req-a1f288d7-a81e-4f61-90f3-88c7fd88998d 5cbc613baeaa4f72b61a96ae9e33b46a 8b967e97b4b9428ea2eae9f9da773e4a - - default default] Successfully bumped revision number for resource 8b60f223-96a5-405e-ba7d-ae8938c2fb2e (type: security_group_rules) to 0
2026-05-01 02:09:51.797 10 INFO neutron.db.ovn_revision_numbers_db [None req-a1f288d7-a81e-4f61-90f3-88c7fd88998d 5cbc613baeaa4f72b61a96ae9e33b46a 8b967e97b4b9428ea2eae9f9da773e4a - - default default] Successfully bumped revision number for resource ecb306fc-5f3e-400c-90fb-1a119c50b103 (type: security_groups) to 1
2026-05-01 02:09:51.810 10 INFO neutron.db.ovn_revision_numbers_db [None req-a1f288d7-a81e-4f61-90f3-88c7fd88998d 5cbc613baeaa4f72b61a96ae9e33b46a 8b967e97b4b9428ea2eae9f9da773e4a - - default default] Successfully bumped revision number for resource 7d7a8f84-dc4b-421d-969e-6cc3d41a2d8d (type: security_group_rules) to 0
2026-05-01 02:09:51.822 10 INFO neutron.db.ovn_revision_numbers_db [None req-a1f288d7-a81e-4f61-90f3-88c7fd88998d 5cbc613baeaa4f72b61a96ae9e33b46a 8b967e97b4b9428ea2eae9f9da773e4a - - default default] Successfully bumped revision number for resource eec7b96a-fa6d-465f-8f59-0e68e584422b (type: security_group_rules) to 0
2026-05-01 02:09:51.835 9 INFO neutron.wsgi [None req-e0cb196e-dcdb-447c-b821-8dcee53ef033 5ccaab2cb06c49a086b619465db49e33 0ce074692628455887350d86b7d39804 - - default default] 10.0.0.244 "DELETE /v2.0/floatingips/4796cc45-2688-4ed9-adad-fa17f3d38ee7 HTTP/1.1" status: 204 len: 168 time: 0.3603139
2026-05-01 02:09:51.840 10 INFO neutron.wsgi [None req-a1f288d7-a81e-4f61-90f3-88c7fd88998d 5cbc613baeaa4f72b61a96ae9e33b46a 8b967e97b4b9428ea2eae9f9da773e4a - - default default] 10.0.0.244 "POST /v2.0/security-groups HTTP/1.1" status: 201 len: 1737 time: 0.3795807
2026-05-01 02:09:51.855 10 WARNING neutron_lib.context [None req-8c4d0535-5c00-4f9f-9453-9de4376c2419 5cbc613baeaa4f72b61a96ae9e33b46a 8b967e97b4b9428ea2eae9f9da773e4a - - default default] Method 'is_advsvc' is deprecated since 2023.2 release (neutron-lib 3.8.0) and will be removed once support for the old RBAC API policies will be removed from Neutron. Please use method 'is_service_role' instead.
2026-05-01 02:09:51.905 9 INFO neutron.db.ovn_revision_numbers_db [None req-3ff73eef-17a5-40b9-9d77-96f12d4520ef e030986686b24837825d7f688707c6f8 c2072fa929a74d01b0585c80889d5646 - - default default] Successfully bumped revision number for resource b026a633-09eb-4722-ba97-735ec51d47c1 (type: security_groups) to 1
2026-05-01 02:09:51.922 9 INFO neutron.db.ovn_revision_numbers_db [None req-3ff73eef-17a5-40b9-9d77-96f12d4520ef e030986686b24837825d7f688707c6f8 c2072fa929a74d01b0585c80889d5646 - - default default] Successfully bumped revision number for resource 03d5c2ae-ca3c-4641-81ee-0d396a8a899d (type: security_group_rules) to 0
2026-05-01 02:09:51.947 9 INFO neutron.db.ovn_revision_numbers_db [None req-3ff73eef-17a5-40b9-9d77-96f12d4520ef e030986686b24837825d7f688707c6f8 c2072fa929a74d01b0585c80889d5646 - - default default] Successfully bumped revision number for resource 60b8ce3b-915a-43bd-8b50-0bb4d2416385 (type: security_group_rules) to 0
2026-05-01 02:09:51.971 9 INFO neutron.db.ovn_revision_numbers_db [None req-3ff73eef-17a5-40b9-9d77-96f12d4520ef e030986686b24837825d7f688707c6f8 c2072fa929a74d01b0585c80889d5646 - - default default] Successfully bumped revision number for resource 834a83cf-ad67-491c-b84a-239d51981ccc (type: security_group_rules) to 0
2026-05-01 02:09:51.972 10 INFO neutron.db.ovn_revision_numbers_db [None req-8c4d0535-5c00-4f9f-9453-9de4376c2419 5cbc613baeaa4f72b61a96ae9e33b46a 8b967e97b4b9428ea2eae9f9da773e4a - - default default] Successfully bumped revision number for resource e3bb298b-8b8a-47f1-87be-b06b33b65ef3 (type: security_groups) to 1
2026-05-01 02:09:52.000 9 INFO neutron.db.ovn_revision_numbers_db [None req-3ff73eef-17a5-40b9-9d77-96f12d4520ef e030986686b24837825d7f688707c6f8 c2072fa929a74d01b0585c80889d5646 - - default default] Successfully bumped revision number for resource fd978fb8-44d4-47a7-a897-5119cddc7bf1 (type: security_group_rules) to 0
2026-05-01 02:09:52.010 10 INFO neutron.db.ovn_revision_numbers_db [None req-8c4d0535-5c00-4f9f-9453-9de4376c2419 5cbc613baeaa4f72b61a96ae9e33b46a 8b967e97b4b9428ea2eae9f9da773e4a - - default default] Successfully bumped revision number for resource 404295d7-b28a-457f-9cf9-99e38ed3df0e (type: security_group_rules) to 0
2026-05-01 02:09:52.031 9 INFO neutron.wsgi [None req-3ff73eef-17a5-40b9-9d77-96f12d4520ef e030986686b24837825d7f688707c6f8 c2072fa929a74d01b0585c80889d5646 - - default default] 10.0.0.244 "GET /v2.0/security-groups?tenant_id=4acf221f724c46dfb40c7cd631224e1b&name=default HTTP/1.1" status: 200 len: 2996 time: 0.2624993
2026-05-01 02:09:52.032 10 INFO neutron.wsgi [req-4db13ca9-1255-4a47-8a84-64f00e553a66 req-a8cbb59e-4af8-4900-8ba4-67ffec4b39a6 5ccaab2cb06c49a086b619465db49e33 0ce074692628455887350d86b7d39804 - - default default] 10.0.0.19 "GET /v2.0/ports?device_id=1ec1b339-a45f-400d-9790-e3a9ce776044 HTTP/1.1" status: 200 len: 1174 time: 0.0509813
2026-05-01 02:09:52.037 10 INFO neutron.db.ovn_revision_numbers_db [None req-8c4d0535-5c00-4f9f-9453-9de4376c2419 5cbc613baeaa4f72b61a96ae9e33b46a 8b967e97b4b9428ea2eae9f9da773e4a - - default default] Successfully bumped revision number for resource d32a18a3-2449-4a0b-b816-e4dbac6952af (type: security_group_rules) to 0
2026-05-01 02:09:52.038 9 INFO neutron.plugins.ml2.drivers.ovn.mech_driver.mech_driver [None req-f8365007-44bd-46bf-ac2c-cb7d65cf516d - - - - - -] OVN reports status down for port: a2d449b7-6483-4d84-a384-c27a64f3fae2
2026-05-01 02:09:52.085 10 INFO neutron.wsgi [None req-8c4d0535-5c00-4f9f-9453-9de4376c2419 5cbc613baeaa4f72b61a96ae9e33b46a 8b967e97b4b9428ea2eae9f9da773e4a - - default default] 10.0.0.244 "POST /v2.0/security-groups HTTP/1.1" status: 201 len: 1737 time: 0.2365842
2026-05-01 02:09:52.099 9 WARNING neutron_lib.context [None req-7dc7c3f0-9024-4cda-bc07-c88e4a90e1be 5cbc613baeaa4f72b61a96ae9e33b46a 8b967e97b4b9428ea2eae9f9da773e4a - - default default] Method 'is_advsvc' is deprecated since 2023.2 release (neutron-lib 3.8.0) and will be removed once support for the old RBAC API policies will be removed from Neutron. Please use method 'is_service_role' instead.
2026-05-01 02:09:52.116 10 INFO neutron.wsgi [req-4db13ca9-1255-4a47-8a84-64f00e553a66 req-27d5e8cf-db80-4073-a794-86b9bc800f1b 5ccaab2cb06c49a086b619465db49e33 0ce074692628455887350d86b7d39804 - - default default] 10.0.0.19 "GET /v2.0/security-groups?id=e0123a75-8281-4419-8c4c-e79268bc2e5d&fields=id&fields=name HTTP/1.1" status: 200 len: 313 time: 0.0741260
2026-05-01 02:09:52.199 9 INFO neutron.notifiers.nova [-] Nova event matching ['req-c28f7c02-28a3-4417-8904-e5badc99f3c3'] response: {'server_uuid': '1ec1b339-a45f-400d-9790-e3a9ce776044', 'name': 'network-vif-unplugged', 'status': 'completed', 'tag': 'a2d449b7-6483-4d84-a384-c27a64f3fae2', 'code': 200}
2026-05-01 02:09:52.307 10 INFO neutron.wsgi [None req-67f37a07-4a51-4e1a-8910-b980576d2cae e030986686b24837825d7f688707c6f8 c2072fa929a74d01b0585c80889d5646 - - default default] 10.0.0.244 "DELETE /v2.0/security-groups/b026a633-09eb-4722-ba97-735ec51d47c1 HTTP/1.1" status: 204 len: 168 time: 0.2566221
2026-05-01 02:09:52.366 10 INFO neutron.wsgi [req-97f327b3-ca35-463e-98df-5de167322cfa req-d10caf87-fbd4-4394-b7dc-b908284cd989 5ccaab2cb06c49a086b619465db49e33 0ce074692628455887350d86b7d39804 - - default default] 199.204.45.140 "GET /v2.0/ports?device_id=1ec1b339-a45f-400d-9790-e3a9ce776044 HTTP/1.1" status: 200 len: 1172 time: 0.0437627
2026-05-01 02:09:52.550 9 INFO neutron.db.ovn_revision_numbers_db [None req-7dc7c3f0-9024-4cda-bc07-c88e4a90e1be 5cbc613baeaa4f72b61a96ae9e33b46a 8b967e97b4b9428ea2eae9f9da773e4a - - default default] Successfully bumped revision number for resource 21b3e9d6-805e-447d-b37d-e259d3f49876 (type: security_groups) to 1
2026-05-01 02:09:52.569 9 INFO neutron.db.ovn_revision_numbers_db [None req-7dc7c3f0-9024-4cda-bc07-c88e4a90e1be 5cbc613baeaa4f72b61a96ae9e33b46a 8b967e97b4b9428ea2eae9f9da773e4a - - default default] Successfully bumped revision number for resource 2b7a4fdc-dd39-4945-b3db-52125ee2a774 (type: security_group_rules) to 0
2026-05-01 02:09:52.594 9 INFO neutron.db.ovn_revision_numbers_db [None req-7dc7c3f0-9024-4cda-bc07-c88e4a90e1be 5cbc613baeaa4f72b61a96ae9e33b46a 8b967e97b4b9428ea2eae9f9da773e4a - - default default] Successfully bumped revision number for resource 5fd303e4-5053-49ae-a2fe-98b1eef9fac5 (type: security_group_rules) to 0
2026-05-01 02:09:52.623 9 INFO neutron.wsgi [None req-7dc7c3f0-9024-4cda-bc07-c88e4a90e1be 5cbc613baeaa4f72b61a96ae9e33b46a 8b967e97b4b9428ea2eae9f9da773e4a - - default default] 10.0.0.244 "POST /v2.0/security-groups HTTP/1.1" status: 201 len: 1737 time: 0.5329125
2026-05-01 02:09:52.636 9 WARNING neutron_lib.context [None req-c7451563-b25c-4d01-9b21-349565d2acc5 5cbc613baeaa4f72b61a96ae9e33b46a 8b967e97b4b9428ea2eae9f9da773e4a - - default default] Method 'is_advsvc' is deprecated since 2023.2 release (neutron-lib 3.8.0) and will be removed once support for the old RBAC API policies will be removed from Neutron. Please use method 'is_service_role' instead.
