2026-05-01 02:09:09.360 9 WARNING neutron_lib.context [None req-0d776b2b-5573-4c04-954f-54a2eb85013a 14bef00a3f8845b986dbf1fb27c203fe 6bab9543538b41dab415396a4b61b7cb - - default default] Method 'is_advsvc' is deprecated since 2023.2 release (neutron-lib 3.8.0) and will be removed once support for the old RBAC API policies will be removed from Neutron. Please use method 'is_service_role' instead.
2026-05-01 02:09:09.447 10 INFO neutron.wsgi [None req-1151fa21-a176-495f-8710-16087a622686 5ccaab2cb06c49a086b619465db49e33 0ce074692628455887350d86b7d39804 - - default default] 10.0.0.244 "GET /v2.0/networks HTTP/1.1" status: 200 len: 1492 time: 0.1606922
2026-05-01 02:09:09.599 9 INFO neutron.wsgi [req-b4c4fe71-0037-4f45-bc8b-aa3a3f5f943e req-85e67938-b180-4350-bc04-03bd88c0d1c5 5ccaab2cb06c49a086b619465db49e33 0ce074692628455887350d86b7d39804 - - default default] 10.0.0.19 "GET /v2.0/security-groups?name=tempest-secgroup-smoke-1885337767&fields=id&tenant_id=0ce074692628455887350d86b7d39804 HTTP/1.1" status: 200 len: 267 time: 0.0755911
2026-05-01 02:09:09.696 9 WARNING neutron.scheduler.dhcp_agent_scheduler [None req-0d776b2b-5573-4c04-954f-54a2eb85013a 14bef00a3f8845b986dbf1fb27c203fe 6bab9543538b41dab415396a4b61b7cb - - default default] No more DHCP agents
2026-05-01 02:09:09.701 9 WARNING neutron.api.rpc.agentnotifiers.dhcp_rpc_agent_api [None req-0d776b2b-5573-4c04-954f-54a2eb85013a 14bef00a3f8845b986dbf1fb27c203fe 6bab9543538b41dab415396a4b61b7cb - - default default] Unable to schedule network 78f9d4b5-be72-4183-960d-f932753a4f77: no agents available; will retry on subsequent port and subnet creation events.
2026-05-01 02:09:09.707 9 INFO neutron.wsgi [req-b4c4fe71-0037-4f45-bc8b-aa3a3f5f943e req-dd162535-2c98-4df5-b16b-00d9e62ed5d3 5ccaab2cb06c49a086b619465db49e33 0ce074692628455887350d86b7d39804 - - default default] 10.0.0.19 "GET /v2.0/networks?id=370ef508-7127-40a8-9273-4d7e84f1e01f HTTP/1.1" status: 200 len: 859 time: 0.0972867 /var/lib/openstack/lib/python3.10/site-packages/pycadf/identifier.py:71: UserWarning: Invalid uuid: neutron. To ensure interoperability, identifiers should be a valid uuid. warnings.warn(('Invalid uuid: %s. To ensure interoperability, '
2026-05-01 02:09:09.731 9 INFO neutron.wsgi [req-b4c4fe71-0037-4f45-bc8b-aa3a3f5f943e req-183f1bd7-5c41-4e2d-aa6c-ba544a72a0dc 5ccaab2cb06c49a086b619465db49e33 0ce074692628455887350d86b7d39804 - - default default] 10.0.0.19 "GET /v2.0/quotas/0ce074692628455887350d86b7d39804 HTTP/1.1" status: 200 len: 386 time: 0.0151472
2026-05-01 02:09:09.814 9 INFO neutron.db.ovn_revision_numbers_db [None req-0d776b2b-5573-4c04-954f-54a2eb85013a 14bef00a3f8845b986dbf1fb27c203fe 6bab9543538b41dab415396a4b61b7cb - - default default] Successfully bumped revision number for resource 03380bf8-e09a-443d-84c2-f4b22be7f15c (type: ports) to 1
2026-05-01 02:09:09.838 9 INFO neutron.wsgi [None req-0d776b2b-5573-4c04-954f-54a2eb85013a 14bef00a3f8845b986dbf1fb27c203fe 6bab9543538b41dab415396a4b61b7cb - - default default] 10.0.0.244 "POST /v2.0/ports HTTP/1.1" status: 201 len: 977 time: 0.4819324
2026-05-01 02:09:09.841 9 INFO neutron.wsgi [req-b4c4fe71-0037-4f45-bc8b-aa3a3f5f943e req-a3b7df8b-795a-49a3-873a-5bb7c0cad18c 5ccaab2cb06c49a086b619465db49e33 0ce074692628455887350d86b7d39804 - - default default] 10.0.0.19 "GET /v2.0/ports?tenant_id=0ce074692628455887350d86b7d39804&fields=id HTTP/1.1" status: 200 len: 302 time: 0.1021399
2026-05-01 02:09:09.926 9 INFO neutron.wsgi [req-b4c4fe71-0037-4f45-bc8b-aa3a3f5f943e req-0c118d3f-16f2-47f0-ad51-b0d93279af1a bdee89af079f4190a6e38113d83a464b 0eb0ed8e042f424abd6c9a83c4e0b0e0 - - 47cc34d411aa4a3ab8f0d3390e3f1bb0 47cc34d411aa4a3ab8f0d3390e3f1bb0] 10.0.0.19 "GET /v2.0/networks/370ef508-7127-40a8-9273-4d7e84f1e01f?fields=segments HTTP/1.1" status: 200 len: 212 time: 0.0669570
2026-05-01 02:09:10.014 9 INFO neutron.wsgi [req-b4c4fe71-0037-4f45-bc8b-aa3a3f5f943e req-4fd0ba3d-860a-47ba-8319-649d138590bc bdee89af079f4190a6e38113d83a464b 0eb0ed8e042f424abd6c9a83c4e0b0e0 - - 47cc34d411aa4a3ab8f0d3390e3f1bb0 47cc34d411aa4a3ab8f0d3390e3f1bb0] 10.0.0.19 "GET /v2.0/networks/370ef508-7127-40a8-9273-4d7e84f1e01f?fields=provider%3Aphysical_network&fields=provider%3Anetwork_type HTTP/1.1" status: 200 len: 277 time: 0.0768945
2026-05-01 02:09:10.115 9 INFO neutron.plugins.ml2.drivers.ovn.mech_driver.mech_driver [None req-f8365007-44bd-46bf-ac2c-cb7d65cf516d - - - - - -] OVN reports status down for port: 03380bf8-e09a-443d-84c2-f4b22be7f15c
2026-05-01 02:09:10.161 10 INFO neutron.wsgi [req-aeef400a-89af-41f7-b3b6-0cd0713344f1 req-e3adcc61-0604-4ae0-9fa1-414036a4b372 5ccaab2cb06c49a086b619465db49e33 0ce074692628455887350d86b7d39804 - - default default] 10.0.0.19 "GET /v2.0/ports?device_id=1ec1b339-a45f-400d-9790-e3a9ce776044 HTTP/1.1" status: 200 len: 210 time: 0.0255523
2026-05-01 02:09:10.165 9 INFO neutron.db.ovn_revision_numbers_db [None req-e085af58-d1d0-4937-baaa-fbd31c580c6c 14bef00a3f8845b986dbf1fb27c203fe 6bab9543538b41dab415396a4b61b7cb - - default default] Successfully bumped revision number for resource 03380bf8-e09a-443d-84c2-f4b22be7f15c (type: ports) to 2
2026-05-01 02:09:10.197 9 INFO neutron.wsgi [None req-e085af58-d1d0-4937-baaa-fbd31c580c6c 14bef00a3f8845b986dbf1fb27c203fe 6bab9543538b41dab415396a4b61b7cb - - default default] 10.0.0.244 "PUT /v2.0/ports/03380bf8-e09a-443d-84c2-f4b22be7f15c HTTP/1.1" status: 200 len: 946 time: 0.3531487
2026-05-01 02:09:10.415 10 INFO neutron.wsgi [None req-dc4dac2b-005e-4fce-b06a-50427e2866c8 14bef00a3f8845b986dbf1fb27c203fe 6bab9543538b41dab415396a4b61b7cb - - default default] 10.0.0.244 "DELETE /v2.0/ports/03380bf8-e09a-443d-84c2-f4b22be7f15c HTTP/1.1" status: 204 len: 168 time: 0.2140307
2026-05-01 02:09:10.501 10 INFO neutron.wsgi [None req-dcf7d225-4958-4d40-beb7-f27213e50ac9 14bef00a3f8845b986dbf1fb27c203fe 6bab9543538b41dab415396a4b61b7cb - - default default] 10.0.0.244 "GET /v2.0/ports HTTP/1.1" status: 200 len: 1733 time: 0.0804260
2026-05-01 02:09:10.520 10 INFO neutron.pecan_wsgi.hooks.translation [None req-4cfaa893-964b-4490-aa0b-5ee7cb2043f7 14bef00a3f8845b986dbf1fb27c203fe 6bab9543538b41dab415396a4b61b7cb - - default default] GET failed (client error): The resource could not be found.
2026-05-01 02:09:10.521 10 INFO neutron.wsgi [None req-4cfaa893-964b-4490-aa0b-5ee7cb2043f7 14bef00a3f8845b986dbf1fb27c203fe 6bab9543538b41dab415396a4b61b7cb - - default default] 10.0.0.244 "GET /v2.0/ports/03380bf8-e09a-443d-84c2-f4b22be7f15c HTTP/1.1" status: 404 len: 333 time: 0.0152063
2026-05-01 02:09:10.561 10 INFO neutron.wsgi [None req-74ded892-1f69-49cb-b5ff-8a33c513e506 14bef00a3f8845b986dbf1fb27c203fe 6bab9543538b41dab415396a4b61b7cb - - default default] 10.0.0.244 "GET /v2.0/ports HTTP/1.1" status: 200 len: 1733 time: 0.0339990
2026-05-01 02:09:10.611 10 INFO neutron.wsgi [None req-a0ead79c-c784-46cb-8f38-4c86d2cd7c2b 14bef00a3f8845b986dbf1fb27c203fe 6bab9543538b41dab415396a4b61b7cb - - default default] 10.0.0.244 "GET /v2.0/ports/6c13e7aa-5973-4c84-aa0f-206bb880fb81 HTTP/1.1" status: 200 len: 973 time: 0.0415566
2026-05-01 02:09:10.629 10 INFO neutron.pecan_wsgi.hooks.translation [None req-09b74423-8c00-4fc0-bdab-835deb478bf7 14bef00a3f8845b986dbf1fb27c203fe 6bab9543538b41dab415396a4b61b7cb - - default default] DELETE failed (client error): The resource could not be found.
2026-05-01 02:09:10.631 10 INFO neutron.wsgi [None req-09b74423-8c00-4fc0-bdab-835deb478bf7 14bef00a3f8845b986dbf1fb27c203fe 6bab9543538b41dab415396a4b61b7cb - - default default] 10.0.0.244 "DELETE /v2.0/ports/16edb470-720f-4b04-a4bb-a1bee75539c4 HTTP/1.1" status: 404 len: 333 time: 0.0140684
2026-05-01 02:09:10.647 10 INFO neutron.pecan_wsgi.hooks.translation [None req-17637251-0580-475f-8bed-00c8256d2d12 14bef00a3f8845b986dbf1fb27c203fe 6bab9543538b41dab415396a4b61b7cb - - default default] DELETE failed (client error): The resource could not be found.
2026-05-01 02:09:10.649 10 INFO neutron.wsgi [None req-17637251-0580-475f-8bed-00c8256d2d12 14bef00a3f8845b986dbf1fb27c203fe 6bab9543538b41dab415396a4b61b7cb - - default default] 10.0.0.244 "DELETE /v2.0/subnets/22b53a8e-05b7-405b-b61f-18f20ea52fd1 HTTP/1.1" status: 404 len: 337 time: 0.0126836
2026-05-01 02:09:10.664 10 INFO neutron.pecan_wsgi.hooks.translation [None req-c70a2209-b601-4858-90f8-e4b84c048417 14bef00a3f8845b986dbf1fb27c203fe 6bab9543538b41dab415396a4b61b7cb - - default default] DELETE failed (client error): The resource could not be found.
2026-05-01 02:09:10.666 10 INFO neutron.wsgi [None req-c70a2209-b601-4858-90f8-e4b84c048417 14bef00a3f8845b986dbf1fb27c203fe 6bab9543538b41dab415396a4b61b7cb - - default default] 10.0.0.244 "DELETE /v2.0/subnets/2983a9da-6860-4f3d-b3fe-e911a8d5f396 HTTP/1.1" status: 404 len: 337 time: 0.0129917 /var/lib/openstack/lib/python3.10/site-packages/pycadf/identifier.py:71: UserWarning: Invalid uuid: neutron. To ensure interoperability, identifiers should be a valid uuid. warnings.warn(('Invalid uuid: %s. To ensure interoperability, '
2026-05-01 02:09:10.870 10 INFO neutron.wsgi [req-b4c4fe71-0037-4f45-bc8b-aa3a3f5f943e req-1c9c713d-bba1-4fff-8cbb-403a140ee78e 5ccaab2cb06c49a086b619465db49e33 0ce074692628455887350d86b7d39804 - - default default] 199.204.45.140 "GET /v2.0/networks?id=370ef508-7127-40a8-9273-4d7e84f1e01f HTTP/1.1" status: 200 len: 859 time: 0.0651348
2026-05-01 02:09:10.904 10 INFO neutron.wsgi [None req-ae0c0f8f-07dd-4216-9f9d-192c33a64db4 14bef00a3f8845b986dbf1fb27c203fe 6bab9543538b41dab415396a4b61b7cb - - default default] 10.0.0.244 "DELETE /v2.0/ports/6c13e7aa-5973-4c84-aa0f-206bb880fb81 HTTP/1.1" status: 204 len: 168 time: 0.2334280
2026-05-01 02:09:10.930 10 INFO neutron.wsgi [req-b4c4fe71-0037-4f45-bc8b-aa3a3f5f943e req-93be323d-641c-45e2-ae1f-6cd928e6b18b 5ccaab2cb06c49a086b619465db49e33 0ce074692628455887350d86b7d39804 - - default default] 199.204.45.140 "GET /v2.0/security-groups?fields=id&fields=name&tenant_id=0ce074692628455887350d86b7d39804 HTTP/1.1" status: 200 len: 380 time: 0.0538967
2026-05-01 02:09:10.947 10 WARNING neutron_lib.context [req-b4c4fe71-0037-4f45-bc8b-aa3a3f5f943e req-7b2aaced-1017-4d78-af42-8259e2a0bf58 5ccaab2cb06c49a086b619465db49e33 0ce074692628455887350d86b7d39804 - - default default] Method 'is_advsvc' is deprecated since 2023.2 release (neutron-lib 3.8.0) and will be removed once support for the old RBAC API policies will be removed from Neutron. Please use method 'is_service_role' instead.
2026-05-01 02:09:10.955 9 INFO neutron.db.ovn_revision_numbers_db [None req-cde538cd-994c-4234-ab4b-7f81bfb9ceae e030986686b24837825d7f688707c6f8 c2072fa929a74d01b0585c80889d5646 - - default default] Successfully bumped revision number for resource 0c95954c-a6e0-408d-8c51-e328bf1c724a (type: security_groups) to 1
2026-05-01 02:09:10.970 9 INFO neutron.db.ovn_revision_numbers_db [None req-cde538cd-994c-4234-ab4b-7f81bfb9ceae e030986686b24837825d7f688707c6f8 c2072fa929a74d01b0585c80889d5646 - - default default] Successfully bumped revision number for resource 78b42be3-3d2b-4578-b094-b825562d168d (type: security_group_rules) to 0
2026-05-01 02:09:10.983 9 INFO neutron.db.ovn_revision_numbers_db [None req-cde538cd-994c-4234-ab4b-7f81bfb9ceae e030986686b24837825d7f688707c6f8 c2072fa929a74d01b0585c80889d5646 - - default default] Successfully bumped revision number for resource a585fbbc-248c-44f1-b643-65d4850b4c1f (type: security_group_rules) to 0
2026-05-01 02:09:11.000 9 INFO neutron.db.ovn_revision_numbers_db [None req-cde538cd-994c-4234-ab4b-7f81bfb9ceae e030986686b24837825d7f688707c6f8 c2072fa929a74d01b0585c80889d5646 - - default default] Successfully bumped revision number for resource f326fca2-c712-4f39-8bed-c24d0e7aed1f (type: security_group_rules) to 0
2026-05-01 02:09:11.012 9 INFO neutron.db.ovn_revision_numbers_db [None req-cde538cd-994c-4234-ab4b-7f81bfb9ceae e030986686b24837825d7f688707c6f8 c2072fa929a74d01b0585c80889d5646 - - default default] Successfully bumped revision number for resource f63ecec7-cb5d-497b-a3c4-db3a3555ed4e (type: security_group_rules) to 0
2026-05-01 02:09:11.038 9 INFO neutron.wsgi [None req-cde538cd-994c-4234-ab4b-7f81bfb9ceae e030986686b24837825d7f688707c6f8 c2072fa929a74d01b0585c80889d5646 - - default default] 10.0.0.244 "GET /v2.0/security-groups?tenant_id=baccd7725c6244e38625eeb2ea295133&name=default HTTP/1.1" status: 200 len: 2996 time: 0.3026073
2026-05-01 02:09:11.223 9 INFO neutron.wsgi [None req-b4ba11f3-c4dc-41a5-8795-24c89c98bbf8 e030986686b24837825d7f688707c6f8 c2072fa929a74d01b0585c80889d5646 - - default default] 10.0.0.244 "DELETE /v2.0/security-groups/0c95954c-a6e0-408d-8c51-e328bf1c724a HTTP/1.1" status: 204 len: 168 time: 0.1802053
2026-05-01 02:09:11.249 9 INFO neutron.wsgi [req-c810e50d-a781-4912-bbf9-e4e18dfaf68c req-796e02d9-01a8-4dbc-9a80-57c9708e0d94 5ccaab2cb06c49a086b619465db49e33 0ce074692628455887350d86b7d39804 - - default default] 10.0.0.19 "GET /v2.0/ports?device_id=1ec1b339-a45f-400d-9790-e3a9ce776044 HTTP/1.1" status: 200 len: 210 time: 0.0223651
2026-05-01 02:09:11.307 10 WARNING neutron.scheduler.dhcp_agent_scheduler [req-b4c4fe71-0037-4f45-bc8b-aa3a3f5f943e req-7b2aaced-1017-4d78-af42-8259e2a0bf58 5ccaab2cb06c49a086b619465db49e33 0ce074692628455887350d86b7d39804 - - default default] No more DHCP agents
2026-05-01 02:09:11.308 10 WARNING neutron.api.rpc.agentnotifiers.dhcp_rpc_agent_api [req-b4c4fe71-0037-4f45-bc8b-aa3a3f5f943e req-7b2aaced-1017-4d78-af42-8259e2a0bf58 5ccaab2cb06c49a086b619465db49e33 0ce074692628455887350d86b7d39804 - - default default] Unable to schedule network 370ef508-7127-40a8-9273-4d7e84f1e01f: no agents available; will retry on subsequent port and subnet creation events.
2026-05-01 02:09:11.351 10 INFO neutron.services.segments.plugin [-] Segment 482913da-4bcf-470f-bcf7-7792db49c483 resource provider aggregate not found
2026-05-01 02:09:11.367 10 INFO neutron.services.segments.plugin [-] Segment 482913da-4bcf-470f-bcf7-7792db49c483 resource provider aggregate not found
2026-05-01 02:09:11.390 10 INFO neutron.services.segments.plugin [-] Segment 482913da-4bcf-470f-bcf7-7792db49c483 resource provider not found; error: Placement Client Error (4xx): {"errors": [{"status": 404, "title": "Not Found", "detail": "The resource could not be found.\n\n No resource provider with uuid 482913da-4bcf-470f-bcf7-7792db49c483 found for delete ", "request_id": "req-8be6d676-4d88-450d-a71b-a31b76e65d08"}]}
2026-05-01 02:09:11.392 10 INFO neutron.services.segments.plugin [-] Segment 482913da-4bcf-470f-bcf7-7792db49c483 resource provider not found; error: Placement Client Error (4xx): {"errors": [{"status": 404, "title": "Not Found", "detail": "The resource could not be found.\n\n No resource provider with uuid 482913da-4bcf-470f-bcf7-7792db49c483 found for delete ", "request_id": "req-2cf7a7fa-8e45-434b-9c7a-a670e5c808d1"}]}
2026-05-01 02:09:11.933 10 INFO neutron.wsgi [None req-21d27f10-59d5-4f2a-8b11-86ba54880467 14bef00a3f8845b986dbf1fb27c203fe 6bab9543538b41dab415396a4b61b7cb - - default default] 10.0.0.244 "DELETE /v2.0/networks/78f9d4b5-be72-4183-960d-f932753a4f77 HTTP/1.1" status: 204 len: 168 time: 1.0239749
2026-05-01 02:09:12.029 10 INFO neutron.db.ovn_revision_numbers_db [req-b4c4fe71-0037-4f45-bc8b-aa3a3f5f943e req-7b2aaced-1017-4d78-af42-8259e2a0bf58 5ccaab2cb06c49a086b619465db49e33 0ce074692628455887350d86b7d39804 - - default default] Successfully bumped revision number for resource a2d449b7-6483-4d84-a384-c27a64f3fae2 (type: ports) to 1
2026-05-01 02:09:12.050 10 INFO neutron.wsgi [req-b4c4fe71-0037-4f45-bc8b-aa3a3f5f943e req-7b2aaced-1017-4d78-af42-8259e2a0bf58 5ccaab2cb06c49a086b619465db49e33 0ce074692628455887350d86b7d39804 - - default default] 199.204.45.140 "POST /v2.0/ports HTTP/1.1" status: 201 len: 1162 time: 1.1159329 /var/lib/openstack/lib/python3.10/site-packages/pycadf/identifier.py:71: UserWarning: Invalid uuid: neutron. To ensure interoperability, identifiers should be a valid uuid. warnings.warn(('Invalid uuid: %s. To ensure interoperability, '
2026-05-01 02:09:12.485 10 INFO neutron.wsgi [req-ed2363ab-66b3-4655-b767-6883936959fe req-e88a8eca-d8b6-4a59-8e6f-0f48a5cc7f4a 5ccaab2cb06c49a086b619465db49e33 0ce074692628455887350d86b7d39804 - - default default] 10.0.0.19 "GET /v2.0/ports?device_id=1ec1b339-a45f-400d-9790-e3a9ce776044 HTTP/1.1" status: 200 len: 1172 time: 0.1603396 /var/lib/openstack/lib/python3.10/site-packages/pycadf/identifier.py:71: UserWarning: Invalid uuid: neutron. To ensure interoperability, identifiers should be a valid uuid. warnings.warn(('Invalid uuid: %s. To ensure interoperability, '
2026-05-01 02:09:12.545 10 INFO neutron.wsgi [req-ed2363ab-66b3-4655-b767-6883936959fe req-3d7a98a0-ac82-4300-9e58-07742946a3c9 5ccaab2cb06c49a086b619465db49e33 0ce074692628455887350d86b7d39804 - - default default] 10.0.0.19 "GET /v2.0/security-groups?id=e0123a75-8281-4419-8c4c-e79268bc2e5d&fields=id&fields=name HTTP/1.1" status: 200 len: 313 time: 0.0531752
2026-05-01 02:09:12.557 10 INFO neutron.db.ovn_revision_numbers_db [req-b4c4fe71-0037-4f45-bc8b-aa3a3f5f943e req-03464a3c-4424-4aca-b54d-1f683753a0e0 bdee89af079f4190a6e38113d83a464b 0eb0ed8e042f424abd6c9a83c4e0b0e0 - - 47cc34d411aa4a3ab8f0d3390e3f1bb0 47cc34d411aa4a3ab8f0d3390e3f1bb0] Successfully bumped revision number for resource a2d449b7-6483-4d84-a384-c27a64f3fae2 (type: ports) to 2
2026-05-01 02:09:12.584 9 INFO neutron.wsgi [None req-16ce9169-a94c-4a9d-8290-d18efee260b4 e030986686b24837825d7f688707c6f8 c2072fa929a74d01b0585c80889d5646 - - default default] 10.0.0.244 "GET /v2.0/security-groups?tenant_id=6bab9543538b41dab415396a4b61b7cb&name=default HTTP/1.1" status: 200 len: 2996 time: 0.2269483
2026-05-01 02:09:12.724 10 WARNING neutron.plugins.ml2.drivers.ovn.mech_driver.ovsdb.ovn_client [None req-baefa63a-eed7-45ab-ae84-ad67a725750a - - - - - -] No hosting information found for port 02c97410-98c4-4207-8a10-34295aff840c: RuntimeError: No hosting information found for port 02c97410-98c4-4207-8a10-34295aff840c
2026-05-01 02:09:12.809 10 INFO neutron.db.ovn_revision_numbers_db [req-b4c4fe71-0037-4f45-bc8b-aa3a3f5f943e req-03464a3c-4424-4aca-b54d-1f683753a0e0 bdee89af079f4190a6e38113d83a464b 0eb0ed8e042f424abd6c9a83c4e0b0e0 - - 47cc34d411aa4a3ab8f0d3390e3f1bb0 47cc34d411aa4a3ab8f0d3390e3f1bb0] Successfully bumped revision number for resource a2d449b7-6483-4d84-a384-c27a64f3fae2 (type: ports) to 2
2026-05-01 02:09:12.810 9 INFO neutron.wsgi [None req-1eb3a99a-d6e9-4e70-89f7-941890227e57 e030986686b24837825d7f688707c6f8 c2072fa929a74d01b0585c80889d5646 - - default default] 10.0.0.244 "DELETE /v2.0/security-groups/aa0a1d4a-c73d-4878-a39a-492e8f6cbfd4 HTTP/1.1" status: 204 len: 168 time: 0.2206621
2026-05-01 02:09:12.835 10 INFO neutron.wsgi [req-b4c4fe71-0037-4f45-bc8b-aa3a3f5f943e req-03464a3c-4424-4aca-b54d-1f683753a0e0 bdee89af079f4190a6e38113d83a464b 0eb0ed8e042f424abd6c9a83c4e0b0e0 - - 47cc34d411aa4a3ab8f0d3390e3f1bb0 47cc34d411aa4a3ab8f0d3390e3f1bb0] 199.204.45.140 "PUT /v2.0/ports/a2d449b7-6483-4d84-a384-c27a64f3fae2 HTTP/1.1" status: 200 len: 1380 time: 0.7745831
2026-05-01 02:09:12.872 10 INFO neutron.notifiers.nova [-] Nova event matching ['req-0e5dc9cc-3912-4d83-b212-3841c5bb8aa7'] response: {'name': 'network-changed', 'server_uuid': '1ec1b339-a45f-400d-9790-e3a9ce776044', 'tag': 'a2d449b7-6483-4d84-a384-c27a64f3fae2', 'status': 'completed', 'code': 200} /var/lib/openstack/lib/python3.10/site-packages/pycadf/identifier.py:71: UserWarning: Invalid uuid: neutron. To ensure interoperability, identifiers should be a valid uuid. warnings.warn(('Invalid uuid: %s. To ensure interoperability, '
2026-05-01 02:09:12.923 10 INFO neutron.wsgi [req-b4c4fe71-0037-4f45-bc8b-aa3a3f5f943e req-098af5b5-5ca4-4639-881f-b2544da49cf3 bdee89af079f4190a6e38113d83a464b 0eb0ed8e042f424abd6c9a83c4e0b0e0 - - 47cc34d411aa4a3ab8f0d3390e3f1bb0 47cc34d411aa4a3ab8f0d3390e3f1bb0] 199.204.45.140 "GET /v2.0/ports?tenant_id=0ce074692628455887350d86b7d39804&device_id=1ec1b339-a45f-400d-9790-e3a9ce776044 HTTP/1.1" status: 200 len: 1411 time: 0.0472195
2026-05-01 02:09:12.951 10 INFO neutron.wsgi [req-b4c4fe71-0037-4f45-bc8b-aa3a3f5f943e req-fb82aac5-2bf7-438b-b7df-cbe7c142a6fe bdee89af079f4190a6e38113d83a464b 0eb0ed8e042f424abd6c9a83c4e0b0e0 - - 47cc34d411aa4a3ab8f0d3390e3f1bb0 47cc34d411aa4a3ab8f0d3390e3f1bb0] 199.204.45.140 "GET /v2.0/floatingips?fixed_ip_address=10.100.0.13&port_id=a2d449b7-6483-4d84-a384-c27a64f3fae2 HTTP/1.1" status: 200 len: 217 time: 0.0234604
2026-05-01 02:09:12.985 10 INFO neutron.wsgi [req-b4c4fe71-0037-4f45-bc8b-aa3a3f5f943e req-92f6c26b-97c8-41a7-aed4-a37c827347ce bdee89af079f4190a6e38113d83a464b 0eb0ed8e042f424abd6c9a83c4e0b0e0 - - 47cc34d411aa4a3ab8f0d3390e3f1bb0 47cc34d411aa4a3ab8f0d3390e3f1bb0] 199.204.45.140 "GET /v2.0/subnets?id=2603dcdf-fc24-4726-9815-57a133ca9195 HTTP/1.1" status: 200 len: 852 time: 0.0275729
2026-05-01 02:09:13.013 10 INFO neutron.wsgi [req-b4c4fe71-0037-4f45-bc8b-aa3a3f5f943e req-02218dd5-c5d7-497b-a62a-9431b2e59712 bdee89af079f4190a6e38113d83a464b 0eb0ed8e042f424abd6c9a83c4e0b0e0 - - 47cc34d411aa4a3ab8f0d3390e3f1bb0 47cc34d411aa4a3ab8f0d3390e3f1bb0] 199.204.45.140 "GET /v2.0/ports?network_id=370ef508-7127-40a8-9273-4d7e84f1e01f&device_owner=network%3Adhcp HTTP/1.1" status: 200 len: 210 time: 0.0206485
2026-05-01 02:09:13.087 10 INFO neutron.wsgi [req-b4c4fe71-0037-4f45-bc8b-aa3a3f5f943e req-99173de3-7627-43d0-ad64-cd24e0711edc bdee89af079f4190a6e38113d83a464b 0eb0ed8e042f424abd6c9a83c4e0b0e0 - - 47cc34d411aa4a3ab8f0d3390e3f1bb0 47cc34d411aa4a3ab8f0d3390e3f1bb0] 199.204.45.140 "GET /v2.0/networks/370ef508-7127-40a8-9273-4d7e84f1e01f?fields=segments HTTP/1.1" status: 200 len: 212 time: 0.0660672
2026-05-01 02:09:13.143 10 INFO neutron.wsgi [req-b4c4fe71-0037-4f45-bc8b-aa3a3f5f943e req-f0f8a8dd-0bb3-405a-b541-2a7ced61e89c bdee89af079f4190a6e38113d83a464b 0eb0ed8e042f424abd6c9a83c4e0b0e0 - - 47cc34d411aa4a3ab8f0d3390e3f1bb0 47cc34d411aa4a3ab8f0d3390e3f1bb0] 199.204.45.140 "GET /v2.0/networks/370ef508-7127-40a8-9273-4d7e84f1e01f?fields=provider%3Aphysical_network&fields=provider%3Anetwork_type HTTP/1.1" status: 200 len: 277 time: 0.0485291
2026-05-01 02:09:13.230 10 INFO neutron.wsgi [req-9752d0fe-6651-4ffb-bacc-3486cf5b797d req-0fac3d97-fd32-4b2e-b73f-46a763ec9a42 bdee89af079f4190a6e38113d83a464b 0eb0ed8e042f424abd6c9a83c4e0b0e0 - - 47cc34d411aa4a3ab8f0d3390e3f1bb0 47cc34d411aa4a3ab8f0d3390e3f1bb0] 199.204.45.140 "GET /v2.0/ports?tenant_id=0ce074692628455887350d86b7d39804&device_id=1ec1b339-a45f-400d-9790-e3a9ce776044 HTTP/1.1" status: 200 len: 1411 time: 0.0461299
2026-05-01 02:09:13.307 10 INFO neutron.wsgi [req-9752d0fe-6651-4ffb-bacc-3486cf5b797d req-550a4b74-a830-48a3-a84e-987f494ef546 bdee89af079f4190a6e38113d83a464b 0eb0ed8e042f424abd6c9a83c4e0b0e0 - - 47cc34d411aa4a3ab8f0d3390e3f1bb0 47cc34d411aa4a3ab8f0d3390e3f1bb0] 199.204.45.140 "GET /v2.0/networks?id=370ef508-7127-40a8-9273-4d7e84f1e01f HTTP/1.1" status: 200 len: 958 time: 0.0715108
2026-05-01 02:09:13.350 9 INFO neutron.plugins.ml2.drivers.ovn.mech_driver.mech_driver [None req-f8365007-44bd-46bf-ac2c-cb7d65cf516d - - - - - -] OVN reports status up for port: a2d449b7-6483-4d84-a384-c27a64f3fae2
2026-05-01 02:09:13.357 10 INFO neutron.wsgi [req-9752d0fe-6651-4ffb-bacc-3486cf5b797d req-1e1b934d-6f22-4f30-9d07-c8af69a6b271 bdee89af079f4190a6e38113d83a464b 0eb0ed8e042f424abd6c9a83c4e0b0e0 - - 47cc34d411aa4a3ab8f0d3390e3f1bb0 47cc34d411aa4a3ab8f0d3390e3f1bb0] 199.204.45.140 "GET /v2.0/floatingips?fixed_ip_address=10.100.0.13&port_id=a2d449b7-6483-4d84-a384-c27a64f3fae2 HTTP/1.1" status: 200 len: 217 time: 0.0376608
2026-05-01 02:09:13.378 9 INFO neutron.plugins.ml2.plugin [None req-f8365007-44bd-46bf-ac2c-cb7d65cf516d - - - - - -] Attempt 1 to provision port a2d449b7-6483-4d84-a384-c27a64f3fae2
2026-05-01 02:09:13.393 10 INFO neutron.wsgi [req-9752d0fe-6651-4ffb-bacc-3486cf5b797d req-e8bd04c5-bc00-4bfa-8d9e-264f3333de89 bdee89af079f4190a6e38113d83a464b 0eb0ed8e042f424abd6c9a83c4e0b0e0 - - 47cc34d411aa4a3ab8f0d3390e3f1bb0 47cc34d411aa4a3ab8f0d3390e3f1bb0] 199.204.45.140 "GET /v2.0/subnets?id=2603dcdf-fc24-4726-9815-57a133ca9195 HTTP/1.1" status: 200 len: 852 time: 0.0323913
2026-05-01 02:09:13.423 10 INFO neutron.wsgi [req-9752d0fe-6651-4ffb-bacc-3486cf5b797d req-ebd408ff-44fd-42dc-a5a4-6e78ab3f1a47 bdee89af079f4190a6e38113d83a464b 0eb0ed8e042f424abd6c9a83c4e0b0e0 - - 47cc34d411aa4a3ab8f0d3390e3f1bb0 47cc34d411aa4a3ab8f0d3390e3f1bb0] 199.204.45.140 "GET /v2.0/ports?network_id=370ef508-7127-40a8-9273-4d7e84f1e01f&device_owner=network%3Adhcp HTTP/1.1" status: 200 len: 210 time: 0.0245929
2026-05-01 02:09:13.511 10 INFO neutron.wsgi [req-9752d0fe-6651-4ffb-bacc-3486cf5b797d req-a488e4de-de04-419b-8242-681b68a266e0 bdee89af079f4190a6e38113d83a464b 0eb0ed8e042f424abd6c9a83c4e0b0e0 - - 47cc34d411aa4a3ab8f0d3390e3f1bb0 47cc34d411aa4a3ab8f0d3390e3f1bb0] 199.204.45.140 "GET /v2.0/networks/370ef508-7127-40a8-9273-4d7e84f1e01f?fields=segments HTTP/1.1" status: 200 len: 212 time: 0.0818992
2026-05-01 02:09:13.550 9 INFO neutron.notifiers.nova [-] Nova event matching ['req-686c265a-ee45-49c2-8d82-e522ee80af14'] response: {'server_uuid': '1ec1b339-a45f-400d-9790-e3a9ce776044', 'name': 'network-vif-plugged', 'status': 'completed', 'tag': 'a2d449b7-6483-4d84-a384-c27a64f3fae2', 'code': 200}
2026-05-01 02:09:13.596 10 INFO neutron.wsgi [req-9752d0fe-6651-4ffb-bacc-3486cf5b797d req-ff746e00-9be0-4bb3-a0c4-fb65022284c5 bdee89af079f4190a6e38113d83a464b 0eb0ed8e042f424abd6c9a83c4e0b0e0 - - 47cc34d411aa4a3ab8f0d3390e3f1bb0 47cc34d411aa4a3ab8f0d3390e3f1bb0] 199.204.45.140 "GET /v2.0/networks/370ef508-7127-40a8-9273-4d7e84f1e01f?fields=provider%3Aphysical_network&fields=provider%3Anetwork_type HTTP/1.1" status: 200 len: 277 time: 0.0770247
2026-05-01 02:09:13.668 9 INFO neutron.wsgi [req-4de19778-2cc5-4467-80bb-de7d8a444fad req-8c3f5206-1062-4ec6-b740-460b21088f3f 5ccaab2cb06c49a086b619465db49e33 0ce074692628455887350d86b7d39804 - - default default] 10.0.0.19 "GET /v2.0/ports?device_id=1ec1b339-a45f-400d-9790-e3a9ce776044 HTTP/1.1" status: 200 len: 1174 time: 0.0450394
2026-05-01 02:09:13.724 9 INFO neutron.wsgi [req-4de19778-2cc5-4467-80bb-de7d8a444fad req-795ce7c3-e223-42be-91a5-c78044dd583f 5ccaab2cb06c49a086b619465db49e33 0ce074692628455887350d86b7d39804 - - default default] 10.0.0.19 "GET /v2.0/security-groups?id=e0123a75-8281-4419-8c4c-e79268bc2e5d&fields=id&fields=name HTTP/1.1" status: 200 len: 313 time: 0.0458732
2026-05-01 02:09:13.761 9 INFO neutron.db.ovn_revision_numbers_db [None req-f8365007-44bd-46bf-ac2c-cb7d65cf516d - - - - - -] Successfully bumped revision number for resource a2d449b7-6483-4d84-a384-c27a64f3fae2 (type: ports) to 4
2026-05-01 02:09:13.814 10 INFO neutron.wsgi [req-c74156b9-bd07-41a4-851e-4aa4929be236 req-3bffceae-d168-4ae2-9142-194d47ee7eda 3f3d82fb440a4da59a93fa5966cd6cbd dabb3c9ac0c046c68e0023dd3d7e1203 - - default default] 10.0.0.19 "GET /v2.0/ports?device_id=07d8c5cc-9bc4-4e37-b060-3f7347b525c6 HTTP/1.1" status: 200 len: 1214 time: 0.1274064
2026-05-01 02:09:13.892 10 INFO neutron.wsgi [req-c74156b9-bd07-41a4-851e-4aa4929be236 req-021a76ea-ad15-4202-9fba-2939098c31e5 3f3d82fb440a4da59a93fa5966cd6cbd dabb3c9ac0c046c68e0023dd3d7e1203 - - default default] 10.0.0.19 "GET /v2.0/security-groups?id=75c26404-ee57-4158-8ddd-929f0150a2b4&id=91665093-46ab-4694-8a96-21232ba8d5ea&fields=id&fields=name HTTP/1.1" status: 200 len: 405 time: 0.0651090
2026-05-01 02:09:14.261 10 INFO neutron.wsgi [None req-aa9d24c8-a475-47fc-a0ea-ddbda126a421 5e3ca8493ffc47049cd65e923e045654 a8938fbb77c643dea1d2946318ff9c6b - - default default] 10.0.0.244 "GET /v2.0/ports?device_id=07d8c5cc-9bc4-4e37-b060-3f7347b525c6 HTTP/1.1" status: 200 len: 1447 time: 0.3215005
2026-05-01 02:09:14.450 10 INFO neutron.wsgi [None req-28380e3c-e6cb-400f-9945-c81fc2d9bbfc 3f3d82fb440a4da59a93fa5966cd6cbd dabb3c9ac0c046c68e0023dd3d7e1203 - - default default] 10.0.0.244 "GET /v2.0/floatingips?floating_network_id=313972ae-5aa1-4963-9770-91655d741c19&port_id=55883e54-0732-43d6-965f-a62b1cde63d5 HTTP/1.1" status: 200 len: 1055 time: 0.1824374 /var/lib/openstack/lib/python3.10/site-packages/pycadf/identifier.py:71: UserWarning: Invalid uuid: neutron. To ensure interoperability, identifiers should be a valid uuid. warnings.warn(('Invalid uuid: %s. To ensure interoperability, '
2026-05-01 02:09:14.693 9 INFO neutron.wsgi [req-1a0e3cef-d585-4bd3-825e-926e1d06bfc7 req-13a5e48f-288d-4c3d-9ffb-f566a6180201 bdee89af079f4190a6e38113d83a464b 0eb0ed8e042f424abd6c9a83c4e0b0e0 - - 47cc34d411aa4a3ab8f0d3390e3f1bb0 47cc34d411aa4a3ab8f0d3390e3f1bb0] 10.0.0.145 "GET /v2.0/ports?device_id=07d8c5cc-9bc4-4e37-b060-3f7347b525c6 HTTP/1.1" status: 200 len: 1452 time: 0.0448747
2026-05-01 02:09:14.743 9 INFO neutron.wsgi [req-1a0e3cef-d585-4bd3-825e-926e1d06bfc7 req-c2a9bbca-5156-4cf4-bb0b-3e2a916add24 bdee89af079f4190a6e38113d83a464b 0eb0ed8e042f424abd6c9a83c4e0b0e0 - - 47cc34d411aa4a3ab8f0d3390e3f1bb0 47cc34d411aa4a3ab8f0d3390e3f1bb0] 10.0.0.145 "GET /v2.0/security-groups?id=75c26404-ee57-4158-8ddd-929f0150a2b4&id=91665093-46ab-4694-8a96-21232ba8d5ea&fields=id&fields=name HTTP/1.1" status: 200 len: 405 time: 0.0430286
2026-05-01 02:09:14.961 10 WARNING neutron_lib.context [None req-f59f1ba3-68b4-4610-963c-e10d3a1d323d e107c4f4803649b6b36ec65d7ccd701f 90c7280bf4ee41e8966ce8f3a8cf4615 - - default default] Method 'is_advsvc' is deprecated since 2023.2 release (neutron-lib 3.8.0) and will be removed once support for the old RBAC API policies will be removed from Neutron. Please use method 'is_service_role' instead.
2026-05-01 02:09:14.977 9 INFO neutron.wsgi [req-1e98427e-31c9-4c85-9dd6-c811c450f4ba req-d41e3193-eeed-4575-aaa1-b755755e0a62 5ccaab2cb06c49a086b619465db49e33 0ce074692628455887350d86b7d39804 - - default default] 10.0.0.19 "GET /v2.0/ports?device_id=1ec1b339-a45f-400d-9790-e3a9ce776044 HTTP/1.1" status: 200 len: 1174 time: 0.1564035
2026-05-01 02:09:15.037 9 INFO neutron.wsgi [req-1e98427e-31c9-4c85-9dd6-c811c450f4ba req-6a621f6a-32d1-4cea-a502-6c8f7ad28852 5ccaab2cb06c49a086b619465db49e33 0ce074692628455887350d86b7d39804 - - default default] 10.0.0.19 "GET /v2.0/security-groups?id=e0123a75-8281-4419-8c4c-e79268bc2e5d&fields=id&fields=name HTTP/1.1" status: 200 len: 313 time: 0.0512171
2026-05-01 02:09:15.120 10 INFO neutron.db.ovn_revision_numbers_db [None req-f59f1ba3-68b4-4610-963c-e10d3a1d323d e107c4f4803649b6b36ec65d7ccd701f 90c7280bf4ee41e8966ce8f3a8cf4615 - - default default] Successfully bumped revision number for resource 3b455c54-826b-4252-be78-c1e7b7cf3a71 (type: security_groups) to 1
2026-05-01 02:09:15.145 10 INFO neutron.db.ovn_revision_numbers_db [None req-f59f1ba3-68b4-4610-963c-e10d3a1d323d e107c4f4803649b6b36ec65d7ccd701f 90c7280bf4ee41e8966ce8f3a8cf4615 - - default default] Successfully bumped revision number for resource 59729c71-0dc0-45f6-aeb1-fa6fb8fc4138 (type: security_group_rules) to 0
2026-05-01 02:09:15.169 10 INFO neutron.db.ovn_revision_numbers_db [None req-f59f1ba3-68b4-4610-963c-e10d3a1d323d e107c4f4803649b6b36ec65d7ccd701f 90c7280bf4ee41e8966ce8f3a8cf4615 - - default default] Successfully bumped revision number for resource a98cbb0d-df54-48f1-9f86-b6cdd3b48bf2 (type: security_group_rules) to 0
2026-05-01 02:09:15.188 10 INFO neutron.db.ovn_revision_numbers_db [None req-f59f1ba3-68b4-4610-963c-e10d3a1d323d e107c4f4803649b6b36ec65d7ccd701f 90c7280bf4ee41e8966ce8f3a8cf4615 - - default default] Successfully bumped revision number for resource e50a76db-d117-4122-99ed-18b8de2d3ccd (type: security_group_rules) to 0
2026-05-01 02:09:15.216 10 INFO neutron.db.ovn_revision_numbers_db [None req-f59f1ba3-68b4-4610-963c-e10d3a1d323d e107c4f4803649b6b36ec65d7ccd701f 90c7280bf4ee41e8966ce8f3a8cf4615 - - default default] Successfully bumped revision number for resource fcf1d56b-d667-45c3-a7ae-ad8365c8b785 (type: security_group_rules) to 0
2026-05-01 02:09:15.247 10 INFO neutron.wsgi [req-a96d1d32-d1dd-4b7d-9cfe-7c8761b8e6b0 req-6801a4e2-5b38-402c-bab7-705445545550 5ccaab2cb06c49a086b619465db49e33 0ce074692628455887350d86b7d39804 - - default default] 10.0.0.19 "GET /v2.0/ports?device_id=1ec1b339-a45f-400d-9790-e3a9ce776044 HTTP/1.1" status: 200 len: 1174 time: 0.0579462
2026-05-01 02:09:15.276 10 INFO neutron.db.segments_db [None req-f59f1ba3-68b4-4610-963c-e10d3a1d323d e107c4f4803649b6b36ec65d7ccd701f 90c7280bf4ee41e8966ce8f3a8cf4615 - - default default] Added segment 44eb5ce3-946c-46c1-8a0a-c857f18f23d2 of type geneve for network 11202bc3-4c11-478c-a9ad-a12e697c271b
2026-05-01 02:09:15.305 10 INFO neutron.wsgi [req-a96d1d32-d1dd-4b7d-9cfe-7c8761b8e6b0 req-ed7712b0-e3e9-4ca9-af31-7f67fe214301 5ccaab2cb06c49a086b619465db49e33 0ce074692628455887350d86b7d39804 - - default default] 10.0.0.19 "GET /v2.0/security-groups?id=e0123a75-8281-4419-8c4c-e79268bc2e5d&fields=id&fields=name HTTP/1.1" status: 200 len: 313 time: 0.0508592
2026-05-01 02:09:15.395 10 INFO neutron.wsgi [None req-0a4a7178-77bd-47b1-bf85-e1c3e482dd29 1f058531c6c446f08c0ae43280806cdb 799ec15aa5b449e3b015bea5f1aacc70 - - default default] 10.0.0.244 "GET /v2.0/ports?device_id=1ec1b339-a45f-400d-9790-e3a9ce776044 HTTP/1.1" status: 200 len: 1408 time: 0.0591426
2026-05-01 02:09:15.406 9 WARNING neutron_lib.context [None req-9844fb05-f8ee-4271-878b-b1a4272b05c4 5ccaab2cb06c49a086b619465db49e33 0ce074692628455887350d86b7d39804 - - default default] Method 'is_advsvc' is deprecated since 2023.2 release (neutron-lib 3.8.0) and will be removed once support for the old RBAC API policies will be removed from Neutron. Please use method 'is_service_role' instead.
2026-05-01 02:09:15.483 10 INFO neutron.db.ovn_revision_numbers_db [None req-f59f1ba3-68b4-4610-963c-e10d3a1d323d e107c4f4803649b6b36ec65d7ccd701f 90c7280bf4ee41e8966ce8f3a8cf4615 - - default default] Successfully bumped revision number for resource 11202bc3-4c11-478c-a9ad-a12e697c271b (type: networks) to 1
2026-05-01 02:09:15.608 9 INFO neutron.notifiers.nova [-] Nova event matching ['req-10d4c608-e9b1-436a-854f-902e2d823816'] response: {'server_uuid': '1ec1b339-a45f-400d-9790-e3a9ce776044', 'name': 'network-vif-plugged', 'status': 'completed', 'tag': 'a2d449b7-6483-4d84-a384-c27a64f3fae2', 'code': 200}
2026-05-01 02:09:15.658 9 WARNING neutron.scheduler.dhcp_agent_scheduler [None req-9844fb05-f8ee-4271-878b-b1a4272b05c4 5ccaab2cb06c49a086b619465db49e33 0ce074692628455887350d86b7d39804 - - default default] No more DHCP agents
2026-05-01 02:09:15.660 9 WARNING neutron.api.rpc.agentnotifiers.dhcp_rpc_agent_api [None req-9844fb05-f8ee-4271-878b-b1a4272b05c4 5ccaab2cb06c49a086b619465db49e33 0ce074692628455887350d86b7d39804 - - default default] Unable to schedule network 313972ae-5aa1-4963-9770-91655d741c19: no agents available; will retry on subsequent port and subnet creation events.
2026-05-01 02:09:15.679 10 WARNING neutron.scheduler.dhcp_agent_scheduler [None req-f59f1ba3-68b4-4610-963c-e10d3a1d323d e107c4f4803649b6b36ec65d7ccd701f 90c7280bf4ee41e8966ce8f3a8cf4615 - - default default] No more DHCP agents
2026-05-01 02:09:15.681 10 WARNING neutron.api.rpc.agentnotifiers.dhcp_rpc_agent_api [None req-f59f1ba3-68b4-4610-963c-e10d3a1d323d e107c4f4803649b6b36ec65d7ccd701f 90c7280bf4ee41e8966ce8f3a8cf4615 - - default default] Unable to schedule network 11202bc3-4c11-478c-a9ad-a12e697c271b: no agents available; will retry on subsequent port and subnet creation events.
2026-05-01 02:09:15.772 10 INFO neutron.db.ovn_revision_numbers_db [None req-f59f1ba3-68b4-4610-963c-e10d3a1d323d e107c4f4803649b6b36ec65d7ccd701f 90c7280bf4ee41e8966ce8f3a8cf4615 - - default default] Successfully bumped revision number for resource e3a9080b-ccef-401e-bc03-395bb5556076 (type: ports) to 1
2026-05-01 02:09:15.799 10 INFO neutron.wsgi [None req-f59f1ba3-68b4-4610-963c-e10d3a1d323d e107c4f4803649b6b36ec65d7ccd701f 90c7280bf4ee41e8966ce8f3a8cf4615 - - default default] 10.0.0.244 "POST /v2.0/networks HTTP/1.1" status: 201 len: 844 time: 0.9704790
2026-05-01 02:09:15.808 10 WARNING neutron_lib.context [None req-21ee4349-bc42-488b-84e0-7dcbfddc802f e107c4f4803649b6b36ec65d7ccd701f 90c7280bf4ee41e8966ce8f3a8cf4615 - - default default] Method 'is_advsvc' is deprecated since 2023.2 release (neutron-lib 3.8.0) and will be removed once support for the old RBAC API policies will be removed from Neutron. Please use method 'is_service_role' instead.
2026-05-01 02:09:16.063 10 WARNING neutron.scheduler.dhcp_agent_scheduler [None req-21ee4349-bc42-488b-84e0-7dcbfddc802f e107c4f4803649b6b36ec65d7ccd701f 90c7280bf4ee41e8966ce8f3a8cf4615 - - default default] No more DHCP agents
2026-05-01 02:09:16.066 10 WARNING neutron.api.rpc.agentnotifiers.dhcp_rpc_agent_api [None req-21ee4349-bc42-488b-84e0-7dcbfddc802f e107c4f4803649b6b36ec65d7ccd701f 90c7280bf4ee41e8966ce8f3a8cf4615 - - default default] Unable to schedule network 11202bc3-4c11-478c-a9ad-a12e697c271b: no agents available; will retry on subsequent port and subnet creation events. /var/lib/openstack/lib/python3.10/site-packages/pycadf/identifier.py:71: UserWarning: Invalid uuid: neutron. To ensure interoperability, identifiers should be a valid uuid. warnings.warn(('Invalid uuid: %s. To ensure interoperability, '
2026-05-01 02:09:16.138 10 WARNING neutron_lib.context [None req-8d6323ca-3613-440b-bec2-1251ad95b9fb 79eea9dd14fe4ff89faacd13be3b83f5 26d64ba41b0d4fae899e9fe6e1a76a7f - - default default] Method 'is_advsvc' is deprecated since 2023.2 release (neutron-lib 3.8.0) and will be removed once support for the old RBAC API policies will be removed from Neutron. Please use method 'is_service_role' instead.
2026-05-01 02:09:16.162 10 INFO neutron.db.ovn_revision_numbers_db [None req-21ee4349-bc42-488b-84e0-7dcbfddc802f e107c4f4803649b6b36ec65d7ccd701f 90c7280bf4ee41e8966ce8f3a8cf4615 - - default default] Successfully bumped revision number for resource 5398027a-fe45-4cb8-bb31-eb278c6925ed (type: ports) to 1
2026-05-01 02:09:16.186 10 INFO neutron.wsgi [None req-21ee4349-bc42-488b-84e0-7dcbfddc802f e107c4f4803649b6b36ec65d7ccd701f 90c7280bf4ee41e8966ce8f3a8cf4615 - - default default] 10.0.0.244 "POST /v2.0/ports HTTP/1.1" status: 201 len: 974 time: 0.3829622
2026-05-01 02:09:16.196 10 WARNING neutron_lib.context [None req-93145e8f-f08b-498f-91d0-5187050bf405 e107c4f4803649b6b36ec65d7ccd701f 90c7280bf4ee41e8966ce8f3a8cf4615 - - default default] Method 'is_advsvc' is deprecated since 2023.2 release (neutron-lib 3.8.0) and will be removed once support for the old RBAC API policies will be removed from Neutron. Please use method 'is_service_role' instead.
2026-05-01 02:09:16.280 10 INFO neutron.db.segments_db [None req-93145e8f-f08b-498f-91d0-5187050bf405 e107c4f4803649b6b36ec65d7ccd701f 90c7280bf4ee41e8966ce8f3a8cf4615 - - default default] Added segment 06ea7760-49b2-4b07-ba92-dd56ef652679 of type geneve for network 7ab5b10a-61c9-4c83-960b-20140088653b
2026-05-01 02:09:16.301 10 INFO neutron.db.ovn_revision_numbers_db [None req-8d6323ca-3613-440b-bec2-1251ad95b9fb 79eea9dd14fe4ff89faacd13be3b83f5 26d64ba41b0d4fae899e9fe6e1a76a7f - - default default] Successfully bumped revision number for resource 2731a469-11b8-4a84-ba13-06910422734a (type: security_groups) to 1
2026-05-01 02:09:16.322 10 INFO neutron.db.ovn_revision_numbers_db [None req-8d6323ca-3613-440b-bec2-1251ad95b9fb 79eea9dd14fe4ff89faacd13be3b83f5 26d64ba41b0d4fae899e9fe6e1a76a7f - - default default] Successfully bumped revision number for resource 0d686141-7962-4c44-a091-f34ff78ea32d (type: security_group_rules) to 0
2026-05-01 02:09:16.347 10 INFO neutron.db.ovn_revision_numbers_db [None req-8d6323ca-3613-440b-bec2-1251ad95b9fb 79eea9dd14fe4ff89faacd13be3b83f5 26d64ba41b0d4fae899e9fe6e1a76a7f - - default default] Successfully bumped revision number for resource 104315ce-d6e4-4f7a-aed3-c51e591079b7 (type: security_group_rules) to 0
2026-05-01 02:09:16.370 10 INFO neutron.db.ovn_revision_numbers_db [None req-8d6323ca-3613-440b-bec2-1251ad95b9fb 79eea9dd14fe4ff89faacd13be3b83f5 26d64ba41b0d4fae899e9fe6e1a76a7f - - default default] Successfully bumped revision number for resource 337e2d3a-3046-4ab2-a897-ef4edd63a687 (type: security_group_rules) to 0
2026-05-01 02:09:16.408 10 INFO neutron.db.ovn_revision_numbers_db [None req-8d6323ca-3613-440b-bec2-1251ad95b9fb 79eea9dd14fe4ff89faacd13be3b83f5 26d64ba41b0d4fae899e9fe6e1a76a7f - - default default] Successfully bumped revision number for resource 73c87462-3b03-40b9-9d23-9261bb86745a (type: security_group_rules) to 0
2026-05-01 02:09:16.437 9 INFO neutron.db.l3_db [None req-9844fb05-f8ee-4271-878b-b1a4272b05c4 5ccaab2cb06c49a086b619465db49e33 0ce074692628455887350d86b7d39804 - - default default] Floating IP 4796cc45-2688-4ed9-adad-fa17f3d38ee7 associated. External IP: 10.96.250.208, port: a2d449b7-6483-4d84-a384-c27a64f3fae2.
2026-05-01 02:09:16.442 10 INFO neutron.db.ovn_revision_numbers_db [None req-93145e8f-f08b-498f-91d0-5187050bf405 e107c4f4803649b6b36ec65d7ccd701f 90c7280bf4ee41e8966ce8f3a8cf4615 - - default default] Successfully bumped revision number for resource 7ab5b10a-61c9-4c83-960b-20140088653b (type: networks) to 1
2026-05-01 02:09:16.468 10 INFO neutron.db.segments_db [None req-8d6323ca-3613-440b-bec2-1251ad95b9fb 79eea9dd14fe4ff89faacd13be3b83f5 26d64ba41b0d4fae899e9fe6e1a76a7f - - default default] Added segment 2e93b5f0-3766-4438-a49a-4e440a818ef3 of type geneve for network ed5f1578-2082-4524-bba5-09a18c9a66b3
2026-05-01 02:09:16.666 9 INFO neutron.db.ovn_revision_numbers_db [None req-9844fb05-f8ee-4271-878b-b1a4272b05c4 5ccaab2cb06c49a086b619465db49e33 0ce074692628455887350d86b7d39804 - - default default] Successfully bumped revision number for resource 4796cc45-2688-4ed9-adad-fa17f3d38ee7 (type: floatingips) to 0
2026-05-01 02:09:16.711 10 INFO neutron.db.ovn_revision_numbers_db [None req-8d6323ca-3613-440b-bec2-1251ad95b9fb 79eea9dd14fe4ff89faacd13be3b83f5 26d64ba41b0d4fae899e9fe6e1a76a7f - - default default] Successfully bumped revision number for resource ed5f1578-2082-4524-bba5-09a18c9a66b3 (type: networks) to 1
2026-05-01 02:09:16.753 10 WARNING neutron.scheduler.dhcp_agent_scheduler [None req-93145e8f-f08b-498f-91d0-5187050bf405 e107c4f4803649b6b36ec65d7ccd701f 90c7280bf4ee41e8966ce8f3a8cf4615 - - default default] No more DHCP agents
2026-05-01 02:09:16.758 10 WARNING neutron.api.rpc.agentnotifiers.dhcp_rpc_agent_api [None req-93145e8f-f08b-498f-91d0-5187050bf405 e107c4f4803649b6b36ec65d7ccd701f 90c7280bf4ee41e8966ce8f3a8cf4615 - - default default] Unable to schedule network 7ab5b10a-61c9-4c83-960b-20140088653b: no agents available; will retry on subsequent port and subnet creation events.
2026-05-01 02:09:16.794 9 INFO neutron.db.ovn_revision_numbers_db [None req-9844fb05-f8ee-4271-878b-b1a4272b05c4 5ccaab2cb06c49a086b619465db49e33 0ce074692628455887350d86b7d39804 - - default default] Successfully bumped revision number for resource 4796cc45-2688-4ed9-adad-fa17f3d38ee7 (type: floatingips) to 1
2026-05-01 02:09:16.864 9 INFO neutron.wsgi [None req-9844fb05-f8ee-4271-878b-b1a4272b05c4 5ccaab2cb06c49a086b619465db49e33 0ce074692628455887350d86b7d39804 - - default default] 10.0.0.244 "POST /v2.0/floatingips HTTP/1.1" status: 201 len: 1055 time: 1.4627173
2026-05-01 02:09:16.896 10 INFO neutron.db.ovn_revision_numbers_db [None req-93145e8f-f08b-498f-91d0-5187050bf405 e107c4f4803649b6b36ec65d7ccd701f 90c7280bf4ee41e8966ce8f3a8cf4615 - - default default] Successfully bumped revision number for resource bb0654ee-58df-4566-b867-7383f4a05f7f (type: ports) to 1
2026-05-01 02:09:16.946 10 INFO neutron.wsgi [None req-93145e8f-f08b-498f-91d0-5187050bf405 e107c4f4803649b6b36ec65d7ccd701f 90c7280bf4ee41e8966ce8f3a8cf4615 - - default default] 10.0.0.244 "POST /v2.0/networks HTTP/1.1" status: 201 len: 831 time: 0.7555332
2026-05-01 02:09:16.953 9 INFO neutron.plugins.ml2.drivers.ovn.mech_driver.mech_driver [None req-f8365007-44bd-46bf-ac2c-cb7d65cf516d - - - - - -] OVN reports status down for port: 55883e54-0732-43d6-965f-a62b1cde63d5 /var/lib/openstack/lib/python3.10/site-packages/pycadf/identifier.py:71: UserWarning: Invalid uuid: neutron. To ensure interoperability, identifiers should be a valid uuid. warnings.warn(('Invalid uuid: %s. To ensure interoperability, '
2026-05-01 02:09:16.958 10 WARNING neutron_lib.context [None req-29503943-581d-4fc7-8da3-a24f2ae0257a e107c4f4803649b6b36ec65d7ccd701f 90c7280bf4ee41e8966ce8f3a8cf4615 - - default default] Method 'is_advsvc' is deprecated since 2023.2 release (neutron-lib 3.8.0) and will be removed once support for the old RBAC API policies will be removed from Neutron. Please use method 'is_service_role' instead.
2026-05-01 02:09:16.958 9 INFO neutron.wsgi [None req-7014bff2-fce3-4ba3-b8d1-e722055da195 5ccaab2cb06c49a086b619465db49e33 0ce074692628455887350d86b7d39804 - - default default] 10.0.0.244 "GET /v2.0/floatingips/4796cc45-2688-4ed9-adad-fa17f3d38ee7 HTTP/1.1" status: 200 len: 1052 time: 0.0866911
2026-05-01 02:09:16.973 9 INFO neutron.wsgi [req-b5c56162-23c1-4337-9ba1-79fb634b1e71 req-8909a66a-0e16-40e4-aa6c-7dba5aef74b8 3f3d82fb440a4da59a93fa5966cd6cbd dabb3c9ac0c046c68e0023dd3d7e1203 - - default default] 10.0.0.19 "GET /v2.0/ports?device_id=07d8c5cc-9bc4-4e37-b060-3f7347b525c6 HTTP/1.1" status: 200 len: 1214 time: 0.1743708
2026-05-01 02:09:17.007 10 WARNING neutron.scheduler.dhcp_agent_scheduler [None req-8d6323ca-3613-440b-bec2-1251ad95b9fb 79eea9dd14fe4ff89faacd13be3b83f5 26d64ba41b0d4fae899e9fe6e1a76a7f - - default default] No more DHCP agents
2026-05-01 02:09:17.013 10 WARNING neutron.api.rpc.agentnotifiers.dhcp_rpc_agent_api [None req-8d6323ca-3613-440b-bec2-1251ad95b9fb 79eea9dd14fe4ff89faacd13be3b83f5 26d64ba41b0d4fae899e9fe6e1a76a7f - - default default] Unable to schedule network ed5f1578-2082-4524-bba5-09a18c9a66b3: no agents available; will retry on subsequent port and subnet creation events.
2026-05-01 02:09:17.040 9 INFO neutron.wsgi [req-b5c56162-23c1-4337-9ba1-79fb634b1e71 req-6c82cdbb-54fa-47b2-8191-56c61627bef3 3f3d82fb440a4da59a93fa5966cd6cbd dabb3c9ac0c046c68e0023dd3d7e1203 - - default default] 10.0.0.19 "GET /v2.0/security-groups?id=75c26404-ee57-4158-8ddd-929f0150a2b4&id=91665093-46ab-4694-8a96-21232ba8d5ea&fields=id&fields=name HTTP/1.1" status: 200 len: 405 time: 0.0607004
2026-05-01 02:09:17.140 10 INFO neutron.db.ovn_revision_numbers_db [None req-8d6323ca-3613-440b-bec2-1251ad95b9fb 79eea9dd14fe4ff89faacd13be3b83f5 26d64ba41b0d4fae899e9fe6e1a76a7f - - default default] Successfully bumped revision number for resource cf1b8b91-c1c5-4b65-9031-098874d843ae (type: ports) to 1
2026-05-01 02:09:17.168 10 INFO neutron.wsgi [None req-8d6323ca-3613-440b-bec2-1251ad95b9fb 79eea9dd14fe4ff89faacd13be3b83f5 26d64ba41b0d4fae899e9fe6e1a76a7f - - default default] 10.0.0.244 "POST /v2.0/networks HTTP/1.1" status: 201 len: 831 time: 1.1975374
2026-05-01 02:09:17.186 10 WARNING neutron_lib.context [None req-b789b606-208b-4b1b-982c-920fdda1ace2 79eea9dd14fe4ff89faacd13be3b83f5 26d64ba41b0d4fae899e9fe6e1a76a7f - - default default] Method 'is_advsvc' is deprecated since 2023.2 release (neutron-lib 3.8.0) and will be removed once support for the old RBAC API policies will be removed from Neutron. Please use method 'is_service_role' instead.
2026-05-01 02:09:17.270 9 INFO neutron.db.ovn_revision_numbers_db [None req-f8365007-44bd-46bf-ac2c-cb7d65cf516d - - - - - -] Successfully bumped revision number for resource 55883e54-0732-43d6-965f-a62b1cde63d5 (type: ports) to 5
2026-05-01 02:09:17.285 10 WARNING neutron.scheduler.dhcp_agent_scheduler [None req-29503943-581d-4fc7-8da3-a24f2ae0257a e107c4f4803649b6b36ec65d7ccd701f 90c7280bf4ee41e8966ce8f3a8cf4615 - - default default] No more DHCP agents
2026-05-01 02:09:17.295 10 WARNING neutron.api.rpc.agentnotifiers.dhcp_rpc_agent_api [None req-29503943-581d-4fc7-8da3-a24f2ae0257a e107c4f4803649b6b36ec65d7ccd701f 90c7280bf4ee41e8966ce8f3a8cf4615 - - default default] Unable to schedule network 7ab5b10a-61c9-4c83-960b-20140088653b: no agents available; will retry on subsequent port and subnet creation events.
2026-05-01 02:09:17.300 10 INFO neutron.db.segments_db [None req-b789b606-208b-4b1b-982c-920fdda1ace2 79eea9dd14fe4ff89faacd13be3b83f5 26d64ba41b0d4fae899e9fe6e1a76a7f - - default default] Added segment f157344b-40b0-4fb3-a337-c43cc4d87255 of type geneve for network 0ccd23d2-422e-463b-9a81-1438507c5fc4
2026-05-01 02:09:17.409 10 INFO neutron.wsgi [req-1139e7ba-76b5-4096-8193-0cb8c784d068 req-0a789054-f06f-4602-83f8-98cc6a594371 3f3d82fb440a4da59a93fa5966cd6cbd dabb3c9ac0c046c68e0023dd3d7e1203 - - default default] 199.204.45.140 "GET /v2.0/ports?device_id=07d8c5cc-9bc4-4e37-b060-3f7347b525c6 HTTP/1.1" status: 200 len: 1212 time: 0.0665491
2026-05-01 02:09:17.629 9 INFO neutron.wsgi [-] 10.0.0.25 "GET / HTTP/1.1" status: 200 len: 247 time: 0.0019763
2026-05-01 02:09:17.632 9 INFO neutron.wsgi [-] 10.0.0.25 "GET / HTTP/1.1" status: 200 len: 247 time: 0.0020888
2026-05-01 02:09:17.662 9 INFO neutron.notifiers.nova [-] Nova event matching ['req-d1a7ccf1-6cce-4146-bb4f-482b9cefe58d'] response: {'name': 'network-changed', 'server_uuid': '1ec1b339-a45f-400d-9790-e3a9ce776044', 'tag': 'a2d449b7-6483-4d84-a384-c27a64f3fae2', 'status': 'completed', 'code': 200}
2026-05-01 02:09:17.662 9 INFO neutron.notifiers.nova [-] Nova event matching ['req-d1a7ccf1-6cce-4146-bb4f-482b9cefe58d'] response: {'server_uuid': '07d8c5cc-9bc4-4e37-b060-3f7347b525c6', 'name': 'network-vif-unplugged', 'status': 'completed', 'tag': '55883e54-0732-43d6-965f-a62b1cde63d5', 'code': 200}
2026-05-01 02:09:17.663 9 INFO neutron.notifiers.nova [-] Nova event matching ['req-d1a7ccf1-6cce-4146-bb4f-482b9cefe58d'] response: {'server_uuid': '07d8c5cc-9bc4-4e37-b060-3f7347b525c6', 'name': 'network-vif-plugged', 'status': 'completed', 'tag': '55883e54-0732-43d6-965f-a62b1cde63d5', 'code': 200} /var/lib/openstack/lib/python3.10/site-packages/pycadf/identifier.py:71: UserWarning: Invalid uuid: neutron. To ensure interoperability, identifiers should be a valid uuid. warnings.warn(('Invalid uuid: %s. To ensure interoperability, '
