2026-05-01 02:09:58.821 10 INFO neutron.db.segments_db [None req-9f30acc8-1cdf-475d-a8a5-c590e62235e7 e0d70744684c4ed4bad9e0c190853b9a dbc91013e4154cd5890daf97bc3ad850 - - default default] Added segment b89a3db2-f1ff-49ce-a515-2a628a5d8458 of type geneve for network 072035c7-d8f4-4dfa-88e7-416e79f5b3e0
2026-05-01 02:09:58.991 10 INFO neutron.db.ovn_revision_numbers_db [None req-9f30acc8-1cdf-475d-a8a5-c590e62235e7 e0d70744684c4ed4bad9e0c190853b9a dbc91013e4154cd5890daf97bc3ad850 - - default default] Successfully bumped revision number for resource 072035c7-d8f4-4dfa-88e7-416e79f5b3e0 (type: networks) to 1
2026-05-01 02:09:59.158 10 WARNING neutron.scheduler.dhcp_agent_scheduler [None req-9f30acc8-1cdf-475d-a8a5-c590e62235e7 e0d70744684c4ed4bad9e0c190853b9a dbc91013e4154cd5890daf97bc3ad850 - - default default] No more DHCP agents
2026-05-01 02:09:59.161 10 WARNING neutron.api.rpc.agentnotifiers.dhcp_rpc_agent_api [None req-9f30acc8-1cdf-475d-a8a5-c590e62235e7 e0d70744684c4ed4bad9e0c190853b9a dbc91013e4154cd5890daf97bc3ad850 - - default default] Unable to schedule network 072035c7-d8f4-4dfa-88e7-416e79f5b3e0: no agents available; will retry on subsequent port and subnet creation events.
2026-05-01 02:09:59.252 10 INFO neutron.db.ovn_revision_numbers_db [None req-9f30acc8-1cdf-475d-a8a5-c590e62235e7 e0d70744684c4ed4bad9e0c190853b9a dbc91013e4154cd5890daf97bc3ad850 - - default default] Successfully bumped revision number for resource 75201b88-0d41-47e6-820d-5f4498aa3c72 (type: ports) to 1
2026-05-01 02:09:59.274 10 INFO neutron.wsgi [None req-9f30acc8-1cdf-475d-a8a5-c590e62235e7 e0d70744684c4ed4bad9e0c190853b9a dbc91013e4154cd5890daf97bc3ad850 - - default default] 10.0.0.244 "POST /v2.0/networks HTTP/1.1" status: 201 len: 929 time: 0.5556877
2026-05-01 02:09:59.429 10 WARNING neutron.scheduler.dhcp_agent_scheduler [None req-8ed15812-44df-4623-9719-61598f5dd19f e0d70744684c4ed4bad9e0c190853b9a dbc91013e4154cd5890daf97bc3ad850 - - default default] No more DHCP agents
2026-05-01 02:09:59.432 10 WARNING neutron.api.rpc.agentnotifiers.dhcp_rpc_agent_api [None req-8ed15812-44df-4623-9719-61598f5dd19f e0d70744684c4ed4bad9e0c190853b9a dbc91013e4154cd5890daf97bc3ad850 - - default default] Unable to schedule network 072035c7-d8f4-4dfa-88e7-416e79f5b3e0: no agents available; will retry on subsequent port and subnet creation events.
2026-05-01 02:09:59.967 10 INFO neutron.db.ovn_revision_numbers_db [None req-8ed15812-44df-4623-9719-61598f5dd19f e0d70744684c4ed4bad9e0c190853b9a dbc91013e4154cd5890daf97bc3ad850 - - default default] Successfully bumped revision number for resource 75201b88-0d41-47e6-820d-5f4498aa3c72 (type: ports) to 2
2026-05-01 02:10:00.011 10 INFO neutron.db.ovn_revision_numbers_db [None req-8ed15812-44df-4623-9719-61598f5dd19f e0d70744684c4ed4bad9e0c190853b9a dbc91013e4154cd5890daf97bc3ad850 - - default default] Successfully bumped revision number for resource 726cbe12-66ef-462e-b1fe-2b7f21159597 (type: subnets) to 0
2026-05-01 02:10:00.036 10 INFO neutron.wsgi [None req-8ed15812-44df-4623-9719-61598f5dd19f e0d70744684c4ed4bad9e0c190853b9a dbc91013e4154cd5890daf97bc3ad850 - - default default] 10.0.0.244 "POST /v2.0/subnets HTTP/1.1" status: 201 len: 822 time: 0.7562037
2026-05-01 02:10:00.408 10 INFO neutron.wsgi [None req-12aee181-8e1f-4f6d-8d28-37e869f2aaaf e0d70744684c4ed4bad9e0c190853b9a dbc91013e4154cd5890daf97bc3ad850 - - default default] 10.0.0.244 "POST /v2.0/rbac-policies HTTP/1.1" status: 201 len: 523 time: 0.3654516
2026-05-01 02:10:01.119 10 INFO neutron.wsgi [None req-5c779eed-0cc3-4fe1-ae36-9ca5c97b2322 1aca2ffc3f93472183c8f9d5d125d705 223f27e6374c48bcad24c09936203abe - - default default] 10.0.0.244 "GET /v2.0/networks/072035c7-d8f4-4dfa-88e7-416e79f5b3e0 HTTP/1.1" status: 200 len: 849 time: 0.3335643
2026-05-01 02:10:01.585 9 WARNING neutron_lib.context [None req-1627f5c1-28d3-4410-807e-14d68c36a01a 7620809ef2024749a28251c7aaa080c6 942efc86d1144cb28bd973fc325dfec6 - - default default] Method 'is_advsvc' is deprecated since 2023.2 release (neutron-lib 3.8.0) and will be removed once support for the old RBAC API policies will be removed from Neutron. Please use method 'is_service_role' instead.
2026-05-01 02:10:01.712 10 INFO neutron.pecan_wsgi.hooks.translation [None req-fa78469a-b2d5-4b66-bfd9-818a48199272 39ccac169087494cb551e576da0ad9cf a8f29507076347088f865afefed42257 - - default default] GET failed (client error): The resource could not be found.
2026-05-01 02:10:01.715 10 INFO neutron.wsgi [None req-fa78469a-b2d5-4b66-bfd9-818a48199272 39ccac169087494cb551e576da0ad9cf a8f29507076347088f865afefed42257 - - default default] 10.0.0.244 "GET /v2.0/networks/072035c7-d8f4-4dfa-88e7-416e79f5b3e0 HTTP/1.1" status: 404 len: 339 time: 0.2317493
2026-05-01 02:10:01.771 9 INFO neutron.db.ovn_revision_numbers_db [None req-1627f5c1-28d3-4410-807e-14d68c36a01a 7620809ef2024749a28251c7aaa080c6 942efc86d1144cb28bd973fc325dfec6 - - default default] Successfully bumped revision number for resource 86f68ae6-6512-4b00-876a-6185aabbbec9 (type: security_groups) to 1
2026-05-01 02:10:01.784 9 INFO neutron.db.ovn_revision_numbers_db [None req-1627f5c1-28d3-4410-807e-14d68c36a01a 7620809ef2024749a28251c7aaa080c6 942efc86d1144cb28bd973fc325dfec6 - - default default] Successfully bumped revision number for resource 3574a55b-9fbd-4d99-acf6-25403d910a62 (type: security_group_rules) to 0
2026-05-01 02:10:01.798 9 INFO neutron.db.ovn_revision_numbers_db [None req-1627f5c1-28d3-4410-807e-14d68c36a01a 7620809ef2024749a28251c7aaa080c6 942efc86d1144cb28bd973fc325dfec6 - - default default] Successfully bumped revision number for resource 436ea0a8-7cb8-4439-9e20-3d801098e83f (type: security_group_rules) to 0
2026-05-01 02:10:01.812 9 INFO neutron.db.ovn_revision_numbers_db [None req-1627f5c1-28d3-4410-807e-14d68c36a01a 7620809ef2024749a28251c7aaa080c6 942efc86d1144cb28bd973fc325dfec6 - - default default] Successfully bumped revision number for resource 83c0e4c6-b6e4-492d-9b9c-3706bda8d4df (type: security_group_rules) to 0
2026-05-01 02:10:01.825 9 INFO neutron.db.ovn_revision_numbers_db [None req-1627f5c1-28d3-4410-807e-14d68c36a01a 7620809ef2024749a28251c7aaa080c6 942efc86d1144cb28bd973fc325dfec6 - - default default] Successfully bumped revision number for resource b446009d-8f27-411b-82eb-7fd8f174a4ee (type: security_group_rules) to 0
2026-05-01 02:10:01.878 9 INFO neutron.db.segments_db [None req-1627f5c1-28d3-4410-807e-14d68c36a01a 7620809ef2024749a28251c7aaa080c6 942efc86d1144cb28bd973fc325dfec6 - - default default] Added segment d41bb4f3-6403-4318-af76-f58c486e4243 of type geneve for network cd3d66b2-295c-4b81-bb00-7c77949481f3
2026-05-01 02:10:02.040 9 INFO neutron.db.ovn_revision_numbers_db [None req-1627f5c1-28d3-4410-807e-14d68c36a01a 7620809ef2024749a28251c7aaa080c6 942efc86d1144cb28bd973fc325dfec6 - - default default] Successfully bumped revision number for resource cd3d66b2-295c-4b81-bb00-7c77949481f3 (type: networks) to 1
2026-05-01 02:10:02.182 10 INFO neutron.wsgi [None req-4be89ea3-fc30-4294-b667-1a0833886c88 e030986686b24837825d7f688707c6f8 c2072fa929a74d01b0585c80889d5646 - - default default] 10.0.0.174 "GET /v2.0/networks HTTP/1.1" status: 200 len: 3801 time: 0.2682104
2026-05-01 02:10:02.208 10 INFO neutron.wsgi [None req-5bb3446c-a27b-4b51-86b2-f3b8e3494969 e030986686b24837825d7f688707c6f8 c2072fa929a74d01b0585c80889d5646 - - default default] 10.0.0.174 "GET /v2.0/agents HTTP/1.1" status: 200 len: 997 time: 0.0234859
2026-05-01 02:10:02.242 10 INFO neutron.wsgi [None req-3fa8c248-713d-45b6-b911-efea247ce4e9 e030986686b24837825d7f688707c6f8 c2072fa929a74d01b0585c80889d5646 - - default default] 10.0.0.174 "GET /v2.0/routers HTTP/1.1" status: 200 len: 189 time: 0.0309763
2026-05-01 02:10:02.254 9 WARNING neutron.scheduler.dhcp_agent_scheduler [None req-1627f5c1-28d3-4410-807e-14d68c36a01a 7620809ef2024749a28251c7aaa080c6 942efc86d1144cb28bd973fc325dfec6 - - default default] No more DHCP agents
2026-05-01 02:10:02.258 9 WARNING neutron.api.rpc.agentnotifiers.dhcp_rpc_agent_api [None req-1627f5c1-28d3-4410-807e-14d68c36a01a 7620809ef2024749a28251c7aaa080c6 942efc86d1144cb28bd973fc325dfec6 - - default default] Unable to schedule network cd3d66b2-295c-4b81-bb00-7c77949481f3: no agents available; will retry on subsequent port and subnet creation events.
2026-05-01 02:10:02.262 10 INFO neutron.wsgi [None req-f443bbd2-ad0d-4a2f-8aed-25e4c152a59a e030986686b24837825d7f688707c6f8 c2072fa929a74d01b0585c80889d5646 - - default default] 10.0.0.174 "GET /v2.0/agents?binary=ovn-controller HTTP/1.1" status: 200 len: 591 time: 0.0179775
2026-05-01 02:10:02.309 9 INFO neutron.db.ovn_revision_numbers_db [None req-339625bb-59c1-427f-b43d-f68c2e5a3b0a e030986686b24837825d7f688707c6f8 c2072fa929a74d01b0585c80889d5646 - - default default] Successfully bumped revision number for resource f450871a-5b37-4a7d-af63-ca268e047a2b (type: security_groups) to 1
2026-05-01 02:10:02.340 9 INFO neutron.db.ovn_revision_numbers_db [None req-339625bb-59c1-427f-b43d-f68c2e5a3b0a e030986686b24837825d7f688707c6f8 c2072fa929a74d01b0585c80889d5646 - - default default] Successfully bumped revision number for resource 042bdcf1-edad-4bc5-84ed-e84977dcae2f (type: security_group_rules) to 0
2026-05-01 02:10:02.353 9 INFO neutron.db.ovn_revision_numbers_db [None req-1627f5c1-28d3-4410-807e-14d68c36a01a 7620809ef2024749a28251c7aaa080c6 942efc86d1144cb28bd973fc325dfec6 - - default default] Successfully bumped revision number for resource 6cbf1d7d-7107-4459-baf6-3b21b38664c8 (type: ports) to 1
2026-05-01 02:10:02.355 9 INFO neutron.db.ovn_revision_numbers_db [None req-339625bb-59c1-427f-b43d-f68c2e5a3b0a e030986686b24837825d7f688707c6f8 c2072fa929a74d01b0585c80889d5646 - - default default] Successfully bumped revision number for resource adeeb80c-d454-4c7c-b93e-79a39c507406 (type: security_group_rules) to 0
2026-05-01 02:10:02.367 10 INFO neutron.wsgi [None req-caf73338-6c8a-4d6f-8aa2-e12b0a9c8d63 e030986686b24837825d7f688707c6f8 c2072fa929a74d01b0585c80889d5646 - - default default] 10.0.0.174 "GET /v2.0/security-groups HTTP/1.1" status: 200 len: 25143 time: 0.1038871
2026-05-01 02:10:02.375 9 INFO neutron.db.ovn_revision_numbers_db [None req-339625bb-59c1-427f-b43d-f68c2e5a3b0a e030986686b24837825d7f688707c6f8 c2072fa929a74d01b0585c80889d5646 - - default default] Successfully bumped revision number for resource d3b18f1c-2398-46f2-81fb-4f06dd37fddd (type: security_group_rules) to 0
2026-05-01 02:10:02.378 9 INFO neutron.wsgi [None req-1627f5c1-28d3-4410-807e-14d68c36a01a 7620809ef2024749a28251c7aaa080c6 942efc86d1144cb28bd973fc325dfec6 - - default default] 10.0.0.244 "POST /v2.0/networks HTTP/1.1" status: 201 len: 831 time: 1.0543988
2026-05-01 02:10:02.389 9 WARNING neutron_lib.context [None req-95af3130-a40f-4425-a1ad-541230dfc119 7620809ef2024749a28251c7aaa080c6 942efc86d1144cb28bd973fc325dfec6 - - default default] Method 'is_advsvc' is deprecated since 2023.2 release (neutron-lib 3.8.0) and will be removed once support for the old RBAC API policies will be removed from Neutron. Please use method 'is_service_role' instead.
2026-05-01 02:10:02.404 9 INFO neutron.db.ovn_revision_numbers_db [None req-339625bb-59c1-427f-b43d-f68c2e5a3b0a e030986686b24837825d7f688707c6f8 c2072fa929a74d01b0585c80889d5646 - - default default] Successfully bumped revision number for resource f1db93e8-0074-4b56-8dff-0de689706110 (type: security_group_rules) to 0
2026-05-01 02:10:02.423 10 INFO neutron.wsgi [None req-a32d3b31-f765-4691-90e8-d450db03decc e030986686b24837825d7f688707c6f8 c2072fa929a74d01b0585c80889d5646 - - default default] 10.0.0.174 "GET /v2.0/subnets HTTP/1.1" status: 200 len: 1437 time: 0.0458543
2026-05-01 02:10:02.441 9 INFO neutron.wsgi [None req-339625bb-59c1-427f-b43d-f68c2e5a3b0a e030986686b24837825d7f688707c6f8 c2072fa929a74d01b0585c80889d5646 - - default default] 10.0.0.244 "GET /v2.0/security-groups?tenant_id=594493826d6b48f4be39c8486a256c73&name=default HTTP/1.1" status: 200 len: 2996 time: 0.3484538
2026-05-01 02:10:02.461 10 INFO neutron.wsgi [None req-14fab6de-6fd9-4dd4-befc-d4e11538b6b7 e030986686b24837825d7f688707c6f8 c2072fa929a74d01b0585c80889d5646 - - default default] 10.0.0.174 "GET /v2.0/floatingips HTTP/1.1" status: 200 len: 193 time: 0.0353067
2026-05-01 02:10:02.507 10 INFO neutron.services.segments.plugin [-] Segment b89a3db2-f1ff-49ce-a515-2a628a5d8458 resource provider aggregate not found
2026-05-01 02:10:02.521 10 INFO neutron.services.segments.plugin [-] Segment b89a3db2-f1ff-49ce-a515-2a628a5d8458 resource provider aggregate not found
2026-05-01 02:10:02.536 10 INFO neutron.wsgi [None req-cd9c349d-0968-4de9-8e41-6f932c56dfac e030986686b24837825d7f688707c6f8 c2072fa929a74d01b0585c80889d5646 - - default default] 10.0.0.174 "GET /v2.0/network-ip-availabilities HTTP/1.1" status: 200 len: 1815 time: 0.0740378
2026-05-01 02:10:02.556 10 INFO neutron.services.segments.plugin [-] Segment b89a3db2-f1ff-49ce-a515-2a628a5d8458 resource provider not found; error: Placement Client Error (4xx): {"errors": [{"status": 404, "title": "Not Found", "detail": "The resource could not be found.\n\n No resource provider with uuid b89a3db2-f1ff-49ce-a515-2a628a5d8458 found for delete ", "request_id": "req-5acdf034-365c-4638-88de-5321537a867b"}]}
2026-05-01 02:10:02.557 10 INFO neutron.services.segments.plugin [-] Segment b89a3db2-f1ff-49ce-a515-2a628a5d8458 resource provider not found; error: Placement Client Error (4xx): {"errors": [{"status": 404, "title": "Not Found", "detail": "The resource could not be found.\n\n No resource provider with uuid b89a3db2-f1ff-49ce-a515-2a628a5d8458 found for delete ", "request_id": "req-9b5e3c11-675e-4e6f-a0fe-ad3f481b6a9e"}]}
2026-05-01 02:10:02.578 10 INFO neutron.wsgi [None req-7b8fdb5b-e318-483f-94a3-cb88244cf5f9 e0d70744684c4ed4bad9e0c190853b9a dbc91013e4154cd5890daf97bc3ad850 - - default default] 10.0.0.244 "DELETE /v2.0/networks/072035c7-d8f4-4dfa-88e7-416e79f5b3e0 HTTP/1.1" status: 204 len: 168 time: 0.8573635
2026-05-01 02:10:02.604 10 INFO neutron.wsgi [None req-de8fd48e-ce66-4e9f-9137-88a8c68e2824 e030986686b24837825d7f688707c6f8 c2072fa929a74d01b0585c80889d5646 - - default default] 10.0.0.174 "GET /v2.0/subnets HTTP/1.1" status: 200 len: 1437 time: 0.0667558
2026-05-01 02:10:02.605 10 INFO neutron.pecan_wsgi.hooks.translation [None req-58ba8c99-1a16-4c28-90bc-b11b7ea5e95d e0d70744684c4ed4bad9e0c190853b9a dbc91013e4154cd5890daf97bc3ad850 - - default default] DELETE failed (client error): The resource could not be found.
2026-05-01 02:10:02.607 10 INFO neutron.wsgi [None req-58ba8c99-1a16-4c28-90bc-b11b7ea5e95d e0d70744684c4ed4bad9e0c190853b9a dbc91013e4154cd5890daf97bc3ad850 - - default default] 10.0.0.244 "DELETE /v2.0/subnets/7a3fc437-d93e-436e-8604-f682346d34b1 HTTP/1.1" status: 404 len: 337 time: 0.0223391
2026-05-01 02:10:02.617 10 INFO neutron.wsgi [None req-46e8be2f-3683-41d8-af65-4a5020c5ae34 e030986686b24837825d7f688707c6f8 c2072fa929a74d01b0585c80889d5646 - - default default] 10.0.0.174 "GET /v2.0/subnetpools HTTP/1.1" status: 200 len: 193 time: 0.0102654
2026-05-01 02:10:02.619 10 INFO neutron.wsgi [-] 10.0.0.25 "GET / HTTP/1.1" status: 200 len: 247 time: 0.0011926
2026-05-01 02:10:02.621 10 INFO neutron.wsgi [-] 10.0.0.25 "GET / HTTP/1.1" status: 200 len: 247 time: 0.0008984
2026-05-01 02:10:02.632 9 INFO neutron.pecan_wsgi.hooks.translation [None req-1c6d21d0-5aa0-47df-8ac9-c3444e971e80 e0d70744684c4ed4bad9e0c190853b9a dbc91013e4154cd5890daf97bc3ad850 - - default default] DELETE failed (client error): The resource could not be found.
2026-05-01 02:10:02.634 9 INFO neutron.wsgi [None req-1c6d21d0-5aa0-47df-8ac9-c3444e971e80 e0d70744684c4ed4bad9e0c190853b9a dbc91013e4154cd5890daf97bc3ad850 - - default default] 10.0.0.244 "DELETE /v2.0/subnets/d48e9651-7053-4a50-8d32-a9d7fc1a5e1a HTTP/1.1" status: 404 len: 337 time: 0.0226755 /var/lib/openstack/lib/python3.10/site-packages/pycadf/identifier.py:71: UserWarning: Invalid uuid: neutron. To ensure interoperability, identifiers should be a valid uuid. warnings.warn(('Invalid uuid: %s. To ensure interoperability, '
2026-05-01 02:10:02.666 9 INFO neutron.pecan_wsgi.hooks.translation [None req-ee025db8-a228-47c5-af5a-927038b003f9 e0d70744684c4ed4bad9e0c190853b9a dbc91013e4154cd5890daf97bc3ad850 - - default default] DELETE failed (client error): The resource could not be found.
2026-05-01 02:10:02.668 9 INFO neutron.wsgi [None req-ee025db8-a228-47c5-af5a-927038b003f9 e0d70744684c4ed4bad9e0c190853b9a dbc91013e4154cd5890daf97bc3ad850 - - default default] 10.0.0.244 "DELETE /v2.0/subnets/726cbe12-66ef-462e-b1fe-2b7f21159597 HTTP/1.1" status: 404 len: 337 time: 0.0235441
2026-05-01 02:10:02.678 9 WARNING neutron.scheduler.dhcp_agent_scheduler [None req-95af3130-a40f-4425-a1ad-541230dfc119 7620809ef2024749a28251c7aaa080c6 942efc86d1144cb28bd973fc325dfec6 - - default default] No more DHCP agents
2026-05-01 02:10:02.680 9 WARNING neutron.api.rpc.agentnotifiers.dhcp_rpc_agent_api [None req-95af3130-a40f-4425-a1ad-541230dfc119 7620809ef2024749a28251c7aaa080c6 942efc86d1144cb28bd973fc325dfec6 - - default default] Unable to schedule network cd3d66b2-295c-4b81-bb00-7c77949481f3: no agents available; will retry on subsequent port and subnet creation events.
2026-05-01 02:10:02.763 9 INFO neutron.db.ovn_revision_numbers_db [None req-95af3130-a40f-4425-a1ad-541230dfc119 7620809ef2024749a28251c7aaa080c6 942efc86d1144cb28bd973fc325dfec6 - - default default] Successfully bumped revision number for resource 0865de5d-6ff3-4bf3-b64c-9ed709da6730 (type: ports) to 1
2026-05-01 02:10:02.790 9 INFO neutron.wsgi [None req-95af3130-a40f-4425-a1ad-541230dfc119 7620809ef2024749a28251c7aaa080c6 942efc86d1144cb28bd973fc325dfec6 - - default default] 10.0.0.244 "POST /v2.0/ports HTTP/1.1" status: 201 len: 942 time: 0.4065967
2026-05-01 02:10:02.799 9 INFO neutron.wsgi [None req-6308ae35-0ec6-4ad7-903b-0af78d6c1101 e030986686b24837825d7f688707c6f8 c2072fa929a74d01b0585c80889d5646 - - default default] 10.0.0.244 "DELETE /v2.0/security-groups/f450871a-5b37-4a7d-af63-ca268e047a2b HTTP/1.1" status: 204 len: 168 time: 0.3542879 /var/lib/openstack/lib/python3.10/site-packages/pycadf/identifier.py:71: UserWarning: Invalid uuid: neutron. To ensure interoperability, identifiers should be a valid uuid. warnings.warn(('Invalid uuid: %s. To ensure interoperability, '
2026-05-01 02:10:02.803 9 WARNING neutron_lib.context [None req-ff6d0d33-69b1-4204-848b-c175b1809640 7620809ef2024749a28251c7aaa080c6 942efc86d1144cb28bd973fc325dfec6 - - default default] Method 'is_advsvc' is deprecated since 2023.2 release (neutron-lib 3.8.0) and will be removed once support for the old RBAC API policies will be removed from Neutron. Please use method 'is_service_role' instead.
2026-05-01 02:10:03.034 10 INFO neutron.wsgi [None req-ca85bc6f-14ff-4e94-99f7-24cee29c0874 e030986686b24837825d7f688707c6f8 c2072fa929a74d01b0585c80889d5646 - - default default] 10.0.0.174 "GET /v2.0/ports HTTP/1.1" status: 200 len: 7082 time: 0.4123921
2026-05-01 02:10:03.086 9 INFO neutron.wsgi [None req-ff6d0d33-69b1-4204-848b-c175b1809640 7620809ef2024749a28251c7aaa080c6 942efc86d1144cb28bd973fc325dfec6 - - default default] 10.0.0.244 "POST /v2.0/trunks HTTP/1.1" status: 201 len: 608 time: 0.2852104
2026-05-01 02:10:03.099 9 INFO neutron.db.ovn_revision_numbers_db [None req-ff286238-c7b9-433b-a122-a594e7c2d4f2 e030986686b24837825d7f688707c6f8 c2072fa929a74d01b0585c80889d5646 - - default default] Successfully bumped revision number for resource 25ab2b64-0916-4abe-a193-e1693a5ac961 (type: security_groups) to 1
2026-05-01 02:10:03.116 9 INFO neutron.db.ovn_revision_numbers_db [None req-ff286238-c7b9-433b-a122-a594e7c2d4f2 e030986686b24837825d7f688707c6f8 c2072fa929a74d01b0585c80889d5646 - - default default] Successfully bumped revision number for resource 1d6cca36-497a-4a86-a208-4a0e13c037f8 (type: security_group_rules) to 0
2026-05-01 02:10:03.132 10 INFO neutron.wsgi [None req-4b6db481-b304-4d82-85f5-daa9bded21af 7620809ef2024749a28251c7aaa080c6 942efc86d1144cb28bd973fc325dfec6 - - default default] 10.0.0.244 "PUT /v2.0/trunks/485ea84e-006a-41ae-ad30-71cccad08d45/tags HTTP/1.1" status: 200 len: 218 time: 0.0417910
2026-05-01 02:10:03.141 9 INFO neutron.db.ovn_revision_numbers_db [None req-ff286238-c7b9-433b-a122-a594e7c2d4f2 e030986686b24837825d7f688707c6f8 c2072fa929a74d01b0585c80889d5646 - - default default] Successfully bumped revision number for resource 4076e020-abad-476f-83d5-879614af571a (type: security_group_rules) to 0
2026-05-01 02:10:03.167 10 INFO neutron.wsgi [None req-cc2ebde5-a52d-4cce-8a35-ffa6afd2116c 7620809ef2024749a28251c7aaa080c6 942efc86d1144cb28bd973fc325dfec6 - - default default] 10.0.0.244 "GET /v2.0/trunks/485ea84e-006a-41ae-ad30-71cccad08d45/tags HTTP/1.1" status: 200 len: 218 time: 0.0308149
2026-05-01 02:10:03.169 9 INFO neutron.db.ovn_revision_numbers_db [None req-ff286238-c7b9-433b-a122-a594e7c2d4f2 e030986686b24837825d7f688707c6f8 c2072fa929a74d01b0585c80889d5646 - - default default] Successfully bumped revision number for resource bb3d41c9-ef24-4be3-911b-809835a1dd0f (type: security_group_rules) to 0
2026-05-01 02:10:03.183 9 INFO neutron.db.ovn_revision_numbers_db [None req-ff286238-c7b9-433b-a122-a594e7c2d4f2 e030986686b24837825d7f688707c6f8 c2072fa929a74d01b0585c80889d5646 - - default default] Successfully bumped revision number for resource f4b99b14-4284-4420-893e-84ac7173b6dd (type: security_group_rules) to 0
2026-05-01 02:10:03.201 10 INFO neutron.wsgi [None req-6ed515a5-96cd-4e63-8ff1-c7bd48cf4082 7620809ef2024749a28251c7aaa080c6 942efc86d1144cb28bd973fc325dfec6 - - default default] 10.0.0.244 "PUT /v2.0/trunks/485ea84e-006a-41ae-ad30-71cccad08d45/tags/green HTTP/1.1" status: 201 len: 201 time: 0.0303192
2026-05-01 02:10:03.207 9 INFO neutron.wsgi [None req-ff286238-c7b9-433b-a122-a594e7c2d4f2 e030986686b24837825d7f688707c6f8 c2072fa929a74d01b0585c80889d5646 - - default default] 10.0.0.244 "GET /v2.0/security-groups?tenant_id=6f86f6bbd0674cf5bbad19154386dda1&name=default HTTP/1.1" status: 200 len: 2996 time: 0.3089416
2026-05-01 02:10:03.232 9 INFO neutron.wsgi [None req-db6603dc-edad-46da-bad9-4bb9f1bc70af 7620809ef2024749a28251c7aaa080c6 942efc86d1144cb28bd973fc325dfec6 - - default default] 10.0.0.244 "GET /v2.0/trunks/485ea84e-006a-41ae-ad30-71cccad08d45/tags HTTP/1.1" status: 200 len: 227 time: 0.0212169
2026-05-01 02:10:03.259 9 INFO neutron.wsgi [None req-381ceae8-2e54-4f40-964f-0037041d07ca 7620809ef2024749a28251c7aaa080c6 942efc86d1144cb28bd973fc325dfec6 - - default default] 10.0.0.244 "PUT /v2.0/trunks/485ea84e-006a-41ae-ad30-71cccad08d45/tags/red HTTP/1.1" status: 201 len: 201 time: 0.0210092
2026-05-01 02:10:03.283 9 INFO neutron.wsgi [None req-9de3067a-f6ce-4157-8b76-0fc2011dee4c 7620809ef2024749a28251c7aaa080c6 942efc86d1144cb28bd973fc325dfec6 - - default default] 10.0.0.244 "GET /v2.0/trunks/485ea84e-006a-41ae-ad30-71cccad08d45/tags HTTP/1.1" status: 200 len: 227 time: 0.0202181
2026-05-01 02:10:03.341 9 INFO neutron.wsgi [None req-08815357-a04d-4eff-b083-cc57685e0984 7620809ef2024749a28251c7aaa080c6 942efc86d1144cb28bd973fc325dfec6 - - default default] 10.0.0.244 "PUT /v2.0/trunks/485ea84e-006a-41ae-ad30-71cccad08d45/tags/black.or.white HTTP/1.1" status: 201 len: 201 time: 0.0409274
2026-05-01 02:10:03.362 9 INFO neutron.wsgi [None req-722f783d-5fc9-4ec7-9e5f-ad2b5f43f3e5 7620809ef2024749a28251c7aaa080c6 942efc86d1144cb28bd973fc325dfec6 - - default default] 10.0.0.244 "GET /v2.0/trunks/485ea84e-006a-41ae-ad30-71cccad08d45/tags HTTP/1.1" status: 200 len: 245 time: 0.0167210
2026-05-01 02:10:03.406 9 INFO neutron.wsgi [None req-9e823e4d-703a-44a1-b567-0fd6210b5cb4 7620809ef2024749a28251c7aaa080c6 942efc86d1144cb28bd973fc325dfec6 - - default default] 10.0.0.244 "PUT /v2.0/trunks/485ea84e-006a-41ae-ad30-71cccad08d45/tags HTTP/1.1" status: 200 len: 230 time: 0.0395231
2026-05-01 02:10:03.440 9 INFO neutron.wsgi [None req-ef0934d7-9571-4292-9bea-888ecafb095a 7620809ef2024749a28251c7aaa080c6 942efc86d1144cb28bd973fc325dfec6 - - default default] 10.0.0.244 "GET /v2.0/trunks/485ea84e-006a-41ae-ad30-71cccad08d45/tags HTTP/1.1" status: 200 len: 230 time: 0.0290246
2026-05-01 02:10:03.468 9 INFO neutron.wsgi [None req-f1d10fe2-4c47-4708-a8e8-60f74a0e6885 7620809ef2024749a28251c7aaa080c6 942efc86d1144cb28bd973fc325dfec6 - - default default] 10.0.0.244 "GET /v2.0/trunks/485ea84e-006a-41ae-ad30-71cccad08d45/tags/red HTTP/1.1" status: 204 len: 168 time: 0.0222449
2026-05-01 02:10:03.469 10 INFO neutron.wsgi [None req-900b832f-f703-4552-8d67-68bed94b6781 e030986686b24837825d7f688707c6f8 c2072fa929a74d01b0585c80889d5646 - - default default] 10.0.0.244 "DELETE /v2.0/security-groups/25ab2b64-0916-4abe-a193-e1693a5ac961 HTTP/1.1" status: 204 len: 168 time: 0.2549970
2026-05-01 02:10:03.493 9 INFO neutron.api.v2.resource [None req-47819115-9610-43df-a2fd-791e1e2ea4d4 7620809ef2024749a28251c7aaa080c6 942efc86d1144cb28bd973fc325dfec6 - - default default] show failed (client error): The resource could not be found.
2026-05-01 02:10:03.495 9 INFO neutron.wsgi [None req-47819115-9610-43df-a2fd-791e1e2ea4d4 7620809ef2024749a28251c7aaa080c6 942efc86d1144cb28bd973fc325dfec6 - - default default] 10.0.0.244 "GET /v2.0/trunks/485ea84e-006a-41ae-ad30-71cccad08d45/tags/green HTTP/1.1" status: 404 len: 299 time: 0.0200033
2026-05-01 02:10:03.536 9 INFO neutron.wsgi [None req-7494de8a-fca7-4f29-bdf3-dc24b5cb4ee2 7620809ef2024749a28251c7aaa080c6 942efc86d1144cb28bd973fc325dfec6 - - default default] 10.0.0.244 "DELETE /v2.0/trunks/485ea84e-006a-41ae-ad30-71cccad08d45/tags/red HTTP/1.1" status: 204 len: 168 time: 0.0325851
2026-05-01 02:10:03.560 9 INFO neutron.wsgi [None req-aaa8f87f-3572-441e-ae9a-4aad1fd7adec 7620809ef2024749a28251c7aaa080c6 942efc86d1144cb28bd973fc325dfec6 - - default default] 10.0.0.244 "GET /v2.0/trunks/485ea84e-006a-41ae-ad30-71cccad08d45/tags HTTP/1.1" status: 200 len: 223 time: 0.0196784
2026-05-01 02:10:03.590 10 INFO neutron.api.v2.resource [None req-b94580d6-0e47-4435-a274-d54d2da8673c 7620809ef2024749a28251c7aaa080c6 942efc86d1144cb28bd973fc325dfec6 - - default default] delete failed (client error): The resource could not be found.
2026-05-01 02:10:03.592 10 INFO neutron.wsgi [None req-b94580d6-0e47-4435-a274-d54d2da8673c 7620809ef2024749a28251c7aaa080c6 942efc86d1144cb28bd973fc325dfec6 - - default default] 10.0.0.244 "DELETE /v2.0/trunks/485ea84e-006a-41ae-ad30-71cccad08d45/tags/green HTTP/1.1" status: 404 len: 299 time: 0.0241668
2026-05-01 02:10:03.633 10 INFO neutron.wsgi [None req-0140b718-878c-49c4-bba6-9332b791d873 7620809ef2024749a28251c7aaa080c6 942efc86d1144cb28bd973fc325dfec6 - - default default] 10.0.0.244 "DELETE /v2.0/trunks/485ea84e-006a-41ae-ad30-71cccad08d45/tags HTTP/1.1" status: 204 len: 168 time: 0.0366969
2026-05-01 02:10:03.660 10 INFO neutron.wsgi [None req-ac18a73e-3562-4453-beb9-4b826eb2ba91 7620809ef2024749a28251c7aaa080c6 942efc86d1144cb28bd973fc325dfec6 - - default default] 10.0.0.244 "GET /v2.0/trunks/485ea84e-006a-41ae-ad30-71cccad08d45/tags HTTP/1.1" status: 200 len: 205 time: 0.0207815
2026-05-01 02:10:03.700 10 INFO neutron.wsgi [None req-e3d9b8be-87b1-48fa-b27c-8c16ff62d18f 7620809ef2024749a28251c7aaa080c6 942efc86d1144cb28bd973fc325dfec6 - - default default] 10.0.0.244 "GET /v2.0/trunks/485ea84e-006a-41ae-ad30-71cccad08d45 HTTP/1.1" status: 200 len: 603 time: 0.0272000
2026-05-01 02:10:03.841 10 INFO neutron.wsgi [None req-0f433cbc-0a19-4e90-a7c2-10281f9ac2c1 7620809ef2024749a28251c7aaa080c6 942efc86d1144cb28bd973fc325dfec6 - - default default] 10.0.0.244 "GET /v2.0/ports/0865de5d-6ff3-4bf3-b64c-9ed709da6730 HTTP/1.1" status: 200 len: 1020 time: 0.1358058
2026-05-01 02:10:03.885 9 INFO neutron.db.ovn_revision_numbers_db [None req-a8430fe5-699c-4e1b-9797-b19f3f7e8560 e030986686b24837825d7f688707c6f8 c2072fa929a74d01b0585c80889d5646 - - default default] Successfully bumped revision number for resource 0a07fade-4506-438e-88c1-d13ab02de238 (type: security_groups) to 1
2026-05-01 02:10:03.895 9 INFO neutron.db.ovn_revision_numbers_db [None req-a8430fe5-699c-4e1b-9797-b19f3f7e8560 e030986686b24837825d7f688707c6f8 c2072fa929a74d01b0585c80889d5646 - - default default] Successfully bumped revision number for resource 29872f02-1d25-47b6-a88f-f264d9726b0b (type: security_group_rules) to 0
2026-05-01 02:10:03.917 9 INFO neutron.db.ovn_revision_numbers_db [None req-a8430fe5-699c-4e1b-9797-b19f3f7e8560 e030986686b24837825d7f688707c6f8 c2072fa929a74d01b0585c80889d5646 - - default default] Successfully bumped revision number for resource 5553cdbe-c388-457c-8819-4fda4452b242 (type: security_group_rules) to 0
2026-05-01 02:10:03.948 9 INFO neutron.db.ovn_revision_numbers_db [None req-a8430fe5-699c-4e1b-9797-b19f3f7e8560 e030986686b24837825d7f688707c6f8 c2072fa929a74d01b0585c80889d5646 - - default default] Successfully bumped revision number for resource 75411a1f-44af-4c56-a6fb-47bbf5a70538 (type: security_group_rules) to 0
2026-05-01 02:10:03.964 9 INFO neutron.db.ovn_revision_numbers_db [None req-a8430fe5-699c-4e1b-9797-b19f3f7e8560 e030986686b24837825d7f688707c6f8 c2072fa929a74d01b0585c80889d5646 - - default default] Successfully bumped revision number for resource ab0af5cd-5837-4867-98c3-23fdf9e4114e (type: security_group_rules) to 0
2026-05-01 02:10:03.980 9 INFO neutron.wsgi [None req-139a8925-0450-45b2-b2e2-b7d87e6cef9f 7620809ef2024749a28251c7aaa080c6 942efc86d1144cb28bd973fc325dfec6 - - default default] 10.0.0.244 "DELETE /v2.0/trunks/485ea84e-006a-41ae-ad30-71cccad08d45 HTTP/1.1" status: 204 len: 168 time: 0.1331229
2026-05-01 02:10:03.993 9 INFO neutron.wsgi [None req-a8430fe5-699c-4e1b-9797-b19f3f7e8560 e030986686b24837825d7f688707c6f8 c2072fa929a74d01b0585c80889d5646 - - default default] 10.0.0.244 "GET /v2.0/security-groups?tenant_id=223f27e6374c48bcad24c09936203abe&name=default HTTP/1.1" status: 200 len: 2996 time: 0.4002182
2026-05-01 02:10:04.229 10 INFO neutron.wsgi [None req-142004eb-8115-4525-8b19-ad324969aaf1 7620809ef2024749a28251c7aaa080c6 942efc86d1144cb28bd973fc325dfec6 - - default default] 10.0.0.244 "DELETE /v2.0/ports/0865de5d-6ff3-4bf3-b64c-9ed709da6730 HTTP/1.1" status: 204 len: 168 time: 0.2421608
2026-05-01 02:10:04.231 9 INFO neutron.wsgi [None req-0017b00c-ba49-495e-8d69-dfac6198c63a e030986686b24837825d7f688707c6f8 c2072fa929a74d01b0585c80889d5646 - - default default] 10.0.0.244 "DELETE /v2.0/security-groups/0a07fade-4506-438e-88c1-d13ab02de238 HTTP/1.1" status: 204 len: 168 time: 0.2332263
2026-05-01 02:10:04.373 9 INFO neutron.wsgi [None req-25ae9de9-19e6-46a3-bb70-0828477f6eb3 e030986686b24837825d7f688707c6f8 c2072fa929a74d01b0585c80889d5646 - - default default] 10.0.0.244 "GET /v2.0/security-groups?tenant_id=dbc91013e4154cd5890daf97bc3ad850&name=default HTTP/1.1" status: 200 len: 2996 time: 0.0396738
2026-05-01 02:10:04.583 10 INFO neutron.services.segments.plugin [-] Segment d41bb4f3-6403-4318-af76-f58c486e4243 resource provider aggregate not found
2026-05-01 02:10:04.592 10 INFO neutron.services.segments.plugin [-] Segment d41bb4f3-6403-4318-af76-f58c486e4243 resource provider aggregate not found
2026-05-01 02:10:04.605 10 INFO neutron.wsgi [None req-160a3928-8cc7-432a-9006-71f6cb827b4a 7620809ef2024749a28251c7aaa080c6 942efc86d1144cb28bd973fc325dfec6 - - default default] 10.0.0.244 "DELETE /v2.0/networks/cd3d66b2-295c-4b81-bb00-7c77949481f3 HTTP/1.1" status: 204 len: 168 time: 0.3692377
2026-05-01 02:10:04.607 10 INFO neutron.services.segments.plugin [-] Segment d41bb4f3-6403-4318-af76-f58c486e4243 resource provider not found; error: Placement Client Error (4xx): {"errors": [{"status": 404, "title": "Not Found", "detail": "The resource could not be found.\n\n No resource provider with uuid d41bb4f3-6403-4318-af76-f58c486e4243 found for delete ", "request_id": "req-f19dd19c-06d3-46ae-800b-e74630a1e00a"}]}
2026-05-01 02:10:04.611 10 INFO neutron.services.segments.plugin [-] Segment d41bb4f3-6403-4318-af76-f58c486e4243 resource provider not found; error: Placement Client Error (4xx): {"errors": [{"status": 404, "title": "Not Found", "detail": "The resource could not be found.\n\n No resource provider with uuid d41bb4f3-6403-4318-af76-f58c486e4243 found for delete ", "request_id": "req-fb3dd806-39d9-4ccf-b6a7-6db38d44aa89"}]}
2026-05-01 02:10:04.612 9 INFO neutron.wsgi [None req-c8ae5706-e477-490f-90c3-1e9d5b04ba29 e030986686b24837825d7f688707c6f8 c2072fa929a74d01b0585c80889d5646 - - default default] 10.0.0.244 "DELETE /v2.0/security-groups/7770caad-b559-481b-af8c-82f32096d3a4 HTTP/1.1" status: 204 len: 168 time: 0.2316649
2026-05-01 02:10:04.946 10 INFO neutron.db.ovn_revision_numbers_db [None req-b4c8d13b-dce7-414a-8c5b-8303c1db8be7 e030986686b24837825d7f688707c6f8 c2072fa929a74d01b0585c80889d5646 - - default default] Successfully bumped revision number for resource 11981a63-96a1-40b9-b99c-97ade4412904 (type: security_groups) to 1
2026-05-01 02:10:04.959 10 INFO neutron.db.ovn_revision_numbers_db [None req-b4c8d13b-dce7-414a-8c5b-8303c1db8be7 e030986686b24837825d7f688707c6f8 c2072fa929a74d01b0585c80889d5646 - - default default] Successfully bumped revision number for resource 15dd4827-2737-48b7-b3c1-6212b17a3427 (type: security_group_rules) to 0
2026-05-01 02:10:04.979 10 INFO neutron.db.ovn_revision_numbers_db [None req-b4c8d13b-dce7-414a-8c5b-8303c1db8be7 e030986686b24837825d7f688707c6f8 c2072fa929a74d01b0585c80889d5646 - - default default] Successfully bumped revision number for resource 1c2c1ac8-06b0-41b8-8cf0-2cbb337bc1eb (type: security_group_rules) to 0
2026-05-01 02:10:04.996 10 INFO neutron.db.ovn_revision_numbers_db [None req-b4c8d13b-dce7-414a-8c5b-8303c1db8be7 e030986686b24837825d7f688707c6f8 c2072fa929a74d01b0585c80889d5646 - - default default] Successfully bumped revision number for resource 93fd5e15-b151-44e0-bd72-15a666dfbcb3 (type: security_group_rules) to 0
2026-05-01 02:10:05.010 10 INFO neutron.db.ovn_revision_numbers_db [None req-b4c8d13b-dce7-414a-8c5b-8303c1db8be7 e030986686b24837825d7f688707c6f8 c2072fa929a74d01b0585c80889d5646 - - default default] Successfully bumped revision number for resource f0dc7a4c-8107-492c-8424-18e39e06c80f (type: security_group_rules) to 0
2026-05-01 02:10:05.031 10 INFO neutron.wsgi [None req-b4c8d13b-dce7-414a-8c5b-8303c1db8be7 e030986686b24837825d7f688707c6f8 c2072fa929a74d01b0585c80889d5646 - - default default] 10.0.0.244 "GET /v2.0/security-groups?tenant_id=a8f29507076347088f865afefed42257&name=default HTTP/1.1" status: 200 len: 2996 time: 0.2500660
2026-05-01 02:10:05.220 10 INFO neutron.wsgi [None req-76b3453e-60be-43bb-975a-11a9d87fd714 e030986686b24837825d7f688707c6f8 c2072fa929a74d01b0585c80889d5646 - - default default] 10.0.0.244 "DELETE /v2.0/security-groups/11981a63-96a1-40b9-b99c-97ade4412904 HTTP/1.1" status: 204 len: 168 time: 0.1830213
2026-05-01 02:10:05.599 10 INFO neutron.db.ovn_revision_numbers_db [None req-41fc82e8-db6c-4f85-81cb-d79d3df8885b e030986686b24837825d7f688707c6f8 c2072fa929a74d01b0585c80889d5646 - - default default] Successfully bumped revision number for resource a920d11e-298e-4c49-bc79-2b3517727d64 (type: security_groups) to 1
2026-05-01 02:10:05.615 10 INFO neutron.db.ovn_revision_numbers_db [None req-41fc82e8-db6c-4f85-81cb-d79d3df8885b e030986686b24837825d7f688707c6f8 c2072fa929a74d01b0585c80889d5646 - - default default] Successfully bumped revision number for resource 0be3612d-e9ff-45ba-96d4-90015b92bcc8 (type: security_group_rules) to 0
2026-05-01 02:10:05.631 10 INFO neutron.db.ovn_revision_numbers_db [None req-41fc82e8-db6c-4f85-81cb-d79d3df8885b e030986686b24837825d7f688707c6f8 c2072fa929a74d01b0585c80889d5646 - - default default] Successfully bumped revision number for resource 3b34760a-d84e-4f27-9e24-d503280a173d (type: security_group_rules) to 0
2026-05-01 02:10:05.649 10 INFO neutron.db.ovn_revision_numbers_db [None req-41fc82e8-db6c-4f85-81cb-d79d3df8885b e030986686b24837825d7f688707c6f8 c2072fa929a74d01b0585c80889d5646 - - default default] Successfully bumped revision number for resource 61a6b2ea-3d76-4a1c-a114-0784be0bd60b (type: security_group_rules) to 0
2026-05-01 02:10:05.672 10 INFO neutron.db.ovn_revision_numbers_db [None req-41fc82e8-db6c-4f85-81cb-d79d3df8885b e030986686b24837825d7f688707c6f8 c2072fa929a74d01b0585c80889d5646 - - default default] Successfully bumped revision number for resource e4e0b21d-89a2-4dc7-9224-77e4c2425255 (type: security_group_rules) to 0
2026-05-01 02:10:05.698 10 INFO neutron.wsgi [None req-41fc82e8-db6c-4f85-81cb-d79d3df8885b e030986686b24837825d7f688707c6f8 c2072fa929a74d01b0585c80889d5646 - - default default] 10.0.0.244 "GET /v2.0/security-groups?tenant_id=2bf06d2760f04275ba8b45fe5dff41d1&name=default HTTP/1.1" status: 200 len: 2996 time: 0.3565588
2026-05-01 02:10:05.943 9 INFO neutron.wsgi [None req-0c0a2cc6-6f34-4bfe-a625-b545bce6bd50 e030986686b24837825d7f688707c6f8 c2072fa929a74d01b0585c80889d5646 - - default default] 10.0.0.244 "DELETE /v2.0/security-groups/a920d11e-298e-4c49-bc79-2b3517727d64 HTTP/1.1" status: 204 len: 168 time: 0.2189422
2026-05-01 02:10:06.146 10 INFO neutron.wsgi [None req-a6fe9924-bda0-4560-970d-7f6dbfad06cf e030986686b24837825d7f688707c6f8 c2072fa929a74d01b0585c80889d5646 - - default default] 10.0.0.244 "GET /v2.0/security-groups?tenant_id=942efc86d1144cb28bd973fc325dfec6&name=default HTTP/1.1" status: 200 len: 2996 time: 0.0420184
2026-05-01 02:10:06.398 10 INFO neutron.wsgi [None req-e6d515c1-871c-4b81-8165-905675277192 e030986686b24837825d7f688707c6f8 c2072fa929a74d01b0585c80889d5646 - - default default] 10.0.0.244 "DELETE /v2.0/security-groups/86f68ae6-6512-4b00-876a-6185aabbbec9 HTTP/1.1" status: 204 len: 168 time: 0.2467263
2026-05-01 02:10:09.239 10 WARNING neutron_lib.context [None req-db133b42-9e13-45e5-a785-1b0734945675 ecbc2f3a18f0459a9fe91dddea98f501 50fd8b8062034af9b3583c07c6b07f61 - - default default] Method 'is_advsvc' is deprecated since 2023.2 release (neutron-lib 3.8.0) and will be removed once support for the old RBAC API policies will be removed from Neutron. Please use method 'is_service_role' instead.
2026-05-01 02:10:09.380 10 INFO neutron.db.ovn_revision_numbers_db [None req-db133b42-9e13-45e5-a785-1b0734945675 ecbc2f3a18f0459a9fe91dddea98f501 50fd8b8062034af9b3583c07c6b07f61 - - default default] Successfully bumped revision number for resource 4820611f-7324-4732-902b-b75b500fdf83 (type: security_groups) to 1
2026-05-01 02:10:09.394 10 INFO neutron.db.ovn_revision_numbers_db [None req-db133b42-9e13-45e5-a785-1b0734945675 ecbc2f3a18f0459a9fe91dddea98f501 50fd8b8062034af9b3583c07c6b07f61 - - default default] Successfully bumped revision number for resource 21c71da7-a623-4a5b-b15d-59b4c1a75490 (type: security_group_rules) to 0
2026-05-01 02:10:09.407 10 INFO neutron.db.ovn_revision_numbers_db [None req-db133b42-9e13-45e5-a785-1b0734945675 ecbc2f3a18f0459a9fe91dddea98f501 50fd8b8062034af9b3583c07c6b07f61 - - default default] Successfully bumped revision number for resource 308016c8-1639-4e3f-800d-ccc194d4283a (type: security_group_rules) to 0
2026-05-01 02:10:09.423 10 INFO neutron.db.ovn_revision_numbers_db [None req-db133b42-9e13-45e5-a785-1b0734945675 ecbc2f3a18f0459a9fe91dddea98f501 50fd8b8062034af9b3583c07c6b07f61 - - default default] Successfully bumped revision number for resource 9eb0f21b-5edc-4072-bb82-315c365217b0 (type: security_group_rules) to 0
2026-05-01 02:10:09.437 10 INFO neutron.db.ovn_revision_numbers_db [None req-db133b42-9e13-45e5-a785-1b0734945675 ecbc2f3a18f0459a9fe91dddea98f501 50fd8b8062034af9b3583c07c6b07f61 - - default default] Successfully bumped revision number for resource d819b6c7-bd6e-4f12-84ab-0b2d4afcdfed (type: security_group_rules) to 0
2026-05-01 02:10:09.498 10 INFO neutron.db.segments_db [None req-db133b42-9e13-45e5-a785-1b0734945675 ecbc2f3a18f0459a9fe91dddea98f501 50fd8b8062034af9b3583c07c6b07f61 - - default default] Added segment a588eed7-692b-41e4-809d-6c1622553437 of type geneve for network 5d6a0996-e9cf-488f-8930-ec55b4259d44
2026-05-01 02:10:09.659 10 INFO neutron.db.ovn_revision_numbers_db [None req-db133b42-9e13-45e5-a785-1b0734945675 ecbc2f3a18f0459a9fe91dddea98f501 50fd8b8062034af9b3583c07c6b07f61 - - default default] Successfully bumped revision number for resource 5d6a0996-e9cf-488f-8930-ec55b4259d44 (type: networks) to 1
2026-05-01 02:10:09.718 9 WARNING neutron_lib.context [None req-67613106-efce-41d7-891d-5419812530f6 741caf3b324545a182e2524eedf1cea3 e1fac7d76b854918af63505dbc8d1602 - - default default] Method 'is_advsvc' is deprecated since 2023.2 release (neutron-lib 3.8.0) and will be removed once support for the old RBAC API policies will be removed from Neutron. Please use method 'is_service_role' instead.
2026-05-01 02:10:09.850 9 INFO neutron.db.ovn_revision_numbers_db [None req-67613106-efce-41d7-891d-5419812530f6 741caf3b324545a182e2524eedf1cea3 e1fac7d76b854918af63505dbc8d1602 - - default default] Successfully bumped revision number for resource a3deaacd-6532-47f7-8640-25970faaa939 (type: security_groups) to 1
2026-05-01 02:10:09.865 9 INFO neutron.db.ovn_revision_numbers_db [None req-67613106-efce-41d7-891d-5419812530f6 741caf3b324545a182e2524eedf1cea3 e1fac7d76b854918af63505dbc8d1602 - - default default] Successfully bumped revision number for resource 1d261c89-7980-47c5-9340-928e05ff0dea (type: security_group_rules) to 0
2026-05-01 02:10:09.881 9 INFO neutron.db.ovn_revision_numbers_db [None req-67613106-efce-41d7-891d-5419812530f6 741caf3b324545a182e2524eedf1cea3 e1fac7d76b854918af63505dbc8d1602 - - default default] Successfully bumped revision number for resource 55376d9d-ec3f-4fb6-9254-163964d3d20a (type: security_group_rules) to 0
2026-05-01 02:10:09.898 9 INFO neutron.db.ovn_revision_numbers_db [None req-67613106-efce-41d7-891d-5419812530f6 741caf3b324545a182e2524eedf1cea3 e1fac7d76b854918af63505dbc8d1602 - - default default] Successfully bumped revision number for resource 5e8b6db6-4a61-466f-8888-556eb3d4455f (type: security_group_rules) to 0
2026-05-01 02:10:09.913 10 WARNING neutron.scheduler.dhcp_agent_scheduler [None req-db133b42-9e13-45e5-a785-1b0734945675 ecbc2f3a18f0459a9fe91dddea98f501 50fd8b8062034af9b3583c07c6b07f61 - - default default] No more DHCP agents
2026-05-01 02:10:09.914 9 INFO neutron.db.ovn_revision_numbers_db [None req-67613106-efce-41d7-891d-5419812530f6 741caf3b324545a182e2524eedf1cea3 e1fac7d76b854918af63505dbc8d1602 - - default default] Successfully bumped revision number for resource fd54ded3-1dbf-44e4-a486-2f5bed0ff203 (type: security_group_rules) to 0
2026-05-01 02:10:09.917 10 WARNING neutron.api.rpc.agentnotifiers.dhcp_rpc_agent_api [None req-db133b42-9e13-45e5-a785-1b0734945675 ecbc2f3a18f0459a9fe91dddea98f501 50fd8b8062034af9b3583c07c6b07f61 - - default default] Unable to schedule network 5d6a0996-e9cf-488f-8930-ec55b4259d44: no agents available; will retry on subsequent port and subnet creation events.
2026-05-01 02:10:10.017 9 INFO neutron.db.segments_db [None req-67613106-efce-41d7-891d-5419812530f6 741caf3b324545a182e2524eedf1cea3 e1fac7d76b854918af63505dbc8d1602 - - default default] Added segment 229d4550-f673-41bc-baf5-f93ada19c031 of type geneve for network e6ee29ee-590a-4edd-99de-38bdf9d0dec7
2026-05-01 02:10:10.033 10 INFO neutron.db.ovn_revision_numbers_db [None req-db133b42-9e13-45e5-a785-1b0734945675 ecbc2f3a18f0459a9fe91dddea98f501 50fd8b8062034af9b3583c07c6b07f61 - - default default] Successfully bumped revision number for resource 2e60ee5b-54ae-4bcd-9506-23e2d9b47e8b (type: ports) to 1
2026-05-01 02:10:10.056 10 INFO neutron.wsgi [None req-db133b42-9e13-45e5-a785-1b0734945675 ecbc2f3a18f0459a9fe91dddea98f501 50fd8b8062034af9b3583c07c6b07f61 - - default default] 10.0.0.244 "POST /v2.0/networks HTTP/1.1" status: 201 len: 838 time: 0.9783392
2026-05-01 02:10:10.068 10 WARNING neutron_lib.context [None req-9a19164c-945c-4944-bdeb-a27dc2ad5e5d ecbc2f3a18f0459a9fe91dddea98f501 50fd8b8062034af9b3583c07c6b07f61 - - default default] Method 'is_advsvc' is deprecated since 2023.2 release (neutron-lib 3.8.0) and will be removed once support for the old RBAC API policies will be removed from Neutron. Please use method 'is_service_role' instead.
2026-05-01 02:10:10.163 9 INFO neutron.db.ovn_revision_numbers_db [None req-67613106-efce-41d7-891d-5419812530f6 741caf3b324545a182e2524eedf1cea3 e1fac7d76b854918af63505dbc8d1602 - - default default] Successfully bumped revision number for resource e6ee29ee-590a-4edd-99de-38bdf9d0dec7 (type: networks) to 1
2026-05-01 02:10:10.293 10 WARNING neutron.scheduler.dhcp_agent_scheduler [None req-9a19164c-945c-4944-bdeb-a27dc2ad5e5d ecbc2f3a18f0459a9fe91dddea98f501 50fd8b8062034af9b3583c07c6b07f61 - - default default] No more DHCP agents
2026-05-01 02:10:10.295 10 WARNING neutron.api.rpc.agentnotifiers.dhcp_rpc_agent_api [None req-9a19164c-945c-4944-bdeb-a27dc2ad5e5d ecbc2f3a18f0459a9fe91dddea98f501 50fd8b8062034af9b3583c07c6b07f61 - - default default] Unable to schedule network 5d6a0996-e9cf-488f-8930-ec55b4259d44: no agents available; will retry on subsequent port and subnet creation events.
2026-05-01 02:10:10.333 9 WARNING neutron.scheduler.dhcp_agent_scheduler [None req-67613106-efce-41d7-891d-5419812530f6 741caf3b324545a182e2524eedf1cea3 e1fac7d76b854918af63505dbc8d1602 - - default default] No more DHCP agents
2026-05-01 02:10:10.335 9 WARNING neutron.api.rpc.agentnotifiers.dhcp_rpc_agent_api [None req-67613106-efce-41d7-891d-5419812530f6 741caf3b324545a182e2524eedf1cea3 e1fac7d76b854918af63505dbc8d1602 - - default default] Unable to schedule network e6ee29ee-590a-4edd-99de-38bdf9d0dec7: no agents available; will retry on subsequent port and subnet creation events.
2026-05-01 02:10:10.418 9 INFO neutron.db.ovn_revision_numbers_db [None req-67613106-efce-41d7-891d-5419812530f6 741caf3b324545a182e2524eedf1cea3 e1fac7d76b854918af63505dbc8d1602 - - default default] Successfully bumped revision number for resource b1c9ecf0-1d63-45e3-84d1-7af24f6cad9c (type: ports) to 1
2026-05-01 02:10:10.441 9 INFO neutron.wsgi [None req-67613106-efce-41d7-891d-5419812530f6 741caf3b324545a182e2524eedf1cea3 e1fac7d76b854918af63505dbc8d1602 - - default default] 10.0.0.244 "POST /v2.0/networks HTTP/1.1" status: 201 len: 831 time: 0.7722344
2026-05-01 02:10:10.451 9 WARNING neutron_lib.context [None req-d6715f6f-b758-4aa3-af0b-10e0cab723b9 741caf3b324545a182e2524eedf1cea3 e1fac7d76b854918af63505dbc8d1602 - - default default] Method 'is_advsvc' is deprecated since 2023.2 release (neutron-lib 3.8.0) and will be removed once support for the old RBAC API policies will be removed from Neutron. Please use method 'is_service_role' instead.
2026-05-01 02:10:10.694 9 WARNING neutron.scheduler.dhcp_agent_scheduler [None req-d6715f6f-b758-4aa3-af0b-10e0cab723b9 741caf3b324545a182e2524eedf1cea3 e1fac7d76b854918af63505dbc8d1602 - - default default] No more DHCP agents
2026-05-01 02:10:10.698 9 WARNING neutron.api.rpc.agentnotifiers.dhcp_rpc_agent_api [None req-d6715f6f-b758-4aa3-af0b-10e0cab723b9 741caf3b324545a182e2524eedf1cea3 e1fac7d76b854918af63505dbc8d1602 - - default default] Unable to schedule network e6ee29ee-590a-4edd-99de-38bdf9d0dec7: no agents available; will retry on subsequent port and subnet creation events.
2026-05-01 02:10:10.816 10 INFO neutron.db.ovn_revision_numbers_db [None req-9a19164c-945c-4944-bdeb-a27dc2ad5e5d ecbc2f3a18f0459a9fe91dddea98f501 50fd8b8062034af9b3583c07c6b07f61 - - default default] Successfully bumped revision number for resource 2e60ee5b-54ae-4bcd-9506-23e2d9b47e8b (type: ports) to 2
2026-05-01 02:10:10.854 10 INFO neutron.db.ovn_revision_numbers_db [None req-9a19164c-945c-4944-bdeb-a27dc2ad5e5d ecbc2f3a18f0459a9fe91dddea98f501 50fd8b8062034af9b3583c07c6b07f61 - - default default] Successfully bumped revision number for resource d9ea3627-d6d9-4f7b-a843-2dfb8be4f2dd (type: subnets) to 0
2026-05-01 02:10:10.870 10 INFO neutron.wsgi [None req-9a19164c-945c-4944-bdeb-a27dc2ad5e5d ecbc2f3a18f0459a9fe91dddea98f501 50fd8b8062034af9b3583c07c6b07f61 - - default default] 10.0.0.244 "POST /v2.0/subnets HTTP/1.1" status: 201 len: 833 time: 0.8065782
2026-05-01 02:10:10.933 10 INFO neutron.wsgi [None req-bbf5c9ce-e951-488c-ab5b-afd1b5a788a1 6c365c2f6b784574aa07a74bc3b4860d 8f59bab7a74745a59ac12021d8942e93 - - default default] 10.0.0.244 "GET /v2.0/subnetpools?name=shared-default-subnetpool-v6 HTTP/1.1" status: 200 len: 212 time: 0.0573547
2026-05-01 02:10:10.943 10 WARNING neutron_lib.context [None req-77f8aa09-1bf8-4ff1-9e9e-1a1bb2c14f93 ecbc2f3a18f0459a9fe91dddea98f501 50fd8b8062034af9b3583c07c6b07f61 - - default default] Method 'is_advsvc' is deprecated since 2023.2 release (neutron-lib 3.8.0) and will be removed once support for the old RBAC API policies will be removed from Neutron. Please use method 'is_service_role' instead.
2026-05-01 02:10:11.197 10 WARNING neutron.scheduler.dhcp_agent_scheduler [None req-77f8aa09-1bf8-4ff1-9e9e-1a1bb2c14f93 ecbc2f3a18f0459a9fe91dddea98f501 50fd8b8062034af9b3583c07c6b07f61 - - default default] No more DHCP agents
2026-05-01 02:10:11.199 10 WARNING neutron.api.rpc.agentnotifiers.dhcp_rpc_agent_api [None req-77f8aa09-1bf8-4ff1-9e9e-1a1bb2c14f93 ecbc2f3a18f0459a9fe91dddea98f501 50fd8b8062034af9b3583c07c6b07f61 - - default default] Unable to schedule network 5d6a0996-e9cf-488f-8930-ec55b4259d44: no agents available; will retry on subsequent port and subnet creation events.
2026-05-01 02:10:11.435 10 INFO neutron.db.ovn_revision_numbers_db [None req-77f8aa09-1bf8-4ff1-9e9e-1a1bb2c14f93 ecbc2f3a18f0459a9fe91dddea98f501 50fd8b8062034af9b3583c07c6b07f61 - - default default] Successfully bumped revision number for resource 9a4da3cc-2af9-4cea-a878-66adb52c177a (type: subnets) to 0
2026-05-01 02:10:11.450 10 INFO neutron.wsgi [None req-77f8aa09-1bf8-4ff1-9e9e-1a1bb2c14f93 ecbc2f3a18f0459a9fe91dddea98f501 50fd8b8062034af9b3583c07c6b07f61 - - default default] 10.0.0.244 "POST /v2.0/subnets HTTP/1.1" status: 201 len: 907 time: 0.5124860
