2026-05-01 02:07:39.035 9 INFO neutron.wsgi [req-be63fc18-07ca-4424-9bff-32f366a008f2 req-b47c63bf-5453-448b-a3cf-edd6e25194d4 87163bbfd21a4d55bdac7665732d041b cf90d099ee154ab487c542b3cadf9956 - - default default] 10.0.0.19 "GET /v2.0/security-groups?id=bc13bebd-341c-4882-87d9-091e73a86277&fields=id&fields=name HTTP/1.1" status: 200 len: 312 time: 0.0341198
2026-05-01 02:07:39.050 9 INFO neutron.wsgi [None req-39eb5ada-f223-4240-a5aa-c37da3cfb50a 90f31e4489fb40a2b6428d01c8f71755 4e5be93fe64b484093b50846f24ea902 - - default default] 10.0.0.244 "POST /v2.0/subnets HTTP/1.1" status: 201 len: 816 time: 0.8792133
2026-05-01 02:07:39.061 9 WARNING neutron_lib.context [None req-f5f019d6-1c95-45c3-af77-6fb1b63fcd5e 90f31e4489fb40a2b6428d01c8f71755 4e5be93fe64b484093b50846f24ea902 - - default default] Method 'is_advsvc' is deprecated since 2023.2 release (neutron-lib 3.8.0) and will be removed once support for the old RBAC API policies will be removed from Neutron. Please use method 'is_service_role' instead.
2026-05-01 02:07:39.084 10 INFO neutron.wsgi [req-97410ddc-3133-4c0c-b41f-73f1064c5cce req-31ecaac4-3aed-45f6-85d8-c8e9c1a0b32a bdee89af079f4190a6e38113d83a464b 0eb0ed8e042f424abd6c9a83c4e0b0e0 - - 47cc34d411aa4a3ab8f0d3390e3f1bb0 47cc34d411aa4a3ab8f0d3390e3f1bb0] 199.204.45.140 "GET /v2.0/floatingips?fixed_ip_address=10.100.0.12&port_id=2de5b18b-7641-444d-9d6d-32a0e55b66df HTTP/1.1" status: 200 len: 1060 time: 0.0621364
2026-05-01 02:07:39.134 10 INFO neutron.wsgi [req-97410ddc-3133-4c0c-b41f-73f1064c5cce req-9ad53c49-76a7-4326-a2fa-dfdef3c472bd bdee89af079f4190a6e38113d83a464b 0eb0ed8e042f424abd6c9a83c4e0b0e0 - - 47cc34d411aa4a3ab8f0d3390e3f1bb0 47cc34d411aa4a3ab8f0d3390e3f1bb0] 199.204.45.140 "GET /v2.0/subnets?id=43d21951-62cb-4844-830d-6d2a6d7ffecc HTTP/1.1" status: 200 len: 868 time: 0.0419362
2026-05-01 02:07:39.149 9 INFO neutron.db.segments_db [None req-f5f019d6-1c95-45c3-af77-6fb1b63fcd5e 90f31e4489fb40a2b6428d01c8f71755 4e5be93fe64b484093b50846f24ea902 - - default default] Added segment d9fb6127-9905-42a9-89f2-958f063e2e2c of type geneve for network fa7159ab-3b2d-47d5-a14c-c9da2082a558 /var/lib/openstack/lib/python3.10/site-packages/pycadf/identifier.py:71: UserWarning: Invalid uuid: neutron. To ensure interoperability, identifiers should be a valid uuid. warnings.warn(('Invalid uuid: %s. To ensure interoperability, '
2026-05-01 02:07:39.176 10 INFO neutron.wsgi [None req-47028dbd-3cd7-41b6-8502-aff77c947c35 b1021769a8a0426bb2cb725854232cd7 250e8b50ff5e4717ae5fcabcc9e86d51 - - default default] 10.0.0.244 "PUT /v2.0/routers/db0fbfcc-1bc1-4305-9abe-b6c20c4fa299/remove_router_interface HTTP/1.1" status: 200 len: 503 time: 1.4408581
2026-05-01 02:07:39.185 10 INFO neutron.wsgi [req-97410ddc-3133-4c0c-b41f-73f1064c5cce req-8a9577e6-2e42-4d8b-8db9-01d413f92d6e bdee89af079f4190a6e38113d83a464b 0eb0ed8e042f424abd6c9a83c4e0b0e0 - - 47cc34d411aa4a3ab8f0d3390e3f1bb0 47cc34d411aa4a3ab8f0d3390e3f1bb0] 199.204.45.140 "GET /v2.0/ports?network_id=3c3c0cde-9eb5-4b7a-818b-a4232e64bea1&device_owner=network%3Adhcp HTTP/1.1" status: 200 len: 210 time: 0.0277867
2026-05-01 02:07:39.252 10 INFO neutron.wsgi [req-97410ddc-3133-4c0c-b41f-73f1064c5cce req-9be6aac1-073d-4ada-9765-b7d4f157c7ce bdee89af079f4190a6e38113d83a464b 0eb0ed8e042f424abd6c9a83c4e0b0e0 - - 47cc34d411aa4a3ab8f0d3390e3f1bb0 47cc34d411aa4a3ab8f0d3390e3f1bb0] 199.204.45.140 "GET /v2.0/networks/3c3c0cde-9eb5-4b7a-818b-a4232e64bea1?fields=segments HTTP/1.1" status: 200 len: 212 time: 0.0615647
2026-05-01 02:07:39.332 10 INFO neutron.wsgi [req-7371595f-ab3e-444c-88ce-d3a91f1e51a8 req-b79ba0c1-3ac2-43ba-806b-fc644d7ecd73 87163bbfd21a4d55bdac7665732d041b cf90d099ee154ab487c542b3cadf9956 - - default default] 10.0.0.19 "GET /v2.0/ports?device_id=5f393f74-2c38-4325-a755-64810891fcc8 HTTP/1.1" status: 200 len: 1174 time: 0.0568030
2026-05-01 02:07:39.336 10 INFO neutron.plugins.ml2.drivers.ovn.mech_driver.mech_driver [None req-baefa63a-eed7-45ab-ae84-ad67a725750a - - - - - -] OVN reports status down for port: 2de5b18b-7641-444d-9d6d-32a0e55b66df
2026-05-01 02:07:39.379 9 INFO neutron.db.ovn_revision_numbers_db [None req-f5f019d6-1c95-45c3-af77-6fb1b63fcd5e 90f31e4489fb40a2b6428d01c8f71755 4e5be93fe64b484093b50846f24ea902 - - default default] Successfully bumped revision number for resource fa7159ab-3b2d-47d5-a14c-c9da2082a558 (type: networks) to 1
2026-05-01 02:07:39.379 10 INFO neutron.wsgi [req-97410ddc-3133-4c0c-b41f-73f1064c5cce req-64f28e9a-d9dc-4852-a4d5-abb3cf81a38a bdee89af079f4190a6e38113d83a464b 0eb0ed8e042f424abd6c9a83c4e0b0e0 - - 47cc34d411aa4a3ab8f0d3390e3f1bb0 47cc34d411aa4a3ab8f0d3390e3f1bb0] 199.204.45.140 "GET /v2.0/networks/3c3c0cde-9eb5-4b7a-818b-a4232e64bea1?fields=provider%3Aphysical_network&fields=provider%3Anetwork_type HTTP/1.1" status: 200 len: 277 time: 0.1226540
2026-05-01 02:07:39.384 9 INFO neutron.db.ovn_revision_numbers_db [None req-91a90582-c004-48a9-bbad-e14ab484cffc e030986686b24837825d7f688707c6f8 c2072fa929a74d01b0585c80889d5646 - - default default] Successfully bumped revision number for resource b1b62062-df17-4420-b652-e664254aa7a8 (type: security_groups) to 1
2026-05-01 02:07:39.409 10 INFO neutron.wsgi [req-7371595f-ab3e-444c-88ce-d3a91f1e51a8 req-563c5195-8c9f-4d73-bf2d-c5b40b04d8bf 87163bbfd21a4d55bdac7665732d041b cf90d099ee154ab487c542b3cadf9956 - - default default] 10.0.0.19 "GET /v2.0/security-groups?id=bc13bebd-341c-4882-87d9-091e73a86277&fields=id&fields=name HTTP/1.1" status: 200 len: 312 time: 0.0681260
2026-05-01 02:07:39.409 9 INFO neutron.db.ovn_revision_numbers_db [None req-91a90582-c004-48a9-bbad-e14ab484cffc e030986686b24837825d7f688707c6f8 c2072fa929a74d01b0585c80889d5646 - - default default] Successfully bumped revision number for resource 132c7e29-2ccc-40f0-b9a5-ba3feb9943d6 (type: security_group_rules) to 0
2026-05-01 02:07:39.463 9 INFO neutron.db.ovn_revision_numbers_db [None req-91a90582-c004-48a9-bbad-e14ab484cffc e030986686b24837825d7f688707c6f8 c2072fa929a74d01b0585c80889d5646 - - default default] Successfully bumped revision number for resource 21d385d6-dab5-4b0f-bb4b-70e5ae8b46fd (type: security_group_rules) to 0
2026-05-01 02:07:39.499 9 INFO neutron.db.ovn_revision_numbers_db [None req-91a90582-c004-48a9-bbad-e14ab484cffc e030986686b24837825d7f688707c6f8 c2072fa929a74d01b0585c80889d5646 - - default default] Successfully bumped revision number for resource 8279b024-b2fe-4fc5-b8f5-7405e6c32423 (type: security_group_rules) to 0
2026-05-01 02:07:39.533 9 INFO neutron.db.ovn_revision_numbers_db [None req-91a90582-c004-48a9-bbad-e14ab484cffc e030986686b24837825d7f688707c6f8 c2072fa929a74d01b0585c80889d5646 - - default default] Successfully bumped revision number for resource c078bc47-df95-465c-9168-427607b84820 (type: security_group_rules) to 0
2026-05-01 02:07:39.594 9 INFO neutron.wsgi [None req-91a90582-c004-48a9-bbad-e14ab484cffc e030986686b24837825d7f688707c6f8 c2072fa929a74d01b0585c80889d5646 - - default default] 10.0.0.244 "GET /v2.0/security-groups?tenant_id=ba2d4cab569845a7ad4c0f9a7c710429&name=default HTTP/1.1" status: 200 len: 2996 time: 0.6966856
2026-05-01 02:07:39.596 9 WARNING neutron.plugins.ml2.drivers.ovn.mech_driver.ovsdb.ovn_client [None req-f8365007-44bd-46bf-ac2c-cb7d65cf516d - - - - - -] No port found with ID 5b44eccf-3d99-42b3-81ea-8980f1ae6c94: RuntimeError: No port found with ID 5b44eccf-3d99-42b3-81ea-8980f1ae6c94
2026-05-01 02:07:39.691 10 INFO neutron.wsgi [req-ac9c2178-2d6e-4b93-b6e8-db7a29e75019 req-040683ba-13fe-4e44-a335-9147ca4276c1 87163bbfd21a4d55bdac7665732d041b cf90d099ee154ab487c542b3cadf9956 - - default default] 199.204.45.140 "GET /v2.0/ports?device_id=5f393f74-2c38-4325-a755-64810891fcc8 HTTP/1.1" status: 200 len: 1172 time: 0.0619414
2026-05-01 02:07:39.722 9 WARNING neutron.scheduler.dhcp_agent_scheduler [None req-f5f019d6-1c95-45c3-af77-6fb1b63fcd5e 90f31e4489fb40a2b6428d01c8f71755 4e5be93fe64b484093b50846f24ea902 - - default default] No more DHCP agents
2026-05-01 02:07:39.725 9 WARNING neutron.api.rpc.agentnotifiers.dhcp_rpc_agent_api [None req-f5f019d6-1c95-45c3-af77-6fb1b63fcd5e 90f31e4489fb40a2b6428d01c8f71755 4e5be93fe64b484093b50846f24ea902 - - default default] Unable to schedule network fa7159ab-3b2d-47d5-a14c-c9da2082a558: no agents available; will retry on subsequent port and subnet creation events.
2026-05-01 02:07:39.733 10 INFO neutron.db.ovn_revision_numbers_db [None req-baefa63a-eed7-45ab-ae84-ad67a725750a - - - - - -] Successfully bumped revision number for resource 2de5b18b-7641-444d-9d6d-32a0e55b66df (type: ports) to 5
2026-05-01 02:07:39.829 9 INFO neutron.db.ovn_revision_numbers_db [None req-f5f019d6-1c95-45c3-af77-6fb1b63fcd5e 90f31e4489fb40a2b6428d01c8f71755 4e5be93fe64b484093b50846f24ea902 - - default default] Successfully bumped revision number for resource eaaf27b9-8a0c-4e7f-9305-d51ba40bc445 (type: ports) to 1
2026-05-01 02:07:39.858 9 INFO neutron.wsgi [None req-f5f019d6-1c95-45c3-af77-6fb1b63fcd5e 90f31e4489fb40a2b6428d01c8f71755 4e5be93fe64b484093b50846f24ea902 - - default default] 10.0.0.244 "POST /v2.0/networks HTTP/1.1" status: 201 len: 843 time: 0.8024130 /var/lib/openstack/lib/python3.10/site-packages/pycadf/identifier.py:71: UserWarning: Invalid uuid: neutron. To ensure interoperability, identifiers should be a valid uuid. warnings.warn(('Invalid uuid: %s. To ensure interoperability, '
2026-05-01 02:07:40.078 10 INFO neutron.wsgi [None req-30f0072e-8812-4fcd-957f-36ac99cdd4c2 e030986686b24837825d7f688707c6f8 c2072fa929a74d01b0585c80889d5646 - - default default] 10.0.0.244 "DELETE /v2.0/security-groups/b1b62062-df17-4420-b652-e664254aa7a8 HTTP/1.1" status: 204 len: 168 time: 0.4769263
2026-05-01 02:07:40.235 10 INFO neutron.db.ovn_revision_numbers_db [None req-2ab584d1-b9ea-4203-a773-f0d1d99779d4 90f31e4489fb40a2b6428d01c8f71755 4e5be93fe64b484093b50846f24ea902 - - default default] Successfully bumped revision number for resource fa7159ab-3b2d-47d5-a14c-c9da2082a558 (type: networks) to 2
2026-05-01 02:07:40.239 10 INFO neutron.wsgi [None req-2ab584d1-b9ea-4203-a773-f0d1d99779d4 90f31e4489fb40a2b6428d01c8f71755 4e5be93fe64b484093b50846f24ea902 - - default default] 10.0.0.244 "PUT /v2.0/networks/fa7159ab-3b2d-47d5-a14c-c9da2082a558 HTTP/1.1" status: 200 len: 792 time: 0.3727970 /var/lib/openstack/lib/python3.10/site-packages/pycadf/identifier.py:71: UserWarning: Invalid uuid: neutron. To ensure interoperability, identifiers should be a valid uuid. warnings.warn(('Invalid uuid: %s. To ensure interoperability, '
2026-05-01 02:07:40.259 9 WARNING neutron_lib.context [None req-74ca113c-f584-4223-912f-cb6b9b3bfe12 90f31e4489fb40a2b6428d01c8f71755 4e5be93fe64b484093b50846f24ea902 - - default default] Method 'is_advsvc' is deprecated since 2023.2 release (neutron-lib 3.8.0) and will be removed once support for the old RBAC API policies will be removed from Neutron. Please use method 'is_service_role' instead.
2026-05-01 02:07:40.263 10 INFO neutron.db.l3_db [req-ac9c2178-2d6e-4b93-b6e8-db7a29e75019 req-34c3f8e6-d308-47d1-bbbd-4f5d125f7576 87163bbfd21a4d55bdac7665732d041b cf90d099ee154ab487c542b3cadf9956 - - default default] Floating IP 8e3b171c-eee7-4537-ac79-3d0c16e974e5 disassociated. External IP: 10.96.250.214, port: 2de5b18b-7641-444d-9d6d-32a0e55b66df.
2026-05-01 02:07:40.349 9 INFO neutron.wsgi [None req-7f208d6b-90a8-40d4-8d27-d197198b7f6a b1021769a8a0426bb2cb725854232cd7 250e8b50ff5e4717ae5fcabcc9e86d51 - - default default] 10.0.0.244 "DELETE /v2.0/routers/db0fbfcc-1bc1-4305-9abe-b6c20c4fa299 HTTP/1.1" status: 204 len: 168 time: 1.1649237
2026-05-01 02:07:40.388 10 INFO neutron.db.ovn_revision_numbers_db [None req-2b69b53a-42c0-43e5-bf8b-ae5f8c7edbc5 e030986686b24837825d7f688707c6f8 c2072fa929a74d01b0585c80889d5646 - - default default] Successfully bumped revision number for resource 83127aba-2475-4751-a9e8-a4898ec5a67b (type: security_groups) to 1
2026-05-01 02:07:40.419 10 INFO neutron.db.ovn_revision_numbers_db [None req-2b69b53a-42c0-43e5-bf8b-ae5f8c7edbc5 e030986686b24837825d7f688707c6f8 c2072fa929a74d01b0585c80889d5646 - - default default] Successfully bumped revision number for resource 1e15ea81-9786-44a6-b9e0-06b513a30af9 (type: security_group_rules) to 0
2026-05-01 02:07:40.452 10 INFO neutron.db.ovn_revision_numbers_db [None req-2b69b53a-42c0-43e5-bf8b-ae5f8c7edbc5 e030986686b24837825d7f688707c6f8 c2072fa929a74d01b0585c80889d5646 - - default default] Successfully bumped revision number for resource 5bf03f0e-2550-4a12-9bf6-ecc673c43b6f (type: security_group_rules) to 0
2026-05-01 02:07:40.478 10 INFO neutron.db.ovn_revision_numbers_db [None req-2b69b53a-42c0-43e5-bf8b-ae5f8c7edbc5 e030986686b24837825d7f688707c6f8 c2072fa929a74d01b0585c80889d5646 - - default default] Successfully bumped revision number for resource d33ede86-f1c2-4640-96aa-8e6566580971 (type: security_group_rules) to 0 /var/lib/openstack/lib/python3.10/site-packages/pycadf/identifier.py:71: UserWarning: Invalid uuid: neutron. To ensure interoperability, identifiers should be a valid uuid. warnings.warn(('Invalid uuid: %s. To ensure interoperability, '
2026-05-01 02:07:40.486 10 INFO neutron.wsgi [req-ac9c2178-2d6e-4b93-b6e8-db7a29e75019 req-34c3f8e6-d308-47d1-bbbd-4f5d125f7576 87163bbfd21a4d55bdac7665732d041b cf90d099ee154ab487c542b3cadf9956 - - default default] 199.204.45.140 "DELETE /v2.0/ports/2de5b18b-7641-444d-9d6d-32a0e55b66df HTTP/1.1" status: 204 len: 173 time: 0.7900999
2026-05-01 02:07:40.496 9 INFO neutron.wsgi [req-9804cbda-16e4-4462-93b5-cb43a7e51578 req-7d4c70a5-7c54-4c71-9466-6c9855ae9061 87163bbfd21a4d55bdac7665732d041b cf90d099ee154ab487c542b3cadf9956 - - default default] 10.0.0.19 "GET /v2.0/ports?device_id=5f393f74-2c38-4325-a755-64810891fcc8 HTTP/1.1" status: 200 len: 210 time: 0.0202453
2026-05-01 02:07:40.498 10 INFO neutron.db.ovn_revision_numbers_db [None req-2b69b53a-42c0-43e5-bf8b-ae5f8c7edbc5 e030986686b24837825d7f688707c6f8 c2072fa929a74d01b0585c80889d5646 - - default default] Successfully bumped revision number for resource dcda90d9-c4f4-4d8e-b2e5-cabac9e1e7c7 (type: security_group_rules) to 0
2026-05-01 02:07:40.530 10 INFO neutron.wsgi [None req-2b69b53a-42c0-43e5-bf8b-ae5f8c7edbc5 e030986686b24837825d7f688707c6f8 c2072fa929a74d01b0585c80889d5646 - - default default] 10.0.0.244 "GET /v2.0/security-groups?tenant_id=9e7e0f088f1740dbb2acc9cbf4c72e14&name=default HTTP/1.1" status: 200 len: 2996 time: 0.3191006
2026-05-01 02:07:40.542 9 WARNING neutron.scheduler.dhcp_agent_scheduler [None req-74ca113c-f584-4223-912f-cb6b9b3bfe12 90f31e4489fb40a2b6428d01c8f71755 4e5be93fe64b484093b50846f24ea902 - - default default] No more DHCP agents
2026-05-01 02:07:40.546 9 WARNING neutron.api.rpc.agentnotifiers.dhcp_rpc_agent_api [None req-74ca113c-f584-4223-912f-cb6b9b3bfe12 90f31e4489fb40a2b6428d01c8f71755 4e5be93fe64b484093b50846f24ea902 - - default default] Unable to schedule network fa7159ab-3b2d-47d5-a14c-c9da2082a558: no agents available; will retry on subsequent port and subnet creation events.
2026-05-01 02:07:40.589 10 INFO neutron.wsgi [None req-ddf22d71-84da-4c60-a03e-1b1d2b24c92a b1021769a8a0426bb2cb725854232cd7 250e8b50ff5e4717ae5fcabcc9e86d51 - - default default] 10.0.0.244 "DELETE /v2.0/subnets/40e8a9d5-f1f1-41e6-be37-7a81e2ae35f5 HTTP/1.1" status: 204 len: 168 time: 0.2324746
2026-05-01 02:07:40.822 10 INFO neutron.wsgi [None req-a83569ec-f9fc-4d43-b9e4-0a476517a38a e030986686b24837825d7f688707c6f8 c2072fa929a74d01b0585c80889d5646 - - default default] 10.0.0.244 "DELETE /v2.0/security-groups/83127aba-2475-4751-a9e8-a4898ec5a67b HTTP/1.1" status: 204 len: 168 time: 0.2874117
2026-05-01 02:07:40.908 10 INFO neutron.notifiers.nova [-] Nova event matching ['req-d5089ec1-cf5a-4296-9367-58b76dfa7b1c'] response: {'server_uuid': '5f393f74-2c38-4325-a755-64810891fcc8', 'name': 'network-vif-unplugged', 'status': 'completed', 'tag': '2de5b18b-7641-444d-9d6d-32a0e55b66df', 'code': 200}
2026-05-01 02:07:40.909 10 INFO neutron.notifiers.nova [-] Nova event matching ['req-d5089ec1-cf5a-4296-9367-58b76dfa7b1c'] response: {'server_uuid': '5f393f74-2c38-4325-a755-64810891fcc8', 'name': 'network-vif-plugged', 'status': 'completed', 'tag': '2de5b18b-7641-444d-9d6d-32a0e55b66df', 'code': 200}
2026-05-01 02:07:40.909 10 INFO neutron.notifiers.nova [-] Nova event matching ['req-d5089ec1-cf5a-4296-9367-58b76dfa7b1c'] response: {'server_uuid': '5f393f74-2c38-4325-a755-64810891fcc8', 'name': 'network-vif-deleted', 'tag': '2de5b18b-7641-444d-9d6d-32a0e55b66df', 'status': 'completed', 'code': 200}
2026-05-01 02:07:40.977 10 INFO neutron.services.segments.plugin [-] Segment d3d17c08-39de-4714-886d-838d07048012 resource provider aggregate not found
2026-05-01 02:07:40.981 10 INFO neutron.services.segments.plugin [-] Segment d3d17c08-39de-4714-886d-838d07048012 resource provider aggregate not found
2026-05-01 02:07:40.995 10 INFO neutron.services.segments.plugin [-] Segment d3d17c08-39de-4714-886d-838d07048012 resource provider not found; error: Placement Client Error (4xx): {"errors": [{"status": 404, "title": "Not Found", "detail": "The resource could not be found.\n\n No resource provider with uuid d3d17c08-39de-4714-886d-838d07048012 found for delete ", "request_id": "req-994e3321-d516-4025-98b1-165feaa50b5a"}]}
2026-05-01 02:07:40.996 10 INFO neutron.services.segments.plugin [-] Segment d3d17c08-39de-4714-886d-838d07048012 resource provider not found; error: Placement Client Error (4xx): {"errors": [{"status": 404, "title": "Not Found", "detail": "The resource could not be found.\n\n No resource provider with uuid d3d17c08-39de-4714-886d-838d07048012 found for delete ", "request_id": "req-72157f59-44ce-44d5-8577-4dbe65b016b1"}]}
2026-05-01 02:07:41.030 10 INFO neutron.wsgi [None req-dff2d374-b36c-44ae-b9e9-3cf9c7c8e64f b1021769a8a0426bb2cb725854232cd7 250e8b50ff5e4717ae5fcabcc9e86d51 - - default default] 10.0.0.244 "DELETE /v2.0/networks/e580977a-1a47-47a7-8e05-36fdfb817e6b HTTP/1.1" status: 204 len: 168 time: 0.4351530
2026-05-01 02:07:41.034 9 INFO neutron.db.ovn_revision_numbers_db [None req-74ca113c-f584-4223-912f-cb6b9b3bfe12 90f31e4489fb40a2b6428d01c8f71755 4e5be93fe64b484093b50846f24ea902 - - default default] Successfully bumped revision number for resource eaaf27b9-8a0c-4e7f-9305-d51ba40bc445 (type: ports) to 2
2026-05-01 02:07:41.071 9 INFO neutron.db.ovn_revision_numbers_db [None req-74ca113c-f584-4223-912f-cb6b9b3bfe12 90f31e4489fb40a2b6428d01c8f71755 4e5be93fe64b484093b50846f24ea902 - - default default] Successfully bumped revision number for resource 9bd00883-d51a-4cbb-97b5-3cde30c53ec1 (type: subnets) to 0
2026-05-01 02:07:41.085 9 INFO neutron.wsgi [None req-74ca113c-f584-4223-912f-cb6b9b3bfe12 90f31e4489fb40a2b6428d01c8f71755 4e5be93fe64b484093b50846f24ea902 - - default default] 10.0.0.244 "POST /v2.0/subnets HTTP/1.1" status: 201 len: 801 time: 0.8399389
2026-05-01 02:07:41.631 9 INFO neutron.db.ovn_revision_numbers_db [None req-e4408bee-df44-4df0-a525-f41f2da11488 90f31e4489fb40a2b6428d01c8f71755 4e5be93fe64b484093b50846f24ea902 - - default default] Successfully bumped revision number for resource 9bd00883-d51a-4cbb-97b5-3cde30c53ec1 (type: subnets) to 1
2026-05-01 02:07:41.634 9 INFO neutron.wsgi [None req-e4408bee-df44-4df0-a525-f41f2da11488 90f31e4489fb40a2b6428d01c8f71755 4e5be93fe64b484093b50846f24ea902 - - default default] 10.0.0.244 "PUT /v2.0/subnets/9bd00883-d51a-4cbb-97b5-3cde30c53ec1 HTTP/1.1" status: 200 len: 806 time: 0.5400832
2026-05-01 02:07:41.642 10 INFO neutron.wsgi [None req-9790aac1-9648-4761-864f-ef16f1e456b0 e030986686b24837825d7f688707c6f8 c2072fa929a74d01b0585c80889d5646 - - default default] 10.0.0.244 "GET /v2.0/security-groups?tenant_id=250e8b50ff5e4717ae5fcabcc9e86d51&name=default HTTP/1.1" status: 200 len: 2996 time: 0.1417205
2026-05-01 02:07:41.732 10 INFO neutron.wsgi [None req-d98d4e4e-db1e-4bea-89d5-858225a3ba90 87163bbfd21a4d55bdac7665732d041b cf90d099ee154ab487c542b3cadf9956 - - default default] 10.0.0.244 "DELETE /v2.0/security-groups/bc13bebd-341c-4882-87d9-091e73a86277 HTTP/1.1" status: 204 len: 168 time: 0.1579306
2026-05-01 02:07:41.749 9 INFO neutron.api.v2.resource [None req-1010a032-e3d6-496c-af1c-cd3c0e1cceb2 87163bbfd21a4d55bdac7665732d041b cf90d099ee154ab487c542b3cadf9956 - - default default] show failed (client error): The resource could not be found.
2026-05-01 02:07:41.750 9 INFO neutron.wsgi [None req-1010a032-e3d6-496c-af1c-cd3c0e1cceb2 87163bbfd21a4d55bdac7665732d041b cf90d099ee154ab487c542b3cadf9956 - - default default] 10.0.0.244 "GET /v2.0/security-groups/bc13bebd-341c-4882-87d9-091e73a86277 HTTP/1.1" status: 404 len: 347 time: 0.0118794
2026-05-01 02:07:41.838 10 INFO neutron.wsgi [None req-e6181f34-febb-49de-aa40-73f5fe232c81 e030986686b24837825d7f688707c6f8 c2072fa929a74d01b0585c80889d5646 - - default default] 10.0.0.244 "DELETE /v2.0/security-groups/995cdaf0-77ef-44fe-96dc-174338cc727a HTTP/1.1" status: 204 len: 168 time: 0.1912541
2026-05-01 02:07:42.147 9 INFO neutron.wsgi [None req-b80180ed-a438-4bdd-82cc-22bd820b50af 87163bbfd21a4d55bdac7665732d041b cf90d099ee154ab487c542b3cadf9956 - - default default] 10.0.0.244 "DELETE /v2.0/floatingips/8e3b171c-eee7-4537-ac79-3d0c16e974e5 HTTP/1.1" status: 204 len: 168 time: 0.3930721
2026-05-01 02:07:42.309 9 INFO neutron.services.segments.plugin [-] Segment d9fb6127-9905-42a9-89f2-958f063e2e2c resource provider aggregate not found
2026-05-01 02:07:42.314 9 INFO neutron.services.segments.plugin [-] Segment d9fb6127-9905-42a9-89f2-958f063e2e2c resource provider aggregate not found
2026-05-01 02:07:42.338 9 INFO neutron.services.segments.plugin [-] Segment d9fb6127-9905-42a9-89f2-958f063e2e2c resource provider not found; error: Placement Client Error (4xx): {"errors": [{"status": 404, "title": "Not Found", "detail": "The resource could not be found.\n\n No resource provider with uuid d9fb6127-9905-42a9-89f2-958f063e2e2c found for delete ", "request_id": "req-6ce3317c-386e-445e-affd-8f906192daeb"}]}
2026-05-01 02:07:42.341 9 INFO neutron.services.segments.plugin [-] Segment d9fb6127-9905-42a9-89f2-958f063e2e2c resource provider not found; error: Placement Client Error (4xx): {"errors": [{"status": 404, "title": "Not Found", "detail": "The resource could not be found.\n\n No resource provider with uuid d9fb6127-9905-42a9-89f2-958f063e2e2c found for delete ", "request_id": "req-fdd07827-6459-42b4-87f8-2b744c803b8a"}]}
2026-05-01 02:07:42.371 9 INFO neutron.wsgi [None req-7e3b5ae4-90c0-4502-aa98-b2a416996d20 90f31e4489fb40a2b6428d01c8f71755 4e5be93fe64b484093b50846f24ea902 - - default default] 10.0.0.244 "DELETE /v2.0/networks/fa7159ab-3b2d-47d5-a14c-c9da2082a558 HTTP/1.1" status: 204 len: 168 time: 0.7322381
2026-05-01 02:07:42.390 9 INFO neutron.pecan_wsgi.hooks.translation [None req-324561e7-e176-4029-850c-ed293bfaf226 90f31e4489fb40a2b6428d01c8f71755 4e5be93fe64b484093b50846f24ea902 - - default default] DELETE failed (client error): The resource could not be found.
2026-05-01 02:07:42.392 9 INFO neutron.wsgi [None req-324561e7-e176-4029-850c-ed293bfaf226 90f31e4489fb40a2b6428d01c8f71755 4e5be93fe64b484093b50846f24ea902 - - default default] 10.0.0.244 "DELETE /v2.0/networks/fa7159ab-3b2d-47d5-a14c-c9da2082a558 HTTP/1.1" status: 404 len: 339 time: 0.0130572
2026-05-01 02:07:42.496 10 INFO neutron.wsgi [None req-db980977-fe4b-46ac-a215-e5a9665cd728 90f31e4489fb40a2b6428d01c8f71755 4e5be93fe64b484093b50846f24ea902 - - default default] 10.0.0.244 "GET /v2.0/networks?router%3Aexternal=True HTTP/1.1" status: 200 len: 845 time: 0.0961027
2026-05-01 02:07:42.546 10 INFO neutron.wsgi [None req-7a218efd-3e93-4139-9699-def828509382 90f31e4489fb40a2b6428d01c8f71755 4e5be93fe64b484093b50846f24ea902 - - default default] 10.0.0.244 "GET /v2.0/subnets?network_id=313972ae-5aa1-4963-9770-91655d741c19 HTTP/1.1" status: 200 len: 820 time: 0.0453999
2026-05-01 02:07:42.560 10 INFO neutron.wsgi [None req-0031fb9c-e688-4090-9c2f-f2dc829dd3d5 90f31e4489fb40a2b6428d01c8f71755 4e5be93fe64b484093b50846f24ea902 - - default default] 10.0.0.244 "GET /v2.0/extensions HTTP/1.1" status: 200 len: 16975 time: 0.0067184
2026-05-01 02:07:42.684 9 INFO neutron.wsgi [None req-2b84576c-a23d-46e9-8a40-8ac68de6c6ee 90f31e4489fb40a2b6428d01c8f71755 4e5be93fe64b484093b50846f24ea902 - - default default] 10.0.0.244 "GET /v2.0/networks HTTP/1.1" status: 200 len: 1503 time: 0.1129479
2026-05-01 02:07:42.745 9 INFO neutron.wsgi [None req-c1c7718b-b962-4baf-9010-6c54492c26a0 90f31e4489fb40a2b6428d01c8f71755 4e5be93fe64b484093b50846f24ea902 - - default default] 10.0.0.244 "GET /v2.0/subnets HTTP/1.1" status: 200 len: 1428 time: 0.0545585
2026-05-01 02:07:42.839 10 INFO neutron.wsgi [None req-ced984f6-4f86-4ad8-8dd0-2178a6cc5b2f 90f31e4489fb40a2b6428d01c8f71755 4e5be93fe64b484093b50846f24ea902 - - default default] 10.0.0.244 "GET /v2.0/networks/3a58273b-cee7-4ca6-b2a7-9869a5c25968 HTTP/1.1" status: 200 len: 862 time: 0.0856836
2026-05-01 02:07:42.906 9 INFO neutron.wsgi [None req-e4a8ebc5-2844-481f-84f8-ba633396e477 90f31e4489fb40a2b6428d01c8f71755 4e5be93fe64b484093b50846f24ea902 - - default default] 10.0.0.244 "GET /v2.0/subnets/47c7ad68-c438-4d9a-80b1-f404ec0e3bf2 HTTP/1.1" status: 200 len: 811 time: 0.0617099
2026-05-01 02:07:42.940 9 INFO neutron.pecan_wsgi.hooks.translation [None req-50d30001-f66a-4f1c-9fd8-7468e6ef1edb 90f31e4489fb40a2b6428d01c8f71755 4e5be93fe64b484093b50846f24ea902 - - default default] DELETE failed (client error): The resource could not be found.
2026-05-01 02:07:42.943 9 INFO neutron.wsgi [None req-50d30001-f66a-4f1c-9fd8-7468e6ef1edb 90f31e4489fb40a2b6428d01c8f71755 4e5be93fe64b484093b50846f24ea902 - - default default] 10.0.0.244 "DELETE /v2.0/subnets/9bd00883-d51a-4cbb-97b5-3cde30c53ec1 HTTP/1.1" status: 404 len: 337 time: 0.0298760
2026-05-01 02:07:42.969 10 INFO neutron.pecan_wsgi.hooks.translation [None req-24f62288-e339-4d83-b9ae-31fdcf3fe860 90f31e4489fb40a2b6428d01c8f71755 4e5be93fe64b484093b50846f24ea902 - - default default] DELETE failed (client error): The resource could not be found.
2026-05-01 02:07:42.972 10 INFO neutron.wsgi [None req-24f62288-e339-4d83-b9ae-31fdcf3fe860 90f31e4489fb40a2b6428d01c8f71755 4e5be93fe64b484093b50846f24ea902 - - default default] 10.0.0.244 "DELETE /v2.0/networks/fa7159ab-3b2d-47d5-a14c-c9da2082a558 HTTP/1.1" status: 404 len: 339 time: 0.0195653
2026-05-01 02:07:43.304 9 INFO neutron.wsgi [None req-e9ba9513-f912-4655-a678-fe069cae49d1 e030986686b24837825d7f688707c6f8 c2072fa929a74d01b0585c80889d5646 - - default default] 10.0.0.244 "PUT /v2.0/routers/7baf7706-7321-4eac-ad20-a000481ee60a/remove_router_interface HTTP/1.1" status: 200 len: 503 time: 1.1527357 /var/lib/openstack/lib/python3.10/site-packages/pycadf/identifier.py:71: UserWarning: Invalid uuid: neutron. To ensure interoperability, identifiers should be a valid uuid. warnings.warn(('Invalid uuid: %s. To ensure interoperability, '
2026-05-01 02:07:43.578 10 INFO neutron.wsgi [None req-909cd57f-92f2-412c-9918-231bc019abc2 90f31e4489fb40a2b6428d01c8f71755 4e5be93fe64b484093b50846f24ea902 - - default default] 10.0.0.244 "DELETE /v2.0/subnets/47c7ad68-c438-4d9a-80b1-f404ec0e3bf2 HTTP/1.1" status: 204 len: 168 time: 0.6022530
2026-05-01 02:07:43.740 10 WARNING neutron_lib.context [None req-8472e79f-450d-4ffe-985a-ffe51e483c29 a8b8726713eb4e089bcd1917ea2b952b ecbe2351cb914b88ab8374b9ed69ba0b - - default default] Method 'is_advsvc' is deprecated since 2023.2 release (neutron-lib 3.8.0) and will be removed once support for the old RBAC API policies will be removed from Neutron. Please use method 'is_service_role' instead.
2026-05-01 02:07:43.741 10 WARNING neutron_lib.context [None req-8472e79f-450d-4ffe-985a-ffe51e483c29 a8b8726713eb4e089bcd1917ea2b952b ecbe2351cb914b88ab8374b9ed69ba0b - - default default] Method 'is_advsvc' is deprecated since 2023.2 release (neutron-lib 3.8.0) and will be removed once support for the old RBAC API policies will be removed from Neutron. Please use method 'is_service_role' instead.
2026-05-01 02:07:43.986 10 INFO neutron.db.ovn_revision_numbers_db [None req-8472e79f-450d-4ffe-985a-ffe51e483c29 a8b8726713eb4e089bcd1917ea2b952b ecbe2351cb914b88ab8374b9ed69ba0b - - default default] Successfully bumped revision number for resource 9ded72a8-5548-493a-b095-b23b92ff7a26 (type: security_groups) to 1
2026-05-01 02:07:44.010 10 INFO neutron.db.ovn_revision_numbers_db [None req-8472e79f-450d-4ffe-985a-ffe51e483c29 a8b8726713eb4e089bcd1917ea2b952b ecbe2351cb914b88ab8374b9ed69ba0b - - default default] Successfully bumped revision number for resource 12f72031-f06f-4c16-906e-1354fb505268 (type: security_group_rules) to 0
2026-05-01 02:07:44.060 10 INFO neutron.db.ovn_revision_numbers_db [None req-8472e79f-450d-4ffe-985a-ffe51e483c29 a8b8726713eb4e089bcd1917ea2b952b ecbe2351cb914b88ab8374b9ed69ba0b - - default default] Successfully bumped revision number for resource 313d40dc-e065-4978-9680-846e71fd08a6 (type: security_group_rules) to 0
2026-05-01 02:07:44.077 10 INFO neutron.services.segments.plugin [-] Segment ca261ee8-91fc-4af5-af11-4d3d35a0c90c resource provider aggregate not found
2026-05-01 02:07:44.083 10 INFO neutron.services.segments.plugin [-] Segment ca261ee8-91fc-4af5-af11-4d3d35a0c90c resource provider aggregate not found
2026-05-01 02:07:44.098 10 INFO neutron.services.segments.plugin [-] Segment ca261ee8-91fc-4af5-af11-4d3d35a0c90c resource provider not found; error: Placement Client Error (4xx): {"errors": [{"status": 404, "title": "Not Found", "detail": "The resource could not be found.\n\n No resource provider with uuid ca261ee8-91fc-4af5-af11-4d3d35a0c90c found for delete ", "request_id": "req-497a4aef-54d4-4f27-889b-1ac5e36a59f0"}]}
2026-05-01 02:07:44.100 10 INFO neutron.db.ovn_revision_numbers_db [None req-8472e79f-450d-4ffe-985a-ffe51e483c29 a8b8726713eb4e089bcd1917ea2b952b ecbe2351cb914b88ab8374b9ed69ba0b - - default default] Successfully bumped revision number for resource 62a4156d-2805-4a49-99c4-b38036486c6e (type: security_group_rules) to 0
2026-05-01 02:07:44.103 10 INFO neutron.services.segments.plugin [-] Segment ca261ee8-91fc-4af5-af11-4d3d35a0c90c resource provider not found; error: Placement Client Error (4xx): {"errors": [{"status": 404, "title": "Not Found", "detail": "The resource could not be found.\n\n No resource provider with uuid ca261ee8-91fc-4af5-af11-4d3d35a0c90c found for delete ", "request_id": "req-b1f24e31-1b50-40a9-a59f-5e5662fbfc8c"}]}
2026-05-01 02:07:44.116 10 INFO neutron.db.ovn_revision_numbers_db [None req-8472e79f-450d-4ffe-985a-ffe51e483c29 a8b8726713eb4e089bcd1917ea2b952b ecbe2351cb914b88ab8374b9ed69ba0b - - default default] Successfully bumped revision number for resource f88e2488-064e-4c61-b4b2-9529a49fff93 (type: security_group_rules) to 0
2026-05-01 02:07:44.135 10 INFO neutron.wsgi [None req-22dece07-0f2f-46ca-8d36-b8dc5f43ede8 90f31e4489fb40a2b6428d01c8f71755 4e5be93fe64b484093b50846f24ea902 - - default default] 10.0.0.244 "DELETE /v2.0/networks/3a58273b-cee7-4ca6-b2a7-9869a5c25968 HTTP/1.1" status: 204 len: 168 time: 0.5507340
2026-05-01 02:07:44.193 10 INFO neutron.db.segments_db [None req-8472e79f-450d-4ffe-985a-ffe51e483c29 a8b8726713eb4e089bcd1917ea2b952b ecbe2351cb914b88ab8374b9ed69ba0b - - default default] Added segment 93b6a8d0-cdd0-4278-9847-d1f4638e6a99 of type geneve for network 6371dd36-f716-400e-b7b5-76e693e02137
2026-05-01 02:07:44.321 10 INFO neutron.db.segments_db [None req-8472e79f-450d-4ffe-985a-ffe51e483c29 a8b8726713eb4e089bcd1917ea2b952b ecbe2351cb914b88ab8374b9ed69ba0b - - default default] Added segment b00aa13f-8454-4635-80bb-bea4d46a4401 of type geneve for network f8e836f8-d79b-45d8-a388-001402effc18
2026-05-01 02:07:44.524 9 INFO neutron.wsgi [None req-d899e18c-82ba-4e34-acd3-ac888001543f e030986686b24837825d7f688707c6f8 c2072fa929a74d01b0585c80889d5646 - - default default] 10.0.0.244 "DELETE /v2.0/routers/7baf7706-7321-4eac-ad20-a000481ee60a HTTP/1.1" status: 204 len: 168 time: 1.2146029
2026-05-01 02:07:44.529 10 INFO neutron.db.ovn_revision_numbers_db [None req-8472e79f-450d-4ffe-985a-ffe51e483c29 a8b8726713eb4e089bcd1917ea2b952b ecbe2351cb914b88ab8374b9ed69ba0b - - default default] Successfully bumped revision number for resource 6371dd36-f716-400e-b7b5-76e693e02137 (type: networks) to 1
2026-05-01 02:07:44.718 10 WARNING neutron.scheduler.dhcp_agent_scheduler [None req-8472e79f-450d-4ffe-985a-ffe51e483c29 a8b8726713eb4e089bcd1917ea2b952b ecbe2351cb914b88ab8374b9ed69ba0b - - default default] No more DHCP agents
2026-05-01 02:07:44.719 10 WARNING neutron.api.rpc.agentnotifiers.dhcp_rpc_agent_api [None req-8472e79f-450d-4ffe-985a-ffe51e483c29 a8b8726713eb4e089bcd1917ea2b952b ecbe2351cb914b88ab8374b9ed69ba0b - - default default] Unable to schedule network 6371dd36-f716-400e-b7b5-76e693e02137: no agents available; will retry on subsequent port and subnet creation events.
2026-05-01 02:07:44.743 9 INFO neutron.wsgi [None req-7b69ff67-e18f-4256-bf74-fd1f3ab00c9c e030986686b24837825d7f688707c6f8 c2072fa929a74d01b0585c80889d5646 - - default default] 10.0.0.244 "DELETE /v2.0/subnets/43d21951-62cb-4844-830d-6d2a6d7ffecc HTTP/1.1" status: 204 len: 168 time: 0.2128658
2026-05-01 02:07:44.831 10 INFO neutron.db.ovn_revision_numbers_db [None req-8472e79f-450d-4ffe-985a-ffe51e483c29 a8b8726713eb4e089bcd1917ea2b952b ecbe2351cb914b88ab8374b9ed69ba0b - - default default] Successfully bumped revision number for resource 5925dea9-6257-4a7f-9334-62b34e1dc560 (type: ports) to 1
2026-05-01 02:07:44.874 9 INFO neutron.wsgi [None req-6520373d-771f-4623-800c-a3c3b7dbc8df e030986686b24837825d7f688707c6f8 c2072fa929a74d01b0585c80889d5646 - - default default] 10.0.0.244 "GET /v2.0/security-groups?tenant_id=4e5be93fe64b484093b50846f24ea902&name=default HTTP/1.1" status: 200 len: 2996 time: 0.1494250
2026-05-01 02:07:44.936 10 INFO neutron.db.ovn_revision_numbers_db [None req-8472e79f-450d-4ffe-985a-ffe51e483c29 a8b8726713eb4e089bcd1917ea2b952b ecbe2351cb914b88ab8374b9ed69ba0b - - default default] Successfully bumped revision number for resource f8e836f8-d79b-45d8-a388-001402effc18 (type: networks) to 1
2026-05-01 02:07:45.096 9 INFO neutron.wsgi [None req-22737319-a904-4d7d-9b6c-b27f3cf0e6fb e030986686b24837825d7f688707c6f8 c2072fa929a74d01b0585c80889d5646 - - default default] 10.0.0.244 "DELETE /v2.0/security-groups/826cdb92-50f6-420f-b0de-d5ce1f187305 HTTP/1.1" status: 204 len: 168 time: 0.2181790
2026-05-01 02:07:45.182 10 WARNING neutron.scheduler.dhcp_agent_scheduler [None req-8472e79f-450d-4ffe-985a-ffe51e483c29 a8b8726713eb4e089bcd1917ea2b952b ecbe2351cb914b88ab8374b9ed69ba0b - - default default] No more DHCP agents
2026-05-01 02:07:45.185 10 WARNING neutron.api.rpc.agentnotifiers.dhcp_rpc_agent_api [None req-8472e79f-450d-4ffe-985a-ffe51e483c29 a8b8726713eb4e089bcd1917ea2b952b ecbe2351cb914b88ab8374b9ed69ba0b - - default default] Unable to schedule network f8e836f8-d79b-45d8-a388-001402effc18: no agents available; will retry on subsequent port and subnet creation events.
2026-05-01 02:07:45.290 10 INFO neutron.wsgi [None req-95515e0d-ca5f-4330-89da-8aea4cb67b0a e030986686b24837825d7f688707c6f8 c2072fa929a74d01b0585c80889d5646 - - default default] 10.0.0.244 "DELETE /v2.0/networks/3c3c0cde-9eb5-4b7a-818b-a4232e64bea1 HTTP/1.1" status: 204 len: 168 time: 0.5430987
2026-05-01 02:07:45.326 10 INFO neutron.db.ovn_revision_numbers_db [None req-8472e79f-450d-4ffe-985a-ffe51e483c29 a8b8726713eb4e089bcd1917ea2b952b ecbe2351cb914b88ab8374b9ed69ba0b - - default default] Successfully bumped revision number for resource e98ee192-e3d8-451f-b701-035def5a63cf (type: ports) to 1
2026-05-01 02:07:45.357 10 INFO neutron.wsgi [None req-8472e79f-450d-4ffe-985a-ffe51e483c29 a8b8726713eb4e089bcd1917ea2b952b ecbe2351cb914b88ab8374b9ed69ba0b - - default default] 10.0.0.244 "POST /v2.0/networks HTTP/1.1" status: 201 len: 1446 time: 1.7641294
2026-05-01 02:07:45.478 10 INFO neutron.wsgi [None req-41647e53-ecb8-4a29-94be-2a5232ad9678 a8b8726713eb4e089bcd1917ea2b952b ecbe2351cb914b88ab8374b9ed69ba0b - - default default] 10.0.0.244 "GET /v2.0/networks HTTP/1.1" status: 200 len: 2052 time: 0.1163292
2026-05-01 02:07:45.588 10 INFO neutron.wsgi [None req-7d431184-48af-4d42-bacc-9fb9d0240b20 e030986686b24837825d7f688707c6f8 c2072fa929a74d01b0585c80889d5646 - - default default] 10.0.0.244 "GET /v2.0/security-groups?tenant_id=cf90d099ee154ab487c542b3cadf9956&name=default HTTP/1.1" status: 200 len: 2996 time: 0.0343955
2026-05-01 02:07:45.793 9 INFO neutron.wsgi [None req-3a441a58-f9bd-4762-8844-2d4270c00a93 e030986686b24837825d7f688707c6f8 c2072fa929a74d01b0585c80889d5646 - - default default] 10.0.0.244 "DELETE /v2.0/security-groups/c22cabbd-273d-4e2d-8fb5-fd0f4ab22e35 HTTP/1.1" status: 204 len: 168 time: 0.1999018
2026-05-01 02:07:45.898 10 INFO neutron.wsgi [None req-6a49cdc8-a8c1-411c-9cf0-c674f84be752 a8b8726713eb4e089bcd1917ea2b952b ecbe2351cb914b88ab8374b9ed69ba0b - - default default] 10.0.0.244 "DELETE /v2.0/networks/6371dd36-f716-400e-b7b5-76e693e02137 HTTP/1.1" status: 204 len: 168 time: 0.4147730
2026-05-01 02:07:46.119 10 INFO neutron.services.segments.plugin [-] Segment ea1e03e3-3c6c-4f10-91d7-989c5fc4974d resource provider aggregate not found
2026-05-01 02:07:46.124 10 INFO neutron.services.segments.plugin [-] Segment ea1e03e3-3c6c-4f10-91d7-989c5fc4974d resource provider aggregate not found
2026-05-01 02:07:46.142 10 INFO neutron.services.segments.plugin [-] Segment ea1e03e3-3c6c-4f10-91d7-989c5fc4974d resource provider not found; error: Placement Client Error (4xx): {"errors": [{"status": 404, "title": "Not Found", "detail": "The resource could not be found.\n\n No resource provider with uuid ea1e03e3-3c6c-4f10-91d7-989c5fc4974d found for delete ", "request_id": "req-0df04413-41db-463b-a489-5980af731926"}]}
2026-05-01 02:07:46.149 10 INFO neutron.services.segments.plugin [-] Segment ea1e03e3-3c6c-4f10-91d7-989c5fc4974d resource provider not found; error: Placement Client Error (4xx): {"errors": [{"status": 404, "title": "Not Found", "detail": "The resource could not be found.\n\n No resource provider with uuid ea1e03e3-3c6c-4f10-91d7-989c5fc4974d found for delete ", "request_id": "req-98075152-eece-403e-bd65-7b65f2cda814"}]}
2026-05-01 02:07:46.165 10 INFO neutron.services.segments.plugin [-] Segment 93b6a8d0-cdd0-4278-9847-d1f4638e6a99 resource provider aggregate not found
2026-05-01 02:07:46.175 10 INFO neutron.services.segments.plugin [-] Segment 93b6a8d0-cdd0-4278-9847-d1f4638e6a99 resource provider aggregate not found
2026-05-01 02:07:46.183 10 INFO neutron.services.segments.plugin [-] Segment 93b6a8d0-cdd0-4278-9847-d1f4638e6a99 resource provider not found; error: Placement Client Error (4xx): {"errors": [{"status": 404, "title": "Not Found", "detail": "The resource could not be found.\n\n No resource provider with uuid 93b6a8d0-cdd0-4278-9847-d1f4638e6a99 found for delete ", "request_id": "req-c0bc6eee-b066-4347-9455-72926458b95d"}]}
2026-05-01 02:07:46.191 10 INFO neutron.services.segments.plugin [-] Segment 93b6a8d0-cdd0-4278-9847-d1f4638e6a99 resource provider not found; error: Placement Client Error (4xx): {"errors": [{"status": 404, "title": "Not Found", "detail": "The resource could not be found.\n\n No resource provider with uuid 93b6a8d0-cdd0-4278-9847-d1f4638e6a99 found for delete ", "request_id": "req-b99b57a2-4322-42fe-8bc5-ed393f0fe138"}]}
2026-05-01 02:07:46.225 10 INFO neutron.db.ovn_revision_numbers_db [None req-e8f73739-6461-45b0-9c4e-909d39e3a2b2 e030986686b24837825d7f688707c6f8 c2072fa929a74d01b0585c80889d5646 - - default default] Successfully bumped revision number for resource 75a50db0-4f60-42ae-aaa3-eab98c0c4a49 (type: security_groups) to 1
2026-05-01 02:07:46.239 10 INFO neutron.db.ovn_revision_numbers_db [None req-e8f73739-6461-45b0-9c4e-909d39e3a2b2 e030986686b24837825d7f688707c6f8 c2072fa929a74d01b0585c80889d5646 - - default default] Successfully bumped revision number for resource 0c50b53a-3b67-4fae-aee8-8c41812e2d64 (type: security_group_rules) to 0
2026-05-01 02:07:46.251 10 INFO neutron.db.ovn_revision_numbers_db [None req-e8f73739-6461-45b0-9c4e-909d39e3a2b2 e030986686b24837825d7f688707c6f8 c2072fa929a74d01b0585c80889d5646 - - default default] Successfully bumped revision number for resource 1b516a11-326e-4047-af25-d9581db704f3 (type: security_group_rules) to 0
2026-05-01 02:07:46.265 10 INFO neutron.db.ovn_revision_numbers_db [None req-e8f73739-6461-45b0-9c4e-909d39e3a2b2 e030986686b24837825d7f688707c6f8 c2072fa929a74d01b0585c80889d5646 - - default default] Successfully bumped revision number for resource 5dde7ceb-3ee7-47e0-addd-a043140bfb0e (type: security_group_rules) to 0
2026-05-01 02:07:46.276 9 INFO neutron.services.segments.plugin [-] Segment b00aa13f-8454-4635-80bb-bea4d46a4401 resource provider aggregate not found
2026-05-01 02:07:46.276 10 INFO neutron.db.ovn_revision_numbers_db [None req-e8f73739-6461-45b0-9c4e-909d39e3a2b2 e030986686b24837825d7f688707c6f8 c2072fa929a74d01b0585c80889d5646 - - default default] Successfully bumped revision number for resource abc07ed1-c958-47be-99df-0d7c05ba4cce (type: security_group_rules) to 0
2026-05-01 02:07:46.280 9 INFO neutron.services.segments.plugin [-] Segment b00aa13f-8454-4635-80bb-bea4d46a4401 resource provider aggregate not found
2026-05-01 02:07:46.291 9 INFO neutron.services.segments.plugin [-] Segment b00aa13f-8454-4635-80bb-bea4d46a4401 resource provider not found; error: Placement Client Error (4xx): {"errors": [{"status": 404, "title": "Not Found", "detail": "The resource could not be found.\n\n No resource provider with uuid b00aa13f-8454-4635-80bb-bea4d46a4401 found for delete ", "request_id": "req-95fa34e5-f6a5-4164-a91a-a69c2d1840f8"}]}
2026-05-01 02:07:46.296 9 INFO neutron.services.segments.plugin [-] Segment b00aa13f-8454-4635-80bb-bea4d46a4401 resource provider not found; error: Placement Client Error (4xx): {"errors": [{"status": 404, "title": "Not Found", "detail": "The resource could not be found.\n\n No resource provider with uuid b00aa13f-8454-4635-80bb-bea4d46a4401 found for delete ", "request_id": "req-46d0b847-bec7-444e-846e-27287720eb47"}]}
2026-05-01 02:07:46.305 10 INFO neutron.wsgi [None req-e8f73739-6461-45b0-9c4e-909d39e3a2b2 e030986686b24837825d7f688707c6f8 c2072fa929a74d01b0585c80889d5646 - - default default] 10.0.0.244 "GET /v2.0/security-groups?tenant_id=0f4aabf18e334e5c946bf289e55aea3b&name=default HTTP/1.1" status: 200 len: 2996 time: 0.3909404
2026-05-01 02:07:46.321 9 INFO neutron.wsgi [None req-3bbac85b-3cb0-4189-a388-a64492e60fb7 a8b8726713eb4e089bcd1917ea2b952b ecbe2351cb914b88ab8374b9ed69ba0b - - default default] 10.0.0.244 "DELETE /v2.0/networks/f8e836f8-d79b-45d8-a388-001402effc18 HTTP/1.1" status: 204 len: 168 time: 0.4162338
2026-05-01 02:07:46.396 10 INFO neutron.wsgi [None req-2ae07050-bdca-4905-a5f2-7e06821b0ec4 a8b8726713eb4e089bcd1917ea2b952b ecbe2351cb914b88ab8374b9ed69ba0b - - default default] 10.0.0.244 "GET /v2.0/networks HTTP/1.1" status: 200 len: 845 time: 0.0695949
2026-05-01 02:07:46.417 9 WARNING neutron_lib.context [None req-13aa51e5-3a2a-40e0-ae03-a6d25a815abd a8b8726713eb4e089bcd1917ea2b952b ecbe2351cb914b88ab8374b9ed69ba0b - - default default] Method 'is_advsvc' is deprecated since 2023.2 release (neutron-lib 3.8.0) and will be removed once support for the old RBAC API policies will be removed from Neutron. Please use method 'is_service_role' instead.
2026-05-01 02:07:46.516 9 INFO neutron.db.segments_db [None req-13aa51e5-3a2a-40e0-ae03-a6d25a815abd a8b8726713eb4e089bcd1917ea2b952b ecbe2351cb914b88ab8374b9ed69ba0b - - default default] Added segment f74f0d75-ae0c-4faa-89e4-1d1f15d0753e of type geneve for network 17c6ee66-8888-4ce8-ae1f-ba7b23fa5d4c
2026-05-01 02:07:46.602 10 INFO neutron.wsgi [None req-579ed85d-842d-470f-8333-da208da3c6bc e030986686b24837825d7f688707c6f8 c2072fa929a74d01b0585c80889d5646 - - default default] 10.0.0.244 "DELETE /v2.0/security-groups/75a50db0-4f60-42ae-aaa3-eab98c0c4a49 HTTP/1.1" status: 204 len: 168 time: 0.2855265
2026-05-01 02:07:46.654 9 INFO neutron.db.ovn_revision_numbers_db [None req-13aa51e5-3a2a-40e0-ae03-a6d25a815abd a8b8726713eb4e089bcd1917ea2b952b ecbe2351cb914b88ab8374b9ed69ba0b - - default default] Successfully bumped revision number for resource 17c6ee66-8888-4ce8-ae1f-ba7b23fa5d4c (type: networks) to 1
2026-05-01 02:07:46.820 9 WARNING neutron.scheduler.dhcp_agent_scheduler [None req-13aa51e5-3a2a-40e0-ae03-a6d25a815abd a8b8726713eb4e089bcd1917ea2b952b ecbe2351cb914b88ab8374b9ed69ba0b - - default default] No more DHCP agents
2026-05-01 02:07:46.823 9 WARNING neutron.api.rpc.agentnotifiers.dhcp_rpc_agent_api [None req-13aa51e5-3a2a-40e0-ae03-a6d25a815abd a8b8726713eb4e089bcd1917ea2b952b ecbe2351cb914b88ab8374b9ed69ba0b - - default default] Unable to schedule network 17c6ee66-8888-4ce8-ae1f-ba7b23fa5d4c: no agents available; will retry on subsequent port and subnet creation events.
2026-05-01 02:07:46.924 9 INFO neutron.db.ovn_revision_numbers_db [None req-13aa51e5-3a2a-40e0-ae03-a6d25a815abd a8b8726713eb4e089bcd1917ea2b952b ecbe2351cb914b88ab8374b9ed69ba0b - - default default] Successfully bumped revision number for resource 8743e790-0d72-4bfe-ba37-4b62c461df92 (type: ports) to 1
2026-05-01 02:07:46.947 9 INFO neutron.wsgi [None req-13aa51e5-3a2a-40e0-ae03-a6d25a815abd a8b8726713eb4e089bcd1917ea2b952b ecbe2351cb914b88ab8374b9ed69ba0b - - default default] 10.0.0.244 "POST /v2.0/networks HTTP/1.1" status: 201 len: 853 time: 0.5427256
2026-05-01 02:07:46.958 9 WARNING neutron_lib.context [None req-997d7ba3-304c-460b-b36d-fe3e45df0dbc a8b8726713eb4e089bcd1917ea2b952b ecbe2351cb914b88ab8374b9ed69ba0b - - default default] Method 'is_advsvc' is deprecated since 2023.2 release (neutron-lib 3.8.0) and will be removed once support for the old RBAC API policies will be removed from Neutron. Please use method 'is_service_role' instead.
2026-05-01 02:07:47.051 9 INFO neutron.db.segments_db [None req-997d7ba3-304c-460b-b36d-fe3e45df0dbc a8b8726713eb4e089bcd1917ea2b952b ecbe2351cb914b88ab8374b9ed69ba0b - - default default] Added segment eedc2b8f-1b63-45af-b122-aac95ea688b2 of type geneve for network a2c06131-b4e7-42ae-bb8d-777b9443e645
2026-05-01 02:07:47.202 9 INFO neutron.db.ovn_revision_numbers_db [None req-997d7ba3-304c-460b-b36d-fe3e45df0dbc a8b8726713eb4e089bcd1917ea2b952b ecbe2351cb914b88ab8374b9ed69ba0b - - default default] Successfully bumped revision number for resource a2c06131-b4e7-42ae-bb8d-777b9443e645 (type: networks) to 1
2026-05-01 02:07:47.386 9 WARNING neutron.scheduler.dhcp_agent_scheduler [None req-997d7ba3-304c-460b-b36d-fe3e45df0dbc a8b8726713eb4e089bcd1917ea2b952b ecbe2351cb914b88ab8374b9ed69ba0b - - default default] No more DHCP agents
2026-05-01 02:07:47.389 9 WARNING neutron.api.rpc.agentnotifiers.dhcp_rpc_agent_api [None req-997d7ba3-304c-460b-b36d-fe3e45df0dbc a8b8726713eb4e089bcd1917ea2b952b ecbe2351cb914b88ab8374b9ed69ba0b - - default default] Unable to schedule network a2c06131-b4e7-42ae-bb8d-777b9443e645: no agents available; will retry on subsequent port and subnet creation events.
2026-05-01 02:07:47.475 9 INFO neutron.db.ovn_revision_numbers_db [None req-997d7ba3-304c-460b-b36d-fe3e45df0dbc a8b8726713eb4e089bcd1917ea2b952b ecbe2351cb914b88ab8374b9ed69ba0b - - default default] Successfully bumped revision number for resource 3c17315d-8ce4-47d3-b55e-0bc095fa3fa8 (type: ports) to 1
2026-05-01 02:07:47.497 9 INFO neutron.wsgi [None req-997d7ba3-304c-460b-b36d-fe3e45df0dbc a8b8726713eb4e089bcd1917ea2b952b ecbe2351cb914b88ab8374b9ed69ba0b - - default default] 10.0.0.244 "POST /v2.0/networks HTTP/1.1" status: 201 len: 852 time: 0.5437958
2026-05-01 02:07:47.508 9 WARNING neutron_lib.context [None req-137320ae-9776-4be0-8c7d-b77991c89fcb a8b8726713eb4e089bcd1917ea2b952b ecbe2351cb914b88ab8374b9ed69ba0b - - default default] Method 'is_advsvc' is deprecated since 2023.2 release (neutron-lib 3.8.0) and will be removed once support for the old RBAC API policies will be removed from Neutron. Please use method 'is_service_role' instead.
2026-05-01 02:07:47.549 9 WARNING neutron_lib.context [None req-137320ae-9776-4be0-8c7d-b77991c89fcb a8b8726713eb4e089bcd1917ea2b952b ecbe2351cb914b88ab8374b9ed69ba0b - - default default] Method 'is_advsvc' is deprecated since 2023.2 release (neutron-lib 3.8.0) and will be removed once support for the old RBAC API policies will be removed from Neutron. Please use method 'is_service_role' instead.
2026-05-01 02:07:47.621 10 INFO neutron.wsgi [-] 10.0.0.25 "GET / HTTP/1.1" status: 200 len: 247 time: 0.0020218
2026-05-01 02:07:47.623 10 INFO neutron.wsgi [-] 10.0.0.25 "GET / HTTP/1.1" status: 200 len: 247 time: 0.0018651
2026-05-01 02:07:47.910 9 INFO neutron.db.ovn_revision_numbers_db [None req-493ce0f2-ee29-438b-8149-fc65939830e4 e030986686b24837825d7f688707c6f8 c2072fa929a74d01b0585c80889d5646 - - default default] Successfully bumped revision number for resource ad284e94-6430-499f-aa48-44d94c1042c7 (type: security_groups) to 1
2026-05-01 02:07:47.924 9 INFO neutron.db.ovn_revision_numbers_db [None req-493ce0f2-ee29-438b-8149-fc65939830e4 e030986686b24837825d7f688707c6f8 c2072fa929a74d01b0585c80889d5646 - - default default] Successfully bumped revision number for resource 0395f4bb-11ca-4b92-a0ac-07a2adc1318a (type: security_group_rules) to 0
2026-05-01 02:07:47.938 9 INFO neutron.db.ovn_revision_numbers_db [None req-493ce0f2-ee29-438b-8149-fc65939830e4 e030986686b24837825d7f688707c6f8 c2072fa929a74d01b0585c80889d5646 - - default default] Successfully bumped revision number for resource 8308d147-6a7f-499a-8d80-3ae69e9ea4cc (type: security_group_rules) to 0
2026-05-01 02:07:47.956 9 INFO neutron.db.ovn_revision_numbers_db [None req-493ce0f2-ee29-438b-8149-fc65939830e4 e030986686b24837825d7f688707c6f8 c2072fa929a74d01b0585c80889d5646 - - default default] Successfully bumped revision number for resource 8ff02e47-1219-444c-a1de-de0d31338287 (type: security_group_rules) to 0
