2026-05-01 01:48:44.294 10 INFO neutron.wsgi [None req-c3f14ede-4f68-4612-a7e5-be308acf38be e030986686b24837825d7f688707c6f8 c2072fa929a74d01b0585c80889d5646 - - default default] 199.204.45.140,10.0.0.25 "GET /v2.0/security-groups/8ab53af9-befe-4e20-870a-148fa6af9ff3 HTTP/1.1" status: 200 len: 1736 time: 0.0268526
2026-05-01 01:48:44.393 10 INFO neutron.wsgi [None req-f974d3a7-359f-40f1-864b-ec2ca35b0121 e030986686b24837825d7f688707c6f8 c2072fa929a74d01b0585c80889d5646 - - default default] 199.204.45.140,10.0.0.25 "GET /v2.0/security-groups/8ab53af9-befe-4e20-870a-148fa6af9ff3?project_id=0eb0ed8e042f424abd6c9a83c4e0b0e0 HTTP/1.1" status: 200 len: 1736 time: 0.0316031
2026-05-01 01:48:44.523 10 INFO neutron.db.ovn_revision_numbers_db [None req-887a2743-93c5-4d61-801f-394d3640173b e030986686b24837825d7f688707c6f8 c2072fa929a74d01b0585c80889d5646 - - default default] Successfully bumped revision number for resource 85d9f991-8568-4f64-990b-1ddc60db31a1 (type: security_group_rules) to 0
2026-05-01 01:48:44.547 10 INFO neutron.wsgi [None req-887a2743-93c5-4d61-801f-394d3640173b e030986686b24837825d7f688707c6f8 c2072fa929a74d01b0585c80889d5646 - - default default] 199.204.45.140,10.0.0.25 "POST /v2.0/security-group-rules HTTP/1.1" status: 201 len: 745 time: 0.1453745
2026-05-01 01:48:45.515 9 INFO neutron.wsgi [None req-7ec61c3c-6404-4e67-aac7-585e3be07105 e030986686b24837825d7f688707c6f8 c2072fa929a74d01b0585c80889d5646 - - default default] 199.204.45.140,10.0.0.25 "GET /v2.0/security-groups/8ab53af9-befe-4e20-870a-148fa6af9ff3?project_id=0eb0ed8e042f424abd6c9a83c4e0b0e0 HTTP/1.1" status: 200 len: 2314 time: 0.0801523
2026-05-01 01:48:45.549 9 INFO neutron.wsgi [None req-49a93ab8-579b-4476-9415-adb8f11855c7 e030986686b24837825d7f688707c6f8 c2072fa929a74d01b0585c80889d5646 - - default default] 199.204.45.140,10.0.0.25 "GET /v2.0/security-groups/8ab53af9-befe-4e20-870a-148fa6af9ff3 HTTP/1.1" status: 200 len: 2314 time: 0.0282283
2026-05-01 01:48:45.652 9 INFO neutron.wsgi [None req-e082bcdc-31a9-4291-8463-857a54f3f7d4 e030986686b24837825d7f688707c6f8 c2072fa929a74d01b0585c80889d5646 - - default default] 199.204.45.140,10.0.0.25 "GET /v2.0/security-groups/8ab53af9-befe-4e20-870a-148fa6af9ff3?project_id=0eb0ed8e042f424abd6c9a83c4e0b0e0 HTTP/1.1" status: 200 len: 2314 time: 0.0268297
2026-05-01 01:48:45.761 9 INFO neutron.db.ovn_revision_numbers_db [None req-239d3d45-9178-4a0d-9724-4c115c209300 e030986686b24837825d7f688707c6f8 c2072fa929a74d01b0585c80889d5646 - - default default] Successfully bumped revision number for resource 8930ba8f-7713-419c-8c74-6fb23d11bd6d (type: security_group_rules) to 0
2026-05-01 01:48:45.783 9 INFO neutron.wsgi [None req-239d3d45-9178-4a0d-9724-4c115c209300 e030986686b24837825d7f688707c6f8 c2072fa929a74d01b0585c80889d5646 - - default default] 199.204.45.140,10.0.0.25 "POST /v2.0/security-group-rules HTTP/1.1" status: 201 len: 747 time: 0.1256566
2026-05-01 01:48:46.798 9 INFO neutron.wsgi [None req-505cd9e1-35ff-46d0-96a5-427406f96bd7 e030986686b24837825d7f688707c6f8 c2072fa929a74d01b0585c80889d5646 - - default default] 199.204.45.140,10.0.0.25 "GET /v2.0/security-groups/8ab53af9-befe-4e20-870a-148fa6af9ff3?project_id=0eb0ed8e042f424abd6c9a83c4e0b0e0 HTTP/1.1" status: 200 len: 2894 time: 0.0729251
2026-05-01 01:48:46.836 9 INFO neutron.wsgi [None req-afafc2eb-e1fa-4347-a4f0-a1ca01dd2c02 e030986686b24837825d7f688707c6f8 c2072fa929a74d01b0585c80889d5646 - - default default] 199.204.45.140,10.0.0.25 "GET /v2.0/security-groups/8ab53af9-befe-4e20-870a-148fa6af9ff3 HTTP/1.1" status: 200 len: 2894 time: 0.0317159
2026-05-01 01:48:46.949 9 INFO neutron.wsgi [None req-90c3d865-5c4e-4923-a7d7-5a77308bc264 e030986686b24837825d7f688707c6f8 c2072fa929a74d01b0585c80889d5646 - - default default] 199.204.45.140,10.0.0.25 "GET /v2.0/security-groups/8ab53af9-befe-4e20-870a-148fa6af9ff3?project_id=0eb0ed8e042f424abd6c9a83c4e0b0e0 HTTP/1.1" status: 200 len: 2894 time: 0.0297899
2026-05-01 01:48:47.047 9 INFO neutron.db.ovn_revision_numbers_db [None req-6674d505-c170-4f86-b11c-60551569e370 e030986686b24837825d7f688707c6f8 c2072fa929a74d01b0585c80889d5646 - - default default] Successfully bumped revision number for resource afac1cfc-cf1a-4ba0-82b6-8f515e9d551f (type: security_group_rules) to 0
2026-05-01 01:48:47.065 9 INFO neutron.wsgi [None req-6674d505-c170-4f86-b11c-60551569e370 e030986686b24837825d7f688707c6f8 c2072fa929a74d01b0585c80889d5646 - - default default] 199.204.45.140,10.0.0.25 "POST /v2.0/security-group-rules HTTP/1.1" status: 201 len: 749 time: 0.1111841
2026-05-01 01:48:47.621 10 INFO neutron.wsgi [-] 10.0.0.25 "GET / HTTP/1.1" status: 200 len: 247 time: 0.0025749
2026-05-01 01:48:47.623 9 INFO neutron.wsgi [-] 10.0.0.25 "GET / HTTP/1.1" status: 200 len: 247 time: 0.0041182
2026-05-01 01:48:48.154 9 INFO neutron.wsgi [None req-673ec6fb-18f1-4fc0-8098-7f1e0f8f68de e030986686b24837825d7f688707c6f8 c2072fa929a74d01b0585c80889d5646 - - default default] 199.204.45.140,10.0.0.25 "GET /v2.0/security-groups/8ab53af9-befe-4e20-870a-148fa6af9ff3?project_id=0eb0ed8e042f424abd6c9a83c4e0b0e0 HTTP/1.1" status: 200 len: 3476 time: 0.0729792
2026-05-01 01:48:48.190 9 INFO neutron.wsgi [None req-71000a65-4bd0-4e8e-b9a6-915c2a6e9707 e030986686b24837825d7f688707c6f8 c2072fa929a74d01b0585c80889d5646 - - default default] 199.204.45.140,10.0.0.25 "GET /v2.0/security-groups/8ab53af9-befe-4e20-870a-148fa6af9ff3 HTTP/1.1" status: 200 len: 3476 time: 0.0264151
2026-05-01 01:48:48.292 9 INFO neutron.wsgi [None req-964fe0c4-7e36-408d-9c3a-d5c2bdb86cc1 e030986686b24837825d7f688707c6f8 c2072fa929a74d01b0585c80889d5646 - - default default] 199.204.45.140,10.0.0.25 "GET /v2.0/security-groups/8ab53af9-befe-4e20-870a-148fa6af9ff3?project_id=0eb0ed8e042f424abd6c9a83c4e0b0e0 HTTP/1.1" status: 200 len: 3476 time: 0.0262921
2026-05-01 01:48:48.401 9 INFO neutron.db.ovn_revision_numbers_db [None req-0241baed-f21d-4187-bd08-2a515a060bf8 e030986686b24837825d7f688707c6f8 c2072fa929a74d01b0585c80889d5646 - - default default] Successfully bumped revision number for resource fe7a78ea-5b6a-4df3-b553-0f4a16817b3f (type: security_group_rules) to 0
2026-05-01 01:48:48.422 9 INFO neutron.wsgi [None req-0241baed-f21d-4187-bd08-2a515a060bf8 e030986686b24837825d7f688707c6f8 c2072fa929a74d01b0585c80889d5646 - - default default] 199.204.45.140,10.0.0.25 "POST /v2.0/security-group-rules HTTP/1.1" status: 201 len: 750 time: 0.1243880
2026-05-01 01:49:02.623 9 INFO neutron.wsgi [-] 10.0.0.25 "GET / HTTP/1.1" status: 200 len: 247 time: 0.0027003
2026-05-01 01:49:02.623 10 INFO neutron.wsgi [-] 10.0.0.25 "GET / HTTP/1.1" status: 200 len: 247 time: 0.0031295
2026-05-01 01:49:17.621 9 INFO neutron.wsgi [-] 10.0.0.25 "GET / HTTP/1.1" status: 200 len: 247 time: 0.0023232
2026-05-01 01:49:17.623 10 INFO neutron.wsgi [-] 10.0.0.25 "GET / HTTP/1.1" status: 200 len: 247 time: 0.0042155
2026-05-01 01:49:32.620 10 INFO neutron.wsgi [-] 10.0.0.25 "GET / HTTP/1.1" status: 200 len: 247 time: 0.0015984
2026-05-01 01:49:32.623 9 INFO neutron.wsgi [-] 10.0.0.25 "GET / HTTP/1.1" status: 200 len: 247 time: 0.0036643
2026-05-01 01:49:47.620 10 INFO neutron.wsgi [-] 10.0.0.25 "GET / HTTP/1.1" status: 200 len: 247 time: 0.0018153
2026-05-01 01:49:47.622 9 INFO neutron.wsgi [-] 10.0.0.25 "GET / HTTP/1.1" status: 200 len: 247 time: 0.0027330
2026-05-01 01:50:02.622 9 INFO neutron.wsgi [-] 10.0.0.25 "GET / HTTP/1.1" status: 200 len: 247 time: 0.0025349
2026-05-01 01:50:02.622 10 INFO neutron.wsgi [-] 10.0.0.25 "GET / HTTP/1.1" status: 200 len: 247 time: 0.0031252
2026-05-01 01:50:17.621 10 INFO neutron.wsgi [-] 10.0.0.25 "GET / HTTP/1.1" status: 200 len: 247 time: 0.0026891
2026-05-01 01:50:17.623 9 INFO neutron.wsgi [-] 10.0.0.25 "GET / HTTP/1.1" status: 200 len: 247 time: 0.0024307
2026-05-01 01:50:32.621 9 INFO neutron.wsgi [-] 10.0.0.25 "GET / HTTP/1.1" status: 200 len: 247 time: 0.0027835
2026-05-01 01:50:32.625 9 INFO neutron.wsgi [-] 10.0.0.25 "GET / HTTP/1.1" status: 200 len: 247 time: 0.0026739
2026-05-01 01:50:47.622 9 INFO neutron.wsgi [-] 10.0.0.25 "GET / HTTP/1.1" status: 200 len: 247 time: 0.0032759
2026-05-01 01:50:47.625 10 INFO neutron.wsgi [-] 10.0.0.25 "GET / HTTP/1.1" status: 200 len: 247 time: 0.0041299
2026-05-01 01:50:59.081 10 INFO neutron.wsgi [None req-016a7cf3-c0dd-4516-9514-196b42db933c ff704d779bd945ed93e540976e7a5cbf 0eb0ed8e042f424abd6c9a83c4e0b0e0 - - 47cc34d411aa4a3ab8f0d3390e3f1bb0 47cc34d411aa4a3ab8f0d3390e3f1bb0] 199.204.45.140 "GET /v2.0/networks?tenant_id=0eb0ed8e042f424abd6c9a83c4e0b0e0&shared=False HTTP/1.1" status: 200 len: 213 time: 0.1375718
2026-05-01 01:50:59.186 10 INFO neutron.db.segments_db [None req-2ebe2eab-3a6a-429a-9ffd-9d5657aecb7c ff704d779bd945ed93e540976e7a5cbf 0eb0ed8e042f424abd6c9a83c4e0b0e0 - - 47cc34d411aa4a3ab8f0d3390e3f1bb0 47cc34d411aa4a3ab8f0d3390e3f1bb0] Added segment 3c4ef316-99b0-4fa2-9926-79ac8d772c83 of type geneve for network 8699ffbd-14b9-4aac-93cc-b43d637c0f6c
2026-05-01 01:50:59.326 10 INFO neutron.db.ovn_revision_numbers_db [None req-2ebe2eab-3a6a-429a-9ffd-9d5657aecb7c ff704d779bd945ed93e540976e7a5cbf 0eb0ed8e042f424abd6c9a83c4e0b0e0 - - 47cc34d411aa4a3ab8f0d3390e3f1bb0 47cc34d411aa4a3ab8f0d3390e3f1bb0] Successfully bumped revision number for resource 8699ffbd-14b9-4aac-93cc-b43d637c0f6c (type: networks) to 1
2026-05-01 01:50:59.542 10 WARNING neutron.scheduler.dhcp_agent_scheduler [None req-2ebe2eab-3a6a-429a-9ffd-9d5657aecb7c ff704d779bd945ed93e540976e7a5cbf 0eb0ed8e042f424abd6c9a83c4e0b0e0 - - 47cc34d411aa4a3ab8f0d3390e3f1bb0 47cc34d411aa4a3ab8f0d3390e3f1bb0] No more DHCP agents
2026-05-01 01:50:59.544 10 WARNING neutron.api.rpc.agentnotifiers.dhcp_rpc_agent_api [None req-2ebe2eab-3a6a-429a-9ffd-9d5657aecb7c ff704d779bd945ed93e540976e7a5cbf 0eb0ed8e042f424abd6c9a83c4e0b0e0 - - 47cc34d411aa4a3ab8f0d3390e3f1bb0 47cc34d411aa4a3ab8f0d3390e3f1bb0] Unable to schedule network 8699ffbd-14b9-4aac-93cc-b43d637c0f6c: no agents available; will retry on subsequent port and subnet creation events.
2026-05-01 01:50:59.618 10 INFO neutron.db.ovn_revision_numbers_db [None req-2ebe2eab-3a6a-429a-9ffd-9d5657aecb7c ff704d779bd945ed93e540976e7a5cbf 0eb0ed8e042f424abd6c9a83c4e0b0e0 - - 47cc34d411aa4a3ab8f0d3390e3f1bb0 47cc34d411aa4a3ab8f0d3390e3f1bb0] Successfully bumped revision number for resource 16a23a1b-1e59-424a-8853-1b4d19a440fd (type: ports) to 1
2026-05-01 01:50:59.638 10 INFO neutron.wsgi [None req-2ebe2eab-3a6a-429a-9ffd-9d5657aecb7c ff704d779bd945ed93e540976e7a5cbf 0eb0ed8e042f424abd6c9a83c4e0b0e0 - - 47cc34d411aa4a3ab8f0d3390e3f1bb0 47cc34d411aa4a3ab8f0d3390e3f1bb0] 199.204.45.140 "POST /v2.0/networks HTTP/1.1" status: 201 len: 925 time: 0.5490770
2026-05-01 01:50:59.680 10 INFO neutron.wsgi [None req-e8a71a93-c420-4c46-a30a-83469e004cea ff704d779bd945ed93e540976e7a5cbf 0eb0ed8e042f424abd6c9a83c4e0b0e0 - - 47cc34d411aa4a3ab8f0d3390e3f1bb0 47cc34d411aa4a3ab8f0d3390e3f1bb0] 199.204.45.140 "GET /v2.0/ports?device_id=manila-share&binding%3Ahost_id=instance HTTP/1.1" status: 200 len: 210 time: 0.0330162
2026-05-01 01:50:59.692 10 INFO neutron.wsgi [None req-5513dc5c-f5a2-4b88-8c2f-3a8c542e7635 ff704d779bd945ed93e540976e7a5cbf 0eb0ed8e042f424abd6c9a83c4e0b0e0 - - 47cc34d411aa4a3ab8f0d3390e3f1bb0 47cc34d411aa4a3ab8f0d3390e3f1bb0] 199.204.45.140 "GET /v2.0/extensions HTTP/1.1" status: 200 len: 16980 time: 0.0059664
2026-05-01 01:50:59.884 10 WARNING neutron.scheduler.dhcp_agent_scheduler [None req-5d32c0a0-66a5-4b62-9b3b-b4c1fbc5c4cc ff704d779bd945ed93e540976e7a5cbf 0eb0ed8e042f424abd6c9a83c4e0b0e0 - - 47cc34d411aa4a3ab8f0d3390e3f1bb0 47cc34d411aa4a3ab8f0d3390e3f1bb0] No more DHCP agents
2026-05-01 01:50:59.886 10 WARNING neutron.api.rpc.agentnotifiers.dhcp_rpc_agent_api [None req-5d32c0a0-66a5-4b62-9b3b-b4c1fbc5c4cc ff704d779bd945ed93e540976e7a5cbf 0eb0ed8e042f424abd6c9a83c4e0b0e0 - - 47cc34d411aa4a3ab8f0d3390e3f1bb0 47cc34d411aa4a3ab8f0d3390e3f1bb0] Unable to schedule network 8699ffbd-14b9-4aac-93cc-b43d637c0f6c: no agents available; will retry on subsequent port and subnet creation events.
2026-05-01 01:50:59.967 10 INFO neutron.db.ovn_revision_numbers_db [None req-5d32c0a0-66a5-4b62-9b3b-b4c1fbc5c4cc ff704d779bd945ed93e540976e7a5cbf 0eb0ed8e042f424abd6c9a83c4e0b0e0 - - 47cc34d411aa4a3ab8f0d3390e3f1bb0 47cc34d411aa4a3ab8f0d3390e3f1bb0] Successfully bumped revision number for resource 9f203b65-6984-4077-bae5-e9f79e3afd89 (type: ports) to 1
2026-05-01 01:51:00.142 10 INFO neutron.db.ovn_revision_numbers_db [None req-5d32c0a0-66a5-4b62-9b3b-b4c1fbc5c4cc ff704d779bd945ed93e540976e7a5cbf 0eb0ed8e042f424abd6c9a83c4e0b0e0 - - 47cc34d411aa4a3ab8f0d3390e3f1bb0 47cc34d411aa4a3ab8f0d3390e3f1bb0] Successfully bumped revision number for resource 9f203b65-6984-4077-bae5-e9f79e3afd89 (type: ports) to 1
2026-05-01 01:51:00.176 10 INFO neutron.wsgi [None req-5d32c0a0-66a5-4b62-9b3b-b4c1fbc5c4cc ff704d779bd945ed93e540976e7a5cbf 0eb0ed8e042f424abd6c9a83c4e0b0e0 - - 47cc34d411aa4a3ab8f0d3390e3f1bb0 47cc34d411aa4a3ab8f0d3390e3f1bb0] 199.204.45.140 "POST /v2.0/ports HTTP/1.1" status: 201 len: 1144 time: 0.4781957
2026-05-01 01:51:00.245 10 INFO neutron.wsgi [None req-b537dc6c-49cc-4f0d-9112-6a91d083f571 ff704d779bd945ed93e540976e7a5cbf 0eb0ed8e042f424abd6c9a83c4e0b0e0 - - 47cc34d411aa4a3ab8f0d3390e3f1bb0 47cc34d411aa4a3ab8f0d3390e3f1bb0] 199.204.45.140 "GET /v2.0/networks/8699ffbd-14b9-4aac-93cc-b43d637c0f6c HTTP/1.1" status: 200 len: 907 time: 0.0626292
2026-05-01 01:51:01.093 10 INFO neutron.plugins.ml2.drivers.ovn.mech_driver.mech_driver [-] OVN reports status up for port: 9f203b65-6984-4077-bae5-e9f79e3afd89
2026-05-01 01:51:01.108 10 INFO neutron.plugins.ml2.plugin [None req-baefa63a-eed7-45ab-ae84-ad67a725750a - - - - - -] Attempt 1 to provision port 9f203b65-6984-4077-bae5-e9f79e3afd89
2026-05-01 01:51:01.382 10 INFO neutron.db.ovn_revision_numbers_db [None req-baefa63a-eed7-45ab-ae84-ad67a725750a - - - - - -] Successfully bumped revision number for resource 9f203b65-6984-4077-bae5-e9f79e3afd89 (type: ports) to 3
2026-05-01 01:51:02.621 9 INFO neutron.wsgi [-] 10.0.0.25 "GET / HTTP/1.1" status: 200 len: 247 time: 0.0025215
2026-05-01 01:51:02.622 10 INFO neutron.wsgi [-] 10.0.0.25 "GET / HTTP/1.1" status: 200 len: 247 time: 0.0030224
2026-05-01 01:51:02.933 10 INFO neutron.wsgi [None req-033f50fe-4917-451b-9403-ccb92dfa6301 ff704d779bd945ed93e540976e7a5cbf 0eb0ed8e042f424abd6c9a83c4e0b0e0 - - 47cc34d411aa4a3ab8f0d3390e3f1bb0 47cc34d411aa4a3ab8f0d3390e3f1bb0] 199.204.45.140 "GET /v2.0/ports?device_id=manila-share&binding%3Ahost_id=instance HTTP/1.1" status: 200 len: 1172 time: 0.0514579
2026-05-01 01:51:02.985 10 INFO neutron.wsgi [None req-c29301a7-f697-42fd-8a0f-472af159bf9b ff704d779bd945ed93e540976e7a5cbf 0eb0ed8e042f424abd6c9a83c4e0b0e0 - - 47cc34d411aa4a3ab8f0d3390e3f1bb0 47cc34d411aa4a3ab8f0d3390e3f1bb0] 199.204.45.140 "GET /v2.0/networks/8699ffbd-14b9-4aac-93cc-b43d637c0f6c HTTP/1.1" status: 200 len: 907 time: 0.0473194
2026-05-01 01:51:17.625 10 INFO neutron.wsgi [-] 10.0.0.25 "GET / HTTP/1.1" status: 200 len: 247 time: 0.0018678
2026-05-01 01:51:17.629 9 INFO neutron.wsgi [-] 10.0.0.25 "GET / HTTP/1.1" status: 200 len: 247 time: 0.0057356
2026-05-01 01:51:21.145 9 INFO neutron.wsgi [None req-732798be-0220-4f70-8001-018f272ee0a4 e030986686b24837825d7f688707c6f8 c2072fa929a74d01b0585c80889d5646 - - default default] 199.204.45.140,10.0.0.25 "GET /v2.0/quotas/0eb0ed8e042f424abd6c9a83c4e0b0e0 HTTP/1.1" status: 200 len: 362 time: 0.0200338 /var/lib/openstack/lib/python3.10/site-packages/neutron/extensions/quotasv2.py:139: UserWarning: Neutron quota engine will require "--force" parameter to set a quota limit without checking the resource usage. warnings.warn('Neutron quota engine will require "--force" '
2026-05-01 01:51:21.662 9 INFO neutron.wsgi [None req-572d2b0a-6e19-4047-b1d5-d646f42df873 e030986686b24837825d7f688707c6f8 c2072fa929a74d01b0585c80889d5646 - - default default] 199.204.45.140,10.0.0.25 "PUT /v2.0/quotas/0eb0ed8e042f424abd6c9a83c4e0b0e0 HTTP/1.1" status: 200 len: 361 time: 0.0483091
2026-05-01 01:51:32.622 9 INFO neutron.wsgi [-] 10.0.0.25 "GET / HTTP/1.1" status: 200 len: 247 time: 0.0033495
2026-05-01 01:51:32.623 10 INFO neutron.wsgi [-] 10.0.0.25 "GET / HTTP/1.1" status: 200 len: 247 time: 0.0035203
2026-05-01 01:51:47.625 10 INFO neutron.wsgi [-] 10.0.0.25 "GET / HTTP/1.1" status: 200 len: 247 time: 0.0064206
2026-05-01 01:51:47.627 10 INFO neutron.wsgi [-] 10.0.0.25 "GET / HTTP/1.1" status: 200 len: 247 time: 0.0012767
2026-05-01 01:52:02.621 9 INFO neutron.wsgi [-] 10.0.0.25 "GET / HTTP/1.1" status: 200 len: 247 time: 0.0024011
2026-05-01 01:52:02.624 10 INFO neutron.wsgi [-] 10.0.0.25 "GET / HTTP/1.1" status: 200 len: 247 time: 0.0045197
2026-05-01 01:52:03.912 10 INFO neutron.wsgi [None req-3c9f86f1-7f8c-4751-8c08-1e84a06c78d5 e030986686b24837825d7f688707c6f8 c2072fa929a74d01b0585c80889d5646 - - default default] 10.0.0.174 "GET /v2.0/ports HTTP/1.1" status: 200 len: 5351 time: 0.1559112
2026-05-01 01:52:03.965 10 INFO neutron.wsgi [None req-8f35418d-3140-4b06-941c-98baa8328e73 e030986686b24837825d7f688707c6f8 c2072fa929a74d01b0585c80889d5646 - - default default] 10.0.0.174 "GET /v2.0/routers HTTP/1.1" status: 200 len: 189 time: 0.0417495
2026-05-01 01:52:04.005 10 INFO neutron.wsgi [None req-56c32ffc-f1ec-4b59-ba15-aa2f5a6eb260 e030986686b24837825d7f688707c6f8 c2072fa929a74d01b0585c80889d5646 - - default default] 10.0.0.174 "GET /v2.0/agents?binary=ovn-controller HTTP/1.1" status: 200 len: 591 time: 0.0389149
2026-05-01 01:52:04.052 10 INFO neutron.wsgi [None req-303c26b2-871c-4039-8ca6-d133e8d945a0 e030986686b24837825d7f688707c6f8 c2072fa929a74d01b0585c80889d5646 - - default default] 10.0.0.174 "GET /v2.0/subnets HTTP/1.1" status: 200 len: 1437 time: 0.0456345
2026-05-01 01:52:04.063 10 INFO neutron.wsgi [None req-6da6563b-3adb-46fe-9ace-7a0bfb46b2d7 e030986686b24837825d7f688707c6f8 c2072fa929a74d01b0585c80889d5646 - - default default] 10.0.0.174 "GET /v2.0/subnetpools HTTP/1.1" status: 200 len: 193 time: 0.0096154
2026-05-01 01:52:04.099 10 INFO neutron.wsgi [None req-a804d34e-726b-447c-8010-9cc43b7becb0 e030986686b24837825d7f688707c6f8 c2072fa929a74d01b0585c80889d5646 - - default default] 10.0.0.174 "GET /v2.0/subnets HTTP/1.1" status: 200 len: 1437 time: 0.0347981
2026-05-01 01:52:04.112 10 INFO neutron.wsgi [None req-f83ec36e-21bb-4553-86fb-696baf3617a3 e030986686b24837825d7f688707c6f8 c2072fa929a74d01b0585c80889d5646 - - default default] 10.0.0.174 "GET /v2.0/agents HTTP/1.1" status: 200 len: 997 time: 0.0124106
2026-05-01 01:52:04.239 10 INFO neutron.wsgi [None req-b0f592e0-3ace-4b3e-a007-9375168f45db e030986686b24837825d7f688707c6f8 c2072fa929a74d01b0585c80889d5646 - - default default] 10.0.0.174 "GET /v2.0/floatingips HTTP/1.1" status: 200 len: 193 time: 0.1243279
2026-05-01 01:52:04.351 10 INFO neutron.wsgi [None req-f5a9726a-d133-492c-9bc9-ebdb8f481fb7 e030986686b24837825d7f688707c6f8 c2072fa929a74d01b0585c80889d5646 - - default default] 10.0.0.174 "GET /v2.0/networks HTTP/1.1" status: 200 len: 2350 time: 0.1097946
2026-05-01 01:52:04.436 10 INFO neutron.wsgi [None req-26fdf7bc-d229-4c5f-a846-553c29236951 e030986686b24837825d7f688707c6f8 c2072fa929a74d01b0585c80889d5646 - - default default] 10.0.0.174 "GET /v2.0/security-groups HTTP/1.1" status: 200 len: 16803 time: 0.0803821
2026-05-01 01:52:04.454 10 INFO neutron.wsgi [None req-f9cca24b-9fff-4ed6-9c9c-da5e3a3078e1 e030986686b24837825d7f688707c6f8 c2072fa929a74d01b0585c80889d5646 - - default default] 10.0.0.174 "GET /v2.0/network-ip-availabilities HTTP/1.1" status: 200 len: 1280 time: 0.0145082
2026-05-01 01:52:17.624 10 INFO neutron.wsgi [-] 10.0.0.25 "GET / HTTP/1.1" status: 200 len: 247 time: 0.0049465
2026-05-01 01:52:17.628 10 INFO neutron.wsgi [-] 10.0.0.25 "GET / HTTP/1.1" status: 200 len: 247 time: 0.0025899
2026-05-01 01:52:32.621 9 INFO neutron.wsgi [-] 10.0.0.25 "GET / HTTP/1.1" status: 200 len: 247 time: 0.0020092
2026-05-01 01:52:32.622 10 INFO neutron.wsgi [-] 10.0.0.25 "GET / HTTP/1.1" status: 200 len: 247 time: 0.0038135
2026-05-01 01:52:47.621 9 INFO neutron.wsgi [-] 10.0.0.25 "GET / HTTP/1.1" status: 200 len: 247 time: 0.0025196
2026-05-01 01:52:47.624 9 INFO neutron.wsgi [-] 10.0.0.25 "GET / HTTP/1.1" status: 200 len: 247 time: 0.0015450
2026-05-01 01:53:02.622 9 INFO neutron.wsgi [-] 10.0.0.25 "GET / HTTP/1.1" status: 200 len: 247 time: 0.0028522
2026-05-01 01:53:02.625 9 INFO neutron.wsgi [-] 10.0.0.25 "GET / HTTP/1.1" status: 200 len: 247 time: 0.0020723
2026-05-01 01:53:03.923 10 INFO neutron.wsgi [None req-816d7a15-c182-4656-a72a-c0414c260e57 e030986686b24837825d7f688707c6f8 c2072fa929a74d01b0585c80889d5646 - - default default] 10.0.0.174 "GET /v2.0/ports HTTP/1.1" status: 200 len: 5351 time: 2.0992525
2026-05-01 01:53:03.958 10 INFO neutron.wsgi [None req-3ebdd7b4-2896-431e-94d5-9fe50502b2ce e030986686b24837825d7f688707c6f8 c2072fa929a74d01b0585c80889d5646 - - default default] 10.0.0.174 "GET /v2.0/routers HTTP/1.1" status: 200 len: 189 time: 0.0305111
2026-05-01 01:53:03.991 10 INFO neutron.wsgi [None req-6be7f14a-00ac-4bce-8a1e-c06045a44e95 e030986686b24837825d7f688707c6f8 c2072fa929a74d01b0585c80889d5646 - - default default] 10.0.0.174 "GET /v2.0/agents?binary=ovn-controller HTTP/1.1" status: 200 len: 591 time: 0.0321491
2026-05-01 01:53:04.002 10 INFO neutron.wsgi [None req-358e9366-ab2d-405e-a981-a16d1ec4beb3 e030986686b24837825d7f688707c6f8 c2072fa929a74d01b0585c80889d5646 - - default default] 10.0.0.174 "GET /v2.0/agents HTTP/1.1" status: 200 len: 997 time: 0.0098135
2026-05-01 01:53:04.034 10 INFO neutron.wsgi [None req-d90a9ba8-b913-4cb7-b826-f2eca5cd99ca e030986686b24837825d7f688707c6f8 c2072fa929a74d01b0585c80889d5646 - - default default] 10.0.0.174 "GET /v2.0/subnets HTTP/1.1" status: 200 len: 1437 time: 0.0312278
2026-05-01 01:53:04.055 10 INFO neutron.wsgi [None req-634e821c-bbe7-42e3-a0dc-5748eb76366f e030986686b24837825d7f688707c6f8 c2072fa929a74d01b0585c80889d5646 - - default default] 10.0.0.174 "GET /v2.0/floatingips HTTP/1.1" status: 200 len: 193 time: 0.0191677
2026-05-01 01:53:04.121 10 INFO neutron.wsgi [None req-e8d8534b-2d1d-4b07-ac80-d1aa5a014a4c e030986686b24837825d7f688707c6f8 c2072fa929a74d01b0585c80889d5646 - - default default] 10.0.0.174 "GET /v2.0/networks HTTP/1.1" status: 200 len: 2350 time: 0.0662527
2026-05-01 01:53:04.135 10 INFO neutron.wsgi [None req-1dae5777-c6f8-4641-b357-25f14ec0d00d e030986686b24837825d7f688707c6f8 c2072fa929a74d01b0585c80889d5646 - - default default] 10.0.0.174 "GET /v2.0/network-ip-availabilities HTTP/1.1" status: 200 len: 1280 time: 0.0107179
2026-05-01 01:53:04.187 10 INFO neutron.wsgi [None req-80acae15-4201-4dbe-b963-8537024af2f2 e030986686b24837825d7f688707c6f8 c2072fa929a74d01b0585c80889d5646 - - default default] 10.0.0.174 "GET /v2.0/security-groups HTTP/1.1" status: 200 len: 16803 time: 0.0507560
2026-05-01 01:53:04.229 10 INFO neutron.wsgi [None req-564a1b0c-0fed-45a6-9958-6cbc822fda29 e030986686b24837825d7f688707c6f8 c2072fa929a74d01b0585c80889d5646 - - default default] 10.0.0.174 "GET /v2.0/subnets HTTP/1.1" status: 200 len: 1437 time: 0.0358906
2026-05-01 01:53:04.242 10 INFO neutron.wsgi [None req-9e071d85-bb15-4fa9-8221-750e3428024d e030986686b24837825d7f688707c6f8 c2072fa929a74d01b0585c80889d5646 - - default default] 10.0.0.174 "GET /v2.0/subnetpools HTTP/1.1" status: 200 len: 193 time: 0.0095992
2026-05-01 01:53:17.622 10 INFO neutron.wsgi [-] 10.0.0.25 "GET / HTTP/1.1" status: 200 len: 247 time: 0.0028341
2026-05-01 01:53:17.623 9 INFO neutron.wsgi [-] 10.0.0.25 "GET / HTTP/1.1" status: 200 len: 247 time: 0.0038042
2026-05-01 01:53:32.622 10 INFO neutron.wsgi [-] 10.0.0.25 "GET / HTTP/1.1" status: 200 len: 247 time: 0.0039227
2026-05-01 01:53:32.625 10 INFO neutron.wsgi [-] 10.0.0.25 "GET / HTTP/1.1" status: 200 len: 247 time: 0.0013185
2026-05-01 01:53:47.623 9 INFO neutron.wsgi [-] 10.0.0.25 "GET / HTTP/1.1" status: 200 len: 247 time: 0.0040481
2026-05-01 01:53:47.624 10 INFO neutron.wsgi [-] 10.0.0.25 "GET / HTTP/1.1" status: 200 len: 247 time: 0.0039225
2026-05-01 01:54:01.864 10 INFO neutron.wsgi [None req-56f531e4-7e75-4d68-947c-b6ac0586dd54 e030986686b24837825d7f688707c6f8 c2072fa929a74d01b0585c80889d5646 - - default default] 10.0.0.174 "GET /v2.0/routers HTTP/1.1" status: 200 len: 189 time: 0.0732384
2026-05-01 01:54:01.897 10 INFO neutron.wsgi [None req-3821cf49-273a-4ded-83c3-3ac31d435e7b e030986686b24837825d7f688707c6f8 c2072fa929a74d01b0585c80889d5646 - - default default] 10.0.0.174 "GET /v2.0/agents?binary=ovn-controller HTTP/1.1" status: 200 len: 591 time: 0.0322089
2026-05-01 01:54:01.907 10 INFO neutron.wsgi [None req-fe7564af-0190-4e83-b070-2b77d20ec2c0 e030986686b24837825d7f688707c6f8 c2072fa929a74d01b0585c80889d5646 - - default default] 10.0.0.174 "GET /v2.0/agents HTTP/1.1" status: 200 len: 997 time: 0.0098655
2026-05-01 01:54:01.943 10 INFO neutron.wsgi [None req-a0de57d9-5da8-4969-a7e3-e6e50a67bf21 e030986686b24837825d7f688707c6f8 c2072fa929a74d01b0585c80889d5646 - - default default] 10.0.0.174 "GET /v2.0/subnets HTTP/1.1" status: 200 len: 1437 time: 0.0331151
2026-05-01 01:54:01.954 10 INFO neutron.wsgi [None req-a756d01c-9172-43e7-b697-9bfe054662ce e030986686b24837825d7f688707c6f8 c2072fa929a74d01b0585c80889d5646 - - default default] 10.0.0.174 "GET /v2.0/subnetpools HTTP/1.1" status: 200 len: 193 time: 0.0084691
2026-05-01 01:54:01.964 10 INFO neutron.wsgi [None req-4736079c-8929-4be1-8595-30c6d1df0c08 e030986686b24837825d7f688707c6f8 c2072fa929a74d01b0585c80889d5646 - - default default] 10.0.0.174 "GET /v2.0/network-ip-availabilities HTTP/1.1" status: 200 len: 1280 time: 0.0099595
2026-05-01 01:54:01.981 10 INFO neutron.wsgi [None req-cbf1d7df-39f3-4229-a7b0-8141492059fa e030986686b24837825d7f688707c6f8 c2072fa929a74d01b0585c80889d5646 - - default default] 10.0.0.174 "GET /v2.0/floatingips HTTP/1.1" status: 200 len: 193 time: 0.0159473
2026-05-01 01:54:02.044 10 INFO neutron.wsgi [None req-cce094ce-64d6-4eb5-bba7-bc68cbcd02d9 e030986686b24837825d7f688707c6f8 c2072fa929a74d01b0585c80889d5646 - - default default] 10.0.0.174 "GET /v2.0/networks HTTP/1.1" status: 200 len: 2350 time: 0.0623689
2026-05-01 01:54:02.098 10 INFO neutron.wsgi [None req-7dc251ca-b305-4329-82db-c120cbc2a70b e030986686b24837825d7f688707c6f8 c2072fa929a74d01b0585c80889d5646 - - default default] 10.0.0.174 "GET /v2.0/security-groups HTTP/1.1" status: 200 len: 16803 time: 0.0516129
2026-05-01 01:54:02.147 10 INFO neutron.wsgi [None req-4eb703cf-348c-4ea0-a5e2-1a61830e5dc4 e030986686b24837825d7f688707c6f8 c2072fa929a74d01b0585c80889d5646 - - default default] 10.0.0.174 "GET /v2.0/subnets HTTP/1.1" status: 200 len: 1437 time: 0.0444217
2026-05-01 01:54:02.197 10 INFO neutron.wsgi [None req-29f33f64-06e0-4c1b-866b-4c72fba240a9 e030986686b24837825d7f688707c6f8 c2072fa929a74d01b0585c80889d5646 - - default default] 10.0.0.174 "GET /v2.0/ports HTTP/1.1" status: 200 len: 5351 time: 0.0482011
2026-05-01 01:54:02.623 10 INFO neutron.wsgi [-] 10.0.0.25 "GET / HTTP/1.1" status: 200 len: 247 time: 0.0016210
2026-05-01 01:54:02.629 10 INFO neutron.wsgi [-] 10.0.0.25 "GET / HTTP/1.1" status: 200 len: 247 time: 0.0009451
2026-05-01 01:54:17.623 10 INFO neutron.wsgi [-] 10.0.0.25 "GET / HTTP/1.1" status: 200 len: 247 time: 0.0032890
2026-05-01 01:54:17.623 9 INFO neutron.wsgi [-] 10.0.0.25 "GET / HTTP/1.1" status: 200 len: 247 time: 0.0039432
2026-05-01 01:54:32.622 10 INFO neutron.wsgi [-] 10.0.0.25 "GET / HTTP/1.1" status: 200 len: 247 time: 0.0033953
2026-05-01 01:54:32.622 9 INFO neutron.wsgi [-] 10.0.0.25 "GET / HTTP/1.1" status: 200 len: 247 time: 0.0029695
2026-05-01 01:54:36.433 15 INFO neutron.db.ovn_revision_numbers_db [None req-4bf5fce4-81b0-4c35-9b0e-f702f1ea8020 - - - - - -] Successfully bumped revision number for resource 8ab53af9-befe-4e20-870a-148fa6af9ff3 (type: security_groups) to 5
2026-05-01 01:54:36.433 15 INFO neutron.plugins.ml2.drivers.ovn.mech_driver.ovsdb.maintenance [None req-4bf5fce4-81b0-4c35-9b0e-f702f1ea8020 - - - - - -] Maintenance task: Synchronization finished (took 0.04 seconds)
2026-05-01 01:54:47.623 9 INFO neutron.wsgi [-] 10.0.0.25 "GET / HTTP/1.1" status: 200 len: 247 time: 0.0044572
2026-05-01 01:54:47.626 9 INFO neutron.wsgi [-] 10.0.0.25 "GET / HTTP/1.1" status: 200 len: 247 time: 0.0017147
2026-05-01 01:55:01.853 10 INFO neutron.wsgi [None req-f5ecffc1-6f38-4da8-b313-55d9ae3c438c e030986686b24837825d7f688707c6f8 c2072fa929a74d01b0585c80889d5646 - - default default] 10.0.0.174 "GET /v2.0/subnets HTTP/1.1" status: 200 len: 1437 time: 0.1013644
2026-05-01 01:55:01.925 10 INFO neutron.wsgi [None req-54c8c837-9da1-4088-8eb5-29bf05063411 e030986686b24837825d7f688707c6f8 c2072fa929a74d01b0585c80889d5646 - - default default] 10.0.0.174 "GET /v2.0/ports HTTP/1.1" status: 200 len: 5351 time: 0.0706561
2026-05-01 01:55:01.993 10 INFO neutron.wsgi [None req-1eea7772-931a-444b-8ad8-805e7d1fa0e2 e030986686b24837825d7f688707c6f8 c2072fa929a74d01b0585c80889d5646 - - default default] 10.0.0.174 "GET /v2.0/networks HTTP/1.1" status: 200 len: 2350 time: 0.0639153
2026-05-01 01:55:02.025 10 INFO neutron.wsgi [None req-1d3aa0ac-e7a6-488d-84d1-171a1211d5c8 e030986686b24837825d7f688707c6f8 c2072fa929a74d01b0585c80889d5646 - - default default] 10.0.0.174 "GET /v2.0/agents HTTP/1.1" status: 200 len: 997 time: 0.0287907
2026-05-01 01:55:02.051 10 INFO neutron.wsgi [None req-d827bf1e-1d0f-4c02-8d7c-a53a85355a13 e030986686b24837825d7f688707c6f8 c2072fa929a74d01b0585c80889d5646 - - default default] 10.0.0.174 "GET /v2.0/subnets HTTP/1.1" status: 200 len: 1437 time: 0.0258873
2026-05-01 01:55:02.060 10 INFO neutron.wsgi [None req-1157e21f-f57c-47ab-89de-f77af9302825 e030986686b24837825d7f688707c6f8 c2072fa929a74d01b0585c80889d5646 - - default default] 10.0.0.174 "GET /v2.0/subnetpools HTTP/1.1" status: 200 len: 193 time: 0.0080831
2026-05-01 01:55:02.109 10 INFO neutron.wsgi [None req-0ec069d2-b21c-4fab-81e8-63d532376538 e030986686b24837825d7f688707c6f8 c2072fa929a74d01b0585c80889d5646 - - default default] 10.0.0.174 "GET /v2.0/security-groups HTTP/1.1" status: 200 len: 16803 time: 0.0478210
2026-05-01 01:55:02.144 10 INFO neutron.wsgi [None req-daf703c8-498a-40be-ac11-a56801f8cfe8 e030986686b24837825d7f688707c6f8 c2072fa929a74d01b0585c80889d5646 - - default default] 10.0.0.174 "GET /v2.0/routers HTTP/1.1" status: 200 len: 189 time: 0.0278041
2026-05-01 01:55:02.161 10 INFO neutron.wsgi [None req-311195dd-a12e-4a64-acef-90a135d93e21 e030986686b24837825d7f688707c6f8 c2072fa929a74d01b0585c80889d5646 - - default default] 10.0.0.174 "GET /v2.0/agents?binary=ovn-controller HTTP/1.1" status: 200 len: 591 time: 0.0155072
2026-05-01 01:55:02.172 10 INFO neutron.wsgi [None req-1011430c-4cbd-44bb-bd3c-e3da1e17cbd7 e030986686b24837825d7f688707c6f8 c2072fa929a74d01b0585c80889d5646 - - default default] 10.0.0.174 "GET /v2.0/network-ip-availabilities HTTP/1.1" status: 200 len: 1280 time: 0.0103028
2026-05-01 01:55:02.194 10 INFO neutron.wsgi [None req-e5bd18b4-b5a9-44fb-8bdb-a5e915e6ba6d e030986686b24837825d7f688707c6f8 c2072fa929a74d01b0585c80889d5646 - - default default] 10.0.0.174 "GET /v2.0/floatingips HTTP/1.1" status: 200 len: 193 time: 0.0211618
2026-05-01 01:55:02.621 9 INFO neutron.wsgi [-] 10.0.0.25 "GET / HTTP/1.1" status: 200 len: 247 time: 0.0024092
2026-05-01 01:55:02.621 10 INFO neutron.wsgi [-] 10.0.0.25 "GET / HTTP/1.1" status: 200 len: 247 time: 0.0026190
2026-05-01 01:55:17.622 9 INFO neutron.wsgi [-] 10.0.0.25 "GET / HTTP/1.1" status: 200 len: 247 time: 0.0024652
2026-05-01 01:55:17.623 10 INFO neutron.wsgi [-] 10.0.0.25 "GET / HTTP/1.1" status: 200 len: 247 time: 0.0030327
2026-05-01 01:55:32.622 10 INFO neutron.wsgi [-] 10.0.0.25 "GET / HTTP/1.1" status: 200 len: 247 time: 0.0025995
2026-05-01 01:55:32.623 9 INFO neutron.wsgi [-] 10.0.0.25 "GET / HTTP/1.1" status: 200 len: 247 time: 0.0037453
2026-05-01 01:55:47.623 10 INFO neutron.wsgi [-] 10.0.0.25 "GET / HTTP/1.1" status: 200 len: 247 time: 0.0024424
2026-05-01 01:55:47.623 9 INFO neutron.wsgi [-] 10.0.0.25 "GET / HTTP/1.1" status: 200 len: 247 time: 0.0035474
2026-05-01 01:56:01.854 10 INFO neutron.wsgi [None req-bde112ec-8fac-4348-a796-0944fb60cea4 e030986686b24837825d7f688707c6f8 c2072fa929a74d01b0585c80889d5646 - - default default] 10.0.0.174 "GET /v2.0/security-groups HTTP/1.1" status: 200 len: 16803 time: 0.0926118
2026-05-01 01:56:01.885 10 INFO neutron.wsgi [None req-47fbc913-12a7-450b-aa19-227f2b70e4ec e030986686b24837825d7f688707c6f8 c2072fa929a74d01b0585c80889d5646 - - default default] 10.0.0.174 "GET /v2.0/agents HTTP/1.1" status: 200 len: 997 time: 0.0272069
2026-05-01 01:56:01.926 10 INFO neutron.wsgi [None req-d5cf89e8-ed2d-4308-8bc7-1cd91a9cc3ba e030986686b24837825d7f688707c6f8 c2072fa929a74d01b0585c80889d5646 - - default default] 10.0.0.174 "GET /v2.0/ports HTTP/1.1" status: 200 len: 5351 time: 0.0407917
2026-05-01 01:56:01.953 10 INFO neutron.wsgi [None req-7d51c974-491c-4413-949b-acb310857eec e030986686b24837825d7f688707c6f8 c2072fa929a74d01b0585c80889d5646 - - default default] 10.0.0.174 "GET /v2.0/routers HTTP/1.1" status: 200 len: 189 time: 0.0202963
2026-05-01 01:56:01.962 10 INFO neutron.wsgi [None req-6eab84d7-c44c-412a-b59f-f83abbf32def e030986686b24837825d7f688707c6f8 c2072fa929a74d01b0585c80889d5646 - - default default] 10.0.0.174 "GET /v2.0/agents?binary=ovn-controller HTTP/1.1" status: 200 len: 591 time: 0.0085928
2026-05-01 01:56:01.975 10 INFO neutron.wsgi [None req-faf0d198-7b70-43d4-8545-d3378bbc7d5e e030986686b24837825d7f688707c6f8 c2072fa929a74d01b0585c80889d5646 - - default default] 10.0.0.174 "GET /v2.0/network-ip-availabilities HTTP/1.1" status: 200 len: 1280 time: 0.0122759
2026-05-01 01:56:01.996 10 INFO neutron.wsgi [None req-8a10eb30-5044-4b4a-8fb4-dcdbc6c120b4 e030986686b24837825d7f688707c6f8 c2072fa929a74d01b0585c80889d5646 - - default default] 10.0.0.174 "GET /v2.0/floatingips HTTP/1.1" status: 200 len: 193 time: 0.0201256
2026-05-01 01:56:02.144 10 INFO neutron.wsgi [None req-a3ce829f-bd0a-4bfc-8723-3c01d037a029 e030986686b24837825d7f688707c6f8 c2072fa929a74d01b0585c80889d5646 - - default default] 10.0.0.174 "GET /v2.0/networks HTTP/1.1" status: 200 len: 2350 time: 0.1471989
2026-05-01 01:56:02.178 10 INFO neutron.wsgi [None req-88d6c062-79d6-4d42-967d-22b69a5279f8 e030986686b24837825d7f688707c6f8 c2072fa929a74d01b0585c80889d5646 - - default default] 10.0.0.174 "GET /v2.0/subnets HTTP/1.1" status: 200 len: 1437 time: 0.0311534
2026-05-01 01:56:02.216 10 INFO neutron.wsgi [None req-37bbe0f4-2cb4-4a57-a76e-b9bdb1226b27 e030986686b24837825d7f688707c6f8 c2072fa929a74d01b0585c80889d5646 - - default default] 10.0.0.174 "GET /v2.0/subnets HTTP/1.1" status: 200 len: 1437 time: 0.0361485
2026-05-01 01:56:02.237 10 INFO neutron.wsgi [None req-4abd90b0-e1bf-4108-92e7-f24f8e0fa8f2 e030986686b24837825d7f688707c6f8 c2072fa929a74d01b0585c80889d5646 - - default default] 10.0.0.174 "GET /v2.0/subnetpools HTTP/1.1" status: 200 len: 193 time: 0.0193725
2026-05-01 01:56:02.620 10 INFO neutron.wsgi [-] 10.0.0.25 "GET / HTTP/1.1" status: 200 len: 247 time: 0.0018814
2026-05-01 01:56:02.620 9 INFO neutron.wsgi [-] 10.0.0.25 "GET / HTTP/1.1" status: 200 len: 247 time: 0.0017326
2026-05-01 01:56:17.625 9 INFO neutron.wsgi [-] 10.0.0.25 "GET / HTTP/1.1" status: 200 len: 247 time: 0.0059106
2026-05-01 01:56:17.628 9 INFO neutron.wsgi [-] 10.0.0.25 "GET / HTTP/1.1" status: 200 len: 247 time: 0.0022023
2026-05-01 01:56:32.622 9 INFO neutron.wsgi [-] 10.0.0.25 "GET / HTTP/1.1" status: 200 len: 247 time: 0.0033271
2026-05-01 01:56:32.622 10 INFO neutron.wsgi [-] 10.0.0.25 "GET / HTTP/1.1" status: 200 len: 247 time: 0.0036967
2026-05-01 01:56:47.621 10 INFO neutron.wsgi [-] 10.0.0.25 "GET / HTTP/1.1" status: 200 len: 247 time: 0.0017662
2026-05-01 01:56:47.622 10 INFO neutron.wsgi [-] 10.0.0.25 "GET / HTTP/1.1" status: 200 len: 247 time: 0.0009058
2026-05-01 01:57:01.847 10 INFO neutron.wsgi [None req-286cc424-e48f-4a5f-9ffa-f4b4f471c123 e030986686b24837825d7f688707c6f8 c2072fa929a74d01b0585c80889d5646 - - default default] 10.0.0.174 "GET /v2.0/security-groups HTTP/1.1" status: 200 len: 16803 time: 0.1092000
2026-05-01 01:57:01.903 10 INFO neutron.wsgi [None req-d0e83c6e-75cd-46c0-8e1b-c993d5e44582 e030986686b24837825d7f688707c6f8 c2072fa929a74d01b0585c80889d5646 - - default default] 10.0.0.174 "GET /v2.0/ports HTTP/1.1" status: 200 len: 5351 time: 0.0506353
2026-05-01 01:57:01.930 10 INFO neutron.wsgi [None req-90e72d74-4aff-4665-9fec-982d4eaac11d e030986686b24837825d7f688707c6f8 c2072fa929a74d01b0585c80889d5646 - - default default] 10.0.0.174 "GET /v2.0/floatingips HTTP/1.1" status: 200 len: 193 time: 0.0234084
2026-05-01 01:57:01.964 10 INFO neutron.wsgi [None req-acc8f4a4-5b5e-4a66-8e10-792288264bbc e030986686b24837825d7f688707c6f8 c2072fa929a74d01b0585c80889d5646 - - default default] 10.0.0.174 "GET /v2.0/subnets HTTP/1.1" status: 200 len: 1437 time: 0.0324616
2026-05-01 01:57:01.999 10 INFO neutron.wsgi [None req-19f35e2e-9b4b-484a-b558-8054d32f3871 e030986686b24837825d7f688707c6f8 c2072fa929a74d01b0585c80889d5646 - - default default] 10.0.0.174 "GET /v2.0/agents HTTP/1.1" status: 200 len: 997 time: 0.0340378
2026-05-01 01:57:02.058 10 INFO neutron.wsgi [None req-6509aa1a-28d2-4a47-af70-0c850c8279fc e030986686b24837825d7f688707c6f8 c2072fa929a74d01b0585c80889d5646 - - default default] 10.0.0.174 "GET /v2.0/networks HTTP/1.1" status: 200 len: 2350 time: 0.0579386
2026-05-01 01:57:02.079 10 INFO neutron.wsgi [None req-468e553a-5cc9-4bf6-a919-2e5bd6dcd118 e030986686b24837825d7f688707c6f8 c2072fa929a74d01b0585c80889d5646 - - default default] 10.0.0.174 "GET /v2.0/routers HTTP/1.1" status: 200 len: 189 time: 0.0191267
2026-05-01 01:57:02.088 10 INFO neutron.wsgi [None req-6ea5c195-d994-45fd-a3bc-b278299f4c01 e030986686b24837825d7f688707c6f8 c2072fa929a74d01b0585c80889d5646 - - default default] 10.0.0.174 "GET /v2.0/agents?binary=ovn-controller HTTP/1.1" status: 200 len: 591 time: 0.0091138
2026-05-01 01:57:02.099 10 INFO neutron.wsgi [None req-91691f03-966f-46fc-9237-e3e9f68e54d6 e030986686b24837825d7f688707c6f8 c2072fa929a74d01b0585c80889d5646 - - default default] 10.0.0.174 "GET /v2.0/network-ip-availabilities HTTP/1.1" status: 200 len: 1280 time: 0.0092230
2026-05-01 01:57:02.132 10 INFO neutron.wsgi [None req-ceba68f2-e1e2-415a-a053-dbfb95173141 e030986686b24837825d7f688707c6f8 c2072fa929a74d01b0585c80889d5646 - - default default] 10.0.0.174 "GET /v2.0/subnets HTTP/1.1" status: 200 len: 1437 time: 0.0332789
2026-05-01 01:57:02.143 10 INFO neutron.wsgi [None req-d424a98e-81aa-4d37-a6ba-1860a3d8d12e e030986686b24837825d7f688707c6f8 c2072fa929a74d01b0585c80889d5646 - - default default] 10.0.0.174 "GET /v2.0/subnetpools HTTP/1.1" status: 200 len: 193 time: 0.0094163
2026-05-01 01:57:02.620 9 INFO neutron.wsgi [-] 10.0.0.25 "GET / HTTP/1.1" status: 200 len: 247 time: 0.0015404
2026-05-01 01:57:02.622 9 INFO neutron.wsgi [-] 10.0.0.25 "GET / HTTP/1.1" status: 200 len: 247 time: 0.0013063
2026-05-01 01:57:17.621 9 INFO neutron.wsgi [-] 10.0.0.25 "GET / HTTP/1.1" status: 200 len: 247 time: 0.0024388
2026-05-01 01:57:17.622 10 INFO neutron.wsgi [-] 10.0.0.25 "GET / HTTP/1.1" status: 200 len: 247 time: 0.0029213
2026-05-01 01:57:32.620 9 INFO neutron.wsgi [-] 10.0.0.25 "GET / HTTP/1.1" status: 200 len: 247 time: 0.0018766
2026-05-01 01:57:32.624 10 INFO neutron.wsgi [-] 10.0.0.25 "GET / HTTP/1.1" status: 200 len: 247 time: 0.0047946
2026-05-01 01:57:47.622 9 INFO neutron.wsgi [-] 10.0.0.25 "GET / HTTP/1.1" status: 200 len: 247 time: 0.0028164
2026-05-01 01:57:47.624 10 INFO neutron.wsgi [-] 10.0.0.25 "GET / HTTP/1.1" status: 200 len: 247 time: 0.0047472
2026-05-01 01:58:01.866 10 INFO neutron.wsgi [None req-bcc89a46-786e-4837-a27f-808dc77bda16 e030986686b24837825d7f688707c6f8 c2072fa929a74d01b0585c80889d5646 - - default default] 10.0.0.174 "GET /v2.0/subnets HTTP/1.1" status: 200 len: 1437 time: 0.1101882
2026-05-01 01:58:01.947 10 INFO neutron.wsgi [None req-57fb4248-6227-4d4b-99e6-398724100467 e030986686b24837825d7f688707c6f8 c2072fa929a74d01b0585c80889d5646 - - default default] 10.0.0.174 "GET /v2.0/networks HTTP/1.1" status: 200 len: 2350 time: 0.0782285
2026-05-01 01:58:01.999 10 INFO neutron.wsgi [None req-5ecb28d4-0ee3-4bfd-bc5c-1751646d6795 e030986686b24837825d7f688707c6f8 c2072fa929a74d01b0585c80889d5646 - - default default] 10.0.0.174 "GET /v2.0/ports HTTP/1.1" status: 200 len: 5351 time: 0.0494416
2026-05-01 01:58:02.027 10 INFO neutron.wsgi [None req-8df3f391-6396-4159-b205-fbcb6c884f58 e030986686b24837825d7f688707c6f8 c2072fa929a74d01b0585c80889d5646 - - default default] 10.0.0.174 "GET /v2.0/routers HTTP/1.1" status: 200 len: 189 time: 0.0257571
2026-05-01 01:58:02.055 10 INFO neutron.wsgi [None req-e192c2f6-9012-42b4-9b3d-2e6486fc26e5 e030986686b24837825d7f688707c6f8 c2072fa929a74d01b0585c80889d5646 - - default default] 10.0.0.174 "GET /v2.0/agents?binary=ovn-controller HTTP/1.1" status: 200 len: 591 time: 0.0267956
2026-05-01 01:58:02.074 10 INFO neutron.wsgi [None req-229105a3-260e-415c-bea7-969ba170a3c2 e030986686b24837825d7f688707c6f8 c2072fa929a74d01b0585c80889d5646 - - default default] 10.0.0.174 "GET /v2.0/floatingips HTTP/1.1" status: 200 len: 193 time: 0.0182993
2026-05-01 01:58:02.084 10 INFO neutron.wsgi [None req-42c09e17-9d56-43b6-95f8-39f8ca406a97 e030986686b24837825d7f688707c6f8 c2072fa929a74d01b0585c80889d5646 - - default default] 10.0.0.174 "GET /v2.0/agents HTTP/1.1" status: 200 len: 997 time: 0.0089195
2026-05-01 01:58:02.096 10 INFO neutron.wsgi [None req-5c4db5c4-2b71-47ec-ba77-184a2d54101a e030986686b24837825d7f688707c6f8 c2072fa929a74d01b0585c80889d5646 - - default default] 10.0.0.174 "GET /v2.0/network-ip-availabilities HTTP/1.1" status: 200 len: 1280 time: 0.0108049
2026-05-01 01:58:02.126 10 INFO neutron.wsgi [None req-76a97c92-f59d-4ea0-bdd9-875f0ade16f8 e030986686b24837825d7f688707c6f8 c2072fa929a74d01b0585c80889d5646 - - default default] 10.0.0.174 "GET /v2.0/subnets HTTP/1.1" status: 200 len: 1437 time: 0.0293200
2026-05-01 01:58:02.137 10 INFO neutron.wsgi [None req-6756425f-e0be-4946-8e2b-586e29b62490 e030986686b24837825d7f688707c6f8 c2072fa929a74d01b0585c80889d5646 - - default default] 10.0.0.174 "GET /v2.0/subnetpools HTTP/1.1" status: 200 len: 193 time: 0.0092750
2026-05-01 01:58:02.177 10 INFO neutron.wsgi [None req-7a86d1f2-0844-4908-b671-940c752d767e e030986686b24837825d7f688707c6f8 c2072fa929a74d01b0585c80889d5646 - - default default] 10.0.0.174 "GET /v2.0/security-groups HTTP/1.1" status: 200 len: 16803 time: 0.0402145
2026-05-01 01:58:02.621 9 INFO neutron.wsgi [-] 10.0.0.25 "GET / HTTP/1.1" status: 200 len: 247 time: 0.0023844
2026-05-01 01:58:02.621 10 INFO neutron.wsgi [-] 10.0.0.25 "GET / HTTP/1.1" status: 200 len: 247 time: 0.0025570
2026-05-01 01:58:17.621 9 INFO neutron.wsgi [-] 10.0.0.25 "GET / HTTP/1.1" status: 200 len: 247 time: 0.0026939
2026-05-01 01:58:17.621 10 INFO neutron.wsgi [-] 10.0.0.25 "GET / HTTP/1.1" status: 200 len: 247 time: 0.0028183
2026-05-01 01:58:32.622 9 INFO neutron.wsgi [-] 10.0.0.25 "GET / HTTP/1.1" status: 200 len: 247 time: 0.0028834
2026-05-01 01:58:32.624 9 INFO neutron.wsgi [-] 10.0.0.25 "GET / HTTP/1.1" status: 200 len: 247 time: 0.0013232
2026-05-01 01:58:47.621 9 INFO neutron.wsgi [-] 10.0.0.25 "GET / HTTP/1.1" status: 200 len: 247 time: 0.0025356
2026-05-01 01:58:47.622 10 INFO neutron.wsgi [-] 10.0.0.25 "GET / HTTP/1.1" status: 200 len: 247 time: 0.0039406
2026-05-01 01:59:01.891 10 INFO neutron.wsgi [None req-ef515376-9926-4b67-91be-4a1960bc13f4 e030986686b24837825d7f688707c6f8 c2072fa929a74d01b0585c80889d5646 - - default default] 10.0.0.174 "GET /v2.0/floatingips HTTP/1.1" status: 200 len: 193 time: 0.0918887
2026-05-01 01:59:01.980 10 INFO neutron.wsgi [None req-1b6ca641-fdae-414f-a2f9-9d1a722e32ed e030986686b24837825d7f688707c6f8 c2072fa929a74d01b0585c80889d5646 - - default default] 10.0.0.174 "GET /v2.0/security-groups HTTP/1.1" status: 200 len: 16803 time: 0.0880125
2026-05-01 01:59:02.045 10 INFO neutron.wsgi [None req-6802a28a-5d7b-4bde-ad65-02fae7b2aa1f e030986686b24837825d7f688707c6f8 c2072fa929a74d01b0585c80889d5646 - - default default] 10.0.0.174 "GET /v2.0/ports HTTP/1.1" status: 200 len: 5351 time: 0.0582287
2026-05-01 01:59:02.066 10 INFO neutron.wsgi [None req-a9e60df6-31db-4b22-8b1f-7f4926c524fc e030986686b24837825d7f688707c6f8 c2072fa929a74d01b0585c80889d5646 - - default default] 10.0.0.174 "GET /v2.0/network-ip-availabilities HTTP/1.1" status: 200 len: 1280 time: 0.0169823
2026-05-01 01:59:02.104 10 INFO neutron.wsgi [None req-b49cfd46-3b07-4127-9eb2-e9675d5dd785 e030986686b24837825d7f688707c6f8 c2072fa929a74d01b0585c80889d5646 - - default default] 10.0.0.174 "GET /v2.0/subnets HTTP/1.1" status: 200 len: 1437 time: 0.0368598
2026-05-01 01:59:02.114 10 INFO neutron.wsgi [None req-2c137cd3-d49e-49d4-9930-748dc3fc0b41 e030986686b24837825d7f688707c6f8 c2072fa929a74d01b0585c80889d5646 - - default default] 10.0.0.174 "GET /v2.0/subnetpools HTTP/1.1" status: 200 len: 193 time: 0.0087841
2026-05-01 01:59:02.178 10 INFO neutron.wsgi [None req-8786b3aa-d772-4f95-88ea-c1764c747229 e030986686b24837825d7f688707c6f8 c2072fa929a74d01b0585c80889d5646 - - default default] 10.0.0.174 "GET /v2.0/networks HTTP/1.1" status: 200 len: 2350 time: 0.0637877
2026-05-01 01:59:02.203 10 INFO neutron.wsgi [None req-2cc09c59-54f4-4025-a63f-a4f550ea146a e030986686b24837825d7f688707c6f8 c2072fa929a74d01b0585c80889d5646 - - default default] 10.0.0.174 "GET /v2.0/routers HTTP/1.1" status: 200 len: 189 time: 0.0214202
2026-05-01 01:59:02.240 10 INFO neutron.wsgi [None req-ade36774-9dcf-4d4b-9bdc-d64a1c3cd316 e030986686b24837825d7f688707c6f8 c2072fa929a74d01b0585c80889d5646 - - default default] 10.0.0.174 "GET /v2.0/agents?binary=ovn-controller HTTP/1.1" status: 200 len: 591 time: 0.0372081
2026-05-01 01:59:02.253 10 INFO neutron.wsgi [None req-0428bfaa-0763-4012-a652-be0ee3065d4c e030986686b24837825d7f688707c6f8 c2072fa929a74d01b0585c80889d5646 - - default default] 10.0.0.174 "GET /v2.0/agents HTTP/1.1" status: 200 len: 997 time: 0.0106151
2026-05-01 01:59:02.284 10 INFO neutron.wsgi [None req-bdd60fb0-fb4e-4b61-a477-b1b78a55635a e030986686b24837825d7f688707c6f8 c2072fa929a74d01b0585c80889d5646 - - default default] 10.0.0.174 "GET /v2.0/subnets HTTP/1.1" status: 200 len: 1437 time: 0.0299234
2026-05-01 01:59:02.621 9 INFO neutron.wsgi [-] 10.0.0.25 "GET / HTTP/1.1" status: 200 len: 247 time: 0.0026140
2026-05-01 01:59:02.622 10 INFO neutron.wsgi [-] 10.0.0.25 "GET / HTTP/1.1" status: 200 len: 247 time: 0.0025716
2026-05-01 01:59:17.621 9 INFO neutron.wsgi [-] 10.0.0.25 "GET / HTTP/1.1" status: 200 len: 247 time: 0.0024962
2026-05-01 01:59:17.623 10 INFO neutron.wsgi [-] 10.0.0.25 "GET / HTTP/1.1" status: 200 len: 247 time: 0.0042384
2026-05-01 01:59:32.621 10 INFO neutron.wsgi [-] 10.0.0.25 "GET / HTTP/1.1" status: 200 len: 247 time: 0.0026200
2026-05-01 01:59:32.625 10 INFO neutron.wsgi [-] 10.0.0.25 "GET / HTTP/1.1" status: 200 len: 247 time: 0.0029619
2026-05-01 01:59:47.621 10 INFO neutron.wsgi [-] 10.0.0.25 "GET / HTTP/1.1" status: 200 len: 247 time: 0.0025692
2026-05-01 01:59:47.621 9 INFO neutron.wsgi [-] 10.0.0.25 "GET / HTTP/1.1" status: 200 len: 247 time: 0.0026133
2026-05-01 02:00:01.831 10 INFO neutron.wsgi [None req-72f390aa-2b3c-4804-b6c4-8a4b25f06501 e030986686b24837825d7f688707c6f8 c2072fa929a74d01b0585c80889d5646 - - default default] 10.0.0.174 "GET /v2.0/floatingips HTTP/1.1" status: 200 len: 193 time: 0.0722396
2026-05-01 02:00:01.843 10 INFO neutron.wsgi [None req-cc4e4bdd-929e-4525-bbd0-4c91b68d2802 e030986686b24837825d7f688707c6f8 c2072fa929a74d01b0585c80889d5646 - - default default] 10.0.0.174 "GET /v2.0/network-ip-availabilities HTTP/1.1" status: 200 len: 1280 time: 0.0109687
2026-05-01 02:00:01.890 10 INFO neutron.wsgi [None req-8612cda4-6cd6-43dd-ab60-00d41aa21eba e030986686b24837825d7f688707c6f8 c2072fa929a74d01b0585c80889d5646 - - default default] 10.0.0.174 "GET /v2.0/security-groups HTTP/1.1" status: 200 len: 16803 time: 0.0463469
2026-05-01 02:00:01.948 10 INFO neutron.wsgi [None req-f7e7907b-3560-46e2-8c2c-21133e23fd5d e030986686b24837825d7f688707c6f8 c2072fa929a74d01b0585c80889d5646 - - default default] 10.0.0.174 "GET /v2.0/ports HTTP/1.1" status: 200 len: 5351 time: 0.0527885
2026-05-01 02:00:01.970 10 INFO neutron.wsgi [None req-98589e58-7cbc-478d-b884-8851abf91150 e030986686b24837825d7f688707c6f8 c2072fa929a74d01b0585c80889d5646 - - default default] 10.0.0.174 "GET /v2.0/routers HTTP/1.1" status: 200 len: 189 time: 0.0182068
2026-05-01 02:00:01.996 10 INFO neutron.wsgi [None req-04a6b0ac-c350-4253-a7a6-f7dd2909d4be e030986686b24837825d7f688707c6f8 c2072fa929a74d01b0585c80889d5646 - - default default] 10.0.0.174 "GET /v2.0/agents?binary=ovn-controller HTTP/1.1" status: 200 len: 591 time: 0.0258002
2026-05-01 02:00:02.051 10 INFO neutron.wsgi [None req-4cf143ec-e4ec-41a9-abf4-3e0b365f4db2 e030986686b24837825d7f688707c6f8 c2072fa929a74d01b0585c80889d5646 - - default default] 10.0.0.174 "GET /v2.0/networks HTTP/1.1" status: 200 len: 2350 time: 0.0537026
2026-05-01 02:00:02.081 10 INFO neutron.wsgi [None req-96752b3a-9bda-4703-a6e4-5cf125fa40aa e030986686b24837825d7f688707c6f8 c2072fa929a74d01b0585c80889d5646 - - default default] 10.0.0.174 "GET /v2.0/subnets HTTP/1.1" status: 200 len: 1437 time: 0.0278132
2026-05-01 02:00:02.094 10 INFO neutron.wsgi [None req-783ef4da-67cd-42f5-8d01-bee1d06644b0 e030986686b24837825d7f688707c6f8 c2072fa929a74d01b0585c80889d5646 - - default default] 10.0.0.174 "GET /v2.0/agents HTTP/1.1" status: 200 len: 997 time: 0.0121880
2026-05-01 02:00:02.133 10 INFO neutron.wsgi [None req-59bd3a76-f387-471a-8006-a17ce1ea8e37 e030986686b24837825d7f688707c6f8 c2072fa929a74d01b0585c80889d5646 - - default default] 10.0.0.174 "GET /v2.0/subnets HTTP/1.1" status: 200 len: 1437 time: 0.0349615
2026-05-01 02:00:02.141 10 INFO neutron.wsgi [None req-cf2ec69f-f92d-4938-a022-e829bda3e0b5 e030986686b24837825d7f688707c6f8 c2072fa929a74d01b0585c80889d5646 - - default default] 10.0.0.174 "GET /v2.0/subnetpools HTTP/1.1" status: 200 len: 193 time: 0.0073018
