2026-05-01 02:07:05.788 9 INFO neutron.db.ovn_revision_numbers_db [None req-e8bbc3ff-4129-4183-9166-fe597e491c45 e030986686b24837825d7f688707c6f8 c2072fa929a74d01b0585c80889d5646 - - default default] Successfully bumped revision number for resource f1eab4f9-aafc-440d-b761-1e7f3c242b79 (type: security_group_rules) to 0
2026-05-01 02:07:05.814 9 INFO neutron.wsgi [None req-e8bbc3ff-4129-4183-9166-fe597e491c45 e030986686b24837825d7f688707c6f8 c2072fa929a74d01b0585c80889d5646 - - default default] 10.0.0.244 "GET /v2.0/security-groups?tenant_id=111f1dd46fec49739dd3ea8a56019b4d&name=default HTTP/1.1" status: 200 len: 2996 time: 0.2360005
2026-05-01 02:07:05.946 10 INFO neutron.db.ovn_revision_numbers_db [None req-3e8a6da9-fa58-47cf-ab46-c47538e0369c e030986686b24837825d7f688707c6f8 c2072fa929a74d01b0585c80889d5646 - - default default] Successfully bumped revision number for resource 8c4a5af7-5e61-4e7e-9423-f52c7944869c (type: ports) to 2
2026-05-01 02:07:05.989 10 INFO neutron.db.ovn_revision_numbers_db [None req-3e8a6da9-fa58-47cf-ab46-c47538e0369c e030986686b24837825d7f688707c6f8 c2072fa929a74d01b0585c80889d5646 - - default default] Successfully bumped revision number for resource dd43140c-ac28-4f09-b18c-abed77b47d82 (type: subnets) to 0
2026-05-01 02:07:06.006 10 INFO neutron.wsgi [None req-3e8a6da9-fa58-47cf-ab46-c47538e0369c e030986686b24837825d7f688707c6f8 c2072fa929a74d01b0585c80889d5646 - - default default] 10.0.0.244 "POST /v2.0/subnets HTTP/1.1" status: 201 len: 859 time: 0.8298528
2026-05-01 02:07:06.007 9 INFO neutron.wsgi [None req-78b12d1c-f8a0-4d9d-bb4c-5216b4aa6ae9 e030986686b24837825d7f688707c6f8 c2072fa929a74d01b0585c80889d5646 - - default default] 10.0.0.244 "DELETE /v2.0/security-groups/55670c7b-9d28-4018-981c-d50a8f1bed0a HTTP/1.1" status: 204 len: 168 time: 0.1874623
2026-05-01 02:07:06.470 9 WARNING neutron.scheduler.dhcp_agent_scheduler [None req-8453c06d-ad9a-492d-8a66-ca8dea9e7938 e030986686b24837825d7f688707c6f8 c2072fa929a74d01b0585c80889d5646 - - default default] No more DHCP agents
2026-05-01 02:07:06.472 9 WARNING neutron.api.rpc.agentnotifiers.dhcp_rpc_agent_api [None req-8453c06d-ad9a-492d-8a66-ca8dea9e7938 e030986686b24837825d7f688707c6f8 c2072fa929a74d01b0585c80889d5646 - - default default] Unable to schedule network 313972ae-5aa1-4963-9770-91655d741c19: no agents available; will retry on subsequent port and subnet creation events.
2026-05-01 02:07:06.634 9 INFO neutron.db.ovn_revision_numbers_db [None req-8453c06d-ad9a-492d-8a66-ca8dea9e7938 e030986686b24837825d7f688707c6f8 c2072fa929a74d01b0585c80889d5646 - - default default] Successfully bumped revision number for resource af3b76ac-c926-44b6-a701-87a9b560deba (type: ports) to 1
2026-05-01 02:07:07.191 9 INFO neutron.plugins.ml2.drivers.ovn.mech_driver.mech_driver [None req-f8365007-44bd-46bf-ac2c-cb7d65cf516d - - - - - -] OVN reports status up for port: af3b76ac-c926-44b6-a701-87a9b560deba
2026-05-01 02:07:07.216 10 INFO neutron.plugins.ml2.drivers.ovn.mech_driver.ovsdb.ovsdb_monitor [None req-4443b495-686a-40fa-9fe4-f4e08723ee77 - - - - - -] Router 873e5f99-ab03-4540-ae7c-5c09fa4d6053 is bound to host instance
2026-05-01 02:07:07.230 9 INFO neutron.plugins.ml2.plugin [None req-f8365007-44bd-46bf-ac2c-cb7d65cf516d - - - - - -] Attempt 1 to provision port af3b76ac-c926-44b6-a701-87a9b560deba
2026-05-01 02:07:07.260 9 INFO neutron.db.ovn_revision_numbers_db [None req-8453c06d-ad9a-492d-8a66-ca8dea9e7938 e030986686b24837825d7f688707c6f8 c2072fa929a74d01b0585c80889d5646 - - default default] Successfully bumped revision number for resource af3b76ac-c926-44b6-a701-87a9b560deba (type: router_ports) to 1
2026-05-01 02:07:07.357 9 INFO neutron.db.ovn_revision_numbers_db [None req-8453c06d-ad9a-492d-8a66-ca8dea9e7938 e030986686b24837825d7f688707c6f8 c2072fa929a74d01b0585c80889d5646 - - default default] Successfully bumped revision number for resource 873e5f99-ab03-4540-ae7c-5c09fa4d6053 (type: routers) to 2
2026-05-01 02:07:07.442 9 INFO neutron.wsgi [None req-8453c06d-ad9a-492d-8a66-ca8dea9e7938 e030986686b24837825d7f688707c6f8 c2072fa929a74d01b0585c80889d5646 - - default default] 10.0.0.244 "POST /v2.0/routers HTTP/1.1" status: 201 len: 870 time: 1.4300869
2026-05-01 02:07:07.853 10 INFO neutron.db.ovn_revision_numbers_db [None req-4443b495-686a-40fa-9fe4-f4e08723ee77 - - - - - -] Successfully bumped revision number for resource af3b76ac-c926-44b6-a701-87a9b560deba (type: ports) to 1
2026-05-01 02:07:08.131 10 INFO neutron.db.ovn_revision_numbers_db [None req-4443b495-686a-40fa-9fe4-f4e08723ee77 - - - - - -] Successfully bumped revision number for resource af3b76ac-c926-44b6-a701-87a9b560deba (type: router_ports) to 3
2026-05-01 02:07:08.140 9 WARNING neutron.scheduler.dhcp_agent_scheduler [None req-7846c8f0-7689-4f44-a9b6-6485beb8ab56 e030986686b24837825d7f688707c6f8 c2072fa929a74d01b0585c80889d5646 - - default default] No more DHCP agents
2026-05-01 02:07:08.144 9 WARNING neutron.api.rpc.agentnotifiers.dhcp_rpc_agent_api [None req-7846c8f0-7689-4f44-a9b6-6485beb8ab56 e030986686b24837825d7f688707c6f8 c2072fa929a74d01b0585c80889d5646 - - default default] Unable to schedule network ac3e4740-3fd7-45eb-928d-14486db25a5d: no agents available; will retry on subsequent port and subnet creation events.
2026-05-01 02:07:08.314 9 INFO neutron.db.ovn_revision_numbers_db [None req-7846c8f0-7689-4f44-a9b6-6485beb8ab56 e030986686b24837825d7f688707c6f8 c2072fa929a74d01b0585c80889d5646 - - default default] Successfully bumped revision number for resource 06f09909-9876-41b4-babb-8b0d0da3878e (type: ports) to 1
2026-05-01 02:07:08.364 10 INFO neutron.db.ovn_revision_numbers_db [None req-4443b495-686a-40fa-9fe4-f4e08723ee77 - - - - - -] Successfully bumped revision number for resource af3b76ac-c926-44b6-a701-87a9b560deba (type: ports) to 2
2026-05-01 02:07:08.657 10 INFO neutron.db.ovn_revision_numbers_db [None req-4443b495-686a-40fa-9fe4-f4e08723ee77 - - - - - -] Successfully bumped revision number for resource af3b76ac-c926-44b6-a701-87a9b560deba (type: ports) to 4
2026-05-01 02:07:08.821 9 INFO neutron.db.ovn_revision_numbers_db [None req-7846c8f0-7689-4f44-a9b6-6485beb8ab56 e030986686b24837825d7f688707c6f8 c2072fa929a74d01b0585c80889d5646 - - default default] Successfully bumped revision number for resource 06f09909-9876-41b4-babb-8b0d0da3878e (type: router_ports) to 1
2026-05-01 02:07:08.862 10 INFO neutron.db.ovn_revision_numbers_db [None req-4443b495-686a-40fa-9fe4-f4e08723ee77 - - - - - -] Successfully bumped revision number for resource af3b76ac-c926-44b6-a701-87a9b560deba (type: router_ports) to 4
2026-05-01 02:07:08.990 9 INFO neutron.db.ovn_revision_numbers_db [None req-7846c8f0-7689-4f44-a9b6-6485beb8ab56 e030986686b24837825d7f688707c6f8 c2072fa929a74d01b0585c80889d5646 - - default default] Successfully bumped revision number for resource 06f09909-9876-41b4-babb-8b0d0da3878e (type: ports) to 1
2026-05-01 02:07:09.048 9 WARNING neutron.scheduler.dhcp_agent_scheduler [None req-7846c8f0-7689-4f44-a9b6-6485beb8ab56 e030986686b24837825d7f688707c6f8 c2072fa929a74d01b0585c80889d5646 - - default default] No more DHCP agents
2026-05-01 02:07:09.050 9 WARNING neutron.api.rpc.agentnotifiers.dhcp_rpc_agent_api [None req-7846c8f0-7689-4f44-a9b6-6485beb8ab56 e030986686b24837825d7f688707c6f8 c2072fa929a74d01b0585c80889d5646 - - default default] Unable to schedule network ac3e4740-3fd7-45eb-928d-14486db25a5d: no agents available; will retry on subsequent port and subnet creation events.
2026-05-01 02:07:09.371 9 INFO neutron.wsgi [req-75aeb004-a0b7-42db-a98f-3a8759faba5f req-4913d287-1445-479e-9793-63ebbac63705 f407b29e457e46b2872170a474afaa66 98b0400339524d20b075bdcce91cbd43 - - default default] 10.0.0.19 "GET /v2.0/ports?device_id=5d4a0c4b-ac77-42f4-97fa-89a5c0ab406c HTTP/1.1" status: 200 len: 1174 time: 0.1318562
2026-05-01 02:07:09.517 10 INFO neutron.wsgi [req-8516024c-d2f1-4c7e-9e49-110a99e8be46 req-81afccba-7713-4266-a226-4ff4c459f274 f407b29e457e46b2872170a474afaa66 98b0400339524d20b075bdcce91cbd43 - - default default] 10.0.0.19 "GET /v2.0/ports/0cdfa290-506b-42b8-8eda-3c625d2c2247 HTTP/1.1" status: 200 len: 1171 time: 0.0962658
2026-05-01 02:07:09.615 9 INFO neutron.db.ovn_revision_numbers_db [None req-7846c8f0-7689-4f44-a9b6-6485beb8ab56 e030986686b24837825d7f688707c6f8 c2072fa929a74d01b0585c80889d5646 - - default default] Successfully bumped revision number for resource 06f09909-9876-41b4-babb-8b0d0da3878e (type: router_ports) to 1
2026-05-01 02:07:09.618 9 INFO neutron.wsgi [None req-7846c8f0-7689-4f44-a9b6-6485beb8ab56 e030986686b24837825d7f688707c6f8 c2072fa929a74d01b0585c80889d5646 - - default default] 10.0.0.244 "PUT /v2.0/routers/873e5f99-ab03-4540-ae7c-5c09fa4d6053/add_router_interface HTTP/1.1" status: 200 len: 503 time: 2.1436138
2026-05-01 02:07:09.702 9 INFO neutron.plugins.ml2.drivers.ovn.mech_driver.mech_driver [None req-f8365007-44bd-46bf-ac2c-cb7d65cf516d - - - - - -] OVN reports status up for port: 06f09909-9876-41b4-babb-8b0d0da3878e
2026-05-01 02:07:09.710 9 INFO neutron.plugins.ml2.plugin [None req-f8365007-44bd-46bf-ac2c-cb7d65cf516d - - - - - -] Attempt 1 to provision port 06f09909-9876-41b4-babb-8b0d0da3878e
2026-05-01 02:07:09.715 10 INFO neutron.wsgi [req-829524bf-7d66-4dbb-9ce0-6a293f64503b req-d3b00e11-d379-4143-a6aa-38d2195febd0 f407b29e457e46b2872170a474afaa66 98b0400339524d20b075bdcce91cbd43 - - default default] 199.204.45.140 "GET /v2.0/subnets?network_id=e8a49c9a-b650-4d06-af72-6209f307ad8a HTTP/1.1" status: 200 len: 858 time: 0.0585673
2026-05-01 02:07:09.781 10 INFO neutron.wsgi [req-829524bf-7d66-4dbb-9ce0-6a293f64503b req-ad4f2f22-90c4-4f38-b0bb-b322a2197250 f407b29e457e46b2872170a474afaa66 98b0400339524d20b075bdcce91cbd43 - - default default] 199.204.45.140 "GET /v2.0/ports?device_id=5d4a0c4b-ac77-42f4-97fa-89a5c0ab406c&device_owner=compute%3Anova&network_id=e8a49c9a-b650-4d06-af72-6209f307ad8a HTTP/1.1" status: 200 len: 1174 time: 0.0594049
2026-05-01 02:07:10.002 9 INFO neutron.db.ovn_revision_numbers_db [None req-8cc1693f-de5c-42ad-bcec-3f2b8917d1e5 e030986686b24837825d7f688707c6f8 c2072fa929a74d01b0585c80889d5646 - - default default] Successfully bumped revision number for resource 9ee0158a-ed02-494e-9ce8-6503943b78ef (type: security_groups) to 1
2026-05-01 02:07:10.012 9 INFO neutron.db.ovn_revision_numbers_db [None req-f8365007-44bd-46bf-ac2c-cb7d65cf516d - - - - - -] Successfully bumped revision number for resource 06f09909-9876-41b4-babb-8b0d0da3878e (type: ports) to 2
2026-05-01 02:07:10.020 9 INFO neutron.db.ovn_revision_numbers_db [None req-8cc1693f-de5c-42ad-bcec-3f2b8917d1e5 e030986686b24837825d7f688707c6f8 c2072fa929a74d01b0585c80889d5646 - - default default] Successfully bumped revision number for resource 8ac2eb52-857d-41f4-a772-feb061a99f80 (type: security_group_rules) to 0
2026-05-01 02:07:10.053 9 INFO neutron.db.ovn_revision_numbers_db [None req-8cc1693f-de5c-42ad-bcec-3f2b8917d1e5 e030986686b24837825d7f688707c6f8 c2072fa929a74d01b0585c80889d5646 - - default default] Successfully bumped revision number for resource aa926ef9-b97a-4b41-a268-aad36dd9a9eb (type: security_group_rules) to 0
2026-05-01 02:07:10.075 9 INFO neutron.db.ovn_revision_numbers_db [None req-8cc1693f-de5c-42ad-bcec-3f2b8917d1e5 e030986686b24837825d7f688707c6f8 c2072fa929a74d01b0585c80889d5646 - - default default] Successfully bumped revision number for resource be82dd56-9949-476d-9a69-20a2d8737144 (type: security_group_rules) to 0
2026-05-01 02:07:10.087 9 INFO neutron.db.ovn_revision_numbers_db [None req-f8365007-44bd-46bf-ac2c-cb7d65cf516d - - - - - -] Successfully bumped revision number for resource 06f09909-9876-41b4-babb-8b0d0da3878e (type: router_ports) to 2
2026-05-01 02:07:10.089 9 INFO neutron.db.ovn_revision_numbers_db [None req-8cc1693f-de5c-42ad-bcec-3f2b8917d1e5 e030986686b24837825d7f688707c6f8 c2072fa929a74d01b0585c80889d5646 - - default default] Successfully bumped revision number for resource d4bf6f0e-8f63-4909-bdb4-37f41fec8381 (type: security_group_rules) to 0
2026-05-01 02:07:10.124 9 INFO neutron.wsgi [None req-8cc1693f-de5c-42ad-bcec-3f2b8917d1e5 e030986686b24837825d7f688707c6f8 c2072fa929a74d01b0585c80889d5646 - - default default] 10.0.0.244 "GET /v2.0/security-groups?tenant_id=23a034bccfbc4bf691e5f569ee285e2d&name=default HTTP/1.1" status: 200 len: 2996 time: 0.5023634
2026-05-01 02:07:10.332 9 WARNING neutron_lib.context [None req-3d5fc307-0993-468f-a86d-bcb2c206bac1 209ce13e5d9f49f09d58ec1f1eedbeb0 66d135139856468ea09b34a6b5e53489 - - default default] Method 'is_advsvc' is deprecated since 2023.2 release (neutron-lib 3.8.0) and will be removed once support for the old RBAC API policies will be removed from Neutron. Please use method 'is_service_role' instead.
2026-05-01 02:07:10.383 9 INFO neutron.wsgi [None req-07aa0e7a-382a-4f79-bdf8-54286dc1abf0 e030986686b24837825d7f688707c6f8 c2072fa929a74d01b0585c80889d5646 - - default default] 10.0.0.244 "DELETE /v2.0/security-groups/9ee0158a-ed02-494e-9ce8-6503943b78ef HTTP/1.1" status: 204 len: 168 time: 0.2505043
2026-05-01 02:07:10.455 9 INFO neutron.db.ovn_revision_numbers_db [None req-3d5fc307-0993-468f-a86d-bcb2c206bac1 209ce13e5d9f49f09d58ec1f1eedbeb0 66d135139856468ea09b34a6b5e53489 - - default default] Successfully bumped revision number for resource 8464464f-6973-481b-81bd-2f3fffc4c2b7 (type: security_groups) to 1
2026-05-01 02:07:10.468 9 INFO neutron.db.ovn_revision_numbers_db [None req-3d5fc307-0993-468f-a86d-bcb2c206bac1 209ce13e5d9f49f09d58ec1f1eedbeb0 66d135139856468ea09b34a6b5e53489 - - default default] Successfully bumped revision number for resource 3741707f-b090-42d3-a739-9d12532ff4f2 (type: security_group_rules) to 0
2026-05-01 02:07:10.483 9 INFO neutron.db.ovn_revision_numbers_db [None req-3d5fc307-0993-468f-a86d-bcb2c206bac1 209ce13e5d9f49f09d58ec1f1eedbeb0 66d135139856468ea09b34a6b5e53489 - - default default] Successfully bumped revision number for resource 8b70a0a0-36f3-44e8-bb62-4c3665d60af3 (type: security_group_rules) to 0
2026-05-01 02:07:10.501 9 INFO neutron.wsgi [None req-3d5fc307-0993-468f-a86d-bcb2c206bac1 209ce13e5d9f49f09d58ec1f1eedbeb0 66d135139856468ea09b34a6b5e53489 - - default default] 10.0.0.244 "POST /v2.0/security-groups HTTP/1.1" status: 201 len: 1796 time: 0.1756227
2026-05-01 02:07:10.513 9 WARNING neutron_lib.context [None req-cfef2d98-57ab-4d50-96c4-81304826522e 209ce13e5d9f49f09d58ec1f1eedbeb0 66d135139856468ea09b34a6b5e53489 - - default default] Method 'is_advsvc' is deprecated since 2023.2 release (neutron-lib 3.8.0) and will be removed once support for the old RBAC API policies will be removed from Neutron. Please use method 'is_service_role' instead.
2026-05-01 02:07:10.584 10 INFO neutron.db.ovn_revision_numbers_db [req-829524bf-7d66-4dbb-9ce0-6a293f64503b req-6ad091c1-380b-4535-927c-e5842b3f4929 f407b29e457e46b2872170a474afaa66 98b0400339524d20b075bdcce91cbd43 - - default default] Successfully bumped revision number for resource 0cdfa290-506b-42b8-8eda-3c625d2c2247 (type: ports) to 5
2026-05-01 02:07:10.597 10 INFO neutron.wsgi [req-829524bf-7d66-4dbb-9ce0-6a293f64503b req-6ad091c1-380b-4535-927c-e5842b3f4929 f407b29e457e46b2872170a474afaa66 98b0400339524d20b075bdcce91cbd43 - - default default] 199.204.45.140 "PUT /v2.0/ports/0cdfa290-506b-42b8-8eda-3c625d2c2247 HTTP/1.1" status: 200 len: 1353 time: 0.8117657 /var/lib/openstack/lib/python3.10/site-packages/pycadf/identifier.py:71: UserWarning: Invalid uuid: neutron. To ensure interoperability, identifiers should be a valid uuid. warnings.warn(('Invalid uuid: %s. To ensure interoperability, '
2026-05-01 02:07:10.633 10 INFO neutron.notifiers.nova [-] Nova event matching ['req-aeef5b91-3872-47fb-b1cc-9804be62d5f2'] response: {'name': 'network-changed', 'server_uuid': '5d4a0c4b-ac77-42f4-97fa-89a5c0ab406c', 'tag': '0cdfa290-506b-42b8-8eda-3c625d2c2247', 'status': 'completed', 'code': 200}
2026-05-01 02:07:10.658 9 INFO neutron.db.ovn_revision_numbers_db [None req-cfef2d98-57ab-4d50-96c4-81304826522e 209ce13e5d9f49f09d58ec1f1eedbeb0 66d135139856468ea09b34a6b5e53489 - - default default] Successfully bumped revision number for resource 419ff8b7-3cd1-4c51-b22c-bfb61151c65c (type: security_group_rules) to 0
2026-05-01 02:07:10.663 10 INFO neutron.wsgi [req-829524bf-7d66-4dbb-9ce0-6a293f64503b req-f6e1b693-cb67-4b4a-b65f-352040163b04 bdee89af079f4190a6e38113d83a464b 0eb0ed8e042f424abd6c9a83c4e0b0e0 - - 47cc34d411aa4a3ab8f0d3390e3f1bb0 47cc34d411aa4a3ab8f0d3390e3f1bb0] 199.204.45.140 "GET /v2.0/ports?tenant_id=98b0400339524d20b075bdcce91cbd43&device_id=5d4a0c4b-ac77-42f4-97fa-89a5c0ab406c HTTP/1.1" status: 200 len: 1594 time: 0.0454838
2026-05-01 02:07:10.702 9 INFO neutron.wsgi [None req-cfef2d98-57ab-4d50-96c4-81304826522e 209ce13e5d9f49f09d58ec1f1eedbeb0 66d135139856468ea09b34a6b5e53489 - - default default] 10.0.0.244 "POST /v2.0/security-group-rules HTTP/1.1" status: 201 len: 764 time: 0.1942811
2026-05-01 02:07:10.713 9 WARNING neutron_lib.context [None req-976d1999-1d9c-461f-b998-4070ac661645 209ce13e5d9f49f09d58ec1f1eedbeb0 66d135139856468ea09b34a6b5e53489 - - default default] Method 'is_advsvc' is deprecated since 2023.2 release (neutron-lib 3.8.0) and will be removed once support for the old RBAC API policies will be removed from Neutron. Please use method 'is_service_role' instead.
2026-05-01 02:07:10.736 10 INFO neutron.wsgi [req-829524bf-7d66-4dbb-9ce0-6a293f64503b req-35acce32-8c11-469d-93eb-f131f50c14dd bdee89af079f4190a6e38113d83a464b 0eb0ed8e042f424abd6c9a83c4e0b0e0 - - 47cc34d411aa4a3ab8f0d3390e3f1bb0 47cc34d411aa4a3ab8f0d3390e3f1bb0] 199.204.45.140 "GET /v2.0/networks?id=e8a49c9a-b650-4d06-af72-6209f307ad8a HTTP/1.1" status: 200 len: 981 time: 0.0662606
2026-05-01 02:07:10.738 9 INFO neutron.db.ovn_revision_numbers_db [None req-50a9f584-d3a6-46e6-bd75-4ac22a8b3bcb e030986686b24837825d7f688707c6f8 c2072fa929a74d01b0585c80889d5646 - - default default] Successfully bumped revision number for resource 2cf450fd-50a6-4d30-a0f8-670b8248716d (type: security_groups) to 1
2026-05-01 02:07:10.755 9 INFO neutron.db.ovn_revision_numbers_db [None req-50a9f584-d3a6-46e6-bd75-4ac22a8b3bcb e030986686b24837825d7f688707c6f8 c2072fa929a74d01b0585c80889d5646 - - default default] Successfully bumped revision number for resource 5543813f-faab-4955-9331-d87358a96fbd (type: security_group_rules) to 0
2026-05-01 02:07:10.772 9 INFO neutron.db.ovn_revision_numbers_db [None req-50a9f584-d3a6-46e6-bd75-4ac22a8b3bcb e030986686b24837825d7f688707c6f8 c2072fa929a74d01b0585c80889d5646 - - default default] Successfully bumped revision number for resource 7618779b-8c98-412b-8d37-ba3fe2523b38 (type: security_group_rules) to 0
2026-05-01 02:07:10.786 9 INFO neutron.db.ovn_revision_numbers_db [None req-50a9f584-d3a6-46e6-bd75-4ac22a8b3bcb e030986686b24837825d7f688707c6f8 c2072fa929a74d01b0585c80889d5646 - - default default] Successfully bumped revision number for resource 94855416-35d7-4a91-a484-0a6f7666d9e4 (type: security_group_rules) to 0
2026-05-01 02:07:10.804 10 INFO neutron.wsgi [req-829524bf-7d66-4dbb-9ce0-6a293f64503b req-68af8b5a-5a5f-44ce-aefa-06692d587925 bdee89af079f4190a6e38113d83a464b 0eb0ed8e042f424abd6c9a83c4e0b0e0 - - 47cc34d411aa4a3ab8f0d3390e3f1bb0 47cc34d411aa4a3ab8f0d3390e3f1bb0] 199.204.45.140 "GET /v2.0/floatingips?fixed_ip_address=10.100.0.10&port_id=0cdfa290-506b-42b8-8eda-3c625d2c2247 HTTP/1.1" status: 200 len: 1060 time: 0.0599861
2026-05-01 02:07:10.806 9 INFO neutron.db.ovn_revision_numbers_db [None req-50a9f584-d3a6-46e6-bd75-4ac22a8b3bcb e030986686b24837825d7f688707c6f8 c2072fa929a74d01b0585c80889d5646 - - default default] Successfully bumped revision number for resource c4636d3f-61d2-44f2-8f52-281f1be572cb (type: security_group_rules) to 0
2026-05-01 02:07:10.833 9 INFO neutron.wsgi [None req-50a9f584-d3a6-46e6-bd75-4ac22a8b3bcb e030986686b24837825d7f688707c6f8 c2072fa929a74d01b0585c80889d5646 - - default default] 10.0.0.244 "GET /v2.0/security-groups?tenant_id=785cfda531d741bbbf49fc614e82b132&name=default HTTP/1.1" status: 200 len: 2996 time: 0.2354896
2026-05-01 02:07:10.837 10 INFO neutron.wsgi [req-829524bf-7d66-4dbb-9ce0-6a293f64503b req-b7841813-a0b3-4788-9dd1-1b7260a217f7 bdee89af079f4190a6e38113d83a464b 0eb0ed8e042f424abd6c9a83c4e0b0e0 - - 47cc34d411aa4a3ab8f0d3390e3f1bb0 47cc34d411aa4a3ab8f0d3390e3f1bb0] 199.204.45.140 "GET /v2.0/floatingips?fixed_ip_address=10.100.0.11&port_id=0cdfa290-506b-42b8-8eda-3c625d2c2247 HTTP/1.1" status: 200 len: 217 time: 0.0253661
2026-05-01 02:07:10.847 9 INFO neutron.db.ovn_revision_numbers_db [None req-976d1999-1d9c-461f-b998-4070ac661645 209ce13e5d9f49f09d58ec1f1eedbeb0 66d135139856468ea09b34a6b5e53489 - - default default] Successfully bumped revision number for resource f8cb5006-91a4-498f-960f-d85b7f47f95f (type: security_group_rules) to 0
2026-05-01 02:07:10.874 10 INFO neutron.wsgi [req-829524bf-7d66-4dbb-9ce0-6a293f64503b req-0400ab98-a8e7-4e6c-bf11-5e40bd7b0973 bdee89af079f4190a6e38113d83a464b 0eb0ed8e042f424abd6c9a83c4e0b0e0 - - 47cc34d411aa4a3ab8f0d3390e3f1bb0 47cc34d411aa4a3ab8f0d3390e3f1bb0] 199.204.45.140 "GET /v2.0/subnets?id=272dfad4-bcda-4e0b-8f59-22ce3572af14 HTTP/1.1" status: 200 len: 876 time: 0.0322402
2026-05-01 02:07:10.880 9 INFO neutron.wsgi [None req-976d1999-1d9c-461f-b998-4070ac661645 209ce13e5d9f49f09d58ec1f1eedbeb0 66d135139856468ea09b34a6b5e53489 - - default default] 10.0.0.244 "POST /v2.0/security-group-rules HTTP/1.1" status: 201 len: 769 time: 0.1715767
2026-05-01 02:07:10.894 9 WARNING neutron_lib.context [None req-600a56a3-875d-4df6-a2b8-658c35f3464d 209ce13e5d9f49f09d58ec1f1eedbeb0 66d135139856468ea09b34a6b5e53489 - - default default] Method 'is_advsvc' is deprecated since 2023.2 release (neutron-lib 3.8.0) and will be removed once support for the old RBAC API policies will be removed from Neutron. Please use method 'is_service_role' instead.
2026-05-01 02:07:10.906 10 INFO neutron.wsgi [req-829524bf-7d66-4dbb-9ce0-6a293f64503b req-af1e52be-8377-4863-9fe0-fb62a7c20bef bdee89af079f4190a6e38113d83a464b 0eb0ed8e042f424abd6c9a83c4e0b0e0 - - 47cc34d411aa4a3ab8f0d3390e3f1bb0 47cc34d411aa4a3ab8f0d3390e3f1bb0] 199.204.45.140 "GET /v2.0/ports?network_id=e8a49c9a-b650-4d06-af72-6209f307ad8a&device_owner=network%3Adhcp HTTP/1.1" status: 200 len: 210 time: 0.0247824
2026-05-01 02:07:10.977 10 INFO neutron.wsgi [req-829524bf-7d66-4dbb-9ce0-6a293f64503b req-4b14aa5a-7a8a-4ad0-9844-d3ad2b6fbf1a bdee89af079f4190a6e38113d83a464b 0eb0ed8e042f424abd6c9a83c4e0b0e0 - - 47cc34d411aa4a3ab8f0d3390e3f1bb0 47cc34d411aa4a3ab8f0d3390e3f1bb0] 199.204.45.140 "GET /v2.0/networks/e8a49c9a-b650-4d06-af72-6209f307ad8a?fields=segments HTTP/1.1" status: 200 len: 212 time: 0.0630596
2026-05-01 02:07:11.040 10 INFO neutron.wsgi [req-829524bf-7d66-4dbb-9ce0-6a293f64503b req-3600879b-6025-4733-9730-7fe72d944b22 bdee89af079f4190a6e38113d83a464b 0eb0ed8e042f424abd6c9a83c4e0b0e0 - - 47cc34d411aa4a3ab8f0d3390e3f1bb0 47cc34d411aa4a3ab8f0d3390e3f1bb0] 199.204.45.140 "GET /v2.0/networks/e8a49c9a-b650-4d06-af72-6209f307ad8a?fields=provider%3Aphysical_network&fields=provider%3Anetwork_type HTTP/1.1" status: 200 len: 277 time: 0.0581238
2026-05-01 02:07:11.110 9 INFO neutron.wsgi [None req-433e9bff-88b1-4e69-8eed-78b3afde5c52 e030986686b24837825d7f688707c6f8 c2072fa929a74d01b0585c80889d5646 - - default default] 10.0.0.244 "DELETE /v2.0/security-groups/2cf450fd-50a6-4d30-a0f8-670b8248716d HTTP/1.1" status: 204 len: 168 time: 0.2701499
2026-05-01 02:07:11.130 10 INFO neutron.wsgi [req-e889598f-f8c6-415b-b201-8a1e03800a49 req-1741c251-31bf-49d5-b061-73d87e93fccf bdee89af079f4190a6e38113d83a464b 0eb0ed8e042f424abd6c9a83c4e0b0e0 - - 47cc34d411aa4a3ab8f0d3390e3f1bb0 47cc34d411aa4a3ab8f0d3390e3f1bb0] 199.204.45.140 "GET /v2.0/ports?tenant_id=98b0400339524d20b075bdcce91cbd43&device_id=5d4a0c4b-ac77-42f4-97fa-89a5c0ab406c HTTP/1.1" status: 200 len: 1594 time: 0.0502610
2026-05-01 02:07:11.180 9 WARNING neutron.scheduler.dhcp_agent_scheduler [None req-600a56a3-875d-4df6-a2b8-658c35f3464d 209ce13e5d9f49f09d58ec1f1eedbeb0 66d135139856468ea09b34a6b5e53489 - - default default] No more DHCP agents
2026-05-01 02:07:11.182 9 WARNING neutron.api.rpc.agentnotifiers.dhcp_rpc_agent_api [None req-600a56a3-875d-4df6-a2b8-658c35f3464d 209ce13e5d9f49f09d58ec1f1eedbeb0 66d135139856468ea09b34a6b5e53489 - - default default] Unable to schedule network 313972ae-5aa1-4963-9770-91655d741c19: no agents available; will retry on subsequent port and subnet creation events.
2026-05-01 02:07:11.191 10 INFO neutron.wsgi [req-e889598f-f8c6-415b-b201-8a1e03800a49 req-f5be158c-ceac-4278-bc60-5b5010e3939a bdee89af079f4190a6e38113d83a464b 0eb0ed8e042f424abd6c9a83c4e0b0e0 - - 47cc34d411aa4a3ab8f0d3390e3f1bb0 47cc34d411aa4a3ab8f0d3390e3f1bb0] 199.204.45.140 "GET /v2.0/networks?id=e8a49c9a-b650-4d06-af72-6209f307ad8a HTTP/1.1" status: 200 len: 981 time: 0.0534813
2026-05-01 02:07:11.237 10 INFO neutron.wsgi [req-e889598f-f8c6-415b-b201-8a1e03800a49 req-5284c2d7-8609-4762-8c27-535bc08a16ec bdee89af079f4190a6e38113d83a464b 0eb0ed8e042f424abd6c9a83c4e0b0e0 - - 47cc34d411aa4a3ab8f0d3390e3f1bb0 47cc34d411aa4a3ab8f0d3390e3f1bb0] 199.204.45.140 "GET /v2.0/floatingips?fixed_ip_address=10.100.0.10&port_id=0cdfa290-506b-42b8-8eda-3c625d2c2247 HTTP/1.1" status: 200 len: 1060 time: 0.0394106
2026-05-01 02:07:11.270 10 INFO neutron.wsgi [req-e889598f-f8c6-415b-b201-8a1e03800a49 req-d4afa5db-1ba6-406f-9a5a-5ed52dcf44fe bdee89af079f4190a6e38113d83a464b 0eb0ed8e042f424abd6c9a83c4e0b0e0 - - 47cc34d411aa4a3ab8f0d3390e3f1bb0 47cc34d411aa4a3ab8f0d3390e3f1bb0] 199.204.45.140 "GET /v2.0/floatingips?fixed_ip_address=10.100.0.11&port_id=0cdfa290-506b-42b8-8eda-3c625d2c2247 HTTP/1.1" status: 200 len: 217 time: 0.0268788
2026-05-01 02:07:11.315 10 INFO neutron.wsgi [req-e889598f-f8c6-415b-b201-8a1e03800a49 req-e81efe89-1256-4b37-b7e5-3bfe2b26e856 bdee89af079f4190a6e38113d83a464b 0eb0ed8e042f424abd6c9a83c4e0b0e0 - - 47cc34d411aa4a3ab8f0d3390e3f1bb0 47cc34d411aa4a3ab8f0d3390e3f1bb0] 199.204.45.140 "GET /v2.0/subnets?id=272dfad4-bcda-4e0b-8f59-22ce3572af14 HTTP/1.1" status: 200 len: 876 time: 0.0386477
2026-05-01 02:07:11.348 10 INFO neutron.wsgi [req-e889598f-f8c6-415b-b201-8a1e03800a49 req-04b22725-99fe-43eb-bfb0-9c364ba71bde bdee89af079f4190a6e38113d83a464b 0eb0ed8e042f424abd6c9a83c4e0b0e0 - - 47cc34d411aa4a3ab8f0d3390e3f1bb0 47cc34d411aa4a3ab8f0d3390e3f1bb0] 199.204.45.140 "GET /v2.0/ports?network_id=e8a49c9a-b650-4d06-af72-6209f307ad8a&device_owner=network%3Adhcp HTTP/1.1" status: 200 len: 210 time: 0.0256722
2026-05-01 02:07:11.415 10 INFO neutron.wsgi [req-e889598f-f8c6-415b-b201-8a1e03800a49 req-fe23e622-5858-4c22-a75a-9eefb02fc1c7 bdee89af079f4190a6e38113d83a464b 0eb0ed8e042f424abd6c9a83c4e0b0e0 - - 47cc34d411aa4a3ab8f0d3390e3f1bb0 47cc34d411aa4a3ab8f0d3390e3f1bb0] 199.204.45.140 "GET /v2.0/networks/e8a49c9a-b650-4d06-af72-6209f307ad8a?fields=segments HTTP/1.1" status: 200 len: 212 time: 0.0605075
2026-05-01 02:07:11.487 10 INFO neutron.wsgi [req-e889598f-f8c6-415b-b201-8a1e03800a49 req-ac44d83f-9dba-4d9f-98af-4304c166908e bdee89af079f4190a6e38113d83a464b 0eb0ed8e042f424abd6c9a83c4e0b0e0 - - 47cc34d411aa4a3ab8f0d3390e3f1bb0 47cc34d411aa4a3ab8f0d3390e3f1bb0] 199.204.45.140 "GET /v2.0/networks/e8a49c9a-b650-4d06-af72-6209f307ad8a?fields=provider%3Aphysical_network&fields=provider%3Anetwork_type HTTP/1.1" status: 200 len: 277 time: 0.0631700
2026-05-01 02:07:11.510 9 INFO neutron.db.ovn_revision_numbers_db [None req-600a56a3-875d-4df6-a2b8-658c35f3464d 209ce13e5d9f49f09d58ec1f1eedbeb0 66d135139856468ea09b34a6b5e53489 - - default default] Successfully bumped revision number for resource 9124d422-ecb2-4ba6-9371-24d3945067af (type: floatingips) to 0
2026-05-01 02:07:11.525 9 INFO neutron.wsgi [None req-600a56a3-875d-4df6-a2b8-658c35f3464d 209ce13e5d9f49f09d58ec1f1eedbeb0 66d135139856468ea09b34a6b5e53489 - - default default] 10.0.0.244 "POST /v2.0/floatingips HTTP/1.1" status: 201 len: 751 time: 0.6386054
2026-05-01 02:07:11.839 10 INFO neutron.wsgi [req-cf062251-a08d-4cdc-bd3b-4c18f49920fd req-1b3921fe-44d3-40d2-9ad9-c513d6c16973 f407b29e457e46b2872170a474afaa66 98b0400339524d20b075bdcce91cbd43 - - default default] 10.0.0.19 "GET /v2.0/ports?device_id=5d4a0c4b-ac77-42f4-97fa-89a5c0ab406c HTTP/1.1" status: 200 len: 1356 time: 0.0403771
2026-05-01 02:07:11.888 10 INFO neutron.wsgi [req-cf062251-a08d-4cdc-bd3b-4c18f49920fd req-2939978d-2fdb-4ab7-9b79-ced5a6f62096 f407b29e457e46b2872170a474afaa66 98b0400339524d20b075bdcce91cbd43 - - default default] 10.0.0.19 "GET /v2.0/security-groups?id=0437c312-be95-485b-aa22-d9484fc613a1&fields=id&fields=name HTTP/1.1" status: 200 len: 313 time: 0.0405746
2026-05-01 02:07:12.028 9 INFO neutron.wsgi [req-2e44b01d-0968-4da1-872b-f55d010d151c req-7e80cde2-7a94-4935-9679-9ecb01e9bcdf 209ce13e5d9f49f09d58ec1f1eedbeb0 66d135139856468ea09b34a6b5e53489 - - default default] 10.0.0.19 "GET /v2.0/security-groups?name=tempest-securitygroup--539234311&fields=id&tenant_id=66d135139856468ea09b34a6b5e53489 HTTP/1.1" status: 200 len: 267 time: 0.0481796
2026-05-01 02:07:12.061 10 INFO neutron.wsgi [req-94c1ac2f-f1eb-438f-87df-177d54b9ddf0 req-6d29c90d-a3eb-4205-8df7-405f8d91c41c f407b29e457e46b2872170a474afaa66 98b0400339524d20b075bdcce91cbd43 - - default default] 199.204.45.140 "GET /v2.0/ports?device_id=5d4a0c4b-ac77-42f4-97fa-89a5c0ab406c&device_owner=compute%3Anova&fixed_ips=ip_address%3D10.100.0.11 HTTP/1.1" status: 200 len: 1356 time: 0.0666621
2026-05-01 02:07:12.099 9 INFO neutron.wsgi [req-2e44b01d-0968-4da1-872b-f55d010d151c req-239389b0-c0cc-4e6a-bd64-e377de96fdad 209ce13e5d9f49f09d58ec1f1eedbeb0 66d135139856468ea09b34a6b5e53489 - - default default] 10.0.0.19 "GET /v2.0/networks?id=ac3e4740-3fd7-45eb-928d-14486db25a5d HTTP/1.1" status: 200 len: 868 time: 0.0623076
2026-05-01 02:07:12.118 9 INFO neutron.wsgi [req-2e44b01d-0968-4da1-872b-f55d010d151c req-ee8376f2-bb0b-4a1b-a2c5-71490c71ac8b 209ce13e5d9f49f09d58ec1f1eedbeb0 66d135139856468ea09b34a6b5e53489 - - default default] 10.0.0.19 "GET /v2.0/quotas/66d135139856468ea09b34a6b5e53489 HTTP/1.1" status: 200 len: 386 time: 0.0121615
2026-05-01 02:07:12.275 9 INFO neutron.wsgi [req-2e44b01d-0968-4da1-872b-f55d010d151c req-d3c97e36-4015-420e-aa71-b2aff4bdd4a4 209ce13e5d9f49f09d58ec1f1eedbeb0 66d135139856468ea09b34a6b5e53489 - - default default] 10.0.0.19 "GET /v2.0/ports?tenant_id=66d135139856468ea09b34a6b5e53489&fields=id HTTP/1.1" status: 200 len: 302 time: 0.1506398
2026-05-01 02:07:12.344 9 INFO neutron.db.ovn_revision_numbers_db [None req-176746f2-1784-40aa-8cf5-cc154ff66e76 e030986686b24837825d7f688707c6f8 c2072fa929a74d01b0585c80889d5646 - - default default] Successfully bumped revision number for resource 8cbe93d8-5630-4207-a037-f6895207d1de (type: security_groups) to 1
2026-05-01 02:07:12.360 9 INFO neutron.db.ovn_revision_numbers_db [None req-176746f2-1784-40aa-8cf5-cc154ff66e76 e030986686b24837825d7f688707c6f8 c2072fa929a74d01b0585c80889d5646 - - default default] Successfully bumped revision number for resource 0785d1c7-e57f-4a5a-9814-2463005eb96c (type: security_group_rules) to 0
2026-05-01 02:07:12.396 9 INFO neutron.db.ovn_revision_numbers_db [None req-176746f2-1784-40aa-8cf5-cc154ff66e76 e030986686b24837825d7f688707c6f8 c2072fa929a74d01b0585c80889d5646 - - default default] Successfully bumped revision number for resource 34143625-8554-41e0-a982-4940b9ae9864 (type: security_group_rules) to 0
2026-05-01 02:07:12.416 9 INFO neutron.db.ovn_revision_numbers_db [None req-176746f2-1784-40aa-8cf5-cc154ff66e76 e030986686b24837825d7f688707c6f8 c2072fa929a74d01b0585c80889d5646 - - default default] Successfully bumped revision number for resource abd3cbc8-c440-489f-a92e-1807ea3fc2f0 (type: security_group_rules) to 0
2026-05-01 02:07:12.448 9 INFO neutron.db.ovn_revision_numbers_db [None req-176746f2-1784-40aa-8cf5-cc154ff66e76 e030986686b24837825d7f688707c6f8 c2072fa929a74d01b0585c80889d5646 - - default default] Successfully bumped revision number for resource cda815c8-2a46-47a2-b69e-f11f80be9db7 (type: security_group_rules) to 0
2026-05-01 02:07:12.479 9 INFO neutron.wsgi [None req-176746f2-1784-40aa-8cf5-cc154ff66e76 e030986686b24837825d7f688707c6f8 c2072fa929a74d01b0585c80889d5646 - - default default] 10.0.0.244 "GET /v2.0/security-groups?tenant_id=1d6e312f3c1b479ca1d3a78c588d509b&name=default HTTP/1.1" status: 200 len: 2996 time: 0.4586456
2026-05-01 02:07:12.622 10 INFO neutron.db.ovn_revision_numbers_db [req-94c1ac2f-f1eb-438f-87df-177d54b9ddf0 req-4b5f21de-b8ed-4d37-9985-0e98c09367a5 f407b29e457e46b2872170a474afaa66 98b0400339524d20b075bdcce91cbd43 - - default default] Successfully bumped revision number for resource 0cdfa290-506b-42b8-8eda-3c625d2c2247 (type: ports) to 6
2026-05-01 02:07:12.635 10 INFO neutron.wsgi [req-94c1ac2f-f1eb-438f-87df-177d54b9ddf0 req-4b5f21de-b8ed-4d37-9985-0e98c09367a5 f407b29e457e46b2872170a474afaa66 98b0400339524d20b075bdcce91cbd43 - - default default] 199.204.45.140 "PUT /v2.0/ports/0cdfa290-506b-42b8-8eda-3c625d2c2247 HTTP/1.1" status: 200 len: 1171 time: 0.5673571 /var/lib/openstack/lib/python3.10/site-packages/pycadf/identifier.py:71: UserWarning: Invalid uuid: neutron. To ensure interoperability, identifiers should be a valid uuid. warnings.warn(('Invalid uuid: %s. To ensure interoperability, '
2026-05-01 02:07:12.680 10 INFO neutron.notifiers.nova [-] Nova event matching ['req-7257a6ce-e60c-4cc7-9ae3-0a603b5f506b'] response: {'name': 'network-changed', 'server_uuid': '5d4a0c4b-ac77-42f4-97fa-89a5c0ab406c', 'tag': '0cdfa290-506b-42b8-8eda-3c625d2c2247', 'status': 'completed', 'code': 200}
2026-05-01 02:07:12.697 10 INFO neutron.wsgi [req-94c1ac2f-f1eb-438f-87df-177d54b9ddf0 req-dc87d291-793a-47ba-aafb-cc22f805a32b bdee89af079f4190a6e38113d83a464b 0eb0ed8e042f424abd6c9a83c4e0b0e0 - - 47cc34d411aa4a3ab8f0d3390e3f1bb0 47cc34d411aa4a3ab8f0d3390e3f1bb0] 199.204.45.140 "GET /v2.0/ports?tenant_id=98b0400339524d20b075bdcce91cbd43&device_id=5d4a0c4b-ac77-42f4-97fa-89a5c0ab406c HTTP/1.1" status: 200 len: 1413 time: 0.0427990
2026-05-01 02:07:12.703 9 INFO neutron.wsgi [None req-e07d5474-d02a-4230-aada-1cd6f67d807a e030986686b24837825d7f688707c6f8 c2072fa929a74d01b0585c80889d5646 - - default default] 10.0.0.244 "DELETE /v2.0/security-groups/8cbe93d8-5630-4207-a037-f6895207d1de HTTP/1.1" status: 204 len: 168 time: 0.2197356
2026-05-01 02:07:12.757 9 INFO neutron.wsgi [req-2e44b01d-0968-4da1-872b-f55d010d151c req-7675c949-6714-413b-862e-743a90ef483b bdee89af079f4190a6e38113d83a464b 0eb0ed8e042f424abd6c9a83c4e0b0e0 - - 47cc34d411aa4a3ab8f0d3390e3f1bb0 47cc34d411aa4a3ab8f0d3390e3f1bb0] 10.0.0.19 "GET /v2.0/extensions HTTP/1.1" status: 200 len: 16980 time: 0.0630572
2026-05-01 02:07:12.766 10 INFO neutron.wsgi [req-94c1ac2f-f1eb-438f-87df-177d54b9ddf0 req-c22580e5-8a5b-44e9-9ec6-b8f84055a15a bdee89af079f4190a6e38113d83a464b 0eb0ed8e042f424abd6c9a83c4e0b0e0 - - 47cc34d411aa4a3ab8f0d3390e3f1bb0 47cc34d411aa4a3ab8f0d3390e3f1bb0] 199.204.45.140 "GET /v2.0/networks?id=e8a49c9a-b650-4d06-af72-6209f307ad8a HTTP/1.1" status: 200 len: 981 time: 0.0630536
2026-05-01 02:07:12.812 10 INFO neutron.wsgi [req-94c1ac2f-f1eb-438f-87df-177d54b9ddf0 req-efd35341-9b7d-4f04-94ca-eb416d09baa1 bdee89af079f4190a6e38113d83a464b 0eb0ed8e042f424abd6c9a83c4e0b0e0 - - 47cc34d411aa4a3ab8f0d3390e3f1bb0 47cc34d411aa4a3ab8f0d3390e3f1bb0] 199.204.45.140 "GET /v2.0/floatingips?fixed_ip_address=10.100.0.10&port_id=0cdfa290-506b-42b8-8eda-3c625d2c2247 HTTP/1.1" status: 200 len: 1060 time: 0.0401342
2026-05-01 02:07:12.825 9 INFO neutron.wsgi [req-2e44b01d-0968-4da1-872b-f55d010d151c req-463b27f7-da25-406f-9db8-77350d5d0920 bdee89af079f4190a6e38113d83a464b 0eb0ed8e042f424abd6c9a83c4e0b0e0 - - 47cc34d411aa4a3ab8f0d3390e3f1bb0 47cc34d411aa4a3ab8f0d3390e3f1bb0] 10.0.0.19 "GET /v2.0/networks/ac3e4740-3fd7-45eb-928d-14486db25a5d?fields=segments HTTP/1.1" status: 200 len: 212 time: 0.0561128
2026-05-01 02:07:12.854 10 INFO neutron.wsgi [req-94c1ac2f-f1eb-438f-87df-177d54b9ddf0 req-b6923672-27bb-46a1-a4da-9e8453212f2e bdee89af079f4190a6e38113d83a464b 0eb0ed8e042f424abd6c9a83c4e0b0e0 - - 47cc34d411aa4a3ab8f0d3390e3f1bb0 47cc34d411aa4a3ab8f0d3390e3f1bb0] 199.204.45.140 "GET /v2.0/subnets?id=272dfad4-bcda-4e0b-8f59-22ce3572af14 HTTP/1.1" status: 200 len: 876 time: 0.0341816
2026-05-01 02:07:12.883 10 INFO neutron.wsgi [req-94c1ac2f-f1eb-438f-87df-177d54b9ddf0 req-ad79c89c-8516-4a45-a6cd-c2b653ec46be bdee89af079f4190a6e38113d83a464b 0eb0ed8e042f424abd6c9a83c4e0b0e0 - - 47cc34d411aa4a3ab8f0d3390e3f1bb0 47cc34d411aa4a3ab8f0d3390e3f1bb0] 199.204.45.140 "GET /v2.0/ports?network_id=e8a49c9a-b650-4d06-af72-6209f307ad8a&device_owner=network%3Adhcp HTTP/1.1" status: 200 len: 210 time: 0.0215802
2026-05-01 02:07:12.887 9 INFO neutron.wsgi [req-2e44b01d-0968-4da1-872b-f55d010d151c req-c4d0b280-ef2c-4bb7-ad5d-73de71d00124 bdee89af079f4190a6e38113d83a464b 0eb0ed8e042f424abd6c9a83c4e0b0e0 - - 47cc34d411aa4a3ab8f0d3390e3f1bb0 47cc34d411aa4a3ab8f0d3390e3f1bb0] 10.0.0.19 "GET /v2.0/networks/ac3e4740-3fd7-45eb-928d-14486db25a5d?fields=provider%3Aphysical_network&fields=provider%3Anetwork_type HTTP/1.1" status: 200 len: 277 time: 0.0561512
2026-05-01 02:07:12.956 10 INFO neutron.wsgi [req-94c1ac2f-f1eb-438f-87df-177d54b9ddf0 req-47eaf9a8-8a71-42a9-8dfc-0d1016b6dc75 bdee89af079f4190a6e38113d83a464b 0eb0ed8e042f424abd6c9a83c4e0b0e0 - - 47cc34d411aa4a3ab8f0d3390e3f1bb0 47cc34d411aa4a3ab8f0d3390e3f1bb0] 199.204.45.140 "GET /v2.0/networks/e8a49c9a-b650-4d06-af72-6209f307ad8a?fields=segments HTTP/1.1" status: 200 len: 212 time: 0.0658047
2026-05-01 02:07:13.006 9 INFO neutron.db.ovn_revision_numbers_db [None req-3b11e459-5b10-4ba2-be95-d5d84413bfcd e030986686b24837825d7f688707c6f8 c2072fa929a74d01b0585c80889d5646 - - default default] Successfully bumped revision number for resource 5b0930a4-de65-48dc-a255-a63f63534098 (type: security_groups) to 1
2026-05-01 02:07:13.027 9 INFO neutron.db.ovn_revision_numbers_db [None req-3b11e459-5b10-4ba2-be95-d5d84413bfcd e030986686b24837825d7f688707c6f8 c2072fa929a74d01b0585c80889d5646 - - default default] Successfully bumped revision number for resource 2a1b2150-df2d-4481-b83c-1198650fccd8 (type: security_group_rules) to 0
2026-05-01 02:07:13.032 10 INFO neutron.wsgi [req-94c1ac2f-f1eb-438f-87df-177d54b9ddf0 req-2af01473-5c32-4ad9-9ecf-9918c38bbbc8 bdee89af079f4190a6e38113d83a464b 0eb0ed8e042f424abd6c9a83c4e0b0e0 - - 47cc34d411aa4a3ab8f0d3390e3f1bb0 47cc34d411aa4a3ab8f0d3390e3f1bb0] 199.204.45.140 "GET /v2.0/networks/e8a49c9a-b650-4d06-af72-6209f307ad8a?fields=provider%3Aphysical_network&fields=provider%3Anetwork_type HTTP/1.1" status: 200 len: 277 time: 0.0676844
2026-05-01 02:07:13.042 9 INFO neutron.db.ovn_revision_numbers_db [None req-3b11e459-5b10-4ba2-be95-d5d84413bfcd e030986686b24837825d7f688707c6f8 c2072fa929a74d01b0585c80889d5646 - - default default] Successfully bumped revision number for resource 2f41b273-f9c6-4c8c-993d-1377b51bcd9f (type: security_group_rules) to 0
2026-05-01 02:07:13.060 9 INFO neutron.db.ovn_revision_numbers_db [None req-3b11e459-5b10-4ba2-be95-d5d84413bfcd e030986686b24837825d7f688707c6f8 c2072fa929a74d01b0585c80889d5646 - - default default] Successfully bumped revision number for resource 6fa6c7a8-4f32-4129-996e-96b8ba108c2a (type: security_group_rules) to 0
2026-05-01 02:07:13.075 10 INFO neutron.wsgi [req-a5647eb4-27b0-408b-ae35-18562094684f req-d69b65fe-4b5a-46c9-8739-1f03f61afa8b 209ce13e5d9f49f09d58ec1f1eedbeb0 66d135139856468ea09b34a6b5e53489 - - default default] 10.0.0.19 "GET /v2.0/ports?device_id=2fc4cc2b-8b11-43cf-853f-c001e1419968 HTTP/1.1" status: 200 len: 210 time: 0.0349619
2026-05-01 02:07:13.076 9 INFO neutron.db.ovn_revision_numbers_db [None req-3b11e459-5b10-4ba2-be95-d5d84413bfcd e030986686b24837825d7f688707c6f8 c2072fa929a74d01b0585c80889d5646 - - default default] Successfully bumped revision number for resource a0262b9b-961e-4b09-99a5-c683744f0ac8 (type: security_group_rules) to 0
2026-05-01 02:07:13.098 9 INFO neutron.wsgi [None req-3b11e459-5b10-4ba2-be95-d5d84413bfcd e030986686b24837825d7f688707c6f8 c2072fa929a74d01b0585c80889d5646 - - default default] 10.0.0.244 "GET /v2.0/security-groups?tenant_id=a86abe21f7ac48059df316d93c9247b6&name=default HTTP/1.1" status: 200 len: 2996 time: 0.2053177
2026-05-01 02:07:13.114 10 INFO neutron.wsgi [req-2f421aea-2687-4682-b0d0-09b80d8285c9 req-978f0bfe-e053-4c9e-9209-e135d3cf7484 bdee89af079f4190a6e38113d83a464b 0eb0ed8e042f424abd6c9a83c4e0b0e0 - - 47cc34d411aa4a3ab8f0d3390e3f1bb0 47cc34d411aa4a3ab8f0d3390e3f1bb0] 199.204.45.140 "GET /v2.0/ports?tenant_id=98b0400339524d20b075bdcce91cbd43&device_id=5d4a0c4b-ac77-42f4-97fa-89a5c0ab406c HTTP/1.1" status: 200 len: 1413 time: 0.0428951
2026-05-01 02:07:13.181 10 INFO neutron.wsgi [req-2f421aea-2687-4682-b0d0-09b80d8285c9 req-45a5f201-e8b7-45f0-b2fd-e574952cdb3f bdee89af079f4190a6e38113d83a464b 0eb0ed8e042f424abd6c9a83c4e0b0e0 - - 47cc34d411aa4a3ab8f0d3390e3f1bb0 47cc34d411aa4a3ab8f0d3390e3f1bb0] 199.204.45.140 "GET /v2.0/networks?id=e8a49c9a-b650-4d06-af72-6209f307ad8a HTTP/1.1" status: 200 len: 981 time: 0.0631244
2026-05-01 02:07:13.246 10 INFO neutron.wsgi [req-2f421aea-2687-4682-b0d0-09b80d8285c9 req-7199e97b-c2a3-44a1-ba24-6a1b956b0943 bdee89af079f4190a6e38113d83a464b 0eb0ed8e042f424abd6c9a83c4e0b0e0 - - 47cc34d411aa4a3ab8f0d3390e3f1bb0 47cc34d411aa4a3ab8f0d3390e3f1bb0] 199.204.45.140 "GET /v2.0/floatingips?fixed_ip_address=10.100.0.10&port_id=0cdfa290-506b-42b8-8eda-3c625d2c2247 HTTP/1.1" status: 200 len: 1060 time: 0.0604188
2026-05-01 02:07:13.283 10 INFO neutron.wsgi [req-2f421aea-2687-4682-b0d0-09b80d8285c9 req-1b70f4ba-4385-4e82-9a89-961427f6ae85 bdee89af079f4190a6e38113d83a464b 0eb0ed8e042f424abd6c9a83c4e0b0e0 - - 47cc34d411aa4a3ab8f0d3390e3f1bb0 47cc34d411aa4a3ab8f0d3390e3f1bb0] 199.204.45.140 "GET /v2.0/subnets?id=272dfad4-bcda-4e0b-8f59-22ce3572af14 HTTP/1.1" status: 200 len: 876 time: 0.0326641
2026-05-01 02:07:13.320 10 INFO neutron.wsgi [req-2f421aea-2687-4682-b0d0-09b80d8285c9 req-9e39f62d-9753-4a65-9f29-c5cd1cd6a5d4 bdee89af079f4190a6e38113d83a464b 0eb0ed8e042f424abd6c9a83c4e0b0e0 - - 47cc34d411aa4a3ab8f0d3390e3f1bb0 47cc34d411aa4a3ab8f0d3390e3f1bb0] 199.204.45.140 "GET /v2.0/ports?network_id=e8a49c9a-b650-4d06-af72-6209f307ad8a&device_owner=network%3Adhcp HTTP/1.1" status: 200 len: 210 time: 0.0214708
2026-05-01 02:07:13.352 9 INFO neutron.wsgi [None req-9de14e1c-45fe-4e48-994f-6f4a3eca039d e030986686b24837825d7f688707c6f8 c2072fa929a74d01b0585c80889d5646 - - default default] 10.0.0.244 "DELETE /v2.0/security-groups/5b0930a4-de65-48dc-a255-a63f63534098 HTTP/1.1" status: 204 len: 168 time: 0.2480752
2026-05-01 02:07:13.377 10 INFO neutron.wsgi [req-2f421aea-2687-4682-b0d0-09b80d8285c9 req-ac879fc2-1653-4010-9bcd-81b7aef4f2c7 bdee89af079f4190a6e38113d83a464b 0eb0ed8e042f424abd6c9a83c4e0b0e0 - - 47cc34d411aa4a3ab8f0d3390e3f1bb0 47cc34d411aa4a3ab8f0d3390e3f1bb0] 199.204.45.140 "GET /v2.0/networks/e8a49c9a-b650-4d06-af72-6209f307ad8a?fields=segments HTTP/1.1" status: 200 len: 212 time: 0.0513992
2026-05-01 02:07:13.451 10 INFO neutron.wsgi [req-2f421aea-2687-4682-b0d0-09b80d8285c9 req-19034e25-acb1-422e-86c6-415d41a60723 bdee89af079f4190a6e38113d83a464b 0eb0ed8e042f424abd6c9a83c4e0b0e0 - - 47cc34d411aa4a3ab8f0d3390e3f1bb0 47cc34d411aa4a3ab8f0d3390e3f1bb0] 199.204.45.140 "GET /v2.0/networks/e8a49c9a-b650-4d06-af72-6209f307ad8a?fields=provider%3Aphysical_network&fields=provider%3Anetwork_type HTTP/1.1" status: 200 len: 277 time: 0.0675075
2026-05-01 02:07:14.011 10 INFO neutron.wsgi [req-2e44b01d-0968-4da1-872b-f55d010d151c req-7ce099a6-230a-4f11-9eed-e329f3ed11d6 209ce13e5d9f49f09d58ec1f1eedbeb0 66d135139856468ea09b34a6b5e53489 - - default default] 199.204.45.140 "GET /v2.0/networks?id=ac3e4740-3fd7-45eb-928d-14486db25a5d HTTP/1.1" status: 200 len: 868 time: 0.0827775
2026-05-01 02:07:14.073 10 INFO neutron.wsgi [req-2e44b01d-0968-4da1-872b-f55d010d151c req-7e2c422e-e92e-4c26-99aa-50ce0bf10880 209ce13e5d9f49f09d58ec1f1eedbeb0 66d135139856468ea09b34a6b5e53489 - - default default] 199.204.45.140 "GET /v2.0/security-groups?fields=id&fields=name&tenant_id=66d135139856468ea09b34a6b5e53489 HTTP/1.1" status: 200 len: 379 time: 0.0502379
2026-05-01 02:07:14.109 10 WARNING neutron_lib.context [req-2e44b01d-0968-4da1-872b-f55d010d151c req-a82acca1-572c-481d-b0aa-d4833c5d9db0 209ce13e5d9f49f09d58ec1f1eedbeb0 66d135139856468ea09b34a6b5e53489 - - default default] Method 'is_advsvc' is deprecated since 2023.2 release (neutron-lib 3.8.0) and will be removed once support for the old RBAC API policies will be removed from Neutron. Please use method 'is_service_role' instead.
2026-05-01 02:07:14.172 10 INFO neutron.wsgi [req-e615ff84-c9bb-43f8-b217-6d49fbd796fc req-b8c53255-5e31-496e-a1e5-fd4125a202e6 209ce13e5d9f49f09d58ec1f1eedbeb0 66d135139856468ea09b34a6b5e53489 - - default default] 10.0.0.19 "GET /v2.0/ports?device_id=2fc4cc2b-8b11-43cf-853f-c001e1419968 HTTP/1.1" status: 200 len: 210 time: 0.0256348
2026-05-01 02:07:14.344 10 INFO neutron.wsgi [req-4358aa87-8b81-474e-b0d5-5828008c510c req-ab231c01-22f1-43a5-99c0-6e57217d7417 f407b29e457e46b2872170a474afaa66 98b0400339524d20b075bdcce91cbd43 - - default default] 10.0.0.19 "GET /v2.0/ports?device_id=5d4a0c4b-ac77-42f4-97fa-89a5c0ab406c HTTP/1.1" status: 200 len: 1174 time: 0.0630524
2026-05-01 02:07:14.396 10 INFO neutron.plugins.ml2.drivers.ovn.mech_driver.mech_driver [None req-baefa63a-eed7-45ab-ae84-ad67a725750a - - - - - -] OVN reports status down for port: 0cdfa290-506b-42b8-8eda-3c625d2c2247
2026-05-01 02:07:14.418 10 INFO neutron.wsgi [req-4358aa87-8b81-474e-b0d5-5828008c510c req-cc37cffa-1871-4476-bc64-0abdc0a27b54 f407b29e457e46b2872170a474afaa66 98b0400339524d20b075bdcce91cbd43 - - default default] 10.0.0.19 "GET /v2.0/security-groups?id=0437c312-be95-485b-aa22-d9484fc613a1&fields=id&fields=name HTTP/1.1" status: 200 len: 313 time: 0.0664690
2026-05-01 02:07:14.561 10 WARNING neutron.scheduler.dhcp_agent_scheduler [req-2e44b01d-0968-4da1-872b-f55d010d151c req-a82acca1-572c-481d-b0aa-d4833c5d9db0 209ce13e5d9f49f09d58ec1f1eedbeb0 66d135139856468ea09b34a6b5e53489 - - default default] No more DHCP agents
2026-05-01 02:07:14.565 10 WARNING neutron.api.rpc.agentnotifiers.dhcp_rpc_agent_api [req-2e44b01d-0968-4da1-872b-f55d010d151c req-a82acca1-572c-481d-b0aa-d4833c5d9db0 209ce13e5d9f49f09d58ec1f1eedbeb0 66d135139856468ea09b34a6b5e53489 - - default default] Unable to schedule network ac3e4740-3fd7-45eb-928d-14486db25a5d: no agents available; will retry on subsequent port and subnet creation events.
2026-05-01 02:07:14.843 10 INFO neutron.notifiers.nova [-] Nova event matching ['req-eb7af972-7f12-4a57-b0df-c44ad52370c9'] response: {'server_uuid': '5d4a0c4b-ac77-42f4-97fa-89a5c0ab406c', 'name': 'network-vif-unplugged', 'status': 'completed', 'tag': '0cdfa290-506b-42b8-8eda-3c625d2c2247', 'code': 200}
2026-05-01 02:07:14.908 9 INFO neutron.wsgi [req-82710371-f68a-4dfd-a8ee-8b5a13b228c6 req-d57753ca-b25c-4ba1-99e2-ccd26dd2ec6a f407b29e457e46b2872170a474afaa66 98b0400339524d20b075bdcce91cbd43 - - default default] 199.204.45.140 "GET /v2.0/ports?device_id=5d4a0c4b-ac77-42f4-97fa-89a5c0ab406c HTTP/1.1" status: 200 len: 1172 time: 0.0905209
2026-05-01 02:07:14.928 10 INFO neutron.db.ovn_revision_numbers_db [req-2e44b01d-0968-4da1-872b-f55d010d151c req-a82acca1-572c-481d-b0aa-d4833c5d9db0 209ce13e5d9f49f09d58ec1f1eedbeb0 66d135139856468ea09b34a6b5e53489 - - default default] Successfully bumped revision number for resource 6bc2e532-9561-408f-bf5f-ebf3effaff4b (type: ports) to 1
2026-05-01 02:07:14.931 10 INFO neutron.db.ovn_revision_numbers_db [None req-baefa63a-eed7-45ab-ae84-ad67a725750a - - - - - -] Successfully bumped revision number for resource 0cdfa290-506b-42b8-8eda-3c625d2c2247 (type: ports) to 7
2026-05-01 02:07:14.957 10 INFO neutron.wsgi [req-2e44b01d-0968-4da1-872b-f55d010d151c req-a82acca1-572c-481d-b0aa-d4833c5d9db0 209ce13e5d9f49f09d58ec1f1eedbeb0 66d135139856468ea09b34a6b5e53489 - - default default] 199.204.45.140 "POST /v2.0/ports HTTP/1.1" status: 201 len: 1162 time: 0.8573818
2026-05-01 02:07:15.046 9 WARNING neutron.plugins.ml2.drivers.ovn.mech_driver.ovsdb.ovn_client [None req-f8365007-44bd-46bf-ac2c-cb7d65cf516d - - - - - -] No hosting information found for port 06f09909-9876-41b4-babb-8b0d0da3878e: RuntimeError: No hosting information found for port 06f09909-9876-41b4-babb-8b0d0da3878e
2026-05-01 02:07:15.214 9 INFO neutron.db.l3_db [req-82710371-f68a-4dfd-a8ee-8b5a13b228c6 req-175b3638-1bc7-401d-8753-3f60a39c4632 f407b29e457e46b2872170a474afaa66 98b0400339524d20b075bdcce91cbd43 - - default default] Floating IP 591a5ebf-e18b-45ed-bebf-0f638544a678 disassociated. External IP: 10.96.250.213, port: 0cdfa290-506b-42b8-8eda-3c625d2c2247. /var/lib/openstack/lib/python3.10/site-packages/pycadf/identifier.py:71: UserWarning: Invalid uuid: neutron. To ensure interoperability, identifiers should be a valid uuid. warnings.warn(('Invalid uuid: %s. To ensure interoperability, ' /var/lib/openstack/lib/python3.10/site-packages/pycadf/identifier.py:71: UserWarning: Invalid uuid: neutron. To ensure interoperability, identifiers should be a valid uuid. warnings.warn(('Invalid uuid: %s. To ensure interoperability, '
2026-05-01 02:07:15.411 9 INFO neutron.wsgi [req-82710371-f68a-4dfd-a8ee-8b5a13b228c6 req-175b3638-1bc7-401d-8753-3f60a39c4632 f407b29e457e46b2872170a474afaa66 98b0400339524d20b075bdcce91cbd43 - - default default] 199.204.45.140 "DELETE /v2.0/ports/0cdfa290-506b-42b8-8eda-3c625d2c2247 HTTP/1.1" status: 204 len: 173 time: 0.4972720
2026-05-01 02:07:15.413 10 INFO neutron.wsgi [req-a8a6a7a2-8cf1-434a-8b6a-539eae78b5cc req-352a9b6e-56b1-4e90-b0e4-b5580f8c254e 209ce13e5d9f49f09d58ec1f1eedbeb0 66d135139856468ea09b34a6b5e53489 - - default default] 10.0.0.19 "GET /v2.0/ports?device_id=2fc4cc2b-8b11-43cf-853f-c001e1419968 HTTP/1.1" status: 200 len: 1160 time: 0.1417429 /var/lib/openstack/lib/python3.10/site-packages/pycadf/identifier.py:71: UserWarning: Invalid uuid: neutron. To ensure interoperability, identifiers should be a valid uuid. warnings.warn(('Invalid uuid: %s. To ensure interoperability, '
