2026-05-01 02:12:06.119 10 INFO neutron.wsgi [req-12aa91ce-2014-4419-ae77-731e0d6a5b77 req-232d9854-ed06-419f-936a-6dc184121886 bdee89af079f4190a6e38113d83a464b 0eb0ed8e042f424abd6c9a83c4e0b0e0 - - 47cc34d411aa4a3ab8f0d3390e3f1bb0 47cc34d411aa4a3ab8f0d3390e3f1bb0] 199.204.45.140 "GET /v2.0/networks/5d6a0996-e9cf-488f-8930-ec55b4259d44?fields=segments HTTP/1.1" status: 200 len: 212 time: 0.0708506
2026-05-01 02:12:06.211 10 INFO neutron.wsgi [req-12aa91ce-2014-4419-ae77-731e0d6a5b77 req-0bf8f294-67c8-4b06-bf38-5842c13bb226 bdee89af079f4190a6e38113d83a464b 0eb0ed8e042f424abd6c9a83c4e0b0e0 - - 47cc34d411aa4a3ab8f0d3390e3f1bb0 47cc34d411aa4a3ab8f0d3390e3f1bb0] 199.204.45.140 "GET /v2.0/networks/5d6a0996-e9cf-488f-8930-ec55b4259d44?fields=provider%3Aphysical_network&fields=provider%3Anetwork_type HTTP/1.1" status: 200 len: 277 time: 0.0848153
2026-05-01 02:12:06.254 10 INFO neutron.db.ovn_revision_numbers_db [None req-baefa63a-eed7-45ab-ae84-ad67a725750a - - - - - -] Successfully bumped revision number for resource 1c472431-810c-42b7-b4ca-cd6f8af1a842 (type: ports) to 4
2026-05-01 02:12:06.506 9 INFO neutron.db.ovn_revision_numbers_db [None req-57f5bf64-c946-4dcf-89c8-dc9512614827 e030986686b24837825d7f688707c6f8 c2072fa929a74d01b0585c80889d5646 - - default default] Successfully bumped revision number for resource 1c472431-810c-42b7-b4ca-cd6f8af1a842 (type: ports) to 5
2026-05-01 02:12:06.520 9 INFO neutron.wsgi [None req-57f5bf64-c946-4dcf-89c8-dc9512614827 e030986686b24837825d7f688707c6f8 c2072fa929a74d01b0585c80889d5646 - - default default] 199.204.45.140 "PUT /v2.0/ports/1c472431-810c-42b7-b4ca-cd6f8af1a842 HTTP/1.1" status: 200 len: 1491 time: 0.5230150 /var/lib/openstack/lib/python3.10/site-packages/pycadf/identifier.py:71: UserWarning: Invalid uuid: neutron. To ensure interoperability, identifiers should be a valid uuid. warnings.warn(('Invalid uuid: %s. To ensure interoperability, '
2026-05-01 02:12:06.585 9 INFO neutron.api.v2.resource [None req-a60a29cf-f7cf-4b8f-a7a7-57065f08ed29 e030986686b24837825d7f688707c6f8 c2072fa929a74d01b0585c80889d5646 - - default default] show failed (client error): The resource could not be found.
2026-05-01 02:12:06.586 9 INFO neutron.wsgi [None req-a60a29cf-f7cf-4b8f-a7a7-57065f08ed29 e030986686b24837825d7f688707c6f8 c2072fa929a74d01b0585c80889d5646 - - default default] 199.204.45.140 "GET /v2.0/security-groups/lb-e4be8605-02ec-4810-9261-90799b5f8991 HTTP/1.1" status: 404 len: 355 time: 0.0145118
2026-05-01 02:12:06.622 9 INFO neutron.wsgi [None req-868e7672-3e2c-42e2-a9c8-e6e721a23eb5 e030986686b24837825d7f688707c6f8 c2072fa929a74d01b0585c80889d5646 - - default default] 199.204.45.140 "GET /v2.0/security-groups?name=lb-e4be8605-02ec-4810-9261-90799b5f8991 HTTP/1.1" status: 200 len: 1777 time: 0.0335276
2026-05-01 02:12:06.664 9 INFO neutron.notifiers.nova [-] Nova event matching ['req-98cc5ae4-3098-4196-a77d-d23127d1ebdb'] response: {'name': 'network-changed', 'server_uuid': '6524ba40-050e-48de-8960-9cb0e411c942', 'tag': '1c472431-810c-42b7-b4ca-cd6f8af1a842', 'status': 'completed', 'code': 200} /var/lib/openstack/lib/python3.10/site-packages/pycadf/identifier.py:71: UserWarning: Invalid uuid: neutron. To ensure interoperability, identifiers should be a valid uuid. warnings.warn(('Invalid uuid: %s. To ensure interoperability, '
2026-05-01 02:12:06.733 10 INFO neutron.wsgi [req-ceaf0aef-3d4b-45f7-bad7-ac1353c2d486 req-2f93af8d-e157-4cb1-b733-f04ef7335a16 bdee89af079f4190a6e38113d83a464b 0eb0ed8e042f424abd6c9a83c4e0b0e0 - - 47cc34d411aa4a3ab8f0d3390e3f1bb0 47cc34d411aa4a3ab8f0d3390e3f1bb0] 199.204.45.140 "GET /v2.0/ports?tenant_id=c2072fa929a74d01b0585c80889d5646&device_id=6524ba40-050e-48de-8960-9cb0e411c942 HTTP/1.1" status: 200 len: 2728 time: 0.0473423
2026-05-01 02:12:06.808 10 INFO neutron.wsgi [req-ceaf0aef-3d4b-45f7-bad7-ac1353c2d486 req-6eaf4e9d-d629-465b-aa7c-8f7d058d3762 bdee89af079f4190a6e38113d83a464b 0eb0ed8e042f424abd6c9a83c4e0b0e0 - - 47cc34d411aa4a3ab8f0d3390e3f1bb0 47cc34d411aa4a3ab8f0d3390e3f1bb0] 199.204.45.140 "GET /v2.0/networks?id=5d6a0996-e9cf-488f-8930-ec55b4259d44 HTTP/1.1" status: 200 len: 1004 time: 0.0691762
2026-05-01 02:12:06.840 10 INFO neutron.wsgi [req-ceaf0aef-3d4b-45f7-bad7-ac1353c2d486 req-85a444f6-d662-4841-88d7-f0d71f4eee17 bdee89af079f4190a6e38113d83a464b 0eb0ed8e042f424abd6c9a83c4e0b0e0 - - 47cc34d411aa4a3ab8f0d3390e3f1bb0 47cc34d411aa4a3ab8f0d3390e3f1bb0] 199.204.45.140 "GET /v2.0/floatingips?fixed_ip_address=10.1.1.171&port_id=1c472431-810c-42b7-b4ca-cd6f8af1a842 HTTP/1.1" status: 200 len: 217 time: 0.0236034
2026-05-01 02:12:06.881 10 INFO neutron.wsgi [req-ceaf0aef-3d4b-45f7-bad7-ac1353c2d486 req-aff92288-fe8e-4bc2-8876-cacd34823a7c bdee89af079f4190a6e38113d83a464b 0eb0ed8e042f424abd6c9a83c4e0b0e0 - - 47cc34d411aa4a3ab8f0d3390e3f1bb0 47cc34d411aa4a3ab8f0d3390e3f1bb0] 199.204.45.140 "GET /v2.0/subnets?id=d9ea3627-d6d9-4f7b-a843-2dfb8be4f2dd HTTP/1.1" status: 200 len: 854 time: 0.0344260
2026-05-01 02:12:06.903 9 INFO neutron.db.ovn_revision_numbers_db [None req-263f310a-d75a-4e73-b720-3b02729f5d46 e030986686b24837825d7f688707c6f8 c2072fa929a74d01b0585c80889d5646 - - default default] Successfully bumped revision number for resource 1c472431-810c-42b7-b4ca-cd6f8af1a842 (type: ports) to 6
2026-05-01 02:12:06.905 10 INFO neutron.wsgi [req-ceaf0aef-3d4b-45f7-bad7-ac1353c2d486 req-b863970a-6565-41c9-8a8f-22d550cd3f16 bdee89af079f4190a6e38113d83a464b 0eb0ed8e042f424abd6c9a83c4e0b0e0 - - 47cc34d411aa4a3ab8f0d3390e3f1bb0 47cc34d411aa4a3ab8f0d3390e3f1bb0] 199.204.45.140 "GET /v2.0/ports?network_id=5d6a0996-e9cf-488f-8930-ec55b4259d44&device_owner=network%3Adhcp HTTP/1.1" status: 200 len: 210 time: 0.0195389
2026-05-01 02:12:06.917 9 INFO neutron.wsgi [None req-263f310a-d75a-4e73-b720-3b02729f5d46 e030986686b24837825d7f688707c6f8 c2072fa929a74d01b0585c80889d5646 - - default default] 199.204.45.140 "PUT /v2.0/ports/1c472431-810c-42b7-b4ca-cd6f8af1a842 HTTP/1.1" status: 200 len: 1491 time: 0.2882917
2026-05-01 02:12:06.966 10 INFO neutron.wsgi [req-ceaf0aef-3d4b-45f7-bad7-ac1353c2d486 req-2cd16b81-f704-4007-b87d-b02af380b989 bdee89af079f4190a6e38113d83a464b 0eb0ed8e042f424abd6c9a83c4e0b0e0 - - 47cc34d411aa4a3ab8f0d3390e3f1bb0 47cc34d411aa4a3ab8f0d3390e3f1bb0] 199.204.45.140 "GET /v2.0/networks/5d6a0996-e9cf-488f-8930-ec55b4259d44?fields=segments HTTP/1.1" status: 200 len: 212 time: 0.0545599
2026-05-01 02:12:07.035 10 INFO neutron.wsgi [req-ceaf0aef-3d4b-45f7-bad7-ac1353c2d486 req-776526c9-ebd1-4dc7-b8ad-c11391e50fb5 bdee89af079f4190a6e38113d83a464b 0eb0ed8e042f424abd6c9a83c4e0b0e0 - - 47cc34d411aa4a3ab8f0d3390e3f1bb0 47cc34d411aa4a3ab8f0d3390e3f1bb0] 199.204.45.140 "GET /v2.0/networks/5d6a0996-e9cf-488f-8930-ec55b4259d44?fields=provider%3Aphysical_network&fields=provider%3Anetwork_type HTTP/1.1" status: 200 len: 277 time: 0.0604944 /var/lib/openstack/lib/python3.10/site-packages/pycadf/identifier.py:71: UserWarning: Invalid uuid: neutron. To ensure interoperability, identifiers should be a valid uuid. warnings.warn(('Invalid uuid: %s. To ensure interoperability, '
2026-05-01 02:12:07.126 9 INFO neutron.wsgi [None req-4ac6be9e-1a64-47d9-8860-f2219e6a3783 e030986686b24837825d7f688707c6f8 c2072fa929a74d01b0585c80889d5646 - - default default] 199.204.45.140 "GET /v2.0/extensions/security-group HTTP/1.1" status: 200 len: 369 time: 0.0078304
2026-05-01 02:12:07.136 9 INFO neutron.wsgi [None req-5f3c5c0a-40c3-4cd6-9066-c1327a2e3f3a e030986686b24837825d7f688707c6f8 c2072fa929a74d01b0585c80889d5646 - - default default] 199.204.45.140 "GET /v2.0/extensions/dns-integration HTTP/1.1" status: 200 len: 371 time: 0.0048928
2026-05-01 02:12:07.144 9 INFO neutron.wsgi [None req-072aeffa-8631-41d4-a023-06e9e1a67f4a e030986686b24837825d7f688707c6f8 c2072fa929a74d01b0585c80889d5646 - - default default] 199.204.45.140 "GET /v2.0/extensions/qos HTTP/1.1" status: 200 len: 365 time: 0.0043976
2026-05-01 02:12:07.153 9 INFO neutron.wsgi [None req-427357cc-eaf4-4cba-9c9c-fda0595592db e030986686b24837825d7f688707c6f8 c2072fa929a74d01b0585c80889d5646 - - default default] 199.204.45.140 "GET /v2.0/extensions/allowed-address-pairs HTTP/1.1" status: 200 len: 383 time: 0.0052941
2026-05-01 02:12:07.195 9 INFO neutron.wsgi [None req-3f7a95dd-d52d-4da2-97f6-6f12e24cbd8d e030986686b24837825d7f688707c6f8 c2072fa929a74d01b0585c80889d5646 - - default default] 199.204.45.140 "GET /v2.0/subnets/d9ea3627-d6d9-4f7b-a843-2dfb8be4f2dd HTTP/1.1" status: 200 len: 851 time: 0.0363104
2026-05-01 02:12:07.203 10 INFO neutron.notifiers.nova [-] Nova event matching ['req-ace21452-8408-49ff-9b42-be33a623f7e3'] response: {'server_uuid': '6524ba40-050e-48de-8960-9cb0e411c942', 'name': 'network-vif-plugged', 'status': 'completed', 'tag': '1c472431-810c-42b7-b4ca-cd6f8af1a842', 'code': 200}
2026-05-01 02:12:07.204 10 INFO neutron.notifiers.nova [-] Nova event matching ['req-ace21452-8408-49ff-9b42-be33a623f7e3'] response: {'server_uuid': '6524ba40-050e-48de-8960-9cb0e411c942', 'name': 'network-vif-plugged', 'status': 'completed', 'tag': '1c472431-810c-42b7-b4ca-cd6f8af1a842', 'code': 200}
2026-05-01 02:12:07.246 9 INFO neutron.wsgi [None req-c72c1f89-d363-4ebd-9031-067a703ba930 e030986686b24837825d7f688707c6f8 c2072fa929a74d01b0585c80889d5646 - - default default] 199.204.45.140 "GET /v2.0/ports/c743b9ae-3cfd-40fe-a7a3-7b2aa3f985fe HTTP/1.1" status: 200 len: 1332 time: 0.0400674
2026-05-01 02:12:07.294 9 INFO neutron.wsgi [None req-fa16ba07-aee5-4659-badc-7607d66038d9 e030986686b24837825d7f688707c6f8 c2072fa929a74d01b0585c80889d5646 - - default default] 199.204.45.140 "GET /v2.0/ports/1c472431-810c-42b7-b4ca-cd6f8af1a842 HTTP/1.1" status: 200 len: 1519 time: 0.0370469
2026-05-01 02:12:07.348 9 INFO neutron.wsgi [None req-0e77e613-36f0-490f-8948-cb236f401e10 e030986686b24837825d7f688707c6f8 c2072fa929a74d01b0585c80889d5646 - - default default] 199.204.45.140 "GET /v2.0/subnets/d9ea3627-d6d9-4f7b-a843-2dfb8be4f2dd HTTP/1.1" status: 200 len: 851 time: 0.0429041
2026-05-01 02:12:07.424 9 INFO neutron.wsgi [None req-68f9c16e-4165-4232-985a-92d9870796f4 e030986686b24837825d7f688707c6f8 c2072fa929a74d01b0585c80889d5646 - - default default] 199.204.45.140 "GET /v2.0/networks/5d6a0996-e9cf-488f-8930-ec55b4259d44 HTTP/1.1" status: 200 len: 1001 time: 0.0697131
2026-05-01 02:12:07.468 9 INFO neutron.wsgi [None req-66333226-81b8-4523-8ca9-3d1f04f6f77f e030986686b24837825d7f688707c6f8 c2072fa929a74d01b0585c80889d5646 - - default default] 199.204.45.140 "GET /v2.0/ports/c743b9ae-3cfd-40fe-a7a3-7b2aa3f985fe HTTP/1.1" status: 200 len: 1332 time: 0.0354755
2026-05-01 02:12:07.512 9 INFO neutron.wsgi [None req-46925014-96de-431d-9341-bccfdb2c8a9a e030986686b24837825d7f688707c6f8 c2072fa929a74d01b0585c80889d5646 - - default default] 199.204.45.140 "GET /v2.0/subnets/d9ea3627-d6d9-4f7b-a843-2dfb8be4f2dd HTTP/1.1" status: 200 len: 851 time: 0.0368452
2026-05-01 02:12:08.701 9 INFO neutron.notifiers.nova [-] Nova event matching ['req-76873495-dcb0-4c41-a62c-307c45d7d979'] response: {'name': 'network-changed', 'server_uuid': '6524ba40-050e-48de-8960-9cb0e411c942', 'tag': '1c472431-810c-42b7-b4ca-cd6f8af1a842', 'status': 'completed', 'code': 200}
2026-05-01 02:12:08.776 10 INFO neutron.wsgi [req-019743d4-d7ee-4424-b18f-f0077fc2adc6 req-d7aba516-4764-4e49-af8c-ceaaf58d3a01 bdee89af079f4190a6e38113d83a464b 0eb0ed8e042f424abd6c9a83c4e0b0e0 - - 47cc34d411aa4a3ab8f0d3390e3f1bb0 47cc34d411aa4a3ab8f0d3390e3f1bb0] 199.204.45.140 "GET /v2.0/ports?tenant_id=c2072fa929a74d01b0585c80889d5646&device_id=6524ba40-050e-48de-8960-9cb0e411c942 HTTP/1.1" status: 200 len: 2728 time: 0.0457895
2026-05-01 02:12:08.851 10 INFO neutron.wsgi [req-019743d4-d7ee-4424-b18f-f0077fc2adc6 req-d70200cc-6c28-4344-87d5-2a41e997e153 bdee89af079f4190a6e38113d83a464b 0eb0ed8e042f424abd6c9a83c4e0b0e0 - - 47cc34d411aa4a3ab8f0d3390e3f1bb0 47cc34d411aa4a3ab8f0d3390e3f1bb0] 199.204.45.140 "GET /v2.0/networks?id=5d6a0996-e9cf-488f-8930-ec55b4259d44 HTTP/1.1" status: 200 len: 1004 time: 0.0668921
2026-05-01 02:12:08.885 10 INFO neutron.wsgi [req-019743d4-d7ee-4424-b18f-f0077fc2adc6 req-b1b4b382-a899-4095-8e7d-75223ad1ef4c bdee89af079f4190a6e38113d83a464b 0eb0ed8e042f424abd6c9a83c4e0b0e0 - - 47cc34d411aa4a3ab8f0d3390e3f1bb0 47cc34d411aa4a3ab8f0d3390e3f1bb0] 199.204.45.140 "GET /v2.0/floatingips?fixed_ip_address=10.1.1.171&port_id=1c472431-810c-42b7-b4ca-cd6f8af1a842 HTTP/1.1" status: 200 len: 217 time: 0.0269470
2026-05-01 02:12:08.933 10 INFO neutron.wsgi [req-019743d4-d7ee-4424-b18f-f0077fc2adc6 req-262bb281-1a31-474e-b658-36f4487cc942 bdee89af079f4190a6e38113d83a464b 0eb0ed8e042f424abd6c9a83c4e0b0e0 - - 47cc34d411aa4a3ab8f0d3390e3f1bb0 47cc34d411aa4a3ab8f0d3390e3f1bb0] 199.204.45.140 "GET /v2.0/subnets?id=d9ea3627-d6d9-4f7b-a843-2dfb8be4f2dd HTTP/1.1" status: 200 len: 854 time: 0.0414822
2026-05-01 02:12:08.962 10 INFO neutron.wsgi [req-019743d4-d7ee-4424-b18f-f0077fc2adc6 req-cfbb172d-8cd5-4170-9ba6-5a9b06b8da32 bdee89af079f4190a6e38113d83a464b 0eb0ed8e042f424abd6c9a83c4e0b0e0 - - 47cc34d411aa4a3ab8f0d3390e3f1bb0 47cc34d411aa4a3ab8f0d3390e3f1bb0] 199.204.45.140 "GET /v2.0/ports?network_id=5d6a0996-e9cf-488f-8930-ec55b4259d44&device_owner=network%3Adhcp HTTP/1.1" status: 200 len: 210 time: 0.0212402
2026-05-01 02:12:09.035 10 INFO neutron.wsgi [req-019743d4-d7ee-4424-b18f-f0077fc2adc6 req-9ffb7c1f-4038-4f37-9d3a-cdc220356df8 bdee89af079f4190a6e38113d83a464b 0eb0ed8e042f424abd6c9a83c4e0b0e0 - - 47cc34d411aa4a3ab8f0d3390e3f1bb0 47cc34d411aa4a3ab8f0d3390e3f1bb0] 199.204.45.140 "GET /v2.0/networks/5d6a0996-e9cf-488f-8930-ec55b4259d44?fields=segments HTTP/1.1" status: 200 len: 212 time: 0.0658555
2026-05-01 02:12:09.111 10 INFO neutron.wsgi [req-019743d4-d7ee-4424-b18f-f0077fc2adc6 req-4246c3eb-36bc-49bc-9cb7-611b077919d3 bdee89af079f4190a6e38113d83a464b 0eb0ed8e042f424abd6c9a83c4e0b0e0 - - 47cc34d411aa4a3ab8f0d3390e3f1bb0 47cc34d411aa4a3ab8f0d3390e3f1bb0] 199.204.45.140 "GET /v2.0/networks/5d6a0996-e9cf-488f-8930-ec55b4259d44?fields=provider%3Aphysical_network&fields=provider%3Anetwork_type HTTP/1.1" status: 200 len: 277 time: 0.0684993
2026-05-01 02:12:16.659 10 WARNING neutron_lib.context [None req-2c579378-5a48-4e55-aa86-c9f14cc91b30 ecbc2f3a18f0459a9fe91dddea98f501 50fd8b8062034af9b3583c07c6b07f61 - - default default] Method 'is_advsvc' is deprecated since 2023.2 release (neutron-lib 3.8.0) and will be removed once support for the old RBAC API policies will be removed from Neutron. Please use method 'is_service_role' instead.
2026-05-01 02:12:16.933 10 WARNING neutron.scheduler.dhcp_agent_scheduler [None req-2c579378-5a48-4e55-aa86-c9f14cc91b30 ecbc2f3a18f0459a9fe91dddea98f501 50fd8b8062034af9b3583c07c6b07f61 - - default default] No more DHCP agents
2026-05-01 02:12:16.935 10 WARNING neutron.api.rpc.agentnotifiers.dhcp_rpc_agent_api [None req-2c579378-5a48-4e55-aa86-c9f14cc91b30 ecbc2f3a18f0459a9fe91dddea98f501 50fd8b8062034af9b3583c07c6b07f61 - - default default] Unable to schedule network 313972ae-5aa1-4963-9770-91655d741c19: no agents available; will retry on subsequent port and subnet creation events.
2026-05-01 02:12:17.621 9 INFO neutron.wsgi [-] 10.0.0.25 "GET / HTTP/1.1" status: 200 len: 247 time: 0.0025418
2026-05-01 02:12:17.621 10 INFO neutron.wsgi [-] 10.0.0.25 "GET / HTTP/1.1" status: 200 len: 247 time: 0.0024400
2026-05-01 02:12:17.687 10 INFO neutron.db.l3_db [None req-2c579378-5a48-4e55-aa86-c9f14cc91b30 ecbc2f3a18f0459a9fe91dddea98f501 50fd8b8062034af9b3583c07c6b07f61 - - default default] Floating IP 7579d754-74c6-4b04-ac6d-51f7b6a41e7b associated. External IP: 10.96.250.218, port: c743b9ae-3cfd-40fe-a7a3-7b2aa3f985fe.
2026-05-01 02:12:17.932 10 INFO neutron.db.ovn_revision_numbers_db [None req-2c579378-5a48-4e55-aa86-c9f14cc91b30 ecbc2f3a18f0459a9fe91dddea98f501 50fd8b8062034af9b3583c07c6b07f61 - - default default] Successfully bumped revision number for resource 7579d754-74c6-4b04-ac6d-51f7b6a41e7b (type: floatingips) to 0
2026-05-01 02:12:18.045 10 INFO neutron.db.ovn_revision_numbers_db [None req-2c579378-5a48-4e55-aa86-c9f14cc91b30 ecbc2f3a18f0459a9fe91dddea98f501 50fd8b8062034af9b3583c07c6b07f61 - - default default] Successfully bumped revision number for resource 7579d754-74c6-4b04-ac6d-51f7b6a41e7b (type: floatingips) to 1
2026-05-01 02:12:18.087 10 INFO neutron.wsgi [None req-2c579378-5a48-4e55-aa86-c9f14cc91b30 ecbc2f3a18f0459a9fe91dddea98f501 50fd8b8062034af9b3583c07c6b07f61 - - default default] 10.0.0.244 "POST /v2.0/floatingips HTTP/1.1" status: 201 len: 1098 time: 1.4367666
2026-05-01 02:12:23.565 10 INFO neutron.db.ovn_revision_numbers_db [None req-4443b495-686a-40fa-9fe4-f4e08723ee77 - - - - - -] Successfully bumped revision number for resource c743b9ae-3cfd-40fe-a7a3-7b2aa3f985fe (type: ports) to 4
2026-05-01 02:12:24.285 9 INFO neutron.wsgi [None req-10476512-ab5f-4480-8734-54daf7dd904f e030986686b24837825d7f688707c6f8 c2072fa929a74d01b0585c80889d5646 - - default default] 199.204.45.140 "GET /v2.0/extensions/security-group HTTP/1.1" status: 200 len: 369 time: 0.0614879
2026-05-01 02:12:24.298 9 INFO neutron.wsgi [None req-c02387fe-3380-49eb-add7-9e4e8aec16b9 e030986686b24837825d7f688707c6f8 c2072fa929a74d01b0585c80889d5646 - - default default] 199.204.45.140 "GET /v2.0/extensions/dns-integration HTTP/1.1" status: 200 len: 371 time: 0.0067892
2026-05-01 02:12:24.306 9 INFO neutron.wsgi [None req-741830e9-4101-44fa-8bb4-34088cbeb63b e030986686b24837825d7f688707c6f8 c2072fa929a74d01b0585c80889d5646 - - default default] 199.204.45.140 "GET /v2.0/extensions/qos HTTP/1.1" status: 200 len: 365 time: 0.0039570
2026-05-01 02:12:24.315 9 INFO neutron.wsgi [None req-fd42f919-ae36-40af-925b-6fd4256d4e42 e030986686b24837825d7f688707c6f8 c2072fa929a74d01b0585c80889d5646 - - default default] 199.204.45.140 "GET /v2.0/extensions/allowed-address-pairs HTTP/1.1" status: 200 len: 383 time: 0.0054193
2026-05-01 02:12:24.664 9 INFO neutron.api.v2.resource [None req-5f1b5ad4-0db2-4dc3-96a8-a0067c5003b0 e030986686b24837825d7f688707c6f8 c2072fa929a74d01b0585c80889d5646 - - default default] show failed (client error): The resource could not be found.
2026-05-01 02:12:24.665 9 INFO neutron.wsgi [None req-5f1b5ad4-0db2-4dc3-96a8-a0067c5003b0 e030986686b24837825d7f688707c6f8 c2072fa929a74d01b0585c80889d5646 - - default default] 199.204.45.140 "GET /v2.0/security-groups/lb-e4be8605-02ec-4810-9261-90799b5f8991 HTTP/1.1" status: 404 len: 355 time: 0.0123086
2026-05-01 02:12:24.705 9 INFO neutron.wsgi [None req-eeda8fc6-1a06-47a6-b83b-11f0fa4bf2fe e030986686b24837825d7f688707c6f8 c2072fa929a74d01b0585c80889d5646 - - default default] 199.204.45.140 "GET /v2.0/security-groups?name=lb-e4be8605-02ec-4810-9261-90799b5f8991 HTTP/1.1" status: 200 len: 1777 time: 0.0361519
2026-05-01 02:12:24.741 9 INFO neutron.wsgi [None req-6001250d-dffb-4b7f-87a0-77cb07d140a4 e030986686b24837825d7f688707c6f8 c2072fa929a74d01b0585c80889d5646 - - default default] 199.204.45.140 "GET /v2.0/security-group-rules?security_group_id=6a8ac599-1af7-4802-8391-f91bc1e42849 HTTP/1.1" status: 200 len: 1318 time: 0.0284469
2026-05-01 02:12:24.861 9 INFO neutron.db.ovn_revision_numbers_db [None req-b6f1d3a2-1784-4efe-9087-461808bf6805 e030986686b24837825d7f688707c6f8 c2072fa929a74d01b0585c80889d5646 - - default default] Successfully bumped revision number for resource bb4c365a-f037-4c45-89bb-15b1a1ab96f2 (type: security_group_rules) to 0
2026-05-01 02:12:24.881 9 INFO neutron.wsgi [None req-b6f1d3a2-1784-4efe-9087-461808bf6805 e030986686b24837825d7f688707c6f8 c2072fa929a74d01b0585c80889d5646 - - default default] 199.204.45.140 "POST /v2.0/security-group-rules HTTP/1.1" status: 201 len: 769 time: 0.1278741
2026-05-01 02:12:24.999 9 INFO neutron.db.ovn_revision_numbers_db [None req-77bc4fc4-8ced-4495-98ed-39f2436d4ef0 e030986686b24837825d7f688707c6f8 c2072fa929a74d01b0585c80889d5646 - - default default] Successfully bumped revision number for resource ae5d2369-8232-4347-a11f-b2dc83202cce (type: security_group_rules) to 0
2026-05-01 02:12:25.023 9 INFO neutron.wsgi [None req-77bc4fc4-8ced-4495-98ed-39f2436d4ef0 e030986686b24837825d7f688707c6f8 c2072fa929a74d01b0585c80889d5646 - - default default] 199.204.45.140 "POST /v2.0/security-group-rules HTTP/1.1" status: 201 len: 773 time: 0.1324773 /var/lib/openstack/lib/python3.10/site-packages/pycadf/identifier.py:71: UserWarning: Invalid uuid: neutron. To ensure interoperability, identifiers should be a valid uuid. warnings.warn(('Invalid uuid: %s. To ensure interoperability, '
2026-05-01 02:12:30.949 10 INFO neutron.wsgi [None req-919a2f17-ab6a-433a-ba8a-38851002f247 e030986686b24837825d7f688707c6f8 c2072fa929a74d01b0585c80889d5646 - - default default] 10.0.0.240 "GET /v2.0/extensions/security-group HTTP/1.1" status: 200 len: 369 time: 0.0102315
2026-05-01 02:12:30.958 10 INFO neutron.wsgi [None req-d2e7e434-8ed7-442f-af09-cf73b8517409 e030986686b24837825d7f688707c6f8 c2072fa929a74d01b0585c80889d5646 - - default default] 10.0.0.240 "GET /v2.0/extensions/dns-integration HTTP/1.1" status: 200 len: 371 time: 0.0049183
2026-05-01 02:12:30.967 10 INFO neutron.wsgi [None req-1b1d389c-7a07-4611-93b1-c9e6bdf92129 e030986686b24837825d7f688707c6f8 c2072fa929a74d01b0585c80889d5646 - - default default] 10.0.0.240 "GET /v2.0/extensions/qos HTTP/1.1" status: 200 len: 365 time: 0.0047913
2026-05-01 02:12:30.978 10 INFO neutron.wsgi [None req-574c0df5-e682-47ac-808e-35a128d07ec0 e030986686b24837825d7f688707c6f8 c2072fa929a74d01b0585c80889d5646 - - default default] 10.0.0.240 "GET /v2.0/extensions/allowed-address-pairs HTTP/1.1" status: 200 len: 383 time: 0.0060041
2026-05-01 02:12:31.326 9 INFO neutron.wsgi [-] 10.0.0.240 "GET / HTTP/1.1" status: 200 len: 284 time: 0.0031452
2026-05-01 02:12:31.385 10 INFO neutron.wsgi [None req-17d1cdfc-308d-4762-83b9-63523aee11a5 ecbc2f3a18f0459a9fe91dddea98f501 50fd8b8062034af9b3583c07c6b07f61 - - default default] 10.0.0.240 "GET /v2.0/subnets/1f6492bd-dc61-4f6e-8a67-68ac9a5805e3 HTTP/1.1" status: 200 len: 831 time: 0.0417159
2026-05-01 02:12:32.007 9 INFO neutron.wsgi [None req-8b39714b-02c4-4a19-9ca8-3f600c78d9a4 e030986686b24837825d7f688707c6f8 c2072fa929a74d01b0585c80889d5646 - - default default] 199.204.45.140 "GET /v2.0/extensions/security-group HTTP/1.1" status: 200 len: 369 time: 0.0078738
2026-05-01 02:12:32.013 9 INFO neutron.wsgi [None req-d390f4b1-b6ac-45a3-beed-813f1ea3fa05 e030986686b24837825d7f688707c6f8 c2072fa929a74d01b0585c80889d5646 - - default default] 199.204.45.140 "GET /v2.0/extensions/dns-integration HTTP/1.1" status: 200 len: 371 time: 0.0032406
2026-05-01 02:12:32.021 9 INFO neutron.wsgi [None req-77833281-6f8e-4d15-92ce-2f43611175ed e030986686b24837825d7f688707c6f8 c2072fa929a74d01b0585c80889d5646 - - default default] 199.204.45.140 "GET /v2.0/extensions/qos HTTP/1.1" status: 200 len: 365 time: 0.0050836
2026-05-01 02:12:32.028 9 INFO neutron.wsgi [None req-04b4b513-4539-414e-b154-64645a654e7a e030986686b24837825d7f688707c6f8 c2072fa929a74d01b0585c80889d5646 - - default default] 199.204.45.140 "GET /v2.0/extensions/allowed-address-pairs HTTP/1.1" status: 200 len: 383 time: 0.0044861
2026-05-01 02:12:32.063 9 INFO neutron.wsgi [None req-8efffe78-7ef5-4217-818d-70ecbdf6b159 e030986686b24837825d7f688707c6f8 c2072fa929a74d01b0585c80889d5646 - - default default] 199.204.45.140 "GET /v2.0/subnets/1f6492bd-dc61-4f6e-8a67-68ac9a5805e3 HTTP/1.1" status: 200 len: 849 time: 0.0309029
2026-05-01 02:12:32.098 9 INFO neutron.wsgi [None req-6a53c083-07cf-4fc3-b1be-6b5679952bec e030986686b24837825d7f688707c6f8 c2072fa929a74d01b0585c80889d5646 - - default default] 199.204.45.140 "GET /v2.0/ports?device_id=6524ba40-050e-48de-8960-9cb0e411c942 HTTP/1.1" status: 200 len: 2728 time: 0.0316145
2026-05-01 02:12:32.254 9 INFO neutron.wsgi [None req-3015faa3-97f7-44cc-b2d7-a8ca748c60ec e030986686b24837825d7f688707c6f8 c2072fa929a74d01b0585c80889d5646 - - default default] 199.204.45.140 "GET /v2.0/extensions/security-group HTTP/1.1" status: 200 len: 369 time: 0.0078728
2026-05-01 02:12:32.263 9 INFO neutron.wsgi [None req-6f5f8985-076b-42b3-a6ad-9c2b65303385 e030986686b24837825d7f688707c6f8 c2072fa929a74d01b0585c80889d5646 - - default default] 199.204.45.140 "GET /v2.0/extensions/dns-integration HTTP/1.1" status: 200 len: 371 time: 0.0045655
2026-05-01 02:12:32.271 9 INFO neutron.wsgi [None req-da5ffdb4-fd46-45ab-9515-48c0d30b4c03 e030986686b24837825d7f688707c6f8 c2072fa929a74d01b0585c80889d5646 - - default default] 199.204.45.140 "GET /v2.0/extensions/qos HTTP/1.1" status: 200 len: 365 time: 0.0043013
2026-05-01 02:12:32.294 9 INFO neutron.wsgi [None req-6fb1bc6d-0b37-4490-8a08-83d5f016bac8 e030986686b24837825d7f688707c6f8 c2072fa929a74d01b0585c80889d5646 - - default default] 199.204.45.140 "GET /v2.0/extensions/allowed-address-pairs HTTP/1.1" status: 200 len: 383 time: 0.0049164
2026-05-01 02:12:32.622 10 INFO neutron.wsgi [-] 10.0.0.25 "GET / HTTP/1.1" status: 200 len: 247 time: 0.0029619
2026-05-01 02:12:32.623 9 INFO neutron.wsgi [-] 10.0.0.25 "GET / HTTP/1.1" status: 200 len: 247 time: 0.0035310
2026-05-01 02:12:32.839 10 INFO neutron.wsgi [req-d1c82b77-4b42-40f8-a23a-05ef3ad8b7a6 req-b09367c5-57ba-46b7-9412-ac17c1e0b8f5 bdee89af079f4190a6e38113d83a464b 0eb0ed8e042f424abd6c9a83c4e0b0e0 - - 47cc34d411aa4a3ab8f0d3390e3f1bb0 47cc34d411aa4a3ab8f0d3390e3f1bb0] 199.204.45.140 "GET /v2.0/networks/a1c95afe-2bff-4a3f-9f5c-e6f21775c348?fields=segments HTTP/1.1" status: 200 len: 212 time: 0.0655580
2026-05-01 02:12:32.919 10 INFO neutron.wsgi [req-d1c82b77-4b42-40f8-a23a-05ef3ad8b7a6 req-f7a85537-5b1b-4240-87af-5a23d4b0b244 bdee89af079f4190a6e38113d83a464b 0eb0ed8e042f424abd6c9a83c4e0b0e0 - - 47cc34d411aa4a3ab8f0d3390e3f1bb0 47cc34d411aa4a3ab8f0d3390e3f1bb0] 199.204.45.140 "GET /v2.0/networks/a1c95afe-2bff-4a3f-9f5c-e6f21775c348?fields=provider%3Aphysical_network&fields=provider%3Anetwork_type HTTP/1.1" status: 200 len: 277 time: 0.0730703
2026-05-01 02:12:33.014 10 INFO neutron.wsgi [req-d1c82b77-4b42-40f8-a23a-05ef3ad8b7a6 req-683e9e7a-955b-4050-a76e-eeeaebcb1923 e030986686b24837825d7f688707c6f8 c2072fa929a74d01b0585c80889d5646 - - default default] 199.204.45.140 "GET /v2.0/networks?id=a1c95afe-2bff-4a3f-9f5c-e6f21775c348 HTTP/1.1" status: 200 len: 1003 time: 0.0769234
2026-05-01 02:12:33.315 10 WARNING neutron.scheduler.dhcp_agent_scheduler [req-d1c82b77-4b42-40f8-a23a-05ef3ad8b7a6 req-43a063a8-bbea-4f91-890e-d72c459fcc06 e030986686b24837825d7f688707c6f8 c2072fa929a74d01b0585c80889d5646 - - default default] No more DHCP agents
2026-05-01 02:12:33.317 10 WARNING neutron.api.rpc.agentnotifiers.dhcp_rpc_agent_api [req-d1c82b77-4b42-40f8-a23a-05ef3ad8b7a6 req-43a063a8-bbea-4f91-890e-d72c459fcc06 e030986686b24837825d7f688707c6f8 c2072fa929a74d01b0585c80889d5646 - - default default] Unable to schedule network a1c95afe-2bff-4a3f-9f5c-e6f21775c348: no agents available; will retry on subsequent port and subnet creation events.
2026-05-01 02:12:33.491 10 INFO neutron.db.ovn_revision_numbers_db [req-d1c82b77-4b42-40f8-a23a-05ef3ad8b7a6 req-43a063a8-bbea-4f91-890e-d72c459fcc06 e030986686b24837825d7f688707c6f8 c2072fa929a74d01b0585c80889d5646 - - default default] Successfully bumped revision number for resource 42503887-bd66-4762-8e24-f19c279a0ec7 (type: ports) to 1
2026-05-01 02:12:33.511 10 INFO neutron.wsgi [req-d1c82b77-4b42-40f8-a23a-05ef3ad8b7a6 req-43a063a8-bbea-4f91-890e-d72c459fcc06 e030986686b24837825d7f688707c6f8 c2072fa929a74d01b0585c80889d5646 - - default default] 199.204.45.140 "POST /v2.0/ports HTTP/1.1" status: 201 len: 1508 time: 0.4877784 /var/lib/openstack/lib/python3.10/site-packages/pycadf/identifier.py:71: UserWarning: Invalid uuid: neutron. To ensure interoperability, identifiers should be a valid uuid. warnings.warn(('Invalid uuid: %s. To ensure interoperability, '
2026-05-01 02:12:33.976 10 INFO neutron.db.ovn_revision_numbers_db [req-d1c82b77-4b42-40f8-a23a-05ef3ad8b7a6 req-4346d350-dd75-4864-9b4b-3f68de004ab2 bdee89af079f4190a6e38113d83a464b 0eb0ed8e042f424abd6c9a83c4e0b0e0 - - 47cc34d411aa4a3ab8f0d3390e3f1bb0 47cc34d411aa4a3ab8f0d3390e3f1bb0] Successfully bumped revision number for resource 42503887-bd66-4762-8e24-f19c279a0ec7 (type: ports) to 2
2026-05-01 02:12:34.202 10 INFO neutron.db.ovn_revision_numbers_db [req-d1c82b77-4b42-40f8-a23a-05ef3ad8b7a6 req-4346d350-dd75-4864-9b4b-3f68de004ab2 bdee89af079f4190a6e38113d83a464b 0eb0ed8e042f424abd6c9a83c4e0b0e0 - - 47cc34d411aa4a3ab8f0d3390e3f1bb0 47cc34d411aa4a3ab8f0d3390e3f1bb0] Successfully bumped revision number for resource 42503887-bd66-4762-8e24-f19c279a0ec7 (type: ports) to 2
2026-05-01 02:12:34.221 10 INFO neutron.wsgi [req-d1c82b77-4b42-40f8-a23a-05ef3ad8b7a6 req-4346d350-dd75-4864-9b4b-3f68de004ab2 bdee89af079f4190a6e38113d83a464b 0eb0ed8e042f424abd6c9a83c4e0b0e0 - - 47cc34d411aa4a3ab8f0d3390e3f1bb0 47cc34d411aa4a3ab8f0d3390e3f1bb0] 199.204.45.140 "PUT /v2.0/ports/42503887-bd66-4762-8e24-f19c279a0ec7 HTTP/1.1" status: 200 len: 1605 time: 0.6991034
2026-05-01 02:12:34.263 10 INFO neutron.notifiers.nova [-] Nova event matching ['req-f5fb84a9-ccff-4089-81a2-8db168cb7455'] response: {'name': 'network-changed', 'server_uuid': '6524ba40-050e-48de-8960-9cb0e411c942', 'tag': '42503887-bd66-4762-8e24-f19c279a0ec7', 'status': 'completed', 'code': 200} /var/lib/openstack/lib/python3.10/site-packages/pycadf/identifier.py:71: UserWarning: Invalid uuid: neutron. To ensure interoperability, identifiers should be a valid uuid. warnings.warn(('Invalid uuid: %s. To ensure interoperability, '
2026-05-01 02:12:34.306 10 INFO neutron.wsgi [req-d1c82b77-4b42-40f8-a23a-05ef3ad8b7a6 req-d5465c6d-3af2-409b-8139-1cd823633b5d bdee89af079f4190a6e38113d83a464b 0eb0ed8e042f424abd6c9a83c4e0b0e0 - - 47cc34d411aa4a3ab8f0d3390e3f1bb0 47cc34d411aa4a3ab8f0d3390e3f1bb0] 199.204.45.140 "GET /v2.0/ports?tenant_id=c2072fa929a74d01b0585c80889d5646&device_id=6524ba40-050e-48de-8960-9cb0e411c942 HTTP/1.1" status: 200 len: 4153 time: 0.0479448
2026-05-01 02:12:34.345 10 INFO neutron.wsgi [req-d1c82b77-4b42-40f8-a23a-05ef3ad8b7a6 req-2f178601-65c1-4185-873d-680963c36c11 bdee89af079f4190a6e38113d83a464b 0eb0ed8e042f424abd6c9a83c4e0b0e0 - - 47cc34d411aa4a3ab8f0d3390e3f1bb0 47cc34d411aa4a3ab8f0d3390e3f1bb0] 199.204.45.140 "GET /v2.0/floatingips?fixed_ip_address=172.24.1.181&port_id=177af4b5-1043-4363-b1bc-11fcea8c45ba HTTP/1.1" status: 200 len: 217 time: 0.0291896
2026-05-01 02:12:34.390 10 INFO neutron.wsgi [req-d1c82b77-4b42-40f8-a23a-05ef3ad8b7a6 req-4ba8f702-5880-48b1-b986-4f6ffa52b49f bdee89af079f4190a6e38113d83a464b 0eb0ed8e042f424abd6c9a83c4e0b0e0 - - 47cc34d411aa4a3ab8f0d3390e3f1bb0 47cc34d411aa4a3ab8f0d3390e3f1bb0] 199.204.45.140 "GET /v2.0/subnets?id=1e9f932e-3777-4461-a1f8-702b8a4cfb35 HTTP/1.1" status: 200 len: 829 time: 0.0384247
2026-05-01 02:12:34.426 10 INFO neutron.wsgi [req-d1c82b77-4b42-40f8-a23a-05ef3ad8b7a6 req-cc9369fd-d1f9-4448-b28c-7d7192111d7b bdee89af079f4190a6e38113d83a464b 0eb0ed8e042f424abd6c9a83c4e0b0e0 - - 47cc34d411aa4a3ab8f0d3390e3f1bb0 47cc34d411aa4a3ab8f0d3390e3f1bb0] 199.204.45.140 "GET /v2.0/ports?network_id=e09fba21-7a9a-4d02-95d1-242a447f7f6d&device_owner=network%3Adhcp HTTP/1.1" status: 200 len: 210 time: 0.0289550
2026-05-01 02:12:34.500 10 INFO neutron.wsgi [req-d1c82b77-4b42-40f8-a23a-05ef3ad8b7a6 req-ca5361b9-2842-4cdc-8a7c-9ca240dfa270 bdee89af079f4190a6e38113d83a464b 0eb0ed8e042f424abd6c9a83c4e0b0e0 - - 47cc34d411aa4a3ab8f0d3390e3f1bb0 47cc34d411aa4a3ab8f0d3390e3f1bb0] 199.204.45.140 "GET /v2.0/networks/e09fba21-7a9a-4d02-95d1-242a447f7f6d?fields=segments HTTP/1.1" status: 200 len: 212 time: 0.0663571
2026-05-01 02:12:34.577 10 INFO neutron.wsgi [req-d1c82b77-4b42-40f8-a23a-05ef3ad8b7a6 req-f606df61-6669-4cf1-9cd2-23fd184f27b5 bdee89af079f4190a6e38113d83a464b 0eb0ed8e042f424abd6c9a83c4e0b0e0 - - 47cc34d411aa4a3ab8f0d3390e3f1bb0 47cc34d411aa4a3ab8f0d3390e3f1bb0] 199.204.45.140 "GET /v2.0/networks/e09fba21-7a9a-4d02-95d1-242a447f7f6d?fields=provider%3Aphysical_network&fields=provider%3Anetwork_type HTTP/1.1" status: 200 len: 277 time: 0.0687127
2026-05-01 02:12:34.610 10 INFO neutron.wsgi [req-d1c82b77-4b42-40f8-a23a-05ef3ad8b7a6 req-9248f619-dc10-4879-8661-f921035f0bda bdee89af079f4190a6e38113d83a464b 0eb0ed8e042f424abd6c9a83c4e0b0e0 - - 47cc34d411aa4a3ab8f0d3390e3f1bb0 47cc34d411aa4a3ab8f0d3390e3f1bb0] 199.204.45.140 "GET /v2.0/floatingips?fixed_ip_address=10.1.1.171&port_id=1c472431-810c-42b7-b4ca-cd6f8af1a842 HTTP/1.1" status: 200 len: 217 time: 0.0257747
2026-05-01 02:12:34.653 10 INFO neutron.wsgi [req-d1c82b77-4b42-40f8-a23a-05ef3ad8b7a6 req-0be5a1d6-3d82-42db-8d53-f9bf8c9af1ca bdee89af079f4190a6e38113d83a464b 0eb0ed8e042f424abd6c9a83c4e0b0e0 - - 47cc34d411aa4a3ab8f0d3390e3f1bb0 47cc34d411aa4a3ab8f0d3390e3f1bb0] 199.204.45.140 "GET /v2.0/subnets?id=d9ea3627-d6d9-4f7b-a843-2dfb8be4f2dd HTTP/1.1" status: 200 len: 854 time: 0.0365331
2026-05-01 02:12:34.680 10 INFO neutron.wsgi [req-d1c82b77-4b42-40f8-a23a-05ef3ad8b7a6 req-ceb2f2d4-2c24-4e5d-bbc3-f5ab6da230e1 bdee89af079f4190a6e38113d83a464b 0eb0ed8e042f424abd6c9a83c4e0b0e0 - - 47cc34d411aa4a3ab8f0d3390e3f1bb0 47cc34d411aa4a3ab8f0d3390e3f1bb0] 199.204.45.140 "GET /v2.0/ports?network_id=5d6a0996-e9cf-488f-8930-ec55b4259d44&device_owner=network%3Adhcp HTTP/1.1" status: 200 len: 210 time: 0.0211565
2026-05-01 02:12:34.765 10 INFO neutron.wsgi [req-d1c82b77-4b42-40f8-a23a-05ef3ad8b7a6 req-3569eaa1-641c-42a4-bee6-24bceb2fa496 bdee89af079f4190a6e38113d83a464b 0eb0ed8e042f424abd6c9a83c4e0b0e0 - - 47cc34d411aa4a3ab8f0d3390e3f1bb0 47cc34d411aa4a3ab8f0d3390e3f1bb0] 199.204.45.140 "GET /v2.0/networks/5d6a0996-e9cf-488f-8930-ec55b4259d44?fields=segments HTTP/1.1" status: 200 len: 212 time: 0.0788863
2026-05-01 02:12:34.856 10 INFO neutron.wsgi [req-d1c82b77-4b42-40f8-a23a-05ef3ad8b7a6 req-a8d546cf-1b14-410f-8cc2-47c2985c7b66 bdee89af079f4190a6e38113d83a464b 0eb0ed8e042f424abd6c9a83c4e0b0e0 - - 47cc34d411aa4a3ab8f0d3390e3f1bb0 47cc34d411aa4a3ab8f0d3390e3f1bb0] 199.204.45.140 "GET /v2.0/networks/5d6a0996-e9cf-488f-8930-ec55b4259d44?fields=provider%3Aphysical_network&fields=provider%3Anetwork_type HTTP/1.1" status: 200 len: 277 time: 0.0820312
2026-05-01 02:12:34.892 10 INFO neutron.wsgi [req-d1c82b77-4b42-40f8-a23a-05ef3ad8b7a6 req-1152c482-b70b-4f86-b910-67469dc3cd04 bdee89af079f4190a6e38113d83a464b 0eb0ed8e042f424abd6c9a83c4e0b0e0 - - 47cc34d411aa4a3ab8f0d3390e3f1bb0 47cc34d411aa4a3ab8f0d3390e3f1bb0] 199.204.45.140 "GET /v2.0/floatingips?fixed_ip_address=10.2.1.157&port_id=42503887-bd66-4762-8e24-f19c279a0ec7 HTTP/1.1" status: 200 len: 217 time: 0.0275126
2026-05-01 02:12:34.926 10 INFO neutron.wsgi [req-d1c82b77-4b42-40f8-a23a-05ef3ad8b7a6 req-ecc82e6b-af1c-4abe-a51b-c6efdb69e933 bdee89af079f4190a6e38113d83a464b 0eb0ed8e042f424abd6c9a83c4e0b0e0 - - 47cc34d411aa4a3ab8f0d3390e3f1bb0 47cc34d411aa4a3ab8f0d3390e3f1bb0] 199.204.45.140 "GET /v2.0/floatingips?fixed_ip_address=fd7b%3Af9f7%3Afff%3A4eca%3A%3A12f&port_id=42503887-bd66-4762-8e24-f19c279a0ec7 HTTP/1.1" status: 200 len: 217 time: 0.0294454
2026-05-01 02:12:34.972 10 INFO neutron.wsgi [req-d1c82b77-4b42-40f8-a23a-05ef3ad8b7a6 req-578b44ed-a014-4e7f-bea5-5e221a8aad5e bdee89af079f4190a6e38113d83a464b 0eb0ed8e042f424abd6c9a83c4e0b0e0 - - 47cc34d411aa4a3ab8f0d3390e3f1bb0 47cc34d411aa4a3ab8f0d3390e3f1bb0] 199.204.45.140 "GET /v2.0/subnets?id=ad613024-d6b9-4445-bf00-853fd14decde&id=1f6492bd-dc61-4f6e-8a67-68ac9a5805e3 HTTP/1.1" status: 200 len: 1563 time: 0.0400379
2026-05-01 02:12:35.001 10 INFO neutron.wsgi [req-d1c82b77-4b42-40f8-a23a-05ef3ad8b7a6 req-981066e6-6c71-491a-bb71-4b60df3c70e4 bdee89af079f4190a6e38113d83a464b 0eb0ed8e042f424abd6c9a83c4e0b0e0 - - 47cc34d411aa4a3ab8f0d3390e3f1bb0 47cc34d411aa4a3ab8f0d3390e3f1bb0] 199.204.45.140 "GET /v2.0/ports?network_id=a1c95afe-2bff-4a3f-9f5c-e6f21775c348&device_owner=network%3Adhcp HTTP/1.1" status: 200 len: 210 time: 0.0220988
2026-05-01 02:12:35.030 10 INFO neutron.wsgi [req-d1c82b77-4b42-40f8-a23a-05ef3ad8b7a6 req-768adf61-e66f-46d2-a767-0fd560689afa bdee89af079f4190a6e38113d83a464b 0eb0ed8e042f424abd6c9a83c4e0b0e0 - - 47cc34d411aa4a3ab8f0d3390e3f1bb0 47cc34d411aa4a3ab8f0d3390e3f1bb0] 199.204.45.140 "GET /v2.0/ports?network_id=a1c95afe-2bff-4a3f-9f5c-e6f21775c348&device_owner=network%3Adhcp HTTP/1.1" status: 200 len: 210 time: 0.0223196
2026-05-01 02:12:35.094 10 INFO neutron.wsgi [req-d1c82b77-4b42-40f8-a23a-05ef3ad8b7a6 req-b71d32bb-28f4-4360-9ac5-946b6fc1f0aa bdee89af079f4190a6e38113d83a464b 0eb0ed8e042f424abd6c9a83c4e0b0e0 - - 47cc34d411aa4a3ab8f0d3390e3f1bb0 47cc34d411aa4a3ab8f0d3390e3f1bb0] 199.204.45.140 "GET /v2.0/networks/a1c95afe-2bff-4a3f-9f5c-e6f21775c348?fields=segments HTTP/1.1" status: 200 len: 212 time: 0.0572553
2026-05-01 02:12:35.154 10 INFO neutron.wsgi [req-d1c82b77-4b42-40f8-a23a-05ef3ad8b7a6 req-cc6dcf38-584e-47a3-8f54-5e229def2541 bdee89af079f4190a6e38113d83a464b 0eb0ed8e042f424abd6c9a83c4e0b0e0 - - 47cc34d411aa4a3ab8f0d3390e3f1bb0 47cc34d411aa4a3ab8f0d3390e3f1bb0] 199.204.45.140 "GET /v2.0/networks/a1c95afe-2bff-4a3f-9f5c-e6f21775c348?fields=provider%3Aphysical_network&fields=provider%3Anetwork_type HTTP/1.1" status: 200 len: 277 time: 0.0534573
2026-05-01 02:12:35.262 10 INFO neutron.plugins.ml2.drivers.ovn.mech_driver.mech_driver [None req-baefa63a-eed7-45ab-ae84-ad67a725750a - - - - - -] OVN reports status up for port: 42503887-bd66-4762-8e24-f19c279a0ec7
2026-05-01 02:12:35.274 10 INFO neutron.wsgi [req-f6416362-9c84-4b0f-9c6a-e6203ddb53a3 req-9d8fffc6-e48e-41a0-b1ce-9de9e5fd93b3 bdee89af079f4190a6e38113d83a464b 0eb0ed8e042f424abd6c9a83c4e0b0e0 - - 47cc34d411aa4a3ab8f0d3390e3f1bb0 47cc34d411aa4a3ab8f0d3390e3f1bb0] 199.204.45.140 "GET /v2.0/ports?tenant_id=c2072fa929a74d01b0585c80889d5646&device_id=6524ba40-050e-48de-8960-9cb0e411c942 HTTP/1.1" status: 200 len: 4153 time: 0.0751660
2026-05-01 02:12:35.316 10 INFO neutron.plugins.ml2.plugin [None req-baefa63a-eed7-45ab-ae84-ad67a725750a - - - - - -] Attempt 1 to provision port 42503887-bd66-4762-8e24-f19c279a0ec7
2026-05-01 02:12:35.386 10 INFO neutron.wsgi [req-f6416362-9c84-4b0f-9c6a-e6203ddb53a3 req-54c2c0b3-39a6-4899-94a9-4ef39a163090 bdee89af079f4190a6e38113d83a464b 0eb0ed8e042f424abd6c9a83c4e0b0e0 - - 47cc34d411aa4a3ab8f0d3390e3f1bb0 47cc34d411aa4a3ab8f0d3390e3f1bb0] 199.204.45.140 "GET /v2.0/networks?id=a1c95afe-2bff-4a3f-9f5c-e6f21775c348 HTTP/1.1" status: 200 len: 1003 time: 0.1002336
2026-05-01 02:12:35.442 10 INFO neutron.wsgi [req-f6416362-9c84-4b0f-9c6a-e6203ddb53a3 req-2eea9e22-976f-40e3-b4b2-1277d214bdb4 bdee89af079f4190a6e38113d83a464b 0eb0ed8e042f424abd6c9a83c4e0b0e0 - - 47cc34d411aa4a3ab8f0d3390e3f1bb0 47cc34d411aa4a3ab8f0d3390e3f1bb0] 199.204.45.140 "GET /v2.0/floatingips?fixed_ip_address=10.2.1.157&port_id=42503887-bd66-4762-8e24-f19c279a0ec7 HTTP/1.1" status: 200 len: 217 time: 0.0506530
2026-05-01 02:12:35.473 10 INFO neutron.wsgi [req-f6416362-9c84-4b0f-9c6a-e6203ddb53a3 req-ea50364d-b0b5-4310-926c-96e581a96c93 bdee89af079f4190a6e38113d83a464b 0eb0ed8e042f424abd6c9a83c4e0b0e0 - - 47cc34d411aa4a3ab8f0d3390e3f1bb0 47cc34d411aa4a3ab8f0d3390e3f1bb0] 199.204.45.140 "GET /v2.0/floatingips?fixed_ip_address=fd7b%3Af9f7%3Afff%3A4eca%3A%3A12f&port_id=42503887-bd66-4762-8e24-f19c279a0ec7 HTTP/1.1" status: 200 len: 217 time: 0.0239427
2026-05-01 02:12:35.522 10 INFO neutron.wsgi [req-f6416362-9c84-4b0f-9c6a-e6203ddb53a3 req-2023b3e3-35a4-4174-97a0-19c68f74ea63 bdee89af079f4190a6e38113d83a464b 0eb0ed8e042f424abd6c9a83c4e0b0e0 - - 47cc34d411aa4a3ab8f0d3390e3f1bb0 47cc34d411aa4a3ab8f0d3390e3f1bb0] 199.204.45.140 "GET /v2.0/subnets?id=ad613024-d6b9-4445-bf00-853fd14decde&id=1f6492bd-dc61-4f6e-8a67-68ac9a5805e3 HTTP/1.1" status: 200 len: 1563 time: 0.0420246
2026-05-01 02:12:35.533 9 INFO neutron.wsgi [req-d1c82b77-4b42-40f8-a23a-05ef3ad8b7a6 req-d221b1d1-a0be-4cb0-8f3e-c08b152bd5a7 e030986686b24837825d7f688707c6f8 c2072fa929a74d01b0585c80889d5646 - - default default] 10.0.0.19 "GET /v2.0/ports/42503887-bd66-4762-8e24-f19c279a0ec7 HTTP/1.1" status: 200 len: 1635 time: 0.0980213
2026-05-01 02:12:35.560 10 INFO neutron.wsgi [req-f6416362-9c84-4b0f-9c6a-e6203ddb53a3 req-74e3d78c-4121-4a20-8509-d1ad7e6eb85c bdee89af079f4190a6e38113d83a464b 0eb0ed8e042f424abd6c9a83c4e0b0e0 - - 47cc34d411aa4a3ab8f0d3390e3f1bb0 47cc34d411aa4a3ab8f0d3390e3f1bb0] 199.204.45.140 "GET /v2.0/ports?network_id=a1c95afe-2bff-4a3f-9f5c-e6f21775c348&device_owner=network%3Adhcp HTTP/1.1" status: 200 len: 210 time: 0.0234895
2026-05-01 02:12:35.575 9 INFO neutron.wsgi [None req-ceb8894c-0d36-4d07-8bc5-d51d62ae8e97 e030986686b24837825d7f688707c6f8 c2072fa929a74d01b0585c80889d5646 - - default default] 199.204.45.140 "GET /v2.0/ports/42503887-bd66-4762-8e24-f19c279a0ec7 HTTP/1.1" status: 200 len: 1635 time: 0.0322332
2026-05-01 02:12:35.587 10 INFO neutron.wsgi [req-f6416362-9c84-4b0f-9c6a-e6203ddb53a3 req-3c665132-c058-432c-9dcf-310475c4c7e1 bdee89af079f4190a6e38113d83a464b 0eb0ed8e042f424abd6c9a83c4e0b0e0 - - 47cc34d411aa4a3ab8f0d3390e3f1bb0 47cc34d411aa4a3ab8f0d3390e3f1bb0] 199.204.45.140 "GET /v2.0/ports?network_id=a1c95afe-2bff-4a3f-9f5c-e6f21775c348&device_owner=network%3Adhcp HTTP/1.1" status: 200 len: 210 time: 0.0207686
2026-05-01 02:12:35.619 9 INFO neutron.wsgi [None req-38e3019b-a1f3-494a-be6b-c1e2cd1ce571 e030986686b24837825d7f688707c6f8 c2072fa929a74d01b0585c80889d5646 - - default default] 199.204.45.140 "GET /v2.0/ports/42503887-bd66-4762-8e24-f19c279a0ec7 HTTP/1.1" status: 200 len: 1635 time: 0.0349724
2026-05-01 02:12:35.673 10 INFO neutron.wsgi [req-f6416362-9c84-4b0f-9c6a-e6203ddb53a3 req-d73407d3-437e-4443-b38e-563726d241c4 bdee89af079f4190a6e38113d83a464b 0eb0ed8e042f424abd6c9a83c4e0b0e0 - - 47cc34d411aa4a3ab8f0d3390e3f1bb0 47cc34d411aa4a3ab8f0d3390e3f1bb0] 199.204.45.140 "GET /v2.0/networks/a1c95afe-2bff-4a3f-9f5c-e6f21775c348?fields=segments HTTP/1.1" status: 200 len: 212 time: 0.0770710
2026-05-01 02:12:35.772 10 INFO neutron.wsgi [req-f6416362-9c84-4b0f-9c6a-e6203ddb53a3 req-dc741390-e37e-4ff7-8a76-570444ac0131 bdee89af079f4190a6e38113d83a464b 0eb0ed8e042f424abd6c9a83c4e0b0e0 - - 47cc34d411aa4a3ab8f0d3390e3f1bb0 47cc34d411aa4a3ab8f0d3390e3f1bb0] 199.204.45.140 "GET /v2.0/networks/a1c95afe-2bff-4a3f-9f5c-e6f21775c348?fields=provider%3Aphysical_network&fields=provider%3Anetwork_type HTTP/1.1" status: 200 len: 277 time: 0.0933321
2026-05-01 02:12:35.773 10 INFO neutron.db.ovn_revision_numbers_db [None req-baefa63a-eed7-45ab-ae84-ad67a725750a - - - - - -] Successfully bumped revision number for resource 42503887-bd66-4762-8e24-f19c279a0ec7 (type: ports) to 4
2026-05-01 02:12:36.052 9 INFO neutron.db.ovn_revision_numbers_db [None req-7e4a4e17-c64f-48ce-90da-c8bf7bc71e86 e030986686b24837825d7f688707c6f8 c2072fa929a74d01b0585c80889d5646 - - default default] Successfully bumped revision number for resource 42503887-bd66-4762-8e24-f19c279a0ec7 (type: ports) to 5
2026-05-01 02:12:36.066 9 INFO neutron.wsgi [None req-7e4a4e17-c64f-48ce-90da-c8bf7bc71e86 e030986686b24837825d7f688707c6f8 c2072fa929a74d01b0585c80889d5646 - - default default] 199.204.45.140 "PUT /v2.0/ports/42503887-bd66-4762-8e24-f19c279a0ec7 HTTP/1.1" status: 200 len: 1378 time: 0.4383860 /var/lib/openstack/lib/python3.10/site-packages/pycadf/identifier.py:71: UserWarning: Invalid uuid: neutron. To ensure interoperability, identifiers should be a valid uuid. warnings.warn(('Invalid uuid: %s. To ensure interoperability, '
2026-05-01 02:12:36.106 9 INFO neutron.notifiers.nova [-] Nova event matching ['req-ab4bb52c-1e3a-4d35-a927-949ff86a2558'] response: {'name': 'network-changed', 'server_uuid': '6524ba40-050e-48de-8960-9cb0e411c942', 'tag': '42503887-bd66-4762-8e24-f19c279a0ec7', 'status': 'completed', 'code': 200} /var/lib/openstack/lib/python3.10/site-packages/pycadf/identifier.py:71: UserWarning: Invalid uuid: neutron. To ensure interoperability, identifiers should be a valid uuid. warnings.warn(('Invalid uuid: %s. To ensure interoperability, '
2026-05-01 02:12:36.136 9 INFO neutron.wsgi [None req-4d474f19-ca78-4fa6-b919-b750c1daa28d e030986686b24837825d7f688707c6f8 c2072fa929a74d01b0585c80889d5646 - - default default] 199.204.45.140 "GET /v2.0/networks/a1c95afe-2bff-4a3f-9f5c-e6f21775c348 HTTP/1.1" status: 200 len: 1000 time: 0.0610852
2026-05-01 02:12:36.175 10 INFO neutron.wsgi [req-819988f9-4d70-4c80-92ab-3cec0bbe208c req-59499643-580d-4711-9171-7921e24e3782 bdee89af079f4190a6e38113d83a464b 0eb0ed8e042f424abd6c9a83c4e0b0e0 - - 47cc34d411aa4a3ab8f0d3390e3f1bb0 47cc34d411aa4a3ab8f0d3390e3f1bb0] 199.204.45.140 "GET /v2.0/ports?tenant_id=c2072fa929a74d01b0585c80889d5646&device_id=6524ba40-050e-48de-8960-9cb0e411c942 HTTP/1.1" status: 200 len: 3926 time: 0.0525882
2026-05-01 02:12:36.180 9 INFO neutron.wsgi [None req-d3765b9a-d1ae-41f5-890e-b16bb2756a09 e030986686b24837825d7f688707c6f8 c2072fa929a74d01b0585c80889d5646 - - default default] 199.204.45.140 "GET /v2.0/subnets/1f6492bd-dc61-4f6e-8a67-68ac9a5805e3 HTTP/1.1" status: 200 len: 849 time: 0.0355585
2026-05-01 02:12:36.243 10 INFO neutron.wsgi [req-819988f9-4d70-4c80-92ab-3cec0bbe208c req-0af056d5-63a5-47c6-9097-b5e9fd62bfdc bdee89af079f4190a6e38113d83a464b 0eb0ed8e042f424abd6c9a83c4e0b0e0 - - 47cc34d411aa4a3ab8f0d3390e3f1bb0 47cc34d411aa4a3ab8f0d3390e3f1bb0] 199.204.45.140 "GET /v2.0/networks?id=a1c95afe-2bff-4a3f-9f5c-e6f21775c348 HTTP/1.1" status: 200 len: 1003 time: 0.0627396
2026-05-01 02:12:36.268 9 INFO neutron.wsgi [None req-e0548f0f-354c-4993-9baf-03c771c11f13 e030986686b24837825d7f688707c6f8 c2072fa929a74d01b0585c80889d5646 - - default default] 199.204.45.140 "GET /v2.0/extensions/security-group HTTP/1.1" status: 200 len: 369 time: 0.0060952
2026-05-01 02:12:36.276 9 INFO neutron.wsgi [None req-96df1da8-4778-447c-837c-fff8d33d53d6 e030986686b24837825d7f688707c6f8 c2072fa929a74d01b0585c80889d5646 - - default default] 199.204.45.140 "GET /v2.0/extensions/dns-integration HTTP/1.1" status: 200 len: 371 time: 0.0039189
2026-05-01 02:12:36.278 10 INFO neutron.wsgi [req-819988f9-4d70-4c80-92ab-3cec0bbe208c req-7f348929-f047-460b-9e83-50b99702e2a1 bdee89af079f4190a6e38113d83a464b 0eb0ed8e042f424abd6c9a83c4e0b0e0 - - 47cc34d411aa4a3ab8f0d3390e3f1bb0 47cc34d411aa4a3ab8f0d3390e3f1bb0] 199.204.45.140 "GET /v2.0/floatingips?fixed_ip_address=10.2.1.157&port_id=42503887-bd66-4762-8e24-f19c279a0ec7 HTTP/1.1" status: 200 len: 217 time: 0.0285394
2026-05-01 02:12:36.283 9 INFO neutron.wsgi [None req-d144548d-2a94-499c-ac62-c4a5ac8444e2 e030986686b24837825d7f688707c6f8 c2072fa929a74d01b0585c80889d5646 - - default default] 199.204.45.140 "GET /v2.0/extensions/qos HTTP/1.1" status: 200 len: 365 time: 0.0035970
2026-05-01 02:12:36.298 9 INFO neutron.wsgi [None req-48d976ba-5a86-4457-997e-5cbfd05b2187 e030986686b24837825d7f688707c6f8 c2072fa929a74d01b0585c80889d5646 - - default default] 199.204.45.140 "GET /v2.0/extensions/allowed-address-pairs HTTP/1.1" status: 200 len: 383 time: 0.0077541
2026-05-01 02:12:36.308 10 INFO neutron.notifiers.nova [-] Nova event matching ['req-f6d7faa3-a885-42c6-a8c6-2f2e858a507e'] response: {'server_uuid': '6524ba40-050e-48de-8960-9cb0e411c942', 'name': 'network-vif-plugged', 'status': 'completed', 'tag': '42503887-bd66-4762-8e24-f19c279a0ec7', 'code': 200}
2026-05-01 02:12:36.308 10 INFO neutron.notifiers.nova [-] Nova event matching ['req-f6d7faa3-a885-42c6-a8c6-2f2e858a507e'] response: {'server_uuid': '6524ba40-050e-48de-8960-9cb0e411c942', 'name': 'network-vif-plugged', 'status': 'completed', 'tag': '42503887-bd66-4762-8e24-f19c279a0ec7', 'code': 200}
2026-05-01 02:12:36.320 10 INFO neutron.wsgi [req-819988f9-4d70-4c80-92ab-3cec0bbe208c req-4a4417e5-4472-4735-a716-e6f909d75aae bdee89af079f4190a6e38113d83a464b 0eb0ed8e042f424abd6c9a83c4e0b0e0 - - 47cc34d411aa4a3ab8f0d3390e3f1bb0 47cc34d411aa4a3ab8f0d3390e3f1bb0] 199.204.45.140 "GET /v2.0/subnets?id=1f6492bd-dc61-4f6e-8a67-68ac9a5805e3 HTTP/1.1" status: 200 len: 852 time: 0.0334539
2026-05-01 02:12:36.341 10 INFO neutron.wsgi [req-819988f9-4d70-4c80-92ab-3cec0bbe208c req-b52ca279-1ed7-4592-8e4a-6dccc2c67505 bdee89af079f4190a6e38113d83a464b 0eb0ed8e042f424abd6c9a83c4e0b0e0 - - 47cc34d411aa4a3ab8f0d3390e3f1bb0 47cc34d411aa4a3ab8f0d3390e3f1bb0] 199.204.45.140 "GET /v2.0/ports?network_id=a1c95afe-2bff-4a3f-9f5c-e6f21775c348&device_owner=network%3Adhcp HTTP/1.1" status: 200 len: 210 time: 0.0177975
2026-05-01 02:12:36.343 9 INFO neutron.wsgi [None req-b38b0b6e-a2cc-4f80-a4ff-7f33a3b58c73 e030986686b24837825d7f688707c6f8 c2072fa929a74d01b0585c80889d5646 - - default default] 199.204.45.140 "GET /v2.0/subnets/d9ea3627-d6d9-4f7b-a843-2dfb8be4f2dd HTTP/1.1" status: 200 len: 851 time: 0.0399632
2026-05-01 02:12:36.384 9 INFO neutron.wsgi [None req-fe180166-52c4-4008-9ae5-20820815bcd2 e030986686b24837825d7f688707c6f8 c2072fa929a74d01b0585c80889d5646 - - default default] 199.204.45.140 "GET /v2.0/ports/c743b9ae-3cfd-40fe-a7a3-7b2aa3f985fe HTTP/1.1" status: 200 len: 1340 time: 0.0342467
2026-05-01 02:12:36.407 10 INFO neutron.wsgi [req-819988f9-4d70-4c80-92ab-3cec0bbe208c req-ddeb88d4-c2c4-4270-b238-0ba8ea060bb3 bdee89af079f4190a6e38113d83a464b 0eb0ed8e042f424abd6c9a83c4e0b0e0 - - 47cc34d411aa4a3ab8f0d3390e3f1bb0 47cc34d411aa4a3ab8f0d3390e3f1bb0] 199.204.45.140 "GET /v2.0/networks/a1c95afe-2bff-4a3f-9f5c-e6f21775c348?fields=segments HTTP/1.1" status: 200 len: 212 time: 0.0582798
2026-05-01 02:12:36.424 9 INFO neutron.wsgi [None req-25e9e15f-3244-47c4-8bb1-857bfc4b02f3 e030986686b24837825d7f688707c6f8 c2072fa929a74d01b0585c80889d5646 - - default default] 199.204.45.140 "GET /v2.0/ports/1c472431-810c-42b7-b4ca-cd6f8af1a842 HTTP/1.1" status: 200 len: 1519 time: 0.0329981
2026-05-01 02:12:36.480 10 INFO neutron.wsgi [req-819988f9-4d70-4c80-92ab-3cec0bbe208c req-106dd0e5-3ad9-418a-8f84-cdd584550659 bdee89af079f4190a6e38113d83a464b 0eb0ed8e042f424abd6c9a83c4e0b0e0 - - 47cc34d411aa4a3ab8f0d3390e3f1bb0 47cc34d411aa4a3ab8f0d3390e3f1bb0] 199.204.45.140 "GET /v2.0/networks/a1c95afe-2bff-4a3f-9f5c-e6f21775c348?fields=provider%3Aphysical_network&fields=provider%3Anetwork_type HTTP/1.1" status: 200 len: 277 time: 0.0665236
