2026-05-01 02:09:27.989 9 INFO neutron.db.ovn_revision_numbers_db [None req-a919eeda-3868-47a5-a55e-028a0797f219 5ccaab2cb06c49a086b619465db49e33 0ce074692628455887350d86b7d39804 - - default default] Successfully bumped revision number for resource 6b6253e5-8693-4fa4-9095-197844cf45e6 (type: security_group_rules) to 0
2026-05-01 02:09:28.027 9 INFO neutron.wsgi [None req-a919eeda-3868-47a5-a55e-028a0797f219 5ccaab2cb06c49a086b619465db49e33 0ce074692628455887350d86b7d39804 - - default default] 10.0.0.244 "POST /v2.0/security-group-rules HTTP/1.1" status: 201 len: 768 time: 0.1755950
2026-05-01 02:09:28.039 9 WARNING neutron_lib.context [None req-230ad941-8344-4b52-923b-0c808b6f5c27 5ccaab2cb06c49a086b619465db49e33 0ce074692628455887350d86b7d39804 - - default default] Method 'is_advsvc' is deprecated since 2023.2 release (neutron-lib 3.8.0) and will be removed once support for the old RBAC API policies will be removed from Neutron. Please use method 'is_service_role' instead.
2026-05-01 02:09:28.059 9 INFO neutron.db.securitygroups_db [None req-230ad941-8344-4b52-923b-0c808b6f5c27 5ccaab2cb06c49a086b619465db49e33 0ce074692628455887350d86b7d39804 - - default default] Project 0ce074692628455887350d86b7d39804 added a security group rule with legacy IPv6 ICMP protocol name icmp, ipv6-icmp should be used instead. It was automatically converted.
2026-05-01 02:09:28.092 9 INFO neutron.db.ovn_revision_numbers_db [None req-71e5ea07-21c0-40d1-8218-36fecb338087 e030986686b24837825d7f688707c6f8 c2072fa929a74d01b0585c80889d5646 - - default default] Successfully bumped revision number for resource 94ec120b-168a-4c81-8a2e-e33cc51a1c9e (type: security_groups) to 1
2026-05-01 02:09:28.109 9 INFO neutron.db.ovn_revision_numbers_db [None req-71e5ea07-21c0-40d1-8218-36fecb338087 e030986686b24837825d7f688707c6f8 c2072fa929a74d01b0585c80889d5646 - - default default] Successfully bumped revision number for resource 08ef16b8-8522-4600-99b8-8ef7e8a28efe (type: security_group_rules) to 0
2026-05-01 02:09:28.112 10 INFO neutron.wsgi [None req-296f6f1f-11c7-47d6-b16f-66425d81712a e030986686b24837825d7f688707c6f8 c2072fa929a74d01b0585c80889d5646 - - default default] 10.0.0.244 "DELETE /v2.0/subnets/38bafe08-8ad9-4fa0-9227-fede23cc3bb4 HTTP/1.1" status: 204 len: 168 time: 0.2690611
2026-05-01 02:09:28.118 10 INFO neutron.wsgi [None req-708f1cbe-5da2-45c2-925a-f36654d2be3b e107c4f4803649b6b36ec65d7ccd701f 90c7280bf4ee41e8966ce8f3a8cf4615 - - default default] 10.0.0.244 "DELETE /v2.0/networks/d32e8a2f-93a1-4c04-89d6-26e61ff66f83 HTTP/1.1" status: 204 len: 168 time: 0.5665071
2026-05-01 02:09:28.130 10 WARNING neutron_lib.context [None req-cb3f121d-0c47-4daa-966e-4ae0aa3cb697 e107c4f4803649b6b36ec65d7ccd701f 90c7280bf4ee41e8966ce8f3a8cf4615 - - default default] Method 'is_advsvc' is deprecated since 2023.2 release (neutron-lib 3.8.0) and will be removed once support for the old RBAC API policies will be removed from Neutron. Please use method 'is_service_role' instead.
2026-05-01 02:09:28.138 9 INFO neutron.db.ovn_revision_numbers_db [None req-71e5ea07-21c0-40d1-8218-36fecb338087 e030986686b24837825d7f688707c6f8 c2072fa929a74d01b0585c80889d5646 - - default default] Successfully bumped revision number for resource 1f87a134-f990-457c-82fd-f0af727f6eb8 (type: security_group_rules) to 0
2026-05-01 02:09:28.169 9 INFO neutron.db.ovn_revision_numbers_db [None req-71e5ea07-21c0-40d1-8218-36fecb338087 e030986686b24837825d7f688707c6f8 c2072fa929a74d01b0585c80889d5646 - - default default] Successfully bumped revision number for resource 98621f9d-e5e2-499b-be6e-30c14c7c10a0 (type: security_group_rules) to 0
2026-05-01 02:09:28.193 9 INFO neutron.db.ovn_revision_numbers_db [None req-71e5ea07-21c0-40d1-8218-36fecb338087 e030986686b24837825d7f688707c6f8 c2072fa929a74d01b0585c80889d5646 - - default default] Successfully bumped revision number for resource cee21d50-c4c1-465d-82b4-78cf5ea2c1e8 (type: security_group_rules) to 0
2026-05-01 02:09:28.197 9 INFO neutron.db.ovn_revision_numbers_db [None req-230ad941-8344-4b52-923b-0c808b6f5c27 5ccaab2cb06c49a086b619465db49e33 0ce074692628455887350d86b7d39804 - - default default] Successfully bumped revision number for resource 927b0f76-12ae-49f8-90cf-f2a9ce7c7359 (type: security_group_rules) to 0
2026-05-01 02:09:28.226 10 INFO neutron.services.segments.plugin [-] Segment d9ed65ff-b945-478c-ad40-7e9062a330b5 resource provider aggregate not found
2026-05-01 02:09:28.238 9 INFO neutron.wsgi [None req-71e5ea07-21c0-40d1-8218-36fecb338087 e030986686b24837825d7f688707c6f8 c2072fa929a74d01b0585c80889d5646 - - default default] 10.0.0.244 "GET /v2.0/security-groups?tenant_id=907d0d64d7f94e1e8000092ee2056f95&name=default HTTP/1.1" status: 200 len: 2996 time: 0.4701118
2026-05-01 02:09:28.250 10 INFO neutron.services.segments.plugin [-] Segment d9ed65ff-b945-478c-ad40-7e9062a330b5 resource provider not found; error: Placement Client Error (4xx): {"errors": [{"status": 404, "title": "Not Found", "detail": "The resource could not be found.\n\n No resource provider with uuid d9ed65ff-b945-478c-ad40-7e9062a330b5 found for delete ", "request_id": "req-7be5c3c8-4af4-465a-8a8c-cf62de582f5f"}]}
2026-05-01 02:09:28.251 9 INFO neutron.wsgi [None req-230ad941-8344-4b52-923b-0c808b6f5c27 5ccaab2cb06c49a086b619465db49e33 0ce074692628455887350d86b7d39804 - - default default] 10.0.0.244 "POST /v2.0/security-group-rules HTTP/1.1" status: 201 len: 774 time: 0.2182269
2026-05-01 02:09:28.256 10 INFO neutron.services.segments.plugin [-] Segment d9ed65ff-b945-478c-ad40-7e9062a330b5 resource provider aggregate not found
2026-05-01 02:09:28.264 9 WARNING neutron_lib.context [None req-393add7e-a0f1-47d0-bac4-8322d8932c32 5ccaab2cb06c49a086b619465db49e33 0ce074692628455887350d86b7d39804 - - default default] Method 'is_advsvc' is deprecated since 2023.2 release (neutron-lib 3.8.0) and will be removed once support for the old RBAC API policies will be removed from Neutron. Please use method 'is_service_role' instead.
2026-05-01 02:09:28.268 10 INFO neutron.services.segments.plugin [-] Segment d9ed65ff-b945-478c-ad40-7e9062a330b5 resource provider not found; error: Placement Client Error (4xx): {"errors": [{"status": 404, "title": "Not Found", "detail": "The resource could not be found.\n\n No resource provider with uuid d9ed65ff-b945-478c-ad40-7e9062a330b5 found for delete ", "request_id": "req-b453c31e-ff3c-4567-917f-f1c142a511b0"}]}
2026-05-01 02:09:28.278 10 INFO neutron.services.segments.plugin [-] Segment c21fb98c-eb63-47e9-8b56-9d296a25e879 resource provider aggregate not found
2026-05-01 02:09:28.283 10 INFO neutron.services.segments.plugin [-] Segment c21fb98c-eb63-47e9-8b56-9d296a25e879 resource provider aggregate not found
2026-05-01 02:09:28.299 9 INFO neutron.db.securitygroups_db [None req-393add7e-a0f1-47d0-bac4-8322d8932c32 5ccaab2cb06c49a086b619465db49e33 0ce074692628455887350d86b7d39804 - - default default] Project 0ce074692628455887350d86b7d39804 added a security group rule with legacy IPv6 ICMP protocol name icmp, ipv6-icmp should be used instead. It was automatically converted.
2026-05-01 02:09:28.303 10 INFO neutron.services.segments.plugin [-] Segment c21fb98c-eb63-47e9-8b56-9d296a25e879 resource provider not found; error: Placement Client Error (4xx): {"errors": [{"status": 404, "title": "Not Found", "detail": "The resource could not be found.\n\n No resource provider with uuid c21fb98c-eb63-47e9-8b56-9d296a25e879 found for delete ", "request_id": "req-9630a32e-e74a-4749-8698-b7c2650cad96"}]}
2026-05-01 02:09:28.304 10 INFO neutron.services.segments.plugin [-] Segment c21fb98c-eb63-47e9-8b56-9d296a25e879 resource provider not found; error: Placement Client Error (4xx): {"errors": [{"status": 404, "title": "Not Found", "detail": "The resource could not be found.\n\n No resource provider with uuid c21fb98c-eb63-47e9-8b56-9d296a25e879 found for delete ", "request_id": "req-57986e93-cf39-4aaa-ad7d-cee2fc53c893"}]}
2026-05-01 02:09:28.407 10 WARNING neutron.scheduler.dhcp_agent_scheduler [None req-cb3f121d-0c47-4daa-966e-4ae0aa3cb697 e107c4f4803649b6b36ec65d7ccd701f 90c7280bf4ee41e8966ce8f3a8cf4615 - - default default] No more DHCP agents
2026-05-01 02:09:28.411 10 WARNING neutron.api.rpc.agentnotifiers.dhcp_rpc_agent_api [None req-cb3f121d-0c47-4daa-966e-4ae0aa3cb697 e107c4f4803649b6b36ec65d7ccd701f 90c7280bf4ee41e8966ce8f3a8cf4615 - - default default] Unable to schedule network 11202bc3-4c11-478c-a9ad-a12e697c271b: no agents available; will retry on subsequent port and subnet creation events.
2026-05-01 02:09:28.439 9 INFO neutron.db.ovn_revision_numbers_db [None req-393add7e-a0f1-47d0-bac4-8322d8932c32 5ccaab2cb06c49a086b619465db49e33 0ce074692628455887350d86b7d39804 - - default default] Successfully bumped revision number for resource e897c6c0-44f8-4100-bb25-30b49cedf611 (type: security_group_rules) to 0
2026-05-01 02:09:28.478 9 INFO neutron.services.segments.plugin [-] Segment 4a8501f7-c247-4bfb-837b-4a8de950b5b3 resource provider aggregate not found
2026-05-01 02:09:28.483 9 INFO neutron.services.segments.plugin [-] Segment 4a8501f7-c247-4bfb-837b-4a8de950b5b3 resource provider aggregate not found
2026-05-01 02:09:28.499 10 INFO neutron.db.ovn_revision_numbers_db [None req-cb3f121d-0c47-4daa-966e-4ae0aa3cb697 e107c4f4803649b6b36ec65d7ccd701f 90c7280bf4ee41e8966ce8f3a8cf4615 - - default default] Successfully bumped revision number for resource 44076730-6d42-4568-a30f-b3076f63b9ed (type: ports) to 1
2026-05-01 02:09:28.500 9 INFO neutron.services.segments.plugin [-] Segment 4a8501f7-c247-4bfb-837b-4a8de950b5b3 resource provider not found; error: Placement Client Error (4xx): {"errors": [{"status": 404, "title": "Not Found", "detail": "The resource could not be found.\n\n No resource provider with uuid 4a8501f7-c247-4bfb-837b-4a8de950b5b3 found for delete ", "request_id": "req-52bfcbbf-9bf5-4c65-9580-0d897c8ebbd8"}]}
2026-05-01 02:09:28.501 9 INFO neutron.services.segments.plugin [-] Segment 4a8501f7-c247-4bfb-837b-4a8de950b5b3 resource provider not found; error: Placement Client Error (4xx): {"errors": [{"status": 404, "title": "Not Found", "detail": "The resource could not be found.\n\n No resource provider with uuid 4a8501f7-c247-4bfb-837b-4a8de950b5b3 found for delete ", "request_id": "req-a80e5b20-a7ae-4f74-95df-4eaff06db125"}]}
2026-05-01 02:09:28.504 9 INFO neutron.wsgi [None req-393add7e-a0f1-47d0-bac4-8322d8932c32 5ccaab2cb06c49a086b619465db49e33 0ce074692628455887350d86b7d39804 - - default default] 10.0.0.244 "POST /v2.0/security-group-rules HTTP/1.1" status: 201 len: 773 time: 0.2455354
2026-05-01 02:09:28.535 10 INFO neutron.wsgi [None req-31960870-1f23-4498-83a3-a921dcc2402c e030986686b24837825d7f688707c6f8 c2072fa929a74d01b0585c80889d5646 - - default default] 10.0.0.244 "DELETE /v2.0/security-groups/94ec120b-168a-4c81-8a2e-e33cc51a1c9e HTTP/1.1" status: 204 len: 168 time: 0.2915204
2026-05-01 02:09:28.545 10 INFO neutron.wsgi [None req-cb3f121d-0c47-4daa-966e-4ae0aa3cb697 e107c4f4803649b6b36ec65d7ccd701f 90c7280bf4ee41e8966ce8f3a8cf4615 - - default default] 10.0.0.244 "POST /v2.0/ports HTTP/1.1" status: 201 len: 974 time: 0.4206800 /var/lib/openstack/lib/python3.10/site-packages/pycadf/identifier.py:71: UserWarning: Invalid uuid: neutron. To ensure interoperability, identifiers should be a valid uuid. warnings.warn(('Invalid uuid: %s. To ensure interoperability, '
2026-05-01 02:09:28.610 9 INFO neutron.wsgi [None req-b662c5ea-4d15-4053-a303-1f8210d1c447 e030986686b24837825d7f688707c6f8 c2072fa929a74d01b0585c80889d5646 - - default default] 10.0.0.244 "DELETE /v2.0/networks/9f1e2a6a-de65-4563-827e-9b27c484c7c0 HTTP/1.1" status: 204 len: 168 time: 0.4914095
2026-05-01 02:09:28.743 9 INFO neutron.db.ovn_revision_numbers_db [None req-6a3ac5cd-2eca-46f4-904f-043885d9466a e030986686b24837825d7f688707c6f8 c2072fa929a74d01b0585c80889d5646 - - default default] Successfully bumped revision number for resource 9ac068c6-269c-4bb2-8f90-6aab3d143e40 (type: security_groups) to 1
2026-05-01 02:09:28.756 9 INFO neutron.db.ovn_revision_numbers_db [None req-6a3ac5cd-2eca-46f4-904f-043885d9466a e030986686b24837825d7f688707c6f8 c2072fa929a74d01b0585c80889d5646 - - default default] Successfully bumped revision number for resource 0ef15509-3437-4f8f-bdaf-32d3142d0735 (type: security_group_rules) to 0
2026-05-01 02:09:28.771 9 INFO neutron.db.ovn_revision_numbers_db [None req-6a3ac5cd-2eca-46f4-904f-043885d9466a e030986686b24837825d7f688707c6f8 c2072fa929a74d01b0585c80889d5646 - - default default] Successfully bumped revision number for resource 93ef1cb0-8d19-420a-8757-75129c9ffcf0 (type: security_group_rules) to 0
2026-05-01 02:09:28.785 9 INFO neutron.db.ovn_revision_numbers_db [None req-6a3ac5cd-2eca-46f4-904f-043885d9466a e030986686b24837825d7f688707c6f8 c2072fa929a74d01b0585c80889d5646 - - default default] Successfully bumped revision number for resource c1cd75b7-679e-4853-9bb3-4582212c57d3 (type: security_group_rules) to 0
2026-05-01 02:09:28.800 9 INFO neutron.db.ovn_revision_numbers_db [None req-6a3ac5cd-2eca-46f4-904f-043885d9466a e030986686b24837825d7f688707c6f8 c2072fa929a74d01b0585c80889d5646 - - default default] Successfully bumped revision number for resource ef18f0d1-1f85-4f1f-8302-145b88f919b4 (type: security_group_rules) to 0
2026-05-01 02:09:28.828 9 INFO neutron.wsgi [None req-6a3ac5cd-2eca-46f4-904f-043885d9466a e030986686b24837825d7f688707c6f8 c2072fa929a74d01b0585c80889d5646 - - default default] 10.0.0.244 "GET /v2.0/security-groups?tenant_id=38c41c5d2b16408282b6b06bd6825daf&name=default HTTP/1.1" status: 200 len: 2996 time: 0.2078040
2026-05-01 02:09:29.045 10 INFO neutron.wsgi [None req-b48c3065-5eac-4372-8032-bd02f05dfd4c e030986686b24837825d7f688707c6f8 c2072fa929a74d01b0585c80889d5646 - - default default] 10.0.0.244 "GET /v2.0/security-groups?tenant_id=dabb3c9ac0c046c68e0023dd3d7e1203&name=default HTTP/1.1" status: 200 len: 2996 time: 0.0431530
2026-05-01 02:09:29.048 9 INFO neutron.wsgi [None req-7a6bd211-4fe4-49db-9086-eb2050571048 e030986686b24837825d7f688707c6f8 c2072fa929a74d01b0585c80889d5646 - - default default] 10.0.0.244 "DELETE /v2.0/security-groups/9ac068c6-269c-4bb2-8f90-6aab3d143e40 HTTP/1.1" status: 204 len: 168 time: 0.2139835
2026-05-01 02:09:29.180 9 INFO neutron.wsgi [None req-e96766e6-8137-47b3-9527-9640fd271b50 5ccaab2cb06c49a086b619465db49e33 0ce074692628455887350d86b7d39804 - - default default] 10.0.0.244 "GET /v2.0/networks HTTP/1.1" status: 200 len: 1492 time: 0.2963898
2026-05-01 02:09:29.196 10 INFO neutron.plugins.ml2.drivers.ovn.mech_driver.mech_driver [None req-baefa63a-eed7-45ab-ae84-ad67a725750a - - - - - -] OVN reports status down for port: 44076730-6d42-4568-a30f-b3076f63b9ed /var/lib/openstack/lib/python3.10/site-packages/pycadf/identifier.py:71: UserWarning: Invalid uuid: neutron. To ensure interoperability, identifiers should be a valid uuid. warnings.warn(('Invalid uuid: %s. To ensure interoperability, '
2026-05-01 02:09:29.259 10 INFO neutron.db.ovn_revision_numbers_db [None req-db138748-87e4-4803-9869-5c505cce704d e107c4f4803649b6b36ec65d7ccd701f 90c7280bf4ee41e8966ce8f3a8cf4615 - - default default] Successfully bumped revision number for resource 44076730-6d42-4568-a30f-b3076f63b9ed (type: ports) to 2
2026-05-01 02:09:29.276 10 INFO neutron.wsgi [None req-db138748-87e4-4803-9869-5c505cce704d e107c4f4803649b6b36ec65d7ccd701f 90c7280bf4ee41e8966ce8f3a8cf4615 - - default default] 10.0.0.244 "PUT /v2.0/ports/44076730-6d42-4568-a30f-b3076f63b9ed HTTP/1.1" status: 200 len: 946 time: 0.7249825
2026-05-01 02:09:29.279 10 INFO neutron.wsgi [None req-35f63457-0d50-433a-8743-b2671fe026e3 e030986686b24837825d7f688707c6f8 c2072fa929a74d01b0585c80889d5646 - - default default] 10.0.0.244 "GET /v2.0/security-groups?tenant_id=26d64ba41b0d4fae899e9fe6e1a76a7f&name=default HTTP/1.1" status: 200 len: 2996 time: 0.0560191
2026-05-01 02:09:29.323 9 INFO neutron.wsgi [None req-b411caa4-ded6-438b-9f2e-514f760a95d4 e030986686b24837825d7f688707c6f8 c2072fa929a74d01b0585c80889d5646 - - default default] 10.0.0.244 "DELETE /v2.0/security-groups/cde31a9c-0f25-43e3-ada4-63b43b8578fe HTTP/1.1" status: 204 len: 168 time: 0.2721119
2026-05-01 02:09:29.366 10 INFO neutron.wsgi [req-b8f60593-debf-4b81-bbdf-1eca54fb05d9 req-c4ce7778-fbdf-4c0e-b0ff-405b08a9d4a5 5ccaab2cb06c49a086b619465db49e33 0ce074692628455887350d86b7d39804 - - default default] 10.0.0.19 "GET /v2.0/security-groups?name=tempest-secgroup-smoke-274233110&fields=id&tenant_id=0ce074692628455887350d86b7d39804 HTTP/1.1" status: 200 len: 267 time: 0.0758529
2026-05-01 02:09:29.466 10 INFO neutron.wsgi [req-b8f60593-debf-4b81-bbdf-1eca54fb05d9 req-f49a58a4-980a-4da8-b457-0b1d8cc3cc3f 5ccaab2cb06c49a086b619465db49e33 0ce074692628455887350d86b7d39804 - - default default] 10.0.0.19 "GET /v2.0/networks?id=370ef508-7127-40a8-9273-4d7e84f1e01f HTTP/1.1" status: 200 len: 859 time: 0.0921113
2026-05-01 02:09:29.481 10 INFO neutron.wsgi [req-b8f60593-debf-4b81-bbdf-1eca54fb05d9 req-7992ed53-530c-44e5-9ba3-59ba27a7ac17 5ccaab2cb06c49a086b619465db49e33 0ce074692628455887350d86b7d39804 - - default default] 10.0.0.19 "GET /v2.0/quotas/0ce074692628455887350d86b7d39804 HTTP/1.1" status: 200 len: 386 time: 0.0087218
2026-05-01 02:09:29.532 9 INFO neutron.wsgi [None req-1c124597-9784-4813-9c7d-b78ceebc6702 e030986686b24837825d7f688707c6f8 c2072fa929a74d01b0585c80889d5646 - - default default] 10.0.0.244 "GET /v2.0/security-groups?tenant_id=a8938fbb77c643dea1d2946318ff9c6b&name=default HTTP/1.1" status: 200 len: 2996 time: 0.0488343
2026-05-01 02:09:29.575 9 INFO neutron.wsgi [None req-1473fba3-85e7-4d4b-a348-3a5f2f201b1b e107c4f4803649b6b36ec65d7ccd701f 90c7280bf4ee41e8966ce8f3a8cf4615 - - default default] 10.0.0.244 "DELETE /v2.0/ports/44076730-6d42-4568-a30f-b3076f63b9ed HTTP/1.1" status: 204 len: 168 time: 0.2930670
2026-05-01 02:09:29.620 10 INFO neutron.wsgi [req-b8f60593-debf-4b81-bbdf-1eca54fb05d9 req-2240d348-0ef5-4371-8686-f9228afed416 5ccaab2cb06c49a086b619465db49e33 0ce074692628455887350d86b7d39804 - - default default] 10.0.0.19 "GET /v2.0/ports?tenant_id=0ce074692628455887350d86b7d39804&fields=id HTTP/1.1" status: 200 len: 348 time: 0.1309271
2026-05-01 02:09:29.664 10 INFO neutron.wsgi [None req-9e3982b6-5ee3-4df1-9f35-fa922b6c66ee e030986686b24837825d7f688707c6f8 c2072fa929a74d01b0585c80889d5646 - - default default] 10.0.0.244 "DELETE /v2.0/security-groups/2731a469-11b8-4a84-ba13-06910422734a HTTP/1.1" status: 204 len: 168 time: 0.3724852
2026-05-01 02:09:29.698 9 INFO neutron.wsgi [None req-2ac1ff4f-dde6-46b1-a93c-0fbd178c642e e107c4f4803649b6b36ec65d7ccd701f 90c7280bf4ee41e8966ce8f3a8cf4615 - - default default] 10.0.0.244 "GET /v2.0/ports HTTP/1.1" status: 200 len: 1729 time: 0.1165953
2026-05-01 02:09:29.715 10 INFO neutron.wsgi [req-b8f60593-debf-4b81-bbdf-1eca54fb05d9 req-8dce2213-b952-4901-9e9c-792e3effda1f bdee89af079f4190a6e38113d83a464b 0eb0ed8e042f424abd6c9a83c4e0b0e0 - - 47cc34d411aa4a3ab8f0d3390e3f1bb0 47cc34d411aa4a3ab8f0d3390e3f1bb0] 10.0.0.19 "GET /v2.0/networks/370ef508-7127-40a8-9273-4d7e84f1e01f?fields=segments HTTP/1.1" status: 200 len: 212 time: 0.0809639
2026-05-01 02:09:29.721 9 INFO neutron.pecan_wsgi.hooks.translation [None req-9ea58810-7864-4d9a-bd8c-754edb99d48a e107c4f4803649b6b36ec65d7ccd701f 90c7280bf4ee41e8966ce8f3a8cf4615 - - default default] GET failed (client error): The resource could not be found.
2026-05-01 02:09:29.723 9 INFO neutron.wsgi [None req-9ea58810-7864-4d9a-bd8c-754edb99d48a e107c4f4803649b6b36ec65d7ccd701f 90c7280bf4ee41e8966ce8f3a8cf4615 - - default default] 10.0.0.244 "GET /v2.0/ports/44076730-6d42-4568-a30f-b3076f63b9ed HTTP/1.1" status: 404 len: 333 time: 0.0196548
2026-05-01 02:09:29.769 9 INFO neutron.wsgi [None req-304ef2ee-f41d-445a-9d62-0a2c4e470bb7 e107c4f4803649b6b36ec65d7ccd701f 90c7280bf4ee41e8966ce8f3a8cf4615 - - default default] 10.0.0.244 "GET /v2.0/ports HTTP/1.1" status: 200 len: 1729 time: 0.0340672
2026-05-01 02:09:29.801 10 INFO neutron.wsgi [req-b8f60593-debf-4b81-bbdf-1eca54fb05d9 req-45b5afc1-18f7-40e7-8798-597aba08431d bdee89af079f4190a6e38113d83a464b 0eb0ed8e042f424abd6c9a83c4e0b0e0 - - 47cc34d411aa4a3ab8f0d3390e3f1bb0 47cc34d411aa4a3ab8f0d3390e3f1bb0] 10.0.0.19 "GET /v2.0/networks/370ef508-7127-40a8-9273-4d7e84f1e01f?fields=provider%3Aphysical_network&fields=provider%3Anetwork_type HTTP/1.1" status: 200 len: 277 time: 0.0804346
2026-05-01 02:09:29.815 9 INFO neutron.wsgi [None req-2dfc93c2-441f-46d1-9d74-217c89ad8935 e107c4f4803649b6b36ec65d7ccd701f 90c7280bf4ee41e8966ce8f3a8cf4615 - - default default] 10.0.0.244 "GET /v2.0/ports/5398027a-fe45-4cb8-bb31-eb278c6925ed HTTP/1.1" status: 200 len: 969 time: 0.0387499
2026-05-01 02:09:29.837 9 INFO neutron.pecan_wsgi.hooks.translation [None req-ebae6bf2-3d8e-4525-898d-0e6272692b32 e107c4f4803649b6b36ec65d7ccd701f 90c7280bf4ee41e8966ce8f3a8cf4615 - - default default] DELETE failed (client error): The resource could not be found.
2026-05-01 02:09:29.839 9 INFO neutron.wsgi [None req-ebae6bf2-3d8e-4525-898d-0e6272692b32 e107c4f4803649b6b36ec65d7ccd701f 90c7280bf4ee41e8966ce8f3a8cf4615 - - default default] 10.0.0.244 "DELETE /v2.0/ports/6c47b8b6-2271-445c-befe-9d0bda624aed HTTP/1.1" status: 404 len: 333 time: 0.0182612
2026-05-01 02:09:29.866 10 INFO neutron.pecan_wsgi.hooks.translation [None req-88364140-e784-4467-bf45-aede180289e6 e107c4f4803649b6b36ec65d7ccd701f 90c7280bf4ee41e8966ce8f3a8cf4615 - - default default] DELETE failed (client error): The resource could not be found.
2026-05-01 02:09:29.869 10 INFO neutron.wsgi [None req-88364140-e784-4467-bf45-aede180289e6 e107c4f4803649b6b36ec65d7ccd701f 90c7280bf4ee41e8966ce8f3a8cf4615 - - default default] 10.0.0.244 "DELETE /v2.0/subnets/31803ee5-7087-4404-8d9b-1de3a9e053bd HTTP/1.1" status: 404 len: 337 time: 0.0245564
2026-05-01 02:09:29.881 9 INFO neutron.wsgi [None req-61501bff-43cb-401a-a211-0ac926a286d7 e030986686b24837825d7f688707c6f8 c2072fa929a74d01b0585c80889d5646 - - default default] 10.0.0.244 "DELETE /v2.0/security-groups/739fd863-dfab-4b49-9acc-0e5783a33247 HTTP/1.1" status: 204 len: 168 time: 0.3402715
2026-05-01 02:09:29.888 10 INFO neutron.pecan_wsgi.hooks.translation [None req-d41c8cc8-cb0e-4e51-8e63-11befbbb6031 e107c4f4803649b6b36ec65d7ccd701f 90c7280bf4ee41e8966ce8f3a8cf4615 - - default default] DELETE failed (client error): The resource could not be found.
2026-05-01 02:09:29.890 10 INFO neutron.wsgi [None req-d41c8cc8-cb0e-4e51-8e63-11befbbb6031 e107c4f4803649b6b36ec65d7ccd701f 90c7280bf4ee41e8966ce8f3a8cf4615 - - default default] 10.0.0.244 "DELETE /v2.0/subnets/bc7abda8-160a-4998-8079-a1448c03ad23 HTTP/1.1" status: 404 len: 337 time: 0.0167172
2026-05-01 02:09:29.948 9 INFO neutron.wsgi [req-fafe19f0-f81d-4dc5-8c2c-288534a0e2f2 req-5660c8d0-f342-450d-9bc2-65de2593b116 5ccaab2cb06c49a086b619465db49e33 0ce074692628455887350d86b7d39804 - - default default] 10.0.0.19 "GET /v2.0/ports?device_id=bf34ac7d-9f68-40e7-b4c1-9511a67c0fc3 HTTP/1.1" status: 200 len: 210 time: 0.0305321
2026-05-01 02:09:30.204 10 INFO neutron.wsgi [None req-f318a1a8-01ab-4b5d-9827-7ee99671a3db e107c4f4803649b6b36ec65d7ccd701f 90c7280bf4ee41e8966ce8f3a8cf4615 - - default default] 10.0.0.244 "DELETE /v2.0/ports/5398027a-fe45-4cb8-bb31-eb278c6925ed HTTP/1.1" status: 204 len: 168 time: 0.3092153
2026-05-01 02:09:30.519 9 INFO neutron.services.segments.plugin [-] Segment 9138df02-dafe-4989-a7c6-356dde443997 resource provider aggregate not found
2026-05-01 02:09:30.526 9 INFO neutron.services.segments.plugin [-] Segment 9138df02-dafe-4989-a7c6-356dde443997 resource provider aggregate not found
2026-05-01 02:09:30.535 9 INFO neutron.services.segments.plugin [-] Segment 9138df02-dafe-4989-a7c6-356dde443997 resource provider not found; error: Placement Client Error (4xx): {"errors": [{"status": 404, "title": "Not Found", "detail": "The resource could not be found.\n\n No resource provider with uuid 9138df02-dafe-4989-a7c6-356dde443997 found for delete ", "request_id": "req-f4eb4d92-2ae2-4662-a5e8-11a3c6ba72b4"}]}
2026-05-01 02:09:30.542 9 INFO neutron.services.segments.plugin [-] Segment 9138df02-dafe-4989-a7c6-356dde443997 resource provider not found; error: Placement Client Error (4xx): {"errors": [{"status": 404, "title": "Not Found", "detail": "The resource could not be found.\n\n No resource provider with uuid 9138df02-dafe-4989-a7c6-356dde443997 found for delete ", "request_id": "req-05f538e4-58aa-4f4d-a60d-8b241b400873"}]}
2026-05-01 02:09:30.588 10 INFO neutron.services.segments.plugin [-] Segment 44eb5ce3-946c-46c1-8a0a-c857f18f23d2 resource provider aggregate not found
2026-05-01 02:09:30.593 10 INFO neutron.services.segments.plugin [-] Segment 44eb5ce3-946c-46c1-8a0a-c857f18f23d2 resource provider aggregate not found
2026-05-01 02:09:30.598 10 INFO neutron.services.segments.plugin [-] Segment 44eb5ce3-946c-46c1-8a0a-c857f18f23d2 resource provider not found; error: Placement Client Error (4xx): {"errors": [{"status": 404, "title": "Not Found", "detail": "The resource could not be found.\n\n No resource provider with uuid 44eb5ce3-946c-46c1-8a0a-c857f18f23d2 found for delete ", "request_id": "req-a60e056d-cd2b-4256-9031-2f40bdd9b35e"}]}
2026-05-01 02:09:30.607 10 INFO neutron.services.segments.plugin [-] Segment 44eb5ce3-946c-46c1-8a0a-c857f18f23d2 resource provider not found; error: Placement Client Error (4xx): {"errors": [{"status": 404, "title": "Not Found", "detail": "The resource could not be found.\n\n No resource provider with uuid 44eb5ce3-946c-46c1-8a0a-c857f18f23d2 found for delete ", "request_id": "req-779eed50-74a5-4695-8d96-cbdc979b59c5"}]}
2026-05-01 02:09:30.649 10 INFO neutron.wsgi [None req-fc9314b7-f24a-4748-bee5-781f4a98c0b9 e107c4f4803649b6b36ec65d7ccd701f 90c7280bf4ee41e8966ce8f3a8cf4615 - - default default] 10.0.0.244 "DELETE /v2.0/networks/11202bc3-4c11-478c-a9ad-a12e697c271b HTTP/1.1" status: 204 len: 168 time: 0.4362240
2026-05-01 02:09:30.732 10 INFO neutron.wsgi [req-b8f60593-debf-4b81-bbdf-1eca54fb05d9 req-fc0dff1b-62e9-4768-b863-74acd0969968 5ccaab2cb06c49a086b619465db49e33 0ce074692628455887350d86b7d39804 - - default default] 199.204.45.140 "GET /v2.0/networks?id=370ef508-7127-40a8-9273-4d7e84f1e01f HTTP/1.1" status: 200 len: 859 time: 0.0744610
2026-05-01 02:09:30.787 10 INFO neutron.wsgi [req-b8f60593-debf-4b81-bbdf-1eca54fb05d9 req-e2a01fbf-2e54-4ad6-9a97-fdf3dfa01bf1 5ccaab2cb06c49a086b619465db49e33 0ce074692628455887350d86b7d39804 - - default default] 199.204.45.140 "GET /v2.0/security-groups?fields=id&fields=name&tenant_id=0ce074692628455887350d86b7d39804 HTTP/1.1" status: 200 len: 472 time: 0.0477724
2026-05-01 02:09:30.797 10 WARNING neutron_lib.context [req-b8f60593-debf-4b81-bbdf-1eca54fb05d9 req-123f9c8d-6719-4cb1-b079-da4ecf9bcfae 5ccaab2cb06c49a086b619465db49e33 0ce074692628455887350d86b7d39804 - - default default] Method 'is_advsvc' is deprecated since 2023.2 release (neutron-lib 3.8.0) and will be removed once support for the old RBAC API policies will be removed from Neutron. Please use method 'is_service_role' instead.
2026-05-01 02:09:31.070 10 INFO neutron.wsgi [req-9b3f7b54-3763-422c-bb20-ea31578a1f34 req-0c173e81-e94a-4e6c-82d0-ccd38a6967c4 5ccaab2cb06c49a086b619465db49e33 0ce074692628455887350d86b7d39804 - - default default] 10.0.0.19 "GET /v2.0/ports?device_id=bf34ac7d-9f68-40e7-b4c1-9511a67c0fc3 HTTP/1.1" status: 200 len: 210 time: 0.0319796
2026-05-01 02:09:31.178 10 WARNING neutron.scheduler.dhcp_agent_scheduler [req-b8f60593-debf-4b81-bbdf-1eca54fb05d9 req-123f9c8d-6719-4cb1-b079-da4ecf9bcfae 5ccaab2cb06c49a086b619465db49e33 0ce074692628455887350d86b7d39804 - - default default] No more DHCP agents
2026-05-01 02:09:31.179 10 WARNING neutron.api.rpc.agentnotifiers.dhcp_rpc_agent_api [req-b8f60593-debf-4b81-bbdf-1eca54fb05d9 req-123f9c8d-6719-4cb1-b079-da4ecf9bcfae 5ccaab2cb06c49a086b619465db49e33 0ce074692628455887350d86b7d39804 - - default default] Unable to schedule network 370ef508-7127-40a8-9273-4d7e84f1e01f: no agents available; will retry on subsequent port and subnet creation events.
2026-05-01 02:09:31.258 9 INFO neutron.wsgi [None req-81e143d4-6743-4a50-90c3-46033fcc1e5e e030986686b24837825d7f688707c6f8 c2072fa929a74d01b0585c80889d5646 - - default default] 10.0.0.244 "GET /v2.0/security-groups?tenant_id=90c7280bf4ee41e8966ce8f3a8cf4615&name=default HTTP/1.1" status: 200 len: 2996 time: 0.1384377
2026-05-01 02:09:31.349 10 INFO neutron.db.ovn_revision_numbers_db [req-b8f60593-debf-4b81-bbdf-1eca54fb05d9 req-123f9c8d-6719-4cb1-b079-da4ecf9bcfae 5ccaab2cb06c49a086b619465db49e33 0ce074692628455887350d86b7d39804 - - default default] Successfully bumped revision number for resource 4ac74c76-f8be-472b-8cda-baff92eae36f (type: ports) to 1
2026-05-01 02:09:31.375 10 INFO neutron.wsgi [req-b8f60593-debf-4b81-bbdf-1eca54fb05d9 req-123f9c8d-6719-4cb1-b079-da4ecf9bcfae 5ccaab2cb06c49a086b619465db49e33 0ce074692628455887350d86b7d39804 - - default default] 199.204.45.140 "POST /v2.0/ports HTTP/1.1" status: 201 len: 1158 time: 0.5837388 /var/lib/openstack/lib/python3.10/site-packages/pycadf/identifier.py:71: UserWarning: Invalid uuid: neutron. To ensure interoperability, identifiers should be a valid uuid. warnings.warn(('Invalid uuid: %s. To ensure interoperability, '
2026-05-01 02:09:31.492 9 INFO neutron.wsgi [None req-0e859fa7-56fb-43cd-a94c-cb9fe85a13fb e030986686b24837825d7f688707c6f8 c2072fa929a74d01b0585c80889d5646 - - default default] 10.0.0.244 "DELETE /v2.0/security-groups/3b455c54-826b-4252-be78-c1e7b7cf3a71 HTTP/1.1" status: 204 len: 168 time: 0.2288477
2026-05-01 02:09:31.804 10 INFO neutron.db.ovn_revision_numbers_db [req-b8f60593-debf-4b81-bbdf-1eca54fb05d9 req-293538b4-19a9-43c8-86eb-aa8b6b1c52af bdee89af079f4190a6e38113d83a464b 0eb0ed8e042f424abd6c9a83c4e0b0e0 - - 47cc34d411aa4a3ab8f0d3390e3f1bb0 47cc34d411aa4a3ab8f0d3390e3f1bb0] Successfully bumped revision number for resource 4ac74c76-f8be-472b-8cda-baff92eae36f (type: ports) to 2
2026-05-01 02:09:32.079 10 INFO neutron.db.ovn_revision_numbers_db [req-b8f60593-debf-4b81-bbdf-1eca54fb05d9 req-293538b4-19a9-43c8-86eb-aa8b6b1c52af bdee89af079f4190a6e38113d83a464b 0eb0ed8e042f424abd6c9a83c4e0b0e0 - - 47cc34d411aa4a3ab8f0d3390e3f1bb0 47cc34d411aa4a3ab8f0d3390e3f1bb0] Successfully bumped revision number for resource 4ac74c76-f8be-472b-8cda-baff92eae36f (type: ports) to 2
2026-05-01 02:09:32.097 10 INFO neutron.wsgi [req-b8f60593-debf-4b81-bbdf-1eca54fb05d9 req-293538b4-19a9-43c8-86eb-aa8b6b1c52af bdee89af079f4190a6e38113d83a464b 0eb0ed8e042f424abd6c9a83c4e0b0e0 - - 47cc34d411aa4a3ab8f0d3390e3f1bb0 47cc34d411aa4a3ab8f0d3390e3f1bb0] 199.204.45.140 "PUT /v2.0/ports/4ac74c76-f8be-472b-8cda-baff92eae36f HTTP/1.1" status: 200 len: 1376 time: 0.7126677
2026-05-01 02:09:32.134 10 INFO neutron.notifiers.nova [-] Nova event matching ['req-57bd62c4-545f-484c-9e24-48b0c1bf4163'] response: {'name': 'network-changed', 'server_uuid': 'bf34ac7d-9f68-40e7-b4c1-9511a67c0fc3', 'tag': '4ac74c76-f8be-472b-8cda-baff92eae36f', 'status': 'completed', 'code': 200} /var/lib/openstack/lib/python3.10/site-packages/pycadf/identifier.py:71: UserWarning: Invalid uuid: neutron. To ensure interoperability, identifiers should be a valid uuid. warnings.warn(('Invalid uuid: %s. To ensure interoperability, '
2026-05-01 02:09:32.187 10 INFO neutron.wsgi [req-b8f60593-debf-4b81-bbdf-1eca54fb05d9 req-6d7a6d8f-7443-48fe-b372-ccc53343a75e bdee89af079f4190a6e38113d83a464b 0eb0ed8e042f424abd6c9a83c4e0b0e0 - - 47cc34d411aa4a3ab8f0d3390e3f1bb0 47cc34d411aa4a3ab8f0d3390e3f1bb0] 199.204.45.140 "GET /v2.0/ports?tenant_id=0ce074692628455887350d86b7d39804&device_id=bf34ac7d-9f68-40e7-b4c1-9511a67c0fc3 HTTP/1.1" status: 200 len: 1407 time: 0.0445342
2026-05-01 02:09:32.223 10 INFO neutron.wsgi [req-b8f60593-debf-4b81-bbdf-1eca54fb05d9 req-3ad94057-a107-48c1-a334-bffe08916497 bdee89af079f4190a6e38113d83a464b 0eb0ed8e042f424abd6c9a83c4e0b0e0 - - 47cc34d411aa4a3ab8f0d3390e3f1bb0 47cc34d411aa4a3ab8f0d3390e3f1bb0] 199.204.45.140 "GET /v2.0/floatingips?fixed_ip_address=10.100.0.4&port_id=4ac74c76-f8be-472b-8cda-baff92eae36f HTTP/1.1" status: 200 len: 217 time: 0.0278151
2026-05-01 02:09:32.246 9 INFO neutron.wsgi [req-1dea71ad-97ea-4219-9118-888c7a0f44c2 req-47e7e176-2293-48ae-afc7-cfdf50e0b306 5ccaab2cb06c49a086b619465db49e33 0ce074692628455887350d86b7d39804 - - default default] 10.0.0.19 "GET /v2.0/ports?device_id=bf34ac7d-9f68-40e7-b4c1-9511a67c0fc3 HTTP/1.1" status: 200 len: 1168 time: 0.1081555
2026-05-01 02:09:32.263 10 INFO neutron.wsgi [req-b8f60593-debf-4b81-bbdf-1eca54fb05d9 req-ac0cd655-1249-4465-85b2-3b88dbf3cc19 bdee89af079f4190a6e38113d83a464b 0eb0ed8e042f424abd6c9a83c4e0b0e0 - - 47cc34d411aa4a3ab8f0d3390e3f1bb0 47cc34d411aa4a3ab8f0d3390e3f1bb0] 199.204.45.140 "GET /v2.0/subnets?id=2603dcdf-fc24-4726-9815-57a133ca9195 HTTP/1.1" status: 200 len: 852 time: 0.0352826
2026-05-01 02:09:32.289 10 INFO neutron.wsgi [req-b8f60593-debf-4b81-bbdf-1eca54fb05d9 req-73c55aa8-d5d4-4b66-b2af-9e2af9ea1b91 bdee89af079f4190a6e38113d83a464b 0eb0ed8e042f424abd6c9a83c4e0b0e0 - - 47cc34d411aa4a3ab8f0d3390e3f1bb0 47cc34d411aa4a3ab8f0d3390e3f1bb0] 199.204.45.140 "GET /v2.0/ports?network_id=370ef508-7127-40a8-9273-4d7e84f1e01f&device_owner=network%3Adhcp HTTP/1.1" status: 200 len: 210 time: 0.0191441
2026-05-01 02:09:32.298 9 INFO neutron.wsgi [req-1dea71ad-97ea-4219-9118-888c7a0f44c2 req-1c2ec4b9-19fd-4860-abec-f7b5530e2865 5ccaab2cb06c49a086b619465db49e33 0ce074692628455887350d86b7d39804 - - default default] 10.0.0.19 "GET /v2.0/security-groups?id=38401961-4d48-40dd-8b8b-e0bbe7adf544&fields=id&fields=name HTTP/1.1" status: 200 len: 312 time: 0.0422857
2026-05-01 02:09:32.374 10 INFO neutron.wsgi [req-b8f60593-debf-4b81-bbdf-1eca54fb05d9 req-704771c8-5128-445b-b8c1-2a9432029c3c bdee89af079f4190a6e38113d83a464b 0eb0ed8e042f424abd6c9a83c4e0b0e0 - - 47cc34d411aa4a3ab8f0d3390e3f1bb0 47cc34d411aa4a3ab8f0d3390e3f1bb0] 199.204.45.140 "GET /v2.0/networks/370ef508-7127-40a8-9273-4d7e84f1e01f?fields=segments HTTP/1.1" status: 200 len: 212 time: 0.0763700
2026-05-01 02:09:32.453 10 INFO neutron.wsgi [req-b8f60593-debf-4b81-bbdf-1eca54fb05d9 req-963b9ed8-31a3-403f-a326-498d99270cca bdee89af079f4190a6e38113d83a464b 0eb0ed8e042f424abd6c9a83c4e0b0e0 - - 47cc34d411aa4a3ab8f0d3390e3f1bb0 47cc34d411aa4a3ab8f0d3390e3f1bb0] 199.204.45.140 "GET /v2.0/networks/370ef508-7127-40a8-9273-4d7e84f1e01f?fields=provider%3Aphysical_network&fields=provider%3Anetwork_type HTTP/1.1" status: 200 len: 277 time: 0.0723107
2026-05-01 02:09:32.557 10 INFO neutron.wsgi [req-4e67d5a0-e50e-451c-8bfa-e677caac3515 req-b308024e-fd51-4d32-b1ad-a8d55833b3a6 bdee89af079f4190a6e38113d83a464b 0eb0ed8e042f424abd6c9a83c4e0b0e0 - - 47cc34d411aa4a3ab8f0d3390e3f1bb0 47cc34d411aa4a3ab8f0d3390e3f1bb0] 199.204.45.140 "GET /v2.0/ports?tenant_id=0ce074692628455887350d86b7d39804&device_id=bf34ac7d-9f68-40e7-b4c1-9511a67c0fc3 HTTP/1.1" status: 200 len: 1407 time: 0.0611074
2026-05-01 02:09:32.620 9 INFO neutron.wsgi [-] 10.0.0.25 "GET / HTTP/1.1" status: 200 len: 247 time: 0.0014124
2026-05-01 02:09:32.622 9 INFO neutron.wsgi [-] 10.0.0.25 "GET / HTTP/1.1" status: 200 len: 247 time: 0.0021625
2026-05-01 02:09:32.628 10 INFO neutron.wsgi [req-4e67d5a0-e50e-451c-8bfa-e677caac3515 req-33220d36-ffd1-420b-a1fa-44395755d37e bdee89af079f4190a6e38113d83a464b 0eb0ed8e042f424abd6c9a83c4e0b0e0 - - 47cc34d411aa4a3ab8f0d3390e3f1bb0 47cc34d411aa4a3ab8f0d3390e3f1bb0] 199.204.45.140 "GET /v2.0/networks?id=370ef508-7127-40a8-9273-4d7e84f1e01f HTTP/1.1" status: 200 len: 958 time: 0.0595698
2026-05-01 02:09:32.684 10 INFO neutron.plugins.ml2.drivers.ovn.mech_driver.mech_driver [None req-baefa63a-eed7-45ab-ae84-ad67a725750a - - - - - -] OVN reports status up for port: 4ac74c76-f8be-472b-8cda-baff92eae36f
2026-05-01 02:09:32.688 10 INFO neutron.wsgi [req-4e67d5a0-e50e-451c-8bfa-e677caac3515 req-8bc99272-562e-4321-94a2-67f9ba5024cf bdee89af079f4190a6e38113d83a464b 0eb0ed8e042f424abd6c9a83c4e0b0e0 - - 47cc34d411aa4a3ab8f0d3390e3f1bb0 47cc34d411aa4a3ab8f0d3390e3f1bb0] 199.204.45.140 "GET /v2.0/floatingips?fixed_ip_address=10.100.0.4&port_id=4ac74c76-f8be-472b-8cda-baff92eae36f HTTP/1.1" status: 200 len: 217 time: 0.0497274
2026-05-01 02:09:32.705 10 INFO neutron.plugins.ml2.plugin [None req-baefa63a-eed7-45ab-ae84-ad67a725750a - - - - - -] Attempt 1 to provision port 4ac74c76-f8be-472b-8cda-baff92eae36f
2026-05-01 02:09:32.746 10 INFO neutron.wsgi [req-4e67d5a0-e50e-451c-8bfa-e677caac3515 req-daf8c91b-77ec-4620-a467-93b355036a53 bdee89af079f4190a6e38113d83a464b 0eb0ed8e042f424abd6c9a83c4e0b0e0 - - 47cc34d411aa4a3ab8f0d3390e3f1bb0 47cc34d411aa4a3ab8f0d3390e3f1bb0] 199.204.45.140 "GET /v2.0/subnets?id=2603dcdf-fc24-4726-9815-57a133ca9195 HTTP/1.1" status: 200 len: 852 time: 0.0504847
2026-05-01 02:09:32.770 10 INFO neutron.wsgi [req-4e67d5a0-e50e-451c-8bfa-e677caac3515 req-08294099-526b-4ef4-be92-889f02b4b201 bdee89af079f4190a6e38113d83a464b 0eb0ed8e042f424abd6c9a83c4e0b0e0 - - 47cc34d411aa4a3ab8f0d3390e3f1bb0 47cc34d411aa4a3ab8f0d3390e3f1bb0] 199.204.45.140 "GET /v2.0/ports?network_id=370ef508-7127-40a8-9273-4d7e84f1e01f&device_owner=network%3Adhcp HTTP/1.1" status: 200 len: 210 time: 0.0191438
2026-05-01 02:09:32.866 10 INFO neutron.wsgi [req-4e67d5a0-e50e-451c-8bfa-e677caac3515 req-45488951-5e61-4e84-a38c-20a4c48a7bc5 bdee89af079f4190a6e38113d83a464b 0eb0ed8e042f424abd6c9a83c4e0b0e0 - - 47cc34d411aa4a3ab8f0d3390e3f1bb0 47cc34d411aa4a3ab8f0d3390e3f1bb0] 199.204.45.140 "GET /v2.0/networks/370ef508-7127-40a8-9273-4d7e84f1e01f?fields=segments HTTP/1.1" status: 200 len: 212 time: 0.0872941
2026-05-01 02:09:32.956 10 INFO neutron.wsgi [req-4e67d5a0-e50e-451c-8bfa-e677caac3515 req-6e7a0fd5-3766-4c85-91f8-51295c7e408a bdee89af079f4190a6e38113d83a464b 0eb0ed8e042f424abd6c9a83c4e0b0e0 - - 47cc34d411aa4a3ab8f0d3390e3f1bb0 47cc34d411aa4a3ab8f0d3390e3f1bb0] 199.204.45.140 "GET /v2.0/networks/370ef508-7127-40a8-9273-4d7e84f1e01f?fields=provider%3Aphysical_network&fields=provider%3Anetwork_type HTTP/1.1" status: 200 len: 277 time: 0.0835431
2026-05-01 02:09:33.075 10 INFO neutron.db.ovn_revision_numbers_db [None req-baefa63a-eed7-45ab-ae84-ad67a725750a - - - - - -] Successfully bumped revision number for resource 4ac74c76-f8be-472b-8cda-baff92eae36f (type: ports) to 4 /var/lib/openstack/lib/python3.10/site-packages/pycadf/identifier.py:71: UserWarning: Invalid uuid: neutron. To ensure interoperability, identifiers should be a valid uuid. warnings.warn(('Invalid uuid: %s. To ensure interoperability, '
2026-05-01 02:09:33.407 10 INFO neutron.wsgi [req-275472d7-f143-4c24-8c34-6911f94b06f1 req-c1b5746a-4727-4e47-81e9-d58a8250fa6a 5ccaab2cb06c49a086b619465db49e33 0ce074692628455887350d86b7d39804 - - default default] 10.0.0.19 "GET /v2.0/ports?device_id=bf34ac7d-9f68-40e7-b4c1-9511a67c0fc3 HTTP/1.1" status: 200 len: 1170 time: 0.0420697
2026-05-01 02:09:33.450 10 INFO neutron.wsgi [req-275472d7-f143-4c24-8c34-6911f94b06f1 req-0f693816-8b85-4573-b7e9-fab0587184bd 5ccaab2cb06c49a086b619465db49e33 0ce074692628455887350d86b7d39804 - - default default] 10.0.0.19 "GET /v2.0/security-groups?id=38401961-4d48-40dd-8b8b-e0bbe7adf544&fields=id&fields=name HTTP/1.1" status: 200 len: 312 time: 0.0359533
2026-05-01 02:09:33.659 9 WARNING neutron_lib.context [None req-1770e6ad-9e33-4e21-ba03-980ec7abd35d 45e0d098f4c549448590271a3564c34d 49683e6b54e8441ca0702f46e6211d51 - - default default] Method 'is_advsvc' is deprecated since 2023.2 release (neutron-lib 3.8.0) and will be removed once support for the old RBAC API policies will be removed from Neutron. Please use method 'is_service_role' instead.
2026-05-01 02:09:33.794 9 INFO neutron.db.ovn_revision_numbers_db [None req-1770e6ad-9e33-4e21-ba03-980ec7abd35d 45e0d098f4c549448590271a3564c34d 49683e6b54e8441ca0702f46e6211d51 - - default default] Successfully bumped revision number for resource dbc90ca0-4bb4-4c0e-b317-18e9f51088df (type: security_groups) to 1
2026-05-01 02:09:33.807 9 INFO neutron.db.ovn_revision_numbers_db [None req-1770e6ad-9e33-4e21-ba03-980ec7abd35d 45e0d098f4c549448590271a3564c34d 49683e6b54e8441ca0702f46e6211d51 - - default default] Successfully bumped revision number for resource 929b2c53-9cc5-4384-b2b8-1a6eb35b4dfb (type: security_group_rules) to 0
2026-05-01 02:09:33.820 9 INFO neutron.db.ovn_revision_numbers_db [None req-1770e6ad-9e33-4e21-ba03-980ec7abd35d 45e0d098f4c549448590271a3564c34d 49683e6b54e8441ca0702f46e6211d51 - - default default] Successfully bumped revision number for resource d8fc124e-2487-4dc9-a9fe-4fad9d879017 (type: security_group_rules) to 0
2026-05-01 02:09:33.832 9 INFO neutron.db.ovn_revision_numbers_db [None req-1770e6ad-9e33-4e21-ba03-980ec7abd35d 45e0d098f4c549448590271a3564c34d 49683e6b54e8441ca0702f46e6211d51 - - default default] Successfully bumped revision number for resource e5532843-a46a-40fe-af89-18c58de2aaa5 (type: security_group_rules) to 0
2026-05-01 02:09:33.845 9 INFO neutron.db.ovn_revision_numbers_db [None req-1770e6ad-9e33-4e21-ba03-980ec7abd35d 45e0d098f4c549448590271a3564c34d 49683e6b54e8441ca0702f46e6211d51 - - default default] Successfully bumped revision number for resource f0352bfd-3989-40a0-aeb3-61f0d058e96d (type: security_group_rules) to 0
2026-05-01 02:09:33.921 9 INFO neutron.db.ovn_revision_numbers_db [None req-1770e6ad-9e33-4e21-ba03-980ec7abd35d 45e0d098f4c549448590271a3564c34d 49683e6b54e8441ca0702f46e6211d51 - - default default] Successfully bumped revision number for resource ea9b19e8-fa20-401c-9f82-522f07147c52 (type: security_groups) to 1
2026-05-01 02:09:33.939 9 INFO neutron.db.ovn_revision_numbers_db [None req-1770e6ad-9e33-4e21-ba03-980ec7abd35d 45e0d098f4c549448590271a3564c34d 49683e6b54e8441ca0702f46e6211d51 - - default default] Successfully bumped revision number for resource 85e5e58b-261e-43f8-b56b-92d454bb89d5 (type: security_group_rules) to 0
2026-05-01 02:09:33.956 9 INFO neutron.db.ovn_revision_numbers_db [None req-1770e6ad-9e33-4e21-ba03-980ec7abd35d 45e0d098f4c549448590271a3564c34d 49683e6b54e8441ca0702f46e6211d51 - - default default] Successfully bumped revision number for resource cb03f25e-4430-4a01-bb58-4f390ff1c73d (type: security_group_rules) to 0
2026-05-01 02:09:33.976 9 WARNING neutron_lib.context [None req-87bd5937-2145-43bc-8643-172ef3e94d92 f76434707f7f4b7ba6ed0885ed3346e1 d3ae0009b3104f428649d963f3c53c9f - - default default] Method 'is_advsvc' is deprecated since 2023.2 release (neutron-lib 3.8.0) and will be removed once support for the old RBAC API policies will be removed from Neutron. Please use method 'is_service_role' instead.
2026-05-01 02:09:33.993 9 INFO neutron.wsgi [None req-1770e6ad-9e33-4e21-ba03-980ec7abd35d 45e0d098f4c549448590271a3564c34d 49683e6b54e8441ca0702f46e6211d51 - - default default] 10.0.0.244 "POST /v2.0/security-groups HTTP/1.1" status: 201 len: 1760 time: 0.6008327
2026-05-01 02:09:34.047 10 INFO neutron.wsgi [None req-239c397e-c797-4081-bfbf-4b29720b3e37 45e0d098f4c549448590271a3564c34d 49683e6b54e8441ca0702f46e6211d51 - - default default] 10.0.0.244 "GET /v2.0/security-groups HTTP/1.1" status: 200 len: 4538 time: 0.0491726
2026-05-01 02:09:34.113 9 INFO neutron.db.ovn_revision_numbers_db [None req-87bd5937-2145-43bc-8643-172ef3e94d92 f76434707f7f4b7ba6ed0885ed3346e1 d3ae0009b3104f428649d963f3c53c9f - - default default] Successfully bumped revision number for resource cd9122d5-fde9-41ce-8644-dcae89ed2e5b (type: security_groups) to 1
2026-05-01 02:09:34.131 9 INFO neutron.db.ovn_revision_numbers_db [None req-87bd5937-2145-43bc-8643-172ef3e94d92 f76434707f7f4b7ba6ed0885ed3346e1 d3ae0009b3104f428649d963f3c53c9f - - default default] Successfully bumped revision number for resource 50e3ba4c-3e33-4297-8aa8-1638dd7a081b (type: security_group_rules) to 0
2026-05-01 02:09:34.146 9 INFO neutron.db.ovn_revision_numbers_db [None req-87bd5937-2145-43bc-8643-172ef3e94d92 f76434707f7f4b7ba6ed0885ed3346e1 d3ae0009b3104f428649d963f3c53c9f - - default default] Successfully bumped revision number for resource 5dff4db9-3623-4a3a-a700-115e1c544435 (type: security_group_rules) to 0
2026-05-01 02:09:34.161 9 INFO neutron.db.ovn_revision_numbers_db [None req-87bd5937-2145-43bc-8643-172ef3e94d92 f76434707f7f4b7ba6ed0885ed3346e1 d3ae0009b3104f428649d963f3c53c9f - - default default] Successfully bumped revision number for resource 9fbaf580-1841-4bfa-ae2d-b192dd2412b0 (type: security_group_rules) to 0
2026-05-01 02:09:34.163 10 INFO neutron.db.ovn_revision_numbers_db [None req-e01f2433-d066-46f7-a697-468022e7839f 45e0d098f4c549448590271a3564c34d 49683e6b54e8441ca0702f46e6211d51 - - default default] Successfully bumped revision number for resource ea9b19e8-fa20-401c-9f82-522f07147c52 (type: security_groups) to 2
2026-05-01 02:09:34.167 10 INFO neutron.wsgi [None req-e01f2433-d066-46f7-a697-468022e7839f 45e0d098f4c549448590271a3564c34d 49683e6b54e8441ca0702f46e6211d51 - - default default] 10.0.0.244 "PUT /v2.0/security-groups/ea9b19e8-fa20-401c-9f82-522f07147c52 HTTP/1.1" status: 200 len: 1794 time: 0.1148241
2026-05-01 02:09:34.174 10 INFO neutron.notifiers.nova [-] Nova event matching ['req-9a86db2e-6f9c-426b-893a-0c22e8ca4480'] response: {'server_uuid': 'bf34ac7d-9f68-40e7-b4c1-9511a67c0fc3', 'name': 'network-vif-plugged', 'status': 'completed', 'tag': '4ac74c76-f8be-472b-8cda-baff92eae36f', 'code': 200}
2026-05-01 02:09:34.174 10 INFO neutron.notifiers.nova [-] Nova event matching ['req-9a86db2e-6f9c-426b-893a-0c22e8ca4480'] response: {'server_uuid': 'bf34ac7d-9f68-40e7-b4c1-9511a67c0fc3', 'name': 'network-vif-plugged', 'status': 'completed', 'tag': '4ac74c76-f8be-472b-8cda-baff92eae36f', 'code': 200}
2026-05-01 02:09:34.178 9 INFO neutron.db.ovn_revision_numbers_db [None req-87bd5937-2145-43bc-8643-172ef3e94d92 f76434707f7f4b7ba6ed0885ed3346e1 d3ae0009b3104f428649d963f3c53c9f - - default default] Successfully bumped revision number for resource e7270bcf-815a-4a9b-a53b-4330969ecd6b (type: security_group_rules) to 0
2026-05-01 02:09:34.226 10 INFO neutron.wsgi [None req-efc8be79-b7c1-47f9-9d35-6e0dc8587a49 45e0d098f4c549448590271a3564c34d 49683e6b54e8441ca0702f46e6211d51 - - default default] 10.0.0.244 "GET /v2.0/security-groups/ea9b19e8-fa20-401c-9f82-522f07147c52 HTTP/1.1" status: 200 len: 1794 time: 0.0540836
2026-05-01 02:09:34.238 9 INFO neutron.db.segments_db [None req-87bd5937-2145-43bc-8643-172ef3e94d92 f76434707f7f4b7ba6ed0885ed3346e1 d3ae0009b3104f428649d963f3c53c9f - - default default] Added segment f984aaae-415c-4f0c-ab10-22c5e745f9c6 of type geneve for network 3a0899bc-2859-4798-9f71-813f4e25d434
2026-05-01 02:09:34.264 9 WARNING neutron_lib.context [None req-46dddc29-f57a-4f59-b556-2e2343ada8f3 85c1859da92f4b4b90f3faa7496962e4 5a9259064ee544c9a7653266e6d866dd - - default default] Method 'is_advsvc' is deprecated since 2023.2 release (neutron-lib 3.8.0) and will be removed once support for the old RBAC API policies will be removed from Neutron. Please use method 'is_service_role' instead.
2026-05-01 02:09:34.350 10 INFO neutron.wsgi [None req-59547f88-ce39-4aab-a922-1b3233b3f27d 45e0d098f4c549448590271a3564c34d 49683e6b54e8441ca0702f46e6211d51 - - default default] 10.0.0.244 "DELETE /v2.0/security-groups/ea9b19e8-fa20-401c-9f82-522f07147c52 HTTP/1.1" status: 204 len: 168 time: 0.1205986
2026-05-01 02:09:34.412 10 INFO neutron.wsgi [None req-0333a6a8-50e2-44da-9fd4-95c6c4bc609a 45e0d098f4c549448590271a3564c34d 49683e6b54e8441ca0702f46e6211d51 - - default default] 10.0.0.244 "GET /v2.0/security-groups HTTP/1.1" status: 200 len: 2996 time: 0.0544960
2026-05-01 02:09:34.428 10 INFO neutron.api.v2.resource [None req-5755dc28-460b-462c-89c5-aa0caa368879 45e0d098f4c549448590271a3564c34d 49683e6b54e8441ca0702f46e6211d51 - - default default] delete failed (client error): The resource could not be found.
2026-05-01 02:09:34.429 10 INFO neutron.wsgi [None req-5755dc28-460b-462c-89c5-aa0caa368879 45e0d098f4c549448590271a3564c34d 49683e6b54e8441ca0702f46e6211d51 - - default default] 10.0.0.244 "DELETE /v2.0/security-groups/ea9b19e8-fa20-401c-9f82-522f07147c52 HTTP/1.1" status: 404 len: 347 time: 0.0124617
2026-05-01 02:09:34.444 9 INFO neutron.db.ovn_revision_numbers_db [None req-87bd5937-2145-43bc-8643-172ef3e94d92 f76434707f7f4b7ba6ed0885ed3346e1 d3ae0009b3104f428649d963f3c53c9f - - default default] Successfully bumped revision number for resource 3a0899bc-2859-4798-9f71-813f4e25d434 (type: networks) to 1
2026-05-01 02:09:34.448 10 WARNING neutron_lib.context [None req-5f9f57f5-1785-4c81-9f6d-d484478b6191 45e0d098f4c549448590271a3564c34d 49683e6b54e8441ca0702f46e6211d51 - - default default] Method 'is_advsvc' is deprecated since 2023.2 release (neutron-lib 3.8.0) and will be removed once support for the old RBAC API policies will be removed from Neutron. Please use method 'is_service_role' instead.
2026-05-01 02:09:34.571 10 INFO neutron.wsgi [req-e96f6f72-7163-4e8c-a1cf-3dfea7d24832 req-977fe63b-417f-4020-acd4-c674b560c704 5ccaab2cb06c49a086b619465db49e33 0ce074692628455887350d86b7d39804 - - default default] 10.0.0.19 "GET /v2.0/ports?device_id=bf34ac7d-9f68-40e7-b4c1-9511a67c0fc3 HTTP/1.1" status: 200 len: 1170 time: 0.0533423
2026-05-01 02:09:34.623 10 INFO neutron.db.ovn_revision_numbers_db [None req-5f9f57f5-1785-4c81-9f6d-d484478b6191 45e0d098f4c549448590271a3564c34d 49683e6b54e8441ca0702f46e6211d51 - - default default] Successfully bumped revision number for resource 2bcfe948-78dc-4326-b4be-2d6ffb08e7ff (type: security_groups) to 1
2026-05-01 02:09:34.628 10 INFO neutron.wsgi [req-e96f6f72-7163-4e8c-a1cf-3dfea7d24832 req-6120eb74-36c7-4c85-95df-436ec88db4dc 5ccaab2cb06c49a086b619465db49e33 0ce074692628455887350d86b7d39804 - - default default] 10.0.0.19 "GET /v2.0/security-groups?id=38401961-4d48-40dd-8b8b-e0bbe7adf544&fields=id&fields=name HTTP/1.1" status: 200 len: 312 time: 0.0483570
2026-05-01 02:09:34.641 10 INFO neutron.db.ovn_revision_numbers_db [None req-5f9f57f5-1785-4c81-9f6d-d484478b6191 45e0d098f4c549448590271a3564c34d 49683e6b54e8441ca0702f46e6211d51 - - default default] Successfully bumped revision number for resource 891df89b-c60b-4ef6-8c2a-aca828f090b3 (type: security_group_rules) to 0
