2026-05-01 02:06:46.355 9 INFO neutron.wsgi [req-9f009dc7-07dc-437d-a5d3-b19fd9559578 req-cdb92c54-17f2-4c6b-bdd8-e78a570c000b f407b29e457e46b2872170a474afaa66 98b0400339524d20b075bdcce91cbd43 - - default default] 199.204.45.140 "GET /v2.0/networks?id=e8a49c9a-b650-4d06-af72-6209f307ad8a HTTP/1.1" status: 200 len: 882 time: 0.0889831
2026-05-01 02:06:46.373 9 INFO neutron.wsgi [req-73994114-e2da-4fda-a438-fd54a236149d req-73609514-c310-4d03-bc48-d40e8ea49acf bdee89af079f4190a6e38113d83a464b 0eb0ed8e042f424abd6c9a83c4e0b0e0 - - 47cc34d411aa4a3ab8f0d3390e3f1bb0 47cc34d411aa4a3ab8f0d3390e3f1bb0] 199.204.45.140 "GET /v2.0/subnets?id=4a973bb0-4f7a-4b4d-9756-0b37673394e3 HTTP/1.1" status: 200 len: 872 time: 0.0296903
2026-05-01 02:06:46.423 9 INFO neutron.wsgi [req-73994114-e2da-4fda-a438-fd54a236149d req-dd3cc277-d9db-4178-9ba2-9b3479a61f5e bdee89af079f4190a6e38113d83a464b 0eb0ed8e042f424abd6c9a83c4e0b0e0 - - 47cc34d411aa4a3ab8f0d3390e3f1bb0 47cc34d411aa4a3ab8f0d3390e3f1bb0] 199.204.45.140 "GET /v2.0/ports?network_id=416bff48-dab6-4228-8a20-de9ce562fa21&device_owner=network%3Adhcp HTTP/1.1" status: 200 len: 210 time: 0.0304918
2026-05-01 02:06:46.460 9 INFO neutron.wsgi [req-9f009dc7-07dc-437d-a5d3-b19fd9559578 req-d1906762-3169-40c8-8e56-0616ca25304e f407b29e457e46b2872170a474afaa66 98b0400339524d20b075bdcce91cbd43 - - default default] 199.204.45.140 "GET /v2.0/security-groups?fields=id&fields=name&tenant_id=98b0400339524d20b075bdcce91cbd43 HTTP/1.1" status: 200 len: 380 time: 0.0690987
2026-05-01 02:06:46.480 9 WARNING neutron_lib.context [req-9f009dc7-07dc-437d-a5d3-b19fd9559578 req-b52acb5f-ccfb-4471-aeb9-50d6db4d99dd f407b29e457e46b2872170a474afaa66 98b0400339524d20b075bdcce91cbd43 - - default default] Method 'is_advsvc' is deprecated since 2023.2 release (neutron-lib 3.8.0) and will be removed once support for the old RBAC API policies will be removed from Neutron. Please use method 'is_service_role' instead.
2026-05-01 02:06:46.485 9 INFO neutron.wsgi [req-73994114-e2da-4fda-a438-fd54a236149d req-108f2d90-d0ea-43e9-ad9f-682fb093b342 bdee89af079f4190a6e38113d83a464b 0eb0ed8e042f424abd6c9a83c4e0b0e0 - - 47cc34d411aa4a3ab8f0d3390e3f1bb0 47cc34d411aa4a3ab8f0d3390e3f1bb0] 199.204.45.140 "GET /v2.0/networks/416bff48-dab6-4228-8a20-de9ce562fa21?fields=segments HTTP/1.1" status: 200 len: 212 time: 0.0583103
2026-05-01 02:06:46.563 9 INFO neutron.wsgi [req-73994114-e2da-4fda-a438-fd54a236149d req-878f9ecf-b9a2-451a-a608-27abe45fe0e3 bdee89af079f4190a6e38113d83a464b 0eb0ed8e042f424abd6c9a83c4e0b0e0 - - 47cc34d411aa4a3ab8f0d3390e3f1bb0 47cc34d411aa4a3ab8f0d3390e3f1bb0] 199.204.45.140 "GET /v2.0/networks/416bff48-dab6-4228-8a20-de9ce562fa21?fields=provider%3Aphysical_network&fields=provider%3Anetwork_type HTTP/1.1" status: 200 len: 277 time: 0.0752406
2026-05-01 02:06:46.628 10 WARNING neutron.plugins.ml2.drivers.ovn.mech_driver.ovsdb.ovn_client [None req-baefa63a-eed7-45ab-ae84-ad67a725750a - - - - - -] No hosting information found for port 63f8685d-2228-4c8e-96a2-8438efc1a850: RuntimeError: No hosting information found for port 63f8685d-2228-4c8e-96a2-8438efc1a850
2026-05-01 02:06:46.694 9 INFO neutron.wsgi [req-bd3c2ba7-2110-49fe-abd4-ab98d4383463 req-70c07834-150b-4475-9922-2a8ee5604b43 bdee89af079f4190a6e38113d83a464b 0eb0ed8e042f424abd6c9a83c4e0b0e0 - - 47cc34d411aa4a3ab8f0d3390e3f1bb0 47cc34d411aa4a3ab8f0d3390e3f1bb0] 199.204.45.140 "GET /v2.0/ports?tenant_id=f091db076b4c4fdfb84c6ccb85ab7b73&device_id=d28eabbc-147a-4343-b066-5bc095fcdcfd HTTP/1.1" status: 200 len: 1407 time: 0.0536561
2026-05-01 02:06:46.761 9 INFO neutron.wsgi [req-c7ecb0e0-f7b0-46a5-9f06-e02c9010d1dc req-3df364c9-74be-4afb-a4d1-050419daaf30 e9a5645d9a7c44de96ff9532dd23a356 e1b8eec2492e4552921dc4dff65317b5 - - default default] 10.0.0.19 "GET /v2.0/ports?device_id=2e05e4f6-1acc-484b-9b8c-2c6708bbefaf HTTP/1.1" status: 200 len: 1168 time: 0.0589023
2026-05-01 02:06:46.825 9 INFO neutron.wsgi [req-bd3c2ba7-2110-49fe-abd4-ab98d4383463 req-1c09c824-83fc-4b8c-8a4c-661533c4644d bdee89af079f4190a6e38113d83a464b 0eb0ed8e042f424abd6c9a83c4e0b0e0 - - 47cc34d411aa4a3ab8f0d3390e3f1bb0 47cc34d411aa4a3ab8f0d3390e3f1bb0] 199.204.45.140 "GET /v2.0/networks?id=416bff48-dab6-4228-8a20-de9ce562fa21 HTTP/1.1" status: 200 len: 977 time: 0.1146293
2026-05-01 02:06:46.834 10 INFO neutron.wsgi [req-32aabb3e-a18c-4905-b9f1-7db646e502d7 req-5762e467-beb3-4023-88dd-c8cc1e07f6ee 5047bcce9d67452a962f1aaee35ac53d f091db076b4c4fdfb84c6ccb85ab7b73 - - default default] 10.0.0.19 "GET /v2.0/ports?device_id=d28eabbc-147a-4343-b066-5bc095fcdcfd HTTP/1.1" status: 200 len: 1168 time: 0.0515187
2026-05-01 02:06:46.838 9 INFO neutron.wsgi [req-c7ecb0e0-f7b0-46a5-9f06-e02c9010d1dc req-bf8bed96-cad9-40a7-a040-4892facd1ba6 e9a5645d9a7c44de96ff9532dd23a356 e1b8eec2492e4552921dc4dff65317b5 - - default default] 10.0.0.19 "GET /v2.0/security-groups?id=e8ffa5b4-589d-43c6-8e17-a979144c28f6&fields=id&fields=name HTTP/1.1" status: 200 len: 286 time: 0.0672834
2026-05-01 02:06:46.860 9 INFO neutron.wsgi [req-bd3c2ba7-2110-49fe-abd4-ab98d4383463 req-520fffe1-afad-4b17-a8b6-d1ce1cf605f6 bdee89af079f4190a6e38113d83a464b 0eb0ed8e042f424abd6c9a83c4e0b0e0 - - 47cc34d411aa4a3ab8f0d3390e3f1bb0 47cc34d411aa4a3ab8f0d3390e3f1bb0] 199.204.45.140 "GET /v2.0/floatingips?fixed_ip_address=10.100.0.6&port_id=d54641f2-d2fc-4020-abde-09359526f4bd HTTP/1.1" status: 200 len: 217 time: 0.0242321
2026-05-01 02:06:46.892 10 INFO neutron.plugins.ml2.drivers.ovn.mech_driver.mech_driver [None req-baefa63a-eed7-45ab-ae84-ad67a725750a - - - - - -] OVN reports status up for port: 9274fdc7-87fb-461b-9f9f-578dd992938e
2026-05-01 02:06:46.915 10 INFO neutron.plugins.ml2.plugin [None req-baefa63a-eed7-45ab-ae84-ad67a725750a - - - - - -] Attempt 1 to provision port 9274fdc7-87fb-461b-9f9f-578dd992938e
2026-05-01 02:06:46.920 10 INFO neutron.wsgi [req-32aabb3e-a18c-4905-b9f1-7db646e502d7 req-ced4ff1c-90a5-44c8-b307-66740f6c269d 5047bcce9d67452a962f1aaee35ac53d f091db076b4c4fdfb84c6ccb85ab7b73 - - default default] 10.0.0.19 "GET /v2.0/security-groups?id=7ecaadc3-1c7d-4123-9bb4-ee367fc84af9&fields=id&fields=name HTTP/1.1" status: 200 len: 312 time: 0.0772145
2026-05-01 02:06:46.943 9 INFO neutron.wsgi [req-bd3c2ba7-2110-49fe-abd4-ab98d4383463 req-14c846a1-c190-4716-907c-b120ac77e554 bdee89af079f4190a6e38113d83a464b 0eb0ed8e042f424abd6c9a83c4e0b0e0 - - 47cc34d411aa4a3ab8f0d3390e3f1bb0 47cc34d411aa4a3ab8f0d3390e3f1bb0] 199.204.45.140 "GET /v2.0/subnets?id=4a973bb0-4f7a-4b4d-9756-0b37673394e3 HTTP/1.1" status: 200 len: 872 time: 0.0762236
2026-05-01 02:06:46.979 9 INFO neutron.wsgi [req-bd3c2ba7-2110-49fe-abd4-ab98d4383463 req-b42efc9a-dd40-4965-b66e-37a176a1e7f5 bdee89af079f4190a6e38113d83a464b 0eb0ed8e042f424abd6c9a83c4e0b0e0 - - 47cc34d411aa4a3ab8f0d3390e3f1bb0 47cc34d411aa4a3ab8f0d3390e3f1bb0] 199.204.45.140 "GET /v2.0/ports?network_id=416bff48-dab6-4228-8a20-de9ce562fa21&device_owner=network%3Adhcp HTTP/1.1" status: 200 len: 210 time: 0.0284312 /var/lib/openstack/lib/python3.10/site-packages/pycadf/identifier.py:71: UserWarning: Invalid uuid: neutron. To ensure interoperability, identifiers should be a valid uuid. warnings.warn(('Invalid uuid: %s. To ensure interoperability, '
2026-05-01 02:06:47.025 9 WARNING neutron.scheduler.dhcp_agent_scheduler [req-9f009dc7-07dc-437d-a5d3-b19fd9559578 req-b52acb5f-ccfb-4471-aeb9-50d6db4d99dd f407b29e457e46b2872170a474afaa66 98b0400339524d20b075bdcce91cbd43 - - default default] No more DHCP agents
2026-05-01 02:06:47.029 9 WARNING neutron.api.rpc.agentnotifiers.dhcp_rpc_agent_api [req-9f009dc7-07dc-437d-a5d3-b19fd9559578 req-b52acb5f-ccfb-4471-aeb9-50d6db4d99dd f407b29e457e46b2872170a474afaa66 98b0400339524d20b075bdcce91cbd43 - - default default] Unable to schedule network e8a49c9a-b650-4d06-af72-6209f307ad8a: no agents available; will retry on subsequent port and subnet creation events.
2026-05-01 02:06:47.064 9 INFO neutron.wsgi [req-bd3c2ba7-2110-49fe-abd4-ab98d4383463 req-2839cf8a-1877-4716-8e79-04b71f8ba6d6 bdee89af079f4190a6e38113d83a464b 0eb0ed8e042f424abd6c9a83c4e0b0e0 - - 47cc34d411aa4a3ab8f0d3390e3f1bb0 47cc34d411aa4a3ab8f0d3390e3f1bb0] 199.204.45.140 "GET /v2.0/networks/416bff48-dab6-4228-8a20-de9ce562fa21?fields=segments HTTP/1.1" status: 200 len: 212 time: 0.0779994 /var/lib/openstack/lib/python3.10/site-packages/pycadf/identifier.py:71: UserWarning: Invalid uuid: neutron. To ensure interoperability, identifiers should be a valid uuid. warnings.warn(('Invalid uuid: %s. To ensure interoperability, '
2026-05-01 02:06:47.145 9 INFO neutron.wsgi [req-bd3c2ba7-2110-49fe-abd4-ab98d4383463 req-116f65b3-4abb-484e-af93-5555e3044fb8 bdee89af079f4190a6e38113d83a464b 0eb0ed8e042f424abd6c9a83c4e0b0e0 - - 47cc34d411aa4a3ab8f0d3390e3f1bb0 47cc34d411aa4a3ab8f0d3390e3f1bb0] 199.204.45.140 "GET /v2.0/networks/416bff48-dab6-4228-8a20-de9ce562fa21?fields=provider%3Aphysical_network&fields=provider%3Anetwork_type HTTP/1.1" status: 200 len: 277 time: 0.0770850
2026-05-01 02:06:47.244 9 INFO neutron.db.ovn_revision_numbers_db [req-9f009dc7-07dc-437d-a5d3-b19fd9559578 req-b52acb5f-ccfb-4471-aeb9-50d6db4d99dd f407b29e457e46b2872170a474afaa66 98b0400339524d20b075bdcce91cbd43 - - default default] Successfully bumped revision number for resource 0cdfa290-506b-42b8-8eda-3c625d2c2247 (type: ports) to 1
2026-05-01 02:06:47.279 9 INFO neutron.wsgi [req-9f009dc7-07dc-437d-a5d3-b19fd9559578 req-b52acb5f-ccfb-4471-aeb9-50d6db4d99dd f407b29e457e46b2872170a474afaa66 98b0400339524d20b075bdcce91cbd43 - - default default] 199.204.45.140 "POST /v2.0/ports HTTP/1.1" status: 201 len: 1162 time: 0.8065543
2026-05-01 02:06:47.284 10 INFO neutron.db.ovn_revision_numbers_db [None req-baefa63a-eed7-45ab-ae84-ad67a725750a - - - - - -] Successfully bumped revision number for resource 9274fdc7-87fb-461b-9f9f-578dd992938e (type: ports) to 4
2026-05-01 02:06:47.472 10 INFO neutron.plugins.ml2.drivers.ovn.mech_driver.mech_driver [None req-baefa63a-eed7-45ab-ae84-ad67a725750a - - - - - -] OVN reports status up for port: d54641f2-d2fc-4020-abde-09359526f4bd
2026-05-01 02:06:47.498 10 INFO neutron.plugins.ml2.plugin [None req-baefa63a-eed7-45ab-ae84-ad67a725750a - - - - - -] Attempt 1 to provision port d54641f2-d2fc-4020-abde-09359526f4bd
2026-05-01 02:06:47.554 10 INFO neutron.notifiers.nova [-] Nova event matching ['req-e1a6c018-ef8f-42c4-aab4-8312f32222b0'] response: {'server_uuid': '2e05e4f6-1acc-484b-9b8c-2c6708bbefaf', 'name': 'network-vif-plugged', 'status': 'completed', 'tag': '9274fdc7-87fb-461b-9f9f-578dd992938e', 'code': 200}
2026-05-01 02:06:47.620 10 INFO neutron.wsgi [-] 10.0.0.25 "GET / HTTP/1.1" status: 200 len: 247 time: 0.0019028
2026-05-01 02:06:47.622 10 INFO neutron.wsgi [-] 10.0.0.25 "GET / HTTP/1.1" status: 200 len: 247 time: 0.0011950
2026-05-01 02:06:47.830 9 INFO neutron.wsgi [req-e21a7709-a019-4c7c-936e-473caa7df32f req-e37061b4-afb2-433e-88b4-88a516aa7d71 f407b29e457e46b2872170a474afaa66 98b0400339524d20b075bdcce91cbd43 - - default default] 10.0.0.19 "GET /v2.0/ports?device_id=5d4a0c4b-ac77-42f4-97fa-89a5c0ab406c HTTP/1.1" status: 200 len: 1160 time: 0.4799137
2026-05-01 02:06:47.837 10 INFO neutron.db.ovn_revision_numbers_db [None req-baefa63a-eed7-45ab-ae84-ad67a725750a - - - - - -] Successfully bumped revision number for resource d54641f2-d2fc-4020-abde-09359526f4bd (type: ports) to 4
2026-05-01 02:06:47.909 9 INFO neutron.wsgi [req-e21a7709-a019-4c7c-936e-473caa7df32f req-6161eb26-0afa-42a3-adf5-b46a7ad24edc f407b29e457e46b2872170a474afaa66 98b0400339524d20b075bdcce91cbd43 - - default default] 10.0.0.19 "GET /v2.0/security-groups?id=0437c312-be95-485b-aa22-d9484fc613a1&fields=id&fields=name HTTP/1.1" status: 200 len: 313 time: 0.0682974 /var/lib/openstack/lib/python3.10/site-packages/pycadf/identifier.py:71: UserWarning: Invalid uuid: neutron. To ensure interoperability, identifiers should be a valid uuid. warnings.warn(('Invalid uuid: %s. To ensure interoperability, '
2026-05-01 02:06:47.946 9 INFO neutron.db.ovn_revision_numbers_db [None req-c67e5a92-b682-4061-80ef-f6f314fda19b e030986686b24837825d7f688707c6f8 c2072fa929a74d01b0585c80889d5646 - - default default] Successfully bumped revision number for resource 7783c32e-cae2-42d8-a421-4f2cd48f3b8c (type: security_groups) to 1
2026-05-01 02:06:47.973 9 INFO neutron.db.ovn_revision_numbers_db [None req-c67e5a92-b682-4061-80ef-f6f314fda19b e030986686b24837825d7f688707c6f8 c2072fa929a74d01b0585c80889d5646 - - default default] Successfully bumped revision number for resource 17df5b86-ce28-488d-b878-4697905a1a1d (type: security_group_rules) to 0
2026-05-01 02:06:47.982 10 INFO neutron.wsgi [req-fc621a83-cbcd-4473-a9c8-9fe45b8cbb30 req-f3ad702e-8530-4c56-b627-d9e4c2b031ff e9a5645d9a7c44de96ff9532dd23a356 e1b8eec2492e4552921dc4dff65317b5 - - default default] 10.0.0.19 "GET /v2.0/ports?device_id=2e05e4f6-1acc-484b-9b8c-2c6708bbefaf HTTP/1.1" status: 200 len: 1170 time: 0.0563824
2026-05-01 02:06:48.010 9 INFO neutron.db.ovn_revision_numbers_db [None req-c67e5a92-b682-4061-80ef-f6f314fda19b e030986686b24837825d7f688707c6f8 c2072fa929a74d01b0585c80889d5646 - - default default] Successfully bumped revision number for resource 35d96d25-53fc-4d44-b1dc-0002f89e3ff0 (type: security_group_rules) to 0
2026-05-01 02:06:48.039 10 INFO neutron.wsgi [req-fc621a83-cbcd-4473-a9c8-9fe45b8cbb30 req-f2a1c239-e881-48ea-ac36-10df3bb86f40 e9a5645d9a7c44de96ff9532dd23a356 e1b8eec2492e4552921dc4dff65317b5 - - default default] 10.0.0.19 "GET /v2.0/security-groups?id=e8ffa5b4-589d-43c6-8e17-a979144c28f6&fields=id&fields=name HTTP/1.1" status: 200 len: 286 time: 0.0486290
2026-05-01 02:06:48.059 9 INFO neutron.db.ovn_revision_numbers_db [None req-c67e5a92-b682-4061-80ef-f6f314fda19b e030986686b24837825d7f688707c6f8 c2072fa929a74d01b0585c80889d5646 - - default default] Successfully bumped revision number for resource 3aa5b08f-b39d-41d1-ba5b-5173252075d2 (type: security_group_rules) to 0
2026-05-01 02:06:48.069 9 INFO neutron.wsgi [req-fe084074-d69d-43c2-bbbb-5fed61a2f15b req-a282b7ec-d4dd-495f-9cfc-101bf5c6c712 5047bcce9d67452a962f1aaee35ac53d f091db076b4c4fdfb84c6ccb85ab7b73 - - default default] 10.0.0.19 "GET /v2.0/ports?device_id=d28eabbc-147a-4343-b066-5bc095fcdcfd HTTP/1.1" status: 200 len: 1170 time: 0.0688777 /var/lib/openstack/lib/python3.10/site-packages/pycadf/identifier.py:71: UserWarning: Invalid uuid: neutron. To ensure interoperability, identifiers should be a valid uuid. warnings.warn(('Invalid uuid: %s. To ensure interoperability, '
2026-05-01 02:06:48.108 9 INFO neutron.db.ovn_revision_numbers_db [None req-c67e5a92-b682-4061-80ef-f6f314fda19b e030986686b24837825d7f688707c6f8 c2072fa929a74d01b0585c80889d5646 - - default default] Successfully bumped revision number for resource ccd2767a-be75-4e0e-b45e-be4a0b51b8a2 (type: security_group_rules) to 0
2026-05-01 02:06:48.157 9 INFO neutron.wsgi [req-fe084074-d69d-43c2-bbbb-5fed61a2f15b req-e7e740b9-d7ba-4c39-a139-343f0214531e 5047bcce9d67452a962f1aaee35ac53d f091db076b4c4fdfb84c6ccb85ab7b73 - - default default] 10.0.0.19 "GET /v2.0/security-groups?id=7ecaadc3-1c7d-4123-9bb4-ee367fc84af9&fields=id&fields=name HTTP/1.1" status: 200 len: 312 time: 0.0740504
2026-05-01 02:06:48.171 9 INFO neutron.db.segments_db [None req-c67e5a92-b682-4061-80ef-f6f314fda19b e030986686b24837825d7f688707c6f8 c2072fa929a74d01b0585c80889d5646 - - default default] Added segment 6d7af659-3060-44e6-b010-95927fed74c7 of type geneve for network 1f96e624-c282-4803-9367-51fa88360cd3
2026-05-01 02:06:48.317 9 INFO neutron.db.ovn_revision_numbers_db [req-9f009dc7-07dc-437d-a5d3-b19fd9559578 req-4e87beb5-f8dd-4317-aa2f-77009adea392 bdee89af079f4190a6e38113d83a464b 0eb0ed8e042f424abd6c9a83c4e0b0e0 - - 47cc34d411aa4a3ab8f0d3390e3f1bb0 47cc34d411aa4a3ab8f0d3390e3f1bb0] Successfully bumped revision number for resource 0cdfa290-506b-42b8-8eda-3c625d2c2247 (type: ports) to 2
2026-05-01 02:06:48.347 9 INFO neutron.db.ovn_revision_numbers_db [None req-c67e5a92-b682-4061-80ef-f6f314fda19b e030986686b24837825d7f688707c6f8 c2072fa929a74d01b0585c80889d5646 - - default default] Successfully bumped revision number for resource 1f96e624-c282-4803-9367-51fa88360cd3 (type: networks) to 1
2026-05-01 02:06:48.571 9 WARNING neutron.scheduler.dhcp_agent_scheduler [None req-c67e5a92-b682-4061-80ef-f6f314fda19b e030986686b24837825d7f688707c6f8 c2072fa929a74d01b0585c80889d5646 - - default default] No more DHCP agents
2026-05-01 02:06:48.575 9 WARNING neutron.api.rpc.agentnotifiers.dhcp_rpc_agent_api [None req-c67e5a92-b682-4061-80ef-f6f314fda19b e030986686b24837825d7f688707c6f8 c2072fa929a74d01b0585c80889d5646 - - default default] Unable to schedule network 1f96e624-c282-4803-9367-51fa88360cd3: no agents available; will retry on subsequent port and subnet creation events.
2026-05-01 02:06:48.616 9 INFO neutron.db.ovn_revision_numbers_db [req-9f009dc7-07dc-437d-a5d3-b19fd9559578 req-4e87beb5-f8dd-4317-aa2f-77009adea392 bdee89af079f4190a6e38113d83a464b 0eb0ed8e042f424abd6c9a83c4e0b0e0 - - 47cc34d411aa4a3ab8f0d3390e3f1bb0 47cc34d411aa4a3ab8f0d3390e3f1bb0] Successfully bumped revision number for resource 0cdfa290-506b-42b8-8eda-3c625d2c2247 (type: ports) to 2
2026-05-01 02:06:48.654 9 INFO neutron.wsgi [req-9f009dc7-07dc-437d-a5d3-b19fd9559578 req-4e87beb5-f8dd-4317-aa2f-77009adea392 bdee89af079f4190a6e38113d83a464b 0eb0ed8e042f424abd6c9a83c4e0b0e0 - - 47cc34d411aa4a3ab8f0d3390e3f1bb0 47cc34d411aa4a3ab8f0d3390e3f1bb0] 199.204.45.140 "PUT /v2.0/ports/0cdfa290-506b-42b8-8eda-3c625d2c2247 HTTP/1.1" status: 200 len: 1380 time: 1.3680625 /var/lib/openstack/lib/python3.10/site-packages/pycadf/identifier.py:71: UserWarning: Invalid uuid: neutron. To ensure interoperability, identifiers should be a valid uuid. warnings.warn(('Invalid uuid: %s. To ensure interoperability, '
2026-05-01 02:06:48.727 9 INFO neutron.notifiers.nova [-] Nova event matching ['req-16ee9bfb-53eb-4f2a-b587-b4bb328f42a3'] response: {'name': 'network-changed', 'server_uuid': '5d4a0c4b-ac77-42f4-97fa-89a5c0ab406c', 'tag': '0cdfa290-506b-42b8-8eda-3c625d2c2247', 'status': 'completed', 'code': 200}
2026-05-01 02:06:48.737 9 INFO neutron.db.ovn_revision_numbers_db [None req-c67e5a92-b682-4061-80ef-f6f314fda19b e030986686b24837825d7f688707c6f8 c2072fa929a74d01b0585c80889d5646 - - default default] Successfully bumped revision number for resource 2722f6e0-2426-496c-ad84-8bfbb9835c35 (type: ports) to 1
2026-05-01 02:06:48.758 9 INFO neutron.wsgi [req-9f009dc7-07dc-437d-a5d3-b19fd9559578 req-985d33b2-79e9-4f77-b9fb-c19fa1997e34 bdee89af079f4190a6e38113d83a464b 0eb0ed8e042f424abd6c9a83c4e0b0e0 - - 47cc34d411aa4a3ab8f0d3390e3f1bb0 47cc34d411aa4a3ab8f0d3390e3f1bb0] 199.204.45.140 "GET /v2.0/ports?tenant_id=98b0400339524d20b075bdcce91cbd43&device_id=5d4a0c4b-ac77-42f4-97fa-89a5c0ab406c HTTP/1.1" status: 200 len: 1411 time: 0.0457442
2026-05-01 02:06:48.763 9 INFO neutron.wsgi [None req-c67e5a92-b682-4061-80ef-f6f314fda19b e030986686b24837825d7f688707c6f8 c2072fa929a74d01b0585c80889d5646 - - default default] 10.0.0.244 "POST /v2.0/networks HTTP/1.1" status: 201 len: 947 time: 1.5377765
2026-05-01 02:06:48.788 9 INFO neutron.wsgi [req-9f009dc7-07dc-437d-a5d3-b19fd9559578 req-b8126c46-6a06-49d5-9a6c-78efa26abaa3 bdee89af079f4190a6e38113d83a464b 0eb0ed8e042f424abd6c9a83c4e0b0e0 - - 47cc34d411aa4a3ab8f0d3390e3f1bb0 47cc34d411aa4a3ab8f0d3390e3f1bb0] 199.204.45.140 "GET /v2.0/floatingips?fixed_ip_address=10.100.0.10&port_id=0cdfa290-506b-42b8-8eda-3c625d2c2247 HTTP/1.1" status: 200 len: 217 time: 0.0227880
2026-05-01 02:06:48.834 9 INFO neutron.wsgi [req-9f009dc7-07dc-437d-a5d3-b19fd9559578 req-558b7734-7bf4-439a-b209-89d720650b2f bdee89af079f4190a6e38113d83a464b 0eb0ed8e042f424abd6c9a83c4e0b0e0 - - 47cc34d411aa4a3ab8f0d3390e3f1bb0 47cc34d411aa4a3ab8f0d3390e3f1bb0] 199.204.45.140 "GET /v2.0/subnets?id=272dfad4-bcda-4e0b-8f59-22ce3572af14 HTTP/1.1" status: 200 len: 876 time: 0.0403361
2026-05-01 02:06:48.879 9 INFO neutron.wsgi [req-9f009dc7-07dc-437d-a5d3-b19fd9559578 req-22acde2a-2f84-4f0a-a734-91b7d65fc2c3 bdee89af079f4190a6e38113d83a464b 0eb0ed8e042f424abd6c9a83c4e0b0e0 - - 47cc34d411aa4a3ab8f0d3390e3f1bb0 47cc34d411aa4a3ab8f0d3390e3f1bb0] 199.204.45.140 "GET /v2.0/ports?network_id=e8a49c9a-b650-4d06-af72-6209f307ad8a&device_owner=network%3Adhcp HTTP/1.1" status: 200 len: 210 time: 0.0280194
2026-05-01 02:06:48.936 10 WARNING neutron.scheduler.dhcp_agent_scheduler [None req-1a7b2b2e-d0a5-40cc-9554-3d305902189b e030986686b24837825d7f688707c6f8 c2072fa929a74d01b0585c80889d5646 - - default default] No more DHCP agents
2026-05-01 02:06:48.938 10 WARNING neutron.api.rpc.agentnotifiers.dhcp_rpc_agent_api [None req-1a7b2b2e-d0a5-40cc-9554-3d305902189b e030986686b24837825d7f688707c6f8 c2072fa929a74d01b0585c80889d5646 - - default default] Unable to schedule network 1f96e624-c282-4803-9367-51fa88360cd3: no agents available; will retry on subsequent port and subnet creation events.
2026-05-01 02:06:48.949 9 INFO neutron.wsgi [req-9f009dc7-07dc-437d-a5d3-b19fd9559578 req-0521d50f-4605-4eb4-9a53-0f90ea9949ef bdee89af079f4190a6e38113d83a464b 0eb0ed8e042f424abd6c9a83c4e0b0e0 - - 47cc34d411aa4a3ab8f0d3390e3f1bb0 47cc34d411aa4a3ab8f0d3390e3f1bb0] 199.204.45.140 "GET /v2.0/networks/e8a49c9a-b650-4d06-af72-6209f307ad8a?fields=segments HTTP/1.1" status: 200 len: 212 time: 0.0598950
2026-05-01 02:06:49.033 9 INFO neutron.wsgi [req-9f009dc7-07dc-437d-a5d3-b19fd9559578 req-4863bb02-402f-421a-a066-a4b82b97b820 bdee89af079f4190a6e38113d83a464b 0eb0ed8e042f424abd6c9a83c4e0b0e0 - - 47cc34d411aa4a3ab8f0d3390e3f1bb0 47cc34d411aa4a3ab8f0d3390e3f1bb0] 199.204.45.140 "GET /v2.0/networks/e8a49c9a-b650-4d06-af72-6209f307ad8a?fields=provider%3Aphysical_network&fields=provider%3Anetwork_type HTTP/1.1" status: 200 len: 277 time: 0.0764987
2026-05-01 02:06:49.116 9 INFO neutron.wsgi [req-0452cdc2-3411-41e3-a766-e71e5cecaf63 req-579afeb5-7d73-42de-82f3-b26307108099 bdee89af079f4190a6e38113d83a464b 0eb0ed8e042f424abd6c9a83c4e0b0e0 - - 47cc34d411aa4a3ab8f0d3390e3f1bb0 47cc34d411aa4a3ab8f0d3390e3f1bb0] 199.204.45.140 "GET /v2.0/ports?tenant_id=98b0400339524d20b075bdcce91cbd43&device_id=5d4a0c4b-ac77-42f4-97fa-89a5c0ab406c HTTP/1.1" status: 200 len: 1411 time: 0.0434062
2026-05-01 02:06:49.206 10 INFO neutron.wsgi [req-0b719441-fffa-447e-8ddc-40de22e930b9 req-dbafc36b-737e-46c8-b685-76d29bfc43a4 f407b29e457e46b2872170a474afaa66 98b0400339524d20b075bdcce91cbd43 - - default default] 10.0.0.19 "GET /v2.0/ports?device_id=5d4a0c4b-ac77-42f4-97fa-89a5c0ab406c HTTP/1.1" status: 200 len: 1172 time: 0.0396242
2026-05-01 02:06:49.225 9 INFO neutron.wsgi [req-0452cdc2-3411-41e3-a766-e71e5cecaf63 req-d355a8be-7022-46dd-a824-1c583466dfe3 bdee89af079f4190a6e38113d83a464b 0eb0ed8e042f424abd6c9a83c4e0b0e0 - - 47cc34d411aa4a3ab8f0d3390e3f1bb0 47cc34d411aa4a3ab8f0d3390e3f1bb0] 199.204.45.140 "GET /v2.0/networks?id=e8a49c9a-b650-4d06-af72-6209f307ad8a HTTP/1.1" status: 200 len: 981 time: 0.0982385
2026-05-01 02:06:49.256 10 INFO neutron.plugins.ml2.drivers.ovn.mech_driver.mech_driver [None req-baefa63a-eed7-45ab-ae84-ad67a725750a - - - - - -] OVN reports status up for port: 0cdfa290-506b-42b8-8eda-3c625d2c2247
2026-05-01 02:06:49.257 9 INFO neutron.wsgi [req-f67730a5-f3b7-430b-a49f-e006ab08ef30 req-125d8fad-5e79-4418-829a-0420b33bd8fd e9a5645d9a7c44de96ff9532dd23a356 e1b8eec2492e4552921dc4dff65317b5 - - default default] 10.0.0.19 "GET /v2.0/ports?device_id=2e05e4f6-1acc-484b-9b8c-2c6708bbefaf HTTP/1.1" status: 200 len: 1170 time: 0.1209671
2026-05-01 02:06:49.284 9 INFO neutron.wsgi [req-0452cdc2-3411-41e3-a766-e71e5cecaf63 req-1d5c0897-8cbe-4ba4-be66-78a156b1071b bdee89af079f4190a6e38113d83a464b 0eb0ed8e042f424abd6c9a83c4e0b0e0 - - 47cc34d411aa4a3ab8f0d3390e3f1bb0 47cc34d411aa4a3ab8f0d3390e3f1bb0] 199.204.45.140 "GET /v2.0/floatingips?fixed_ip_address=10.100.0.10&port_id=0cdfa290-506b-42b8-8eda-3c625d2c2247 HTTP/1.1" status: 200 len: 217 time: 0.0431442
2026-05-01 02:06:49.305 10 INFO neutron.plugins.ml2.plugin [None req-baefa63a-eed7-45ab-ae84-ad67a725750a - - - - - -] Attempt 1 to provision port 0cdfa290-506b-42b8-8eda-3c625d2c2247
2026-05-01 02:06:49.311 10 INFO neutron.wsgi [req-0b719441-fffa-447e-8ddc-40de22e930b9 req-55deab79-7697-4e4e-82ee-2f272d13fbf2 f407b29e457e46b2872170a474afaa66 98b0400339524d20b075bdcce91cbd43 - - default default] 10.0.0.19 "GET /v2.0/security-groups?id=0437c312-be95-485b-aa22-d9484fc613a1&fields=id&fields=name HTTP/1.1" status: 200 len: 313 time: 0.0924306
2026-05-01 02:06:49.330 9 INFO neutron.wsgi [req-f67730a5-f3b7-430b-a49f-e006ab08ef30 req-8dc3c2d9-edfd-45cb-9045-a076110f2f8d e9a5645d9a7c44de96ff9532dd23a356 e1b8eec2492e4552921dc4dff65317b5 - - default default] 10.0.0.19 "GET /v2.0/security-groups?id=e8ffa5b4-589d-43c6-8e17-a979144c28f6&fields=id&fields=name HTTP/1.1" status: 200 len: 286 time: 0.0537174
2026-05-01 02:06:49.334 9 INFO neutron.wsgi [req-0452cdc2-3411-41e3-a766-e71e5cecaf63 req-58339d3a-ed1c-4e42-9b80-a21378e16747 bdee89af079f4190a6e38113d83a464b 0eb0ed8e042f424abd6c9a83c4e0b0e0 - - 47cc34d411aa4a3ab8f0d3390e3f1bb0 47cc34d411aa4a3ab8f0d3390e3f1bb0] 199.204.45.140 "GET /v2.0/subnets?id=272dfad4-bcda-4e0b-8f59-22ce3572af14 HTTP/1.1" status: 200 len: 876 time: 0.0347114
2026-05-01 02:06:49.376 9 INFO neutron.wsgi [req-0452cdc2-3411-41e3-a766-e71e5cecaf63 req-57a69dfe-a5fd-434e-933f-929f30fbc0ae bdee89af079f4190a6e38113d83a464b 0eb0ed8e042f424abd6c9a83c4e0b0e0 - - 47cc34d411aa4a3ab8f0d3390e3f1bb0 47cc34d411aa4a3ab8f0d3390e3f1bb0] 199.204.45.140 "GET /v2.0/ports?network_id=e8a49c9a-b650-4d06-af72-6209f307ad8a&device_owner=network%3Adhcp HTTP/1.1" status: 200 len: 210 time: 0.0298488
2026-05-01 02:06:49.437 9 INFO neutron.wsgi [req-0452cdc2-3411-41e3-a766-e71e5cecaf63 req-01e5159c-e29a-467c-bc37-25cb659631db bdee89af079f4190a6e38113d83a464b 0eb0ed8e042f424abd6c9a83c4e0b0e0 - - 47cc34d411aa4a3ab8f0d3390e3f1bb0 47cc34d411aa4a3ab8f0d3390e3f1bb0] 199.204.45.140 "GET /v2.0/networks/e8a49c9a-b650-4d06-af72-6209f307ad8a?fields=segments HTTP/1.1" status: 200 len: 212 time: 0.0554087
2026-05-01 02:06:49.531 9 INFO neutron.wsgi [req-0452cdc2-3411-41e3-a766-e71e5cecaf63 req-f11f0c0a-fa22-4cb5-8e21-62eeada6f350 bdee89af079f4190a6e38113d83a464b 0eb0ed8e042f424abd6c9a83c4e0b0e0 - - 47cc34d411aa4a3ab8f0d3390e3f1bb0 47cc34d411aa4a3ab8f0d3390e3f1bb0] 199.204.45.140 "GET /v2.0/networks/e8a49c9a-b650-4d06-af72-6209f307ad8a?fields=provider%3Aphysical_network&fields=provider%3Anetwork_type HTTP/1.1" status: 200 len: 277 time: 0.0806057
2026-05-01 02:06:49.542 10 INFO neutron.wsgi [req-224e5210-2d6c-4ea5-b83b-025f5baacdf9 req-b4911b2b-98c9-4458-a3f2-3e562f72492c 5047bcce9d67452a962f1aaee35ac53d f091db076b4c4fdfb84c6ccb85ab7b73 - - default default] 10.0.0.19 "GET /v2.0/ports?device_id=d28eabbc-147a-4343-b066-5bc095fcdcfd HTTP/1.1" status: 200 len: 1170 time: 0.1692655
2026-05-01 02:06:49.621 10 INFO neutron.wsgi [req-224e5210-2d6c-4ea5-b83b-025f5baacdf9 req-24812eea-6ad1-4886-b061-41342f7a7cf5 5047bcce9d67452a962f1aaee35ac53d f091db076b4c4fdfb84c6ccb85ab7b73 - - default default] 10.0.0.19 "GET /v2.0/security-groups?id=7ecaadc3-1c7d-4123-9bb4-ee367fc84af9&fields=id&fields=name HTTP/1.1" status: 200 len: 312 time: 0.0687654
2026-05-01 02:06:49.681 10 INFO neutron.notifiers.nova [-] Nova event matching ['req-7cf35b16-193c-4b52-b149-697fdfdd387b'] response: {'server_uuid': '2e05e4f6-1acc-484b-9b8c-2c6708bbefaf', 'name': 'network-vif-plugged', 'status': 'completed', 'tag': '9274fdc7-87fb-461b-9f9f-578dd992938e', 'code': 200}
2026-05-01 02:06:49.681 10 INFO neutron.notifiers.nova [-] Nova event matching ['req-7cf35b16-193c-4b52-b149-697fdfdd387b'] response: {'server_uuid': 'd28eabbc-147a-4343-b066-5bc095fcdcfd', 'name': 'network-vif-plugged', 'status': 'completed', 'tag': 'd54641f2-d2fc-4020-abde-09359526f4bd', 'code': 200}
2026-05-01 02:06:49.681 10 INFO neutron.notifiers.nova [-] Nova event matching ['req-7cf35b16-193c-4b52-b149-697fdfdd387b'] response: {'server_uuid': 'd28eabbc-147a-4343-b066-5bc095fcdcfd', 'name': 'network-vif-plugged', 'status': 'completed', 'tag': 'd54641f2-d2fc-4020-abde-09359526f4bd', 'code': 200}
2026-05-01 02:06:49.681 10 INFO neutron.notifiers.nova [-] Nova event matching ['req-7cf35b16-193c-4b52-b149-697fdfdd387b'] response: {'server_uuid': '5d4a0c4b-ac77-42f4-97fa-89a5c0ab406c', 'name': 'network-vif-plugged', 'status': 'completed', 'tag': '0cdfa290-506b-42b8-8eda-3c625d2c2247', 'code': 200}
2026-05-01 02:06:49.884 10 INFO neutron.db.ovn_revision_numbers_db [None req-baefa63a-eed7-45ab-ae84-ad67a725750a - - - - - -] Successfully bumped revision number for resource 0cdfa290-506b-42b8-8eda-3c625d2c2247 (type: ports) to 4
2026-05-01 02:06:49.976 10 INFO neutron.wsgi [req-9985fe1f-65f7-4edd-95e8-e6720bcca301 req-7de74df9-1f9c-436c-a6dd-007f01e729a6 e9a5645d9a7c44de96ff9532dd23a356 e1b8eec2492e4552921dc4dff65317b5 - - default default] 10.0.0.19 "GET /v2.0/ports?device_id=2e05e4f6-1acc-484b-9b8c-2c6708bbefaf HTTP/1.1" status: 200 len: 1170 time: 0.2067394
2026-05-01 02:06:49.997 10 INFO neutron.plugins.ml2.drivers.ovn.mech_driver.mech_driver [None req-baefa63a-eed7-45ab-ae84-ad67a725750a - - - - - -] OVN reports status down for port: 9274fdc7-87fb-461b-9f9f-578dd992938e
2026-05-01 02:06:50.052 10 INFO neutron.wsgi [req-9985fe1f-65f7-4edd-95e8-e6720bcca301 req-b006b519-c5a2-467b-8daf-a5799154988c e9a5645d9a7c44de96ff9532dd23a356 e1b8eec2492e4552921dc4dff65317b5 - - default default] 10.0.0.19 "GET /v2.0/security-groups?id=e8ffa5b4-589d-43c6-8e17-a979144c28f6&fields=id&fields=name HTTP/1.1" status: 200 len: 286 time: 0.0653737
2026-05-01 02:06:50.081 10 INFO neutron.db.ovn_revision_numbers_db [None req-1a7b2b2e-d0a5-40cc-9554-3d305902189b e030986686b24837825d7f688707c6f8 c2072fa929a74d01b0585c80889d5646 - - default default] Successfully bumped revision number for resource 2722f6e0-2426-496c-ad84-8bfbb9835c35 (type: ports) to 2
2026-05-01 02:06:50.124 10 INFO neutron.db.ovn_revision_numbers_db [None req-1a7b2b2e-d0a5-40cc-9554-3d305902189b e030986686b24837825d7f688707c6f8 c2072fa929a74d01b0585c80889d5646 - - default default] Successfully bumped revision number for resource 2e49fad9-1c13-42e3-bcc9-b9127ec2cf9d (type: subnets) to 0
2026-05-01 02:06:50.149 10 INFO neutron.wsgi [None req-1a7b2b2e-d0a5-40cc-9554-3d305902189b e030986686b24837825d7f688707c6f8 c2072fa929a74d01b0585c80889d5646 - - default default] 10.0.0.244 "POST /v2.0/subnets HTTP/1.1" status: 201 len: 867 time: 1.3775582 /var/lib/openstack/lib/python3.10/site-packages/pycadf/identifier.py:71: UserWarning: Invalid uuid: neutron. To ensure interoperability, identifiers should be a valid uuid. warnings.warn(('Invalid uuid: %s. To ensure interoperability, '
2026-05-01 02:06:50.183 9 INFO neutron.wsgi [req-50fc7544-c06c-40cc-bbb0-c740282e0c21 req-ac661d06-883d-4acd-b552-a23dbe9806d6 e9a5645d9a7c44de96ff9532dd23a356 e1b8eec2492e4552921dc4dff65317b5 - - default default] 199.204.45.140 "GET /v2.0/ports?device_id=2e05e4f6-1acc-484b-9b8c-2c6708bbefaf HTTP/1.1" status: 200 len: 1170 time: 0.0499566
2026-05-01 02:06:50.448 9 INFO neutron.wsgi [req-b80bfa47-6d41-4083-bd76-f5d031a94d7a req-11598d5c-4983-44c4-9f70-27948ea022b3 f407b29e457e46b2872170a474afaa66 98b0400339524d20b075bdcce91cbd43 - - default default] 10.0.0.19 "GET /v2.0/ports?device_id=5d4a0c4b-ac77-42f4-97fa-89a5c0ab406c HTTP/1.1" status: 200 len: 1174 time: 0.0541670
2026-05-01 02:06:50.474 10 INFO neutron.db.ovn_revision_numbers_db [None req-baefa63a-eed7-45ab-ae84-ad67a725750a - - - - - -] Successfully bumped revision number for resource 9274fdc7-87fb-461b-9f9f-578dd992938e (type: ports) to 5
2026-05-01 02:06:50.520 9 INFO neutron.wsgi [req-b80bfa47-6d41-4083-bd76-f5d031a94d7a req-0f87c25b-01c4-433c-8f0c-7a70d7bf1319 f407b29e457e46b2872170a474afaa66 98b0400339524d20b075bdcce91cbd43 - - default default] 10.0.0.19 "GET /v2.0/security-groups?id=0437c312-be95-485b-aa22-d9484fc613a1&fields=id&fields=name HTTP/1.1" status: 200 len: 313 time: 0.0658250
2026-05-01 02:06:50.630 9 INFO neutron.wsgi [req-50fc7544-c06c-40cc-bbb0-c740282e0c21 req-9f7328e9-0f03-4ed0-89b7-400c939e3f90 e9a5645d9a7c44de96ff9532dd23a356 e1b8eec2492e4552921dc4dff65317b5 - - default default] 199.204.45.140 "DELETE /v2.0/ports/9274fdc7-87fb-461b-9f9f-578dd992938e HTTP/1.1" status: 204 len: 173 time: 0.4397635 /var/lib/openstack/lib/python3.10/site-packages/pycadf/identifier.py:71: UserWarning: Invalid uuid: neutron. To ensure interoperability, identifiers should be a valid uuid. warnings.warn(('Invalid uuid: %s. To ensure interoperability, '
2026-05-01 02:06:50.737 10 WARNING neutron.scheduler.dhcp_agent_scheduler [None req-1bcae8fa-09be-4f8d-98c1-b47b41ae7b69 e030986686b24837825d7f688707c6f8 c2072fa929a74d01b0585c80889d5646 - - default default] No more DHCP agents
2026-05-01 02:06:50.740 10 WARNING neutron.api.rpc.agentnotifiers.dhcp_rpc_agent_api [None req-1bcae8fa-09be-4f8d-98c1-b47b41ae7b69 e030986686b24837825d7f688707c6f8 c2072fa929a74d01b0585c80889d5646 - - default default] Unable to schedule network 313972ae-5aa1-4963-9770-91655d741c19: no agents available; will retry on subsequent port and subnet creation events.
2026-05-01 02:06:50.747 10 INFO neutron.wsgi [req-11152a39-9e83-431e-bb0d-931c669ce814 req-121bb187-4c41-453e-a697-a60c13c2a87b 5047bcce9d67452a962f1aaee35ac53d f091db076b4c4fdfb84c6ccb85ab7b73 - - default default] 10.0.0.19 "GET /v2.0/ports?device_id=d28eabbc-147a-4343-b066-5bc095fcdcfd HTTP/1.1" status: 200 len: 1170 time: 0.0517657
2026-05-01 02:06:50.783 9 INFO neutron.notifiers.nova [-] Nova event matching ['req-1d904e01-450b-4599-a017-9f89b9ab14c7'] response: {'server_uuid': '2e05e4f6-1acc-484b-9b8c-2c6708bbefaf', 'name': 'network-vif-deleted', 'tag': '9274fdc7-87fb-461b-9f9f-578dd992938e', 'status': 'completed', 'code': 200}
2026-05-01 02:06:50.812 10 INFO neutron.wsgi [req-11152a39-9e83-431e-bb0d-931c669ce814 req-d9859f40-fe05-4933-8b38-6b20ea4018c7 5047bcce9d67452a962f1aaee35ac53d f091db076b4c4fdfb84c6ccb85ab7b73 - - default default] 10.0.0.19 "GET /v2.0/security-groups?id=7ecaadc3-1c7d-4123-9bb4-ee367fc84af9&fields=id&fields=name HTTP/1.1" status: 200 len: 312 time: 0.0559907
2026-05-01 02:06:51.000 9 INFO neutron.wsgi [req-be5efe53-da92-4a21-ae8d-0dd7a88d5b88 req-ee2e6644-993c-4479-960b-6f4be652eaa4 5047bcce9d67452a962f1aaee35ac53d f091db076b4c4fdfb84c6ccb85ab7b73 - - default default] 10.0.0.19 "GET /v2.0/ports?device_id=d28eabbc-147a-4343-b066-5bc095fcdcfd HTTP/1.1" status: 200 len: 1170 time: 0.1049843
2026-05-01 02:06:51.249 10 INFO neutron.db.ovn_revision_numbers_db [None req-1bcae8fa-09be-4f8d-98c1-b47b41ae7b69 e030986686b24837825d7f688707c6f8 c2072fa929a74d01b0585c80889d5646 - - default default] Successfully bumped revision number for resource c89d5058-ef52-482b-936a-7f20942904d3 (type: ports) to 1
2026-05-01 02:06:51.551 10 INFO neutron.db.l3_db [None req-3f5e9c2d-7655-4e1a-8fe1-56ab629cfe4c 5047bcce9d67452a962f1aaee35ac53d f091db076b4c4fdfb84c6ccb85ab7b73 - - default default] Floating IP a2c3ce4c-5d37-4226-aa83-38ba7ef7a20a associated. External IP: 10.96.250.210, port: d54641f2-d2fc-4020-abde-09359526f4bd.
2026-05-01 02:06:51.640 9 INFO neutron.wsgi [req-5d4b731a-4197-4a7d-bbef-aaf3b1084ec5 req-08c693bb-8ba7-43cb-9f72-7d314daf6889 f407b29e457e46b2872170a474afaa66 98b0400339524d20b075bdcce91cbd43 - - default default] 10.0.0.19 "GET /v2.0/ports?device_id=5d4a0c4b-ac77-42f4-97fa-89a5c0ab406c HTTP/1.1" status: 200 len: 1174 time: 0.0555527
2026-05-01 02:06:51.717 9 INFO neutron.wsgi [req-5d4b731a-4197-4a7d-bbef-aaf3b1084ec5 req-257a7943-8394-4af1-99f0-0fa30e3f6ff1 f407b29e457e46b2872170a474afaa66 98b0400339524d20b075bdcce91cbd43 - - default default] 10.0.0.19 "GET /v2.0/security-groups?id=0437c312-be95-485b-aa22-d9484fc613a1&fields=id&fields=name HTTP/1.1" status: 200 len: 313 time: 0.0687189
2026-05-01 02:06:51.933 10 INFO neutron.notifiers.nova [-] Nova event matching ['req-b3188a4b-bef5-4e49-8047-84b2d0b1d9fe'] response: {'server_uuid': '5d4a0c4b-ac77-42f4-97fa-89a5c0ab406c', 'name': 'network-vif-plugged', 'status': 'completed', 'tag': '0cdfa290-506b-42b8-8eda-3c625d2c2247', 'code': 200}
2026-05-01 02:06:51.934 10 INFO neutron.notifiers.nova [-] Nova event matching ['req-b3188a4b-bef5-4e49-8047-84b2d0b1d9fe'] response: {'server_uuid': '2e05e4f6-1acc-484b-9b8c-2c6708bbefaf', 'name': 'network-vif-unplugged', 'status': 'completed', 'tag': '9274fdc7-87fb-461b-9f9f-578dd992938e', 'code': 200}
2026-05-01 02:06:51.934 10 INFO neutron.notifiers.nova [-] Nova event matching ['req-b3188a4b-bef5-4e49-8047-84b2d0b1d9fe'] response: {'server_uuid': '2e05e4f6-1acc-484b-9b8c-2c6708bbefaf', 'name': 'network-vif-plugged', 'status': 'completed', 'tag': '9274fdc7-87fb-461b-9f9f-578dd992938e', 'code': 200}
2026-05-01 02:06:52.042 10 INFO neutron.wsgi [req-223e0179-18b2-4585-92b3-8db9c2e359fd req-cc3a993e-6b75-4070-8469-3b0e1ce97e01 f407b29e457e46b2872170a474afaa66 98b0400339524d20b075bdcce91cbd43 - - default default] 10.0.0.19 "GET /v2.0/ports?device_id=5d4a0c4b-ac77-42f4-97fa-89a5c0ab406c HTTP/1.1" status: 200 len: 1174 time: 0.1495767
2026-05-01 02:06:52.153 10 INFO neutron.db.ovn_revision_numbers_db [None req-3f5e9c2d-7655-4e1a-8fe1-56ab629cfe4c 5047bcce9d67452a962f1aaee35ac53d f091db076b4c4fdfb84c6ccb85ab7b73 - - default default] Successfully bumped revision number for resource a2c3ce4c-5d37-4226-aa83-38ba7ef7a20a (type: floatingips) to 1
2026-05-01 02:06:52.343 10 INFO neutron.db.ovn_revision_numbers_db [None req-3f5e9c2d-7655-4e1a-8fe1-56ab629cfe4c 5047bcce9d67452a962f1aaee35ac53d f091db076b4c4fdfb84c6ccb85ab7b73 - - default default] Successfully bumped revision number for resource a2c3ce4c-5d37-4226-aa83-38ba7ef7a20a (type: floatingips) to 2
2026-05-01 02:06:52.348 9 INFO neutron.wsgi [req-86f32d71-c6b0-4e20-a9a4-e0be223b8e5a req-bdc4d946-e140-4cd5-bf7c-fa7825b1a257 bdee89af079f4190a6e38113d83a464b 0eb0ed8e042f424abd6c9a83c4e0b0e0 - - 47cc34d411aa4a3ab8f0d3390e3f1bb0 47cc34d411aa4a3ab8f0d3390e3f1bb0] 199.204.45.140 "GET /v2.0/ports?device_id=d28eabbc-147a-4343-b066-5bc095fcdcfd&fields=binding%3Ahost_id&fields=binding%3Avif_type HTTP/1.1" status: 200 len: 265 time: 0.1027677
2026-05-01 02:06:52.376 10 INFO neutron.wsgi [None req-3f5e9c2d-7655-4e1a-8fe1-56ab629cfe4c 5047bcce9d67452a962f1aaee35ac53d f091db076b4c4fdfb84c6ccb85ab7b73 - - default default] 10.0.0.244 "PUT /v2.0/floatingips/a2c3ce4c-5d37-4226-aa83-38ba7ef7a20a HTTP/1.1" status: 200 len: 1049 time: 1.2202868
2026-05-01 02:06:52.379 10 INFO neutron.plugins.ml2.drivers.ovn.mech_driver.mech_driver [None req-baefa63a-eed7-45ab-ae84-ad67a725750a - - - - - -] OVN reports status up for port: c89d5058-ef52-482b-936a-7f20942904d3
2026-05-01 02:06:52.399 10 INFO neutron.plugins.ml2.plugin [None req-baefa63a-eed7-45ab-ae84-ad67a725750a - - - - - -] Attempt 1 to provision port c89d5058-ef52-482b-936a-7f20942904d3
2026-05-01 02:06:52.403 10 INFO neutron.plugins.ml2.drivers.ovn.mech_driver.ovsdb.ovsdb_monitor [None req-4443b495-686a-40fa-9fe4-f4e08723ee77 - - - - - -] Router ee86a46a-902e-49b8-aba2-01fe4cca9af8 is bound to host instance
2026-05-01 02:06:52.439 10 INFO neutron.db.ovn_revision_numbers_db [None req-1bcae8fa-09be-4f8d-98c1-b47b41ae7b69 e030986686b24837825d7f688707c6f8 c2072fa929a74d01b0585c80889d5646 - - default default] Successfully bumped revision number for resource c89d5058-ef52-482b-936a-7f20942904d3 (type: router_ports) to 1
2026-05-01 02:06:52.504 9 INFO neutron.db.l3_db [None req-4bb83f7c-45af-40f1-9f3a-1b11b197aec3 f407b29e457e46b2872170a474afaa66 98b0400339524d20b075bdcce91cbd43 - - default default] Floating IP 591a5ebf-e18b-45ed-bebf-0f638544a678 associated. External IP: 10.96.250.213, port: 0cdfa290-506b-42b8-8eda-3c625d2c2247.
2026-05-01 02:06:52.513 9 INFO neutron.wsgi [req-86f32d71-c6b0-4e20-a9a4-e0be223b8e5a req-4c687565-b3d9-4124-8aa2-6fd1f24e0ceb bdee89af079f4190a6e38113d83a464b 0eb0ed8e042f424abd6c9a83c4e0b0e0 - - 47cc34d411aa4a3ab8f0d3390e3f1bb0 47cc34d411aa4a3ab8f0d3390e3f1bb0] 199.204.45.140 "GET /v2.0/ports?tenant_id=f091db076b4c4fdfb84c6ccb85ab7b73&device_id=d28eabbc-147a-4343-b066-5bc095fcdcfd HTTP/1.1" status: 200 len: 1409 time: 0.0971539
2026-05-01 02:06:52.556 10 INFO neutron.db.ovn_revision_numbers_db [None req-1bcae8fa-09be-4f8d-98c1-b47b41ae7b69 e030986686b24837825d7f688707c6f8 c2072fa929a74d01b0585c80889d5646 - - default default] Successfully bumped revision number for resource ee86a46a-902e-49b8-aba2-01fe4cca9af8 (type: routers) to 2
2026-05-01 02:06:52.581 10 INFO neutron.wsgi [None req-1bcae8fa-09be-4f8d-98c1-b47b41ae7b69 e030986686b24837825d7f688707c6f8 c2072fa929a74d01b0585c80889d5646 - - default default] 10.0.0.244 "POST /v2.0/routers HTTP/1.1" status: 201 len: 878 time: 2.4256468 /var/lib/openstack/lib/python3.10/site-packages/pycadf/identifier.py:71: UserWarning: Invalid uuid: neutron. To ensure interoperability, identifiers should be a valid uuid. warnings.warn(('Invalid uuid: %s. To ensure interoperability, '
2026-05-01 02:06:52.760 9 INFO neutron.wsgi [req-e8f1235f-54f6-4c77-8b12-ae54d715eb2a req-7a1fdbbd-efc8-450c-b3a7-033529da0065 5047bcce9d67452a962f1aaee35ac53d f091db076b4c4fdfb84c6ccb85ab7b73 - - default default] 10.0.0.19 "GET /v2.0/ports?device_id=d28eabbc-147a-4343-b066-5bc095fcdcfd HTTP/1.1" status: 200 len: 1170 time: 0.3172603
2026-05-01 02:06:52.863 9 INFO neutron.wsgi [req-e8f1235f-54f6-4c77-8b12-ae54d715eb2a req-51d1d93f-ea72-4e6f-ac95-00912fd41f3f 5047bcce9d67452a962f1aaee35ac53d f091db076b4c4fdfb84c6ccb85ab7b73 - - default default] 10.0.0.19 "GET /v2.0/security-groups?id=7ecaadc3-1c7d-4123-9bb4-ee367fc84af9&fields=id&fields=name HTTP/1.1" status: 200 len: 312 time: 0.0924892
2026-05-01 02:06:52.897 9 INFO neutron.wsgi [req-86f32d71-c6b0-4e20-a9a4-e0be223b8e5a req-bb38053d-871b-4637-8cbf-788c79546e56 bdee89af079f4190a6e38113d83a464b 0eb0ed8e042f424abd6c9a83c4e0b0e0 - - 47cc34d411aa4a3ab8f0d3390e3f1bb0 47cc34d411aa4a3ab8f0d3390e3f1bb0] 199.204.45.140 "GET /v2.0/networks?id=416bff48-dab6-4228-8a20-de9ce562fa21 HTTP/1.1" status: 200 len: 977 time: 0.3546083
2026-05-01 02:06:52.984 9 INFO neutron.wsgi [req-86f32d71-c6b0-4e20-a9a4-e0be223b8e5a req-76ccfdaa-49d2-4034-8b04-58f6b0cc40d5 bdee89af079f4190a6e38113d83a464b 0eb0ed8e042f424abd6c9a83c4e0b0e0 - - 47cc34d411aa4a3ab8f0d3390e3f1bb0 47cc34d411aa4a3ab8f0d3390e3f1bb0] 199.204.45.140 "GET /v2.0/floatingips?fixed_ip_address=10.100.0.6&port_id=d54641f2-d2fc-4020-abde-09359526f4bd HTTP/1.1" status: 200 len: 1059 time: 0.0714347
2026-05-01 02:06:52.989 10 INFO neutron.db.ovn_revision_numbers_db [None req-4443b495-686a-40fa-9fe4-f4e08723ee77 - - - - - -] Successfully bumped revision number for resource c89d5058-ef52-482b-936a-7f20942904d3 (type: ports) to 1
2026-05-01 02:06:53.062 9 INFO neutron.wsgi [req-86f32d71-c6b0-4e20-a9a4-e0be223b8e5a req-d9e60637-c51b-46cd-a657-64c10f91749f bdee89af079f4190a6e38113d83a464b 0eb0ed8e042f424abd6c9a83c4e0b0e0 - - 47cc34d411aa4a3ab8f0d3390e3f1bb0 47cc34d411aa4a3ab8f0d3390e3f1bb0] 199.204.45.140 "GET /v2.0/subnets?id=4a973bb0-4f7a-4b4d-9756-0b37673394e3 HTTP/1.1" status: 200 len: 872 time: 0.0701613
2026-05-01 02:06:53.113 10 WARNING neutron.scheduler.dhcp_agent_scheduler [None req-b6a95f4c-3c51-4e19-8560-046cca2c6384 e030986686b24837825d7f688707c6f8 c2072fa929a74d01b0585c80889d5646 - - default default] No more DHCP agents
2026-05-01 02:06:53.119 10 WARNING neutron.api.rpc.agentnotifiers.dhcp_rpc_agent_api [None req-b6a95f4c-3c51-4e19-8560-046cca2c6384 e030986686b24837825d7f688707c6f8 c2072fa929a74d01b0585c80889d5646 - - default default] Unable to schedule network 1f96e624-c282-4803-9367-51fa88360cd3: no agents available; will retry on subsequent port and subnet creation events.
2026-05-01 02:06:53.155 9 INFO neutron.wsgi [req-86f32d71-c6b0-4e20-a9a4-e0be223b8e5a req-5a0c6238-4601-42cc-ae8d-b757aafe212c bdee89af079f4190a6e38113d83a464b 0eb0ed8e042f424abd6c9a83c4e0b0e0 - - 47cc34d411aa4a3ab8f0d3390e3f1bb0 47cc34d411aa4a3ab8f0d3390e3f1bb0] 199.204.45.140 "GET /v2.0/ports?network_id=416bff48-dab6-4228-8a20-de9ce562fa21&device_owner=network%3Adhcp HTTP/1.1" status: 200 len: 210 time: 0.0796227
2026-05-01 02:06:53.236 9 INFO neutron.db.ovn_revision_numbers_db [None req-4bb83f7c-45af-40f1-9f3a-1b11b197aec3 f407b29e457e46b2872170a474afaa66 98b0400339524d20b075bdcce91cbd43 - - default default] Successfully bumped revision number for resource 591a5ebf-e18b-45ed-bebf-0f638544a678 (type: floatingips) to 1
2026-05-01 02:06:53.274 9 INFO neutron.wsgi [req-86f32d71-c6b0-4e20-a9a4-e0be223b8e5a req-953aaa7d-27e6-431b-873b-02eb6d0c4791 bdee89af079f4190a6e38113d83a464b 0eb0ed8e042f424abd6c9a83c4e0b0e0 - - 47cc34d411aa4a3ab8f0d3390e3f1bb0 47cc34d411aa4a3ab8f0d3390e3f1bb0] 199.204.45.140 "GET /v2.0/networks/416bff48-dab6-4228-8a20-de9ce562fa21?fields=segments HTTP/1.1" status: 200 len: 212 time: 0.1100726
2026-05-01 02:06:53.406 9 INFO neutron.wsgi [req-86f32d71-c6b0-4e20-a9a4-e0be223b8e5a req-d33fe578-ae2e-4796-8be4-01e26ac6b0af bdee89af079f4190a6e38113d83a464b 0eb0ed8e042f424abd6c9a83c4e0b0e0 - - 47cc34d411aa4a3ab8f0d3390e3f1bb0 47cc34d411aa4a3ab8f0d3390e3f1bb0] 199.204.45.140 "GET /v2.0/networks/416bff48-dab6-4228-8a20-de9ce562fa21?fields=provider%3Aphysical_network&fields=provider%3Anetwork_type HTTP/1.1" status: 200 len: 277 time: 0.1166966
2026-05-01 02:06:53.457 9 INFO neutron.db.ovn_revision_numbers_db [None req-4bb83f7c-45af-40f1-9f3a-1b11b197aec3 f407b29e457e46b2872170a474afaa66 98b0400339524d20b075bdcce91cbd43 - - default default] Successfully bumped revision number for resource 591a5ebf-e18b-45ed-bebf-0f638544a678 (type: floatingips) to 2
2026-05-01 02:06:53.479 10 INFO neutron.wsgi [req-cb0ab606-1525-4fe4-ad9d-d13946eb0910 req-def1a922-0c38-4eec-9cf1-ffb3f9c7d917 5047bcce9d67452a962f1aaee35ac53d f091db076b4c4fdfb84c6ccb85ab7b73 - - default default] 10.0.0.19 "GET /v2.0/ports?device_id=d28eabbc-147a-4343-b066-5bc095fcdcfd HTTP/1.1" status: 200 len: 1170 time: 0.3111095
2026-05-01 02:06:53.494 9 INFO neutron.wsgi [None req-4bb83f7c-45af-40f1-9f3a-1b11b197aec3 f407b29e457e46b2872170a474afaa66 98b0400339524d20b075bdcce91cbd43 - - default default] 10.0.0.244 "PUT /v2.0/floatingips/591a5ebf-e18b-45ed-bebf-0f638544a678 HTTP/1.1" status: 200 len: 1050 time: 1.4392302
2026-05-01 02:06:53.535 10 INFO neutron.wsgi [req-cb0ab606-1525-4fe4-ad9d-d13946eb0910 req-ac935e58-246b-4219-8932-c63eafd89dbd 5047bcce9d67452a962f1aaee35ac53d f091db076b4c4fdfb84c6ccb85ab7b73 - - default default] 10.0.0.19 "GET /v2.0/security-groups?id=7ecaadc3-1c7d-4123-9bb4-ee367fc84af9&fields=id&fields=name HTTP/1.1" status: 200 len: 312 time: 0.0480938 /var/lib/openstack/lib/python3.10/site-packages/pycadf/identifier.py:71: UserWarning: Invalid uuid: neutron. To ensure interoperability, identifiers should be a valid uuid. warnings.warn(('Invalid uuid: %s. To ensure interoperability, '
2026-05-01 02:06:53.580 10 INFO neutron.db.ovn_revision_numbers_db [None req-4443b495-686a-40fa-9fe4-f4e08723ee77 - - - - - -] Successfully bumped revision number for resource c89d5058-ef52-482b-936a-7f20942904d3 (type: router_ports) to 3
2026-05-01 02:06:53.582 9 INFO neutron.wsgi [None req-d07c81ce-f2c2-45cf-86e4-b6a3e79da9fb e030986686b24837825d7f688707c6f8 c2072fa929a74d01b0585c80889d5646 - - default default] 10.0.0.244 "PUT /v2.0/routers/f26fa047-5283-4d5a-b422-1f91d34ccc5a/remove_router_interface HTTP/1.1" status: 200 len: 503 time: 2.4562593
2026-05-01 02:06:53.588 10 INFO neutron.db.ovn_revision_numbers_db [None req-b6a95f4c-3c51-4e19-8560-046cca2c6384 e030986686b24837825d7f688707c6f8 c2072fa929a74d01b0585c80889d5646 - - default default] Successfully bumped revision number for resource c364bfde-80cd-434a-a5d6-d7033dd69e5e (type: ports) to 1
2026-05-01 02:06:53.590 9 INFO neutron.notifiers.nova [-] Nova event matching ['req-ca337ec1-afc3-410a-9ead-b1b449e277ac'] response: {'name': 'network-changed', 'server_uuid': '5d4a0c4b-ac77-42f4-97fa-89a5c0ab406c', 'tag': '0cdfa290-506b-42b8-8eda-3c625d2c2247', 'status': 'completed', 'code': 200}
2026-05-01 02:06:53.603 9 INFO neutron.wsgi [req-1df25986-1cb3-409a-bb19-6fd4df2b0525 req-98b4d3da-d5f0-4af6-b10e-cc6c0e1dc99c 5047bcce9d67452a962f1aaee35ac53d f091db076b4c4fdfb84c6ccb85ab7b73 - - default default] 199.204.45.140 "GET /v2.0/ports?device_id=d28eabbc-147a-4343-b066-5bc095fcdcfd HTTP/1.1" status: 200 len: 1170 time: 0.0683646
2026-05-01 02:06:53.664 9 INFO neutron.wsgi [req-09a1f2a8-fc03-4340-b4a3-09dc6caacaa5 req-231a827d-472e-4c04-bbef-3fc6a682acef bdee89af079f4190a6e38113d83a464b 0eb0ed8e042f424abd6c9a83c4e0b0e0 - - 47cc34d411aa4a3ab8f0d3390e3f1bb0 47cc34d411aa4a3ab8f0d3390e3f1bb0] 199.204.45.140 "GET /v2.0/ports?tenant_id=98b0400339524d20b075bdcce91cbd43&device_id=5d4a0c4b-ac77-42f4-97fa-89a5c0ab406c HTTP/1.1" status: 200 len: 1413 time: 0.0599651
2026-05-01 02:06:53.727 9 INFO neutron.wsgi [req-0e9a25d3-5381-4d69-be97-159aee4e881a req-b622eee8-2d2c-4b15-a921-5a4ac89e397e f407b29e457e46b2872170a474afaa66 98b0400339524d20b075bdcce91cbd43 - - default default] 10.0.0.19 "GET /v2.0/ports?device_id=5d4a0c4b-ac77-42f4-97fa-89a5c0ab406c HTTP/1.1" status: 200 len: 1174 time: 0.1589634
2026-05-01 02:06:53.761 9 INFO neutron.wsgi [req-09a1f2a8-fc03-4340-b4a3-09dc6caacaa5 req-557ff2e3-ca43-410e-9339-a5a655038d70 bdee89af079f4190a6e38113d83a464b 0eb0ed8e042f424abd6c9a83c4e0b0e0 - - 47cc34d411aa4a3ab8f0d3390e3f1bb0 47cc34d411aa4a3ab8f0d3390e3f1bb0] 199.204.45.140 "GET /v2.0/networks?id=e8a49c9a-b650-4d06-af72-6209f307ad8a HTTP/1.1" status: 200 len: 981 time: 0.0909753
2026-05-01 02:06:53.813 9 INFO neutron.wsgi [req-0e9a25d3-5381-4d69-be97-159aee4e881a req-0abe7989-07c3-45fe-8aef-32dd3b8577be f407b29e457e46b2872170a474afaa66 98b0400339524d20b075bdcce91cbd43 - - default default] 10.0.0.19 "GET /v2.0/security-groups?id=0437c312-be95-485b-aa22-d9484fc613a1&fields=id&fields=name HTTP/1.1" status: 200 len: 313 time: 0.0768917
