2026-05-01 02:07:47.978 9 INFO neutron.db.ovn_revision_numbers_db [None req-493ce0f2-ee29-438b-8149-fc65939830e4 e030986686b24837825d7f688707c6f8 c2072fa929a74d01b0585c80889d5646 - - default default] Successfully bumped revision number for resource 940d200a-0563-4d33-a072-e0797d5156d3 (type: security_group_rules) to 0
2026-05-01 02:07:48.022 9 INFO neutron.db.segments_db [None req-493ce0f2-ee29-438b-8149-fc65939830e4 e030986686b24837825d7f688707c6f8 c2072fa929a74d01b0585c80889d5646 - - default default] Added segment 885ae56a-6c2e-47b4-a48c-80712b37565b of type geneve for network 10906f2f-52b4-4093-9fa4-708cfef12374
2026-05-01 02:07:48.053 9 WARNING neutron.scheduler.dhcp_agent_scheduler [None req-137320ae-9776-4be0-8c7d-b77991c89fcb a8b8726713eb4e089bcd1917ea2b952b ecbe2351cb914b88ab8374b9ed69ba0b - - default default] No more DHCP agents
2026-05-01 02:07:48.059 9 WARNING neutron.api.rpc.agentnotifiers.dhcp_rpc_agent_api [None req-137320ae-9776-4be0-8c7d-b77991c89fcb a8b8726713eb4e089bcd1917ea2b952b ecbe2351cb914b88ab8374b9ed69ba0b - - default default] Unable to schedule network 17c6ee66-8888-4ce8-ae1f-ba7b23fa5d4c: no agents available; will retry on subsequent port and subnet creation events.
2026-05-01 02:07:48.185 9 INFO neutron.db.ovn_revision_numbers_db [None req-137320ae-9776-4be0-8c7d-b77991c89fcb a8b8726713eb4e089bcd1917ea2b952b ecbe2351cb914b88ab8374b9ed69ba0b - - default default] Successfully bumped revision number for resource bff2a4c7-194a-4982-8fa0-cd27b1298155 (type: ports) to 1
2026-05-01 02:07:48.211 9 INFO neutron.db.ovn_revision_numbers_db [None req-493ce0f2-ee29-438b-8149-fc65939830e4 e030986686b24837825d7f688707c6f8 c2072fa929a74d01b0585c80889d5646 - - default default] Successfully bumped revision number for resource 10906f2f-52b4-4093-9fa4-708cfef12374 (type: networks) to 1
2026-05-01 02:07:48.224 9 WARNING neutron.scheduler.dhcp_agent_scheduler [None req-137320ae-9776-4be0-8c7d-b77991c89fcb a8b8726713eb4e089bcd1917ea2b952b ecbe2351cb914b88ab8374b9ed69ba0b - - default default] No more DHCP agents
2026-05-01 02:07:48.226 9 WARNING neutron.api.rpc.agentnotifiers.dhcp_rpc_agent_api [None req-137320ae-9776-4be0-8c7d-b77991c89fcb a8b8726713eb4e089bcd1917ea2b952b ecbe2351cb914b88ab8374b9ed69ba0b - - default default] Unable to schedule network a2c06131-b4e7-42ae-bb8d-777b9443e645: no agents available; will retry on subsequent port and subnet creation events.
2026-05-01 02:07:48.358 9 INFO neutron.db.ovn_revision_numbers_db [None req-137320ae-9776-4be0-8c7d-b77991c89fcb a8b8726713eb4e089bcd1917ea2b952b ecbe2351cb914b88ab8374b9ed69ba0b - - default default] Successfully bumped revision number for resource 1760cf55-bc6c-40bf-baad-7554e37858fe (type: ports) to 1
2026-05-01 02:07:48.411 9 INFO neutron.wsgi [None req-137320ae-9776-4be0-8c7d-b77991c89fcb a8b8726713eb4e089bcd1917ea2b952b ecbe2351cb914b88ab8374b9ed69ba0b - - default default] 10.0.0.244 "POST /v2.0/ports HTTP/1.1" status: 201 len: 1706 time: 0.9080031 /var/lib/openstack/lib/python3.10/site-packages/pycadf/identifier.py:71: UserWarning: Invalid uuid: neutron. To ensure interoperability, identifiers should be a valid uuid. warnings.warn(('Invalid uuid: %s. To ensure interoperability, '
2026-05-01 02:07:48.485 9 WARNING neutron.scheduler.dhcp_agent_scheduler [None req-493ce0f2-ee29-438b-8149-fc65939830e4 e030986686b24837825d7f688707c6f8 c2072fa929a74d01b0585c80889d5646 - - default default] No more DHCP agents
2026-05-01 02:07:48.487 9 WARNING neutron.api.rpc.agentnotifiers.dhcp_rpc_agent_api [None req-493ce0f2-ee29-438b-8149-fc65939830e4 e030986686b24837825d7f688707c6f8 c2072fa929a74d01b0585c80889d5646 - - default default] Unable to schedule network 10906f2f-52b4-4093-9fa4-708cfef12374: no agents available; will retry on subsequent port and subnet creation events.
2026-05-01 02:07:48.627 9 INFO neutron.wsgi [None req-87f97482-4519-4407-8c19-b1211da96e52 a8b8726713eb4e089bcd1917ea2b952b ecbe2351cb914b88ab8374b9ed69ba0b - - default default] 10.0.0.244 "GET /v2.0/ports HTTP/1.1" status: 200 len: 3213 time: 0.2095962
2026-05-01 02:07:48.633 9 INFO neutron.db.ovn_revision_numbers_db [None req-493ce0f2-ee29-438b-8149-fc65939830e4 e030986686b24837825d7f688707c6f8 c2072fa929a74d01b0585c80889d5646 - - default default] Successfully bumped revision number for resource bcbc728a-ecd3-4edc-b8c9-2eecf672e10f (type: ports) to 1
2026-05-01 02:07:48.659 10 WARNING neutron_lib.context [None req-8a8fa9f8-3626-4f54-8638-f88f1319196b 6ed4fd78ce544a39a9f064addcee0d6f c063dc42f9a5432bb81dceacf7e9b029 - - default default] Method 'is_advsvc' is deprecated since 2023.2 release (neutron-lib 3.8.0) and will be removed once support for the old RBAC API policies will be removed from Neutron. Please use method 'is_service_role' instead.
2026-05-01 02:07:48.659 10 WARNING neutron_lib.context [None req-8a8fa9f8-3626-4f54-8638-f88f1319196b 6ed4fd78ce544a39a9f064addcee0d6f c063dc42f9a5432bb81dceacf7e9b029 - - default default] Method 'is_advsvc' is deprecated since 2023.2 release (neutron-lib 3.8.0) and will be removed once support for the old RBAC API policies will be removed from Neutron. Please use method 'is_service_role' instead.
2026-05-01 02:07:48.665 9 INFO neutron.wsgi [None req-493ce0f2-ee29-438b-8149-fc65939830e4 e030986686b24837825d7f688707c6f8 c2072fa929a74d01b0585c80889d5646 - - default default] 10.0.0.244 "POST /v2.0/networks HTTP/1.1" status: 201 len: 945 time: 1.1419380
2026-05-01 02:07:48.859 9 WARNING neutron.scheduler.dhcp_agent_scheduler [None req-ace61297-b69d-4cf4-b6aa-9a81666fe56c e030986686b24837825d7f688707c6f8 c2072fa929a74d01b0585c80889d5646 - - default default] No more DHCP agents
2026-05-01 02:07:48.862 9 WARNING neutron.api.rpc.agentnotifiers.dhcp_rpc_agent_api [None req-ace61297-b69d-4cf4-b6aa-9a81666fe56c e030986686b24837825d7f688707c6f8 c2072fa929a74d01b0585c80889d5646 - - default default] Unable to schedule network 10906f2f-52b4-4093-9fa4-708cfef12374: no agents available; will retry on subsequent port and subnet creation events.
2026-05-01 02:07:48.928 10 INFO neutron.db.ovn_revision_numbers_db [None req-8a8fa9f8-3626-4f54-8638-f88f1319196b 6ed4fd78ce544a39a9f064addcee0d6f c063dc42f9a5432bb81dceacf7e9b029 - - default default] Successfully bumped revision number for resource e4ff8aeb-94e4-412f-8faa-fdb1196e962e (type: security_groups) to 1
2026-05-01 02:07:48.949 10 INFO neutron.db.ovn_revision_numbers_db [None req-8a8fa9f8-3626-4f54-8638-f88f1319196b 6ed4fd78ce544a39a9f064addcee0d6f c063dc42f9a5432bb81dceacf7e9b029 - - default default] Successfully bumped revision number for resource 5a86034a-140f-42de-a040-b0ac490ff433 (type: security_group_rules) to 0
2026-05-01 02:07:48.976 10 INFO neutron.db.ovn_revision_numbers_db [None req-8a8fa9f8-3626-4f54-8638-f88f1319196b 6ed4fd78ce544a39a9f064addcee0d6f c063dc42f9a5432bb81dceacf7e9b029 - - default default] Successfully bumped revision number for resource 95eb4436-fb63-4198-bf7b-d0d4200d73c3 (type: security_group_rules) to 0
2026-05-01 02:07:48.991 10 INFO neutron.db.ovn_revision_numbers_db [None req-8a8fa9f8-3626-4f54-8638-f88f1319196b 6ed4fd78ce544a39a9f064addcee0d6f c063dc42f9a5432bb81dceacf7e9b029 - - default default] Successfully bumped revision number for resource a049e56e-363a-4de3-b55b-59d0f0fc1ca3 (type: security_group_rules) to 0
2026-05-01 02:07:48.998 10 INFO neutron.wsgi [None req-9c5f6c2d-4875-40f0-801d-99ce70b3236f a8b8726713eb4e089bcd1917ea2b952b ecbe2351cb914b88ab8374b9ed69ba0b - - default default] 10.0.0.244 "DELETE /v2.0/ports/bff2a4c7-194a-4982-8fa0-cd27b1298155 HTTP/1.1" status: 204 len: 168 time: 0.3635356
2026-05-01 02:07:49.009 10 INFO neutron.db.ovn_revision_numbers_db [None req-8a8fa9f8-3626-4f54-8638-f88f1319196b 6ed4fd78ce544a39a9f064addcee0d6f c063dc42f9a5432bb81dceacf7e9b029 - - default default] Successfully bumped revision number for resource e4b37e7a-83f4-4f3f-b3e4-16dafff43877 (type: security_group_rules) to 0
2026-05-01 02:07:49.090 10 INFO neutron.db.segments_db [None req-8a8fa9f8-3626-4f54-8638-f88f1319196b 6ed4fd78ce544a39a9f064addcee0d6f c063dc42f9a5432bb81dceacf7e9b029 - - default default] Added segment 75c627b7-b4fd-4f3e-bcb6-7b3b49ed51ad of type geneve for network 9224a0ab-f908-49c5-92ca-730c30efe8b8
2026-05-01 02:07:49.225 10 INFO neutron.db.segments_db [None req-8a8fa9f8-3626-4f54-8638-f88f1319196b 6ed4fd78ce544a39a9f064addcee0d6f c063dc42f9a5432bb81dceacf7e9b029 - - default default] Added segment ca1883ac-e7f4-46ce-8152-36188c11d307 of type geneve for network 3b77324b-a18a-4fe8-9efc-1b9e043261a5
2026-05-01 02:07:49.376 10 INFO neutron.db.ovn_revision_numbers_db [None req-8a8fa9f8-3626-4f54-8638-f88f1319196b 6ed4fd78ce544a39a9f064addcee0d6f c063dc42f9a5432bb81dceacf7e9b029 - - default default] Successfully bumped revision number for resource 9224a0ab-f908-49c5-92ca-730c30efe8b8 (type: networks) to 1
2026-05-01 02:07:49.381 9 INFO neutron.wsgi [None req-05e95bd5-b3b3-4445-aa90-885be8a73ce0 a8b8726713eb4e089bcd1917ea2b952b ecbe2351cb914b88ab8374b9ed69ba0b - - default default] 10.0.0.244 "DELETE /v2.0/ports/1760cf55-bc6c-40bf-baad-7554e37858fe HTTP/1.1" status: 204 len: 168 time: 0.3653772
2026-05-01 02:07:49.424 9 INFO neutron.wsgi [None req-43ed8b77-c4c4-4f89-bbae-62adebfa3b84 a8b8726713eb4e089bcd1917ea2b952b ecbe2351cb914b88ab8374b9ed69ba0b - - default default] 10.0.0.244 "GET /v2.0/ports HTTP/1.1" status: 200 len: 1718 time: 0.0387449
2026-05-01 02:07:49.434 9 WARNING neutron_lib.context [None req-ed221fe3-c4ad-4ba2-8109-7af96318d35c a8b8726713eb4e089bcd1917ea2b952b ecbe2351cb914b88ab8374b9ed69ba0b - - default default] Method 'is_advsvc' is deprecated since 2023.2 release (neutron-lib 3.8.0) and will be removed once support for the old RBAC API policies will be removed from Neutron. Please use method 'is_service_role' instead.
2026-05-01 02:07:49.516 9 INFO neutron.db.ovn_revision_numbers_db [None req-ace61297-b69d-4cf4-b6aa-9a81666fe56c e030986686b24837825d7f688707c6f8 c2072fa929a74d01b0585c80889d5646 - - default default] Successfully bumped revision number for resource bcbc728a-ecd3-4edc-b8c9-2eecf672e10f (type: ports) to 2
2026-05-01 02:07:49.571 9 INFO neutron.db.segments_db [None req-ed221fe3-c4ad-4ba2-8109-7af96318d35c a8b8726713eb4e089bcd1917ea2b952b ecbe2351cb914b88ab8374b9ed69ba0b - - default default] Added segment c2248699-70fc-4ba5-99ed-52419eb6a7b1 of type geneve for network 83f11664-82e3-4e20-811c-d10a791f753e
2026-05-01 02:07:49.576 10 WARNING neutron.scheduler.dhcp_agent_scheduler [None req-8a8fa9f8-3626-4f54-8638-f88f1319196b 6ed4fd78ce544a39a9f064addcee0d6f c063dc42f9a5432bb81dceacf7e9b029 - - default default] No more DHCP agents
2026-05-01 02:07:49.578 10 WARNING neutron.api.rpc.agentnotifiers.dhcp_rpc_agent_api [None req-8a8fa9f8-3626-4f54-8638-f88f1319196b 6ed4fd78ce544a39a9f064addcee0d6f c063dc42f9a5432bb81dceacf7e9b029 - - default default] Unable to schedule network 9224a0ab-f908-49c5-92ca-730c30efe8b8: no agents available; will retry on subsequent port and subnet creation events.
2026-05-01 02:07:49.598 9 INFO neutron.db.ovn_revision_numbers_db [None req-ace61297-b69d-4cf4-b6aa-9a81666fe56c e030986686b24837825d7f688707c6f8 c2072fa929a74d01b0585c80889d5646 - - default default] Successfully bumped revision number for resource 1b7af6b8-2d6c-4d5d-b11c-d6976d24bf9a (type: subnets) to 0
2026-05-01 02:07:49.624 9 INFO neutron.wsgi [None req-ace61297-b69d-4cf4-b6aa-9a81666fe56c e030986686b24837825d7f688707c6f8 c2072fa929a74d01b0585c80889d5646 - - default default] 10.0.0.244 "POST /v2.0/subnets HTTP/1.1" status: 201 len: 865 time: 0.9425194
2026-05-01 02:07:49.663 10 INFO neutron.db.ovn_revision_numbers_db [None req-8a8fa9f8-3626-4f54-8638-f88f1319196b 6ed4fd78ce544a39a9f064addcee0d6f c063dc42f9a5432bb81dceacf7e9b029 - - default default] Successfully bumped revision number for resource 14672165-6d9c-4792-bb6c-e3fb27cd5392 (type: ports) to 1
2026-05-01 02:07:49.748 10 INFO neutron.db.ovn_revision_numbers_db [None req-8a8fa9f8-3626-4f54-8638-f88f1319196b 6ed4fd78ce544a39a9f064addcee0d6f c063dc42f9a5432bb81dceacf7e9b029 - - default default] Successfully bumped revision number for resource 3b77324b-a18a-4fe8-9efc-1b9e043261a5 (type: networks) to 1
2026-05-01 02:07:49.794 9 INFO neutron.db.ovn_revision_numbers_db [None req-ed221fe3-c4ad-4ba2-8109-7af96318d35c a8b8726713eb4e089bcd1917ea2b952b ecbe2351cb914b88ab8374b9ed69ba0b - - default default] Successfully bumped revision number for resource 83f11664-82e3-4e20-811c-d10a791f753e (type: networks) to 1
2026-05-01 02:07:49.916 10 WARNING neutron.scheduler.dhcp_agent_scheduler [None req-8a8fa9f8-3626-4f54-8638-f88f1319196b 6ed4fd78ce544a39a9f064addcee0d6f c063dc42f9a5432bb81dceacf7e9b029 - - default default] No more DHCP agents
2026-05-01 02:07:49.918 10 WARNING neutron.api.rpc.agentnotifiers.dhcp_rpc_agent_api [None req-8a8fa9f8-3626-4f54-8638-f88f1319196b 6ed4fd78ce544a39a9f064addcee0d6f c063dc42f9a5432bb81dceacf7e9b029 - - default default] Unable to schedule network 3b77324b-a18a-4fe8-9efc-1b9e043261a5: no agents available; will retry on subsequent port and subnet creation events.
2026-05-01 02:07:50.002 10 INFO neutron.db.ovn_revision_numbers_db [None req-8a8fa9f8-3626-4f54-8638-f88f1319196b 6ed4fd78ce544a39a9f064addcee0d6f c063dc42f9a5432bb81dceacf7e9b029 - - default default] Successfully bumped revision number for resource 76ce2542-6599-49dc-899a-ca723a5921b3 (type: ports) to 1
2026-05-01 02:07:50.024 10 INFO neutron.wsgi [None req-8a8fa9f8-3626-4f54-8638-f88f1319196b 6ed4fd78ce544a39a9f064addcee0d6f c063dc42f9a5432bb81dceacf7e9b029 - - default default] 10.0.0.244 "POST /v2.0/networks HTTP/1.1" status: 201 len: 1445 time: 1.5163629
2026-05-01 02:07:50.101 10 INFO neutron.wsgi [None req-cdc75dce-fb5a-4150-bdec-a7371a7eece7 6ed4fd78ce544a39a9f064addcee0d6f c063dc42f9a5432bb81dceacf7e9b029 - - default default] 10.0.0.244 "GET /v2.0/networks HTTP/1.1" status: 200 len: 2051 time: 0.0716484
2026-05-01 02:07:50.283 9 WARNING neutron.scheduler.dhcp_agent_scheduler [None req-ed221fe3-c4ad-4ba2-8109-7af96318d35c a8b8726713eb4e089bcd1917ea2b952b ecbe2351cb914b88ab8374b9ed69ba0b - - default default] No more DHCP agents
2026-05-01 02:07:50.287 9 WARNING neutron.api.rpc.agentnotifiers.dhcp_rpc_agent_api [None req-ed221fe3-c4ad-4ba2-8109-7af96318d35c a8b8726713eb4e089bcd1917ea2b952b ecbe2351cb914b88ab8374b9ed69ba0b - - default default] Unable to schedule network 83f11664-82e3-4e20-811c-d10a791f753e: no agents available; will retry on subsequent port and subnet creation events.
2026-05-01 02:07:50.382 9 INFO neutron.db.ovn_revision_numbers_db [None req-e767829f-697d-4736-9980-7a389b8768b7 e030986686b24837825d7f688707c6f8 c2072fa929a74d01b0585c80889d5646 - - default default] Successfully bumped revision number for resource d78445bc-ea9f-46cc-b521-342f17dbd92a (type: security_groups) to 1
2026-05-01 02:07:50.411 9 INFO neutron.db.ovn_revision_numbers_db [None req-e767829f-697d-4736-9980-7a389b8768b7 e030986686b24837825d7f688707c6f8 c2072fa929a74d01b0585c80889d5646 - - default default] Successfully bumped revision number for resource 343c739d-e0db-4d8a-bbce-3d41f24aaa83 (type: security_group_rules) to 0
2026-05-01 02:07:50.421 9 INFO neutron.db.ovn_revision_numbers_db [None req-ed221fe3-c4ad-4ba2-8109-7af96318d35c a8b8726713eb4e089bcd1917ea2b952b ecbe2351cb914b88ab8374b9ed69ba0b - - default default] Successfully bumped revision number for resource b8e63da0-5814-43d8-9f91-1b047ba1d4ac (type: ports) to 1
2026-05-01 02:07:50.435 10 INFO neutron.services.segments.plugin [-] Segment 75c627b7-b4fd-4f3e-bcb6-7b3b49ed51ad resource provider aggregate not found
2026-05-01 02:07:50.436 9 INFO neutron.db.ovn_revision_numbers_db [None req-e767829f-697d-4736-9980-7a389b8768b7 e030986686b24837825d7f688707c6f8 c2072fa929a74d01b0585c80889d5646 - - default default] Successfully bumped revision number for resource 713228b3-cc12-49b9-af1d-6a3f7222a10f (type: security_group_rules) to 0
2026-05-01 02:07:50.441 10 INFO neutron.services.segments.plugin [-] Segment 75c627b7-b4fd-4f3e-bcb6-7b3b49ed51ad resource provider aggregate not found
2026-05-01 02:07:50.453 9 INFO neutron.db.ovn_revision_numbers_db [None req-e767829f-697d-4736-9980-7a389b8768b7 e030986686b24837825d7f688707c6f8 c2072fa929a74d01b0585c80889d5646 - - default default] Successfully bumped revision number for resource 7a815ed9-173d-4407-b465-7cfbcba86836 (type: security_group_rules) to 0
2026-05-01 02:07:50.453 10 INFO neutron.services.segments.plugin [-] Segment 75c627b7-b4fd-4f3e-bcb6-7b3b49ed51ad resource provider not found; error: Placement Client Error (4xx): {"errors": [{"status": 404, "title": "Not Found", "detail": "The resource could not be found.\n\n No resource provider with uuid 75c627b7-b4fd-4f3e-bcb6-7b3b49ed51ad found for delete ", "request_id": "req-09eeffaf-4aea-4bf6-bf0c-1e4c3462772a"}]}
2026-05-01 02:07:50.456 10 INFO neutron.services.segments.plugin [-] Segment 75c627b7-b4fd-4f3e-bcb6-7b3b49ed51ad resource provider not found; error: Placement Client Error (4xx): {"errors": [{"status": 404, "title": "Not Found", "detail": "The resource could not be found.\n\n No resource provider with uuid 75c627b7-b4fd-4f3e-bcb6-7b3b49ed51ad found for delete ", "request_id": "req-ebec50f6-d974-4fe4-9298-814ef06bde70"}]}
2026-05-01 02:07:50.459 9 INFO neutron.wsgi [None req-ed221fe3-c4ad-4ba2-8109-7af96318d35c a8b8726713eb4e089bcd1917ea2b952b ecbe2351cb914b88ab8374b9ed69ba0b - - default default] 10.0.0.244 "POST /v2.0/networks HTTP/1.1" status: 201 len: 852 time: 1.0299249
2026-05-01 02:07:50.470 10 WARNING neutron_lib.context [None req-6a442ee7-cdf1-47cb-be11-40734474e305 a8b8726713eb4e089bcd1917ea2b952b ecbe2351cb914b88ab8374b9ed69ba0b - - default default] Method 'is_advsvc' is deprecated since 2023.2 release (neutron-lib 3.8.0) and will be removed once support for the old RBAC API policies will be removed from Neutron. Please use method 'is_service_role' instead.
2026-05-01 02:07:50.480 10 INFO neutron.wsgi [None req-de367dd0-2071-4259-bf2f-a438d0392370 6ed4fd78ce544a39a9f064addcee0d6f c063dc42f9a5432bb81dceacf7e9b029 - - default default] 10.0.0.244 "DELETE /v2.0/networks/9224a0ab-f908-49c5-92ca-730c30efe8b8 HTTP/1.1" status: 204 len: 168 time: 0.3759749
2026-05-01 02:07:50.481 9 INFO neutron.db.ovn_revision_numbers_db [None req-e767829f-697d-4736-9980-7a389b8768b7 e030986686b24837825d7f688707c6f8 c2072fa929a74d01b0585c80889d5646 - - default default] Successfully bumped revision number for resource a45d64f7-892c-4a21-8c60-e7638dcba248 (type: security_group_rules) to 0
2026-05-01 02:07:50.495 9 WARNING neutron.scheduler.dhcp_agent_scheduler [None req-903e5f6c-fbbd-4d85-ac2d-456d3826a2b7 e030986686b24837825d7f688707c6f8 c2072fa929a74d01b0585c80889d5646 - - default default] No more DHCP agents
2026-05-01 02:07:50.503 9 WARNING neutron.api.rpc.agentnotifiers.dhcp_rpc_agent_api [None req-903e5f6c-fbbd-4d85-ac2d-456d3826a2b7 e030986686b24837825d7f688707c6f8 c2072fa929a74d01b0585c80889d5646 - - default default] Unable to schedule network 313972ae-5aa1-4963-9770-91655d741c19: no agents available; will retry on subsequent port and subnet creation events.
2026-05-01 02:07:50.509 9 INFO neutron.wsgi [None req-e767829f-697d-4736-9980-7a389b8768b7 e030986686b24837825d7f688707c6f8 c2072fa929a74d01b0585c80889d5646 - - default default] 10.0.0.244 "GET /v2.0/security-groups?tenant_id=ec5eb789471141cebd0a2db50e2b8935&name=default HTTP/1.1" status: 200 len: 2996 time: 0.6375806
2026-05-01 02:07:50.568 10 INFO neutron.db.segments_db [None req-6a442ee7-cdf1-47cb-be11-40734474e305 a8b8726713eb4e089bcd1917ea2b952b ecbe2351cb914b88ab8374b9ed69ba0b - - default default] Added segment 7614948c-8461-4eea-9b1c-4661354c2b9d of type geneve for network 28191002-7c7b-43f2-9c7d-c93d1d5bd1ec
2026-05-01 02:07:50.683 9 INFO neutron.db.ovn_revision_numbers_db [None req-903e5f6c-fbbd-4d85-ac2d-456d3826a2b7 e030986686b24837825d7f688707c6f8 c2072fa929a74d01b0585c80889d5646 - - default default] Successfully bumped revision number for resource ecd447dd-bc45-40cf-b704-0fea0034d694 (type: ports) to 1
2026-05-01 02:07:50.766 10 INFO neutron.db.ovn_revision_numbers_db [None req-6a442ee7-cdf1-47cb-be11-40734474e305 a8b8726713eb4e089bcd1917ea2b952b ecbe2351cb914b88ab8374b9ed69ba0b - - default default] Successfully bumped revision number for resource 28191002-7c7b-43f2-9c7d-c93d1d5bd1ec (type: networks) to 1
2026-05-01 02:07:50.772 9 INFO neutron.wsgi [None req-09d935e9-ffef-4454-85b5-9112dad6c95c e030986686b24837825d7f688707c6f8 c2072fa929a74d01b0585c80889d5646 - - default default] 10.0.0.244 "DELETE /v2.0/security-groups/d78445bc-ea9f-46cc-b521-342f17dbd92a HTTP/1.1" status: 204 len: 168 time: 0.2564249
2026-05-01 02:07:50.970 10 WARNING neutron.scheduler.dhcp_agent_scheduler [None req-6a442ee7-cdf1-47cb-be11-40734474e305 a8b8726713eb4e089bcd1917ea2b952b ecbe2351cb914b88ab8374b9ed69ba0b - - default default] No more DHCP agents
2026-05-01 02:07:50.974 10 WARNING neutron.api.rpc.agentnotifiers.dhcp_rpc_agent_api [None req-6a442ee7-cdf1-47cb-be11-40734474e305 a8b8726713eb4e089bcd1917ea2b952b ecbe2351cb914b88ab8374b9ed69ba0b - - default default] Unable to schedule network 28191002-7c7b-43f2-9c7d-c93d1d5bd1ec: no agents available; will retry on subsequent port and subnet creation events.
2026-05-01 02:07:51.015 10 INFO neutron.wsgi [None req-1bff0d00-da69-443b-96ff-e65f0b592844 6ed4fd78ce544a39a9f064addcee0d6f c063dc42f9a5432bb81dceacf7e9b029 - - default default] 10.0.0.244 "DELETE /v2.0/networks/3b77324b-a18a-4fe8-9efc-1b9e043261a5 HTTP/1.1" status: 204 len: 168 time: 0.5280380
2026-05-01 02:07:51.015 9 INFO neutron.db.ovn_revision_numbers_db [None req-13d506d8-6d52-4490-8ead-8dab08aec948 e030986686b24837825d7f688707c6f8 c2072fa929a74d01b0585c80889d5646 - - default default] Successfully bumped revision number for resource fa56eeef-c794-4ba6-a8f9-1888ab12543b (type: security_groups) to 1
2026-05-01 02:07:51.043 9 INFO neutron.db.ovn_revision_numbers_db [None req-13d506d8-6d52-4490-8ead-8dab08aec948 e030986686b24837825d7f688707c6f8 c2072fa929a74d01b0585c80889d5646 - - default default] Successfully bumped revision number for resource 97d4ebd6-c882-42bd-addc-8ff5daca1755 (type: security_group_rules) to 0
2026-05-01 02:07:51.057 9 INFO neutron.db.ovn_revision_numbers_db [None req-13d506d8-6d52-4490-8ead-8dab08aec948 e030986686b24837825d7f688707c6f8 c2072fa929a74d01b0585c80889d5646 - - default default] Successfully bumped revision number for resource a25d6583-ce83-4c39-b5bf-7db7ef04be20 (type: security_group_rules) to 0
2026-05-01 02:07:51.096 9 INFO neutron.db.ovn_revision_numbers_db [None req-13d506d8-6d52-4490-8ead-8dab08aec948 e030986686b24837825d7f688707c6f8 c2072fa929a74d01b0585c80889d5646 - - default default] Successfully bumped revision number for resource b4583864-640b-4cce-a770-f0a5a2cee1ec (type: security_group_rules) to 0
2026-05-01 02:07:51.104 10 INFO neutron.db.ovn_revision_numbers_db [None req-6a442ee7-cdf1-47cb-be11-40734474e305 a8b8726713eb4e089bcd1917ea2b952b ecbe2351cb914b88ab8374b9ed69ba0b - - default default] Successfully bumped revision number for resource 5a01ba0a-5c72-465c-9d46-1d6806d3fc83 (type: ports) to 1
2026-05-01 02:07:51.109 10 INFO neutron.wsgi [None req-0ce36a46-a4c3-4610-8683-986085321646 6ed4fd78ce544a39a9f064addcee0d6f c063dc42f9a5432bb81dceacf7e9b029 - - default default] 10.0.0.244 "GET /v2.0/networks HTTP/1.1" status: 200 len: 845 time: 0.0868509
2026-05-01 02:07:51.121 9 WARNING neutron_lib.context [None req-590f9f54-d85f-4570-a17c-97d6aa2c978d 6ed4fd78ce544a39a9f064addcee0d6f c063dc42f9a5432bb81dceacf7e9b029 - - default default] Method 'is_advsvc' is deprecated since 2023.2 release (neutron-lib 3.8.0) and will be removed once support for the old RBAC API policies will be removed from Neutron. Please use method 'is_service_role' instead.
2026-05-01 02:07:51.123 9 INFO neutron.db.ovn_revision_numbers_db [None req-13d506d8-6d52-4490-8ead-8dab08aec948 e030986686b24837825d7f688707c6f8 c2072fa929a74d01b0585c80889d5646 - - default default] Successfully bumped revision number for resource c380b12a-5787-4b9f-a79f-5b73b183154a (type: security_group_rules) to 0
2026-05-01 02:07:51.126 10 INFO neutron.wsgi [None req-6a442ee7-cdf1-47cb-be11-40734474e305 a8b8726713eb4e089bcd1917ea2b952b ecbe2351cb914b88ab8374b9ed69ba0b - - default default] 10.0.0.244 "POST /v2.0/networks HTTP/1.1" status: 201 len: 852 time: 0.6614950
2026-05-01 02:07:51.155 9 INFO neutron.wsgi [None req-13d506d8-6d52-4490-8ead-8dab08aec948 e030986686b24837825d7f688707c6f8 c2072fa929a74d01b0585c80889d5646 - - default default] 10.0.0.244 "GET /v2.0/security-groups?tenant_id=5ad020d0243949c7ac764e27ccc31507&name=default HTTP/1.1" status: 200 len: 2996 time: 0.2920258
2026-05-01 02:07:51.248 9 INFO neutron.db.segments_db [None req-590f9f54-d85f-4570-a17c-97d6aa2c978d 6ed4fd78ce544a39a9f064addcee0d6f c063dc42f9a5432bb81dceacf7e9b029 - - default default] Added segment 9590f89b-0654-4a4b-a1a7-96fdda0d6dd7 of type geneve for network cf1534b3-1521-4905-a796-e7e4cdb5a964
2026-05-01 02:07:51.318 9 INFO neutron.plugins.ml2.drivers.ovn.mech_driver.mech_driver [None req-f8365007-44bd-46bf-ac2c-cb7d65cf516d - - - - - -] OVN reports status up for port: ecd447dd-bc45-40cf-b704-0fea0034d694
2026-05-01 02:07:51.329 10 INFO neutron.plugins.ml2.drivers.ovn.mech_driver.ovsdb.ovsdb_monitor [None req-4443b495-686a-40fa-9fe4-f4e08723ee77 - - - - - -] Router b02669bc-8718-4ab0-b783-54144e21f0b1 is bound to host instance
2026-05-01 02:07:51.341 9 INFO neutron.plugins.ml2.plugin [None req-f8365007-44bd-46bf-ac2c-cb7d65cf516d - - - - - -] Attempt 1 to provision port ecd447dd-bc45-40cf-b704-0fea0034d694
2026-05-01 02:07:51.377 9 INFO neutron.db.ovn_revision_numbers_db [None req-903e5f6c-fbbd-4d85-ac2d-456d3826a2b7 e030986686b24837825d7f688707c6f8 c2072fa929a74d01b0585c80889d5646 - - default default] Successfully bumped revision number for resource ecd447dd-bc45-40cf-b704-0fea0034d694 (type: router_ports) to 1
2026-05-01 02:07:51.382 10 INFO neutron.wsgi [None req-9c47c0ff-9823-4d4d-8b1e-c9dc31c9e04d e030986686b24837825d7f688707c6f8 c2072fa929a74d01b0585c80889d5646 - - default default] 10.0.0.244 "DELETE /v2.0/security-groups/fa56eeef-c794-4ba6-a8f9-1888ab12543b HTTP/1.1" status: 204 len: 168 time: 0.2212903
2026-05-01 02:07:51.486 9 INFO neutron.db.ovn_revision_numbers_db [None req-590f9f54-d85f-4570-a17c-97d6aa2c978d 6ed4fd78ce544a39a9f064addcee0d6f c063dc42f9a5432bb81dceacf7e9b029 - - default default] Successfully bumped revision number for resource cf1534b3-1521-4905-a796-e7e4cdb5a964 (type: networks) to 1
2026-05-01 02:07:51.495 9 INFO neutron.db.ovn_revision_numbers_db [None req-903e5f6c-fbbd-4d85-ac2d-456d3826a2b7 e030986686b24837825d7f688707c6f8 c2072fa929a74d01b0585c80889d5646 - - default default] Successfully bumped revision number for resource b02669bc-8718-4ab0-b783-54144e21f0b1 (type: routers) to 2
2026-05-01 02:07:51.515 9 INFO neutron.wsgi [None req-903e5f6c-fbbd-4d85-ac2d-456d3826a2b7 e030986686b24837825d7f688707c6f8 c2072fa929a74d01b0585c80889d5646 - - default default] 10.0.0.244 "POST /v2.0/routers HTTP/1.1" status: 201 len: 876 time: 1.8874052
2026-05-01 02:07:51.690 9 WARNING neutron_lib.context [None req-f75b7f50-5e38-431e-9e67-118a19d517d4 a8b8726713eb4e089bcd1917ea2b952b ecbe2351cb914b88ab8374b9ed69ba0b - - default default] Method 'is_advsvc' is deprecated since 2023.2 release (neutron-lib 3.8.0) and will be removed once support for the old RBAC API policies will be removed from Neutron. Please use method 'is_service_role' instead.
2026-05-01 02:07:51.704 9 WARNING neutron.scheduler.dhcp_agent_scheduler [None req-590f9f54-d85f-4570-a17c-97d6aa2c978d 6ed4fd78ce544a39a9f064addcee0d6f c063dc42f9a5432bb81dceacf7e9b029 - - default default] No more DHCP agents
2026-05-01 02:07:51.714 9 WARNING neutron.api.rpc.agentnotifiers.dhcp_rpc_agent_api [None req-590f9f54-d85f-4570-a17c-97d6aa2c978d 6ed4fd78ce544a39a9f064addcee0d6f c063dc42f9a5432bb81dceacf7e9b029 - - default default] Unable to schedule network cf1534b3-1521-4905-a796-e7e4cdb5a964: no agents available; will retry on subsequent port and subnet creation events.
2026-05-01 02:07:51.756 9 WARNING neutron_lib.context [None req-f75b7f50-5e38-431e-9e67-118a19d517d4 a8b8726713eb4e089bcd1917ea2b952b ecbe2351cb914b88ab8374b9ed69ba0b - - default default] Method 'is_advsvc' is deprecated since 2023.2 release (neutron-lib 3.8.0) and will be removed once support for the old RBAC API policies will be removed from Neutron. Please use method 'is_service_role' instead.
2026-05-01 02:07:51.860 9 INFO neutron.db.ovn_revision_numbers_db [None req-590f9f54-d85f-4570-a17c-97d6aa2c978d 6ed4fd78ce544a39a9f064addcee0d6f c063dc42f9a5432bb81dceacf7e9b029 - - default default] Successfully bumped revision number for resource 8ed02958-ccac-4475-b991-781409dee520 (type: ports) to 1
2026-05-01 02:07:51.915 9 INFO neutron.wsgi [None req-590f9f54-d85f-4570-a17c-97d6aa2c978d 6ed4fd78ce544a39a9f064addcee0d6f c063dc42f9a5432bb81dceacf7e9b029 - - default default] 10.0.0.244 "POST /v2.0/networks HTTP/1.1" status: 201 len: 848 time: 0.7987840
2026-05-01 02:07:51.926 9 WARNING neutron_lib.context [None req-80adf215-f554-4fbe-960f-2896514f7285 6ed4fd78ce544a39a9f064addcee0d6f c063dc42f9a5432bb81dceacf7e9b029 - - default default] Method 'is_advsvc' is deprecated since 2023.2 release (neutron-lib 3.8.0) and will be removed once support for the old RBAC API policies will be removed from Neutron. Please use method 'is_service_role' instead.
2026-05-01 02:07:52.047 9 INFO neutron.db.segments_db [None req-80adf215-f554-4fbe-960f-2896514f7285 6ed4fd78ce544a39a9f064addcee0d6f c063dc42f9a5432bb81dceacf7e9b029 - - default default] Added segment 0909da9c-80d5-408a-a5f5-04564fe29800 of type geneve for network 5b94fa08-f6f3-4a77-b8f3-dc1b993eb7b4
2026-05-01 02:07:52.054 10 INFO neutron.db.ovn_revision_numbers_db [None req-4443b495-686a-40fa-9fe4-f4e08723ee77 - - - - - -] Successfully bumped revision number for resource ecd447dd-bc45-40cf-b704-0fea0034d694 (type: ports) to 1
2026-05-01 02:07:52.240 9 WARNING neutron.scheduler.dhcp_agent_scheduler [None req-f9da3faf-9589-48b9-914d-3b397fdd0780 e030986686b24837825d7f688707c6f8 c2072fa929a74d01b0585c80889d5646 - - default default] No more DHCP agents
2026-05-01 02:07:52.248 9 WARNING neutron.api.rpc.agentnotifiers.dhcp_rpc_agent_api [None req-f9da3faf-9589-48b9-914d-3b397fdd0780 e030986686b24837825d7f688707c6f8 c2072fa929a74d01b0585c80889d5646 - - default default] Unable to schedule network 10906f2f-52b4-4093-9fa4-708cfef12374: no agents available; will retry on subsequent port and subnet creation events.
2026-05-01 02:07:52.280 10 INFO neutron.db.ovn_revision_numbers_db [None req-4443b495-686a-40fa-9fe4-f4e08723ee77 - - - - - -] Successfully bumped revision number for resource ecd447dd-bc45-40cf-b704-0fea0034d694 (type: router_ports) to 3
2026-05-01 02:07:52.293 9 INFO neutron.db.ovn_revision_numbers_db [None req-80adf215-f554-4fbe-960f-2896514f7285 6ed4fd78ce544a39a9f064addcee0d6f c063dc42f9a5432bb81dceacf7e9b029 - - default default] Successfully bumped revision number for resource 5b94fa08-f6f3-4a77-b8f3-dc1b993eb7b4 (type: networks) to 1
2026-05-01 02:07:52.437 10 INFO neutron.db.ovn_revision_numbers_db [None req-4443b495-686a-40fa-9fe4-f4e08723ee77 - - - - - -] Successfully bumped revision number for resource ecd447dd-bc45-40cf-b704-0fea0034d694 (type: ports) to 2
2026-05-01 02:07:52.482 10 INFO neutron.services.segments.plugin [-] Segment ca1883ac-e7f4-46ce-8152-36188c11d307 resource provider aggregate not found
2026-05-01 02:07:52.487 10 INFO neutron.services.segments.plugin [-] Segment ca1883ac-e7f4-46ce-8152-36188c11d307 resource provider aggregate not found
2026-05-01 02:07:52.496 10 INFO neutron.services.segments.plugin [-] Segment ca1883ac-e7f4-46ce-8152-36188c11d307 resource provider not found; error: Placement Client Error (4xx): {"errors": [{"status": 404, "title": "Not Found", "detail": "The resource could not be found.\n\n No resource provider with uuid ca1883ac-e7f4-46ce-8152-36188c11d307 found for delete ", "request_id": "req-69f97df2-c58e-4fd9-a801-a74e1f9840fa"}]}
2026-05-01 02:07:52.500 10 INFO neutron.services.segments.plugin [-] Segment ca1883ac-e7f4-46ce-8152-36188c11d307 resource provider not found; error: Placement Client Error (4xx): {"errors": [{"status": 404, "title": "Not Found", "detail": "The resource could not be found.\n\n No resource provider with uuid ca1883ac-e7f4-46ce-8152-36188c11d307 found for delete ", "request_id": "req-06d8ad79-cb7e-4bc2-9065-3de125cc0935"}]}
2026-05-01 02:07:52.688 10 INFO neutron.db.ovn_revision_numbers_db [None req-4443b495-686a-40fa-9fe4-f4e08723ee77 - - - - - -] Successfully bumped revision number for resource ecd447dd-bc45-40cf-b704-0fea0034d694 (type: ports) to 4
2026-05-01 02:07:52.693 9 WARNING neutron.scheduler.dhcp_agent_scheduler [None req-f75b7f50-5e38-431e-9e67-118a19d517d4 a8b8726713eb4e089bcd1917ea2b952b ecbe2351cb914b88ab8374b9ed69ba0b - - default default] No more DHCP agents
2026-05-01 02:07:52.698 9 WARNING neutron.api.rpc.agentnotifiers.dhcp_rpc_agent_api [None req-f75b7f50-5e38-431e-9e67-118a19d517d4 a8b8726713eb4e089bcd1917ea2b952b ecbe2351cb914b88ab8374b9ed69ba0b - - default default] Unable to schedule network 83f11664-82e3-4e20-811c-d10a791f753e: no agents available; will retry on subsequent port and subnet creation events.
2026-05-01 02:07:52.753 9 INFO neutron.db.ovn_revision_numbers_db [None req-f75b7f50-5e38-431e-9e67-118a19d517d4 a8b8726713eb4e089bcd1917ea2b952b ecbe2351cb914b88ab8374b9ed69ba0b - - default default] Successfully bumped revision number for resource 7075a5ad-36d2-4ac2-86e4-8a5a94c4f587 (type: subnets) to 0
2026-05-01 02:07:52.789 9 WARNING neutron.scheduler.dhcp_agent_scheduler [None req-f75b7f50-5e38-431e-9e67-118a19d517d4 a8b8726713eb4e089bcd1917ea2b952b ecbe2351cb914b88ab8374b9ed69ba0b - - default default] No more DHCP agents
2026-05-01 02:07:52.794 9 WARNING neutron.api.rpc.agentnotifiers.dhcp_rpc_agent_api [None req-f75b7f50-5e38-431e-9e67-118a19d517d4 a8b8726713eb4e089bcd1917ea2b952b ecbe2351cb914b88ab8374b9ed69ba0b - - default default] Unable to schedule network 28191002-7c7b-43f2-9c7d-c93d1d5bd1ec: no agents available; will retry on subsequent port and subnet creation events.
2026-05-01 02:07:52.830 9 WARNING neutron.scheduler.dhcp_agent_scheduler [None req-80adf215-f554-4fbe-960f-2896514f7285 6ed4fd78ce544a39a9f064addcee0d6f c063dc42f9a5432bb81dceacf7e9b029 - - default default] No more DHCP agents
2026-05-01 02:07:52.833 9 INFO neutron.db.ovn_revision_numbers_db [None req-f9da3faf-9589-48b9-914d-3b397fdd0780 e030986686b24837825d7f688707c6f8 c2072fa929a74d01b0585c80889d5646 - - default default] Successfully bumped revision number for resource 448ef10c-752c-439c-9b5b-4c94fb947326 (type: ports) to 1
2026-05-01 02:07:52.836 9 WARNING neutron.api.rpc.agentnotifiers.dhcp_rpc_agent_api [None req-80adf215-f554-4fbe-960f-2896514f7285 6ed4fd78ce544a39a9f064addcee0d6f c063dc42f9a5432bb81dceacf7e9b029 - - default default] Unable to schedule network 5b94fa08-f6f3-4a77-b8f3-dc1b993eb7b4: no agents available; will retry on subsequent port and subnet creation events.
2026-05-01 02:07:52.849 9 INFO neutron.db.ovn_revision_numbers_db [None req-f75b7f50-5e38-431e-9e67-118a19d517d4 a8b8726713eb4e089bcd1917ea2b952b ecbe2351cb914b88ab8374b9ed69ba0b - - default default] Successfully bumped revision number for resource 3d02f327-13e6-4542-9c32-1dfefbfac780 (type: subnets) to 0
2026-05-01 02:07:52.867 10 INFO neutron.db.ovn_revision_numbers_db [None req-4443b495-686a-40fa-9fe4-f4e08723ee77 - - - - - -] Successfully bumped revision number for resource ecd447dd-bc45-40cf-b704-0fea0034d694 (type: router_ports) to 4
2026-05-01 02:07:52.890 9 INFO neutron.wsgi [None req-f75b7f50-5e38-431e-9e67-118a19d517d4 a8b8726713eb4e089bcd1917ea2b952b ecbe2351cb914b88ab8374b9ed69ba0b - - default default] 10.0.0.244 "POST /v2.0/subnets HTTP/1.1" status: 201 len: 1475 time: 1.2056255
2026-05-01 02:07:52.944 9 INFO neutron.db.ovn_revision_numbers_db [None req-80adf215-f554-4fbe-960f-2896514f7285 6ed4fd78ce544a39a9f064addcee0d6f c063dc42f9a5432bb81dceacf7e9b029 - - default default] Successfully bumped revision number for resource e504b791-7d07-4247-b6ee-10c7570594fa (type: ports) to 1
2026-05-01 02:07:52.958 10 INFO neutron.wsgi [None req-f3a896f9-33de-4081-86aa-92b2c21976bd a8b8726713eb4e089bcd1917ea2b952b ecbe2351cb914b88ab8374b9ed69ba0b - - default default] 10.0.0.244 "GET /v2.0/subnets HTTP/1.1" status: 200 len: 2083 time: 0.0606160
2026-05-01 02:07:52.974 9 INFO neutron.wsgi [None req-80adf215-f554-4fbe-960f-2896514f7285 6ed4fd78ce544a39a9f064addcee0d6f c063dc42f9a5432bb81dceacf7e9b029 - - default default] 10.0.0.244 "POST /v2.0/networks HTTP/1.1" status: 201 len: 849 time: 1.0523174
2026-05-01 02:07:53.012 10 WARNING neutron_lib.context [None req-4922376c-60f3-48d9-acc0-df285fd70ef9 6ed4fd78ce544a39a9f064addcee0d6f c063dc42f9a5432bb81dceacf7e9b029 - - default default] Method 'is_advsvc' is deprecated since 2023.2 release (neutron-lib 3.8.0) and will be removed once support for the old RBAC API policies will be removed from Neutron. Please use method 'is_service_role' instead.
2026-05-01 02:07:53.060 10 WARNING neutron_lib.context [None req-4922376c-60f3-48d9-acc0-df285fd70ef9 6ed4fd78ce544a39a9f064addcee0d6f c063dc42f9a5432bb81dceacf7e9b029 - - default default] Method 'is_advsvc' is deprecated since 2023.2 release (neutron-lib 3.8.0) and will be removed once support for the old RBAC API policies will be removed from Neutron. Please use method 'is_service_role' instead.
2026-05-01 02:07:53.257 9 INFO neutron.db.ovn_revision_numbers_db [None req-f9da3faf-9589-48b9-914d-3b397fdd0780 e030986686b24837825d7f688707c6f8 c2072fa929a74d01b0585c80889d5646 - - default default] Successfully bumped revision number for resource 448ef10c-752c-439c-9b5b-4c94fb947326 (type: router_ports) to 1
2026-05-01 02:07:53.438 9 INFO neutron.db.ovn_revision_numbers_db [None req-f9da3faf-9589-48b9-914d-3b397fdd0780 e030986686b24837825d7f688707c6f8 c2072fa929a74d01b0585c80889d5646 - - default default] Successfully bumped revision number for resource 448ef10c-752c-439c-9b5b-4c94fb947326 (type: ports) to 1
2026-05-01 02:07:53.517 9 INFO neutron.wsgi [None req-7aac0808-b828-47bb-aa36-ec3425bc915e a8b8726713eb4e089bcd1917ea2b952b ecbe2351cb914b88ab8374b9ed69ba0b - - default default] 10.0.0.244 "DELETE /v2.0/subnets/7075a5ad-36d2-4ac2-86e4-8a5a94c4f587 HTTP/1.1" status: 204 len: 168 time: 0.2022095
2026-05-01 02:07:53.522 9 WARNING neutron.scheduler.dhcp_agent_scheduler [None req-f9da3faf-9589-48b9-914d-3b397fdd0780 e030986686b24837825d7f688707c6f8 c2072fa929a74d01b0585c80889d5646 - - default default] No more DHCP agents
2026-05-01 02:07:53.523 9 WARNING neutron.api.rpc.agentnotifiers.dhcp_rpc_agent_api [None req-f9da3faf-9589-48b9-914d-3b397fdd0780 e030986686b24837825d7f688707c6f8 c2072fa929a74d01b0585c80889d5646 - - default default] Unable to schedule network 10906f2f-52b4-4093-9fa4-708cfef12374: no agents available; will retry on subsequent port and subnet creation events.
2026-05-01 02:07:53.535 10 WARNING neutron.scheduler.dhcp_agent_scheduler [None req-4922376c-60f3-48d9-acc0-df285fd70ef9 6ed4fd78ce544a39a9f064addcee0d6f c063dc42f9a5432bb81dceacf7e9b029 - - default default] No more DHCP agents
2026-05-01 02:07:53.537 10 WARNING neutron.api.rpc.agentnotifiers.dhcp_rpc_agent_api [None req-4922376c-60f3-48d9-acc0-df285fd70ef9 6ed4fd78ce544a39a9f064addcee0d6f c063dc42f9a5432bb81dceacf7e9b029 - - default default] Unable to schedule network cf1534b3-1521-4905-a796-e7e4cdb5a964: no agents available; will retry on subsequent port and subnet creation events.
2026-05-01 02:07:53.632 10 INFO neutron.db.ovn_revision_numbers_db [None req-4922376c-60f3-48d9-acc0-df285fd70ef9 6ed4fd78ce544a39a9f064addcee0d6f c063dc42f9a5432bb81dceacf7e9b029 - - default default] Successfully bumped revision number for resource bc003c19-9f2f-4a16-a63b-6adee081bf05 (type: ports) to 1
2026-05-01 02:07:53.661 10 WARNING neutron.scheduler.dhcp_agent_scheduler [None req-4922376c-60f3-48d9-acc0-df285fd70ef9 6ed4fd78ce544a39a9f064addcee0d6f c063dc42f9a5432bb81dceacf7e9b029 - - default default] No more DHCP agents
2026-05-01 02:07:53.663 10 WARNING neutron.api.rpc.agentnotifiers.dhcp_rpc_agent_api [None req-4922376c-60f3-48d9-acc0-df285fd70ef9 6ed4fd78ce544a39a9f064addcee0d6f c063dc42f9a5432bb81dceacf7e9b029 - - default default] Unable to schedule network 5b94fa08-f6f3-4a77-b8f3-dc1b993eb7b4: no agents available; will retry on subsequent port and subnet creation events.
2026-05-01 02:07:53.674 9 INFO neutron.plugins.ml2.drivers.ovn.mech_driver.mech_driver [None req-f8365007-44bd-46bf-ac2c-cb7d65cf516d - - - - - -] OVN reports status up for port: 448ef10c-752c-439c-9b5b-4c94fb947326
2026-05-01 02:07:53.692 9 INFO neutron.plugins.ml2.plugin [None req-f8365007-44bd-46bf-ac2c-cb7d65cf516d - - - - - -] Attempt 1 to provision port 448ef10c-752c-439c-9b5b-4c94fb947326
2026-05-01 02:07:53.745 10 INFO neutron.db.ovn_revision_numbers_db [None req-4922376c-60f3-48d9-acc0-df285fd70ef9 6ed4fd78ce544a39a9f064addcee0d6f c063dc42f9a5432bb81dceacf7e9b029 - - default default] Successfully bumped revision number for resource f0568eeb-efb2-435e-b797-7b61a98d990f (type: ports) to 1
2026-05-01 02:07:53.769 10 INFO neutron.wsgi [None req-4922376c-60f3-48d9-acc0-df285fd70ef9 6ed4fd78ce544a39a9f064addcee0d6f c063dc42f9a5432bb81dceacf7e9b029 - - default default] 10.0.0.244 "POST /v2.0/ports HTTP/1.1" status: 201 len: 1706 time: 0.7655201 /var/lib/openstack/lib/python3.10/site-packages/pycadf/identifier.py:71: UserWarning: Invalid uuid: neutron. To ensure interoperability, identifiers should be a valid uuid. warnings.warn(('Invalid uuid: %s. To ensure interoperability, '
2026-05-01 02:07:53.794 9 INFO neutron.wsgi [None req-2f9e6c8a-b347-43a5-8ebf-acc49f52332a a8b8726713eb4e089bcd1917ea2b952b ecbe2351cb914b88ab8374b9ed69ba0b - - default default] 10.0.0.244 "DELETE /v2.0/subnets/3d02f327-13e6-4542-9c32-1dfefbfac780 HTTP/1.1" status: 204 len: 168 time: 0.2686143
2026-05-01 02:07:53.848 10 INFO neutron.wsgi [None req-1cee653a-672e-4229-8ba0-60711d8de521 a8b8726713eb4e089bcd1917ea2b952b ecbe2351cb914b88ab8374b9ed69ba0b - - default default] 10.0.0.244 "GET /v2.0/subnets HTTP/1.1" status: 200 len: 820 time: 0.0449207
2026-05-01 02:07:53.924 10 INFO neutron.wsgi [None req-fc4551c1-ab85-48fb-b910-e6ecbd9a0502 6ed4fd78ce544a39a9f064addcee0d6f c063dc42f9a5432bb81dceacf7e9b029 - - default default] 10.0.0.244 "GET /v2.0/ports HTTP/1.1" status: 200 len: 3213 time: 0.1512365
2026-05-01 02:07:54.130 9 INFO neutron.db.ovn_revision_numbers_db [None req-f9da3faf-9589-48b9-914d-3b397fdd0780 e030986686b24837825d7f688707c6f8 c2072fa929a74d01b0585c80889d5646 - - default default] Successfully bumped revision number for resource 448ef10c-752c-439c-9b5b-4c94fb947326 (type: router_ports) to 1
2026-05-01 02:07:54.132 9 INFO neutron.wsgi [None req-f9da3faf-9589-48b9-914d-3b397fdd0780 e030986686b24837825d7f688707c6f8 c2072fa929a74d01b0585c80889d5646 - - default default] 10.0.0.244 "PUT /v2.0/routers/b02669bc-8718-4ab0-b783-54144e21f0b1/add_router_interface HTTP/1.1" status: 200 len: 503 time: 2.6108916
2026-05-01 02:07:54.161 9 INFO neutron.db.ovn_revision_numbers_db [None req-f8365007-44bd-46bf-ac2c-cb7d65cf516d - - - - - -] Successfully bumped revision number for resource 448ef10c-752c-439c-9b5b-4c94fb947326 (type: ports) to 2
2026-05-01 02:07:54.217 10 INFO neutron.wsgi [None req-3ab95c38-57b9-4765-b9bc-86d9df13b895 6ed4fd78ce544a39a9f064addcee0d6f c063dc42f9a5432bb81dceacf7e9b029 - - default default] 10.0.0.244 "DELETE /v2.0/ports/bc003c19-9f2f-4a16-a63b-6adee081bf05 HTTP/1.1" status: 204 len: 168 time: 0.2867608
2026-05-01 02:07:54.253 9 INFO neutron.db.ovn_revision_numbers_db [None req-f8365007-44bd-46bf-ac2c-cb7d65cf516d - - - - - -] Successfully bumped revision number for resource 448ef10c-752c-439c-9b5b-4c94fb947326 (type: router_ports) to 2
2026-05-01 02:07:54.351 9 INFO neutron.services.segments.plugin [-] Segment 7614948c-8461-4eea-9b1c-4661354c2b9d resource provider aggregate not found
2026-05-01 02:07:54.371 9 INFO neutron.services.segments.plugin [-] Segment 7614948c-8461-4eea-9b1c-4661354c2b9d resource provider aggregate not found
2026-05-01 02:07:54.387 9 INFO neutron.services.segments.plugin [-] Segment 7614948c-8461-4eea-9b1c-4661354c2b9d resource provider not found; error: Placement Client Error (4xx): {"errors": [{"status": 404, "title": "Not Found", "detail": "The resource could not be found.\n\n No resource provider with uuid 7614948c-8461-4eea-9b1c-4661354c2b9d found for delete ", "request_id": "req-47925ad3-6033-49ab-9820-51d026605ff6"}]}
2026-05-01 02:07:54.397 9 INFO neutron.services.segments.plugin [-] Segment 7614948c-8461-4eea-9b1c-4661354c2b9d resource provider not found; error: Placement Client Error (4xx): {"errors": [{"status": 404, "title": "Not Found", "detail": "The resource could not be found.\n\n No resource provider with uuid 7614948c-8461-4eea-9b1c-4661354c2b9d found for delete ", "request_id": "req-d1ad36d9-8240-4f15-aaae-ab2f95eb8408"}]}
2026-05-01 02:07:54.420 9 INFO neutron.wsgi [None req-fbd52a59-ef6a-4bbf-8630-4cd119d26b97 a8b8726713eb4e089bcd1917ea2b952b ecbe2351cb914b88ab8374b9ed69ba0b - - default default] 10.0.0.244 "DELETE /v2.0/networks/28191002-7c7b-43f2-9c7d-c93d1d5bd1ec HTTP/1.1" status: 204 len: 168 time: 0.5600328
2026-05-01 02:07:54.584 10 INFO neutron.wsgi [None req-c4c84f24-d836-4629-92d3-529d4b4a7ce8 6ed4fd78ce544a39a9f064addcee0d6f c063dc42f9a5432bb81dceacf7e9b029 - - default default] 10.0.0.244 "DELETE /v2.0/ports/f0568eeb-efb2-435e-b797-7b61a98d990f HTTP/1.1" status: 204 len: 168 time: 0.3584821
2026-05-01 02:07:54.721 9 INFO neutron.wsgi [None req-37706ffc-5a5f-443d-8e8e-4d03f618b94e 6ed4fd78ce544a39a9f064addcee0d6f c063dc42f9a5432bb81dceacf7e9b029 - - default default] 10.0.0.244 "GET /v2.0/ports HTTP/1.1" status: 200 len: 1718 time: 0.1309454
2026-05-01 02:07:54.732 9 WARNING neutron_lib.context [None req-26d6a54d-8b03-4013-b7d1-fce0a29dc688 6ed4fd78ce544a39a9f064addcee0d6f c063dc42f9a5432bb81dceacf7e9b029 - - default default] Method 'is_advsvc' is deprecated since 2023.2 release (neutron-lib 3.8.0) and will be removed once support for the old RBAC API policies will be removed from Neutron. Please use method 'is_service_role' instead.
2026-05-01 02:07:54.814 9 INFO neutron.db.segments_db [None req-26d6a54d-8b03-4013-b7d1-fce0a29dc688 6ed4fd78ce544a39a9f064addcee0d6f c063dc42f9a5432bb81dceacf7e9b029 - - default default] Added segment a7689651-98c9-4ff3-af29-ce8896e8d72f of type geneve for network ababd27a-59a4-4e7d-82f7-9350c1f160a5
2026-05-01 02:07:54.830 10 INFO neutron.services.segments.plugin [-] Segment c2248699-70fc-4ba5-99ed-52419eb6a7b1 resource provider aggregate not found
2026-05-01 02:07:54.836 10 INFO neutron.services.segments.plugin [-] Segment c2248699-70fc-4ba5-99ed-52419eb6a7b1 resource provider aggregate not found
2026-05-01 02:07:54.847 10 INFO neutron.services.segments.plugin [-] Segment c2248699-70fc-4ba5-99ed-52419eb6a7b1 resource provider not found; error: Placement Client Error (4xx): {"errors": [{"status": 404, "title": "Not Found", "detail": "The resource could not be found.\n\n No resource provider with uuid c2248699-70fc-4ba5-99ed-52419eb6a7b1 found for delete ", "request_id": "req-873bde9f-2857-489e-9bff-454a627d91d4"}]}
2026-05-01 02:07:54.855 10 INFO neutron.services.segments.plugin [-] Segment c2248699-70fc-4ba5-99ed-52419eb6a7b1 resource provider not found; error: Placement Client Error (4xx): {"errors": [{"status": 404, "title": "Not Found", "detail": "The resource could not be found.\n\n No resource provider with uuid c2248699-70fc-4ba5-99ed-52419eb6a7b1 found for delete ", "request_id": "req-36b8fcc7-632b-446c-9efb-106b889445e3"}]}
2026-05-01 02:07:54.872 10 INFO neutron.wsgi [None req-df640965-e02d-4db8-a453-32241890815d a8b8726713eb4e089bcd1917ea2b952b ecbe2351cb914b88ab8374b9ed69ba0b - - default default] 10.0.0.244 "DELETE /v2.0/networks/83f11664-82e3-4e20-811c-d10a791f753e HTTP/1.1" status: 204 len: 168 time: 0.4455290
2026-05-01 02:07:54.997 9 INFO neutron.db.ovn_revision_numbers_db [None req-26d6a54d-8b03-4013-b7d1-fce0a29dc688 6ed4fd78ce544a39a9f064addcee0d6f c063dc42f9a5432bb81dceacf7e9b029 - - default default] Successfully bumped revision number for resource ababd27a-59a4-4e7d-82f7-9350c1f160a5 (type: networks) to 1
2026-05-01 02:07:55.208 9 WARNING neutron.scheduler.dhcp_agent_scheduler [None req-26d6a54d-8b03-4013-b7d1-fce0a29dc688 6ed4fd78ce544a39a9f064addcee0d6f c063dc42f9a5432bb81dceacf7e9b029 - - default default] No more DHCP agents
2026-05-01 02:07:55.213 9 WARNING neutron.api.rpc.agentnotifiers.dhcp_rpc_agent_api [None req-26d6a54d-8b03-4013-b7d1-fce0a29dc688 6ed4fd78ce544a39a9f064addcee0d6f c063dc42f9a5432bb81dceacf7e9b029 - - default default] Unable to schedule network ababd27a-59a4-4e7d-82f7-9350c1f160a5: no agents available; will retry on subsequent port and subnet creation events.
2026-05-01 02:07:55.319 9 INFO neutron.db.ovn_revision_numbers_db [None req-26d6a54d-8b03-4013-b7d1-fce0a29dc688 6ed4fd78ce544a39a9f064addcee0d6f c063dc42f9a5432bb81dceacf7e9b029 - - default default] Successfully bumped revision number for resource 92e4fcbb-3e46-42ce-9ed1-f203a574f3e3 (type: ports) to 1
2026-05-01 02:07:55.347 10 INFO neutron.db.ovn_revision_numbers_db [None req-9de08d62-680d-4510-9b6e-1215d97470b2 e030986686b24837825d7f688707c6f8 c2072fa929a74d01b0585c80889d5646 - - default default] Successfully bumped revision number for resource 204db34a-25cc-48f7-8746-5e582cceeb43 (type: security_groups) to 1
2026-05-01 02:07:55.350 9 INFO neutron.wsgi [None req-26d6a54d-8b03-4013-b7d1-fce0a29dc688 6ed4fd78ce544a39a9f064addcee0d6f c063dc42f9a5432bb81dceacf7e9b029 - - default default] 10.0.0.244 "POST /v2.0/networks HTTP/1.1" status: 201 len: 849 time: 0.6223590
