2026-05-01 02:07:15.447 9 INFO neutron.notifiers.nova [-] Nova event matching ['req-92712645-4935-4a00-9643-2ac94de28dbb'] response: {'server_uuid': '5d4a0c4b-ac77-42f4-97fa-89a5c0ab406c', 'name': 'network-vif-deleted', 'tag': '0cdfa290-506b-42b8-8eda-3c625d2c2247', 'status': 'completed', 'code': 200}
2026-05-01 02:07:15.480 10 INFO neutron.wsgi [req-a8a6a7a2-8cf1-434a-8b6a-539eae78b5cc req-36a69edc-4ccd-4b8e-a3d0-d27573fbd6b6 209ce13e5d9f49f09d58ec1f1eedbeb0 66d135139856468ea09b34a6b5e53489 - - default default] 10.0.0.19 "GET /v2.0/security-groups?id=8464464f-6973-481b-81bd-2f3fffc4c2b7&fields=id&fields=name HTTP/1.1" status: 200 len: 312 time: 0.0565717
2026-05-01 02:07:15.770 10 INFO neutron.db.ovn_revision_numbers_db [req-2e44b01d-0968-4da1-872b-f55d010d151c req-072bd761-3c6b-4416-a5db-bf27804bc426 bdee89af079f4190a6e38113d83a464b 0eb0ed8e042f424abd6c9a83c4e0b0e0 - - 47cc34d411aa4a3ab8f0d3390e3f1bb0 47cc34d411aa4a3ab8f0d3390e3f1bb0] Successfully bumped revision number for resource 6bc2e532-9561-408f-bf5f-ebf3effaff4b (type: ports) to 2
2026-05-01 02:07:15.848 9 INFO neutron.wsgi [req-85f046fe-2d59-4156-9f62-da0672005331 req-4b46b0ea-561d-4fcd-aca1-c204b328a1f7 f407b29e457e46b2872170a474afaa66 98b0400339524d20b075bdcce91cbd43 - - default default] 10.0.0.19 "GET /v2.0/ports?device_id=5d4a0c4b-ac77-42f4-97fa-89a5c0ab406c HTTP/1.1" status: 200 len: 210 time: 0.3478298
2026-05-01 02:07:15.960 10 INFO neutron.db.ovn_revision_numbers_db [req-2e44b01d-0968-4da1-872b-f55d010d151c req-072bd761-3c6b-4416-a5db-bf27804bc426 bdee89af079f4190a6e38113d83a464b 0eb0ed8e042f424abd6c9a83c4e0b0e0 - - 47cc34d411aa4a3ab8f0d3390e3f1bb0 47cc34d411aa4a3ab8f0d3390e3f1bb0] Successfully bumped revision number for resource 6bc2e532-9561-408f-bf5f-ebf3effaff4b (type: ports) to 2
2026-05-01 02:07:15.978 10 INFO neutron.wsgi [req-2e44b01d-0968-4da1-872b-f55d010d151c req-072bd761-3c6b-4416-a5db-bf27804bc426 bdee89af079f4190a6e38113d83a464b 0eb0ed8e042f424abd6c9a83c4e0b0e0 - - 47cc34d411aa4a3ab8f0d3390e3f1bb0 47cc34d411aa4a3ab8f0d3390e3f1bb0] 199.204.45.140 "PUT /v2.0/ports/6bc2e532-9561-408f-bf5f-ebf3effaff4b HTTP/1.1" status: 200 len: 1380 time: 0.7454400 /var/lib/openstack/lib/python3.10/site-packages/pycadf/identifier.py:71: UserWarning: Invalid uuid: neutron. To ensure interoperability, identifiers should be a valid uuid. warnings.warn(('Invalid uuid: %s. To ensure interoperability, '
2026-05-01 02:07:16.053 10 INFO neutron.wsgi [req-2e44b01d-0968-4da1-872b-f55d010d151c req-701861fd-407d-4884-a8d0-50eb060def9e bdee89af079f4190a6e38113d83a464b 0eb0ed8e042f424abd6c9a83c4e0b0e0 - - 47cc34d411aa4a3ab8f0d3390e3f1bb0 47cc34d411aa4a3ab8f0d3390e3f1bb0] 199.204.45.140 "GET /v2.0/ports?tenant_id=66d135139856468ea09b34a6b5e53489&device_id=2fc4cc2b-8b11-43cf-853f-c001e1419968 HTTP/1.1" status: 200 len: 1411 time: 0.0419209
2026-05-01 02:07:16.085 10 INFO neutron.wsgi [req-2e44b01d-0968-4da1-872b-f55d010d151c req-a6e6ac66-2ffb-49bb-884b-bf8f95aebdb1 bdee89af079f4190a6e38113d83a464b 0eb0ed8e042f424abd6c9a83c4e0b0e0 - - 47cc34d411aa4a3ab8f0d3390e3f1bb0 47cc34d411aa4a3ab8f0d3390e3f1bb0] 199.204.45.140 "GET /v2.0/floatingips?fixed_ip_address=10.100.0.13&port_id=6bc2e532-9561-408f-bf5f-ebf3effaff4b HTTP/1.1" status: 200 len: 217 time: 0.0240929
2026-05-01 02:07:16.128 10 INFO neutron.wsgi [req-2e44b01d-0968-4da1-872b-f55d010d151c req-7db419c8-027c-4d3f-a167-518aa0becd6c bdee89af079f4190a6e38113d83a464b 0eb0ed8e042f424abd6c9a83c4e0b0e0 - - 47cc34d411aa4a3ab8f0d3390e3f1bb0 47cc34d411aa4a3ab8f0d3390e3f1bb0] 199.204.45.140 "GET /v2.0/subnets?id=dd43140c-ac28-4f09-b18c-abed77b47d82 HTTP/1.1" status: 200 len: 862 time: 0.0361643
2026-05-01 02:07:16.160 10 INFO neutron.wsgi [req-2e44b01d-0968-4da1-872b-f55d010d151c req-0b0c4d55-1077-4617-b26d-fc2e5b9b5f48 bdee89af079f4190a6e38113d83a464b 0eb0ed8e042f424abd6c9a83c4e0b0e0 - - 47cc34d411aa4a3ab8f0d3390e3f1bb0 47cc34d411aa4a3ab8f0d3390e3f1bb0] 199.204.45.140 "GET /v2.0/ports?network_id=ac3e4740-3fd7-45eb-928d-14486db25a5d&device_owner=network%3Adhcp HTTP/1.1" status: 200 len: 210 time: 0.0234740
2026-05-01 02:07:16.227 10 INFO neutron.wsgi [req-2e44b01d-0968-4da1-872b-f55d010d151c req-2b6898fe-3069-46d7-838b-a763722e89c1 bdee89af079f4190a6e38113d83a464b 0eb0ed8e042f424abd6c9a83c4e0b0e0 - - 47cc34d411aa4a3ab8f0d3390e3f1bb0 47cc34d411aa4a3ab8f0d3390e3f1bb0] 199.204.45.140 "GET /v2.0/networks/ac3e4740-3fd7-45eb-928d-14486db25a5d?fields=segments HTTP/1.1" status: 200 len: 212 time: 0.0598872
2026-05-01 02:07:16.308 10 INFO neutron.wsgi [req-2e44b01d-0968-4da1-872b-f55d010d151c req-603508f6-52e7-4583-b25c-74611e8b1019 bdee89af079f4190a6e38113d83a464b 0eb0ed8e042f424abd6c9a83c4e0b0e0 - - 47cc34d411aa4a3ab8f0d3390e3f1bb0 47cc34d411aa4a3ab8f0d3390e3f1bb0] 199.204.45.140 "GET /v2.0/networks/ac3e4740-3fd7-45eb-928d-14486db25a5d?fields=provider%3Aphysical_network&fields=provider%3Anetwork_type HTTP/1.1" status: 200 len: 277 time: 0.0753219
2026-05-01 02:07:16.500 9 INFO neutron.plugins.ml2.drivers.ovn.mech_driver.mech_driver [None req-f8365007-44bd-46bf-ac2c-cb7d65cf516d - - - - - -] OVN reports status up for port: 6bc2e532-9561-408f-bf5f-ebf3effaff4b
2026-05-01 02:07:16.516 9 INFO neutron.plugins.ml2.plugin [None req-f8365007-44bd-46bf-ac2c-cb7d65cf516d - - - - - -] Attempt 1 to provision port 6bc2e532-9561-408f-bf5f-ebf3effaff4b
2026-05-01 02:07:16.603 10 INFO neutron.wsgi [req-3fc6e70f-d0d3-46f7-89d9-b111b45a3374 req-7b861ccb-c150-4986-82e3-367f580542e7 209ce13e5d9f49f09d58ec1f1eedbeb0 66d135139856468ea09b34a6b5e53489 - - default default] 10.0.0.19 "GET /v2.0/ports?device_id=2fc4cc2b-8b11-43cf-853f-c001e1419968 HTTP/1.1" status: 200 len: 1172 time: 0.0605180
2026-05-01 02:07:16.675 10 INFO neutron.wsgi [req-3fc6e70f-d0d3-46f7-89d9-b111b45a3374 req-0fe38bf6-0b4c-4a3d-a960-7041c0f079c1 209ce13e5d9f49f09d58ec1f1eedbeb0 66d135139856468ea09b34a6b5e53489 - - default default] 10.0.0.19 "GET /v2.0/security-groups?id=8464464f-6973-481b-81bd-2f3fffc4c2b7&fields=id&fields=name HTTP/1.1" status: 200 len: 312 time: 0.0644705
2026-05-01 02:07:16.833 9 INFO neutron.db.ovn_revision_numbers_db [None req-f8365007-44bd-46bf-ac2c-cb7d65cf516d - - - - - -] Successfully bumped revision number for resource 6bc2e532-9561-408f-bf5f-ebf3effaff4b (type: ports) to 4
2026-05-01 02:07:16.904 10 INFO neutron.notifiers.nova [-] Nova event matching ['req-a54d288c-ab2b-4fb6-a949-d2e92e810fd4'] response: {'server_uuid': '5d4a0c4b-ac77-42f4-97fa-89a5c0ab406c', 'name': 'network-vif-plugged', 'status': 'completed', 'tag': '0cdfa290-506b-42b8-8eda-3c625d2c2247', 'code': 200}
2026-05-01 02:07:16.905 10 INFO neutron.notifiers.nova [-] Nova event matching ['req-a54d288c-ab2b-4fb6-a949-d2e92e810fd4'] response: {'name': 'network-changed', 'server_uuid': '2fc4cc2b-8b11-43cf-853f-c001e1419968', 'tag': '6bc2e532-9561-408f-bf5f-ebf3effaff4b', 'status': 'completed', 'code': 200}
2026-05-01 02:07:16.983 10 INFO neutron.wsgi [req-91ad0a28-fa7f-4c0c-b86c-64268276f9a1 req-f2d35d50-8c41-476b-b01f-3e0c31225030 bdee89af079f4190a6e38113d83a464b 0eb0ed8e042f424abd6c9a83c4e0b0e0 - - 47cc34d411aa4a3ab8f0d3390e3f1bb0 47cc34d411aa4a3ab8f0d3390e3f1bb0] 199.204.45.140 "GET /v2.0/ports?tenant_id=66d135139856468ea09b34a6b5e53489&device_id=2fc4cc2b-8b11-43cf-853f-c001e1419968 HTTP/1.1" status: 200 len: 1413 time: 0.0517285
2026-05-01 02:07:17.060 10 INFO neutron.wsgi [req-91ad0a28-fa7f-4c0c-b86c-64268276f9a1 req-877e8a51-e9f5-44e4-963f-fb335b864ea4 bdee89af079f4190a6e38113d83a464b 0eb0ed8e042f424abd6c9a83c4e0b0e0 - - 47cc34d411aa4a3ab8f0d3390e3f1bb0 47cc34d411aa4a3ab8f0d3390e3f1bb0] 199.204.45.140 "GET /v2.0/networks?id=ac3e4740-3fd7-45eb-928d-14486db25a5d HTTP/1.1" status: 200 len: 967 time: 0.0693350
2026-05-01 02:07:17.096 10 INFO neutron.wsgi [req-91ad0a28-fa7f-4c0c-b86c-64268276f9a1 req-e878d444-6332-4ac6-821a-47290c15dd50 bdee89af079f4190a6e38113d83a464b 0eb0ed8e042f424abd6c9a83c4e0b0e0 - - 47cc34d411aa4a3ab8f0d3390e3f1bb0 47cc34d411aa4a3ab8f0d3390e3f1bb0] 199.204.45.140 "GET /v2.0/floatingips?fixed_ip_address=10.100.0.13&port_id=6bc2e532-9561-408f-bf5f-ebf3effaff4b HTTP/1.1" status: 200 len: 217 time: 0.0268836
2026-05-01 02:07:17.134 10 INFO neutron.wsgi [req-91ad0a28-fa7f-4c0c-b86c-64268276f9a1 req-d8b70f11-4333-47c2-86c8-76a50edb6158 bdee89af079f4190a6e38113d83a464b 0eb0ed8e042f424abd6c9a83c4e0b0e0 - - 47cc34d411aa4a3ab8f0d3390e3f1bb0 47cc34d411aa4a3ab8f0d3390e3f1bb0] 199.204.45.140 "GET /v2.0/subnets?id=dd43140c-ac28-4f09-b18c-abed77b47d82 HTTP/1.1" status: 200 len: 862 time: 0.0334835
2026-05-01 02:07:17.154 10 INFO neutron.wsgi [None req-b34d134d-6a46-4d14-9e9b-f846db602aef f407b29e457e46b2872170a474afaa66 98b0400339524d20b075bdcce91cbd43 - - default default] 10.0.0.244 "DELETE /v2.0/security-groups/0437c312-be95-485b-aa22-d9484fc613a1 HTTP/1.1" status: 204 len: 168 time: 0.1913266
2026-05-01 02:07:17.164 10 INFO neutron.wsgi [req-91ad0a28-fa7f-4c0c-b86c-64268276f9a1 req-93664d0e-6624-4338-a445-c5df08eb4056 bdee89af079f4190a6e38113d83a464b 0eb0ed8e042f424abd6c9a83c4e0b0e0 - - 47cc34d411aa4a3ab8f0d3390e3f1bb0 47cc34d411aa4a3ab8f0d3390e3f1bb0] 199.204.45.140 "GET /v2.0/ports?network_id=ac3e4740-3fd7-45eb-928d-14486db25a5d&device_owner=network%3Adhcp HTTP/1.1" status: 200 len: 210 time: 0.0227098 /var/lib/openstack/lib/python3.10/site-packages/pycadf/identifier.py:71: UserWarning: Invalid uuid: neutron. To ensure interoperability, identifiers should be a valid uuid. warnings.warn(('Invalid uuid: %s. To ensure interoperability, '
2026-05-01 02:07:17.175 9 INFO neutron.api.v2.resource [None req-1eda9908-74d3-43c8-9aa0-7d84a77cd786 f407b29e457e46b2872170a474afaa66 98b0400339524d20b075bdcce91cbd43 - - default default] show failed (client error): The resource could not be found.
2026-05-01 02:07:17.176 9 INFO neutron.wsgi [None req-1eda9908-74d3-43c8-9aa0-7d84a77cd786 f407b29e457e46b2872170a474afaa66 98b0400339524d20b075bdcce91cbd43 - - default default] 10.0.0.244 "GET /v2.0/security-groups/0437c312-be95-485b-aa22-d9484fc613a1 HTTP/1.1" status: 404 len: 347 time: 0.0153053
2026-05-01 02:07:17.246 10 INFO neutron.wsgi [req-91ad0a28-fa7f-4c0c-b86c-64268276f9a1 req-86063034-2df6-4bc0-94ec-9d583b194da6 bdee89af079f4190a6e38113d83a464b 0eb0ed8e042f424abd6c9a83c4e0b0e0 - - 47cc34d411aa4a3ab8f0d3390e3f1bb0 47cc34d411aa4a3ab8f0d3390e3f1bb0] 199.204.45.140 "GET /v2.0/networks/ac3e4740-3fd7-45eb-928d-14486db25a5d?fields=segments HTTP/1.1" status: 200 len: 212 time: 0.0755212
2026-05-01 02:07:17.334 10 INFO neutron.wsgi [req-91ad0a28-fa7f-4c0c-b86c-64268276f9a1 req-80280296-d62b-4754-9dfc-56b20b13de1a bdee89af079f4190a6e38113d83a464b 0eb0ed8e042f424abd6c9a83c4e0b0e0 - - 47cc34d411aa4a3ab8f0d3390e3f1bb0 47cc34d411aa4a3ab8f0d3390e3f1bb0] 199.204.45.140 "GET /v2.0/networks/ac3e4740-3fd7-45eb-928d-14486db25a5d?fields=provider%3Aphysical_network&fields=provider%3Anetwork_type HTTP/1.1" status: 200 len: 277 time: 0.0829945
2026-05-01 02:07:17.540 9 INFO neutron.notifiers.nova [-] Nova event matching ['req-9eacde86-4943-40a0-863e-19309adc7ec2'] response: {'server_uuid': '2fc4cc2b-8b11-43cf-853f-c001e1419968', 'name': 'network-vif-plugged', 'status': 'completed', 'tag': '6bc2e532-9561-408f-bf5f-ebf3effaff4b', 'code': 200}
2026-05-01 02:07:17.540 9 INFO neutron.notifiers.nova [-] Nova event matching ['req-9eacde86-4943-40a0-863e-19309adc7ec2'] response: {'server_uuid': '2fc4cc2b-8b11-43cf-853f-c001e1419968', 'name': 'network-vif-plugged', 'status': 'completed', 'tag': '6bc2e532-9561-408f-bf5f-ebf3effaff4b', 'code': 200}
2026-05-01 02:07:17.575 9 INFO neutron.wsgi [None req-a4f5c8b8-da1a-4268-ab8f-2ec341c38665 f407b29e457e46b2872170a474afaa66 98b0400339524d20b075bdcce91cbd43 - - default default] 10.0.0.244 "DELETE /v2.0/floatingips/591a5ebf-e18b-45ed-bebf-0f638544a678 HTTP/1.1" status: 204 len: 168 time: 0.3940282
2026-05-01 02:07:17.621 9 INFO neutron.wsgi [-] 10.0.0.25 "GET / HTTP/1.1" status: 200 len: 247 time: 0.0027366
2026-05-01 02:07:17.622 10 INFO neutron.wsgi [-] 10.0.0.25 "GET / HTTP/1.1" status: 200 len: 247 time: 0.0030890
2026-05-01 02:07:17.904 9 INFO neutron.wsgi [req-2d1b5657-ee8b-434e-b64d-4be6a536bf52 req-2144bd33-1a33-481a-9fb7-0eebcc31919f 209ce13e5d9f49f09d58ec1f1eedbeb0 66d135139856468ea09b34a6b5e53489 - - default default] 10.0.0.19 "GET /v2.0/ports?device_id=2fc4cc2b-8b11-43cf-853f-c001e1419968 HTTP/1.1" status: 200 len: 1174 time: 0.1061594
2026-05-01 02:07:17.953 9 INFO neutron.wsgi [req-2d1b5657-ee8b-434e-b64d-4be6a536bf52 req-dcd0df07-f402-4208-8004-b315a93a80b9 209ce13e5d9f49f09d58ec1f1eedbeb0 66d135139856468ea09b34a6b5e53489 - - default default] 10.0.0.19 "GET /v2.0/security-groups?id=8464464f-6973-481b-81bd-2f3fffc4c2b7&fields=id&fields=name HTTP/1.1" status: 200 len: 312 time: 0.0385971
2026-05-01 02:07:17.987 9 INFO neutron.db.ovn_revision_numbers_db [None req-a5aa1c18-41fe-41ed-8e2f-8e9007ccce66 e030986686b24837825d7f688707c6f8 c2072fa929a74d01b0585c80889d5646 - - default default] Successfully bumped revision number for resource 952148e6-33ae-463d-a6fa-739decea1ec7 (type: security_groups) to 1
2026-05-01 02:07:17.998 9 INFO neutron.db.ovn_revision_numbers_db [None req-a5aa1c18-41fe-41ed-8e2f-8e9007ccce66 e030986686b24837825d7f688707c6f8 c2072fa929a74d01b0585c80889d5646 - - default default] Successfully bumped revision number for resource 4dcf68ac-eb81-45c9-b7b9-c109dbe90319 (type: security_group_rules) to 0
2026-05-01 02:07:18.009 9 INFO neutron.db.ovn_revision_numbers_db [None req-a5aa1c18-41fe-41ed-8e2f-8e9007ccce66 e030986686b24837825d7f688707c6f8 c2072fa929a74d01b0585c80889d5646 - - default default] Successfully bumped revision number for resource 75d3e16c-519e-46dd-bde1-170eeebbadea (type: security_group_rules) to 0
2026-05-01 02:07:18.022 9 INFO neutron.db.ovn_revision_numbers_db [None req-a5aa1c18-41fe-41ed-8e2f-8e9007ccce66 e030986686b24837825d7f688707c6f8 c2072fa929a74d01b0585c80889d5646 - - default default] Successfully bumped revision number for resource 7f4f1434-6cf9-4993-a522-b1f2f9d9e8af (type: security_group_rules) to 0
2026-05-01 02:07:18.034 9 INFO neutron.db.ovn_revision_numbers_db [None req-a5aa1c18-41fe-41ed-8e2f-8e9007ccce66 e030986686b24837825d7f688707c6f8 c2072fa929a74d01b0585c80889d5646 - - default default] Successfully bumped revision number for resource beafbd2f-8ac6-4aca-a0c6-9188290c8cf1 (type: security_group_rules) to 0
2026-05-01 02:07:18.055 9 INFO neutron.wsgi [None req-a5aa1c18-41fe-41ed-8e2f-8e9007ccce66 e030986686b24837825d7f688707c6f8 c2072fa929a74d01b0585c80889d5646 - - default default] 10.0.0.244 "GET /v2.0/security-groups?tenant_id=a2b3b540afd5465ebae85e79bfd1defe&name=default HTTP/1.1" status: 200 len: 2996 time: 0.4600904
2026-05-01 02:07:18.086 10 INFO neutron.wsgi [req-2526cdcb-512b-4a8d-88db-10b1dfcfb0c2 req-372fc8c5-3598-47a9-b71c-c8d1d4cf4b64 209ce13e5d9f49f09d58ec1f1eedbeb0 66d135139856468ea09b34a6b5e53489 - - default default] 10.0.0.19 "GET /v2.0/ports?device_id=2fc4cc2b-8b11-43cf-853f-c001e1419968 HTTP/1.1" status: 200 len: 1174 time: 0.0596840
2026-05-01 02:07:18.359 9 INFO neutron.db.l3_db [None req-320ee994-658d-483e-be36-88f0c92c5e0a 209ce13e5d9f49f09d58ec1f1eedbeb0 66d135139856468ea09b34a6b5e53489 - - default default] Floating IP 9124d422-ecb2-4ba6-9371-24d3945067af associated. External IP: 10.96.250.215, port: 6bc2e532-9561-408f-bf5f-ebf3effaff4b.
2026-05-01 02:07:18.394 9 INFO neutron.wsgi [None req-734998a4-6ec4-4199-97f1-dd3f10a847c1 e030986686b24837825d7f688707c6f8 c2072fa929a74d01b0585c80889d5646 - - default default] 10.0.0.244 "DELETE /v2.0/security-groups/952148e6-33ae-463d-a6fa-739decea1ec7 HTTP/1.1" status: 204 len: 168 time: 0.3313491
2026-05-01 02:07:18.590 9 INFO neutron.db.ovn_revision_numbers_db [None req-320ee994-658d-483e-be36-88f0c92c5e0a 209ce13e5d9f49f09d58ec1f1eedbeb0 66d135139856468ea09b34a6b5e53489 - - default default] Successfully bumped revision number for resource 9124d422-ecb2-4ba6-9371-24d3945067af (type: floatingips) to 1
2026-05-01 02:07:18.699 9 INFO neutron.db.ovn_revision_numbers_db [None req-ccabe7d5-c769-4033-bd2c-5fe31548617d e030986686b24837825d7f688707c6f8 c2072fa929a74d01b0585c80889d5646 - - default default] Successfully bumped revision number for resource 7a7ddef9-7185-49e9-8480-752cb7d62a1e (type: security_groups) to 1
2026-05-01 02:07:18.717 9 INFO neutron.db.ovn_revision_numbers_db [None req-ccabe7d5-c769-4033-bd2c-5fe31548617d e030986686b24837825d7f688707c6f8 c2072fa929a74d01b0585c80889d5646 - - default default] Successfully bumped revision number for resource 0d8abc77-ceda-42b3-82cd-c3b15c433aa0 (type: security_group_rules) to 0
2026-05-01 02:07:18.720 10 INFO neutron.db.ovn_revision_numbers_db [None req-fcf6a6c5-f20b-4839-b7d3-9260aec68996 e030986686b24837825d7f688707c6f8 c2072fa929a74d01b0585c80889d5646 - - default default] Successfully bumped revision number for resource 104a1ec5-c6fa-4bcc-a1c3-b95dc0c9b52a (type: security_groups) to 1
2026-05-01 02:07:18.724 9 INFO neutron.db.ovn_revision_numbers_db [None req-320ee994-658d-483e-be36-88f0c92c5e0a 209ce13e5d9f49f09d58ec1f1eedbeb0 66d135139856468ea09b34a6b5e53489 - - default default] Successfully bumped revision number for resource 9124d422-ecb2-4ba6-9371-24d3945067af (type: floatingips) to 2
2026-05-01 02:07:18.744 10 INFO neutron.db.ovn_revision_numbers_db [None req-fcf6a6c5-f20b-4839-b7d3-9260aec68996 e030986686b24837825d7f688707c6f8 c2072fa929a74d01b0585c80889d5646 - - default default] Successfully bumped revision number for resource 355f47ef-a7a6-47e0-bc6f-ea9743195f96 (type: security_group_rules) to 0
2026-05-01 02:07:18.748 9 INFO neutron.db.ovn_revision_numbers_db [None req-ccabe7d5-c769-4033-bd2c-5fe31548617d e030986686b24837825d7f688707c6f8 c2072fa929a74d01b0585c80889d5646 - - default default] Successfully bumped revision number for resource 3a8bae8f-c992-4981-b49a-53e2f50bc70a (type: security_group_rules) to 0
2026-05-01 02:07:18.761 9 INFO neutron.wsgi [None req-320ee994-658d-483e-be36-88f0c92c5e0a 209ce13e5d9f49f09d58ec1f1eedbeb0 66d135139856468ea09b34a6b5e53489 - - default default] 10.0.0.244 "PUT /v2.0/floatingips/9124d422-ecb2-4ba6-9371-24d3945067af HTTP/1.1" status: 200 len: 1050 time: 0.6640642
2026-05-01 02:07:18.767 9 INFO neutron.db.ovn_revision_numbers_db [None req-ccabe7d5-c769-4033-bd2c-5fe31548617d e030986686b24837825d7f688707c6f8 c2072fa929a74d01b0585c80889d5646 - - default default] Successfully bumped revision number for resource 7ab06b03-d169-4a47-bfdd-199ea0eb3988 (type: security_group_rules) to 0
2026-05-01 02:07:18.770 10 INFO neutron.db.ovn_revision_numbers_db [None req-fcf6a6c5-f20b-4839-b7d3-9260aec68996 e030986686b24837825d7f688707c6f8 c2072fa929a74d01b0585c80889d5646 - - default default] Successfully bumped revision number for resource 8d70ef6c-6d80-46fc-a58e-869859323dbe (type: security_group_rules) to 0
2026-05-01 02:07:18.781 9 INFO neutron.db.ovn_revision_numbers_db [None req-ccabe7d5-c769-4033-bd2c-5fe31548617d e030986686b24837825d7f688707c6f8 c2072fa929a74d01b0585c80889d5646 - - default default] Successfully bumped revision number for resource a77d5874-8ed3-4c22-978a-f004e0788d46 (type: security_group_rules) to 0
2026-05-01 02:07:18.792 10 INFO neutron.db.ovn_revision_numbers_db [None req-fcf6a6c5-f20b-4839-b7d3-9260aec68996 e030986686b24837825d7f688707c6f8 c2072fa929a74d01b0585c80889d5646 - - default default] Successfully bumped revision number for resource ac00b1a8-4c3c-412f-9e8c-951d670b704a (type: security_group_rules) to 0
2026-05-01 02:07:18.806 9 INFO neutron.wsgi [None req-ccabe7d5-c769-4033-bd2c-5fe31548617d e030986686b24837825d7f688707c6f8 c2072fa929a74d01b0585c80889d5646 - - default default] 10.0.0.244 "GET /v2.0/security-groups?tenant_id=328599dfbd8046c992b340a028d7d4db&name=default HTTP/1.1" status: 200 len: 2996 time: 0.2938471 /var/lib/openstack/lib/python3.10/site-packages/pycadf/identifier.py:71: UserWarning: Invalid uuid: neutron. To ensure interoperability, identifiers should be a valid uuid. warnings.warn(('Invalid uuid: %s. To ensure interoperability, '
2026-05-01 02:07:18.823 10 INFO neutron.db.ovn_revision_numbers_db [None req-fcf6a6c5-f20b-4839-b7d3-9260aec68996 e030986686b24837825d7f688707c6f8 c2072fa929a74d01b0585c80889d5646 - - default default] Successfully bumped revision number for resource b145d2cc-6c3d-45b0-bed4-522305322004 (type: security_group_rules) to 0
2026-05-01 02:07:18.865 10 INFO neutron.wsgi [None req-fcf6a6c5-f20b-4839-b7d3-9260aec68996 e030986686b24837825d7f688707c6f8 c2072fa929a74d01b0585c80889d5646 - - default default] 10.0.0.244 "GET /v2.0/security-groups?tenant_id=2843572bed3f4e34a12da566446bee39&name=default HTTP/1.1" status: 200 len: 2996 time: 0.5989296
2026-05-01 02:07:18.870 10 INFO neutron.wsgi [req-45bdd919-4b33-4f25-8c9a-50dd67afc6c9 req-42ae3a60-4a15-4918-9fba-2f185a988a8e 209ce13e5d9f49f09d58ec1f1eedbeb0 66d135139856468ea09b34a6b5e53489 - - default default] 10.0.0.19 "GET /v2.0/ports?device_id=2fc4cc2b-8b11-43cf-853f-c001e1419968 HTTP/1.1" status: 200 len: 1174 time: 0.0577655
2026-05-01 02:07:18.933 10 INFO neutron.wsgi [None req-cbbca39a-dcf5-404d-ae0d-c9481cf2f40a e030986686b24837825d7f688707c6f8 c2072fa929a74d01b0585c80889d5646 - - default default] 10.0.0.244 "PUT /v2.0/routers/37c4a666-b2e9-4141-a0bc-e33a2c35533c/remove_router_interface HTTP/1.1" status: 200 len: 503 time: 1.2812839
2026-05-01 02:07:18.943 10 INFO neutron.wsgi [req-45bdd919-4b33-4f25-8c9a-50dd67afc6c9 req-045ddcc3-be7f-4d95-aaea-56375535962d 209ce13e5d9f49f09d58ec1f1eedbeb0 66d135139856468ea09b34a6b5e53489 - - default default] 10.0.0.19 "GET /v2.0/security-groups?id=8464464f-6973-481b-81bd-2f3fffc4c2b7&fields=id&fields=name HTTP/1.1" status: 200 len: 312 time: 0.0688105 /var/lib/openstack/lib/python3.10/site-packages/pycadf/identifier.py:71: UserWarning: Invalid uuid: neutron. To ensure interoperability, identifiers should be a valid uuid. warnings.warn(('Invalid uuid: %s. To ensure interoperability, '
2026-05-01 02:07:19.049 9 INFO neutron.wsgi [None req-f5b61ad3-1e00-4ac0-b0ff-1dcbdb100b25 e030986686b24837825d7f688707c6f8 c2072fa929a74d01b0585c80889d5646 - - default default] 10.0.0.244 "DELETE /v2.0/security-groups/7a7ddef9-7185-49e9-8480-752cb7d62a1e HTTP/1.1" status: 204 len: 168 time: 0.2273991
2026-05-01 02:07:19.102 9 INFO neutron.wsgi [None req-6518f328-0027-4bd4-9d5d-4baa15fcf0c0 e030986686b24837825d7f688707c6f8 c2072fa929a74d01b0585c80889d5646 - - default default] 10.0.0.244 "DELETE /v2.0/security-groups/104a1ec5-c6fa-4bcc-a1c3-b95dc0c9b52a HTTP/1.1" status: 204 len: 168 time: 0.2287836
2026-05-01 02:07:19.363 9 INFO neutron.plugins.ml2.drivers.ovn.mech_driver.mech_driver [None req-f8365007-44bd-46bf-ac2c-cb7d65cf516d - - - - - -] OVN reports status down for port: 6bc2e532-9561-408f-bf5f-ebf3effaff4b
2026-05-01 02:07:19.374 9 INFO neutron.wsgi [req-53f95fad-6290-4333-9179-e4a0a7f24abd req-4d4e2bda-a58f-4c8b-9986-603707e4872d 209ce13e5d9f49f09d58ec1f1eedbeb0 66d135139856468ea09b34a6b5e53489 - - default default] 10.0.0.19 "GET /v2.0/ports?device_id=2fc4cc2b-8b11-43cf-853f-c001e1419968 HTTP/1.1" status: 200 len: 1174 time: 0.0679665
2026-05-01 02:07:19.411 10 INFO neutron.db.ovn_revision_numbers_db [None req-c796e507-9d71-4167-97ac-1293598eaaf7 e030986686b24837825d7f688707c6f8 c2072fa929a74d01b0585c80889d5646 - - default default] Successfully bumped revision number for resource f85bf371-d6f8-46aa-8fcf-2eb609da83e4 (type: security_groups) to 1
2026-05-01 02:07:19.433 9 INFO neutron.wsgi [req-53f95fad-6290-4333-9179-e4a0a7f24abd req-4a21f435-2b07-4017-9b7c-95517c9daa84 209ce13e5d9f49f09d58ec1f1eedbeb0 66d135139856468ea09b34a6b5e53489 - - default default] 10.0.0.19 "GET /v2.0/security-groups?id=8464464f-6973-481b-81bd-2f3fffc4c2b7&fields=id&fields=name HTTP/1.1" status: 200 len: 312 time: 0.0494232
2026-05-01 02:07:19.454 10 INFO neutron.db.ovn_revision_numbers_db [None req-c796e507-9d71-4167-97ac-1293598eaaf7 e030986686b24837825d7f688707c6f8 c2072fa929a74d01b0585c80889d5646 - - default default] Successfully bumped revision number for resource 4cd201e4-65b8-49e4-b4d6-ed5d0535ddde (type: security_group_rules) to 0
2026-05-01 02:07:19.485 10 INFO neutron.db.ovn_revision_numbers_db [None req-c796e507-9d71-4167-97ac-1293598eaaf7 e030986686b24837825d7f688707c6f8 c2072fa929a74d01b0585c80889d5646 - - default default] Successfully bumped revision number for resource 60576bb0-fea1-43a9-b360-1f7f7044d599 (type: security_group_rules) to 0
2026-05-01 02:07:19.532 10 INFO neutron.db.ovn_revision_numbers_db [None req-c796e507-9d71-4167-97ac-1293598eaaf7 e030986686b24837825d7f688707c6f8 c2072fa929a74d01b0585c80889d5646 - - default default] Successfully bumped revision number for resource a0ec8ac3-3407-4d4b-997d-10705d84b0f4 (type: security_group_rules) to 0
2026-05-01 02:07:19.556 10 INFO neutron.db.ovn_revision_numbers_db [None req-c796e507-9d71-4167-97ac-1293598eaaf7 e030986686b24837825d7f688707c6f8 c2072fa929a74d01b0585c80889d5646 - - default default] Successfully bumped revision number for resource ec938a62-a10b-4d44-94c0-0eb67dcacbaf (type: security_group_rules) to 0
2026-05-01 02:07:19.590 9 INFO neutron.notifiers.nova [-] Nova event matching ['req-a41da916-56d8-47b2-87dc-b881f92db045'] response: {'name': 'network-changed', 'server_uuid': '2fc4cc2b-8b11-43cf-853f-c001e1419968', 'tag': '6bc2e532-9561-408f-bf5f-ebf3effaff4b', 'status': 'completed', 'code': 200}
2026-05-01 02:07:19.590 9 INFO neutron.notifiers.nova [-] Nova event matching ['req-a41da916-56d8-47b2-87dc-b881f92db045'] response: {'server_uuid': '2fc4cc2b-8b11-43cf-853f-c001e1419968', 'name': 'network-vif-unplugged', 'status': 'completed', 'tag': '6bc2e532-9561-408f-bf5f-ebf3effaff4b', 'code': 200}
2026-05-01 02:07:19.600 10 INFO neutron.wsgi [None req-c796e507-9d71-4167-97ac-1293598eaaf7 e030986686b24837825d7f688707c6f8 c2072fa929a74d01b0585c80889d5646 - - default default] 10.0.0.244 "GET /v2.0/security-groups?tenant_id=27d7fd98e1754e76bf7b6cc4b38c07c7&name=default HTTP/1.1" status: 200 len: 2996 time: 0.3356798
2026-05-01 02:07:19.669 10 INFO neutron.wsgi [req-a8f755c9-b64e-41ae-8504-b51b66670d5f req-9609063d-5fde-459c-914f-39ebea5817da bdee89af079f4190a6e38113d83a464b 0eb0ed8e042f424abd6c9a83c4e0b0e0 - - 47cc34d411aa4a3ab8f0d3390e3f1bb0 47cc34d411aa4a3ab8f0d3390e3f1bb0] 199.204.45.140 "GET /v2.0/ports?tenant_id=66d135139856468ea09b34a6b5e53489&device_id=2fc4cc2b-8b11-43cf-853f-c001e1419968 HTTP/1.1" status: 200 len: 1411 time: 0.0524943
2026-05-01 02:07:19.703 9 INFO neutron.wsgi [req-b3f32f8c-8474-42d1-8746-867a471e3fa0 req-3b799512-4922-4215-bba3-30741fb5b43e 209ce13e5d9f49f09d58ec1f1eedbeb0 66d135139856468ea09b34a6b5e53489 - - default default] 199.204.45.140 "GET /v2.0/ports?device_id=2fc4cc2b-8b11-43cf-853f-c001e1419968 HTTP/1.1" status: 200 len: 1172 time: 0.0547352
2026-05-01 02:07:19.759 10 INFO neutron.wsgi [req-a8f755c9-b64e-41ae-8504-b51b66670d5f req-34a8c970-29f9-47aa-945e-a3c299339c01 bdee89af079f4190a6e38113d83a464b 0eb0ed8e042f424abd6c9a83c4e0b0e0 - - 47cc34d411aa4a3ab8f0d3390e3f1bb0 47cc34d411aa4a3ab8f0d3390e3f1bb0] 199.204.45.140 "GET /v2.0/networks?id=ac3e4740-3fd7-45eb-928d-14486db25a5d HTTP/1.1" status: 200 len: 967 time: 0.0831246
2026-05-01 02:07:19.795 9 INFO neutron.db.ovn_revision_numbers_db [None req-f8365007-44bd-46bf-ac2c-cb7d65cf516d - - - - - -] Successfully bumped revision number for resource 6bc2e532-9561-408f-bf5f-ebf3effaff4b (type: ports) to 5
2026-05-01 02:07:19.978 9 INFO neutron.wsgi [None req-12b39fac-8936-473b-bc29-68b746c7f7c9 e030986686b24837825d7f688707c6f8 c2072fa929a74d01b0585c80889d5646 - - default default] 10.0.0.244 "DELETE /v2.0/security-groups/f85bf371-d6f8-46aa-8fcf-2eb609da83e4 HTTP/1.1" status: 204 len: 168 time: 0.3617465
2026-05-01 02:07:20.085 10 INFO neutron.wsgi [req-a8f755c9-b64e-41ae-8504-b51b66670d5f req-c3d6c667-19ef-44be-b8f8-57e5ffc1dbe3 bdee89af079f4190a6e38113d83a464b 0eb0ed8e042f424abd6c9a83c4e0b0e0 - - 47cc34d411aa4a3ab8f0d3390e3f1bb0 47cc34d411aa4a3ab8f0d3390e3f1bb0] 199.204.45.140 "GET /v2.0/floatingips?fixed_ip_address=10.100.0.13&port_id=6bc2e532-9561-408f-bf5f-ebf3effaff4b HTTP/1.1" status: 200 len: 1058 time: 0.3080564
2026-05-01 02:07:20.110 9 INFO neutron.db.l3_db [req-b3f32f8c-8474-42d1-8746-867a471e3fa0 req-ffd83361-4835-40b7-b126-85c369e8c2d4 209ce13e5d9f49f09d58ec1f1eedbeb0 66d135139856468ea09b34a6b5e53489 - - default default] Floating IP 9124d422-ecb2-4ba6-9371-24d3945067af disassociated. External IP: 10.96.250.215, port: 6bc2e532-9561-408f-bf5f-ebf3effaff4b.
2026-05-01 02:07:20.190 10 INFO neutron.wsgi [req-a8f755c9-b64e-41ae-8504-b51b66670d5f req-b16f5700-b101-4dc4-ab74-e9f78354dd4a bdee89af079f4190a6e38113d83a464b 0eb0ed8e042f424abd6c9a83c4e0b0e0 - - 47cc34d411aa4a3ab8f0d3390e3f1bb0 47cc34d411aa4a3ab8f0d3390e3f1bb0] 199.204.45.140 "GET /v2.0/subnets?id=dd43140c-ac28-4f09-b18c-abed77b47d82 HTTP/1.1" status: 200 len: 862 time: 0.0943863 /var/lib/openstack/lib/python3.10/site-packages/pycadf/identifier.py:71: UserWarning: Invalid uuid: neutron. To ensure interoperability, identifiers should be a valid uuid. warnings.warn(('Invalid uuid: %s. To ensure interoperability, '
2026-05-01 02:07:20.239 10 INFO neutron.wsgi [req-a8f755c9-b64e-41ae-8504-b51b66670d5f req-54dbd9df-1a6d-45a3-bcef-fdafdf554b95 bdee89af079f4190a6e38113d83a464b 0eb0ed8e042f424abd6c9a83c4e0b0e0 - - 47cc34d411aa4a3ab8f0d3390e3f1bb0 47cc34d411aa4a3ab8f0d3390e3f1bb0] 199.204.45.140 "GET /v2.0/ports?network_id=ac3e4740-3fd7-45eb-928d-14486db25a5d&device_owner=network%3Adhcp HTTP/1.1" status: 200 len: 210 time: 0.0359988
2026-05-01 02:07:20.288 9 INFO neutron.wsgi [req-b3f32f8c-8474-42d1-8746-867a471e3fa0 req-ffd83361-4835-40b7-b126-85c369e8c2d4 209ce13e5d9f49f09d58ec1f1eedbeb0 66d135139856468ea09b34a6b5e53489 - - default default] 199.204.45.140 "DELETE /v2.0/ports/6bc2e532-9561-408f-bf5f-ebf3effaff4b HTTP/1.1" status: 204 len: 173 time: 0.5809691
2026-05-01 02:07:20.314 10 INFO neutron.wsgi [None req-83008cb4-dfd9-4147-b022-c5c0c60fcef0 e030986686b24837825d7f688707c6f8 c2072fa929a74d01b0585c80889d5646 - - default default] 10.0.0.244 "DELETE /v2.0/routers/37c4a666-b2e9-4141-a0bc-e33a2c35533c HTTP/1.1" status: 204 len: 168 time: 1.3739207
2026-05-01 02:07:20.340 10 INFO neutron.wsgi [req-a8f755c9-b64e-41ae-8504-b51b66670d5f req-9e580a3a-4766-4858-b7d4-013fa8296979 bdee89af079f4190a6e38113d83a464b 0eb0ed8e042f424abd6c9a83c4e0b0e0 - - 47cc34d411aa4a3ab8f0d3390e3f1bb0 47cc34d411aa4a3ab8f0d3390e3f1bb0] 199.204.45.140 "GET /v2.0/networks/ac3e4740-3fd7-45eb-928d-14486db25a5d?fields=segments HTTP/1.1" status: 200 len: 212 time: 0.0904856
2026-05-01 02:07:20.420 10 INFO neutron.wsgi [req-a8f755c9-b64e-41ae-8504-b51b66670d5f req-32ba43d6-289c-4456-96f4-089b961ebd43 bdee89af079f4190a6e38113d83a464b 0eb0ed8e042f424abd6c9a83c4e0b0e0 - - 47cc34d411aa4a3ab8f0d3390e3f1bb0 47cc34d411aa4a3ab8f0d3390e3f1bb0] 199.204.45.140 "GET /v2.0/networks/ac3e4740-3fd7-45eb-928d-14486db25a5d?fields=provider%3Aphysical_network&fields=provider%3Anetwork_type HTTP/1.1" status: 200 len: 277 time: 0.0769093 /var/lib/openstack/lib/python3.10/site-packages/pycadf/identifier.py:71: UserWarning: Invalid uuid: neutron. To ensure interoperability, identifiers should be a valid uuid. warnings.warn(('Invalid uuid: %s. To ensure interoperability, '
2026-05-01 02:07:20.549 9 INFO neutron.wsgi [req-d25bfab5-9caa-4b91-868e-b2dd87e6d3b5 req-ef6512d4-06c6-482b-8101-f7582c5953ab 209ce13e5d9f49f09d58ec1f1eedbeb0 66d135139856468ea09b34a6b5e53489 - - default default] 10.0.0.19 "GET /v2.0/ports?device_id=2fc4cc2b-8b11-43cf-853f-c001e1419968 HTTP/1.1" status: 200 len: 210 time: 0.0233660
2026-05-01 02:07:20.561 10 INFO neutron.wsgi [None req-00080c58-be18-48e1-a4e8-c624eb8ac01f e030986686b24837825d7f688707c6f8 c2072fa929a74d01b0585c80889d5646 - - default default] 10.0.0.244 "DELETE /v2.0/subnets/272dfad4-bcda-4e0b-8f59-22ce3572af14 HTTP/1.1" status: 204 len: 168 time: 0.2413273
2026-05-01 02:07:20.900 10 INFO neutron.services.segments.plugin [-] Segment 363324ac-4c60-47eb-84f0-dc97a2b87d13 resource provider aggregate not found
2026-05-01 02:07:20.905 10 INFO neutron.services.segments.plugin [-] Segment 363324ac-4c60-47eb-84f0-dc97a2b87d13 resource provider aggregate not found
2026-05-01 02:07:20.924 10 INFO neutron.services.segments.plugin [-] Segment 363324ac-4c60-47eb-84f0-dc97a2b87d13 resource provider not found; error: Placement Client Error (4xx): {"errors": [{"status": 404, "title": "Not Found", "detail": "The resource could not be found.\n\n No resource provider with uuid 363324ac-4c60-47eb-84f0-dc97a2b87d13 found for delete ", "request_id": "req-c7cfcb64-bbda-4963-86f1-6c61829e6b5b"}]}
2026-05-01 02:07:20.927 10 INFO neutron.services.segments.plugin [-] Segment 363324ac-4c60-47eb-84f0-dc97a2b87d13 resource provider not found; error: Placement Client Error (4xx): {"errors": [{"status": 404, "title": "Not Found", "detail": "The resource could not be found.\n\n No resource provider with uuid 363324ac-4c60-47eb-84f0-dc97a2b87d13 found for delete ", "request_id": "req-263e1b4d-c54a-49eb-923b-9b3ac8413be9"}]}
2026-05-01 02:07:20.946 10 INFO neutron.wsgi [None req-cf6d9e11-4bb8-466a-ba89-82b8249ed636 e030986686b24837825d7f688707c6f8 c2072fa929a74d01b0585c80889d5646 - - default default] 10.0.0.244 "DELETE /v2.0/networks/e8a49c9a-b650-4d06-af72-6209f307ad8a HTTP/1.1" status: 204 len: 168 time: 0.3778203
2026-05-01 02:07:21.110 10 INFO neutron.wsgi [None req-1b5fc1b5-0650-4d5c-8929-b4543693afa4 e030986686b24837825d7f688707c6f8 c2072fa929a74d01b0585c80889d5646 - - default default] 10.0.0.244 "GET /v2.0/security-groups?tenant_id=98b0400339524d20b075bdcce91cbd43&name=default HTTP/1.1" status: 200 len: 2992 time: 0.0670960
2026-05-01 02:07:21.298 10 INFO neutron.wsgi [None req-122f30ee-4e86-4f11-ab2d-de77457e8817 e030986686b24837825d7f688707c6f8 c2072fa929a74d01b0585c80889d5646 - - default default] 10.0.0.244 "DELETE /v2.0/security-groups/09eda780-2cd7-49b4-b0f1-aef4fc6494a1 HTTP/1.1" status: 204 len: 168 time: 0.1825254
2026-05-01 02:07:21.634 9 INFO neutron.notifiers.nova [-] Nova event matching ['req-fc4473d2-bd87-4bb2-b34e-4a0f191f55df'] response: {'server_uuid': '2fc4cc2b-8b11-43cf-853f-c001e1419968', 'name': 'network-vif-plugged', 'status': 'completed', 'tag': '6bc2e532-9561-408f-bf5f-ebf3effaff4b', 'code': 200}
2026-05-01 02:07:21.637 9 INFO neutron.notifiers.nova [-] Nova event matching ['req-fc4473d2-bd87-4bb2-b34e-4a0f191f55df'] response: {'server_uuid': '2fc4cc2b-8b11-43cf-853f-c001e1419968', 'name': 'network-vif-deleted', 'tag': '6bc2e532-9561-408f-bf5f-ebf3effaff4b', 'status': 'completed', 'code': 200}
2026-05-01 02:07:21.785 9 INFO neutron.wsgi [None req-06caeda9-28a9-4550-8d22-fa28f311a221 209ce13e5d9f49f09d58ec1f1eedbeb0 66d135139856468ea09b34a6b5e53489 - - default default] 10.0.0.244 "DELETE /v2.0/security-groups/8464464f-6973-481b-81bd-2f3fffc4c2b7 HTTP/1.1" status: 204 len: 168 time: 0.1431568
2026-05-01 02:07:21.798 9 INFO neutron.api.v2.resource [None req-52ed3e35-2370-4070-aab7-c8f7bcf158db 209ce13e5d9f49f09d58ec1f1eedbeb0 66d135139856468ea09b34a6b5e53489 - - default default] show failed (client error): The resource could not be found.
2026-05-01 02:07:21.799 9 INFO neutron.wsgi [None req-52ed3e35-2370-4070-aab7-c8f7bcf158db 209ce13e5d9f49f09d58ec1f1eedbeb0 66d135139856468ea09b34a6b5e53489 - - default default] 10.0.0.244 "GET /v2.0/security-groups/8464464f-6973-481b-81bd-2f3fffc4c2b7 HTTP/1.1" status: 404 len: 347 time: 0.0080767
2026-05-01 02:07:21.834 10 INFO neutron.db.ovn_revision_numbers_db [None req-00a3a658-8854-4802-87ad-f308c961d40e e030986686b24837825d7f688707c6f8 c2072fa929a74d01b0585c80889d5646 - - default default] Successfully bumped revision number for resource c18ecc25-f2d8-4644-a7e4-e145d4fe1fc1 (type: security_groups) to 1
2026-05-01 02:07:21.847 10 INFO neutron.db.ovn_revision_numbers_db [None req-00a3a658-8854-4802-87ad-f308c961d40e e030986686b24837825d7f688707c6f8 c2072fa929a74d01b0585c80889d5646 - - default default] Successfully bumped revision number for resource 02d4078d-359a-4e4a-9ec8-95955a005d49 (type: security_group_rules) to 0
2026-05-01 02:07:21.858 10 INFO neutron.db.ovn_revision_numbers_db [None req-00a3a658-8854-4802-87ad-f308c961d40e e030986686b24837825d7f688707c6f8 c2072fa929a74d01b0585c80889d5646 - - default default] Successfully bumped revision number for resource 40e1492b-9d03-4b43-934d-ac0ebbd9d89e (type: security_group_rules) to 0
2026-05-01 02:07:21.868 10 INFO neutron.db.ovn_revision_numbers_db [None req-00a3a658-8854-4802-87ad-f308c961d40e e030986686b24837825d7f688707c6f8 c2072fa929a74d01b0585c80889d5646 - - default default] Successfully bumped revision number for resource c1296f14-cbfa-4993-83ee-96722e3a6c87 (type: security_group_rules) to 0
2026-05-01 02:07:21.878 10 INFO neutron.db.ovn_revision_numbers_db [None req-00a3a658-8854-4802-87ad-f308c961d40e e030986686b24837825d7f688707c6f8 c2072fa929a74d01b0585c80889d5646 - - default default] Successfully bumped revision number for resource f401a688-f09e-4ea7-86d7-7a4d8704ff25 (type: security_group_rules) to 0
2026-05-01 02:07:21.901 10 INFO neutron.wsgi [None req-00a3a658-8854-4802-87ad-f308c961d40e e030986686b24837825d7f688707c6f8 c2072fa929a74d01b0585c80889d5646 - - default default] 10.0.0.244 "GET /v2.0/security-groups?tenant_id=bd0edcbe89314fcc9651bac06d608e20&name=default HTTP/1.1" status: 200 len: 2996 time: 0.4317820
2026-05-01 02:07:22.167 9 INFO neutron.wsgi [None req-5717eec6-4a5d-4a22-b54f-c05280aaad1f 209ce13e5d9f49f09d58ec1f1eedbeb0 66d135139856468ea09b34a6b5e53489 - - default default] 10.0.0.244 "DELETE /v2.0/floatingips/9124d422-ecb2-4ba6-9371-24d3945067af HTTP/1.1" status: 204 len: 168 time: 0.3629053
2026-05-01 02:07:22.176 9 INFO neutron.wsgi [None req-0befec9c-fe39-4ac3-a158-2c2a7459cfb3 e030986686b24837825d7f688707c6f8 c2072fa929a74d01b0585c80889d5646 - - default default] 10.0.0.244 "DELETE /v2.0/security-groups/c18ecc25-f2d8-4644-a7e4-e145d4fe1fc1 HTTP/1.1" status: 204 len: 168 time: 0.2706070
2026-05-01 02:07:23.080 10 INFO neutron.wsgi [None req-abe459fd-3c85-4d0c-ab66-aa988f062d25 e030986686b24837825d7f688707c6f8 c2072fa929a74d01b0585c80889d5646 - - default default] 10.0.0.244 "PUT /v2.0/routers/873e5f99-ab03-4540-ae7c-5c09fa4d6053/remove_router_interface HTTP/1.1" status: 200 len: 503 time: 0.9042370 /var/lib/openstack/lib/python3.10/site-packages/pycadf/identifier.py:71: UserWarning: Invalid uuid: neutron. To ensure interoperability, identifiers should be a valid uuid. warnings.warn(('Invalid uuid: %s. To ensure interoperability, '
2026-05-01 02:07:23.219 9 INFO neutron.db.ovn_revision_numbers_db [None req-d866e813-5938-4a17-bba6-c021e2403edf e030986686b24837825d7f688707c6f8 c2072fa929a74d01b0585c80889d5646 - - default default] Successfully bumped revision number for resource c22cabbd-273d-4e2d-8fb5-fd0f4ab22e35 (type: security_groups) to 1
2026-05-01 02:07:23.255 9 INFO neutron.db.ovn_revision_numbers_db [None req-d866e813-5938-4a17-bba6-c021e2403edf e030986686b24837825d7f688707c6f8 c2072fa929a74d01b0585c80889d5646 - - default default] Successfully bumped revision number for resource 17e2d16a-fad4-49a4-a497-40c27cbe3740 (type: security_group_rules) to 0
2026-05-01 02:07:23.271 9 INFO neutron.db.ovn_revision_numbers_db [None req-d866e813-5938-4a17-bba6-c021e2403edf e030986686b24837825d7f688707c6f8 c2072fa929a74d01b0585c80889d5646 - - default default] Successfully bumped revision number for resource 90833374-8739-4d41-8e08-08a7205c3339 (type: security_group_rules) to 0
2026-05-01 02:07:23.293 9 INFO neutron.db.ovn_revision_numbers_db [None req-d866e813-5938-4a17-bba6-c021e2403edf e030986686b24837825d7f688707c6f8 c2072fa929a74d01b0585c80889d5646 - - default default] Successfully bumped revision number for resource d1126f0f-1f52-46c7-b817-93a7243b41cf (type: security_group_rules) to 0
2026-05-01 02:07:23.308 9 INFO neutron.db.ovn_revision_numbers_db [None req-d866e813-5938-4a17-bba6-c021e2403edf e030986686b24837825d7f688707c6f8 c2072fa929a74d01b0585c80889d5646 - - default default] Successfully bumped revision number for resource e78e252b-aeb6-4775-9c19-218f6bde9071 (type: security_group_rules) to 0
2026-05-01 02:07:23.373 9 INFO neutron.db.segments_db [None req-d866e813-5938-4a17-bba6-c021e2403edf e030986686b24837825d7f688707c6f8 c2072fa929a74d01b0585c80889d5646 - - default default] Added segment ea1e03e3-3c6c-4f10-91d7-989c5fc4974d of type geneve for network 3c3c0cde-9eb5-4b7a-818b-a4232e64bea1
2026-05-01 02:07:23.525 9 INFO neutron.db.ovn_revision_numbers_db [None req-d866e813-5938-4a17-bba6-c021e2403edf e030986686b24837825d7f688707c6f8 c2072fa929a74d01b0585c80889d5646 - - default default] Successfully bumped revision number for resource 3c3c0cde-9eb5-4b7a-818b-a4232e64bea1 (type: networks) to 1
2026-05-01 02:07:23.711 9 WARNING neutron.scheduler.dhcp_agent_scheduler [None req-d866e813-5938-4a17-bba6-c021e2403edf e030986686b24837825d7f688707c6f8 c2072fa929a74d01b0585c80889d5646 - - default default] No more DHCP agents
2026-05-01 02:07:23.713 9 WARNING neutron.api.rpc.agentnotifiers.dhcp_rpc_agent_api [None req-d866e813-5938-4a17-bba6-c021e2403edf e030986686b24837825d7f688707c6f8 c2072fa929a74d01b0585c80889d5646 - - default default] Unable to schedule network 3c3c0cde-9eb5-4b7a-818b-a4232e64bea1: no agents available; will retry on subsequent port and subnet creation events.
2026-05-01 02:07:23.804 9 INFO neutron.db.ovn_revision_numbers_db [None req-d866e813-5938-4a17-bba6-c021e2403edf e030986686b24837825d7f688707c6f8 c2072fa929a74d01b0585c80889d5646 - - default default] Successfully bumped revision number for resource e43b6fe2-fdda-4193-9af5-d756531e8772 (type: ports) to 1
2026-05-01 02:07:23.829 9 INFO neutron.wsgi [None req-d866e813-5938-4a17-bba6-c021e2403edf e030986686b24837825d7f688707c6f8 c2072fa929a74d01b0585c80889d5646 - - default default] 10.0.0.244 "POST /v2.0/networks HTTP/1.1" status: 201 len: 945 time: 0.9182465
2026-05-01 02:07:23.891 10 INFO neutron.wsgi [None req-8681ac0c-0b14-4272-9b12-c65e85f09d88 e030986686b24837825d7f688707c6f8 c2072fa929a74d01b0585c80889d5646 - - default default] 10.0.0.244 "DELETE /v2.0/routers/873e5f99-ab03-4540-ae7c-5c09fa4d6053 HTTP/1.1" status: 204 len: 168 time: 0.8052917
2026-05-01 02:07:23.977 9 WARNING neutron.scheduler.dhcp_agent_scheduler [None req-59396b0b-449e-46cc-9d4c-c721cef49409 e030986686b24837825d7f688707c6f8 c2072fa929a74d01b0585c80889d5646 - - default default] No more DHCP agents
2026-05-01 02:07:23.982 9 WARNING neutron.api.rpc.agentnotifiers.dhcp_rpc_agent_api [None req-59396b0b-449e-46cc-9d4c-c721cef49409 e030986686b24837825d7f688707c6f8 c2072fa929a74d01b0585c80889d5646 - - default default] Unable to schedule network 3c3c0cde-9eb5-4b7a-818b-a4232e64bea1: no agents available; will retry on subsequent port and subnet creation events.
2026-05-01 02:07:24.101 10 WARNING neutron_lib.context [None req-16fa64f3-77c2-47ad-a02c-de41d4ec47fa b1021769a8a0426bb2cb725854232cd7 250e8b50ff5e4717ae5fcabcc9e86d51 - - default default] Method 'is_advsvc' is deprecated since 2023.2 release (neutron-lib 3.8.0) and will be removed once support for the old RBAC API policies will be removed from Neutron. Please use method 'is_service_role' instead.
2026-05-01 02:07:24.125 10 INFO neutron.wsgi [None req-731fb1bc-f2cf-404b-b829-7e1d1e505093 e030986686b24837825d7f688707c6f8 c2072fa929a74d01b0585c80889d5646 - - default default] 10.0.0.244 "DELETE /v2.0/subnets/dd43140c-ac28-4f09-b18c-abed77b47d82 HTTP/1.1" status: 204 len: 168 time: 0.2276897
2026-05-01 02:07:24.237 10 INFO neutron.db.ovn_revision_numbers_db [None req-16fa64f3-77c2-47ad-a02c-de41d4ec47fa b1021769a8a0426bb2cb725854232cd7 250e8b50ff5e4717ae5fcabcc9e86d51 - - default default] Successfully bumped revision number for resource 995cdaf0-77ef-44fe-96dc-174338cc727a (type: security_groups) to 1
2026-05-01 02:07:24.250 10 INFO neutron.db.ovn_revision_numbers_db [None req-16fa64f3-77c2-47ad-a02c-de41d4ec47fa b1021769a8a0426bb2cb725854232cd7 250e8b50ff5e4717ae5fcabcc9e86d51 - - default default] Successfully bumped revision number for resource 119a36a9-50b5-4962-a7b1-81cd20c96afb (type: security_group_rules) to 0
2026-05-01 02:07:24.263 10 INFO neutron.db.ovn_revision_numbers_db [None req-16fa64f3-77c2-47ad-a02c-de41d4ec47fa b1021769a8a0426bb2cb725854232cd7 250e8b50ff5e4717ae5fcabcc9e86d51 - - default default] Successfully bumped revision number for resource 640ce803-d588-4dc5-ae76-49280c79f4a8 (type: security_group_rules) to 0
2026-05-01 02:07:24.277 10 INFO neutron.db.ovn_revision_numbers_db [None req-16fa64f3-77c2-47ad-a02c-de41d4ec47fa b1021769a8a0426bb2cb725854232cd7 250e8b50ff5e4717ae5fcabcc9e86d51 - - default default] Successfully bumped revision number for resource 64c2c268-292e-4860-8264-2a0f434c5056 (type: security_group_rules) to 0
2026-05-01 02:07:24.299 10 INFO neutron.db.ovn_revision_numbers_db [None req-16fa64f3-77c2-47ad-a02c-de41d4ec47fa b1021769a8a0426bb2cb725854232cd7 250e8b50ff5e4717ae5fcabcc9e86d51 - - default default] Successfully bumped revision number for resource b4345a97-8865-4145-a87d-66437922e1c5 (type: security_group_rules) to 0
2026-05-01 02:07:24.352 10 INFO neutron.db.segments_db [None req-16fa64f3-77c2-47ad-a02c-de41d4ec47fa b1021769a8a0426bb2cb725854232cd7 250e8b50ff5e4717ae5fcabcc9e86d51 - - default default] Added segment d3d17c08-39de-4714-886d-838d07048012 of type geneve for network e580977a-1a47-47a7-8e05-36fdfb817e6b
2026-05-01 02:07:24.494 10 INFO neutron.db.ovn_revision_numbers_db [None req-16fa64f3-77c2-47ad-a02c-de41d4ec47fa b1021769a8a0426bb2cb725854232cd7 250e8b50ff5e4717ae5fcabcc9e86d51 - - default default] Successfully bumped revision number for resource e580977a-1a47-47a7-8e05-36fdfb817e6b (type: networks) to 1
2026-05-01 02:07:24.757 9 INFO neutron.services.segments.plugin [-] Segment a3af158f-6199-40ab-8168-db31742c01f6 resource provider aggregate not found
2026-05-01 02:07:24.762 9 INFO neutron.services.segments.plugin [-] Segment a3af158f-6199-40ab-8168-db31742c01f6 resource provider aggregate not found
2026-05-01 02:07:24.780 9 INFO neutron.db.ovn_revision_numbers_db [None req-59396b0b-449e-46cc-9d4c-c721cef49409 e030986686b24837825d7f688707c6f8 c2072fa929a74d01b0585c80889d5646 - - default default] Successfully bumped revision number for resource e43b6fe2-fdda-4193-9af5-d756531e8772 (type: ports) to 2
2026-05-01 02:07:24.783 9 INFO neutron.services.segments.plugin [-] Segment a3af158f-6199-40ab-8168-db31742c01f6 resource provider not found; error: Placement Client Error (4xx): {"errors": [{"status": 404, "title": "Not Found", "detail": "The resource could not be found.\n\n No resource provider with uuid a3af158f-6199-40ab-8168-db31742c01f6 found for delete ", "request_id": "req-e6291f3a-6e53-43c0-8eb8-d4d6c6682336"}]}
2026-05-01 02:07:24.783 9 INFO neutron.services.segments.plugin [-] Segment a3af158f-6199-40ab-8168-db31742c01f6 resource provider not found; error: Placement Client Error (4xx): {"errors": [{"status": 404, "title": "Not Found", "detail": "The resource could not be found.\n\n No resource provider with uuid a3af158f-6199-40ab-8168-db31742c01f6 found for delete ", "request_id": "req-e49ed387-33ab-4734-8832-ddab9d224332"}]}
2026-05-01 02:07:24.810 9 INFO neutron.wsgi [None req-775ce80b-93b6-43ad-8bfc-6ddc45a194b7 e030986686b24837825d7f688707c6f8 c2072fa929a74d01b0585c80889d5646 - - default default] 10.0.0.244 "DELETE /v2.0/networks/ac3e4740-3fd7-45eb-928d-14486db25a5d HTTP/1.1" status: 204 len: 168 time: 0.6794076
2026-05-01 02:07:24.821 9 INFO neutron.db.ovn_revision_numbers_db [None req-59396b0b-449e-46cc-9d4c-c721cef49409 e030986686b24837825d7f688707c6f8 c2072fa929a74d01b0585c80889d5646 - - default default] Successfully bumped revision number for resource 43d21951-62cb-4844-830d-6d2a6d7ffecc (type: subnets) to 0
2026-05-01 02:07:24.832 9 INFO neutron.wsgi [None req-59396b0b-449e-46cc-9d4c-c721cef49409 e030986686b24837825d7f688707c6f8 c2072fa929a74d01b0585c80889d5646 - - default default] 10.0.0.244 "POST /v2.0/subnets HTTP/1.1" status: 201 len: 865 time: 0.9965029
2026-05-01 02:07:24.934 10 WARNING neutron.scheduler.dhcp_agent_scheduler [None req-16fa64f3-77c2-47ad-a02c-de41d4ec47fa b1021769a8a0426bb2cb725854232cd7 250e8b50ff5e4717ae5fcabcc9e86d51 - - default default] No more DHCP agents
2026-05-01 02:07:24.937 10 WARNING neutron.api.rpc.agentnotifiers.dhcp_rpc_agent_api [None req-16fa64f3-77c2-47ad-a02c-de41d4ec47fa b1021769a8a0426bb2cb725854232cd7 250e8b50ff5e4717ae5fcabcc9e86d51 - - default default] Unable to schedule network e580977a-1a47-47a7-8e05-36fdfb817e6b: no agents available; will retry on subsequent port and subnet creation events.
2026-05-01 02:07:25.014 10 INFO neutron.db.ovn_revision_numbers_db [None req-16fa64f3-77c2-47ad-a02c-de41d4ec47fa b1021769a8a0426bb2cb725854232cd7 250e8b50ff5e4717ae5fcabcc9e86d51 - - default default] Successfully bumped revision number for resource 74b44b47-cb9d-413a-a7ef-2028ca744b0d (type: ports) to 1
2026-05-01 02:07:25.038 10 INFO neutron.wsgi [None req-16fa64f3-77c2-47ad-a02c-de41d4ec47fa b1021769a8a0426bb2cb725854232cd7 250e8b50ff5e4717ae5fcabcc9e86d51 - - default default] 10.0.0.244 "POST /v2.0/networks HTTP/1.1" status: 201 len: 848 time: 1.0620890
2026-05-01 02:07:25.049 10 WARNING neutron_lib.context [None req-e4acf377-a5e4-4e11-926f-5eff67c97fc0 b1021769a8a0426bb2cb725854232cd7 250e8b50ff5e4717ae5fcabcc9e86d51 - - default default] Method 'is_advsvc' is deprecated since 2023.2 release (neutron-lib 3.8.0) and will be removed once support for the old RBAC API policies will be removed from Neutron. Please use method 'is_service_role' instead.
2026-05-01 02:07:25.116 10 INFO neutron.wsgi [None req-ba9019df-5c3d-48d0-b874-bfc307842dbc e030986686b24837825d7f688707c6f8 c2072fa929a74d01b0585c80889d5646 - - default default] 10.0.0.244 "GET /v2.0/security-groups?tenant_id=66d135139856468ea09b34a6b5e53489&name=default HTTP/1.1" status: 200 len: 2996 time: 0.0382440
2026-05-01 02:07:25.257 9 WARNING neutron.scheduler.dhcp_agent_scheduler [None req-689db7b0-db47-4e7d-ab6b-2bc7841ae551 e030986686b24837825d7f688707c6f8 c2072fa929a74d01b0585c80889d5646 - - default default] No more DHCP agents
