2026-05-01 02:10:25.346 9 INFO neutron.db.ovn_revision_numbers_db [None req-6c80d6f9-d67e-48a9-b08a-79425c169866 ecbc2f3a18f0459a9fe91dddea98f501 50fd8b8062034af9b3583c07c6b07f61 - - default default] Successfully bumped revision number for resource a99e9927-158c-401a-bc25-98895f7b053b (type: router_ports) to 1
2026-05-01 02:10:25.377 9 INFO neutron.wsgi [None req-b1fb82e2-a188-4c1f-af2f-a4d657d7e882 741caf3b324545a182e2524eedf1cea3 e1fac7d76b854918af63505dbc8d1602 - - default default] 10.0.0.244 "DELETE /v2.0/networks/a23786b5-6057-4d5e-8dc7-213193e5a3fa HTTP/1.1" status: 204 len: 168 time: 2.6397994
2026-05-01 02:10:25.570 9 INFO neutron.db.ovn_revision_numbers_db [None req-6c80d6f9-d67e-48a9-b08a-79425c169866 ecbc2f3a18f0459a9fe91dddea98f501 50fd8b8062034af9b3583c07c6b07f61 - - default default] Successfully bumped revision number for resource a99e9927-158c-401a-bc25-98895f7b053b (type: ports) to 1
2026-05-01 02:10:25.607 9 INFO neutron.db.ovn_revision_numbers_db [None req-f8365007-44bd-46bf-ac2c-cb7d65cf516d - - - - - -] Successfully bumped revision number for resource f9e33666-0223-4eaf-9814-aa627f697f63 (type: ports) to 2
2026-05-01 02:10:25.690 9 WARNING neutron.scheduler.dhcp_agent_scheduler [None req-6c80d6f9-d67e-48a9-b08a-79425c169866 ecbc2f3a18f0459a9fe91dddea98f501 50fd8b8062034af9b3583c07c6b07f61 - - default default] No more DHCP agents
2026-05-01 02:10:25.691 9 WARNING neutron.api.rpc.agentnotifiers.dhcp_rpc_agent_api [None req-6c80d6f9-d67e-48a9-b08a-79425c169866 ecbc2f3a18f0459a9fe91dddea98f501 50fd8b8062034af9b3583c07c6b07f61 - - default default] Unable to schedule network 198749f7-ffe1-4ffc-b982-14956a802d44: no agents available; will retry on subsequent port and subnet creation events.
2026-05-01 02:10:25.716 9 INFO neutron.db.ovn_revision_numbers_db [None req-f8365007-44bd-46bf-ac2c-cb7d65cf516d - - - - - -] Successfully bumped revision number for resource f9e33666-0223-4eaf-9814-aa627f697f63 (type: router_ports) to 2
2026-05-01 02:10:25.993 9 INFO neutron.db.ovn_revision_numbers_db [None req-6c80d6f9-d67e-48a9-b08a-79425c169866 ecbc2f3a18f0459a9fe91dddea98f501 50fd8b8062034af9b3583c07c6b07f61 - - default default] Successfully bumped revision number for resource a99e9927-158c-401a-bc25-98895f7b053b (type: router_ports) to 1
2026-05-01 02:10:25.995 9 INFO neutron.wsgi [None req-6c80d6f9-d67e-48a9-b08a-79425c169866 ecbc2f3a18f0459a9fe91dddea98f501 50fd8b8062034af9b3583c07c6b07f61 - - default default] 10.0.0.244 "PUT /v2.0/routers/04dcb3fa-c4bd-40d6-bf08-85172db6c7b6/add_router_interface HTTP/1.1" status: 200 len: 503 time: 4.7608573
2026-05-01 02:10:26.077 9 WARNING neutron_lib.context [None req-a9adeff7-12b8-4c4d-8402-49cda82fec43 ecbc2f3a18f0459a9fe91dddea98f501 50fd8b8062034af9b3583c07c6b07f61 - - default default] Method 'is_advsvc' is deprecated since 2023.2 release (neutron-lib 3.8.0) and will be removed once support for the old RBAC API policies will be removed from Neutron. Please use method 'is_service_role' instead.
2026-05-01 02:10:26.190 9 INFO neutron.db.ovn_revision_numbers_db [None req-a9adeff7-12b8-4c4d-8402-49cda82fec43 ecbc2f3a18f0459a9fe91dddea98f501 50fd8b8062034af9b3583c07c6b07f61 - - default default] Successfully bumped revision number for resource 3454094f-0f84-48ee-ad13-e97a1fb1bb37 (type: security_groups) to 1
2026-05-01 02:10:26.203 9 INFO neutron.db.ovn_revision_numbers_db [None req-a9adeff7-12b8-4c4d-8402-49cda82fec43 ecbc2f3a18f0459a9fe91dddea98f501 50fd8b8062034af9b3583c07c6b07f61 - - default default] Successfully bumped revision number for resource 98c71cea-f490-4a66-a65e-7ccf1d90f940 (type: security_group_rules) to 0
2026-05-01 02:10:26.217 9 INFO neutron.db.ovn_revision_numbers_db [None req-a9adeff7-12b8-4c4d-8402-49cda82fec43 ecbc2f3a18f0459a9fe91dddea98f501 50fd8b8062034af9b3583c07c6b07f61 - - default default] Successfully bumped revision number for resource e2839901-6231-4d9e-b08b-7f2641bc11c9 (type: security_group_rules) to 0
2026-05-01 02:10:26.236 9 INFO neutron.wsgi [None req-a9adeff7-12b8-4c4d-8402-49cda82fec43 ecbc2f3a18f0459a9fe91dddea98f501 50fd8b8062034af9b3583c07c6b07f61 - - default default] 10.0.0.244 "POST /v2.0/security-groups HTTP/1.1" status: 201 len: 1764 time: 0.1669850
2026-05-01 02:10:26.247 9 WARNING neutron_lib.context [None req-39618059-6310-4762-9243-ae9deaa92862 ecbc2f3a18f0459a9fe91dddea98f501 50fd8b8062034af9b3583c07c6b07f61 - - default default] Method 'is_advsvc' is deprecated since 2023.2 release (neutron-lib 3.8.0) and will be removed once support for the old RBAC API policies will be removed from Neutron. Please use method 'is_service_role' instead.
2026-05-01 02:10:26.353 10 INFO neutron.plugins.ml2.drivers.ovn.mech_driver.mech_driver [None req-baefa63a-eed7-45ab-ae84-ad67a725750a - - - - - -] OVN reports status up for port: a99e9927-158c-401a-bc25-98895f7b053b
2026-05-01 02:10:26.355 10 INFO neutron.services.segments.plugin [-] Segment c3011728-e2cf-48d7-84b7-693634103475 resource provider aggregate not found
2026-05-01 02:10:26.361 10 INFO neutron.services.segments.plugin [-] Segment c3011728-e2cf-48d7-84b7-693634103475 resource provider aggregate not found
2026-05-01 02:10:26.369 10 INFO neutron.services.segments.plugin [-] Segment c3011728-e2cf-48d7-84b7-693634103475 resource provider not found; error: Placement Client Error (4xx): {"errors": [{"status": 404, "title": "Not Found", "detail": "The resource could not be found.\n\n No resource provider with uuid c3011728-e2cf-48d7-84b7-693634103475 found for delete ", "request_id": "req-a6bf66fd-89f9-4d01-b43c-518d85e21860"}]}
2026-05-01 02:10:26.374 9 INFO neutron.db.ovn_revision_numbers_db [None req-39618059-6310-4762-9243-ae9deaa92862 ecbc2f3a18f0459a9fe91dddea98f501 50fd8b8062034af9b3583c07c6b07f61 - - default default] Successfully bumped revision number for resource d08fa2de-fdc6-44ae-b1ff-1f386a6a6cec (type: security_group_rules) to 0
2026-05-01 02:10:26.376 10 INFO neutron.services.segments.plugin [-] Segment c3011728-e2cf-48d7-84b7-693634103475 resource provider not found; error: Placement Client Error (4xx): {"errors": [{"status": 404, "title": "Not Found", "detail": "The resource could not be found.\n\n No resource provider with uuid c3011728-e2cf-48d7-84b7-693634103475 found for delete ", "request_id": "req-8b2ea16d-1ddd-447a-885e-7934d9f0ddc6"}]}
2026-05-01 02:10:26.381 10 INFO neutron.plugins.ml2.plugin [None req-baefa63a-eed7-45ab-ae84-ad67a725750a - - - - - -] Attempt 1 to provision port a99e9927-158c-401a-bc25-98895f7b053b
2026-05-01 02:10:26.404 9 INFO neutron.wsgi [None req-39618059-6310-4762-9243-ae9deaa92862 ecbc2f3a18f0459a9fe91dddea98f501 50fd8b8062034af9b3583c07c6b07f61 - - default default] 10.0.0.244 "POST /v2.0/security-group-rules HTTP/1.1" status: 201 len: 764 time: 0.1604712
2026-05-01 02:10:26.413 9 WARNING neutron_lib.context [None req-d7a70cc5-b557-4c48-ab77-9ad72f44b3a2 ecbc2f3a18f0459a9fe91dddea98f501 50fd8b8062034af9b3583c07c6b07f61 - - default default] Method 'is_advsvc' is deprecated since 2023.2 release (neutron-lib 3.8.0) and will be removed once support for the old RBAC API policies will be removed from Neutron. Please use method 'is_service_role' instead.
2026-05-01 02:10:26.675 10 INFO neutron.db.ovn_revision_numbers_db [None req-baefa63a-eed7-45ab-ae84-ad67a725750a - - - - - -] Successfully bumped revision number for resource a99e9927-158c-401a-bc25-98895f7b053b (type: ports) to 2
2026-05-01 02:10:26.754 10 INFO neutron.db.ovn_revision_numbers_db [None req-baefa63a-eed7-45ab-ae84-ad67a725750a - - - - - -] Successfully bumped revision number for resource a99e9927-158c-401a-bc25-98895f7b053b (type: router_ports) to 2
2026-05-01 02:10:26.926 9 INFO neutron.db.ovn_revision_numbers_db [None req-9526e62c-5f0d-4103-88c3-3075c0f64d5b e030986686b24837825d7f688707c6f8 c2072fa929a74d01b0585c80889d5646 - - default default] Successfully bumped revision number for resource b827b8d0-8a62-4e9e-b674-20f69b400897 (type: security_groups) to 1
2026-05-01 02:10:26.944 9 INFO neutron.db.ovn_revision_numbers_db [None req-d7a70cc5-b557-4c48-ab77-9ad72f44b3a2 ecbc2f3a18f0459a9fe91dddea98f501 50fd8b8062034af9b3583c07c6b07f61 - - default default] Successfully bumped revision number for resource bde1524a-6383-40cb-b388-d5946387f7da (type: security_group_rules) to 0
2026-05-01 02:10:26.948 9 INFO neutron.db.ovn_revision_numbers_db [None req-9526e62c-5f0d-4103-88c3-3075c0f64d5b e030986686b24837825d7f688707c6f8 c2072fa929a74d01b0585c80889d5646 - - default default] Successfully bumped revision number for resource 1232e3e4-52f2-4b08-9a0f-dee84822abe8 (type: security_group_rules) to 0
2026-05-01 02:10:26.969 9 INFO neutron.db.ovn_revision_numbers_db [None req-9526e62c-5f0d-4103-88c3-3075c0f64d5b e030986686b24837825d7f688707c6f8 c2072fa929a74d01b0585c80889d5646 - - default default] Successfully bumped revision number for resource 958efd36-a472-486c-9da3-8429b7e7aa19 (type: security_group_rules) to 0
2026-05-01 02:10:26.975 9 INFO neutron.wsgi [None req-d7a70cc5-b557-4c48-ab77-9ad72f44b3a2 ecbc2f3a18f0459a9fe91dddea98f501 50fd8b8062034af9b3583c07c6b07f61 - - default default] 10.0.0.244 "POST /v2.0/security-group-rules HTTP/1.1" status: 201 len: 764 time: 0.5660770
2026-05-01 02:10:26.984 9 INFO neutron.db.ovn_revision_numbers_db [None req-9526e62c-5f0d-4103-88c3-3075c0f64d5b e030986686b24837825d7f688707c6f8 c2072fa929a74d01b0585c80889d5646 - - default default] Successfully bumped revision number for resource cb25516c-0173-44f0-a7c9-d9f0e940ca18 (type: security_group_rules) to 0
2026-05-01 02:10:26.988 10 WARNING neutron_lib.context [None req-c8994176-e134-4e8d-b6f6-67300a5f3519 ecbc2f3a18f0459a9fe91dddea98f501 50fd8b8062034af9b3583c07c6b07f61 - - default default] Method 'is_advsvc' is deprecated since 2023.2 release (neutron-lib 3.8.0) and will be removed once support for the old RBAC API policies will be removed from Neutron. Please use method 'is_service_role' instead.
2026-05-01 02:10:26.996 9 INFO neutron.db.ovn_revision_numbers_db [None req-9526e62c-5f0d-4103-88c3-3075c0f64d5b e030986686b24837825d7f688707c6f8 c2072fa929a74d01b0585c80889d5646 - - default default] Successfully bumped revision number for resource f2c6cb77-ebd8-4b09-ac9c-7f1e60edfcc0 (type: security_group_rules) to 0
2026-05-01 02:10:27.018 9 INFO neutron.wsgi [None req-9526e62c-5f0d-4103-88c3-3075c0f64d5b e030986686b24837825d7f688707c6f8 c2072fa929a74d01b0585c80889d5646 - - default default] 10.0.0.244 "GET /v2.0/security-groups?tenant_id=9754e93ad3f84503bb9e62ef94bcc63a&name=default HTTP/1.1" status: 200 len: 2996 time: 0.7791667
2026-05-01 02:10:27.083 9 INFO neutron.services.segments.plugin [-] Segment 2c2fe47e-dcdc-47ba-ac88-32e5ee16bf7e resource provider aggregate not found
2026-05-01 02:10:27.096 9 INFO neutron.services.segments.plugin [-] Segment 2c2fe47e-dcdc-47ba-ac88-32e5ee16bf7e resource provider aggregate not found
2026-05-01 02:10:27.103 9 INFO neutron.services.segments.plugin [-] Segment 2c2fe47e-dcdc-47ba-ac88-32e5ee16bf7e resource provider not found; error: Placement Client Error (4xx): {"errors": [{"status": 404, "title": "Not Found", "detail": "The resource could not be found.\n\n No resource provider with uuid 2c2fe47e-dcdc-47ba-ac88-32e5ee16bf7e found for delete ", "request_id": "req-cd18b968-35fd-4633-90e2-9563501bad1e"}]}
2026-05-01 02:10:27.110 9 INFO neutron.services.segments.plugin [-] Segment 2c2fe47e-dcdc-47ba-ac88-32e5ee16bf7e resource provider not found; error: Placement Client Error (4xx): {"errors": [{"status": 404, "title": "Not Found", "detail": "The resource could not be found.\n\n No resource provider with uuid 2c2fe47e-dcdc-47ba-ac88-32e5ee16bf7e found for delete ", "request_id": "req-046da8df-9319-45d4-ab2f-9107aeee4e04"}]}
2026-05-01 02:10:27.129 10 INFO neutron.db.ovn_revision_numbers_db [None req-c8994176-e134-4e8d-b6f6-67300a5f3519 ecbc2f3a18f0459a9fe91dddea98f501 50fd8b8062034af9b3583c07c6b07f61 - - default default] Successfully bumped revision number for resource c1cfdeae-c2b3-4b45-8b5e-39fb90c7752d (type: security_group_rules) to 0
2026-05-01 02:10:27.153 10 INFO neutron.wsgi [None req-c8994176-e134-4e8d-b6f6-67300a5f3519 ecbc2f3a18f0459a9fe91dddea98f501 50fd8b8062034af9b3583c07c6b07f61 - - default default] 10.0.0.244 "POST /v2.0/security-group-rules HTTP/1.1" status: 201 len: 766 time: 0.1720390
2026-05-01 02:10:27.164 10 WARNING neutron_lib.context [None req-ac4579e8-a1e4-4918-b771-28bc0dd85000 ecbc2f3a18f0459a9fe91dddea98f501 50fd8b8062034af9b3583c07c6b07f61 - - default default] Method 'is_advsvc' is deprecated since 2023.2 release (neutron-lib 3.8.0) and will be removed once support for the old RBAC API policies will be removed from Neutron. Please use method 'is_service_role' instead.
2026-05-01 02:10:27.220 9 INFO neutron.wsgi [None req-e0f7254b-af15-4987-8290-698d4a9c629d e030986686b24837825d7f688707c6f8 c2072fa929a74d01b0585c80889d5646 - - default default] 10.0.0.244 "DELETE /v2.0/security-groups/b827b8d0-8a62-4e9e-b674-20f69b400897 HTTP/1.1" status: 204 len: 168 time: 0.1961572
2026-05-01 02:10:27.285 10 INFO neutron.db.ovn_revision_numbers_db [None req-ac4579e8-a1e4-4918-b771-28bc0dd85000 ecbc2f3a18f0459a9fe91dddea98f501 50fd8b8062034af9b3583c07c6b07f61 - - default default] Successfully bumped revision number for resource ef2ed5f6-d998-4550-8d96-0eeb91f3b7e3 (type: security_group_rules) to 0
2026-05-01 02:10:27.312 10 INFO neutron.wsgi [None req-ac4579e8-a1e4-4918-b771-28bc0dd85000 ecbc2f3a18f0459a9fe91dddea98f501 50fd8b8062034af9b3583c07c6b07f61 - - default default] 10.0.0.244 "POST /v2.0/security-group-rules HTTP/1.1" status: 201 len: 768 time: 0.1522443
2026-05-01 02:10:27.322 10 WARNING neutron_lib.context [None req-0bf42831-6a5d-44b3-ad25-4e7f44b10a00 ecbc2f3a18f0459a9fe91dddea98f501 50fd8b8062034af9b3583c07c6b07f61 - - default default] Method 'is_advsvc' is deprecated since 2023.2 release (neutron-lib 3.8.0) and will be removed once support for the old RBAC API policies will be removed from Neutron. Please use method 'is_service_role' instead.
2026-05-01 02:10:27.446 10 INFO neutron.db.ovn_revision_numbers_db [None req-08a698de-5041-4a9d-90d8-f354e65eb881 e030986686b24837825d7f688707c6f8 c2072fa929a74d01b0585c80889d5646 - - default default] Successfully bumped revision number for resource 96e79312-c7a7-461b-90b5-e958eb08a0e2 (type: security_groups) to 1
2026-05-01 02:10:27.455 10 INFO neutron.db.ovn_revision_numbers_db [None req-0bf42831-6a5d-44b3-ad25-4e7f44b10a00 ecbc2f3a18f0459a9fe91dddea98f501 50fd8b8062034af9b3583c07c6b07f61 - - default default] Successfully bumped revision number for resource 964cb750-2c9a-46d8-aa6e-87bc2535d3d1 (type: security_group_rules) to 0
2026-05-01 02:10:27.459 10 INFO neutron.db.ovn_revision_numbers_db [None req-08a698de-5041-4a9d-90d8-f354e65eb881 e030986686b24837825d7f688707c6f8 c2072fa929a74d01b0585c80889d5646 - - default default] Successfully bumped revision number for resource 6e44b468-f4e0-4a38-b567-97995101a5b0 (type: security_group_rules) to 0
2026-05-01 02:10:27.477 10 INFO neutron.wsgi [None req-0bf42831-6a5d-44b3-ad25-4e7f44b10a00 ecbc2f3a18f0459a9fe91dddea98f501 50fd8b8062034af9b3583c07c6b07f61 - - default default] 10.0.0.244 "POST /v2.0/security-group-rules HTTP/1.1" status: 201 len: 768 time: 0.1605811
2026-05-01 02:10:27.478 10 INFO neutron.db.ovn_revision_numbers_db [None req-08a698de-5041-4a9d-90d8-f354e65eb881 e030986686b24837825d7f688707c6f8 c2072fa929a74d01b0585c80889d5646 - - default default] Successfully bumped revision number for resource b4aaf7fe-3732-4741-b884-e6dd275e2a00 (type: security_group_rules) to 0
2026-05-01 02:10:27.490 9 WARNING neutron_lib.context [None req-6e49e114-f4f9-415d-93e7-170726bc81ba ecbc2f3a18f0459a9fe91dddea98f501 50fd8b8062034af9b3583c07c6b07f61 - - default default] Method 'is_advsvc' is deprecated since 2023.2 release (neutron-lib 3.8.0) and will be removed once support for the old RBAC API policies will be removed from Neutron. Please use method 'is_service_role' instead.
2026-05-01 02:10:27.491 10 INFO neutron.db.ovn_revision_numbers_db [None req-08a698de-5041-4a9d-90d8-f354e65eb881 e030986686b24837825d7f688707c6f8 c2072fa929a74d01b0585c80889d5646 - - default default] Successfully bumped revision number for resource e6fc3bdb-4fea-4f89-ae79-189f37e219e1 (type: security_group_rules) to 0
2026-05-01 02:10:27.503 10 INFO neutron.db.ovn_revision_numbers_db [None req-08a698de-5041-4a9d-90d8-f354e65eb881 e030986686b24837825d7f688707c6f8 c2072fa929a74d01b0585c80889d5646 - - default default] Successfully bumped revision number for resource ec12c20a-9500-4766-a7d1-79288888d6e2 (type: security_group_rules) to 0
2026-05-01 02:10:27.524 10 INFO neutron.wsgi [None req-08a698de-5041-4a9d-90d8-f354e65eb881 e030986686b24837825d7f688707c6f8 c2072fa929a74d01b0585c80889d5646 - - default default] 10.0.0.244 "GET /v2.0/security-groups?tenant_id=b93076c937ee49e99565d39e6429435c&name=default HTTP/1.1" status: 200 len: 2996 time: 0.1969898
2026-05-01 02:10:27.627 9 INFO neutron.db.ovn_revision_numbers_db [None req-6e49e114-f4f9-415d-93e7-170726bc81ba ecbc2f3a18f0459a9fe91dddea98f501 50fd8b8062034af9b3583c07c6b07f61 - - default default] Successfully bumped revision number for resource 263c6ace-1921-489d-94a9-6709a7693a60 (type: security_group_rules) to 0
2026-05-01 02:10:27.652 9 INFO neutron.wsgi [None req-6e49e114-f4f9-415d-93e7-170726bc81ba ecbc2f3a18f0459a9fe91dddea98f501 50fd8b8062034af9b3583c07c6b07f61 - - default default] 10.0.0.244 "POST /v2.0/security-group-rules HTTP/1.1" status: 201 len: 764 time: 0.1684260
2026-05-01 02:10:27.663 10 WARNING neutron_lib.context [None req-ead16db1-e2b2-4716-a9cd-ee0eb37964d5 ecbc2f3a18f0459a9fe91dddea98f501 50fd8b8062034af9b3583c07c6b07f61 - - default default] Method 'is_advsvc' is deprecated since 2023.2 release (neutron-lib 3.8.0) and will be removed once support for the old RBAC API policies will be removed from Neutron. Please use method 'is_service_role' instead.
2026-05-01 02:10:27.727 10 INFO neutron.wsgi [None req-1c2a6acb-6dc1-418b-83d6-3951135ca5ad e030986686b24837825d7f688707c6f8 c2072fa929a74d01b0585c80889d5646 - - default default] 10.0.0.244 "DELETE /v2.0/security-groups/96e79312-c7a7-461b-90b5-e958eb08a0e2 HTTP/1.1" status: 204 len: 168 time: 0.1966562
2026-05-01 02:10:27.782 10 INFO neutron.db.ovn_revision_numbers_db [None req-ead16db1-e2b2-4716-a9cd-ee0eb37964d5 ecbc2f3a18f0459a9fe91dddea98f501 50fd8b8062034af9b3583c07c6b07f61 - - default default] Successfully bumped revision number for resource b6122e7c-8e5b-4244-aff0-ef6b544bcc69 (type: security_group_rules) to 0
2026-05-01 02:10:27.805 10 INFO neutron.wsgi [None req-ead16db1-e2b2-4716-a9cd-ee0eb37964d5 ecbc2f3a18f0459a9fe91dddea98f501 50fd8b8062034af9b3583c07c6b07f61 - - default default] 10.0.0.244 "POST /v2.0/security-group-rules HTTP/1.1" status: 201 len: 764 time: 0.1481466
2026-05-01 02:10:27.818 10 WARNING neutron_lib.context [None req-27ac24e3-3825-4f1f-8589-888394e98dfb ecbc2f3a18f0459a9fe91dddea98f501 50fd8b8062034af9b3583c07c6b07f61 - - default default] Method 'is_advsvc' is deprecated since 2023.2 release (neutron-lib 3.8.0) and will be removed once support for the old RBAC API policies will be removed from Neutron. Please use method 'is_service_role' instead.
2026-05-01 02:10:27.917 9 INFO neutron.wsgi [None req-bb077849-4690-4ae3-b5d2-0bf8bb65ab3e e030986686b24837825d7f688707c6f8 c2072fa929a74d01b0585c80889d5646 - - default default] 10.0.0.244 "GET /v2.0/security-groups?tenant_id=e1fac7d76b854918af63505dbc8d1602&name=default HTTP/1.1" status: 200 len: 2996 time: 0.0396795
2026-05-01 02:10:27.969 10 INFO neutron.db.ovn_revision_numbers_db [None req-27ac24e3-3825-4f1f-8589-888394e98dfb ecbc2f3a18f0459a9fe91dddea98f501 50fd8b8062034af9b3583c07c6b07f61 - - default default] Successfully bumped revision number for resource 6b4ef057-a510-4483-be4e-30998f1fff68 (type: security_group_rules) to 0
2026-05-01 02:10:28.010 10 INFO neutron.wsgi [None req-27ac24e3-3825-4f1f-8589-888394e98dfb ecbc2f3a18f0459a9fe91dddea98f501 50fd8b8062034af9b3583c07c6b07f61 - - default default] 10.0.0.244 "POST /v2.0/security-group-rules HTTP/1.1" status: 201 len: 764 time: 0.1991482
2026-05-01 02:10:28.021 10 WARNING neutron_lib.context [None req-04192cdb-7018-40cb-a201-9eb44c00349c ecbc2f3a18f0459a9fe91dddea98f501 50fd8b8062034af9b3583c07c6b07f61 - - default default] Method 'is_advsvc' is deprecated since 2023.2 release (neutron-lib 3.8.0) and will be removed once support for the old RBAC API policies will be removed from Neutron. Please use method 'is_service_role' instead.
2026-05-01 02:10:28.101 9 INFO neutron.wsgi [None req-1a001bf8-8eb5-47f7-9adb-e75a1ba1661d e030986686b24837825d7f688707c6f8 c2072fa929a74d01b0585c80889d5646 - - default default] 10.0.0.244 "DELETE /v2.0/security-groups/a3deaacd-6532-47f7-8640-25970faaa939 HTTP/1.1" status: 204 len: 168 time: 0.1782928
2026-05-01 02:10:28.151 10 INFO neutron.db.ovn_revision_numbers_db [None req-04192cdb-7018-40cb-a201-9eb44c00349c ecbc2f3a18f0459a9fe91dddea98f501 50fd8b8062034af9b3583c07c6b07f61 - - default default] Successfully bumped revision number for resource 4e5651b5-88c3-41f4-a3f9-b06de63dd6c3 (type: security_group_rules) to 0
2026-05-01 02:10:28.176 10 INFO neutron.wsgi [None req-04192cdb-7018-40cb-a201-9eb44c00349c ecbc2f3a18f0459a9fe91dddea98f501 50fd8b8062034af9b3583c07c6b07f61 - - default default] 10.0.0.244 "POST /v2.0/security-group-rules HTTP/1.1" status: 201 len: 766 time: 0.1609640
2026-05-01 02:10:28.187 10 WARNING neutron_lib.context [None req-2b4736b0-addf-40db-bed3-2d582ecf1714 ecbc2f3a18f0459a9fe91dddea98f501 50fd8b8062034af9b3583c07c6b07f61 - - default default] Method 'is_advsvc' is deprecated since 2023.2 release (neutron-lib 3.8.0) and will be removed once support for the old RBAC API policies will be removed from Neutron. Please use method 'is_service_role' instead.
2026-05-01 02:10:28.314 10 INFO neutron.db.ovn_revision_numbers_db [None req-2b4736b0-addf-40db-bed3-2d582ecf1714 ecbc2f3a18f0459a9fe91dddea98f501 50fd8b8062034af9b3583c07c6b07f61 - - default default] Successfully bumped revision number for resource e276e845-113a-4e8d-925f-db8f0aff784b (type: security_group_rules) to 0
2026-05-01 02:10:28.340 10 INFO neutron.wsgi [None req-2b4736b0-addf-40db-bed3-2d582ecf1714 ecbc2f3a18f0459a9fe91dddea98f501 50fd8b8062034af9b3583c07c6b07f61 - - default default] 10.0.0.244 "POST /v2.0/security-group-rules HTTP/1.1" status: 201 len: 768 time: 0.1583498
2026-05-01 02:10:28.352 10 WARNING neutron_lib.context [None req-4c9c2d88-88a8-4502-8021-b7bef7af0ed0 ecbc2f3a18f0459a9fe91dddea98f501 50fd8b8062034af9b3583c07c6b07f61 - - default default] Method 'is_advsvc' is deprecated since 2023.2 release (neutron-lib 3.8.0) and will be removed once support for the old RBAC API policies will be removed from Neutron. Please use method 'is_service_role' instead.
2026-05-01 02:10:28.481 10 INFO neutron.db.ovn_revision_numbers_db [None req-4c9c2d88-88a8-4502-8021-b7bef7af0ed0 ecbc2f3a18f0459a9fe91dddea98f501 50fd8b8062034af9b3583c07c6b07f61 - - default default] Successfully bumped revision number for resource 7fe2e8a6-07ec-4c27-b214-a61704a810e1 (type: security_group_rules) to 0
2026-05-01 02:10:28.504 10 INFO neutron.wsgi [None req-4c9c2d88-88a8-4502-8021-b7bef7af0ed0 ecbc2f3a18f0459a9fe91dddea98f501 50fd8b8062034af9b3583c07c6b07f61 - - default default] 10.0.0.244 "POST /v2.0/security-group-rules HTTP/1.1" status: 201 len: 764 time: 0.1582515
2026-05-01 02:10:31.430 9 WARNING neutron.plugins.ml2.drivers.ovn.mech_driver.ovsdb.ovn_client [None req-f8365007-44bd-46bf-ac2c-cb7d65cf516d - - - - - -] No hosting information found for port f9e33666-0223-4eaf-9814-aa627f697f63: RuntimeError: No hosting information found for port f9e33666-0223-4eaf-9814-aa627f697f63
2026-05-01 02:10:31.663 10 WARNING neutron.plugins.ml2.drivers.ovn.mech_driver.ovsdb.ovn_client [None req-baefa63a-eed7-45ab-ae84-ad67a725750a - - - - - -] No hosting information found for port a99e9927-158c-401a-bc25-98895f7b053b: RuntimeError: No hosting information found for port a99e9927-158c-401a-bc25-98895f7b053b
2026-05-01 02:10:32.268 9 WARNING neutron_lib.context [None req-2e4b65db-201f-47a2-af16-7a04905b337e 6c22f1cece6e4efaa7b1dc2d49488d00 d9938350db1a4c3ba06650b139ad7b76 - - default default] Method 'is_advsvc' is deprecated since 2023.2 release (neutron-lib 3.8.0) and will be removed once support for the old RBAC API policies will be removed from Neutron. Please use method 'is_service_role' instead.
2026-05-01 02:10:32.326 9 INFO neutron.wsgi [None req-2e4b65db-201f-47a2-af16-7a04905b337e 6c22f1cece6e4efaa7b1dc2d49488d00 d9938350db1a4c3ba06650b139ad7b76 - - default default] 10.0.0.244 "POST /v2.0/subnetpools HTTP/1.1" status: 201 len: 715 time: 0.2304204
2026-05-01 02:10:32.340 9 WARNING neutron_lib.context [None req-3ae65d38-da4b-4e39-96b3-e3fb5b0e1f5f 6c22f1cece6e4efaa7b1dc2d49488d00 d9938350db1a4c3ba06650b139ad7b76 - - default default] Method 'is_advsvc' is deprecated since 2023.2 release (neutron-lib 3.8.0) and will be removed once support for the old RBAC API policies will be removed from Neutron. Please use method 'is_service_role' instead.
2026-05-01 02:10:32.395 9 INFO neutron.wsgi [None req-3ae65d38-da4b-4e39-96b3-e3fb5b0e1f5f 6c22f1cece6e4efaa7b1dc2d49488d00 d9938350db1a4c3ba06650b139ad7b76 - - default default] 10.0.0.244 "POST /v2.0/subnetpools HTTP/1.1" status: 201 len: 715 time: 0.0607207
2026-05-01 02:10:32.406 9 WARNING neutron_lib.context [None req-fb4843f2-b27c-4f44-8cee-c5f186335b3e 6c22f1cece6e4efaa7b1dc2d49488d00 d9938350db1a4c3ba06650b139ad7b76 - - default default] Method 'is_advsvc' is deprecated since 2023.2 release (neutron-lib 3.8.0) and will be removed once support for the old RBAC API policies will be removed from Neutron. Please use method 'is_service_role' instead.
2026-05-01 02:10:32.453 9 INFO neutron.wsgi [None req-fb4843f2-b27c-4f44-8cee-c5f186335b3e 6c22f1cece6e4efaa7b1dc2d49488d00 d9938350db1a4c3ba06650b139ad7b76 - - default default] 10.0.0.244 "POST /v2.0/subnetpools HTTP/1.1" status: 201 len: 715 time: 0.0525274
2026-05-01 02:10:32.464 9 WARNING neutron_lib.context [None req-ec011be2-7682-4659-89cb-2c4d1165b6a0 6c22f1cece6e4efaa7b1dc2d49488d00 d9938350db1a4c3ba06650b139ad7b76 - - default default] Method 'is_advsvc' is deprecated since 2023.2 release (neutron-lib 3.8.0) and will be removed once support for the old RBAC API policies will be removed from Neutron. Please use method 'is_service_role' instead.
2026-05-01 02:10:32.508 9 INFO neutron.wsgi [None req-ec011be2-7682-4659-89cb-2c4d1165b6a0 6c22f1cece6e4efaa7b1dc2d49488d00 d9938350db1a4c3ba06650b139ad7b76 - - default default] 10.0.0.244 "POST /v2.0/subnetpools HTTP/1.1" status: 201 len: 715 time: 0.0497594
2026-05-01 02:10:32.519 9 WARNING neutron_lib.context [None req-07ad1956-5fad-48cd-a61b-c3182f3143f0 6c22f1cece6e4efaa7b1dc2d49488d00 d9938350db1a4c3ba06650b139ad7b76 - - default default] Method 'is_advsvc' is deprecated since 2023.2 release (neutron-lib 3.8.0) and will be removed once support for the old RBAC API policies will be removed from Neutron. Please use method 'is_service_role' instead.
2026-05-01 02:10:32.564 9 INFO neutron.wsgi [None req-07ad1956-5fad-48cd-a61b-c3182f3143f0 6c22f1cece6e4efaa7b1dc2d49488d00 d9938350db1a4c3ba06650b139ad7b76 - - default default] 10.0.0.244 "POST /v2.0/subnetpools HTTP/1.1" status: 201 len: 715 time: 0.0506084
2026-05-01 02:10:32.598 9 INFO neutron.wsgi [None req-1ddef6e5-c64e-4fe2-801d-00d1e8f0b524 6c22f1cece6e4efaa7b1dc2d49488d00 d9938350db1a4c3ba06650b139ad7b76 - - default default] 10.0.0.244 "PUT /v2.0/subnetpools/20427fd6-5e98-4e58-952a-2d30674c7b38/tags HTTP/1.1" status: 200 len: 210 time: 0.0306609
2026-05-01 02:10:32.620 10 INFO neutron.wsgi [-] 10.0.0.25 "GET / HTTP/1.1" status: 200 len: 247 time: 0.0016320
2026-05-01 02:10:32.621 10 INFO neutron.wsgi [-] 10.0.0.25 "GET / HTTP/1.1" status: 200 len: 247 time: 0.0009472
2026-05-01 02:10:32.641 10 INFO neutron.wsgi [None req-6d6006ef-3637-47c3-a77d-dee9101cee34 6c22f1cece6e4efaa7b1dc2d49488d00 d9938350db1a4c3ba06650b139ad7b76 - - default default] 10.0.0.244 "PUT /v2.0/subnetpools/1de081ed-2871-4f27-b682-9136f3209526/tags HTTP/1.1" status: 200 len: 218 time: 0.0379741
2026-05-01 02:10:32.680 10 INFO neutron.wsgi [None req-3c03ce43-ac95-497e-b54e-35d929d1d215 6c22f1cece6e4efaa7b1dc2d49488d00 d9938350db1a4c3ba06650b139ad7b76 - - default default] 10.0.0.244 "PUT /v2.0/subnetpools/48efe258-7c52-4000-b90a-ae746ba9563d/tags HTTP/1.1" status: 200 len: 227 time: 0.0339994
2026-05-01 02:10:32.714 10 INFO neutron.wsgi [None req-1ce3b9a9-690d-4442-b8d8-5a13c586ac47 6c22f1cece6e4efaa7b1dc2d49488d00 d9938350db1a4c3ba06650b139ad7b76 - - default default] 10.0.0.244 "PUT /v2.0/subnetpools/16aa7e01-9b79-4ae8-a32e-07c4ec3f90d7/tags HTTP/1.1" status: 200 len: 212 time: 0.0302575
2026-05-01 02:10:32.748 10 INFO neutron.wsgi [None req-b591be2c-9a2a-4588-9dc7-e535c8e0fb38 6c22f1cece6e4efaa7b1dc2d49488d00 d9938350db1a4c3ba06650b139ad7b76 - - default default] 10.0.0.244 "GET /v2.0/subnetpools?tags=red HTTP/1.1" status: 200 len: 1758 time: 0.0285912
2026-05-01 02:10:32.780 10 INFO neutron.wsgi [None req-4960385c-13ac-4192-98fa-acd5e1f69915 6c22f1cece6e4efaa7b1dc2d49488d00 d9938350db1a4c3ba06650b139ad7b76 - - default default] 10.0.0.244 "GET /v2.0/subnetpools?tags=red%2Cblue HTTP/1.1" status: 200 len: 1251 time: 0.0264356
2026-05-01 02:10:32.808 10 INFO neutron.wsgi [None req-1fcda3cf-63f3-4c5d-a873-dc5fc0c0f69e 6c22f1cece6e4efaa7b1dc2d49488d00 d9938350db1a4c3ba06650b139ad7b76 - - default default] 10.0.0.244 "GET /v2.0/subnetpools?tags-any=blue HTTP/1.1" status: 200 len: 1251 time: 0.0240529
2026-05-01 02:10:32.834 10 INFO neutron.wsgi [None req-0ee1649d-578d-4ac2-ab01-d59e68698637 6c22f1cece6e4efaa7b1dc2d49488d00 d9938350db1a4c3ba06650b139ad7b76 - - default default] 10.0.0.244 "GET /v2.0/subnetpools?tags-any=red%2Cblue HTTP/1.1" status: 200 len: 1758 time: 0.0213976
2026-05-01 02:10:32.859 10 INFO neutron.wsgi [None req-14aff324-ce45-4318-bea5-5813862b1258 6c22f1cece6e4efaa7b1dc2d49488d00 d9938350db1a4c3ba06650b139ad7b76 - - default default] 10.0.0.244 "GET /v2.0/subnetpools?not-tags=red HTTP/1.1" status: 200 len: 1223 time: 0.0207510
2026-05-01 02:10:32.897 10 INFO neutron.wsgi [None req-ea246c8a-bbd0-46ef-b52f-5a1674674f6f 6c22f1cece6e4efaa7b1dc2d49488d00 d9938350db1a4c3ba06650b139ad7b76 - - default default] 10.0.0.244 "GET /v2.0/subnetpools?not-tags=red%2Cblue HTTP/1.1" status: 200 len: 1730 time: 0.0341072
2026-05-01 02:10:32.930 10 INFO neutron.wsgi [None req-7245adca-759b-479c-9f38-fc98c2ca2be6 6c22f1cece6e4efaa7b1dc2d49488d00 d9938350db1a4c3ba06650b139ad7b76 - - default default] 10.0.0.244 "GET /v2.0/subnetpools?not-tags-any=blue HTTP/1.1" status: 200 len: 1730 time: 0.0285749
2026-05-01 02:10:32.958 10 INFO neutron.wsgi [None req-dbdd8bbf-4e06-47ab-a6b0-e1df1d678796 6c22f1cece6e4efaa7b1dc2d49488d00 d9938350db1a4c3ba06650b139ad7b76 - - default default] 10.0.0.244 "GET /v2.0/subnetpools?not-tags-any=red%2Cblue HTTP/1.1" status: 200 len: 1223 time: 0.0214462
2026-05-01 02:10:33.029 10 INFO neutron.wsgi [None req-6550b39a-04ff-49b7-9057-c1bd40af1326 6c22f1cece6e4efaa7b1dc2d49488d00 d9938350db1a4c3ba06650b139ad7b76 - - default default] 10.0.0.244 "DELETE /v2.0/subnetpools/20427fd6-5e98-4e58-952a-2d30674c7b38 HTTP/1.1" status: 204 len: 168 time: 0.0621736
2026-05-01 02:10:33.088 10 INFO neutron.wsgi [None req-fd6f05ba-9b41-4e55-9413-e46382d8bbd5 6c22f1cece6e4efaa7b1dc2d49488d00 d9938350db1a4c3ba06650b139ad7b76 - - default default] 10.0.0.244 "DELETE /v2.0/subnetpools/1de081ed-2871-4f27-b682-9136f3209526 HTTP/1.1" status: 204 len: 168 time: 0.0532889
2026-05-01 02:10:33.146 10 INFO neutron.wsgi [None req-02fdaecd-0437-45bf-89a2-51f9d1f5eddd 6c22f1cece6e4efaa7b1dc2d49488d00 d9938350db1a4c3ba06650b139ad7b76 - - default default] 10.0.0.244 "DELETE /v2.0/subnetpools/48efe258-7c52-4000-b90a-ae746ba9563d HTTP/1.1" status: 204 len: 168 time: 0.0521996
2026-05-01 02:10:33.199 10 INFO neutron.wsgi [None req-318a1e4f-1dbf-40da-83b2-87060ea43567 6c22f1cece6e4efaa7b1dc2d49488d00 d9938350db1a4c3ba06650b139ad7b76 - - default default] 10.0.0.244 "DELETE /v2.0/subnetpools/16aa7e01-9b79-4ae8-a32e-07c4ec3f90d7 HTTP/1.1" status: 204 len: 168 time: 0.0490186
2026-05-01 02:10:33.264 10 INFO neutron.wsgi [None req-fed63527-ae9f-498b-8684-44a2fbfe2036 6c22f1cece6e4efaa7b1dc2d49488d00 d9938350db1a4c3ba06650b139ad7b76 - - default default] 10.0.0.244 "DELETE /v2.0/subnetpools/a71b0b78-aa6a-4480-8f32-f0314e2f5f99 HTTP/1.1" status: 204 len: 168 time: 0.0598943
2026-05-01 02:10:34.913 10 INFO neutron.wsgi [req-62adc763-c9f1-45c5-8687-0e914991b868 req-cdb73a2e-0c97-4321-a844-9012daf9de88 ecbc2f3a18f0459a9fe91dddea98f501 50fd8b8062034af9b3583c07c6b07f61 - - default default] 10.0.0.19 "GET /v2.0/security-groups?name=tempest-lb_member_SG-1291471570&fields=id&tenant_id=50fd8b8062034af9b3583c07c6b07f61 HTTP/1.1" status: 200 len: 267 time: 0.0687044
2026-05-01 02:10:35.023 10 INFO neutron.wsgi [req-62adc763-c9f1-45c5-8687-0e914991b868 req-02a0ef15-d54a-4334-af68-d4573f2dbe26 ecbc2f3a18f0459a9fe91dddea98f501 50fd8b8062034af9b3583c07c6b07f61 - - default default] 10.0.0.19 "GET /v2.0/networks?id=a1c95afe-2bff-4a3f-9f5c-e6f21775c348 HTTP/1.1" status: 200 len: 904 time: 0.1011245
2026-05-01 02:10:35.042 10 INFO neutron.wsgi [req-62adc763-c9f1-45c5-8687-0e914991b868 req-70256d82-d3b0-437a-a18d-9e9c35b9ab19 ecbc2f3a18f0459a9fe91dddea98f501 50fd8b8062034af9b3583c07c6b07f61 - - default default] 10.0.0.19 "GET /v2.0/quotas/50fd8b8062034af9b3583c07c6b07f61 HTTP/1.1" status: 200 len: 386 time: 0.0105758
2026-05-01 02:10:35.275 10 INFO neutron.wsgi [req-62adc763-c9f1-45c5-8687-0e914991b868 req-7bd4f88b-2709-4efa-a75d-16c8e6ba0145 ecbc2f3a18f0459a9fe91dddea98f501 50fd8b8062034af9b3583c07c6b07f61 - - default default] 10.0.0.19 "GET /v2.0/ports?tenant_id=50fd8b8062034af9b3583c07c6b07f61&fields=id HTTP/1.1" status: 200 len: 486 time: 0.2285740
2026-05-01 02:10:35.355 10 INFO neutron.wsgi [req-62adc763-c9f1-45c5-8687-0e914991b868 req-66ced3ee-2ef1-4d58-8cf5-fc9abe15b73e bdee89af079f4190a6e38113d83a464b 0eb0ed8e042f424abd6c9a83c4e0b0e0 - - 47cc34d411aa4a3ab8f0d3390e3f1bb0 47cc34d411aa4a3ab8f0d3390e3f1bb0] 10.0.0.19 "GET /v2.0/networks/a1c95afe-2bff-4a3f-9f5c-e6f21775c348?fields=segments HTTP/1.1" status: 200 len: 212 time: 0.0660152
2026-05-01 02:10:35.426 10 INFO neutron.wsgi [req-62adc763-c9f1-45c5-8687-0e914991b868 req-c0e4f96d-7a9a-43ac-b41c-f9944dea8f3b bdee89af079f4190a6e38113d83a464b 0eb0ed8e042f424abd6c9a83c4e0b0e0 - - 47cc34d411aa4a3ab8f0d3390e3f1bb0 47cc34d411aa4a3ab8f0d3390e3f1bb0] 10.0.0.19 "GET /v2.0/networks/a1c95afe-2bff-4a3f-9f5c-e6f21775c348?fields=provider%3Aphysical_network&fields=provider%3Anetwork_type HTTP/1.1" status: 200 len: 277 time: 0.0649474
2026-05-01 02:10:35.622 9 INFO neutron.wsgi [req-fe6f5996-93b2-4025-afa0-0579f07144ef req-8adad410-d369-4a47-927d-09e9fab735c4 ecbc2f3a18f0459a9fe91dddea98f501 50fd8b8062034af9b3583c07c6b07f61 - - default default] 10.0.0.19 "GET /v2.0/ports?device_id=cf64c866-aaa4-4cb0-b366-812f3acac150 HTTP/1.1" status: 200 len: 210 time: 0.0374374
2026-05-01 02:10:36.289 10 INFO neutron.wsgi [req-62adc763-c9f1-45c5-8687-0e914991b868 req-4768bd50-0a67-46ff-b477-bd36a0b7f312 ecbc2f3a18f0459a9fe91dddea98f501 50fd8b8062034af9b3583c07c6b07f61 - - default default] 199.204.45.140 "GET /v2.0/networks?id=a1c95afe-2bff-4a3f-9f5c-e6f21775c348 HTTP/1.1" status: 200 len: 904 time: 0.0724282
2026-05-01 02:10:36.347 10 INFO neutron.wsgi [req-62adc763-c9f1-45c5-8687-0e914991b868 req-5f61e3b1-6c90-47e5-a0c7-dcdb281c0ee5 ecbc2f3a18f0459a9fe91dddea98f501 50fd8b8062034af9b3583c07c6b07f61 - - default default] 199.204.45.140 "GET /v2.0/security-groups?fields=id&fields=name&tenant_id=50fd8b8062034af9b3583c07c6b07f61 HTTP/1.1" status: 200 len: 378 time: 0.0516198
2026-05-01 02:10:36.359 10 WARNING neutron_lib.context [req-62adc763-c9f1-45c5-8687-0e914991b868 req-54ec18b4-ca84-4a87-808a-78a17e14d900 ecbc2f3a18f0459a9fe91dddea98f501 50fd8b8062034af9b3583c07c6b07f61 - - default default] Method 'is_advsvc' is deprecated since 2023.2 release (neutron-lib 3.8.0) and will be removed once support for the old RBAC API policies will be removed from Neutron. Please use method 'is_service_role' instead.
2026-05-01 02:10:36.461 9 INFO neutron.db.ovn_revision_numbers_db [None req-bff98007-f45a-4d15-ab9a-f1a9083704df e030986686b24837825d7f688707c6f8 c2072fa929a74d01b0585c80889d5646 - - default default] Successfully bumped revision number for resource 07f2ffc6-3fbd-4520-a71c-b217a66932cf (type: security_groups) to 1
2026-05-01 02:10:36.474 9 INFO neutron.db.ovn_revision_numbers_db [None req-bff98007-f45a-4d15-ab9a-f1a9083704df e030986686b24837825d7f688707c6f8 c2072fa929a74d01b0585c80889d5646 - - default default] Successfully bumped revision number for resource 03aaed9d-7048-47b1-a517-6ba53bdf9021 (type: security_group_rules) to 0
2026-05-01 02:10:36.488 9 INFO neutron.db.ovn_revision_numbers_db [None req-bff98007-f45a-4d15-ab9a-f1a9083704df e030986686b24837825d7f688707c6f8 c2072fa929a74d01b0585c80889d5646 - - default default] Successfully bumped revision number for resource 66212554-f828-4c9f-ad52-7f11d948e3c2 (type: security_group_rules) to 0
2026-05-01 02:10:36.503 9 INFO neutron.db.ovn_revision_numbers_db [None req-bff98007-f45a-4d15-ab9a-f1a9083704df e030986686b24837825d7f688707c6f8 c2072fa929a74d01b0585c80889d5646 - - default default] Successfully bumped revision number for resource 78faf53f-3f54-410b-bc2d-ddb5271a3f3c (type: security_group_rules) to 0
2026-05-01 02:10:36.516 9 INFO neutron.db.ovn_revision_numbers_db [None req-bff98007-f45a-4d15-ab9a-f1a9083704df e030986686b24837825d7f688707c6f8 c2072fa929a74d01b0585c80889d5646 - - default default] Successfully bumped revision number for resource b5e1abd0-8fa4-49af-b796-80a6668a2c1b (type: security_group_rules) to 0
2026-05-01 02:10:36.538 9 INFO neutron.wsgi [None req-bff98007-f45a-4d15-ab9a-f1a9083704df e030986686b24837825d7f688707c6f8 c2072fa929a74d01b0585c80889d5646 - - default default] 10.0.0.244 "GET /v2.0/security-groups?tenant_id=d9938350db1a4c3ba06650b139ad7b76&name=default HTTP/1.1" status: 200 len: 2996 time: 0.3640232
2026-05-01 02:10:36.724 9 INFO neutron.wsgi [None req-e8429bee-fa01-499e-a129-edf1312ee532 e030986686b24837825d7f688707c6f8 c2072fa929a74d01b0585c80889d5646 - - default default] 10.0.0.244 "DELETE /v2.0/security-groups/07f2ffc6-3fbd-4520-a71c-b217a66932cf HTTP/1.1" status: 204 len: 168 time: 0.1797872
2026-05-01 02:10:36.966 10 INFO neutron.db.ovn_revision_numbers_db [None req-e141343a-4fe0-4230-a6f6-8e9c08a67175 e030986686b24837825d7f688707c6f8 c2072fa929a74d01b0585c80889d5646 - - default default] Successfully bumped revision number for resource cd65634e-614b-49b8-95ef-49d9e652dbf4 (type: security_groups) to 1
2026-05-01 02:10:36.980 10 INFO neutron.db.ovn_revision_numbers_db [None req-e141343a-4fe0-4230-a6f6-8e9c08a67175 e030986686b24837825d7f688707c6f8 c2072fa929a74d01b0585c80889d5646 - - default default] Successfully bumped revision number for resource 2191e41f-17e8-4a3d-a352-553ad84b0ca5 (type: security_group_rules) to 0
2026-05-01 02:10:37.005 10 WARNING neutron.scheduler.dhcp_agent_scheduler [req-62adc763-c9f1-45c5-8687-0e914991b868 req-54ec18b4-ca84-4a87-808a-78a17e14d900 ecbc2f3a18f0459a9fe91dddea98f501 50fd8b8062034af9b3583c07c6b07f61 - - default default] No more DHCP agents
2026-05-01 02:10:37.007 10 WARNING neutron.api.rpc.agentnotifiers.dhcp_rpc_agent_api [req-62adc763-c9f1-45c5-8687-0e914991b868 req-54ec18b4-ca84-4a87-808a-78a17e14d900 ecbc2f3a18f0459a9fe91dddea98f501 50fd8b8062034af9b3583c07c6b07f61 - - default default] Unable to schedule network a1c95afe-2bff-4a3f-9f5c-e6f21775c348: no agents available; will retry on subsequent port and subnet creation events.
2026-05-01 02:10:37.017 10 INFO neutron.db.ovn_revision_numbers_db [None req-e141343a-4fe0-4230-a6f6-8e9c08a67175 e030986686b24837825d7f688707c6f8 c2072fa929a74d01b0585c80889d5646 - - default default] Successfully bumped revision number for resource 66d05112-a822-4e62-9777-55d4ea4c635d (type: security_group_rules) to 0
2026-05-01 02:10:37.037 10 INFO neutron.db.ovn_revision_numbers_db [None req-e141343a-4fe0-4230-a6f6-8e9c08a67175 e030986686b24837825d7f688707c6f8 c2072fa929a74d01b0585c80889d5646 - - default default] Successfully bumped revision number for resource 93fb1eb8-8287-41e8-8afc-cc57ffc5b464 (type: security_group_rules) to 0
2026-05-01 02:10:37.057 10 INFO neutron.db.ovn_revision_numbers_db [None req-e141343a-4fe0-4230-a6f6-8e9c08a67175 e030986686b24837825d7f688707c6f8 c2072fa929a74d01b0585c80889d5646 - - default default] Successfully bumped revision number for resource a14fd7ed-25da-4c7f-b03f-9ee27ffc4498 (type: security_group_rules) to 0
2026-05-01 02:10:37.094 10 INFO neutron.wsgi [None req-e141343a-4fe0-4230-a6f6-8e9c08a67175 e030986686b24837825d7f688707c6f8 c2072fa929a74d01b0585c80889d5646 - - default default] 10.0.0.244 "GET /v2.0/security-groups?tenant_id=696e5e5c48424d7c9bb9384ec494e740&name=default HTTP/1.1" status: 200 len: 2996 time: 0.2817056
2026-05-01 02:10:37.196 10 INFO neutron.db.ovn_revision_numbers_db [req-62adc763-c9f1-45c5-8687-0e914991b868 req-54ec18b4-ca84-4a87-808a-78a17e14d900 ecbc2f3a18f0459a9fe91dddea98f501 50fd8b8062034af9b3583c07c6b07f61 - - default default] Successfully bumped revision number for resource a1102485-9ca7-48b4-98bf-09e62ee67375 (type: ports) to 1
2026-05-01 02:10:37.222 10 INFO neutron.wsgi [req-62adc763-c9f1-45c5-8687-0e914991b868 req-54ec18b4-ca84-4a87-808a-78a17e14d900 ecbc2f3a18f0459a9fe91dddea98f501 50fd8b8062034af9b3583c07c6b07f61 - - default default] 199.204.45.140 "POST /v2.0/ports HTTP/1.1" status: 201 len: 1388 time: 0.8687706 /var/lib/openstack/lib/python3.10/site-packages/pycadf/identifier.py:71: UserWarning: Invalid uuid: neutron. To ensure interoperability, identifiers should be a valid uuid. warnings.warn(('Invalid uuid: %s. To ensure interoperability, '
2026-05-01 02:10:37.296 9 INFO neutron.wsgi [None req-85fa62ea-861d-4914-b2a4-67dae0752c01 e030986686b24837825d7f688707c6f8 c2072fa929a74d01b0585c80889d5646 - - default default] 10.0.0.244 "DELETE /v2.0/security-groups/cd65634e-614b-49b8-95ef-49d9e652dbf4 HTTP/1.1" status: 204 len: 168 time: 0.1940308
2026-05-01 02:10:37.596 9 INFO neutron.db.ovn_revision_numbers_db [None req-ed3f13a8-153a-4a43-ba16-96e7914f5e5a e030986686b24837825d7f688707c6f8 c2072fa929a74d01b0585c80889d5646 - - default default] Successfully bumped revision number for resource c1c4bc6e-0b68-4999-bcfe-d3745297d703 (type: security_groups) to 1
2026-05-01 02:10:37.609 9 INFO neutron.db.ovn_revision_numbers_db [None req-ed3f13a8-153a-4a43-ba16-96e7914f5e5a e030986686b24837825d7f688707c6f8 c2072fa929a74d01b0585c80889d5646 - - default default] Successfully bumped revision number for resource 17debe1c-206d-42a5-a61b-61ea2035fc08 (type: security_group_rules) to 0
2026-05-01 02:10:37.626 9 INFO neutron.db.ovn_revision_numbers_db [None req-ed3f13a8-153a-4a43-ba16-96e7914f5e5a e030986686b24837825d7f688707c6f8 c2072fa929a74d01b0585c80889d5646 - - default default] Successfully bumped revision number for resource 3ff59d92-df4f-4e59-b934-74f138556f8e (type: security_group_rules) to 0
2026-05-01 02:10:37.640 9 INFO neutron.db.ovn_revision_numbers_db [None req-ed3f13a8-153a-4a43-ba16-96e7914f5e5a e030986686b24837825d7f688707c6f8 c2072fa929a74d01b0585c80889d5646 - - default default] Successfully bumped revision number for resource 50645bde-f2b1-4c85-919a-471fc1893699 (type: security_group_rules) to 0
2026-05-01 02:10:37.653 9 INFO neutron.db.ovn_revision_numbers_db [None req-ed3f13a8-153a-4a43-ba16-96e7914f5e5a e030986686b24837825d7f688707c6f8 c2072fa929a74d01b0585c80889d5646 - - default default] Successfully bumped revision number for resource be2451b1-7f2d-40c4-a73d-99e4da49ff18 (type: security_group_rules) to 0
2026-05-01 02:10:37.673 9 INFO neutron.wsgi [None req-ed3f13a8-153a-4a43-ba16-96e7914f5e5a e030986686b24837825d7f688707c6f8 c2072fa929a74d01b0585c80889d5646 - - default default] 10.0.0.244 "GET /v2.0/security-groups?tenant_id=053964193f774d97b05553bff13f1fb8&name=default HTTP/1.1" status: 200 len: 3000 time: 0.1939063
2026-05-01 02:10:37.680 10 INFO neutron.db.ovn_revision_numbers_db [req-62adc763-c9f1-45c5-8687-0e914991b868 req-fac4a63b-0477-4eeb-b22e-219e7a64a228 bdee89af079f4190a6e38113d83a464b 0eb0ed8e042f424abd6c9a83c4e0b0e0 - - 47cc34d411aa4a3ab8f0d3390e3f1bb0 47cc34d411aa4a3ab8f0d3390e3f1bb0] Successfully bumped revision number for resource a1102485-9ca7-48b4-98bf-09e62ee67375 (type: ports) to 2
2026-05-01 02:10:37.861 9 INFO neutron.wsgi [None req-949c452f-3229-4118-be69-e4844f160de9 e030986686b24837825d7f688707c6f8 c2072fa929a74d01b0585c80889d5646 - - default default] 10.0.0.244 "DELETE /v2.0/security-groups/c1c4bc6e-0b68-4999-bcfe-d3745297d703 HTTP/1.1" status: 204 len: 168 time: 0.1816175
2026-05-01 02:10:37.871 10 INFO neutron.db.ovn_revision_numbers_db [req-62adc763-c9f1-45c5-8687-0e914991b868 req-fac4a63b-0477-4eeb-b22e-219e7a64a228 bdee89af079f4190a6e38113d83a464b 0eb0ed8e042f424abd6c9a83c4e0b0e0 - - 47cc34d411aa4a3ab8f0d3390e3f1bb0 47cc34d411aa4a3ab8f0d3390e3f1bb0] Successfully bumped revision number for resource a1102485-9ca7-48b4-98bf-09e62ee67375 (type: ports) to 2
2026-05-01 02:10:37.890 10 INFO neutron.wsgi [req-62adc763-c9f1-45c5-8687-0e914991b868 req-fac4a63b-0477-4eeb-b22e-219e7a64a228 bdee89af079f4190a6e38113d83a464b 0eb0ed8e042f424abd6c9a83c4e0b0e0 - - 47cc34d411aa4a3ab8f0d3390e3f1bb0 47cc34d411aa4a3ab8f0d3390e3f1bb0] 199.204.45.140 "PUT /v2.0/ports/a1102485-9ca7-48b4-98bf-09e62ee67375 HTTP/1.1" status: 200 len: 1605 time: 0.6590705
2026-05-01 02:10:37.928 10 INFO neutron.notifiers.nova [-] Nova event matching ['req-57553df8-cd65-4e81-b0e3-06194388ef7c'] response: {'name': 'network-changed', 'server_uuid': 'cf64c866-aaa4-4cb0-b366-812f3acac150', 'tag': 'a1102485-9ca7-48b4-98bf-09e62ee67375', 'status': 'completed', 'code': 200} /var/lib/openstack/lib/python3.10/site-packages/pycadf/identifier.py:71: UserWarning: Invalid uuid: neutron. To ensure interoperability, identifiers should be a valid uuid. warnings.warn(('Invalid uuid: %s. To ensure interoperability, '
2026-05-01 02:10:38.010 10 INFO neutron.wsgi [req-62adc763-c9f1-45c5-8687-0e914991b868 req-11df80a0-86f8-4f8d-8a39-e38717f9453d bdee89af079f4190a6e38113d83a464b 0eb0ed8e042f424abd6c9a83c4e0b0e0 - - 47cc34d411aa4a3ab8f0d3390e3f1bb0 47cc34d411aa4a3ab8f0d3390e3f1bb0] 199.204.45.140 "GET /v2.0/ports?tenant_id=50fd8b8062034af9b3583c07c6b07f61&device_id=cf64c866-aaa4-4cb0-b366-812f3acac150 HTTP/1.1" status: 200 len: 1636 time: 0.0751097
2026-05-01 02:10:38.049 10 INFO neutron.wsgi [req-62adc763-c9f1-45c5-8687-0e914991b868 req-bc7926b1-d577-46d4-a93a-992ef323338a bdee89af079f4190a6e38113d83a464b 0eb0ed8e042f424abd6c9a83c4e0b0e0 - - 47cc34d411aa4a3ab8f0d3390e3f1bb0 47cc34d411aa4a3ab8f0d3390e3f1bb0] 199.204.45.140 "GET /v2.0/floatingips?fixed_ip_address=10.2.1.145&port_id=a1102485-9ca7-48b4-98bf-09e62ee67375 HTTP/1.1" status: 200 len: 217 time: 0.0326955
2026-05-01 02:10:38.076 10 INFO neutron.wsgi [req-62adc763-c9f1-45c5-8687-0e914991b868 req-e5598e55-556c-4100-a0f7-d5685c4bb80a bdee89af079f4190a6e38113d83a464b 0eb0ed8e042f424abd6c9a83c4e0b0e0 - - 47cc34d411aa4a3ab8f0d3390e3f1bb0 47cc34d411aa4a3ab8f0d3390e3f1bb0] 199.204.45.140 "GET /v2.0/floatingips?fixed_ip_address=fd7b%3Af9f7%3Afff%3A4eca%3A%3A1a9&port_id=a1102485-9ca7-48b4-98bf-09e62ee67375 HTTP/1.1" status: 200 len: 217 time: 0.0219786
2026-05-01 02:10:38.120 10 INFO neutron.wsgi [req-62adc763-c9f1-45c5-8687-0e914991b868 req-1f806ccc-f240-42e7-b2c6-8f5a97a9f739 bdee89af079f4190a6e38113d83a464b 0eb0ed8e042f424abd6c9a83c4e0b0e0 - - 47cc34d411aa4a3ab8f0d3390e3f1bb0 47cc34d411aa4a3ab8f0d3390e3f1bb0] 199.204.45.140 "GET /v2.0/subnets?id=ad613024-d6b9-4445-bf00-853fd14decde&id=1f6492bd-dc61-4f6e-8a67-68ac9a5805e3 HTTP/1.1" status: 200 len: 1563 time: 0.0384169
2026-05-01 02:10:38.157 10 INFO neutron.wsgi [req-62adc763-c9f1-45c5-8687-0e914991b868 req-d3d565c0-321d-4052-b7d5-c55dc32d8f6c bdee89af079f4190a6e38113d83a464b 0eb0ed8e042f424abd6c9a83c4e0b0e0 - - 47cc34d411aa4a3ab8f0d3390e3f1bb0 47cc34d411aa4a3ab8f0d3390e3f1bb0] 199.204.45.140 "GET /v2.0/ports?network_id=a1c95afe-2bff-4a3f-9f5c-e6f21775c348&device_owner=network%3Adhcp HTTP/1.1" status: 200 len: 210 time: 0.0304437
2026-05-01 02:10:38.185 10 INFO neutron.wsgi [req-62adc763-c9f1-45c5-8687-0e914991b868 req-855b4b7c-bf83-4954-bcb3-647cf55dde7a bdee89af079f4190a6e38113d83a464b 0eb0ed8e042f424abd6c9a83c4e0b0e0 - - 47cc34d411aa4a3ab8f0d3390e3f1bb0 47cc34d411aa4a3ab8f0d3390e3f1bb0] 199.204.45.140 "GET /v2.0/ports?network_id=a1c95afe-2bff-4a3f-9f5c-e6f21775c348&device_owner=network%3Adhcp HTTP/1.1" status: 200 len: 210 time: 0.0215645
2026-05-01 02:10:38.251 10 INFO neutron.wsgi [req-62adc763-c9f1-45c5-8687-0e914991b868 req-8d6b3e3d-ac6a-4a84-ab1f-3ed0a1d8aa16 bdee89af079f4190a6e38113d83a464b 0eb0ed8e042f424abd6c9a83c4e0b0e0 - - 47cc34d411aa4a3ab8f0d3390e3f1bb0 47cc34d411aa4a3ab8f0d3390e3f1bb0] 199.204.45.140 "GET /v2.0/networks/a1c95afe-2bff-4a3f-9f5c-e6f21775c348?fields=segments HTTP/1.1" status: 200 len: 212 time: 0.0602467
2026-05-01 02:10:38.325 10 INFO neutron.wsgi [req-62adc763-c9f1-45c5-8687-0e914991b868 req-1803fb6a-230e-4594-900c-7b2c14f61640 bdee89af079f4190a6e38113d83a464b 0eb0ed8e042f424abd6c9a83c4e0b0e0 - - 47cc34d411aa4a3ab8f0d3390e3f1bb0 47cc34d411aa4a3ab8f0d3390e3f1bb0] 199.204.45.140 "GET /v2.0/networks/a1c95afe-2bff-4a3f-9f5c-e6f21775c348?fields=provider%3Aphysical_network&fields=provider%3Anetwork_type HTTP/1.1" status: 200 len: 277 time: 0.0669053
2026-05-01 02:10:38.414 10 INFO neutron.wsgi [req-44bdad25-dddf-4b17-862e-6c59083070f1 req-1f68eb73-e48b-4c07-aa33-f82976f48c84 bdee89af079f4190a6e38113d83a464b 0eb0ed8e042f424abd6c9a83c4e0b0e0 - - 47cc34d411aa4a3ab8f0d3390e3f1bb0 47cc34d411aa4a3ab8f0d3390e3f1bb0] 199.204.45.140 "GET /v2.0/ports?tenant_id=50fd8b8062034af9b3583c07c6b07f61&device_id=cf64c866-aaa4-4cb0-b366-812f3acac150 HTTP/1.1" status: 200 len: 1636 time: 0.0418630
