2026-05-01 02:10:38.498 10 INFO neutron.wsgi [req-44bdad25-dddf-4b17-862e-6c59083070f1 req-933db6fe-47ce-45bd-968f-ac91719e1552 bdee89af079f4190a6e38113d83a464b 0eb0ed8e042f424abd6c9a83c4e0b0e0 - - 47cc34d411aa4a3ab8f0d3390e3f1bb0 47cc34d411aa4a3ab8f0d3390e3f1bb0] 199.204.45.140 "GET /v2.0/networks?id=a1c95afe-2bff-4a3f-9f5c-e6f21775c348 HTTP/1.1" status: 200 len: 1003 time: 0.0797539
2026-05-01 02:10:38.532 10 INFO neutron.wsgi [req-44bdad25-dddf-4b17-862e-6c59083070f1 req-92bb84a1-9316-42b8-b93d-1e04050965be bdee89af079f4190a6e38113d83a464b 0eb0ed8e042f424abd6c9a83c4e0b0e0 - - 47cc34d411aa4a3ab8f0d3390e3f1bb0 47cc34d411aa4a3ab8f0d3390e3f1bb0] 199.204.45.140 "GET /v2.0/floatingips?fixed_ip_address=10.2.1.145&port_id=a1102485-9ca7-48b4-98bf-09e62ee67375 HTTP/1.1" status: 200 len: 217 time: 0.0271628
2026-05-01 02:10:38.549 9 INFO neutron.plugins.ml2.drivers.ovn.mech_driver.mech_driver [None req-f8365007-44bd-46bf-ac2c-cb7d65cf516d - - - - - -] OVN reports status up for port: a1102485-9ca7-48b4-98bf-09e62ee67375
2026-05-01 02:10:38.571 10 INFO neutron.wsgi [req-44bdad25-dddf-4b17-862e-6c59083070f1 req-4569c8ed-f2cd-4e9a-9c60-694e4cbce9a0 bdee89af079f4190a6e38113d83a464b 0eb0ed8e042f424abd6c9a83c4e0b0e0 - - 47cc34d411aa4a3ab8f0d3390e3f1bb0 47cc34d411aa4a3ab8f0d3390e3f1bb0] 199.204.45.140 "GET /v2.0/floatingips?fixed_ip_address=fd7b%3Af9f7%3Afff%3A4eca%3A%3A1a9&port_id=a1102485-9ca7-48b4-98bf-09e62ee67375 HTTP/1.1" status: 200 len: 217 time: 0.0322924
2026-05-01 02:10:38.578 9 INFO neutron.plugins.ml2.plugin [None req-f8365007-44bd-46bf-ac2c-cb7d65cf516d - - - - - -] Attempt 1 to provision port a1102485-9ca7-48b4-98bf-09e62ee67375
2026-05-01 02:10:38.624 10 INFO neutron.wsgi [req-44bdad25-dddf-4b17-862e-6c59083070f1 req-06ee0171-95b7-4e52-b2ba-1308d28a4371 bdee89af079f4190a6e38113d83a464b 0eb0ed8e042f424abd6c9a83c4e0b0e0 - - 47cc34d411aa4a3ab8f0d3390e3f1bb0 47cc34d411aa4a3ab8f0d3390e3f1bb0] 199.204.45.140 "GET /v2.0/subnets?id=ad613024-d6b9-4445-bf00-853fd14decde&id=1f6492bd-dc61-4f6e-8a67-68ac9a5805e3 HTTP/1.1" status: 200 len: 1563 time: 0.0468354
2026-05-01 02:10:38.649 10 INFO neutron.wsgi [req-44bdad25-dddf-4b17-862e-6c59083070f1 req-6b07fc51-8872-4bd0-adfa-ebeaea0fdbc6 bdee89af079f4190a6e38113d83a464b 0eb0ed8e042f424abd6c9a83c4e0b0e0 - - 47cc34d411aa4a3ab8f0d3390e3f1bb0 47cc34d411aa4a3ab8f0d3390e3f1bb0] 199.204.45.140 "GET /v2.0/ports?network_id=a1c95afe-2bff-4a3f-9f5c-e6f21775c348&device_owner=network%3Adhcp HTTP/1.1" status: 200 len: 210 time: 0.0201180
2026-05-01 02:10:38.688 10 INFO neutron.wsgi [req-44bdad25-dddf-4b17-862e-6c59083070f1 req-54f414d8-f77f-4591-9558-b39a14ebc245 bdee89af079f4190a6e38113d83a464b 0eb0ed8e042f424abd6c9a83c4e0b0e0 - - 47cc34d411aa4a3ab8f0d3390e3f1bb0 47cc34d411aa4a3ab8f0d3390e3f1bb0] 199.204.45.140 "GET /v2.0/ports?network_id=a1c95afe-2bff-4a3f-9f5c-e6f21775c348&device_owner=network%3Adhcp HTTP/1.1" status: 200 len: 210 time: 0.0321295
2026-05-01 02:10:38.719 9 INFO neutron.notifiers.nova [-] Nova event matching ['req-c3732986-6667-496f-bbf8-16e5552c571c'] response: {'server_uuid': 'cf64c866-aaa4-4cb0-b366-812f3acac150', 'name': 'network-vif-plugged', 'status': 'completed', 'tag': 'a1102485-9ca7-48b4-98bf-09e62ee67375', 'code': 200}
2026-05-01 02:10:38.767 10 INFO neutron.wsgi [req-44bdad25-dddf-4b17-862e-6c59083070f1 req-87439208-5036-49ad-99d5-4cba7612c4b8 bdee89af079f4190a6e38113d83a464b 0eb0ed8e042f424abd6c9a83c4e0b0e0 - - 47cc34d411aa4a3ab8f0d3390e3f1bb0 47cc34d411aa4a3ab8f0d3390e3f1bb0] 199.204.45.140 "GET /v2.0/networks/a1c95afe-2bff-4a3f-9f5c-e6f21775c348?fields=segments HTTP/1.1" status: 200 len: 212 time: 0.0709975
2026-05-01 02:10:38.844 10 INFO neutron.wsgi [req-44bdad25-dddf-4b17-862e-6c59083070f1 req-d5a55440-e007-461e-8abd-73629e545b76 bdee89af079f4190a6e38113d83a464b 0eb0ed8e042f424abd6c9a83c4e0b0e0 - - 47cc34d411aa4a3ab8f0d3390e3f1bb0 47cc34d411aa4a3ab8f0d3390e3f1bb0] 199.204.45.140 "GET /v2.0/networks/a1c95afe-2bff-4a3f-9f5c-e6f21775c348?fields=provider%3Aphysical_network&fields=provider%3Anetwork_type HTTP/1.1" status: 200 len: 277 time: 0.0684409
2026-05-01 02:10:38.911 9 INFO neutron.db.ovn_revision_numbers_db [None req-f8365007-44bd-46bf-ac2c-cb7d65cf516d - - - - - -] Successfully bumped revision number for resource a1102485-9ca7-48b4-98bf-09e62ee67375 (type: ports) to 4
2026-05-01 02:10:40.766 9 INFO neutron.notifiers.nova [-] Nova event matching ['req-fbea715b-f7cf-41b9-94c5-7c52060fd8c5'] response: {'server_uuid': 'cf64c866-aaa4-4cb0-b366-812f3acac150', 'name': 'network-vif-plugged', 'status': 'completed', 'tag': 'a1102485-9ca7-48b4-98bf-09e62ee67375', 'code': 200}
2026-05-01 02:10:40.794 10 INFO neutron.wsgi [req-01b68cef-2da0-4929-891b-34e1a2e46cca req-c887a884-3510-4c4b-aaf1-726410728d41 ecbc2f3a18f0459a9fe91dddea98f501 50fd8b8062034af9b3583c07c6b07f61 - - default default] 10.0.0.19 "GET /v2.0/ports?device_id=cf64c866-aaa4-4cb0-b366-812f3acac150 HTTP/1.1" status: 200 len: 1400 time: 0.0953970
2026-05-01 02:10:40.844 10 INFO neutron.wsgi [req-01b68cef-2da0-4929-891b-34e1a2e46cca req-942753d3-8128-4bdd-93c4-85967fdb6745 ecbc2f3a18f0459a9fe91dddea98f501 50fd8b8062034af9b3583c07c6b07f61 - - default default] 10.0.0.19 "GET /v2.0/security-groups?id=3454094f-0f84-48ee-ad13-e97a1fb1bb37&fields=id&fields=name HTTP/1.1" status: 200 len: 311 time: 0.0440133
2026-05-01 02:10:40.935 10 INFO neutron.wsgi [None req-9cd7898f-4ede-4b64-92f3-b2cf29e4b781 ecbc2f3a18f0459a9fe91dddea98f501 50fd8b8062034af9b3583c07c6b07f61 - - default default] 10.0.0.244 "GET /v2.0/ports?network_id=a1c95afe-2bff-4a3f-9f5c-e6f21775c348&mac_address=fa%3A16%3A3e%3Af9%3Ae0%3A34 HTTP/1.1" status: 200 len: 1395 time: 0.0590944
2026-05-01 02:10:40.945 10 WARNING neutron_lib.context [None req-8d8443ba-39e0-41d3-a592-852183e763c2 ecbc2f3a18f0459a9fe91dddea98f501 50fd8b8062034af9b3583c07c6b07f61 - - default default] Method 'is_advsvc' is deprecated since 2023.2 release (neutron-lib 3.8.0) and will be removed once support for the old RBAC API policies will be removed from Neutron. Please use method 'is_service_role' instead.
2026-05-01 02:10:41.216 10 WARNING neutron.scheduler.dhcp_agent_scheduler [None req-8d8443ba-39e0-41d3-a592-852183e763c2 ecbc2f3a18f0459a9fe91dddea98f501 50fd8b8062034af9b3583c07c6b07f61 - - default default] No more DHCP agents
2026-05-01 02:10:41.218 10 WARNING neutron.api.rpc.agentnotifiers.dhcp_rpc_agent_api [None req-8d8443ba-39e0-41d3-a592-852183e763c2 ecbc2f3a18f0459a9fe91dddea98f501 50fd8b8062034af9b3583c07c6b07f61 - - default default] Unable to schedule network 313972ae-5aa1-4963-9770-91655d741c19: no agents available; will retry on subsequent port and subnet creation events.
2026-05-01 02:10:42.032 10 INFO neutron.db.l3_db [None req-8d8443ba-39e0-41d3-a592-852183e763c2 ecbc2f3a18f0459a9fe91dddea98f501 50fd8b8062034af9b3583c07c6b07f61 - - default default] Floating IP b94809b6-b6f0-498d-8f05-0253dcee9336 associated. External IP: 10.96.250.212, port: a1102485-9ca7-48b4-98bf-09e62ee67375. /var/lib/openstack/lib/python3.10/site-packages/pycadf/identifier.py:71: UserWarning: Invalid uuid: neutron. To ensure interoperability, identifiers should be a valid uuid. warnings.warn(('Invalid uuid: %s. To ensure interoperability, '
2026-05-01 02:10:42.265 9 WARNING neutron_lib.context [None req-4e7f03c1-221a-42ec-822c-103f18033ab5 d480a818e0c04b218efca94ff2e0e0d1 397b8af99ca34b04bdcf4b5c75d0c73c - - default default] Method 'is_advsvc' is deprecated since 2023.2 release (neutron-lib 3.8.0) and will be removed once support for the old RBAC API policies will be removed from Neutron. Please use method 'is_service_role' instead.
2026-05-01 02:10:42.282 10 INFO neutron.db.ovn_revision_numbers_db [None req-8d8443ba-39e0-41d3-a592-852183e763c2 ecbc2f3a18f0459a9fe91dddea98f501 50fd8b8062034af9b3583c07c6b07f61 - - default default] Successfully bumped revision number for resource b94809b6-b6f0-498d-8f05-0253dcee9336 (type: floatingips) to 0
2026-05-01 02:10:42.403 9 INFO neutron.db.ovn_revision_numbers_db [None req-4e7f03c1-221a-42ec-822c-103f18033ab5 d480a818e0c04b218efca94ff2e0e0d1 397b8af99ca34b04bdcf4b5c75d0c73c - - default default] Successfully bumped revision number for resource 0aceede7-78ce-463a-8357-30c09f8c0c5d (type: security_groups) to 1
2026-05-01 02:10:42.408 10 INFO neutron.db.ovn_revision_numbers_db [None req-8d8443ba-39e0-41d3-a592-852183e763c2 ecbc2f3a18f0459a9fe91dddea98f501 50fd8b8062034af9b3583c07c6b07f61 - - default default] Successfully bumped revision number for resource b94809b6-b6f0-498d-8f05-0253dcee9336 (type: floatingips) to 1
2026-05-01 02:10:42.417 9 INFO neutron.db.ovn_revision_numbers_db [None req-4e7f03c1-221a-42ec-822c-103f18033ab5 d480a818e0c04b218efca94ff2e0e0d1 397b8af99ca34b04bdcf4b5c75d0c73c - - default default] Successfully bumped revision number for resource 1455764d-7993-4ee7-bb89-beee4250a15c (type: security_group_rules) to 0
2026-05-01 02:10:42.432 9 INFO neutron.db.ovn_revision_numbers_db [None req-4e7f03c1-221a-42ec-822c-103f18033ab5 d480a818e0c04b218efca94ff2e0e0d1 397b8af99ca34b04bdcf4b5c75d0c73c - - default default] Successfully bumped revision number for resource 5c0d5669-2219-4cad-b9a1-dcbe9877d34d (type: security_group_rules) to 0
2026-05-01 02:10:42.445 9 INFO neutron.db.ovn_revision_numbers_db [None req-4e7f03c1-221a-42ec-822c-103f18033ab5 d480a818e0c04b218efca94ff2e0e0d1 397b8af99ca34b04bdcf4b5c75d0c73c - - default default] Successfully bumped revision number for resource ad47f197-1236-40d5-bc45-064dd3e7a1b6 (type: security_group_rules) to 0
2026-05-01 02:10:42.450 10 INFO neutron.wsgi [None req-8d8443ba-39e0-41d3-a592-852183e763c2 ecbc2f3a18f0459a9fe91dddea98f501 50fd8b8062034af9b3583c07c6b07f61 - - default default] 10.0.0.244 "POST /v2.0/floatingips HTTP/1.1" status: 201 len: 1054 time: 1.5095572
2026-05-01 02:10:42.458 9 INFO neutron.db.ovn_revision_numbers_db [None req-4e7f03c1-221a-42ec-822c-103f18033ab5 d480a818e0c04b218efca94ff2e0e0d1 397b8af99ca34b04bdcf4b5c75d0c73c - - default default] Successfully bumped revision number for resource f7ed084b-1fe3-4836-b694-6f42234501d3 (type: security_group_rules) to 0
2026-05-01 02:10:42.494 10 INFO neutron.notifiers.nova [-] Nova event matching ['req-a7a67673-0006-4a28-ac35-a0d4fc9fe1a1'] response: {'name': 'network-changed', 'server_uuid': 'cf64c866-aaa4-4cb0-b366-812f3acac150', 'tag': 'a1102485-9ca7-48b4-98bf-09e62ee67375', 'status': 'completed', 'code': 200}
2026-05-01 02:10:42.508 9 INFO neutron.db.segments_db [None req-4e7f03c1-221a-42ec-822c-103f18033ab5 d480a818e0c04b218efca94ff2e0e0d1 397b8af99ca34b04bdcf4b5c75d0c73c - - default default] Added segment 64ac9b65-8d20-471d-b76a-3fdfcb4bca7e of type geneve for network b7955a24-689e-430b-a8b9-6e97998438bb
2026-05-01 02:10:42.574 10 INFO neutron.wsgi [req-7962e5bf-1b1e-45d9-871c-3ce395b6e99d req-6c608279-c172-4fab-af8b-33bd28688934 bdee89af079f4190a6e38113d83a464b 0eb0ed8e042f424abd6c9a83c4e0b0e0 - - 47cc34d411aa4a3ab8f0d3390e3f1bb0 47cc34d411aa4a3ab8f0d3390e3f1bb0] 199.204.45.140 "GET /v2.0/ports?tenant_id=50fd8b8062034af9b3583c07c6b07f61&device_id=cf64c866-aaa4-4cb0-b366-812f3acac150 HTTP/1.1" status: 200 len: 1638 time: 0.0605626
2026-05-01 02:10:42.597 10 INFO neutron.wsgi [req-d01e1e4f-8c23-4b18-aebd-d731a5a2e057 req-c2abb089-3415-4de8-8415-b3041bac9eda ecbc2f3a18f0459a9fe91dddea98f501 50fd8b8062034af9b3583c07c6b07f61 - - default default] 10.0.0.19 "GET /v2.0/security-groups?name=tempest-lb_member_SG-1291471570&fields=id&tenant_id=50fd8b8062034af9b3583c07c6b07f61 HTTP/1.1" status: 200 len: 267 time: 0.0814209
2026-05-01 02:10:42.662 9 INFO neutron.db.ovn_revision_numbers_db [None req-4e7f03c1-221a-42ec-822c-103f18033ab5 d480a818e0c04b218efca94ff2e0e0d1 397b8af99ca34b04bdcf4b5c75d0c73c - - default default] Successfully bumped revision number for resource b7955a24-689e-430b-a8b9-6e97998438bb (type: networks) to 1
2026-05-01 02:10:42.692 10 INFO neutron.wsgi [req-7962e5bf-1b1e-45d9-871c-3ce395b6e99d req-45e8d094-203e-4e4e-b6ea-1399fe8a67e6 bdee89af079f4190a6e38113d83a464b 0eb0ed8e042f424abd6c9a83c4e0b0e0 - - 47cc34d411aa4a3ab8f0d3390e3f1bb0 47cc34d411aa4a3ab8f0d3390e3f1bb0] 199.204.45.140 "GET /v2.0/networks?id=a1c95afe-2bff-4a3f-9f5c-e6f21775c348 HTTP/1.1" status: 200 len: 1003 time: 0.1112323
2026-05-01 02:10:42.700 10 INFO neutron.wsgi [req-d01e1e4f-8c23-4b18-aebd-d731a5a2e057 req-e737eb29-657c-4733-993e-5693e5755671 ecbc2f3a18f0459a9fe91dddea98f501 50fd8b8062034af9b3583c07c6b07f61 - - default default] 10.0.0.19 "GET /v2.0/networks?id=198749f7-ffe1-4ffc-b982-14956a802d44 HTTP/1.1" status: 200 len: 903 time: 0.0965574
2026-05-01 02:10:42.745 10 INFO neutron.wsgi [req-d01e1e4f-8c23-4b18-aebd-d731a5a2e057 req-6e86a4ca-72b6-4f72-af30-b45f27f9fd85 ecbc2f3a18f0459a9fe91dddea98f501 50fd8b8062034af9b3583c07c6b07f61 - - default default] 10.0.0.19 "GET /v2.0/quotas/50fd8b8062034af9b3583c07c6b07f61 HTTP/1.1" status: 200 len: 386 time: 0.0384216
2026-05-01 02:10:42.789 10 INFO neutron.wsgi [req-7962e5bf-1b1e-45d9-871c-3ce395b6e99d req-83cc8b16-548b-4709-a524-2a676c919c09 bdee89af079f4190a6e38113d83a464b 0eb0ed8e042f424abd6c9a83c4e0b0e0 - - 47cc34d411aa4a3ab8f0d3390e3f1bb0 47cc34d411aa4a3ab8f0d3390e3f1bb0] 199.204.45.140 "GET /v2.0/floatingips?fixed_ip_address=10.2.1.145&port_id=a1102485-9ca7-48b4-98bf-09e62ee67375 HTTP/1.1" status: 200 len: 1059 time: 0.0885715
2026-05-01 02:10:42.840 10 INFO neutron.wsgi [req-7962e5bf-1b1e-45d9-871c-3ce395b6e99d req-4797d0c0-f437-4474-a066-37afeec29e9c bdee89af079f4190a6e38113d83a464b 0eb0ed8e042f424abd6c9a83c4e0b0e0 - - 47cc34d411aa4a3ab8f0d3390e3f1bb0 47cc34d411aa4a3ab8f0d3390e3f1bb0] 199.204.45.140 "GET /v2.0/floatingips?fixed_ip_address=fd7b%3Af9f7%3Afff%3A4eca%3A%3A1a9&port_id=a1102485-9ca7-48b4-98bf-09e62ee67375 HTTP/1.1" status: 200 len: 217 time: 0.0301178
2026-05-01 02:10:42.866 9 WARNING neutron.scheduler.dhcp_agent_scheduler [None req-4e7f03c1-221a-42ec-822c-103f18033ab5 d480a818e0c04b218efca94ff2e0e0d1 397b8af99ca34b04bdcf4b5c75d0c73c - - default default] No more DHCP agents
2026-05-01 02:10:42.870 9 WARNING neutron.api.rpc.agentnotifiers.dhcp_rpc_agent_api [None req-4e7f03c1-221a-42ec-822c-103f18033ab5 d480a818e0c04b218efca94ff2e0e0d1 397b8af99ca34b04bdcf4b5c75d0c73c - - default default] Unable to schedule network b7955a24-689e-430b-a8b9-6e97998438bb: no agents available; will retry on subsequent port and subnet creation events.
2026-05-01 02:10:42.896 10 INFO neutron.wsgi [req-7962e5bf-1b1e-45d9-871c-3ce395b6e99d req-54ce2a3a-5030-406c-b8ff-977ceda47ad7 bdee89af079f4190a6e38113d83a464b 0eb0ed8e042f424abd6c9a83c4e0b0e0 - - 47cc34d411aa4a3ab8f0d3390e3f1bb0 47cc34d411aa4a3ab8f0d3390e3f1bb0] 199.204.45.140 "GET /v2.0/subnets?id=ad613024-d6b9-4445-bf00-853fd14decde&id=1f6492bd-dc61-4f6e-8a67-68ac9a5805e3 HTTP/1.1" status: 200 len: 1563 time: 0.0474041
2026-05-01 02:10:42.936 10 INFO neutron.wsgi [req-7962e5bf-1b1e-45d9-871c-3ce395b6e99d req-cf017761-b599-402b-8fd1-e2da03d8674e bdee89af079f4190a6e38113d83a464b 0eb0ed8e042f424abd6c9a83c4e0b0e0 - - 47cc34d411aa4a3ab8f0d3390e3f1bb0 47cc34d411aa4a3ab8f0d3390e3f1bb0] 199.204.45.140 "GET /v2.0/ports?network_id=a1c95afe-2bff-4a3f-9f5c-e6f21775c348&device_owner=network%3Adhcp HTTP/1.1" status: 200 len: 210 time: 0.0329146
2026-05-01 02:10:42.956 9 INFO neutron.db.ovn_revision_numbers_db [None req-4e7f03c1-221a-42ec-822c-103f18033ab5 d480a818e0c04b218efca94ff2e0e0d1 397b8af99ca34b04bdcf4b5c75d0c73c - - default default] Successfully bumped revision number for resource 0f08448e-adbd-4541-9332-fe4ea0f42e88 (type: ports) to 1
2026-05-01 02:10:42.975 10 INFO neutron.wsgi [req-7962e5bf-1b1e-45d9-871c-3ce395b6e99d req-a9619d22-a6a0-4f5f-9a68-a785a71832a3 bdee89af079f4190a6e38113d83a464b 0eb0ed8e042f424abd6c9a83c4e0b0e0 - - 47cc34d411aa4a3ab8f0d3390e3f1bb0 47cc34d411aa4a3ab8f0d3390e3f1bb0] 199.204.45.140 "GET /v2.0/ports?network_id=a1c95afe-2bff-4a3f-9f5c-e6f21775c348&device_owner=network%3Adhcp HTTP/1.1" status: 200 len: 210 time: 0.0232754
2026-05-01 02:10:42.980 9 INFO neutron.wsgi [None req-4e7f03c1-221a-42ec-822c-103f18033ab5 d480a818e0c04b218efca94ff2e0e0d1 397b8af99ca34b04bdcf4b5c75d0c73c - - default default] 10.0.0.244 "POST /v2.0/networks HTTP/1.1" status: 201 len: 831 time: 0.9226141
2026-05-01 02:10:42.993 9 WARNING neutron_lib.context [None req-95ecc64c-3f79-4fcc-adc2-dd0916c8d4e0 d480a818e0c04b218efca94ff2e0e0d1 397b8af99ca34b04bdcf4b5c75d0c73c - - default default] Method 'is_advsvc' is deprecated since 2023.2 release (neutron-lib 3.8.0) and will be removed once support for the old RBAC API policies will be removed from Neutron. Please use method 'is_service_role' instead.
2026-05-01 02:10:42.997 10 INFO neutron.wsgi [req-d01e1e4f-8c23-4b18-aebd-d731a5a2e057 req-bc04b037-6a3a-4255-91be-4539802f82a0 ecbc2f3a18f0459a9fe91dddea98f501 50fd8b8062034af9b3583c07c6b07f61 - - default default] 10.0.0.19 "GET /v2.0/ports?tenant_id=50fd8b8062034af9b3583c07c6b07f61&fields=id HTTP/1.1" status: 200 len: 532 time: 0.2423949
2026-05-01 02:10:43.069 10 INFO neutron.wsgi [req-7962e5bf-1b1e-45d9-871c-3ce395b6e99d req-3603f9aa-c048-4120-9f46-2f63fcf17100 bdee89af079f4190a6e38113d83a464b 0eb0ed8e042f424abd6c9a83c4e0b0e0 - - 47cc34d411aa4a3ab8f0d3390e3f1bb0 47cc34d411aa4a3ab8f0d3390e3f1bb0] 199.204.45.140 "GET /v2.0/networks/a1c95afe-2bff-4a3f-9f5c-e6f21775c348?fields=segments HTTP/1.1" status: 200 len: 212 time: 0.0857823
2026-05-01 02:10:43.087 10 INFO neutron.wsgi [req-d01e1e4f-8c23-4b18-aebd-d731a5a2e057 req-797d2d88-2234-409e-8e26-43871365868d bdee89af079f4190a6e38113d83a464b 0eb0ed8e042f424abd6c9a83c4e0b0e0 - - 47cc34d411aa4a3ab8f0d3390e3f1bb0 47cc34d411aa4a3ab8f0d3390e3f1bb0] 10.0.0.19 "GET /v2.0/networks/198749f7-ffe1-4ffc-b982-14956a802d44?fields=segments HTTP/1.1" status: 200 len: 212 time: 0.0757658
2026-05-01 02:10:43.154 10 INFO neutron.wsgi [req-7962e5bf-1b1e-45d9-871c-3ce395b6e99d req-718e4e8b-9ddd-42a4-ba44-4808303d56ef bdee89af079f4190a6e38113d83a464b 0eb0ed8e042f424abd6c9a83c4e0b0e0 - - 47cc34d411aa4a3ab8f0d3390e3f1bb0 47cc34d411aa4a3ab8f0d3390e3f1bb0] 199.204.45.140 "GET /v2.0/networks/a1c95afe-2bff-4a3f-9f5c-e6f21775c348?fields=provider%3Aphysical_network&fields=provider%3Anetwork_type HTTP/1.1" status: 200 len: 277 time: 0.0771966
2026-05-01 02:10:43.167 10 INFO neutron.wsgi [req-d01e1e4f-8c23-4b18-aebd-d731a5a2e057 req-c6a713a5-e4a0-46fa-b0ba-b04cb595d2df bdee89af079f4190a6e38113d83a464b 0eb0ed8e042f424abd6c9a83c4e0b0e0 - - 47cc34d411aa4a3ab8f0d3390e3f1bb0 47cc34d411aa4a3ab8f0d3390e3f1bb0] 10.0.0.19 "GET /v2.0/networks/198749f7-ffe1-4ffc-b982-14956a802d44?fields=provider%3Aphysical_network&fields=provider%3Anetwork_type HTTP/1.1" status: 200 len: 277 time: 0.0711453
2026-05-01 02:10:43.259 9 WARNING neutron.scheduler.dhcp_agent_scheduler [None req-95ecc64c-3f79-4fcc-adc2-dd0916c8d4e0 d480a818e0c04b218efca94ff2e0e0d1 397b8af99ca34b04bdcf4b5c75d0c73c - - default default] No more DHCP agents
2026-05-01 02:10:43.262 9 WARNING neutron.api.rpc.agentnotifiers.dhcp_rpc_agent_api [None req-95ecc64c-3f79-4fcc-adc2-dd0916c8d4e0 d480a818e0c04b218efca94ff2e0e0d1 397b8af99ca34b04bdcf4b5c75d0c73c - - default default] Unable to schedule network b7955a24-689e-430b-a8b9-6e97998438bb: no agents available; will retry on subsequent port and subnet creation events. /var/lib/openstack/lib/python3.10/site-packages/pycadf/identifier.py:71: UserWarning: Invalid uuid: neutron. To ensure interoperability, identifiers should be a valid uuid. warnings.warn(('Invalid uuid: %s. To ensure interoperability, '
2026-05-01 02:10:43.346 9 INFO neutron.wsgi [req-02dd7847-2be0-4035-aa93-9ccaf750aa07 req-13bcca71-a25a-4067-974e-41ac23d79c29 ecbc2f3a18f0459a9fe91dddea98f501 50fd8b8062034af9b3583c07c6b07f61 - - default default] 10.0.0.19 "GET /v2.0/ports?device_id=73204555-d44f-441d-97c3-79124d9ab0cd HTTP/1.1" status: 200 len: 210 time: 0.0555537
2026-05-01 02:10:43.402 9 INFO neutron.db.ovn_revision_numbers_db [None req-95ecc64c-3f79-4fcc-adc2-dd0916c8d4e0 d480a818e0c04b218efca94ff2e0e0d1 397b8af99ca34b04bdcf4b5c75d0c73c - - default default] Successfully bumped revision number for resource 1d012bbc-cd23-4ba7-8251-fe21e3e2756f (type: ports) to 1
2026-05-01 02:10:43.425 9 INFO neutron.wsgi [None req-95ecc64c-3f79-4fcc-adc2-dd0916c8d4e0 d480a818e0c04b218efca94ff2e0e0d1 397b8af99ca34b04bdcf4b5c75d0c73c - - default default] 10.0.0.244 "POST /v2.0/ports HTTP/1.1" status: 201 len: 942 time: 0.4371583
2026-05-01 02:10:43.439 9 WARNING neutron_lib.context [None req-00ea5661-8eb4-4145-b4c7-ac833ed21be7 d480a818e0c04b218efca94ff2e0e0d1 397b8af99ca34b04bdcf4b5c75d0c73c - - default default] Method 'is_advsvc' is deprecated since 2023.2 release (neutron-lib 3.8.0) and will be removed once support for the old RBAC API policies will be removed from Neutron. Please use method 'is_service_role' instead.
2026-05-01 02:10:43.661 9 INFO neutron.wsgi [None req-00ea5661-8eb4-4145-b4c7-ac833ed21be7 d480a818e0c04b218efca94ff2e0e0d1 397b8af99ca34b04bdcf4b5c75d0c73c - - default default] 10.0.0.244 "POST /v2.0/trunks HTTP/1.1" status: 201 len: 608 time: 0.2289469
2026-05-01 02:10:43.680 10 WARNING neutron_lib.context [None req-bd054fbe-fd4e-476f-853c-fe3771aca6f6 d480a818e0c04b218efca94ff2e0e0d1 397b8af99ca34b04bdcf4b5c75d0c73c - - default default] Method 'is_advsvc' is deprecated since 2023.2 release (neutron-lib 3.8.0) and will be removed once support for the old RBAC API policies will be removed from Neutron. Please use method 'is_service_role' instead.
2026-05-01 02:10:43.769 10 INFO neutron.db.segments_db [None req-bd054fbe-fd4e-476f-853c-fe3771aca6f6 d480a818e0c04b218efca94ff2e0e0d1 397b8af99ca34b04bdcf4b5c75d0c73c - - default default] Added segment 9d20b059-f975-444c-a639-55bccaffcc13 of type geneve for network b8b95df9-0942-4995-8a58-574d688b9b7b
2026-05-01 02:10:43.948 10 INFO neutron.db.ovn_revision_numbers_db [None req-bd054fbe-fd4e-476f-853c-fe3771aca6f6 d480a818e0c04b218efca94ff2e0e0d1 397b8af99ca34b04bdcf4b5c75d0c73c - - default default] Successfully bumped revision number for resource b8b95df9-0942-4995-8a58-574d688b9b7b (type: networks) to 1
2026-05-01 02:10:44.075 10 INFO neutron.wsgi [req-d01e1e4f-8c23-4b18-aebd-d731a5a2e057 req-f427ee97-8f7e-4943-8592-6325b2f8c83a ecbc2f3a18f0459a9fe91dddea98f501 50fd8b8062034af9b3583c07c6b07f61 - - default default] 199.204.45.140 "GET /v2.0/networks?id=198749f7-ffe1-4ffc-b982-14956a802d44 HTTP/1.1" status: 200 len: 903 time: 0.1113188
2026-05-01 02:10:44.146 10 INFO neutron.wsgi [req-d01e1e4f-8c23-4b18-aebd-d731a5a2e057 req-c40b1432-b0b4-4daa-acc5-1eac09d3134e ecbc2f3a18f0459a9fe91dddea98f501 50fd8b8062034af9b3583c07c6b07f61 - - default default] 199.204.45.140 "GET /v2.0/security-groups?fields=id&fields=name&tenant_id=50fd8b8062034af9b3583c07c6b07f61 HTTP/1.1" status: 200 len: 378 time: 0.0636718
2026-05-01 02:10:44.161 10 WARNING neutron_lib.context [req-d01e1e4f-8c23-4b18-aebd-d731a5a2e057 req-a8c9f7fc-8517-4d58-85f4-b6263ce98511 ecbc2f3a18f0459a9fe91dddea98f501 50fd8b8062034af9b3583c07c6b07f61 - - default default] Method 'is_advsvc' is deprecated since 2023.2 release (neutron-lib 3.8.0) and will be removed once support for the old RBAC API policies will be removed from Neutron. Please use method 'is_service_role' instead.
2026-05-01 02:10:44.217 10 WARNING neutron.scheduler.dhcp_agent_scheduler [None req-bd054fbe-fd4e-476f-853c-fe3771aca6f6 d480a818e0c04b218efca94ff2e0e0d1 397b8af99ca34b04bdcf4b5c75d0c73c - - default default] No more DHCP agents
2026-05-01 02:10:44.224 10 WARNING neutron.api.rpc.agentnotifiers.dhcp_rpc_agent_api [None req-bd054fbe-fd4e-476f-853c-fe3771aca6f6 d480a818e0c04b218efca94ff2e0e0d1 397b8af99ca34b04bdcf4b5c75d0c73c - - default default] Unable to schedule network b8b95df9-0942-4995-8a58-574d688b9b7b: no agents available; will retry on subsequent port and subnet creation events.
2026-05-01 02:10:44.341 10 INFO neutron.db.ovn_revision_numbers_db [None req-bd054fbe-fd4e-476f-853c-fe3771aca6f6 d480a818e0c04b218efca94ff2e0e0d1 397b8af99ca34b04bdcf4b5c75d0c73c - - default default] Successfully bumped revision number for resource dd2bbb26-c81d-4448-88f3-d0745084f410 (type: ports) to 1
2026-05-01 02:10:44.386 10 INFO neutron.wsgi [None req-bd054fbe-fd4e-476f-853c-fe3771aca6f6 d480a818e0c04b218efca94ff2e0e0d1 397b8af99ca34b04bdcf4b5c75d0c73c - - default default] 10.0.0.244 "POST /v2.0/networks HTTP/1.1" status: 201 len: 831 time: 0.7136064
2026-05-01 02:10:44.404 9 WARNING neutron_lib.context [None req-c2794f65-1474-4b2d-abc9-e59d06aadf80 d480a818e0c04b218efca94ff2e0e0d1 397b8af99ca34b04bdcf4b5c75d0c73c - - default default] Method 'is_advsvc' is deprecated since 2023.2 release (neutron-lib 3.8.0) and will be removed once support for the old RBAC API policies will be removed from Neutron. Please use method 'is_service_role' instead.
2026-05-01 02:10:44.568 10 WARNING neutron.scheduler.dhcp_agent_scheduler [req-d01e1e4f-8c23-4b18-aebd-d731a5a2e057 req-a8c9f7fc-8517-4d58-85f4-b6263ce98511 ecbc2f3a18f0459a9fe91dddea98f501 50fd8b8062034af9b3583c07c6b07f61 - - default default] No more DHCP agents
2026-05-01 02:10:44.570 10 WARNING neutron.api.rpc.agentnotifiers.dhcp_rpc_agent_api [req-d01e1e4f-8c23-4b18-aebd-d731a5a2e057 req-a8c9f7fc-8517-4d58-85f4-b6263ce98511 ecbc2f3a18f0459a9fe91dddea98f501 50fd8b8062034af9b3583c07c6b07f61 - - default default] Unable to schedule network 198749f7-ffe1-4ffc-b982-14956a802d44: no agents available; will retry on subsequent port and subnet creation events.
2026-05-01 02:10:44.677 9 WARNING neutron.scheduler.dhcp_agent_scheduler [None req-c2794f65-1474-4b2d-abc9-e59d06aadf80 d480a818e0c04b218efca94ff2e0e0d1 397b8af99ca34b04bdcf4b5c75d0c73c - - default default] No more DHCP agents
2026-05-01 02:10:44.680 9 WARNING neutron.api.rpc.agentnotifiers.dhcp_rpc_agent_api [None req-c2794f65-1474-4b2d-abc9-e59d06aadf80 d480a818e0c04b218efca94ff2e0e0d1 397b8af99ca34b04bdcf4b5c75d0c73c - - default default] Unable to schedule network b8b95df9-0942-4995-8a58-574d688b9b7b: no agents available; will retry on subsequent port and subnet creation events.
2026-05-01 02:10:44.772 9 INFO neutron.db.ovn_revision_numbers_db [None req-c2794f65-1474-4b2d-abc9-e59d06aadf80 d480a818e0c04b218efca94ff2e0e0d1 397b8af99ca34b04bdcf4b5c75d0c73c - - default default] Successfully bumped revision number for resource dc0c5cab-25ea-41a7-b3b8-abc1176018fd (type: ports) to 1
2026-05-01 02:10:44.775 10 INFO neutron.db.ovn_revision_numbers_db [req-d01e1e4f-8c23-4b18-aebd-d731a5a2e057 req-a8c9f7fc-8517-4d58-85f4-b6263ce98511 ecbc2f3a18f0459a9fe91dddea98f501 50fd8b8062034af9b3583c07c6b07f61 - - default default] Successfully bumped revision number for resource 98991963-39f3-4258-b480-66eaf788ca3c (type: ports) to 1
2026-05-01 02:10:44.801 9 INFO neutron.wsgi [None req-c2794f65-1474-4b2d-abc9-e59d06aadf80 d480a818e0c04b218efca94ff2e0e0d1 397b8af99ca34b04bdcf4b5c75d0c73c - - default default] 10.0.0.244 "POST /v2.0/ports HTTP/1.1" status: 201 len: 942 time: 0.4064171
2026-05-01 02:10:44.804 10 INFO neutron.wsgi [req-d01e1e4f-8c23-4b18-aebd-d731a5a2e057 req-a8c9f7fc-8517-4d58-85f4-b6263ce98511 ecbc2f3a18f0459a9fe91dddea98f501 50fd8b8062034af9b3583c07c6b07f61 - - default default] 199.204.45.140 "POST /v2.0/ports HTTP/1.1" status: 201 len: 1392 time: 0.6513245 /var/lib/openstack/lib/python3.10/site-packages/pycadf/identifier.py:71: UserWarning: Invalid uuid: neutron. To ensure interoperability, identifiers should be a valid uuid. warnings.warn(('Invalid uuid: %s. To ensure interoperability, '
2026-05-01 02:10:44.813 9 WARNING neutron_lib.context [None req-ee59e222-529a-42d8-ae61-a391f7d1bdc5 d480a818e0c04b218efca94ff2e0e0d1 397b8af99ca34b04bdcf4b5c75d0c73c - - default default] Method 'is_advsvc' is deprecated since 2023.2 release (neutron-lib 3.8.0) and will be removed once support for the old RBAC API policies will be removed from Neutron. Please use method 'is_service_role' instead. /var/lib/openstack/lib/python3.10/site-packages/pycadf/identifier.py:71: UserWarning: Invalid uuid: neutron. To ensure interoperability, identifiers should be a valid uuid. warnings.warn(('Invalid uuid: %s. To ensure interoperability, '
2026-05-01 02:10:45.004 9 INFO neutron.wsgi [None req-ee59e222-529a-42d8-ae61-a391f7d1bdc5 d480a818e0c04b218efca94ff2e0e0d1 397b8af99ca34b04bdcf4b5c75d0c73c - - default default] 10.0.0.244 "POST /v2.0/trunks HTTP/1.1" status: 201 len: 608 time: 0.1966887
2026-05-01 02:10:45.015 9 WARNING neutron_lib.context [None req-446eb12e-0ff8-4860-9bd5-a94ac52ad8aa d480a818e0c04b218efca94ff2e0e0d1 397b8af99ca34b04bdcf4b5c75d0c73c - - default default] Method 'is_advsvc' is deprecated since 2023.2 release (neutron-lib 3.8.0) and will be removed once support for the old RBAC API policies will be removed from Neutron. Please use method 'is_service_role' instead.
2026-05-01 02:10:45.091 9 INFO neutron.db.segments_db [None req-446eb12e-0ff8-4860-9bd5-a94ac52ad8aa d480a818e0c04b218efca94ff2e0e0d1 397b8af99ca34b04bdcf4b5c75d0c73c - - default default] Added segment e8d435f5-af0a-4611-8722-5ddad82fbf10 of type geneve for network 2ec32703-cb71-4e22-9935-abc169158049
2026-05-01 02:10:45.227 9 INFO neutron.db.ovn_revision_numbers_db [None req-446eb12e-0ff8-4860-9bd5-a94ac52ad8aa d480a818e0c04b218efca94ff2e0e0d1 397b8af99ca34b04bdcf4b5c75d0c73c - - default default] Successfully bumped revision number for resource 2ec32703-cb71-4e22-9935-abc169158049 (type: networks) to 1
2026-05-01 02:10:45.297 10 INFO neutron.db.ovn_revision_numbers_db [req-d01e1e4f-8c23-4b18-aebd-d731a5a2e057 req-62187f5d-cec7-4491-9c06-5cd9d08913d8 bdee89af079f4190a6e38113d83a464b 0eb0ed8e042f424abd6c9a83c4e0b0e0 - - 47cc34d411aa4a3ab8f0d3390e3f1bb0 47cc34d411aa4a3ab8f0d3390e3f1bb0] Successfully bumped revision number for resource 98991963-39f3-4258-b480-66eaf788ca3c (type: ports) to 2
2026-05-01 02:10:45.407 9 WARNING neutron.scheduler.dhcp_agent_scheduler [None req-446eb12e-0ff8-4860-9bd5-a94ac52ad8aa d480a818e0c04b218efca94ff2e0e0d1 397b8af99ca34b04bdcf4b5c75d0c73c - - default default] No more DHCP agents
2026-05-01 02:10:45.409 9 WARNING neutron.api.rpc.agentnotifiers.dhcp_rpc_agent_api [None req-446eb12e-0ff8-4860-9bd5-a94ac52ad8aa d480a818e0c04b218efca94ff2e0e0d1 397b8af99ca34b04bdcf4b5c75d0c73c - - default default] Unable to schedule network 2ec32703-cb71-4e22-9935-abc169158049: no agents available; will retry on subsequent port and subnet creation events.
2026-05-01 02:10:45.502 9 INFO neutron.db.ovn_revision_numbers_db [None req-446eb12e-0ff8-4860-9bd5-a94ac52ad8aa d480a818e0c04b218efca94ff2e0e0d1 397b8af99ca34b04bdcf4b5c75d0c73c - - default default] Successfully bumped revision number for resource bed064c8-ffae-414f-a08e-b19c617582ef (type: ports) to 1
2026-05-01 02:10:45.526 9 INFO neutron.wsgi [None req-446eb12e-0ff8-4860-9bd5-a94ac52ad8aa d480a818e0c04b218efca94ff2e0e0d1 397b8af99ca34b04bdcf4b5c75d0c73c - - default default] 10.0.0.244 "POST /v2.0/networks HTTP/1.1" status: 201 len: 831 time: 0.5163145
2026-05-01 02:10:45.536 9 WARNING neutron_lib.context [None req-8b966c6a-6413-4547-bee8-844317dc3f76 d480a818e0c04b218efca94ff2e0e0d1 397b8af99ca34b04bdcf4b5c75d0c73c - - default default] Method 'is_advsvc' is deprecated since 2023.2 release (neutron-lib 3.8.0) and will be removed once support for the old RBAC API policies will be removed from Neutron. Please use method 'is_service_role' instead.
2026-05-01 02:10:45.774 9 WARNING neutron.scheduler.dhcp_agent_scheduler [None req-8b966c6a-6413-4547-bee8-844317dc3f76 d480a818e0c04b218efca94ff2e0e0d1 397b8af99ca34b04bdcf4b5c75d0c73c - - default default] No more DHCP agents
2026-05-01 02:10:45.775 9 WARNING neutron.api.rpc.agentnotifiers.dhcp_rpc_agent_api [None req-8b966c6a-6413-4547-bee8-844317dc3f76 d480a818e0c04b218efca94ff2e0e0d1 397b8af99ca34b04bdcf4b5c75d0c73c - - default default] Unable to schedule network 2ec32703-cb71-4e22-9935-abc169158049: no agents available; will retry on subsequent port and subnet creation events.
2026-05-01 02:10:45.848 9 INFO neutron.db.ovn_revision_numbers_db [None req-8b966c6a-6413-4547-bee8-844317dc3f76 d480a818e0c04b218efca94ff2e0e0d1 397b8af99ca34b04bdcf4b5c75d0c73c - - default default] Successfully bumped revision number for resource 141bb951-f972-4838-b693-1f973e56a9e1 (type: ports) to 1
2026-05-01 02:10:45.868 9 INFO neutron.wsgi [None req-8b966c6a-6413-4547-bee8-844317dc3f76 d480a818e0c04b218efca94ff2e0e0d1 397b8af99ca34b04bdcf4b5c75d0c73c - - default default] 10.0.0.244 "POST /v2.0/ports HTTP/1.1" status: 201 len: 942 time: 0.3368144 /var/lib/openstack/lib/python3.10/site-packages/pycadf/identifier.py:71: UserWarning: Invalid uuid: neutron. To ensure interoperability, identifiers should be a valid uuid. warnings.warn(('Invalid uuid: %s. To ensure interoperability, '
2026-05-01 02:10:45.878 9 WARNING neutron_lib.context [None req-12871982-77af-4cda-abd3-537e4dec6165 d480a818e0c04b218efca94ff2e0e0d1 397b8af99ca34b04bdcf4b5c75d0c73c - - default default] Method 'is_advsvc' is deprecated since 2023.2 release (neutron-lib 3.8.0) and will be removed once support for the old RBAC API policies will be removed from Neutron. Please use method 'is_service_role' instead.
2026-05-01 02:10:45.985 10 INFO neutron.db.ovn_revision_numbers_db [req-d01e1e4f-8c23-4b18-aebd-d731a5a2e057 req-62187f5d-cec7-4491-9c06-5cd9d08913d8 bdee89af079f4190a6e38113d83a464b 0eb0ed8e042f424abd6c9a83c4e0b0e0 - - 47cc34d411aa4a3ab8f0d3390e3f1bb0 47cc34d411aa4a3ab8f0d3390e3f1bb0] Successfully bumped revision number for resource 98991963-39f3-4258-b480-66eaf788ca3c (type: ports) to 2
2026-05-01 02:10:46.008 10 INFO neutron.wsgi [req-d01e1e4f-8c23-4b18-aebd-d731a5a2e057 req-62187f5d-cec7-4491-9c06-5cd9d08913d8 bdee89af079f4190a6e38113d83a464b 0eb0ed8e042f424abd6c9a83c4e0b0e0 - - 47cc34d411aa4a3ab8f0d3390e3f1bb0 47cc34d411aa4a3ab8f0d3390e3f1bb0] 199.204.45.140 "PUT /v2.0/ports/98991963-39f3-4258-b480-66eaf788ca3c HTTP/1.1" status: 200 len: 1609 time: 1.1941233
2026-05-01 02:10:46.043 10 INFO neutron.notifiers.nova [-] Nova event matching ['req-77d0b7f2-29b1-4a5f-b6eb-724d729b3143'] response: {'name': 'network-changed', 'server_uuid': '73204555-d44f-441d-97c3-79124d9ab0cd', 'tag': '98991963-39f3-4258-b480-66eaf788ca3c', 'status': 'completed', 'code': 200} /var/lib/openstack/lib/python3.10/site-packages/pycadf/identifier.py:71: UserWarning: Invalid uuid: neutron. To ensure interoperability, identifiers should be a valid uuid. warnings.warn(('Invalid uuid: %s. To ensure interoperability, '
2026-05-01 02:10:46.081 9 INFO neutron.wsgi [None req-12871982-77af-4cda-abd3-537e4dec6165 d480a818e0c04b218efca94ff2e0e0d1 397b8af99ca34b04bdcf4b5c75d0c73c - - default default] 10.0.0.244 "POST /v2.0/trunks HTTP/1.1" status: 201 len: 608 time: 0.2070413
2026-05-01 02:10:46.091 9 WARNING neutron_lib.context [None req-6da4e5f9-dfcc-4431-aef9-f177707d989d d480a818e0c04b218efca94ff2e0e0d1 397b8af99ca34b04bdcf4b5c75d0c73c - - default default] Method 'is_advsvc' is deprecated since 2023.2 release (neutron-lib 3.8.0) and will be removed once support for the old RBAC API policies will be removed from Neutron. Please use method 'is_service_role' instead.
2026-05-01 02:10:46.098 10 INFO neutron.wsgi [req-d01e1e4f-8c23-4b18-aebd-d731a5a2e057 req-e39e1fce-54ff-48e0-b0d7-f21c0c36590a bdee89af079f4190a6e38113d83a464b 0eb0ed8e042f424abd6c9a83c4e0b0e0 - - 47cc34d411aa4a3ab8f0d3390e3f1bb0 47cc34d411aa4a3ab8f0d3390e3f1bb0] 199.204.45.140 "GET /v2.0/ports?tenant_id=50fd8b8062034af9b3583c07c6b07f61&device_id=73204555-d44f-441d-97c3-79124d9ab0cd HTTP/1.1" status: 200 len: 1640 time: 0.0469024
2026-05-01 02:10:46.127 10 INFO neutron.wsgi [req-d01e1e4f-8c23-4b18-aebd-d731a5a2e057 req-9effb0b9-f8f2-4153-a1a3-2f6f1525564d bdee89af079f4190a6e38113d83a464b 0eb0ed8e042f424abd6c9a83c4e0b0e0 - - 47cc34d411aa4a3ab8f0d3390e3f1bb0 47cc34d411aa4a3ab8f0d3390e3f1bb0] 199.204.45.140 "GET /v2.0/floatingips?fixed_ip_address=10.2.2.180&port_id=98991963-39f3-4258-b480-66eaf788ca3c HTTP/1.1" status: 200 len: 217 time: 0.0218823
2026-05-01 02:10:46.155 10 INFO neutron.wsgi [req-d01e1e4f-8c23-4b18-aebd-d731a5a2e057 req-372c371d-01bd-4367-809a-83fd304dc80a bdee89af079f4190a6e38113d83a464b 0eb0ed8e042f424abd6c9a83c4e0b0e0 - - 47cc34d411aa4a3ab8f0d3390e3f1bb0 47cc34d411aa4a3ab8f0d3390e3f1bb0] 199.204.45.140 "GET /v2.0/floatingips?fixed_ip_address=fd77%3A1457%3A4cf0%3A26a8%3A%3A37c&port_id=98991963-39f3-4258-b480-66eaf788ca3c HTTP/1.1" status: 200 len: 217 time: 0.0211148
2026-05-01 02:10:46.172 9 INFO neutron.db.segments_db [None req-6da4e5f9-dfcc-4431-aef9-f177707d989d d480a818e0c04b218efca94ff2e0e0d1 397b8af99ca34b04bdcf4b5c75d0c73c - - default default] Added segment 995c0993-d0c9-49cb-8ce8-844ec5b848d8 of type geneve for network aab5bb1f-a308-4f88-b346-4e1fc3bad078
2026-05-01 02:10:46.196 10 INFO neutron.wsgi [req-d01e1e4f-8c23-4b18-aebd-d731a5a2e057 req-f0a52f7a-35b6-4066-a1aa-434af300c39d bdee89af079f4190a6e38113d83a464b 0eb0ed8e042f424abd6c9a83c4e0b0e0 - - 47cc34d411aa4a3ab8f0d3390e3f1bb0 47cc34d411aa4a3ab8f0d3390e3f1bb0] 199.204.45.140 "GET /v2.0/subnets?id=67e09847-0ec1-4585-a9ab-86294e32ee0f&id=e9851ec4-87f6-42f5-9d16-695a9ca3f628 HTTP/1.1" status: 200 len: 1565 time: 0.0349069
2026-05-01 02:10:46.224 10 INFO neutron.wsgi [req-d01e1e4f-8c23-4b18-aebd-d731a5a2e057 req-186383a6-e854-4965-9147-9eb28a518812 bdee89af079f4190a6e38113d83a464b 0eb0ed8e042f424abd6c9a83c4e0b0e0 - - 47cc34d411aa4a3ab8f0d3390e3f1bb0 47cc34d411aa4a3ab8f0d3390e3f1bb0] 199.204.45.140 "GET /v2.0/ports?network_id=198749f7-ffe1-4ffc-b982-14956a802d44&device_owner=network%3Adhcp HTTP/1.1" status: 200 len: 210 time: 0.0218811
2026-05-01 02:10:46.247 10 INFO neutron.wsgi [req-d01e1e4f-8c23-4b18-aebd-d731a5a2e057 req-85e5d8af-1908-4910-abe3-cb72da4775b2 bdee89af079f4190a6e38113d83a464b 0eb0ed8e042f424abd6c9a83c4e0b0e0 - - 47cc34d411aa4a3ab8f0d3390e3f1bb0 47cc34d411aa4a3ab8f0d3390e3f1bb0] 199.204.45.140 "GET /v2.0/ports?network_id=198749f7-ffe1-4ffc-b982-14956a802d44&device_owner=network%3Adhcp HTTP/1.1" status: 200 len: 210 time: 0.0172677
2026-05-01 02:10:46.311 9 INFO neutron.db.ovn_revision_numbers_db [None req-6da4e5f9-dfcc-4431-aef9-f177707d989d d480a818e0c04b218efca94ff2e0e0d1 397b8af99ca34b04bdcf4b5c75d0c73c - - default default] Successfully bumped revision number for resource aab5bb1f-a308-4f88-b346-4e1fc3bad078 (type: networks) to 1
2026-05-01 02:10:46.312 10 INFO neutron.wsgi [req-d01e1e4f-8c23-4b18-aebd-d731a5a2e057 req-299ff980-821f-477c-9041-7d39f152dd4e bdee89af079f4190a6e38113d83a464b 0eb0ed8e042f424abd6c9a83c4e0b0e0 - - 47cc34d411aa4a3ab8f0d3390e3f1bb0 47cc34d411aa4a3ab8f0d3390e3f1bb0] 199.204.45.140 "GET /v2.0/networks/198749f7-ffe1-4ffc-b982-14956a802d44?fields=segments HTTP/1.1" status: 200 len: 212 time: 0.0579722
2026-05-01 02:10:46.378 10 INFO neutron.wsgi [req-d01e1e4f-8c23-4b18-aebd-d731a5a2e057 req-cbab8a73-8d07-4135-9293-494c0fbd134e bdee89af079f4190a6e38113d83a464b 0eb0ed8e042f424abd6c9a83c4e0b0e0 - - 47cc34d411aa4a3ab8f0d3390e3f1bb0 47cc34d411aa4a3ab8f0d3390e3f1bb0] 199.204.45.140 "GET /v2.0/networks/198749f7-ffe1-4ffc-b982-14956a802d44?fields=provider%3Aphysical_network&fields=provider%3Anetwork_type HTTP/1.1" status: 200 len: 277 time: 0.0595162
2026-05-01 02:10:46.461 10 INFO neutron.wsgi [req-cea0c748-7431-4080-b64b-b3e3c1e8c9b8 req-924098cb-f75b-4c20-9862-40adb01874af bdee89af079f4190a6e38113d83a464b 0eb0ed8e042f424abd6c9a83c4e0b0e0 - - 47cc34d411aa4a3ab8f0d3390e3f1bb0 47cc34d411aa4a3ab8f0d3390e3f1bb0] 199.204.45.140 "GET /v2.0/ports?tenant_id=50fd8b8062034af9b3583c07c6b07f61&device_id=73204555-d44f-441d-97c3-79124d9ab0cd HTTP/1.1" status: 200 len: 1640 time: 0.0430903
2026-05-01 02:10:46.479 9 WARNING neutron.scheduler.dhcp_agent_scheduler [None req-6da4e5f9-dfcc-4431-aef9-f177707d989d d480a818e0c04b218efca94ff2e0e0d1 397b8af99ca34b04bdcf4b5c75d0c73c - - default default] No more DHCP agents
2026-05-01 02:10:46.481 9 WARNING neutron.api.rpc.agentnotifiers.dhcp_rpc_agent_api [None req-6da4e5f9-dfcc-4431-aef9-f177707d989d d480a818e0c04b218efca94ff2e0e0d1 397b8af99ca34b04bdcf4b5c75d0c73c - - default default] Unable to schedule network aab5bb1f-a308-4f88-b346-4e1fc3bad078: no agents available; will retry on subsequent port and subnet creation events.
2026-05-01 02:10:46.535 10 INFO neutron.wsgi [req-cea0c748-7431-4080-b64b-b3e3c1e8c9b8 req-38c5bbd2-6703-4c08-8ed0-691980018055 bdee89af079f4190a6e38113d83a464b 0eb0ed8e042f424abd6c9a83c4e0b0e0 - - 47cc34d411aa4a3ab8f0d3390e3f1bb0 47cc34d411aa4a3ab8f0d3390e3f1bb0] 199.204.45.140 "GET /v2.0/networks?id=198749f7-ffe1-4ffc-b982-14956a802d44 HTTP/1.1" status: 200 len: 1002 time: 0.0640495
2026-05-01 02:10:46.572 10 INFO neutron.wsgi [req-cea0c748-7431-4080-b64b-b3e3c1e8c9b8 req-4f20e9f6-529a-4ba5-a920-21e55e922e50 bdee89af079f4190a6e38113d83a464b 0eb0ed8e042f424abd6c9a83c4e0b0e0 - - 47cc34d411aa4a3ab8f0d3390e3f1bb0 47cc34d411aa4a3ab8f0d3390e3f1bb0] 199.204.45.140 "GET /v2.0/floatingips?fixed_ip_address=10.2.2.180&port_id=98991963-39f3-4258-b480-66eaf788ca3c HTTP/1.1" status: 200 len: 217 time: 0.0284357
2026-05-01 02:10:46.579 9 INFO neutron.db.ovn_revision_numbers_db [None req-6da4e5f9-dfcc-4431-aef9-f177707d989d d480a818e0c04b218efca94ff2e0e0d1 397b8af99ca34b04bdcf4b5c75d0c73c - - default default] Successfully bumped revision number for resource 6866d3ce-2983-4226-8997-4da7d2e97828 (type: ports) to 1
2026-05-01 02:10:46.592 10 INFO neutron.plugins.ml2.drivers.ovn.mech_driver.mech_driver [None req-baefa63a-eed7-45ab-ae84-ad67a725750a - - - - - -] OVN reports status up for port: 98991963-39f3-4258-b480-66eaf788ca3c
2026-05-01 02:10:46.620 10 INFO neutron.wsgi [req-cea0c748-7431-4080-b64b-b3e3c1e8c9b8 req-9849acad-3c45-467d-8ba5-b645398028a7 bdee89af079f4190a6e38113d83a464b 0eb0ed8e042f424abd6c9a83c4e0b0e0 - - 47cc34d411aa4a3ab8f0d3390e3f1bb0 47cc34d411aa4a3ab8f0d3390e3f1bb0] 199.204.45.140 "GET /v2.0/floatingips?fixed_ip_address=fd77%3A1457%3A4cf0%3A26a8%3A%3A37c&port_id=98991963-39f3-4258-b480-66eaf788ca3c HTTP/1.1" status: 200 len: 217 time: 0.0395708
2026-05-01 02:10:46.620 9 INFO neutron.wsgi [None req-6da4e5f9-dfcc-4431-aef9-f177707d989d d480a818e0c04b218efca94ff2e0e0d1 397b8af99ca34b04bdcf4b5c75d0c73c - - default default] 10.0.0.244 "POST /v2.0/networks HTTP/1.1" status: 201 len: 831 time: 0.5341823
2026-05-01 02:10:46.627 10 INFO neutron.plugins.ml2.plugin [None req-baefa63a-eed7-45ab-ae84-ad67a725750a - - - - - -] Attempt 1 to provision port 98991963-39f3-4258-b480-66eaf788ca3c
2026-05-01 02:10:46.632 9 WARNING neutron_lib.context [None req-4490e7c4-6ed5-4ea2-b442-c98fd5d5bc1f d480a818e0c04b218efca94ff2e0e0d1 397b8af99ca34b04bdcf4b5c75d0c73c - - default default] Method 'is_advsvc' is deprecated since 2023.2 release (neutron-lib 3.8.0) and will be removed once support for the old RBAC API policies will be removed from Neutron. Please use method 'is_service_role' instead.
2026-05-01 02:10:46.687 10 INFO neutron.wsgi [req-cea0c748-7431-4080-b64b-b3e3c1e8c9b8 req-be2e4747-8c2a-4551-b161-d7bde78cf746 bdee89af079f4190a6e38113d83a464b 0eb0ed8e042f424abd6c9a83c4e0b0e0 - - 47cc34d411aa4a3ab8f0d3390e3f1bb0 47cc34d411aa4a3ab8f0d3390e3f1bb0] 199.204.45.140 "GET /v2.0/subnets?id=67e09847-0ec1-4585-a9ab-86294e32ee0f&id=e9851ec4-87f6-42f5-9d16-695a9ca3f628 HTTP/1.1" status: 200 len: 1565 time: 0.0610263
2026-05-01 02:10:46.712 10 INFO neutron.wsgi [req-cea0c748-7431-4080-b64b-b3e3c1e8c9b8 req-915a2788-f6c0-4089-948b-df7bba38a532 bdee89af079f4190a6e38113d83a464b 0eb0ed8e042f424abd6c9a83c4e0b0e0 - - 47cc34d411aa4a3ab8f0d3390e3f1bb0 47cc34d411aa4a3ab8f0d3390e3f1bb0] 199.204.45.140 "GET /v2.0/ports?network_id=198749f7-ffe1-4ffc-b982-14956a802d44&device_owner=network%3Adhcp HTTP/1.1" status: 200 len: 210 time: 0.0209610
2026-05-01 02:10:46.744 10 INFO neutron.wsgi [req-cea0c748-7431-4080-b64b-b3e3c1e8c9b8 req-db92a00c-20a1-47ae-9f9b-550384e6235b bdee89af079f4190a6e38113d83a464b 0eb0ed8e042f424abd6c9a83c4e0b0e0 - - 47cc34d411aa4a3ab8f0d3390e3f1bb0 47cc34d411aa4a3ab8f0d3390e3f1bb0] 199.204.45.140 "GET /v2.0/ports?network_id=198749f7-ffe1-4ffc-b982-14956a802d44&device_owner=network%3Adhcp HTTP/1.1" status: 200 len: 210 time: 0.0208926
2026-05-01 02:10:46.835 10 INFO neutron.wsgi [req-cea0c748-7431-4080-b64b-b3e3c1e8c9b8 req-a813b437-2c9c-409b-8d52-298f6c1fac78 bdee89af079f4190a6e38113d83a464b 0eb0ed8e042f424abd6c9a83c4e0b0e0 - - 47cc34d411aa4a3ab8f0d3390e3f1bb0 47cc34d411aa4a3ab8f0d3390e3f1bb0] 199.204.45.140 "GET /v2.0/networks/198749f7-ffe1-4ffc-b982-14956a802d44?fields=segments HTTP/1.1" status: 200 len: 212 time: 0.0726666
2026-05-01 02:10:46.887 9 WARNING neutron.scheduler.dhcp_agent_scheduler [None req-4490e7c4-6ed5-4ea2-b442-c98fd5d5bc1f d480a818e0c04b218efca94ff2e0e0d1 397b8af99ca34b04bdcf4b5c75d0c73c - - default default] No more DHCP agents
2026-05-01 02:10:46.889 9 WARNING neutron.api.rpc.agentnotifiers.dhcp_rpc_agent_api [None req-4490e7c4-6ed5-4ea2-b442-c98fd5d5bc1f d480a818e0c04b218efca94ff2e0e0d1 397b8af99ca34b04bdcf4b5c75d0c73c - - default default] Unable to schedule network aab5bb1f-a308-4f88-b346-4e1fc3bad078: no agents available; will retry on subsequent port and subnet creation events.
2026-05-01 02:10:46.913 10 INFO neutron.wsgi [req-cea0c748-7431-4080-b64b-b3e3c1e8c9b8 req-fe33d04b-542e-4bad-8693-5d50ff36265c bdee89af079f4190a6e38113d83a464b 0eb0ed8e042f424abd6c9a83c4e0b0e0 - - 47cc34d411aa4a3ab8f0d3390e3f1bb0 47cc34d411aa4a3ab8f0d3390e3f1bb0] 199.204.45.140 "GET /v2.0/networks/198749f7-ffe1-4ffc-b982-14956a802d44?fields=provider%3Aphysical_network&fields=provider%3Anetwork_type HTTP/1.1" status: 200 len: 277 time: 0.0694571
2026-05-01 02:10:46.992 9 INFO neutron.db.ovn_revision_numbers_db [None req-4490e7c4-6ed5-4ea2-b442-c98fd5d5bc1f d480a818e0c04b218efca94ff2e0e0d1 397b8af99ca34b04bdcf4b5c75d0c73c - - default default] Successfully bumped revision number for resource 800529cb-f2a3-45d6-ba59-a5771a40506a (type: ports) to 1
2026-05-01 02:10:47.017 9 INFO neutron.wsgi [None req-4490e7c4-6ed5-4ea2-b442-c98fd5d5bc1f d480a818e0c04b218efca94ff2e0e0d1 397b8af99ca34b04bdcf4b5c75d0c73c - - default default] 10.0.0.244 "POST /v2.0/ports HTTP/1.1" status: 201 len: 942 time: 0.3906312 /var/lib/openstack/lib/python3.10/site-packages/pycadf/identifier.py:71: UserWarning: Invalid uuid: neutron. To ensure interoperability, identifiers should be a valid uuid. warnings.warn(('Invalid uuid: %s. To ensure interoperability, '
2026-05-01 02:10:47.027 9 WARNING neutron_lib.context [None req-b8e51981-2c58-42f1-bc9b-5617d05bf5b1 d480a818e0c04b218efca94ff2e0e0d1 397b8af99ca34b04bdcf4b5c75d0c73c - - default default] Method 'is_advsvc' is deprecated since 2023.2 release (neutron-lib 3.8.0) and will be removed once support for the old RBAC API policies will be removed from Neutron. Please use method 'is_service_role' instead.
2026-05-01 02:10:47.047 10 INFO neutron.db.ovn_revision_numbers_db [None req-baefa63a-eed7-45ab-ae84-ad67a725750a - - - - - -] Successfully bumped revision number for resource 98991963-39f3-4258-b480-66eaf788ca3c (type: ports) to 4
2026-05-01 02:10:47.218 9 INFO neutron.wsgi [None req-b8e51981-2c58-42f1-bc9b-5617d05bf5b1 d480a818e0c04b218efca94ff2e0e0d1 397b8af99ca34b04bdcf4b5c75d0c73c - - default default] 10.0.0.244 "POST /v2.0/trunks HTTP/1.1" status: 201 len: 608 time: 0.1962368
2026-05-01 02:10:47.229 9 WARNING neutron_lib.context [None req-ccd92682-9bc2-44b9-99d6-b65de6923040 d480a818e0c04b218efca94ff2e0e0d1 397b8af99ca34b04bdcf4b5c75d0c73c - - default default] Method 'is_advsvc' is deprecated since 2023.2 release (neutron-lib 3.8.0) and will be removed once support for the old RBAC API policies will be removed from Neutron. Please use method 'is_service_role' instead.
2026-05-01 02:10:47.312 9 INFO neutron.db.segments_db [None req-ccd92682-9bc2-44b9-99d6-b65de6923040 d480a818e0c04b218efca94ff2e0e0d1 397b8af99ca34b04bdcf4b5c75d0c73c - - default default] Added segment c05aea8b-0e83-4b42-9809-b553029364f2 of type geneve for network 334125b2-db72-49ac-84bb-7c04506e6602
2026-05-01 02:10:47.619 9 INFO neutron.wsgi [-] 10.0.0.25 "GET / HTTP/1.1" status: 200 len: 247 time: 0.0013394
2026-05-01 02:10:47.622 9 INFO neutron.wsgi [-] 10.0.0.25 "GET / HTTP/1.1" status: 200 len: 247 time: 0.0017290
2026-05-01 02:10:47.706 9 INFO neutron.db.ovn_revision_numbers_db [None req-ccd92682-9bc2-44b9-99d6-b65de6923040 d480a818e0c04b218efca94ff2e0e0d1 397b8af99ca34b04bdcf4b5c75d0c73c - - default default] Successfully bumped revision number for resource 334125b2-db72-49ac-84bb-7c04506e6602 (type: networks) to 1
2026-05-01 02:10:47.894 9 WARNING neutron.scheduler.dhcp_agent_scheduler [None req-ccd92682-9bc2-44b9-99d6-b65de6923040 d480a818e0c04b218efca94ff2e0e0d1 397b8af99ca34b04bdcf4b5c75d0c73c - - default default] No more DHCP agents
2026-05-01 02:10:47.896 9 WARNING neutron.api.rpc.agentnotifiers.dhcp_rpc_agent_api [None req-ccd92682-9bc2-44b9-99d6-b65de6923040 d480a818e0c04b218efca94ff2e0e0d1 397b8af99ca34b04bdcf4b5c75d0c73c - - default default] Unable to schedule network 334125b2-db72-49ac-84bb-7c04506e6602: no agents available; will retry on subsequent port and subnet creation events.
2026-05-01 02:10:47.977 9 INFO neutron.db.ovn_revision_numbers_db [None req-ccd92682-9bc2-44b9-99d6-b65de6923040 d480a818e0c04b218efca94ff2e0e0d1 397b8af99ca34b04bdcf4b5c75d0c73c - - default default] Successfully bumped revision number for resource a853083e-4175-46db-b2b0-790a1fbce8c9 (type: ports) to 1
2026-05-01 02:10:47.999 9 INFO neutron.wsgi [None req-ccd92682-9bc2-44b9-99d6-b65de6923040 d480a818e0c04b218efca94ff2e0e0d1 397b8af99ca34b04bdcf4b5c75d0c73c - - default default] 10.0.0.244 "POST /v2.0/networks HTTP/1.1" status: 201 len: 831 time: 0.7752924
2026-05-01 02:10:48.011 9 WARNING neutron_lib.context [None req-09914eb2-aaf5-493c-b2d6-bbf8354b8a4c d480a818e0c04b218efca94ff2e0e0d1 397b8af99ca34b04bdcf4b5c75d0c73c - - default default] Method 'is_advsvc' is deprecated since 2023.2 release (neutron-lib 3.8.0) and will be removed once support for the old RBAC API policies will be removed from Neutron. Please use method 'is_service_role' instead.
