2026-05-27 14:42:44.696 9 INFO neutron.wsgi [None req-640b3c16-5cf0-4da6-8e5f-df0b61016b34 b2389cd0db04491fa47c218780333a8f b748f6bce2ca4bd593c50bd52b2ea4c0 - - default default] 199.204.45.156,10.0.0.15 "GET /v2.0/security-groups/ba46b52f-3211-4eb0-9d75-c1fe193273f9?project_id=187ac6721caa41fc9b9984565d3204fb HTTP/1.1" status: 200 len: 1736 time: 0.0336955
2026-05-27 14:42:44.844 9 INFO neutron.db.ovn_revision_numbers_db [None req-5d9d65d1-7ad9-4bbb-8607-46478fc59001 b2389cd0db04491fa47c218780333a8f b748f6bce2ca4bd593c50bd52b2ea4c0 - - default default] Successfully bumped revision number for resource 2072dac5-21a1-4eca-ad2b-cbb40c609d0c (type: security_group_rules) to 0
2026-05-27 14:42:44.875 9 INFO neutron.wsgi [None req-5d9d65d1-7ad9-4bbb-8607-46478fc59001 b2389cd0db04491fa47c218780333a8f b748f6bce2ca4bd593c50bd52b2ea4c0 - - default default] 199.204.45.156,10.0.0.15 "POST /v2.0/security-group-rules HTTP/1.1" status: 201 len: 745 time: 0.1718786
2026-05-27 14:42:45.939 9 INFO neutron.wsgi [None req-5e1f17a4-5c46-449e-ae88-e0004f4bbd2d b2389cd0db04491fa47c218780333a8f b748f6bce2ca4bd593c50bd52b2ea4c0 - - default default] 199.204.45.156,10.0.0.15 "GET /v2.0/security-groups/ba46b52f-3211-4eb0-9d75-c1fe193273f9?project_id=187ac6721caa41fc9b9984565d3204fb HTTP/1.1" status: 200 len: 2314 time: 0.1008434
2026-05-27 14:42:45.984 9 INFO neutron.wsgi [None req-26ec756d-4c08-4a79-8a26-32dfcecb179b b2389cd0db04491fa47c218780333a8f b748f6bce2ca4bd593c50bd52b2ea4c0 - - default default] 199.204.45.156,10.0.0.15 "GET /v2.0/security-groups/ba46b52f-3211-4eb0-9d75-c1fe193273f9 HTTP/1.1" status: 200 len: 2314 time: 0.0348709
2026-05-27 14:42:46.106 9 INFO neutron.wsgi [None req-4f1ade75-08b9-4fdc-99c0-8b3f716d9e5a b2389cd0db04491fa47c218780333a8f b748f6bce2ca4bd593c50bd52b2ea4c0 - - default default] 199.204.45.156,10.0.0.15 "GET /v2.0/security-groups/ba46b52f-3211-4eb0-9d75-c1fe193273f9?project_id=187ac6721caa41fc9b9984565d3204fb HTTP/1.1" status: 200 len: 2314 time: 0.0354388
2026-05-27 14:42:46.268 9 INFO neutron.db.ovn_revision_numbers_db [None req-bcd955bf-27c2-4498-8f41-4092d313a8d8 b2389cd0db04491fa47c218780333a8f b748f6bce2ca4bd593c50bd52b2ea4c0 - - default default] Successfully bumped revision number for resource 6f8e6e82-6af5-4726-91e9-2833af157b59 (type: security_group_rules) to 0
2026-05-27 14:42:46.300 9 INFO neutron.wsgi [None req-bcd955bf-27c2-4498-8f41-4092d313a8d8 b2389cd0db04491fa47c218780333a8f b748f6bce2ca4bd593c50bd52b2ea4c0 - - default default] 199.204.45.156,10.0.0.15 "POST /v2.0/security-group-rules HTTP/1.1" status: 201 len: 747 time: 0.1852345
2026-05-27 14:42:47.336 9 INFO neutron.wsgi [None req-834157d4-5a0d-4aef-b9ba-6df3ce66ed5d b2389cd0db04491fa47c218780333a8f b748f6bce2ca4bd593c50bd52b2ea4c0 - - default default] 199.204.45.156,10.0.0.15 "GET /v2.0/security-groups/ba46b52f-3211-4eb0-9d75-c1fe193273f9?project_id=187ac6721caa41fc9b9984565d3204fb HTTP/1.1" status: 200 len: 2894 time: 0.0840163
2026-05-27 14:42:47.379 9 INFO neutron.wsgi [None req-bbe5b891-0fae-4597-98d7-7f3230e39d83 b2389cd0db04491fa47c218780333a8f b748f6bce2ca4bd593c50bd52b2ea4c0 - - default default] 199.204.45.156,10.0.0.15 "GET /v2.0/security-groups/ba46b52f-3211-4eb0-9d75-c1fe193273f9 HTTP/1.1" status: 200 len: 2894 time: 0.0374501
2026-05-27 14:42:47.488 9 INFO neutron.wsgi [None req-9f6e95c1-5d2b-412a-b05e-e36ac72a0955 b2389cd0db04491fa47c218780333a8f b748f6bce2ca4bd593c50bd52b2ea4c0 - - default default] 199.204.45.156,10.0.0.15 "GET /v2.0/security-groups/ba46b52f-3211-4eb0-9d75-c1fe193273f9?project_id=187ac6721caa41fc9b9984565d3204fb HTTP/1.1" status: 200 len: 2894 time: 0.0381653
2026-05-27 14:42:47.638 9 INFO neutron.db.ovn_revision_numbers_db [None req-4aa232ba-af58-413f-b7b3-30211f0e2625 b2389cd0db04491fa47c218780333a8f b748f6bce2ca4bd593c50bd52b2ea4c0 - - default default] Successfully bumped revision number for resource 0eb0b72c-e716-45fc-8a24-f98acda1abdc (type: security_group_rules) to 0
2026-05-27 14:42:47.673 9 INFO neutron.wsgi [None req-4aa232ba-af58-413f-b7b3-30211f0e2625 b2389cd0db04491fa47c218780333a8f b748f6bce2ca4bd593c50bd52b2ea4c0 - - default default] 199.204.45.156,10.0.0.15 "POST /v2.0/security-group-rules HTTP/1.1" status: 201 len: 749 time: 0.1794646
2026-05-27 14:42:48.775 9 INFO neutron.wsgi [None req-a4e468fe-adb0-418c-b4a3-87b07f7fa63a b2389cd0db04491fa47c218780333a8f b748f6bce2ca4bd593c50bd52b2ea4c0 - - default default] 199.204.45.156,10.0.0.15 "GET /v2.0/security-groups/ba46b52f-3211-4eb0-9d75-c1fe193273f9?project_id=187ac6721caa41fc9b9984565d3204fb HTTP/1.1" status: 200 len: 3476 time: 0.0885861
2026-05-27 14:42:48.817 9 INFO neutron.wsgi [None req-c948c328-ea9b-429a-96b0-495b7ad615b3 b2389cd0db04491fa47c218780333a8f b748f6bce2ca4bd593c50bd52b2ea4c0 - - default default] 199.204.45.156,10.0.0.15 "GET /v2.0/security-groups/ba46b52f-3211-4eb0-9d75-c1fe193273f9 HTTP/1.1" status: 200 len: 3476 time: 0.0350473
2026-05-27 14:42:48.942 9 INFO neutron.wsgi [None req-d6f56829-1a93-4bd3-8a03-7ecfaf0a85b1 b2389cd0db04491fa47c218780333a8f b748f6bce2ca4bd593c50bd52b2ea4c0 - - default default] 199.204.45.156,10.0.0.15 "GET /v2.0/security-groups/ba46b52f-3211-4eb0-9d75-c1fe193273f9?project_id=187ac6721caa41fc9b9984565d3204fb HTTP/1.1" status: 200 len: 3476 time: 0.0347779
2026-05-27 14:42:49.069 9 INFO neutron.db.ovn_revision_numbers_db [None req-d6adfa0b-78d0-4202-9fe0-20276f51c41c b2389cd0db04491fa47c218780333a8f b748f6bce2ca4bd593c50bd52b2ea4c0 - - default default] Successfully bumped revision number for resource 2e205915-ca58-4e1c-b0ff-da1fa7b5320b (type: security_group_rules) to 0
2026-05-27 14:42:49.095 9 INFO neutron.wsgi [None req-d6adfa0b-78d0-4202-9fe0-20276f51c41c b2389cd0db04491fa47c218780333a8f b748f6bce2ca4bd593c50bd52b2ea4c0 - - default default] 199.204.45.156,10.0.0.15 "POST /v2.0/security-group-rules HTTP/1.1" status: 201 len: 750 time: 0.1479480
2026-05-27 14:42:50.163 9 INFO neutron.wsgi [-] 10.0.0.15 "GET / HTTP/1.1" status: 200 len: 247 time: 0.0018477
2026-05-27 14:42:50.166 10 INFO neutron.wsgi [-] 10.0.0.15 "GET / HTTP/1.1" status: 200 len: 247 time: 0.0039012
2026-05-27 14:43:05.171 10 INFO neutron.wsgi [-] 10.0.0.15 "GET / HTTP/1.1" status: 200 len: 247 time: 0.0027199
2026-05-27 14:43:05.174 9 INFO neutron.wsgi [-] 10.0.0.15 "GET / HTTP/1.1" status: 200 len: 247 time: 0.0029283
2026-05-27 14:43:20.163 9 INFO neutron.wsgi [-] 10.0.0.15 "GET / HTTP/1.1" status: 200 len: 247 time: 0.0023904
2026-05-27 14:43:20.166 9 INFO neutron.wsgi [-] 10.0.0.15 "GET / HTTP/1.1" status: 200 len: 247 time: 0.0013878
2026-05-27 14:43:35.164 10 INFO neutron.wsgi [-] 10.0.0.15 "GET / HTTP/1.1" status: 200 len: 247 time: 0.0022521
2026-05-27 14:43:35.166 9 INFO neutron.wsgi [-] 10.0.0.15 "GET / HTTP/1.1" status: 200 len: 247 time: 0.0033600
2026-05-27 14:43:50.164 9 INFO neutron.wsgi [-] 10.0.0.15 "GET / HTTP/1.1" status: 200 len: 247 time: 0.0030119
2026-05-27 14:43:50.169 9 INFO neutron.wsgi [-] 10.0.0.15 "GET / HTTP/1.1" status: 200 len: 247 time: 0.0034888
2026-05-27 14:44:05.165 9 INFO neutron.wsgi [-] 10.0.0.15 "GET / HTTP/1.1" status: 200 len: 247 time: 0.0026815
2026-05-27 14:44:05.168 9 INFO neutron.wsgi [-] 10.0.0.15 "GET / HTTP/1.1" status: 200 len: 247 time: 0.0020561
2026-05-27 14:44:20.163 9 INFO neutron.wsgi [-] 10.0.0.15 "GET / HTTP/1.1" status: 200 len: 247 time: 0.0022309
2026-05-27 14:44:20.165 10 INFO neutron.wsgi [-] 10.0.0.15 "GET / HTTP/1.1" status: 200 len: 247 time: 0.0033374
2026-05-27 14:44:35.163 9 INFO neutron.wsgi [-] 10.0.0.15 "GET / HTTP/1.1" status: 200 len: 247 time: 0.0019965
2026-05-27 14:44:35.164 10 INFO neutron.wsgi [-] 10.0.0.15 "GET / HTTP/1.1" status: 200 len: 247 time: 0.0024829
2026-05-27 14:44:50.164 10 INFO neutron.wsgi [-] 10.0.0.15 "GET / HTTP/1.1" status: 200 len: 247 time: 0.0016692
2026-05-27 14:44:50.165 9 INFO neutron.wsgi [-] 10.0.0.15 "GET / HTTP/1.1" status: 200 len: 247 time: 0.0032897
2026-05-27 14:45:02.970 9 INFO neutron.wsgi [None req-437841ba-dab6-4f5d-a49a-0cd85ecf4444 6b1e722548e746b1aea38406bf0f23bd 187ac6721caa41fc9b9984565d3204fb - - aea56a651e4e46208e84ee12f850055f aea56a651e4e46208e84ee12f850055f] 199.204.45.156 "GET /v2.0/networks?tenant_id=187ac6721caa41fc9b9984565d3204fb&shared=False HTTP/1.1" status: 200 len: 213 time: 0.1747324
2026-05-27 14:45:03.061 9 INFO neutron.db.segments_db [None req-fb8528d3-301f-46cb-b97e-ac101477013b 6b1e722548e746b1aea38406bf0f23bd 187ac6721caa41fc9b9984565d3204fb - - aea56a651e4e46208e84ee12f850055f aea56a651e4e46208e84ee12f850055f] Added segment c0f853a7-7c8f-4a3b-9c31-90301f5b8bf8 of type geneve for network ad6c72e4-c4e2-4981-a6f2-3ce545ec2f5a
2026-05-27 14:45:03.248 9 INFO neutron.db.ovn_revision_numbers_db [None req-fb8528d3-301f-46cb-b97e-ac101477013b 6b1e722548e746b1aea38406bf0f23bd 187ac6721caa41fc9b9984565d3204fb - - aea56a651e4e46208e84ee12f850055f aea56a651e4e46208e84ee12f850055f] Successfully bumped revision number for resource ad6c72e4-c4e2-4981-a6f2-3ce545ec2f5a (type: networks) to 1
2026-05-27 14:45:03.411 9 WARNING neutron.scheduler.dhcp_agent_scheduler [None req-fb8528d3-301f-46cb-b97e-ac101477013b 6b1e722548e746b1aea38406bf0f23bd 187ac6721caa41fc9b9984565d3204fb - - aea56a651e4e46208e84ee12f850055f aea56a651e4e46208e84ee12f850055f] No more DHCP agents
2026-05-27 14:45:03.413 9 WARNING neutron.api.rpc.agentnotifiers.dhcp_rpc_agent_api [None req-fb8528d3-301f-46cb-b97e-ac101477013b 6b1e722548e746b1aea38406bf0f23bd 187ac6721caa41fc9b9984565d3204fb - - aea56a651e4e46208e84ee12f850055f aea56a651e4e46208e84ee12f850055f] Unable to schedule network ad6c72e4-c4e2-4981-a6f2-3ce545ec2f5a: no agents available; will retry on subsequent port and subnet creation events.
2026-05-27 14:45:03.508 9 INFO neutron.db.ovn_revision_numbers_db [None req-fb8528d3-301f-46cb-b97e-ac101477013b 6b1e722548e746b1aea38406bf0f23bd 187ac6721caa41fc9b9984565d3204fb - - aea56a651e4e46208e84ee12f850055f aea56a651e4e46208e84ee12f850055f] Successfully bumped revision number for resource f3258296-bb2e-4b71-a152-3a402ee87f5a (type: ports) to 1
2026-05-27 14:45:03.535 9 INFO neutron.wsgi [None req-fb8528d3-301f-46cb-b97e-ac101477013b 6b1e722548e746b1aea38406bf0f23bd 187ac6721caa41fc9b9984565d3204fb - - aea56a651e4e46208e84ee12f850055f aea56a651e4e46208e84ee12f850055f] 199.204.45.156 "POST /v2.0/networks HTTP/1.1" status: 201 len: 925 time: 0.5597327
2026-05-27 14:45:03.576 9 INFO neutron.wsgi [None req-e2993c3b-120a-4489-a015-8ddd7e329b4b 6b1e722548e746b1aea38406bf0f23bd 187ac6721caa41fc9b9984565d3204fb - - aea56a651e4e46208e84ee12f850055f aea56a651e4e46208e84ee12f850055f] 199.204.45.156 "GET /v2.0/ports?device_id=manila-share&binding%3Ahost_id=instance HTTP/1.1" status: 200 len: 210 time: 0.0335710
2026-05-27 14:45:03.589 9 INFO neutron.wsgi [None req-3e1098de-202b-44e4-b215-6c36c0c3ce83 6b1e722548e746b1aea38406bf0f23bd 187ac6721caa41fc9b9984565d3204fb - - aea56a651e4e46208e84ee12f850055f aea56a651e4e46208e84ee12f850055f] 199.204.45.156 "GET /v2.0/extensions HTTP/1.1" status: 200 len: 16980 time: 0.0058744
2026-05-27 14:45:03.798 9 WARNING neutron.scheduler.dhcp_agent_scheduler [None req-7050f342-2ab8-4a38-a8d8-740fc032764f 6b1e722548e746b1aea38406bf0f23bd 187ac6721caa41fc9b9984565d3204fb - - aea56a651e4e46208e84ee12f850055f aea56a651e4e46208e84ee12f850055f] No more DHCP agents
2026-05-27 14:45:03.802 9 WARNING neutron.api.rpc.agentnotifiers.dhcp_rpc_agent_api [None req-7050f342-2ab8-4a38-a8d8-740fc032764f 6b1e722548e746b1aea38406bf0f23bd 187ac6721caa41fc9b9984565d3204fb - - aea56a651e4e46208e84ee12f850055f aea56a651e4e46208e84ee12f850055f] Unable to schedule network ad6c72e4-c4e2-4981-a6f2-3ce545ec2f5a: no agents available; will retry on subsequent port and subnet creation events.
2026-05-27 14:45:03.889 9 INFO neutron.db.ovn_revision_numbers_db [None req-7050f342-2ab8-4a38-a8d8-740fc032764f 6b1e722548e746b1aea38406bf0f23bd 187ac6721caa41fc9b9984565d3204fb - - aea56a651e4e46208e84ee12f850055f aea56a651e4e46208e84ee12f850055f] Successfully bumped revision number for resource 267fbb6e-7d78-4d51-b6b5-82253ece6b22 (type: ports) to 1
2026-05-27 14:45:04.106 9 INFO neutron.db.ovn_revision_numbers_db [None req-7050f342-2ab8-4a38-a8d8-740fc032764f 6b1e722548e746b1aea38406bf0f23bd 187ac6721caa41fc9b9984565d3204fb - - aea56a651e4e46208e84ee12f850055f aea56a651e4e46208e84ee12f850055f] Successfully bumped revision number for resource 267fbb6e-7d78-4d51-b6b5-82253ece6b22 (type: ports) to 1
2026-05-27 14:45:04.137 9 INFO neutron.wsgi [None req-7050f342-2ab8-4a38-a8d8-740fc032764f 6b1e722548e746b1aea38406bf0f23bd 187ac6721caa41fc9b9984565d3204fb - - aea56a651e4e46208e84ee12f850055f aea56a651e4e46208e84ee12f850055f] 199.204.45.156 "POST /v2.0/ports HTTP/1.1" status: 201 len: 1144 time: 0.5399497
2026-05-27 14:45:04.194 9 INFO neutron.wsgi [None req-0f86178b-cde5-4b3c-820b-b1ec3d9fe789 6b1e722548e746b1aea38406bf0f23bd 187ac6721caa41fc9b9984565d3204fb - - aea56a651e4e46208e84ee12f850055f aea56a651e4e46208e84ee12f850055f] 199.204.45.156 "GET /v2.0/networks/ad6c72e4-c4e2-4981-a6f2-3ce545ec2f5a HTTP/1.1" status: 200 len: 907 time: 0.0490615
2026-05-27 14:45:05.118 9 INFO neutron.plugins.ml2.drivers.ovn.mech_driver.mech_driver [-] OVN reports status up for port: 267fbb6e-7d78-4d51-b6b5-82253ece6b22
2026-05-27 14:45:05.162 10 INFO neutron.wsgi [-] 10.0.0.15 "GET / HTTP/1.1" status: 200 len: 247 time: 0.0012815
2026-05-27 14:45:05.163 9 INFO neutron.wsgi [-] 10.0.0.15 "GET / HTTP/1.1" status: 200 len: 247 time: 0.0022912
2026-05-27 14:45:05.165 9 INFO neutron.plugins.ml2.plugin [None req-2b508bcd-6fe6-4a6b-a44d-84c2f305a0c0 - - - - - -] Attempt 1 to provision port 267fbb6e-7d78-4d51-b6b5-82253ece6b22
2026-05-27 14:45:05.524 9 INFO neutron.db.ovn_revision_numbers_db [None req-2b508bcd-6fe6-4a6b-a44d-84c2f305a0c0 - - - - - -] Successfully bumped revision number for resource 267fbb6e-7d78-4d51-b6b5-82253ece6b22 (type: ports) to 3
2026-05-27 14:45:06.985 9 INFO neutron.wsgi [None req-454c4759-7744-4796-90e7-00397aeae5e1 6b1e722548e746b1aea38406bf0f23bd 187ac6721caa41fc9b9984565d3204fb - - aea56a651e4e46208e84ee12f850055f aea56a651e4e46208e84ee12f850055f] 199.204.45.156 "GET /v2.0/ports?device_id=manila-share&binding%3Ahost_id=instance HTTP/1.1" status: 200 len: 1172 time: 0.0500512
2026-05-27 14:45:07.058 9 INFO neutron.wsgi [None req-e530479e-560e-459b-94ac-451b2b10fe27 6b1e722548e746b1aea38406bf0f23bd 187ac6721caa41fc9b9984565d3204fb - - aea56a651e4e46208e84ee12f850055f aea56a651e4e46208e84ee12f850055f] 199.204.45.156 "GET /v2.0/networks/ad6c72e4-c4e2-4981-a6f2-3ce545ec2f5a HTTP/1.1" status: 200 len: 907 time: 0.0637410
2026-05-27 14:45:20.164 10 INFO neutron.wsgi [-] 10.0.0.15 "GET / HTTP/1.1" status: 200 len: 247 time: 0.0024529
2026-05-27 14:45:20.165 9 INFO neutron.wsgi [-] 10.0.0.15 "GET / HTTP/1.1" status: 200 len: 247 time: 0.0029140
2026-05-27 14:45:24.065 9 INFO neutron.wsgi [None req-c6fb6cf0-1c26-47a8-afe9-b0434e025906 b2389cd0db04491fa47c218780333a8f b748f6bce2ca4bd593c50bd52b2ea4c0 - - default default] 199.204.45.156,10.0.0.15 "GET /v2.0/quotas/187ac6721caa41fc9b9984565d3204fb HTTP/1.1" status: 200 len: 362 time: 0.0124588
2026-05-27 14:45:24.573 9 INFO neutron.wsgi [None req-8a77dee5-1607-42f0-9fa6-c42d5ba25cf5 b2389cd0db04491fa47c218780333a8f b748f6bce2ca4bd593c50bd52b2ea4c0 - - default default] 199.204.45.156,10.0.0.15 "PUT /v2.0/quotas/187ac6721caa41fc9b9984565d3204fb HTTP/1.1" status: 200 len: 361 time: 0.0340214
2026-05-27 14:45:35.164 10 INFO neutron.wsgi [-] 10.0.0.15 "GET / HTTP/1.1" status: 200 len: 247 time: 0.0023835
2026-05-27 14:45:35.167 10 INFO neutron.wsgi [-] 10.0.0.15 "GET / HTTP/1.1" status: 200 len: 247 time: 0.0018048
2026-05-27 14:45:50.163 10 INFO neutron.wsgi [-] 10.0.0.15 "GET / HTTP/1.1" status: 200 len: 247 time: 0.0018847
2026-05-27 14:45:50.164 9 INFO neutron.wsgi [-] 10.0.0.15 "GET / HTTP/1.1" status: 200 len: 247 time: 0.0025160
2026-05-27 14:46:05.164 9 INFO neutron.wsgi [-] 10.0.0.15 "GET / HTTP/1.1" status: 200 len: 247 time: 0.0025775
2026-05-27 14:46:05.167 9 INFO neutron.wsgi [-] 10.0.0.15 "GET / HTTP/1.1" status: 200 len: 247 time: 0.0018773
2026-05-27 14:46:20.164 9 INFO neutron.wsgi [-] 10.0.0.15 "GET / HTTP/1.1" status: 200 len: 247 time: 0.0029080
2026-05-27 14:46:20.165 10 INFO neutron.wsgi [-] 10.0.0.15 "GET / HTTP/1.1" status: 200 len: 247 time: 0.0039172
2026-05-27 14:46:35.163 9 INFO neutron.wsgi [-] 10.0.0.15 "GET / HTTP/1.1" status: 200 len: 247 time: 0.0018723
2026-05-27 14:46:35.164 10 INFO neutron.wsgi [-] 10.0.0.15 "GET / HTTP/1.1" status: 200 len: 247 time: 0.0029180
2026-05-27 14:46:50.164 9 INFO neutron.wsgi [-] 10.0.0.15 "GET / HTTP/1.1" status: 200 len: 247 time: 0.0024092
2026-05-27 14:46:50.164 10 INFO neutron.wsgi [-] 10.0.0.15 "GET / HTTP/1.1" status: 200 len: 247 time: 0.0029345 /var/lib/openstack/lib/python3.10/site-packages/memcache.py:1303: SyntaxWarning: "is" with a literal. Did you mean "=="? if key is '': /var/lib/openstack/lib/python3.10/site-packages/memcache.py:1304: SyntaxWarning: "is" with a literal. Did you mean "=="? if key_extra_len is 0: /var/lib/openstack/lib/python3.10/site-packages/pycadf/identifier.py:71: UserWarning: Invalid uuid: neutron. To ensure interoperability, identifiers should be a valid uuid. warnings.warn(('Invalid uuid: %s. To ensure interoperability, '
2026-05-27 14:46:59.911 10 WARNING oslo_policy.policy [None req-8c919d64-f107-4fd4-b82e-c4d07c09517e b2389cd0db04491fa47c218780333a8f b748f6bce2ca4bd593c50bd52b2ea4c0 - - default default] Policies ['get_subnets_tags'] reference a rule that is not defined.
2026-05-27 14:46:59.914 10 INFO neutron.wsgi [None req-8c919d64-f107-4fd4-b82e-c4d07c09517e b2389cd0db04491fa47c218780333a8f b748f6bce2ca4bd593c50bd52b2ea4c0 - - default default] 10.0.0.30 "GET /v2.0/network-ip-availabilities HTTP/1.1" status: 200 len: 1280 time: 0.7655859
2026-05-27 14:46:59.961 10 INFO neutron.wsgi [None req-1e2782f5-47ce-4820-a037-8be051586fb6 b2389cd0db04491fa47c218780333a8f b748f6bce2ca4bd593c50bd52b2ea4c0 - - default default] 10.0.0.30 "GET /v2.0/subnets HTTP/1.1" status: 200 len: 1437 time: 0.0459886
2026-05-27 14:46:59.977 10 INFO neutron.wsgi [None req-2ebbf566-bd36-47d8-a770-81b2ecbc1eab b2389cd0db04491fa47c218780333a8f b748f6bce2ca4bd593c50bd52b2ea4c0 - - default default] 10.0.0.30 "GET /v2.0/subnetpools HTTP/1.1" status: 200 len: 193 time: 0.0141635
2026-05-27 14:47:00.087 10 INFO neutron.wsgi [None req-aa06aaf2-9fb5-43a7-8c39-edb3c1555851 b2389cd0db04491fa47c218780333a8f b748f6bce2ca4bd593c50bd52b2ea4c0 - - default default] 10.0.0.30 "GET /v2.0/networks HTTP/1.1" status: 200 len: 2350 time: 0.1092217
2026-05-27 14:47:00.151 10 INFO neutron.wsgi [None req-a7e2205e-18df-40b4-ae2e-5fccb5de5b83 b2389cd0db04491fa47c218780333a8f b748f6bce2ca4bd593c50bd52b2ea4c0 - - default default] 10.0.0.30 "GET /v2.0/security-groups HTTP/1.1" status: 200 len: 16799 time: 0.0604801
2026-05-27 14:47:00.196 10 INFO neutron.wsgi [None req-ad7c2d16-7f44-4911-9b64-ac5b38c19c60 b2389cd0db04491fa47c218780333a8f b748f6bce2ca4bd593c50bd52b2ea4c0 - - default default] 10.0.0.30 "GET /v2.0/routers HTTP/1.1" status: 200 len: 189 time: 0.0384970
2026-05-27 14:47:00.257 10 INFO neutron.wsgi [None req-4393ddf6-9ddf-488f-81c3-2521eccb4bf4 b2389cd0db04491fa47c218780333a8f b748f6bce2ca4bd593c50bd52b2ea4c0 - - default default] 10.0.0.30 "GET /v2.0/agents?binary=ovn-controller HTTP/1.1" status: 200 len: 591 time: 0.0593245
2026-05-27 14:47:00.270 10 INFO neutron.wsgi [None req-823f7c54-ed95-4761-ac57-2ae07fecfe92 b2389cd0db04491fa47c218780333a8f b748f6bce2ca4bd593c50bd52b2ea4c0 - - default default] 10.0.0.30 "GET /v2.0/agents HTTP/1.1" status: 200 len: 997 time: 0.0123723
2026-05-27 14:47:00.306 10 INFO neutron.wsgi [None req-26094696-943a-4a44-aa23-5e4190e05ddb b2389cd0db04491fa47c218780333a8f b748f6bce2ca4bd593c50bd52b2ea4c0 - - default default] 10.0.0.30 "GET /v2.0/floatingips HTTP/1.1" status: 200 len: 193 time: 0.0354047
2026-05-27 14:47:00.341 10 INFO neutron.wsgi [None req-e1df6d86-085e-492b-b36c-740a4610cfee b2389cd0db04491fa47c218780333a8f b748f6bce2ca4bd593c50bd52b2ea4c0 - - default default] 10.0.0.30 "GET /v2.0/subnets HTTP/1.1" status: 200 len: 1437 time: 0.0332270
2026-05-27 14:47:00.423 10 INFO neutron.wsgi [None req-52b630d6-f24a-4ce6-ab32-8903d5e8862a b2389cd0db04491fa47c218780333a8f b748f6bce2ca4bd593c50bd52b2ea4c0 - - default default] 10.0.0.30 "GET /v2.0/ports HTTP/1.1" status: 200 len: 5347 time: 0.0809500
2026-05-27 14:47:05.172 9 INFO neutron.wsgi [-] 10.0.0.15 "GET / HTTP/1.1" status: 200 len: 247 time: 0.0103536
2026-05-27 14:47:05.183 9 INFO neutron.wsgi [-] 10.0.0.15 "GET / HTTP/1.1" status: 200 len: 247 time: 0.0073998
2026-05-27 14:47:20.165 9 INFO neutron.wsgi [-] 10.0.0.15 "GET / HTTP/1.1" status: 200 len: 247 time: 0.0034831
2026-05-27 14:47:20.165 10 INFO neutron.wsgi [-] 10.0.0.15 "GET / HTTP/1.1" status: 200 len: 247 time: 0.0034866
2026-05-27 14:47:35.163 9 INFO neutron.wsgi [-] 10.0.0.15 "GET / HTTP/1.1" status: 200 len: 247 time: 0.0019569
2026-05-27 14:47:35.164 10 INFO neutron.wsgi [-] 10.0.0.15 "GET / HTTP/1.1" status: 200 len: 247 time: 0.0025368
2026-05-27 14:47:50.164 10 INFO neutron.wsgi [-] 10.0.0.15 "GET / HTTP/1.1" status: 200 len: 247 time: 0.0020518
2026-05-27 14:47:50.164 9 INFO neutron.wsgi [-] 10.0.0.15 "GET / HTTP/1.1" status: 200 len: 247 time: 0.0017593
2026-05-27 14:47:54.023 15 INFO neutron.db.ovn_revision_numbers_db [None req-e69707bd-f03a-4470-8c60-45a3fb2011f7 - - - - - -] Successfully bumped revision number for resource ba46b52f-3211-4eb0-9d75-c1fe193273f9 (type: security_groups) to 5
2026-05-27 14:47:54.024 15 INFO neutron.plugins.ml2.drivers.ovn.mech_driver.ovsdb.maintenance [None req-e69707bd-f03a-4470-8c60-45a3fb2011f7 - - - - - -] Maintenance task: Synchronization finished (took 0.06 seconds)
2026-05-27 14:47:59.261 10 INFO neutron.wsgi [None req-4c250051-7141-477e-8cdf-6a4ecf3aaa35 b2389cd0db04491fa47c218780333a8f b748f6bce2ca4bd593c50bd52b2ea4c0 - - default default] 10.0.0.30 "GET /v2.0/network-ip-availabilities HTTP/1.1" status: 200 len: 1280 time: 0.0785828
2026-05-27 14:47:59.301 10 INFO neutron.wsgi [None req-6cfe767e-9a34-428c-9116-a869de087398 b2389cd0db04491fa47c218780333a8f b748f6bce2ca4bd593c50bd52b2ea4c0 - - default default] 10.0.0.30 "GET /v2.0/subnets HTTP/1.1" status: 200 len: 1437 time: 0.0388074
2026-05-27 14:47:59.312 10 INFO neutron.wsgi [None req-963571b6-db17-4c4f-9bf4-df9134a58fb4 b2389cd0db04491fa47c218780333a8f b748f6bce2ca4bd593c50bd52b2ea4c0 - - default default] 10.0.0.30 "GET /v2.0/subnetpools HTTP/1.1" status: 200 len: 193 time: 0.0102479
2026-05-27 14:47:59.353 10 INFO neutron.wsgi [None req-2fbf1df3-1b24-4f69-b421-9cde1ffad3b7 b2389cd0db04491fa47c218780333a8f b748f6bce2ca4bd593c50bd52b2ea4c0 - - default default] 10.0.0.30 "GET /v2.0/agents HTTP/1.1" status: 200 len: 997 time: 0.0399852
2026-05-27 14:47:59.402 10 INFO neutron.wsgi [None req-3173cd76-1179-4f5b-8c84-4529c876f666 b2389cd0db04491fa47c218780333a8f b748f6bce2ca4bd593c50bd52b2ea4c0 - - default default] 10.0.0.30 "GET /v2.0/ports HTTP/1.1" status: 200 len: 5347 time: 0.0482273
2026-05-27 14:47:59.430 10 INFO neutron.wsgi [None req-f9423eaf-ba51-472b-a23c-c8c7c1532f5a b2389cd0db04491fa47c218780333a8f b748f6bce2ca4bd593c50bd52b2ea4c0 - - default default] 10.0.0.30 "GET /v2.0/routers HTTP/1.1" status: 200 len: 189 time: 0.0233142
2026-05-27 14:47:59.442 10 INFO neutron.wsgi [None req-07b0f81c-4250-4c39-a6b2-1758234730bc b2389cd0db04491fa47c218780333a8f b748f6bce2ca4bd593c50bd52b2ea4c0 - - default default] 10.0.0.30 "GET /v2.0/agents?binary=ovn-controller HTTP/1.1" status: 200 len: 591 time: 0.0110033
2026-05-27 14:47:59.495 10 INFO neutron.wsgi [None req-8b6ac0b7-515b-494f-9857-60bdc0e849af b2389cd0db04491fa47c218780333a8f b748f6bce2ca4bd593c50bd52b2ea4c0 - - default default] 10.0.0.30 "GET /v2.0/floatingips HTTP/1.1" status: 200 len: 193 time: 0.0522964
2026-05-27 14:47:59.538 10 INFO neutron.wsgi [None req-968e3ccd-70fb-4ca7-8c0c-690497cc1e58 b2389cd0db04491fa47c218780333a8f b748f6bce2ca4bd593c50bd52b2ea4c0 - - default default] 10.0.0.30 "GET /v2.0/security-groups HTTP/1.1" status: 200 len: 16799 time: 0.0411232
2026-05-27 14:47:59.577 10 INFO neutron.wsgi [None req-b3d45e2a-5cec-4ea4-9cec-7d97eba7c7ff b2389cd0db04491fa47c218780333a8f b748f6bce2ca4bd593c50bd52b2ea4c0 - - default default] 10.0.0.30 "GET /v2.0/subnets HTTP/1.1" status: 200 len: 1437 time: 0.0326040
2026-05-27 14:47:59.645 10 INFO neutron.wsgi [None req-1bfa031e-d84b-4918-beb5-6f536c4866e1 b2389cd0db04491fa47c218780333a8f b748f6bce2ca4bd593c50bd52b2ea4c0 - - default default] 10.0.0.30 "GET /v2.0/networks HTTP/1.1" status: 200 len: 2350 time: 0.0679011
2026-05-27 14:48:05.163 9 INFO neutron.wsgi [-] 10.0.0.15 "GET / HTTP/1.1" status: 200 len: 247 time: 0.0018125
2026-05-27 14:48:05.164 10 INFO neutron.wsgi [-] 10.0.0.15 "GET / HTTP/1.1" status: 200 len: 247 time: 0.0026276
2026-05-27 14:48:20.164 9 INFO neutron.wsgi [-] 10.0.0.15 "GET / HTTP/1.1" status: 200 len: 247 time: 0.0020919
2026-05-27 14:48:20.166 9 INFO neutron.wsgi [-] 10.0.0.15 "GET / HTTP/1.1" status: 200 len: 247 time: 0.0014265
2026-05-27 14:48:35.164 10 INFO neutron.wsgi [-] 10.0.0.15 "GET / HTTP/1.1" status: 200 len: 247 time: 0.0028067
2026-05-27 14:48:35.165 9 INFO neutron.wsgi [-] 10.0.0.15 "GET / HTTP/1.1" status: 200 len: 247 time: 0.0028620
2026-05-27 14:48:50.164 10 INFO neutron.wsgi [-] 10.0.0.15 "GET / HTTP/1.1" status: 200 len: 247 time: 0.0027230
2026-05-27 14:48:50.164 9 INFO neutron.wsgi [-] 10.0.0.15 "GET / HTTP/1.1" status: 200 len: 247 time: 0.0027499
2026-05-27 14:48:59.198 10 INFO neutron.wsgi [None req-8afa0dd9-d9d5-48bd-98a6-7a56a29ff58c b2389cd0db04491fa47c218780333a8f b748f6bce2ca4bd593c50bd52b2ea4c0 - - default default] 10.0.0.30 "GET /v2.0/floatingips HTTP/1.1" status: 200 len: 193 time: 0.0668604
2026-05-27 14:48:59.212 10 INFO neutron.wsgi [None req-fdfb956a-988b-46b4-9c73-8ca93a3e95ad b2389cd0db04491fa47c218780333a8f b748f6bce2ca4bd593c50bd52b2ea4c0 - - default default] 10.0.0.30 "GET /v2.0/network-ip-availabilities HTTP/1.1" status: 200 len: 1280 time: 0.0132382
2026-05-27 14:48:59.297 10 INFO neutron.wsgi [None req-f67c7b3b-43f6-49f5-a37d-4d98108e139e b2389cd0db04491fa47c218780333a8f b748f6bce2ca4bd593c50bd52b2ea4c0 - - default default] 10.0.0.30 "GET /v2.0/networks HTTP/1.1" status: 200 len: 2350 time: 0.0848587
2026-05-27 14:48:59.339 10 INFO neutron.wsgi [None req-239f2181-af22-4e39-a4fb-34dbd0d0603f b2389cd0db04491fa47c218780333a8f b748f6bce2ca4bd593c50bd52b2ea4c0 - - default default] 10.0.0.30 "GET /v2.0/agents HTTP/1.1" status: 200 len: 997 time: 0.0399425
2026-05-27 14:48:59.372 10 INFO neutron.wsgi [None req-506fdf9e-d380-4fee-afac-a0ad917ae4ab b2389cd0db04491fa47c218780333a8f b748f6bce2ca4bd593c50bd52b2ea4c0 - - default default] 10.0.0.30 "GET /v2.0/subnets HTTP/1.1" status: 200 len: 1437 time: 0.0319428
2026-05-27 14:48:59.382 10 INFO neutron.wsgi [None req-e11e8fc1-0db7-4dc7-85f3-1c3719d3c48f b2389cd0db04491fa47c218780333a8f b748f6bce2ca4bd593c50bd52b2ea4c0 - - default default] 10.0.0.30 "GET /v2.0/subnetpools HTTP/1.1" status: 200 len: 193 time: 0.0084248
2026-05-27 14:48:59.428 10 INFO neutron.wsgi [None req-0d861ba3-aae8-445a-a7cf-6f465f4b9ea7 b2389cd0db04491fa47c218780333a8f b748f6bce2ca4bd593c50bd52b2ea4c0 - - default default] 10.0.0.30 "GET /v2.0/ports HTTP/1.1" status: 200 len: 5347 time: 0.0453079
2026-05-27 14:48:59.457 10 INFO neutron.wsgi [None req-f03c7d8f-8952-416c-9972-56736c135e9e b2389cd0db04491fa47c218780333a8f b748f6bce2ca4bd593c50bd52b2ea4c0 - - default default] 10.0.0.30 "GET /v2.0/routers HTTP/1.1" status: 200 len: 189 time: 0.0268221
2026-05-27 14:48:59.468 10 INFO neutron.wsgi [None req-2a1d5bf5-b693-4ea5-bfb8-f6724720b2c5 b2389cd0db04491fa47c218780333a8f b748f6bce2ca4bd593c50bd52b2ea4c0 - - default default] 10.0.0.30 "GET /v2.0/agents?binary=ovn-controller HTTP/1.1" status: 200 len: 591 time: 0.0103927
2026-05-27 14:48:59.523 10 INFO neutron.wsgi [None req-d93c5206-b13d-49c5-aa1f-7bdeb7ce678a b2389cd0db04491fa47c218780333a8f b748f6bce2ca4bd593c50bd52b2ea4c0 - - default default] 10.0.0.30 "GET /v2.0/security-groups HTTP/1.1" status: 200 len: 16799 time: 0.0547805
2026-05-27 14:48:59.570 10 INFO neutron.wsgi [None req-8c462b90-d5f5-402e-a83c-661a21ea4a66 b2389cd0db04491fa47c218780333a8f b748f6bce2ca4bd593c50bd52b2ea4c0 - - default default] 10.0.0.30 "GET /v2.0/subnets HTTP/1.1" status: 200 len: 1437 time: 0.0385799
2026-05-27 14:49:05.164 9 INFO neutron.wsgi [-] 10.0.0.15 "GET / HTTP/1.1" status: 200 len: 247 time: 0.0021462
2026-05-27 14:49:05.168 9 INFO neutron.wsgi [-] 10.0.0.15 "GET / HTTP/1.1" status: 200 len: 247 time: 0.0014729
2026-05-27 14:49:20.164 10 INFO neutron.wsgi [-] 10.0.0.15 "GET / HTTP/1.1" status: 200 len: 247 time: 0.0024006
2026-05-27 14:49:20.166 9 INFO neutron.wsgi [-] 10.0.0.15 "GET / HTTP/1.1" status: 200 len: 247 time: 0.0034564
2026-05-27 14:49:35.163 9 INFO neutron.wsgi [-] 10.0.0.15 "GET / HTTP/1.1" status: 200 len: 247 time: 0.0019825
2026-05-27 14:49:35.164 10 INFO neutron.wsgi [-] 10.0.0.15 "GET / HTTP/1.1" status: 200 len: 247 time: 0.0024881
2026-05-27 14:49:50.164 10 INFO neutron.wsgi [-] 10.0.0.15 "GET / HTTP/1.1" status: 200 len: 247 time: 0.0023043
2026-05-27 14:49:50.164 9 INFO neutron.wsgi [-] 10.0.0.15 "GET / HTTP/1.1" status: 200 len: 247 time: 0.0027485
2026-05-27 14:49:59.243 10 INFO neutron.wsgi [None req-1d54e41e-c799-4b98-8a2a-b2db3374b866 b2389cd0db04491fa47c218780333a8f b748f6bce2ca4bd593c50bd52b2ea4c0 - - default default] 10.0.0.30 "GET /v2.0/ports HTTP/1.1" status: 200 len: 5347 time: 0.0976722
2026-05-27 14:49:59.293 10 INFO neutron.wsgi [None req-f8403273-178b-4eae-a46b-ec9c263235d1 b2389cd0db04491fa47c218780333a8f b748f6bce2ca4bd593c50bd52b2ea4c0 - - default default] 10.0.0.30 "GET /v2.0/agents HTTP/1.1" status: 200 len: 997 time: 0.0430489
2026-05-27 14:49:59.313 10 INFO neutron.wsgi [None req-2100ba54-a2cb-4fa7-8f3a-99a68e578b89 b2389cd0db04491fa47c218780333a8f b748f6bce2ca4bd593c50bd52b2ea4c0 - - default default] 10.0.0.30 "GET /v2.0/floatingips HTTP/1.1" status: 200 len: 193 time: 0.0187037
2026-05-27 14:49:59.394 10 INFO neutron.wsgi [None req-ef6160f8-c612-454f-939a-38dd7c1b0b55 b2389cd0db04491fa47c218780333a8f b748f6bce2ca4bd593c50bd52b2ea4c0 - - default default] 10.0.0.30 "GET /v2.0/networks HTTP/1.1" status: 200 len: 2350 time: 0.0804875
2026-05-27 14:49:59.437 10 INFO neutron.wsgi [None req-89529973-00d5-4550-a707-52cc9a570ee9 b2389cd0db04491fa47c218780333a8f b748f6bce2ca4bd593c50bd52b2ea4c0 - - default default] 10.0.0.30 "GET /v2.0/subnets HTTP/1.1" status: 200 len: 1437 time: 0.0412951
2026-05-27 14:49:59.465 10 INFO neutron.wsgi [None req-3aabd85a-037b-4ee5-8426-480a2f4503a5 b2389cd0db04491fa47c218780333a8f b748f6bce2ca4bd593c50bd52b2ea4c0 - - default default] 10.0.0.30 "GET /v2.0/routers HTTP/1.1" status: 200 len: 189 time: 0.0260923
2026-05-27 14:49:59.482 10 INFO neutron.wsgi [None req-44a47874-bbe8-44f4-9d8e-078d0f4e124c b2389cd0db04491fa47c218780333a8f b748f6bce2ca4bd593c50bd52b2ea4c0 - - default default] 10.0.0.30 "GET /v2.0/agents?binary=ovn-controller HTTP/1.1" status: 200 len: 591 time: 0.0160432
2026-05-27 14:49:59.496 10 INFO neutron.wsgi [None req-224c7354-a61a-4f31-b6d1-088fd6e71d3b b2389cd0db04491fa47c218780333a8f b748f6bce2ca4bd593c50bd52b2ea4c0 - - default default] 10.0.0.30 "GET /v2.0/network-ip-availabilities HTTP/1.1" status: 200 len: 1280 time: 0.0130405
2026-05-27 14:49:59.537 10 INFO neutron.wsgi [None req-4970ecb2-60b1-47c9-b8db-495d849554bb b2389cd0db04491fa47c218780333a8f b748f6bce2ca4bd593c50bd52b2ea4c0 - - default default] 10.0.0.30 "GET /v2.0/subnets HTTP/1.1" status: 200 len: 1437 time: 0.0401437
2026-05-27 14:49:59.549 10 INFO neutron.wsgi [None req-28eba32d-32cb-4f2e-a40c-2b117a3706d5 b2389cd0db04491fa47c218780333a8f b748f6bce2ca4bd593c50bd52b2ea4c0 - - default default] 10.0.0.30 "GET /v2.0/subnetpools HTTP/1.1" status: 200 len: 193 time: 0.0110588
2026-05-27 14:49:59.605 10 INFO neutron.wsgi [None req-af3d6b5c-1eac-4e94-9b96-05ff971925fd b2389cd0db04491fa47c218780333a8f b748f6bce2ca4bd593c50bd52b2ea4c0 - - default default] 10.0.0.30 "GET /v2.0/security-groups HTTP/1.1" status: 200 len: 16799 time: 0.0557034
2026-05-27 14:50:05.163 10 INFO neutron.wsgi [-] 10.0.0.15 "GET / HTTP/1.1" status: 200 len: 247 time: 0.0021086
2026-05-27 14:50:05.164 9 INFO neutron.wsgi [-] 10.0.0.15 "GET / HTTP/1.1" status: 200 len: 247 time: 0.0027792
2026-05-27 14:50:20.163 9 INFO neutron.wsgi [-] 10.0.0.15 "GET / HTTP/1.1" status: 200 len: 247 time: 0.0019002
2026-05-27 14:50:20.163 10 INFO neutron.wsgi [-] 10.0.0.15 "GET / HTTP/1.1" status: 200 len: 247 time: 0.0020931
2026-05-27 14:50:35.163 10 INFO neutron.wsgi [-] 10.0.0.15 "GET / HTTP/1.1" status: 200 len: 247 time: 0.0016952
2026-05-27 14:50:35.165 9 INFO neutron.wsgi [-] 10.0.0.15 "GET / HTTP/1.1" status: 200 len: 247 time: 0.0037534
2026-05-27 14:50:50.163 9 INFO neutron.wsgi [-] 10.0.0.15 "GET / HTTP/1.1" status: 200 len: 247 time: 0.0015767
2026-05-27 14:50:50.165 10 INFO neutron.wsgi [-] 10.0.0.15 "GET / HTTP/1.1" status: 200 len: 247 time: 0.0032969
2026-05-27 14:50:59.217 10 INFO neutron.wsgi [None req-dbadc0ac-8b8c-438c-9b32-0e334fbfe8c3 b2389cd0db04491fa47c218780333a8f b748f6bce2ca4bd593c50bd52b2ea4c0 - - default default] 10.0.0.30 "GET /v2.0/floatingips HTTP/1.1" status: 200 len: 193 time: 0.0805676
2026-05-27 14:50:59.278 10 INFO neutron.wsgi [None req-2698c691-7469-4280-9279-deb62e8380c4 b2389cd0db04491fa47c218780333a8f b748f6bce2ca4bd593c50bd52b2ea4c0 - - default default] 10.0.0.30 "GET /v2.0/security-groups HTTP/1.1" status: 200 len: 16799 time: 0.0595350
2026-05-27 14:50:59.335 10 INFO neutron.wsgi [None req-7e0fbd66-a081-4f70-a950-35d4e707198e b2389cd0db04491fa47c218780333a8f b748f6bce2ca4bd593c50bd52b2ea4c0 - - default default] 10.0.0.30 "GET /v2.0/ports HTTP/1.1" status: 200 len: 5347 time: 0.0533557
2026-05-27 14:50:59.376 10 INFO neutron.wsgi [None req-3f70b7a7-3528-4cea-8524-2f6c70f6ee3d b2389cd0db04491fa47c218780333a8f b748f6bce2ca4bd593c50bd52b2ea4c0 - - default default] 10.0.0.30 "GET /v2.0/agents HTTP/1.1" status: 200 len: 997 time: 0.0375681
2026-05-27 14:50:59.393 10 INFO neutron.wsgi [None req-31058407-d760-423d-83f7-42b75458740e b2389cd0db04491fa47c218780333a8f b748f6bce2ca4bd593c50bd52b2ea4c0 - - default default] 10.0.0.30 "GET /v2.0/network-ip-availabilities HTTP/1.1" status: 200 len: 1280 time: 0.0146470
2026-05-27 14:50:59.428 10 INFO neutron.wsgi [None req-88da59d4-6747-4771-ad72-866c1f8fe6f5 b2389cd0db04491fa47c218780333a8f b748f6bce2ca4bd593c50bd52b2ea4c0 - - default default] 10.0.0.30 "GET /v2.0/subnets HTTP/1.1" status: 200 len: 1437 time: 0.0345614
2026-05-27 14:50:59.508 10 INFO neutron.wsgi [None req-ca6345cc-5877-4e51-a9f3-2ea39b1afbc6 b2389cd0db04491fa47c218780333a8f b748f6bce2ca4bd593c50bd52b2ea4c0 - - default default] 10.0.0.30 "GET /v2.0/networks HTTP/1.1" status: 200 len: 2350 time: 0.0787468
2026-05-27 14:50:59.533 10 INFO neutron.wsgi [None req-3564ebf0-82fd-47af-a190-3e321a544579 b2389cd0db04491fa47c218780333a8f b748f6bce2ca4bd593c50bd52b2ea4c0 - - default default] 10.0.0.30 "GET /v2.0/routers HTTP/1.1" status: 200 len: 189 time: 0.0231004
2026-05-27 14:50:59.543 10 INFO neutron.wsgi [None req-ac220deb-8acf-4dd1-869a-c07866c0cd7c b2389cd0db04491fa47c218780333a8f b748f6bce2ca4bd593c50bd52b2ea4c0 - - default default] 10.0.0.30 "GET /v2.0/agents?binary=ovn-controller HTTP/1.1" status: 200 len: 591 time: 0.0095015
2026-05-27 14:50:59.573 10 INFO neutron.wsgi [None req-ff55b8f8-d9e9-46c3-9889-688d06c7e57b b2389cd0db04491fa47c218780333a8f b748f6bce2ca4bd593c50bd52b2ea4c0 - - default default] 10.0.0.30 "GET /v2.0/subnets HTTP/1.1" status: 200 len: 1437 time: 0.0291903
2026-05-27 14:50:59.583 10 INFO neutron.wsgi [None req-d4bafbce-f06e-4e88-b6b1-55b2247e749c b2389cd0db04491fa47c218780333a8f b748f6bce2ca4bd593c50bd52b2ea4c0 - - default default] 10.0.0.30 "GET /v2.0/subnetpools HTTP/1.1" status: 200 len: 193 time: 0.0083296
2026-05-27 14:51:05.174 9 INFO neutron.wsgi [-] 10.0.0.15 "GET / HTTP/1.1" status: 200 len: 247 time: 0.0120258
2026-05-27 14:51:05.177 9 INFO neutron.wsgi [-] 10.0.0.15 "GET / HTTP/1.1" status: 200 len: 247 time: 0.0017223
2026-05-27 14:51:20.165 9 INFO neutron.wsgi [-] 10.0.0.15 "GET / HTTP/1.1" status: 200 len: 247 time: 0.0031233
2026-05-27 14:51:20.166 10 INFO neutron.wsgi [-] 10.0.0.15 "GET / HTTP/1.1" status: 200 len: 247 time: 0.0034518
2026-05-27 14:51:35.164 10 INFO neutron.wsgi [-] 10.0.0.15 "GET / HTTP/1.1" status: 200 len: 247 time: 0.0024500
2026-05-27 14:51:35.164 9 INFO neutron.wsgi [-] 10.0.0.15 "GET / HTTP/1.1" status: 200 len: 247 time: 0.0027592
2026-05-27 14:51:50.166 9 INFO neutron.wsgi [-] 10.0.0.15 "GET / HTTP/1.1" status: 200 len: 247 time: 0.0020776
2026-05-27 14:51:50.170 10 INFO neutron.wsgi [-] 10.0.0.15 "GET / HTTP/1.1" status: 200 len: 247 time: 0.0051508
2026-05-27 14:51:59.289 10 INFO neutron.wsgi [None req-befc9901-ee2c-4af2-b234-bf3b540e7778 b2389cd0db04491fa47c218780333a8f b748f6bce2ca4bd593c50bd52b2ea4c0 - - default default] 10.0.0.30 "GET /v2.0/networks HTTP/1.1" status: 200 len: 2350 time: 0.1160839
2026-05-27 14:51:59.345 10 INFO neutron.wsgi [None req-7a220676-f3a9-4ee0-8310-53176630a3a4 b2389cd0db04491fa47c218780333a8f b748f6bce2ca4bd593c50bd52b2ea4c0 - - default default] 10.0.0.30 "GET /v2.0/ports HTTP/1.1" status: 200 len: 5347 time: 0.0536647
2026-05-27 14:51:59.367 10 INFO neutron.wsgi [None req-346f4848-f386-40a4-8505-af0f07e87c88 b2389cd0db04491fa47c218780333a8f b748f6bce2ca4bd593c50bd52b2ea4c0 - - default default] 10.0.0.30 "GET /v2.0/floatingips HTTP/1.1" status: 200 len: 193 time: 0.0180602
2026-05-27 14:51:59.397 10 INFO neutron.wsgi [None req-e47646c8-c17b-4748-928f-3d57a40c1b6c b2389cd0db04491fa47c218780333a8f b748f6bce2ca4bd593c50bd52b2ea4c0 - - default default] 10.0.0.30 "GET /v2.0/subnets HTTP/1.1" status: 200 len: 1437 time: 0.0295827
2026-05-27 14:51:59.425 10 INFO neutron.wsgi [None req-9319bca1-856b-4a19-911d-d15be8d80155 b2389cd0db04491fa47c218780333a8f b748f6bce2ca4bd593c50bd52b2ea4c0 - - default default] 10.0.0.30 "GET /v2.0/routers HTTP/1.1" status: 200 len: 189 time: 0.0262797
2026-05-27 14:51:59.465 10 INFO neutron.wsgi [None req-acaa1310-6910-40c8-af24-a92e6b70516a b2389cd0db04491fa47c218780333a8f b748f6bce2ca4bd593c50bd52b2ea4c0 - - default default] 10.0.0.30 "GET /v2.0/agents?binary=ovn-controller HTTP/1.1" status: 200 len: 591 time: 0.0391145
2026-05-27 14:51:59.477 10 INFO neutron.wsgi [None req-a5b2ce0b-40af-410d-a05c-8719b43bb18f b2389cd0db04491fa47c218780333a8f b748f6bce2ca4bd593c50bd52b2ea4c0 - - default default] 10.0.0.30 "GET /v2.0/agents HTTP/1.1" status: 200 len: 997 time: 0.0109851
2026-05-27 14:51:59.526 10 INFO neutron.wsgi [None req-7046ec3f-17b6-4cf7-8bdb-415c3f5695dd b2389cd0db04491fa47c218780333a8f b748f6bce2ca4bd593c50bd52b2ea4c0 - - default default] 10.0.0.30 "GET /v2.0/security-groups HTTP/1.1" status: 200 len: 16799 time: 0.0482078
2026-05-27 14:51:59.542 10 INFO neutron.wsgi [None req-3d763aeb-98d4-4f13-8a25-229beeb048ee b2389cd0db04491fa47c218780333a8f b748f6bce2ca4bd593c50bd52b2ea4c0 - - default default] 10.0.0.30 "GET /v2.0/network-ip-availabilities HTTP/1.1" status: 200 len: 1280 time: 0.0128911
2026-05-27 14:51:59.572 10 INFO neutron.wsgi [None req-d531ff0d-a2d3-440f-8001-4d0385c74869 b2389cd0db04491fa47c218780333a8f b748f6bce2ca4bd593c50bd52b2ea4c0 - - default default] 10.0.0.30 "GET /v2.0/subnets HTTP/1.1" status: 200 len: 1437 time: 0.0292902
2026-05-27 14:51:59.586 10 INFO neutron.wsgi [None req-3ecf507c-4eef-42ec-bcd5-ef67f6dbb2ba b2389cd0db04491fa47c218780333a8f b748f6bce2ca4bd593c50bd52b2ea4c0 - - default default] 10.0.0.30 "GET /v2.0/subnetpools HTTP/1.1" status: 200 len: 193 time: 0.0123620
2026-05-27 14:52:05.163 9 INFO neutron.wsgi [-] 10.0.0.15 "GET / HTTP/1.1" status: 200 len: 247 time: 0.0018375
2026-05-27 14:52:05.166 9 INFO neutron.wsgi [-] 10.0.0.15 "GET / HTTP/1.1" status: 200 len: 247 time: 0.0020199
2026-05-27 14:52:20.164 9 INFO neutron.wsgi [-] 10.0.0.15 "GET / HTTP/1.1" status: 200 len: 247 time: 0.0027142
2026-05-27 14:52:20.167 9 INFO neutron.wsgi [-] 10.0.0.15 "GET / HTTP/1.1" status: 200 len: 247 time: 0.0018735
2026-05-27 14:52:35.164 10 INFO neutron.wsgi [-] 10.0.0.15 "GET / HTTP/1.1" status: 200 len: 247 time: 0.0029104
2026-05-27 14:52:35.167 10 INFO neutron.wsgi [-] 10.0.0.15 "GET / HTTP/1.1" status: 200 len: 247 time: 0.0016069
2026-05-27 14:52:50.163 9 INFO neutron.wsgi [-] 10.0.0.15 "GET / HTTP/1.1" status: 200 len: 247 time: 0.0016212
2026-05-27 14:52:50.165 9 INFO neutron.wsgi [-] 10.0.0.15 "GET / HTTP/1.1" status: 200 len: 247 time: 0.0011332
2026-05-27 14:52:59.328 10 INFO neutron.wsgi [None req-4d8d99b2-be8c-43e0-a4f0-110481c74afa b2389cd0db04491fa47c218780333a8f b748f6bce2ca4bd593c50bd52b2ea4c0 - - default default] 10.0.0.30 "GET /v2.0/agents HTTP/1.1" status: 200 len: 997 time: 0.1673443
2026-05-27 14:52:59.344 10 INFO neutron.wsgi [None req-e8c5d679-f427-4688-998b-a155b26ddd43 b2389cd0db04491fa47c218780333a8f b748f6bce2ca4bd593c50bd52b2ea4c0 - - default default] 10.0.0.30 "GET /v2.0/network-ip-availabilities HTTP/1.1" status: 200 len: 1280 time: 0.0141935
2026-05-27 14:52:59.410 10 INFO neutron.wsgi [None req-bb3eb7a3-a2bb-4469-b178-630c57155d69 b2389cd0db04491fa47c218780333a8f b748f6bce2ca4bd593c50bd52b2ea4c0 - - default default] 10.0.0.30 "GET /v2.0/security-groups HTTP/1.1" status: 200 len: 16799 time: 0.0657494
2026-05-27 14:52:59.513 10 INFO neutron.wsgi [None req-0d08ded1-5fdb-4d11-83b2-e607270685a2 b2389cd0db04491fa47c218780333a8f b748f6bce2ca4bd593c50bd52b2ea4c0 - - default default] 10.0.0.30 "GET /v2.0/floatingips HTTP/1.1" status: 200 len: 193 time: 0.0814126
2026-05-27 14:52:59.551 10 INFO neutron.wsgi [None req-32021df1-f4e0-4174-973f-729b9bfa4bad b2389cd0db04491fa47c218780333a8f b748f6bce2ca4bd593c50bd52b2ea4c0 - - default default] 10.0.0.30 "GET /v2.0/subnets HTTP/1.1" status: 200 len: 1437 time: 0.0375149
2026-05-27 14:52:59.598 10 INFO neutron.wsgi [None req-01b6f03b-43e6-4d56-bb70-96938aa1cfe8 b2389cd0db04491fa47c218780333a8f b748f6bce2ca4bd593c50bd52b2ea4c0 - - default default] 10.0.0.30 "GET /v2.0/ports HTTP/1.1" status: 200 len: 5347 time: 0.0454655
2026-05-27 14:52:59.672 10 INFO neutron.wsgi [None req-2c1eba8d-a2e7-4e0c-8bd0-5e3d9f78cd84 b2389cd0db04491fa47c218780333a8f b748f6bce2ca4bd593c50bd52b2ea4c0 - - default default] 10.0.0.30 "GET /v2.0/networks HTTP/1.1" status: 200 len: 2350 time: 0.0698261
2026-05-27 14:52:59.709 10 INFO neutron.wsgi [None req-71ba1d39-a4a5-451e-9ae6-ec350f5cca42 b2389cd0db04491fa47c218780333a8f b748f6bce2ca4bd593c50bd52b2ea4c0 - - default default] 10.0.0.30 "GET /v2.0/subnets HTTP/1.1" status: 200 len: 1437 time: 0.0339305
2026-05-27 14:52:59.719 10 INFO neutron.wsgi [None req-13144141-cf49-475d-9377-e828c12e74a9 b2389cd0db04491fa47c218780333a8f b748f6bce2ca4bd593c50bd52b2ea4c0 - - default default] 10.0.0.30 "GET /v2.0/subnetpools HTTP/1.1" status: 200 len: 193 time: 0.0089936
2026-05-27 14:52:59.742 10 INFO neutron.wsgi [None req-f484a34c-19d1-4133-a40c-a211ae72f6fe b2389cd0db04491fa47c218780333a8f b748f6bce2ca4bd593c50bd52b2ea4c0 - - default default] 10.0.0.30 "GET /v2.0/routers HTTP/1.1" status: 200 len: 189 time: 0.0218108
2026-05-27 14:52:59.754 10 INFO neutron.wsgi [None req-13005008-fab5-47dc-a420-0025e9935721 b2389cd0db04491fa47c218780333a8f b748f6bce2ca4bd593c50bd52b2ea4c0 - - default default] 10.0.0.30 "GET /v2.0/agents?binary=ovn-controller HTTP/1.1" status: 200 len: 591 time: 0.0113583
2026-05-27 14:53:05.164 10 INFO neutron.wsgi [-] 10.0.0.15 "GET / HTTP/1.1" status: 200 len: 247 time: 0.0027385
2026-05-27 14:53:05.165 9 INFO neutron.wsgi [-] 10.0.0.15 "GET / HTTP/1.1" status: 200 len: 247 time: 0.0032196
2026-05-27 14:53:20.165 10 INFO neutron.wsgi [-] 10.0.0.15 "GET / HTTP/1.1" status: 200 len: 247 time: 0.0028064
2026-05-27 14:53:20.166 9 INFO neutron.wsgi [-] 10.0.0.15 "GET / HTTP/1.1" status: 200 len: 247 time: 0.0040722
2026-05-27 14:53:35.164 10 INFO neutron.wsgi [-] 10.0.0.15 "GET / HTTP/1.1" status: 200 len: 247 time: 0.0031610
2026-05-27 14:53:35.166 9 INFO neutron.wsgi [-] 10.0.0.15 "GET / HTTP/1.1" status: 200 len: 247 time: 0.0043826
2026-05-27 14:53:50.163 10 INFO neutron.wsgi [-] 10.0.0.15 "GET / HTTP/1.1" status: 200 len: 247 time: 0.0015209
2026-05-27 14:53:50.165 10 INFO neutron.wsgi [-] 10.0.0.15 "GET / HTTP/1.1" status: 200 len: 247 time: 0.0013411
2026-05-27 14:53:59.303 10 INFO neutron.wsgi [None req-266bd9c5-f621-4d27-937e-3f17482ecc54 b2389cd0db04491fa47c218780333a8f b748f6bce2ca4bd593c50bd52b2ea4c0 - - default default] 10.0.0.30 "GET /v2.0/agents HTTP/1.1" status: 200 len: 997 time: 0.1148696
2026-05-27 14:53:59.360 10 INFO neutron.wsgi [None req-f1d2196e-d896-423c-b136-832feb5438f3 b2389cd0db04491fa47c218780333a8f b748f6bce2ca4bd593c50bd52b2ea4c0 - - default default] 10.0.0.30 "GET /v2.0/security-groups HTTP/1.1" status: 200 len: 16799 time: 0.0556617
2026-05-27 14:53:59.431 10 INFO neutron.wsgi [None req-6075cff2-bab1-401c-8a1e-dc6f387e836b b2389cd0db04491fa47c218780333a8f b748f6bce2ca4bd593c50bd52b2ea4c0 - - default default] 10.0.0.30 "GET /v2.0/ports HTTP/1.1" status: 200 len: 5347 time: 0.0631232
2026-05-27 14:53:59.467 10 INFO neutron.wsgi [None req-28d48f69-5d79-47ad-b9d5-7e4e55a0fab0 b2389cd0db04491fa47c218780333a8f b748f6bce2ca4bd593c50bd52b2ea4c0 - - default default] 10.0.0.30 "GET /v2.0/routers HTTP/1.1" status: 200 len: 189 time: 0.0309021
2026-05-27 14:53:59.481 10 INFO neutron.wsgi [None req-ae5d02eb-99ef-434c-880e-98dda3e319f9 b2389cd0db04491fa47c218780333a8f b748f6bce2ca4bd593c50bd52b2ea4c0 - - default default] 10.0.0.30 "GET /v2.0/agents?binary=ovn-controller HTTP/1.1" status: 200 len: 591 time: 0.0129130
2026-05-27 14:53:59.495 10 INFO neutron.wsgi [None req-79cf9df1-dcd8-4909-af02-57efa4bba816 b2389cd0db04491fa47c218780333a8f b748f6bce2ca4bd593c50bd52b2ea4c0 - - default default] 10.0.0.30 "GET /v2.0/network-ip-availabilities HTTP/1.1" status: 200 len: 1280 time: 0.0132813
2026-05-27 14:53:59.530 10 INFO neutron.wsgi [None req-49f68a1c-3bf7-4a7a-8299-0ed210767287 b2389cd0db04491fa47c218780333a8f b748f6bce2ca4bd593c50bd52b2ea4c0 - - default default] 10.0.0.30 "GET /v2.0/subnets HTTP/1.1" status: 200 len: 1437 time: 0.0345058
2026-05-27 14:53:59.541 10 INFO neutron.wsgi [None req-61f932a2-7f40-4746-b6a0-dc45914f978d b2389cd0db04491fa47c218780333a8f b748f6bce2ca4bd593c50bd52b2ea4c0 - - default default] 10.0.0.30 "GET /v2.0/subnetpools HTTP/1.1" status: 200 len: 193 time: 0.0099320
2026-05-27 14:53:59.617 10 INFO neutron.wsgi [None req-65927fdf-559f-4fc4-b152-f9fef99fbe4c b2389cd0db04491fa47c218780333a8f b748f6bce2ca4bd593c50bd52b2ea4c0 - - default default] 10.0.0.30 "GET /v2.0/networks HTTP/1.1" status: 200 len: 2350 time: 0.0753052
2026-05-27 14:53:59.662 10 INFO neutron.wsgi [None req-a77b01cf-bcd3-49c8-8ef7-ac368f9c4192 b2389cd0db04491fa47c218780333a8f b748f6bce2ca4bd593c50bd52b2ea4c0 - - default default] 10.0.0.30 "GET /v2.0/subnets HTTP/1.1" status: 200 len: 1437 time: 0.0424886
2026-05-27 14:53:59.691 10 INFO neutron.wsgi [None req-35f49691-118f-4413-9dcd-3e1fce5137e2 b2389cd0db04491fa47c218780333a8f b748f6bce2ca4bd593c50bd52b2ea4c0 - - default default] 10.0.0.30 "GET /v2.0/floatingips HTTP/1.1" status: 200 len: 193 time: 0.0263312
2026-05-27 14:54:05.164 10 INFO neutron.wsgi [-] 10.0.0.15 "GET / HTTP/1.1" status: 200 len: 247 time: 0.0019889
2026-05-27 14:54:05.167 10 INFO neutron.wsgi [-] 10.0.0.15 "GET / HTTP/1.1" status: 200 len: 247 time: 0.0018885
2026-05-27 14:54:20.164 9 INFO neutron.wsgi [-] 10.0.0.15 "GET / HTTP/1.1" status: 200 len: 247 time: 0.0024805
2026-05-27 14:54:20.164 10 INFO neutron.wsgi [-] 10.0.0.15 "GET / HTTP/1.1" status: 200 len: 247 time: 0.0026751
2026-05-27 14:54:35.163 10 INFO neutron.wsgi [-] 10.0.0.15 "GET / HTTP/1.1" status: 200 len: 247 time: 0.0021312
2026-05-27 14:54:35.164 9 INFO neutron.wsgi [-] 10.0.0.15 "GET / HTTP/1.1" status: 200 len: 247 time: 0.0031421
2026-05-27 14:54:50.163 10 INFO neutron.wsgi [-] 10.0.0.15 "GET / HTTP/1.1" status: 200 len: 247 time: 0.0017936
2026-05-27 14:54:50.163 9 INFO neutron.wsgi [-] 10.0.0.15 "GET / HTTP/1.1" status: 200 len: 247 time: 0.0023487
2026-05-27 14:54:59.253 10 INFO neutron.wsgi [None req-a800c37f-8c17-414a-8869-85622f2168ee b2389cd0db04491fa47c218780333a8f b748f6bce2ca4bd593c50bd52b2ea4c0 - - default default] 10.0.0.30 "GET /v2.0/subnets HTTP/1.1" status: 200 len: 1437 time: 0.1035433
2026-05-27 14:54:59.292 10 INFO neutron.wsgi [None req-68f25832-e21b-43df-85ad-7b0e597b21bd b2389cd0db04491fa47c218780333a8f b748f6bce2ca4bd593c50bd52b2ea4c0 - - default default] 10.0.0.30 "GET /v2.0/ports HTTP/1.1" status: 200 len: 5347 time: 0.0372434
2026-05-27 14:54:59.339 10 INFO neutron.wsgi [None req-a706a5ff-9c07-493a-a197-239c71409a4f b2389cd0db04491fa47c218780333a8f b748f6bce2ca4bd593c50bd52b2ea4c0 - - default default] 10.0.0.30 "GET /v2.0/agents HTTP/1.1" status: 200 len: 997 time: 0.0408506
2026-05-27 14:54:59.352 10 INFO neutron.wsgi [None req-d1839321-dd29-4601-a811-94b2998425ff b2389cd0db04491fa47c218780333a8f b748f6bce2ca4bd593c50bd52b2ea4c0 - - default default] 10.0.0.30 "GET /v2.0/network-ip-availabilities HTTP/1.1" status: 200 len: 1280 time: 0.0123272
2026-05-27 14:54:59.389 10 INFO neutron.wsgi [None req-cff3a86d-0031-474c-b4fb-f189b57b93aa b2389cd0db04491fa47c218780333a8f b748f6bce2ca4bd593c50bd52b2ea4c0 - - default default] 10.0.0.30 "GET /v2.0/subnets HTTP/1.1" status: 200 len: 1437 time: 0.0355864
2026-05-27 14:54:59.402 10 INFO neutron.wsgi [None req-5b4f94d8-8045-4092-a375-cefb2a02074b b2389cd0db04491fa47c218780333a8f b748f6bce2ca4bd593c50bd52b2ea4c0 - - default default] 10.0.0.30 "GET /v2.0/subnetpools HTTP/1.1" status: 200 len: 193 time: 0.0097482
2026-05-27 14:54:59.426 10 INFO neutron.wsgi [None req-63cfab19-f6ee-4e41-9742-f7151cb8622f b2389cd0db04491fa47c218780333a8f b748f6bce2ca4bd593c50bd52b2ea4c0 - - default default] 10.0.0.30 "GET /v2.0/floatingips HTTP/1.1" status: 200 len: 193 time: 0.0241880
