2026-05-27 15:05:32.670 9 INFO neutron.wsgi [req-1e677c1c-8e25-4c2e-88f4-c4947ed66f40 req-f865bdf3-8f8c-4cb9-a149-88bb27d6989e 574a852b4c554f6dbe97cef1c33e1671 304e38abcfc0457fa6e2ef4d3eb463fb - - default default] 199.204.45.156 "GET /v2.0/ports?device_id=0a590284-0b73-4916-9b7c-c8fe8e80ea7b HTTP/1.1" status: 200 len: 1214 time: 0.0921433
2026-05-27 15:05:32.719 9 INFO neutron.wsgi [None req-0ded8f09-bf2e-4bf8-bedd-a7cac80fd83a b2389cd0db04491fa47c218780333a8f b748f6bce2ca4bd593c50bd52b2ea4c0 - - default default] 10.0.0.86 "GET /v2.0/security-groups?tenant_id=e5d2b4c0a6f44b03abe58ca97c71ec45&name=default HTTP/1.1" status: 200 len: 2996 time: 0.7769241
2026-05-27 15:05:32.924 10 INFO neutron.wsgi [None req-30bf35ca-ec3e-49f2-96c1-65c338255696 af31d3b9a08d4e98b739ff1442f108e4 d6d3c0b2fcb04e1486f724a49eb0b9c4 - - default default] 10.0.0.86 "POST /v2.0/trunks HTTP/1.1" status: 201 len: 608 time: 0.4554057
2026-05-27 15:05:32.963 10 INFO neutron.wsgi [None req-43bb0b9a-5998-41ef-bfb2-dbfd5051601a af31d3b9a08d4e98b739ff1442f108e4 d6d3c0b2fcb04e1486f724a49eb0b9c4 - - default default] 10.0.0.86 "PUT /v2.0/trunks/8b46f188-fda7-47c0-a913-6b25179f3c03/tags HTTP/1.1" status: 200 len: 210 time: 0.0340519
2026-05-27 15:05:32.997 10 INFO neutron.wsgi [None req-9c8e2f62-02e4-46de-b032-1c1291d8056d af31d3b9a08d4e98b739ff1442f108e4 d6d3c0b2fcb04e1486f724a49eb0b9c4 - - default default] 10.0.0.86 "PUT /v2.0/trunks/d2294912-5d9f-4ac5-a3ac-fd714105c26b/tags HTTP/1.1" status: 200 len: 218 time: 0.0289199
2026-05-27 15:05:33.039 10 INFO neutron.wsgi [None req-1e36833c-5678-41ac-ada0-08cf1de5a580 af31d3b9a08d4e98b739ff1442f108e4 d6d3c0b2fcb04e1486f724a49eb0b9c4 - - default default] 10.0.0.86 "PUT /v2.0/trunks/a2482aef-0105-4274-8682-b371db20d454/tags HTTP/1.1" status: 200 len: 227 time: 0.0353367
2026-05-27 15:05:33.080 10 INFO neutron.wsgi [None req-1059b788-d911-474b-88db-9eb7b40a43ee af31d3b9a08d4e98b739ff1442f108e4 d6d3c0b2fcb04e1486f724a49eb0b9c4 - - default default] 10.0.0.86 "PUT /v2.0/trunks/5dc33429-242e-41fc-a7a8-d8b7047a5150/tags HTTP/1.1" status: 200 len: 212 time: 0.0345786
2026-05-27 15:05:33.096 9 INFO neutron.db.ovn_revision_numbers_db [None req-2b508bcd-6fe6-4a6b-a44d-84c2f305a0c0 - - - - - -] Successfully bumped revision number for resource 610e9874-a4bb-4538-97fd-4efe99be3202 (type: ports) to 5
2026-05-27 15:05:33.126 10 INFO neutron.wsgi [None req-18a615fe-5b38-430f-8361-57b70a4b10de af31d3b9a08d4e98b739ff1442f108e4 d6d3c0b2fcb04e1486f724a49eb0b9c4 - - default default] 10.0.0.86 "GET /v2.0/trunks?tags=red HTTP/1.1" status: 200 len: 1447 time: 0.0390456
2026-05-27 15:05:33.158 10 INFO neutron.wsgi [None req-ebd90bfb-f6b2-4fc2-b94e-9b2c9868f580 af31d3b9a08d4e98b739ff1442f108e4 d6d3c0b2fcb04e1486f724a49eb0b9c4 - - default default] 10.0.0.86 "GET /v2.0/trunks?tags=red%2Cblue HTTP/1.1" status: 200 len: 1041 time: 0.0248992
2026-05-27 15:05:33.191 10 INFO neutron.wsgi [None req-30b48c49-ba20-4a17-86af-88c75aa2cb75 af31d3b9a08d4e98b739ff1442f108e4 d6d3c0b2fcb04e1486f724a49eb0b9c4 - - default default] 10.0.0.86 "GET /v2.0/trunks?tags-any=blue HTTP/1.1" status: 200 len: 1041 time: 0.0273545
2026-05-27 15:05:33.224 10 INFO neutron.wsgi [None req-8892c4d1-710a-4bfe-8149-e7ac6986b27d af31d3b9a08d4e98b739ff1442f108e4 d6d3c0b2fcb04e1486f724a49eb0b9c4 - - default default] 10.0.0.86 "GET /v2.0/trunks?tags-any=red%2Cblue HTTP/1.1" status: 200 len: 1447 time: 0.0269022
2026-05-27 15:05:33.260 10 INFO neutron.wsgi [None req-10a13567-6163-4c0d-8b23-9b1d075aece0 af31d3b9a08d4e98b739ff1442f108e4 d6d3c0b2fcb04e1486f724a49eb0b9c4 - - default default] 10.0.0.86 "GET /v2.0/trunks?not-tags=red HTTP/1.1" status: 200 len: 1013 time: 0.0270529
2026-05-27 15:05:33.283 9 INFO neutron.db.l3_db [req-1e677c1c-8e25-4c2e-88f4-c4947ed66f40 req-f522b4c8-4e37-497b-aa3c-6260d8cc7983 574a852b4c554f6dbe97cef1c33e1671 304e38abcfc0457fa6e2ef4d3eb463fb - - default default] Floating IP 7d7bbfc5-0162-4107-b72f-aaf7b6be068e disassociated. External IP: 10.96.250.207, port: 610e9874-a4bb-4538-97fd-4efe99be3202.
2026-05-27 15:05:33.318 10 INFO neutron.wsgi [None req-d4e2fc87-caba-4c3d-85e2-6645d0cf78ce af31d3b9a08d4e98b739ff1442f108e4 d6d3c0b2fcb04e1486f724a49eb0b9c4 - - default default] 10.0.0.86 "GET /v2.0/trunks?not-tags=red%2Cblue HTTP/1.1" status: 200 len: 1419 time: 0.0508468 /var/lib/openstack/lib/python3.10/site-packages/pycadf/identifier.py:71: UserWarning: Invalid uuid: neutron. To ensure interoperability, identifiers should be a valid uuid. warnings.warn(('Invalid uuid: %s. To ensure interoperability, '
2026-05-27 15:05:33.342 9 INFO neutron.wsgi [None req-3358838c-ac46-4449-b811-588d71e918a6 b2389cd0db04491fa47c218780333a8f b748f6bce2ca4bd593c50bd52b2ea4c0 - - default default] 10.0.0.86 "DELETE /v2.0/security-groups/26ec8bb7-7159-44ef-a072-d2a7f9e690e5 HTTP/1.1" status: 204 len: 168 time: 0.6070392
2026-05-27 15:05:33.348 10 INFO neutron.wsgi [None req-7c8d4827-2c07-4287-81e1-7dfe500dc10b af31d3b9a08d4e98b739ff1442f108e4 d6d3c0b2fcb04e1486f724a49eb0b9c4 - - default default] 10.0.0.86 "GET /v2.0/trunks?not-tags-any=blue HTTP/1.1" status: 200 len: 1419 time: 0.0258725
2026-05-27 15:05:33.352 9 INFO neutron.wsgi [None req-9206c1be-2ac7-4e99-9421-570105064e22 b2389cd0db04491fa47c218780333a8f b748f6bce2ca4bd593c50bd52b2ea4c0 - - default default] 10.0.0.86 "DELETE /v2.0/security-groups/31832c92-c4c0-42ac-8a2a-e762e0bfbb0d HTTP/1.1" status: 204 len: 168 time: 0.7232594
2026-05-27 15:05:33.376 10 INFO neutron.wsgi [None req-48ba5a5f-17ae-4203-ac65-b90192f440ed af31d3b9a08d4e98b739ff1442f108e4 d6d3c0b2fcb04e1486f724a49eb0b9c4 - - default default] 10.0.0.86 "GET /v2.0/trunks?not-tags-any=red%2Cblue HTTP/1.1" status: 200 len: 1013 time: 0.0214603
2026-05-27 15:05:33.404 10 INFO neutron.wsgi [None req-2088a4f3-23cf-46d6-8a69-9aaec34cca13 af31d3b9a08d4e98b739ff1442f108e4 d6d3c0b2fcb04e1486f724a49eb0b9c4 - - default default] 10.0.0.86 "GET /v2.0/trunks/8b46f188-fda7-47c0-a913-6b25179f3c03 HTTP/1.1" status: 200 len: 608 time: 0.0213189
2026-05-27 15:05:33.485 9 INFO neutron.wsgi [req-1e677c1c-8e25-4c2e-88f4-c4947ed66f40 req-f522b4c8-4e37-497b-aa3c-6260d8cc7983 574a852b4c554f6dbe97cef1c33e1671 304e38abcfc0457fa6e2ef4d3eb463fb - - default default] 199.204.45.156 "DELETE /v2.0/ports/610e9874-a4bb-4538-97fd-4efe99be3202 HTTP/1.1" status: 204 len: 173 time: 0.7922931
2026-05-27 15:05:33.539 10 INFO neutron.wsgi [None req-2b204dba-6672-49eb-b74a-dd70f60d011b b2389cd0db04491fa47c218780333a8f b748f6bce2ca4bd593c50bd52b2ea4c0 - - default default] 10.0.0.86 "GET /v2.0/security-groups?tenant_id=749fdf5fa699479ba61ce3d44b1acbc8&name=default HTTP/1.1" status: 200 len: 2996 time: 0.0851684
2026-05-27 15:05:33.546 10 INFO neutron.wsgi [None req-d7671c30-5e22-4148-9220-79c26bcd466a af31d3b9a08d4e98b739ff1442f108e4 d6d3c0b2fcb04e1486f724a49eb0b9c4 - - default default] 10.0.0.86 "GET /v2.0/ports/e444f8e5-4e64-4865-a297-b152c7fdb28a HTTP/1.1" status: 200 len: 1020 time: 0.1360765 /var/lib/openstack/lib/python3.10/site-packages/pycadf/identifier.py:71: UserWarning: Invalid uuid: neutron. To ensure interoperability, identifiers should be a valid uuid. warnings.warn(('Invalid uuid: %s. To ensure interoperability, '
2026-05-27 15:05:33.673 10 INFO neutron.wsgi [None req-cc83901b-d63f-4e21-9e55-4b5ffb5a8072 af31d3b9a08d4e98b739ff1442f108e4 d6d3c0b2fcb04e1486f724a49eb0b9c4 - - default default] 10.0.0.86 "DELETE /v2.0/trunks/8b46f188-fda7-47c0-a913-6b25179f3c03 HTTP/1.1" status: 204 len: 168 time: 0.1204557
2026-05-27 15:05:33.694 9 INFO neutron.wsgi [req-e6039a69-f930-45a8-ad7e-72a773227b70 req-06ccea8d-d62c-4345-b540-e675d63acb99 574a852b4c554f6dbe97cef1c33e1671 304e38abcfc0457fa6e2ef4d3eb463fb - - default default] 10.0.0.67 "GET /v2.0/ports?device_id=0a590284-0b73-4916-9b7c-c8fe8e80ea7b HTTP/1.1" status: 200 len: 210 time: 0.0275285
2026-05-27 15:05:33.706 10 INFO neutron.wsgi [None req-3f946f4d-4434-49e2-b6a5-f47a43259bd9 af31d3b9a08d4e98b739ff1442f108e4 d6d3c0b2fcb04e1486f724a49eb0b9c4 - - default default] 10.0.0.86 "GET /v2.0/trunks/d2294912-5d9f-4ac5-a3ac-fd714105c26b HTTP/1.1" status: 200 len: 616 time: 0.0254197
2026-05-27 15:05:33.800 9 INFO neutron.wsgi [None req-25154d79-8069-4f0c-bdb8-0a437538e8cb b2389cd0db04491fa47c218780333a8f b748f6bce2ca4bd593c50bd52b2ea4c0 - - default default] 10.0.0.86 "DELETE /v2.0/security-groups/29867fb0-f33b-4a4b-8232-2089b30263a8 HTTP/1.1" status: 204 len: 168 time: 0.2533796
2026-05-27 15:05:33.802 10 INFO neutron.wsgi [None req-47665b27-b86d-484d-90b4-e9a2e3407867 af31d3b9a08d4e98b739ff1442f108e4 d6d3c0b2fcb04e1486f724a49eb0b9c4 - - default default] 10.0.0.86 "GET /v2.0/ports/2aea80e2-3a9b-4c13-8d25-b8ae46345602 HTTP/1.1" status: 200 len: 1020 time: 0.0913537
2026-05-27 15:05:33.918 9 INFO neutron.wsgi [None req-f0be68e4-66c1-49b4-baf9-8d3cf9aefc96 af31d3b9a08d4e98b739ff1442f108e4 d6d3c0b2fcb04e1486f724a49eb0b9c4 - - default default] 10.0.0.86 "DELETE /v2.0/trunks/d2294912-5d9f-4ac5-a3ac-fd714105c26b HTTP/1.1" status: 204 len: 168 time: 0.1103933
2026-05-27 15:05:33.939 9 INFO neutron.wsgi [None req-9e25e7af-5e1d-4ee3-a775-0a64db722d5f af31d3b9a08d4e98b739ff1442f108e4 d6d3c0b2fcb04e1486f724a49eb0b9c4 - - default default] 10.0.0.86 "GET /v2.0/trunks/a2482aef-0105-4274-8682-b371db20d454 HTTP/1.1" status: 200 len: 625 time: 0.0164657
2026-05-27 15:05:34.054 9 INFO neutron.wsgi [None req-6cfb081a-011a-4db4-93dc-b8c1b75809fd af31d3b9a08d4e98b739ff1442f108e4 d6d3c0b2fcb04e1486f724a49eb0b9c4 - - default default] 10.0.0.86 "GET /v2.0/ports/7c5ac13f-92a0-4634-9ec3-b526803db417 HTTP/1.1" status: 200 len: 1020 time: 0.1095943
2026-05-27 15:05:34.156 9 INFO neutron.wsgi [None req-08799364-58a0-4afc-bd3a-33c097503ba1 af31d3b9a08d4e98b739ff1442f108e4 d6d3c0b2fcb04e1486f724a49eb0b9c4 - - default default] 10.0.0.86 "DELETE /v2.0/trunks/a2482aef-0105-4274-8682-b371db20d454 HTTP/1.1" status: 204 len: 168 time: 0.0952048
2026-05-27 15:05:34.176 9 INFO neutron.wsgi [None req-6a116bef-c30b-4c53-b7b9-d2a9bdf8b97a af31d3b9a08d4e98b739ff1442f108e4 d6d3c0b2fcb04e1486f724a49eb0b9c4 - - default default] 10.0.0.86 "GET /v2.0/trunks/5dc33429-242e-41fc-a7a8-d8b7047a5150 HTTP/1.1" status: 200 len: 610 time: 0.0155008
2026-05-27 15:05:34.292 9 INFO neutron.wsgi [None req-84b0f1aa-1fb3-4663-ba04-21e46046faa9 af31d3b9a08d4e98b739ff1442f108e4 d6d3c0b2fcb04e1486f724a49eb0b9c4 - - default default] 10.0.0.86 "GET /v2.0/ports/18fcd60e-ccc1-4b6d-8828-1b7a22555ad9 HTTP/1.1" status: 200 len: 1020 time: 0.1120603
2026-05-27 15:05:34.380 9 INFO neutron.wsgi [None req-c669d5bc-441c-4a32-a43c-a902e5b8c068 af31d3b9a08d4e98b739ff1442f108e4 d6d3c0b2fcb04e1486f724a49eb0b9c4 - - default default] 10.0.0.86 "DELETE /v2.0/trunks/5dc33429-242e-41fc-a7a8-d8b7047a5150 HTTP/1.1" status: 204 len: 168 time: 0.0829084
2026-05-27 15:05:34.409 9 INFO neutron.wsgi [None req-ea734883-981f-470c-8246-18cbde3a95f5 af31d3b9a08d4e98b739ff1442f108e4 d6d3c0b2fcb04e1486f724a49eb0b9c4 - - default default] 10.0.0.86 "GET /v2.0/trunks/ea4da6b4-b52b-4e34-913c-7c279be5e922 HTTP/1.1" status: 200 len: 603 time: 0.0220022
2026-05-27 15:05:34.510 9 INFO neutron.wsgi [None req-01fc8efd-0702-406f-a228-05de87fd7a56 af31d3b9a08d4e98b739ff1442f108e4 d6d3c0b2fcb04e1486f724a49eb0b9c4 - - default default] 10.0.0.86 "GET /v2.0/ports/1b3bdf4d-b783-4f40-97b4-a768f46deccb HTTP/1.1" status: 200 len: 1020 time: 0.0942521
2026-05-27 15:05:34.627 9 INFO neutron.wsgi [None req-18899dd6-832c-4cc1-a7c4-cae3b565bdad af31d3b9a08d4e98b739ff1442f108e4 d6d3c0b2fcb04e1486f724a49eb0b9c4 - - default default] 10.0.0.86 "DELETE /v2.0/trunks/ea4da6b4-b52b-4e34-913c-7c279be5e922 HTTP/1.1" status: 204 len: 168 time: 0.1126115
2026-05-27 15:05:34.698 9 INFO neutron.notifiers.nova [-] Nova event matching ['req-2dda6771-b2dd-4556-9893-279a2ab50fd9'] response: {'server_uuid': '0a590284-0b73-4916-9b7c-c8fe8e80ea7b', 'name': 'network-vif-plugged', 'status': 'completed', 'tag': '610e9874-a4bb-4538-97fd-4efe99be3202', 'code': 200}
2026-05-27 15:05:34.699 9 INFO neutron.notifiers.nova [-] Nova event matching ['req-2dda6771-b2dd-4556-9893-279a2ab50fd9'] response: {'server_uuid': '0a590284-0b73-4916-9b7c-c8fe8e80ea7b', 'name': 'network-vif-deleted', 'tag': '610e9874-a4bb-4538-97fd-4efe99be3202', 'status': 'completed', 'code': 200}
2026-05-27 15:05:35.094 10 INFO neutron.wsgi [None req-93c58099-ecd8-4546-afaf-489b81850ad4 574a852b4c554f6dbe97cef1c33e1671 304e38abcfc0457fa6e2ef4d3eb463fb - - default default] 10.0.0.86 "DELETE /v2.0/security-groups/335985e5-4c9d-4d68-85ea-73e42b244db3 HTTP/1.1" status: 204 len: 168 time: 0.1918440
2026-05-27 15:05:35.118 10 INFO neutron.api.v2.resource [None req-85afeae5-d0a3-48fa-98d5-06c096acbc28 574a852b4c554f6dbe97cef1c33e1671 304e38abcfc0457fa6e2ef4d3eb463fb - - default default] show failed (client error): The resource could not be found.
2026-05-27 15:05:35.120 10 INFO neutron.wsgi [None req-85afeae5-d0a3-48fa-98d5-06c096acbc28 574a852b4c554f6dbe97cef1c33e1671 304e38abcfc0457fa6e2ef4d3eb463fb - - default default] 10.0.0.86 "GET /v2.0/security-groups/335985e5-4c9d-4d68-85ea-73e42b244db3 HTTP/1.1" status: 404 len: 347 time: 0.0203400
2026-05-27 15:05:35.163 9 INFO neutron.wsgi [-] 10.0.0.15 "GET / HTTP/1.1" status: 200 len: 247 time: 0.0020914
2026-05-27 15:05:35.166 9 INFO neutron.wsgi [-] 10.0.0.15 "GET / HTTP/1.1" status: 200 len: 247 time: 0.0016453
2026-05-27 15:05:35.218 9 INFO neutron.wsgi [None req-082b4304-3d97-4f89-ae1c-0ba8c524deec af31d3b9a08d4e98b739ff1442f108e4 d6d3c0b2fcb04e1486f724a49eb0b9c4 - - default default] 10.0.0.86 "DELETE /v2.0/ports/e444f8e5-4e64-4865-a297-b152c7fdb28a HTTP/1.1" status: 204 len: 168 time: 0.5848253
2026-05-27 15:05:35.547 9 INFO neutron.wsgi [None req-833be50c-46dc-4cbf-911d-3fbceccc5c60 af31d3b9a08d4e98b739ff1442f108e4 d6d3c0b2fcb04e1486f724a49eb0b9c4 - - default default] 10.0.0.86 "DELETE /v2.0/ports/2aea80e2-3a9b-4c13-8d25-b8ae46345602 HTTP/1.1" status: 204 len: 168 time: 0.3229604
2026-05-27 15:05:35.657 10 INFO neutron.wsgi [None req-8feb1853-bb6c-452a-a483-22b58dadd5a2 574a852b4c554f6dbe97cef1c33e1671 304e38abcfc0457fa6e2ef4d3eb463fb - - default default] 10.0.0.86 "DELETE /v2.0/floatingips/7d7bbfc5-0162-4107-b72f-aaf7b6be068e HTTP/1.1" status: 204 len: 168 time: 0.5319819
2026-05-27 15:05:35.888 9 INFO neutron.wsgi [None req-d6c8b591-d372-439c-a67f-ddb8227a8aa1 af31d3b9a08d4e98b739ff1442f108e4 d6d3c0b2fcb04e1486f724a49eb0b9c4 - - default default] 10.0.0.86 "DELETE /v2.0/ports/7c5ac13f-92a0-4634-9ec3-b526803db417 HTTP/1.1" status: 204 len: 168 time: 0.3320036
2026-05-27 15:05:35.931 9 INFO neutron.wsgi [None req-bfb7d844-615a-4b64-8f43-994171b3d22f 574a852b4c554f6dbe97cef1c33e1671 304e38abcfc0457fa6e2ef4d3eb463fb - - default default] 10.0.0.86 "DELETE /v2.0/security-groups/951f3d59-6fbd-4bf6-91b4-1004d0a3cf1a HTTP/1.1" status: 204 len: 168 time: 0.2665012
2026-05-27 15:05:36.195 9 INFO neutron.wsgi [None req-2538604e-2f28-41ac-9783-a5ce5da77cb4 af31d3b9a08d4e98b739ff1442f108e4 d6d3c0b2fcb04e1486f724a49eb0b9c4 - - default default] 10.0.0.86 "DELETE /v2.0/ports/18fcd60e-ccc1-4b6d-8828-1b7a22555ad9 HTTP/1.1" status: 204 len: 168 time: 0.3025391
2026-05-27 15:05:36.453 9 INFO neutron.wsgi [None req-da38801e-2682-422a-9a5f-f7fba0d17135 af31d3b9a08d4e98b739ff1442f108e4 d6d3c0b2fcb04e1486f724a49eb0b9c4 - - default default] 10.0.0.86 "DELETE /v2.0/ports/1b3bdf4d-b783-4f40-97b4-a768f46deccb HTTP/1.1" status: 204 len: 168 time: 0.2542629
2026-05-27 15:05:36.895 9 INFO neutron.services.segments.plugin [-] Segment b51d506b-d041-4927-a9a1-502c3aeaad54 resource provider aggregate not found
2026-05-27 15:05:36.900 9 INFO neutron.services.segments.plugin [-] Segment b51d506b-d041-4927-a9a1-502c3aeaad54 resource provider aggregate not found
2026-05-27 15:05:36.917 9 INFO neutron.services.segments.plugin [-] Segment b51d506b-d041-4927-a9a1-502c3aeaad54 resource provider not found; error: Placement Client Error (4xx): {"errors": [{"status": 404, "title": "Not Found", "detail": "The resource could not be found.\n\n No resource provider with uuid b51d506b-d041-4927-a9a1-502c3aeaad54 found for delete ", "request_id": "req-fa82106b-1f69-488b-a4d4-c4b04613a306"}]}
2026-05-27 15:05:36.918 9 INFO neutron.services.segments.plugin [-] Segment b51d506b-d041-4927-a9a1-502c3aeaad54 resource provider not found; error: Placement Client Error (4xx): {"errors": [{"status": 404, "title": "Not Found", "detail": "The resource could not be found.\n\n No resource provider with uuid b51d506b-d041-4927-a9a1-502c3aeaad54 found for delete ", "request_id": "req-ecf7d31a-228c-40d5-bddf-0f57a97d120d"}]}
2026-05-27 15:05:36.949 9 INFO neutron.wsgi [None req-a97368db-a577-44f7-b7dc-287a358435da af31d3b9a08d4e98b739ff1442f108e4 d6d3c0b2fcb04e1486f724a49eb0b9c4 - - default default] 10.0.0.86 "DELETE /v2.0/networks/44b2e76e-9cbc-4b2d-8ebb-1e267118fece HTTP/1.1" status: 204 len: 168 time: 0.4914865
2026-05-27 15:05:37.218 10 INFO neutron.wsgi [None req-decceee9-70e4-4dd8-bbf4-ef40656ab0c3 b2389cd0db04491fa47c218780333a8f b748f6bce2ca4bd593c50bd52b2ea4c0 - - default default] 10.0.0.86 "PUT /v2.0/routers/4a7c3f80-1c31-4a7f-8cbb-194d144a85b7/remove_router_interface HTTP/1.1" status: 200 len: 503 time: 1.2379317 /var/lib/openstack/lib/python3.10/site-packages/pycadf/identifier.py:71: UserWarning: Invalid uuid: neutron. To ensure interoperability, identifiers should be a valid uuid. warnings.warn(('Invalid uuid: %s. To ensure interoperability, '
2026-05-27 15:05:37.407 9 INFO neutron.wsgi [None req-5d094d0d-4dab-47c7-a5f8-a24338336992 af31d3b9a08d4e98b739ff1442f108e4 d6d3c0b2fcb04e1486f724a49eb0b9c4 - - default default] 10.0.0.86 "DELETE /v2.0/networks/1c20d5a7-7e3c-488d-a65a-e95b33408397 HTTP/1.1" status: 204 len: 168 time: 0.4482265
2026-05-27 15:05:37.877 9 INFO neutron.wsgi [None req-eeeab77f-1860-4331-a1cf-cbb7f73c5a9f af31d3b9a08d4e98b739ff1442f108e4 d6d3c0b2fcb04e1486f724a49eb0b9c4 - - default default] 10.0.0.86 "DELETE /v2.0/networks/6e9e066e-3d17-4151-ba22-77f0c62f97d9 HTTP/1.1" status: 204 len: 168 time: 0.4642253
2026-05-27 15:05:38.414 9 WARNING neutron_lib.context [None req-07627634-0917-457c-b351-f2fbc98afacd 5aa25cd580ed41e8a0d0db488a6297cc cef82d0e40044693b3d109d39f3b6e99 - - default default] Method 'is_advsvc' is deprecated since 2023.2 release (neutron-lib 3.8.0) and will be removed once support for the old RBAC API policies will be removed from Neutron. Please use method 'is_service_role' instead.
2026-05-27 15:05:38.567 9 INFO neutron.db.ovn_revision_numbers_db [None req-07627634-0917-457c-b351-f2fbc98afacd 5aa25cd580ed41e8a0d0db488a6297cc cef82d0e40044693b3d109d39f3b6e99 - - default default] Successfully bumped revision number for resource 988974d9-4a77-4209-a1d1-ce4b39f5173a (type: security_groups) to 1
2026-05-27 15:05:38.578 10 INFO neutron.wsgi [None req-eba23e0b-f16e-484c-aa22-60036eae9f8d b2389cd0db04491fa47c218780333a8f b748f6bce2ca4bd593c50bd52b2ea4c0 - - default default] 10.0.0.86 "DELETE /v2.0/routers/4a7c3f80-1c31-4a7f-8cbb-194d144a85b7 HTTP/1.1" status: 204 len: 168 time: 1.3534353
2026-05-27 15:05:38.605 9 INFO neutron.db.ovn_revision_numbers_db [None req-07627634-0917-457c-b351-f2fbc98afacd 5aa25cd580ed41e8a0d0db488a6297cc cef82d0e40044693b3d109d39f3b6e99 - - default default] Successfully bumped revision number for resource 29297190-7c31-4538-b193-0b3f8584289f (type: security_group_rules) to 0
2026-05-27 15:05:38.626 9 INFO neutron.db.ovn_revision_numbers_db [None req-07627634-0917-457c-b351-f2fbc98afacd 5aa25cd580ed41e8a0d0db488a6297cc cef82d0e40044693b3d109d39f3b6e99 - - default default] Successfully bumped revision number for resource 9055fb7e-0bfd-4aa2-96de-a2f5a6b692df (type: security_group_rules) to 0
2026-05-27 15:05:38.644 9 INFO neutron.db.ovn_revision_numbers_db [None req-07627634-0917-457c-b351-f2fbc98afacd 5aa25cd580ed41e8a0d0db488a6297cc cef82d0e40044693b3d109d39f3b6e99 - - default default] Successfully bumped revision number for resource e5259197-ebf7-4543-8dd9-3e1ea97d6410 (type: security_group_rules) to 0
2026-05-27 15:05:38.665 9 INFO neutron.db.ovn_revision_numbers_db [None req-07627634-0917-457c-b351-f2fbc98afacd 5aa25cd580ed41e8a0d0db488a6297cc cef82d0e40044693b3d109d39f3b6e99 - - default default] Successfully bumped revision number for resource ff62e4bf-8e0a-416c-9461-9aa7bad1b489 (type: security_group_rules) to 0
2026-05-27 15:05:38.726 9 INFO neutron.db.segments_db [None req-07627634-0917-457c-b351-f2fbc98afacd 5aa25cd580ed41e8a0d0db488a6297cc cef82d0e40044693b3d109d39f3b6e99 - - default default] Added segment 457b89fa-1fce-4b7b-866c-3647cf65f1ec of type geneve for network 79878880-62c6-48c3-8e1c-328959196206
2026-05-27 15:05:38.760 10 INFO neutron.services.segments.plugin [-] Segment ba15ffb9-eea2-45b4-b231-95dc161ba4af resource provider aggregate not found
2026-05-27 15:05:38.766 10 INFO neutron.services.segments.plugin [-] Segment ba15ffb9-eea2-45b4-b231-95dc161ba4af resource provider aggregate not found
2026-05-27 15:05:38.793 10 INFO neutron.services.segments.plugin [-] Segment ba15ffb9-eea2-45b4-b231-95dc161ba4af resource provider not found; error: Placement Client Error (4xx): {"errors": [{"status": 404, "title": "Not Found", "detail": "The resource could not be found.\n\n No resource provider with uuid ba15ffb9-eea2-45b4-b231-95dc161ba4af found for delete ", "request_id": "req-03947cab-62b5-4288-a899-894f75ba7afb"}]}
2026-05-27 15:05:38.797 10 INFO neutron.services.segments.plugin [-] Segment ba15ffb9-eea2-45b4-b231-95dc161ba4af resource provider not found; error: Placement Client Error (4xx): {"errors": [{"status": 404, "title": "Not Found", "detail": "The resource could not be found.\n\n No resource provider with uuid ba15ffb9-eea2-45b4-b231-95dc161ba4af found for delete ", "request_id": "req-7591e561-3d4c-48d5-b2f0-b1079f2306c4"}]}
2026-05-27 15:05:38.833 10 INFO neutron.wsgi [None req-a28f4eec-b3db-49eb-b3c1-a77cbd7d2400 af31d3b9a08d4e98b739ff1442f108e4 d6d3c0b2fcb04e1486f724a49eb0b9c4 - - default default] 10.0.0.86 "DELETE /v2.0/networks/d89b13cb-5474-4d45-acec-34eba8edf0eb HTTP/1.1" status: 204 len: 168 time: 0.9424572
2026-05-27 15:05:38.927 10 INFO neutron.wsgi [None req-97188b8a-95f4-49ef-a05d-e9d593e2a1ba b2389cd0db04491fa47c218780333a8f b748f6bce2ca4bd593c50bd52b2ea4c0 - - default default] 10.0.0.86 "DELETE /v2.0/subnets/27c23859-3337-4d1e-a918-a89210bb9abe HTTP/1.1" status: 204 len: 168 time: 0.3341339
2026-05-27 15:05:38.930 9 INFO neutron.db.ovn_revision_numbers_db [None req-07627634-0917-457c-b351-f2fbc98afacd 5aa25cd580ed41e8a0d0db488a6297cc cef82d0e40044693b3d109d39f3b6e99 - - default default] Successfully bumped revision number for resource 79878880-62c6-48c3-8e1c-328959196206 (type: networks) to 1
2026-05-27 15:05:38.946 9 INFO neutron.services.segments.plugin [-] Segment 5e22bb0f-5db9-48b7-8ce0-186bc81b1fd4 resource provider aggregate not found
2026-05-27 15:05:38.953 9 INFO neutron.services.segments.plugin [-] Segment 5e22bb0f-5db9-48b7-8ce0-186bc81b1fd4 resource provider aggregate not found
2026-05-27 15:05:38.972 9 INFO neutron.services.segments.plugin [-] Segment 5e22bb0f-5db9-48b7-8ce0-186bc81b1fd4 resource provider not found; error: Placement Client Error (4xx): {"errors": [{"status": 404, "title": "Not Found", "detail": "The resource could not be found.\n\n No resource provider with uuid 5e22bb0f-5db9-48b7-8ce0-186bc81b1fd4 found for delete ", "request_id": "req-5303679a-c455-41cb-a489-61dd21bed6c9"}]}
2026-05-27 15:05:38.988 9 INFO neutron.services.segments.plugin [-] Segment 5e22bb0f-5db9-48b7-8ce0-186bc81b1fd4 resource provider not found; error: Placement Client Error (4xx): {"errors": [{"status": 404, "title": "Not Found", "detail": "The resource could not be found.\n\n No resource provider with uuid 5e22bb0f-5db9-48b7-8ce0-186bc81b1fd4 found for delete ", "request_id": "req-bc0f5853-c8bb-4f37-a363-390426be6a08"}]}
2026-05-27 15:05:39.000 9 INFO neutron.services.segments.plugin [-] Segment 442dae8c-9061-47b2-af37-1001878447d0 resource provider aggregate not found
2026-05-27 15:05:39.020 9 INFO neutron.services.segments.plugin [-] Segment 442dae8c-9061-47b2-af37-1001878447d0 resource provider aggregate not found
2026-05-27 15:05:39.027 9 INFO neutron.services.segments.plugin [-] Segment 442dae8c-9061-47b2-af37-1001878447d0 resource provider not found; error: Placement Client Error (4xx): {"errors": [{"status": 404, "title": "Not Found", "detail": "The resource could not be found.\n\n No resource provider with uuid 442dae8c-9061-47b2-af37-1001878447d0 found for delete ", "request_id": "req-3118abfe-7448-4007-8849-de8fa95a73ab"}]}
2026-05-27 15:05:39.042 9 INFO neutron.services.segments.plugin [-] Segment 442dae8c-9061-47b2-af37-1001878447d0 resource provider not found; error: Placement Client Error (4xx): {"errors": [{"status": 404, "title": "Not Found", "detail": "The resource could not be found.\n\n No resource provider with uuid 442dae8c-9061-47b2-af37-1001878447d0 found for delete ", "request_id": "req-69da74d3-baa4-48e8-abc7-bd14e33b5acc"}]}
2026-05-27 15:05:39.082 9 INFO neutron.db.ovn_revision_numbers_db [None req-7f5c159d-e5a8-4ca0-b9f7-0b79269456ab c30947483e7a44f885499579c7994791 d99fa64d52b44c7b977e0347bb4ce4ec - - default default] Successfully bumped revision number for resource 3e52bf10-d179-4aba-9d78-af53cb2a0f32 (type: security_groups) to 1
2026-05-27 15:05:39.112 9 INFO neutron.db.ovn_revision_numbers_db [None req-7f5c159d-e5a8-4ca0-b9f7-0b79269456ab c30947483e7a44f885499579c7994791 d99fa64d52b44c7b977e0347bb4ce4ec - - default default] Successfully bumped revision number for resource 0efeb608-8c7c-4835-ba95-5e21d992106e (type: security_group_rules) to 0
2026-05-27 15:05:39.137 9 INFO neutron.db.ovn_revision_numbers_db [None req-7f5c159d-e5a8-4ca0-b9f7-0b79269456ab c30947483e7a44f885499579c7994791 d99fa64d52b44c7b977e0347bb4ce4ec - - default default] Successfully bumped revision number for resource 3b094dc9-ac30-4cd2-9cd5-5f8fd003c0e9 (type: security_group_rules) to 0
2026-05-27 15:05:39.161 9 INFO neutron.db.ovn_revision_numbers_db [None req-7f5c159d-e5a8-4ca0-b9f7-0b79269456ab c30947483e7a44f885499579c7994791 d99fa64d52b44c7b977e0347bb4ce4ec - - default default] Successfully bumped revision number for resource ef6aa7bc-fffe-4d07-a0c1-b6f5ae108805 (type: security_group_rules) to 0
2026-05-27 15:05:39.184 9 INFO neutron.db.ovn_revision_numbers_db [None req-7f5c159d-e5a8-4ca0-b9f7-0b79269456ab c30947483e7a44f885499579c7994791 d99fa64d52b44c7b977e0347bb4ce4ec - - default default] Successfully bumped revision number for resource f4885533-a909-422b-9d38-cfa43e8c9a82 (type: security_group_rules) to 0
2026-05-27 15:05:39.212 9 WARNING neutron.scheduler.dhcp_agent_scheduler [None req-07627634-0917-457c-b351-f2fbc98afacd 5aa25cd580ed41e8a0d0db488a6297cc cef82d0e40044693b3d109d39f3b6e99 - - default default] No more DHCP agents
2026-05-27 15:05:39.221 9 WARNING neutron.api.rpc.agentnotifiers.dhcp_rpc_agent_api [None req-07627634-0917-457c-b351-f2fbc98afacd 5aa25cd580ed41e8a0d0db488a6297cc cef82d0e40044693b3d109d39f3b6e99 - - default default] Unable to schedule network 79878880-62c6-48c3-8e1c-328959196206: no agents available; will retry on subsequent port and subnet creation events.
2026-05-27 15:05:39.266 9 INFO neutron.db.segments_db [None req-7f5c159d-e5a8-4ca0-b9f7-0b79269456ab c30947483e7a44f885499579c7994791 d99fa64d52b44c7b977e0347bb4ce4ec - - default default] Added segment e06d1586-1630-41f3-ab0e-761510d3013b of type geneve for network d924ba2d-df74-45a2-b7f9-5f569b6342f9
2026-05-27 15:05:39.376 9 INFO neutron.db.ovn_revision_numbers_db [None req-07627634-0917-457c-b351-f2fbc98afacd 5aa25cd580ed41e8a0d0db488a6297cc cef82d0e40044693b3d109d39f3b6e99 - - default default] Successfully bumped revision number for resource 89a33bf3-6edd-41ec-8d07-703fd554bbea (type: ports) to 1
2026-05-27 15:05:39.407 9 INFO neutron.wsgi [None req-07627634-0917-457c-b351-f2fbc98afacd 5aa25cd580ed41e8a0d0db488a6297cc cef82d0e40044693b3d109d39f3b6e99 - - default default] 10.0.0.86 "POST /v2.0/networks HTTP/1.1" status: 201 len: 830 time: 1.2371593
2026-05-27 15:05:39.430 9 WARNING neutron_lib.context [None req-8e8883f0-5f03-45e6-9535-ab9b97be547b 5aa25cd580ed41e8a0d0db488a6297cc cef82d0e40044693b3d109d39f3b6e99 - - default default] Method 'is_advsvc' is deprecated since 2023.2 release (neutron-lib 3.8.0) and will be removed once support for the old RBAC API policies will be removed from Neutron. Please use method 'is_service_role' instead.
2026-05-27 15:05:39.455 10 INFO neutron.wsgi [None req-d3fa1cb3-be35-4310-8eb4-35e9c263b006 af31d3b9a08d4e98b739ff1442f108e4 d6d3c0b2fcb04e1486f724a49eb0b9c4 - - default default] 10.0.0.86 "DELETE /v2.0/networks/9ec0ccae-1284-49cd-91b1-59668644794f HTTP/1.1" status: 204 len: 168 time: 0.6146867
2026-05-27 15:05:39.496 9 INFO neutron.db.ovn_revision_numbers_db [None req-7f5c159d-e5a8-4ca0-b9f7-0b79269456ab c30947483e7a44f885499579c7994791 d99fa64d52b44c7b977e0347bb4ce4ec - - default default] Successfully bumped revision number for resource d924ba2d-df74-45a2-b7f9-5f569b6342f9 (type: networks) to 1
2026-05-27 15:05:39.534 10 INFO neutron.wsgi [None req-b0af5731-8194-47dd-a508-9f8f4118ff90 b2389cd0db04491fa47c218780333a8f b748f6bce2ca4bd593c50bd52b2ea4c0 - - default default] 10.0.0.86 "DELETE /v2.0/networks/a94e1340-1544-439d-b961-a343b5a5a94a HTTP/1.1" status: 204 len: 168 time: 0.6021636
2026-05-27 15:05:40.060 9 WARNING neutron.scheduler.dhcp_agent_scheduler [None req-7f5c159d-e5a8-4ca0-b9f7-0b79269456ab c30947483e7a44f885499579c7994791 d99fa64d52b44c7b977e0347bb4ce4ec - - default default] No more DHCP agents
2026-05-27 15:05:40.068 9 WARNING neutron.api.rpc.agentnotifiers.dhcp_rpc_agent_api [None req-7f5c159d-e5a8-4ca0-b9f7-0b79269456ab c30947483e7a44f885499579c7994791 d99fa64d52b44c7b977e0347bb4ce4ec - - default default] Unable to schedule network d924ba2d-df74-45a2-b7f9-5f569b6342f9: no agents available; will retry on subsequent port and subnet creation events.
2026-05-27 15:05:40.140 9 WARNING neutron.scheduler.dhcp_agent_scheduler [None req-8e8883f0-5f03-45e6-9535-ab9b97be547b 5aa25cd580ed41e8a0d0db488a6297cc cef82d0e40044693b3d109d39f3b6e99 - - default default] No more DHCP agents
2026-05-27 15:05:40.166 9 WARNING neutron.api.rpc.agentnotifiers.dhcp_rpc_agent_api [None req-8e8883f0-5f03-45e6-9535-ab9b97be547b 5aa25cd580ed41e8a0d0db488a6297cc cef82d0e40044693b3d109d39f3b6e99 - - default default] Unable to schedule network 79878880-62c6-48c3-8e1c-328959196206: no agents available; will retry on subsequent port and subnet creation events.
2026-05-27 15:05:40.278 9 INFO neutron.db.ovn_revision_numbers_db [None req-7f5c159d-e5a8-4ca0-b9f7-0b79269456ab c30947483e7a44f885499579c7994791 d99fa64d52b44c7b977e0347bb4ce4ec - - default default] Successfully bumped revision number for resource fd697da4-e065-4bf0-96a2-2698a278330a (type: ports) to 1
2026-05-27 15:05:40.328 9 INFO neutron.wsgi [None req-7f5c159d-e5a8-4ca0-b9f7-0b79269456ab c30947483e7a44f885499579c7994791 d99fa64d52b44c7b977e0347bb4ce4ec - - default default] 10.0.0.86 "POST /v2.0/networks HTTP/1.1" status: 201 len: 929 time: 1.6186562
2026-05-27 15:05:40.350 9 INFO neutron.db.ovn_revision_numbers_db [None req-8e8883f0-5f03-45e6-9535-ab9b97be547b 5aa25cd580ed41e8a0d0db488a6297cc cef82d0e40044693b3d109d39f3b6e99 - - default default] Successfully bumped revision number for resource 81a6a4fe-7ce3-4cc0-a547-2f25a8992cd9 (type: ports) to 1
2026-05-27 15:05:40.388 9 INFO neutron.wsgi [None req-8e8883f0-5f03-45e6-9535-ab9b97be547b 5aa25cd580ed41e8a0d0db488a6297cc cef82d0e40044693b3d109d39f3b6e99 - - default default] 10.0.0.86 "POST /v2.0/ports HTTP/1.1" status: 201 len: 942 time: 0.9762595 /var/lib/openstack/lib/python3.10/site-packages/pycadf/identifier.py:71: UserWarning: Invalid uuid: neutron. To ensure interoperability, identifiers should be a valid uuid. warnings.warn(('Invalid uuid: %s. To ensure interoperability, '
2026-05-27 15:05:40.400 9 WARNING neutron_lib.context [None req-cc219909-f1a5-4fd4-8a3f-cdb7569ffc2b 5aa25cd580ed41e8a0d0db488a6297cc cef82d0e40044693b3d109d39f3b6e99 - - default default] Method 'is_advsvc' is deprecated since 2023.2 release (neutron-lib 3.8.0) and will be removed once support for the old RBAC API policies will be removed from Neutron. Please use method 'is_service_role' instead.
2026-05-27 15:05:40.516 9 INFO neutron.db.segments_db [None req-cc219909-f1a5-4fd4-8a3f-cdb7569ffc2b 5aa25cd580ed41e8a0d0db488a6297cc cef82d0e40044693b3d109d39f3b6e99 - - default default] Added segment 4e1b3b43-d102-4520-8687-328bcf781fa6 of type geneve for network 7e85568e-b76e-42eb-a168-f300d2ab2c74
2026-05-27 15:05:40.550 10 WARNING neutron.scheduler.dhcp_agent_scheduler [None req-a17fd4b2-34f7-4dee-a1b5-9b3a96573cd9 c30947483e7a44f885499579c7994791 d99fa64d52b44c7b977e0347bb4ce4ec - - default default] No more DHCP agents
2026-05-27 15:05:40.553 10 WARNING neutron.api.rpc.agentnotifiers.dhcp_rpc_agent_api [None req-a17fd4b2-34f7-4dee-a1b5-9b3a96573cd9 c30947483e7a44f885499579c7994791 d99fa64d52b44c7b977e0347bb4ce4ec - - default default] Unable to schedule network d924ba2d-df74-45a2-b7f9-5f569b6342f9: no agents available; will retry on subsequent port and subnet creation events.
2026-05-27 15:05:40.728 9 INFO neutron.db.ovn_revision_numbers_db [None req-cc219909-f1a5-4fd4-8a3f-cdb7569ffc2b 5aa25cd580ed41e8a0d0db488a6297cc cef82d0e40044693b3d109d39f3b6e99 - - default default] Successfully bumped revision number for resource 7e85568e-b76e-42eb-a168-f300d2ab2c74 (type: networks) to 1
2026-05-27 15:05:40.816 10 INFO neutron.services.segments.plugin [-] Segment 40264294-c1e5-46a5-85d8-5980ae0c2ea9 resource provider aggregate not found
2026-05-27 15:05:40.836 10 INFO neutron.services.segments.plugin [-] Segment 40264294-c1e5-46a5-85d8-5980ae0c2ea9 resource provider not found; error: Placement Client Error (4xx): {"errors": [{"status": 404, "title": "Not Found", "detail": "The resource could not be found.\n\n No resource provider with uuid 40264294-c1e5-46a5-85d8-5980ae0c2ea9 found for delete ", "request_id": "req-69f876c0-d64e-413b-95c2-178572f5e572"}]}
2026-05-27 15:05:40.854 10 INFO neutron.services.segments.plugin [-] Segment 747868ca-2d5d-496f-85e1-d0742c1d5e4a resource provider aggregate not found
2026-05-27 15:05:40.872 10 INFO neutron.services.segments.plugin [-] Segment 747868ca-2d5d-496f-85e1-d0742c1d5e4a resource provider not found; error: Placement Client Error (4xx): {"errors": [{"status": 404, "title": "Not Found", "detail": "The resource could not be found.\n\n No resource provider with uuid 747868ca-2d5d-496f-85e1-d0742c1d5e4a found for delete ", "request_id": "req-f8453ccb-2b9c-4e98-9467-c58b0212199b"}]}
2026-05-27 15:05:40.883 10 INFO neutron.services.segments.plugin [-] Segment 40264294-c1e5-46a5-85d8-5980ae0c2ea9 resource provider aggregate not found
2026-05-27 15:05:40.900 10 INFO neutron.services.segments.plugin [-] Segment 40264294-c1e5-46a5-85d8-5980ae0c2ea9 resource provider not found; error: Placement Client Error (4xx): {"errors": [{"status": 404, "title": "Not Found", "detail": "The resource could not be found.\n\n No resource provider with uuid 40264294-c1e5-46a5-85d8-5980ae0c2ea9 found for delete ", "request_id": "req-8cd49322-53df-419b-80ad-99c4cf4f557f"}]}
2026-05-27 15:05:40.919 10 INFO neutron.services.segments.plugin [-] Segment 747868ca-2d5d-496f-85e1-d0742c1d5e4a resource provider aggregate not found
2026-05-27 15:05:40.928 9 INFO neutron.db.ovn_revision_numbers_db [None req-7ba0a8ca-4704-4925-a834-cb28b909ca9d b2389cd0db04491fa47c218780333a8f b748f6bce2ca4bd593c50bd52b2ea4c0 - - default default] Successfully bumped revision number for resource 86b8053f-09e1-4c89-b878-1caea7c67b08 (type: security_groups) to 1
2026-05-27 15:05:40.937 10 INFO neutron.services.segments.plugin [-] Segment 747868ca-2d5d-496f-85e1-d0742c1d5e4a resource provider not found; error: Placement Client Error (4xx): {"errors": [{"status": 404, "title": "Not Found", "detail": "The resource could not be found.\n\n No resource provider with uuid 747868ca-2d5d-496f-85e1-d0742c1d5e4a found for delete ", "request_id": "req-28f76258-1de5-4f8b-894b-6e65f1179692"}]}
2026-05-27 15:05:40.967 9 INFO neutron.db.ovn_revision_numbers_db [None req-7ba0a8ca-4704-4925-a834-cb28b909ca9d b2389cd0db04491fa47c218780333a8f b748f6bce2ca4bd593c50bd52b2ea4c0 - - default default] Successfully bumped revision number for resource 3d8c3933-1028-49f0-96a6-ba47d22818c9 (type: security_group_rules) to 0
2026-05-27 15:05:41.019 9 INFO neutron.db.ovn_revision_numbers_db [None req-7ba0a8ca-4704-4925-a834-cb28b909ca9d b2389cd0db04491fa47c218780333a8f b748f6bce2ca4bd593c50bd52b2ea4c0 - - default default] Successfully bumped revision number for resource 9428f354-9972-4192-baa9-57b2ff7d10d9 (type: security_group_rules) to 0
2026-05-27 15:05:41.084 9 INFO neutron.db.ovn_revision_numbers_db [None req-7ba0a8ca-4704-4925-a834-cb28b909ca9d b2389cd0db04491fa47c218780333a8f b748f6bce2ca4bd593c50bd52b2ea4c0 - - default default] Successfully bumped revision number for resource b5047389-5cfa-435f-b11c-46f9ea90fa7b (type: security_group_rules) to 0
2026-05-27 15:05:41.095 9 WARNING neutron.scheduler.dhcp_agent_scheduler [None req-cc219909-f1a5-4fd4-8a3f-cdb7569ffc2b 5aa25cd580ed41e8a0d0db488a6297cc cef82d0e40044693b3d109d39f3b6e99 - - default default] No more DHCP agents
2026-05-27 15:05:41.103 9 WARNING neutron.api.rpc.agentnotifiers.dhcp_rpc_agent_api [None req-cc219909-f1a5-4fd4-8a3f-cdb7569ffc2b 5aa25cd580ed41e8a0d0db488a6297cc cef82d0e40044693b3d109d39f3b6e99 - - default default] Unable to schedule network 7e85568e-b76e-42eb-a168-f300d2ab2c74: no agents available; will retry on subsequent port and subnet creation events.
2026-05-27 15:05:41.116 9 INFO neutron.db.ovn_revision_numbers_db [None req-7ba0a8ca-4704-4925-a834-cb28b909ca9d b2389cd0db04491fa47c218780333a8f b748f6bce2ca4bd593c50bd52b2ea4c0 - - default default] Successfully bumped revision number for resource f9e4bb7e-dc48-4e0b-88cb-b3062cbffa9f (type: security_group_rules) to 0
2026-05-27 15:05:41.168 10 INFO neutron.db.ovn_revision_numbers_db [None req-a17fd4b2-34f7-4dee-a1b5-9b3a96573cd9 c30947483e7a44f885499579c7994791 d99fa64d52b44c7b977e0347bb4ce4ec - - default default] Successfully bumped revision number for resource fd697da4-e065-4bf0-96a2-2698a278330a (type: ports) to 2
2026-05-27 15:05:41.208 10 INFO neutron.db.ovn_revision_numbers_db [None req-a17fd4b2-34f7-4dee-a1b5-9b3a96573cd9 c30947483e7a44f885499579c7994791 d99fa64d52b44c7b977e0347bb4ce4ec - - default default] Successfully bumped revision number for resource 1f6451f0-f382-4023-aff9-7e4670dbd545 (type: subnets) to 0
2026-05-27 15:05:41.232 10 INFO neutron.wsgi [None req-a17fd4b2-34f7-4dee-a1b5-9b3a96573cd9 c30947483e7a44f885499579c7994791 d99fa64d52b44c7b977e0347bb4ce4ec - - default default] 10.0.0.86 "POST /v2.0/subnets HTTP/1.1" status: 201 len: 819 time: 0.8963761
2026-05-27 15:05:41.245 10 WARNING neutron.api.v2.base [None req-cc59459e-b38d-4dfd-bb51-bff8429647cd c30947483e7a44f885499579c7994791 d99fa64d52b44c7b977e0347bb4ce4ec - - default default] An exception happened while processing the request body. The exception message is [Invalid input for target_tenant. Reason: 'None' is not a valid string.].: webob.exc.HTTPBadRequest: Invalid input for target_tenant. Reason: 'None' is not a valid string.
2026-05-27 15:05:41.246 10 INFO neutron.api.v2.resource [None req-cc59459e-b38d-4dfd-bb51-bff8429647cd c30947483e7a44f885499579c7994791 d99fa64d52b44c7b977e0347bb4ce4ec - - default default] create failed (client error): Invalid input for target_tenant. Reason: 'None' is not a valid string.
2026-05-27 15:05:41.249 10 INFO neutron.wsgi [None req-cc59459e-b38d-4dfd-bb51-bff8429647cd c30947483e7a44f885499579c7994791 d99fa64d52b44c7b977e0347bb4ce4ec - - default default] 10.0.0.86 "POST /v2.0/rbac-policies HTTP/1.1" status: 400 len: 346 time: 0.0103602
2026-05-27 15:05:41.416 9 INFO neutron.wsgi [None req-7ba0a8ca-4704-4925-a834-cb28b909ca9d b2389cd0db04491fa47c218780333a8f b748f6bce2ca4bd593c50bd52b2ea4c0 - - default default] 10.0.0.86 "GET /v2.0/security-groups?tenant_id=af25f21ea5484b3bbd1e255b113a0798&name=default HTTP/1.1" status: 200 len: 2996 time: 1.0323210
2026-05-27 15:05:41.504 9 INFO neutron.db.ovn_revision_numbers_db [None req-cc219909-f1a5-4fd4-8a3f-cdb7569ffc2b 5aa25cd580ed41e8a0d0db488a6297cc cef82d0e40044693b3d109d39f3b6e99 - - default default] Successfully bumped revision number for resource 5f0accaa-ea48-41da-ab46-5872e2f4fbe1 (type: ports) to 1
2026-05-27 15:05:41.551 9 INFO neutron.wsgi [None req-cc219909-f1a5-4fd4-8a3f-cdb7569ffc2b 5aa25cd580ed41e8a0d0db488a6297cc cef82d0e40044693b3d109d39f3b6e99 - - default default] 10.0.0.86 "POST /v2.0/networks HTTP/1.1" status: 201 len: 830 time: 1.1578147
2026-05-27 15:05:41.564 9 WARNING neutron_lib.context [None req-8e8049cf-451e-4fee-a5dd-135f5a7c4354 5aa25cd580ed41e8a0d0db488a6297cc cef82d0e40044693b3d109d39f3b6e99 - - default default] Method 'is_advsvc' is deprecated since 2023.2 release (neutron-lib 3.8.0) and will be removed once support for the old RBAC API policies will be removed from Neutron. Please use method 'is_service_role' instead.
2026-05-27 15:05:41.751 10 INFO neutron.wsgi [None req-e44a5bfb-a18a-4741-8d6f-e1e18500c2c9 b2389cd0db04491fa47c218780333a8f b748f6bce2ca4bd593c50bd52b2ea4c0 - - default default] 10.0.0.86 "DELETE /v2.0/security-groups/86b8053f-09e1-4c89-b878-1caea7c67b08 HTTP/1.1" status: 204 len: 168 time: 0.3303180
2026-05-27 15:05:41.770 9 INFO neutron.wsgi [None req-1daed89c-c4cf-420b-ad06-1287c2307cc5 b2389cd0db04491fa47c218780333a8f b748f6bce2ca4bd593c50bd52b2ea4c0 - - default default] 10.0.0.86 "PUT /v2.0/routers/1920c41e-45b9-47e6-acd0-e0fd3100c9d4/remove_router_interface HTTP/1.1" status: 200 len: 503 time: 2.2304113 /var/lib/openstack/lib/python3.10/site-packages/pycadf/identifier.py:71: UserWarning: Invalid uuid: neutron. To ensure interoperability, identifiers should be a valid uuid. warnings.warn(('Invalid uuid: %s. To ensure interoperability, '
2026-05-27 15:05:42.009 9 WARNING neutron.scheduler.dhcp_agent_scheduler [None req-8e8049cf-451e-4fee-a5dd-135f5a7c4354 5aa25cd580ed41e8a0d0db488a6297cc cef82d0e40044693b3d109d39f3b6e99 - - default default] No more DHCP agents
2026-05-27 15:05:42.016 9 WARNING neutron.api.rpc.agentnotifiers.dhcp_rpc_agent_api [None req-8e8049cf-451e-4fee-a5dd-135f5a7c4354 5aa25cd580ed41e8a0d0db488a6297cc cef82d0e40044693b3d109d39f3b6e99 - - default default] Unable to schedule network 7e85568e-b76e-42eb-a168-f300d2ab2c74: no agents available; will retry on subsequent port and subnet creation events.
2026-05-27 15:05:42.022 10 INFO neutron.wsgi [None req-bd8561a2-e6e3-464a-9381-8d06d23eea31 c30947483e7a44f885499579c7994791 d99fa64d52b44c7b977e0347bb4ce4ec - - default default] 10.0.0.86 "DELETE /v2.0/networks/d924ba2d-df74-45a2-b7f9-5f569b6342f9 HTTP/1.1" status: 204 len: 168 time: 0.7685359
2026-05-27 15:05:42.069 10 INFO neutron.db.ovn_revision_numbers_db [None req-4970e25c-d4ca-4755-9f27-3fef75be5bf4 b2389cd0db04491fa47c218780333a8f b748f6bce2ca4bd593c50bd52b2ea4c0 - - default default] Successfully bumped revision number for resource 1cf1dd4c-96de-4398-9a66-288bc262995b (type: security_groups) to 1
2026-05-27 15:05:42.087 10 INFO neutron.db.ovn_revision_numbers_db [None req-4970e25c-d4ca-4755-9f27-3fef75be5bf4 b2389cd0db04491fa47c218780333a8f b748f6bce2ca4bd593c50bd52b2ea4c0 - - default default] Successfully bumped revision number for resource 786077db-0a3e-4fec-976c-d82fb9afb09b (type: security_group_rules) to 0
2026-05-27 15:05:42.101 10 INFO neutron.db.ovn_revision_numbers_db [None req-4970e25c-d4ca-4755-9f27-3fef75be5bf4 b2389cd0db04491fa47c218780333a8f b748f6bce2ca4bd593c50bd52b2ea4c0 - - default default] Successfully bumped revision number for resource 8847e826-0a29-4f61-91a8-d2b9bfe82bb5 (type: security_group_rules) to 0
2026-05-27 15:05:42.124 10 INFO neutron.db.segments_db [None req-d51b9218-5a41-449b-9efe-c436d9ebf9c6 c30947483e7a44f885499579c7994791 d99fa64d52b44c7b977e0347bb4ce4ec - - default default] Added segment fef66502-b934-4c2f-9cd8-09a571bbb394 of type geneve for network b80037c8-5fc9-47c0-aced-d6037913d606
2026-05-27 15:05:42.128 10 INFO neutron.db.ovn_revision_numbers_db [None req-4970e25c-d4ca-4755-9f27-3fef75be5bf4 b2389cd0db04491fa47c218780333a8f b748f6bce2ca4bd593c50bd52b2ea4c0 - - default default] Successfully bumped revision number for resource ae7a7e1a-6a76-4576-be16-726db7e27f51 (type: security_group_rules) to 0
2026-05-27 15:05:42.149 10 INFO neutron.db.ovn_revision_numbers_db [None req-4970e25c-d4ca-4755-9f27-3fef75be5bf4 b2389cd0db04491fa47c218780333a8f b748f6bce2ca4bd593c50bd52b2ea4c0 - - default default] Successfully bumped revision number for resource eec58c79-cd98-4e8e-b714-2556ad4cf2fd (type: security_group_rules) to 0
2026-05-27 15:05:42.178 9 INFO neutron.db.ovn_revision_numbers_db [None req-8e8049cf-451e-4fee-a5dd-135f5a7c4354 5aa25cd580ed41e8a0d0db488a6297cc cef82d0e40044693b3d109d39f3b6e99 - - default default] Successfully bumped revision number for resource bf82c8a9-a3b6-4c0d-be6d-ad79741c12ed (type: ports) to 1
2026-05-27 15:05:42.201 10 INFO neutron.wsgi [None req-4970e25c-d4ca-4755-9f27-3fef75be5bf4 b2389cd0db04491fa47c218780333a8f b748f6bce2ca4bd593c50bd52b2ea4c0 - - default default] 10.0.0.86 "GET /v2.0/security-groups?tenant_id=76b9f9927a054d6ba1309970cdc9218b&name=default HTTP/1.1" status: 200 len: 2996 time: 0.3222554
2026-05-27 15:05:42.230 9 INFO neutron.wsgi [None req-8e8049cf-451e-4fee-a5dd-135f5a7c4354 5aa25cd580ed41e8a0d0db488a6297cc cef82d0e40044693b3d109d39f3b6e99 - - default default] 10.0.0.86 "POST /v2.0/ports HTTP/1.1" status: 201 len: 942 time: 0.6729295 /var/lib/openstack/lib/python3.10/site-packages/pycadf/identifier.py:71: UserWarning: Invalid uuid: neutron. To ensure interoperability, identifiers should be a valid uuid. warnings.warn(('Invalid uuid: %s. To ensure interoperability, '
2026-05-27 15:05:42.243 9 WARNING neutron_lib.context [None req-9d08355d-8407-4617-bc0c-6128ace5830e 5aa25cd580ed41e8a0d0db488a6297cc cef82d0e40044693b3d109d39f3b6e99 - - default default] Method 'is_advsvc' is deprecated since 2023.2 release (neutron-lib 3.8.0) and will be removed once support for the old RBAC API policies will be removed from Neutron. Please use method 'is_service_role' instead.
2026-05-27 15:05:42.312 10 INFO neutron.db.ovn_revision_numbers_db [None req-d51b9218-5a41-449b-9efe-c436d9ebf9c6 c30947483e7a44f885499579c7994791 d99fa64d52b44c7b977e0347bb4ce4ec - - default default] Successfully bumped revision number for resource b80037c8-5fc9-47c0-aced-d6037913d606 (type: networks) to 1
2026-05-27 15:05:42.349 9 INFO neutron.db.segments_db [None req-9d08355d-8407-4617-bc0c-6128ace5830e 5aa25cd580ed41e8a0d0db488a6297cc cef82d0e40044693b3d109d39f3b6e99 - - default default] Added segment 9368f0da-d4a0-4a74-aa87-b4c9e29ae425 of type geneve for network 486f1fab-97d0-4338-bf1e-66ccb980b0d0
2026-05-27 15:05:42.532 10 WARNING neutron.scheduler.dhcp_agent_scheduler [None req-d51b9218-5a41-449b-9efe-c436d9ebf9c6 c30947483e7a44f885499579c7994791 d99fa64d52b44c7b977e0347bb4ce4ec - - default default] No more DHCP agents
2026-05-27 15:05:42.536 10 WARNING neutron.api.rpc.agentnotifiers.dhcp_rpc_agent_api [None req-d51b9218-5a41-449b-9efe-c436d9ebf9c6 c30947483e7a44f885499579c7994791 d99fa64d52b44c7b977e0347bb4ce4ec - - default default] Unable to schedule network b80037c8-5fc9-47c0-aced-d6037913d606: no agents available; will retry on subsequent port and subnet creation events.
2026-05-27 15:05:42.565 10 INFO neutron.wsgi [None req-c3fee6d1-96c1-4bf9-bdeb-1afd49d41f5c b2389cd0db04491fa47c218780333a8f b748f6bce2ca4bd593c50bd52b2ea4c0 - - default default] 10.0.0.86 "DELETE /v2.0/security-groups/1cf1dd4c-96de-4398-9a66-288bc262995b HTTP/1.1" status: 204 len: 168 time: 0.3598261
2026-05-27 15:05:42.629 10 INFO neutron.db.ovn_revision_numbers_db [None req-d51b9218-5a41-449b-9efe-c436d9ebf9c6 c30947483e7a44f885499579c7994791 d99fa64d52b44c7b977e0347bb4ce4ec - - default default] Successfully bumped revision number for resource 2e96ce50-6323-42e3-ac45-307771057101 (type: ports) to 1
2026-05-27 15:05:42.635 9 INFO neutron.db.ovn_revision_numbers_db [None req-9d08355d-8407-4617-bc0c-6128ace5830e 5aa25cd580ed41e8a0d0db488a6297cc cef82d0e40044693b3d109d39f3b6e99 - - default default] Successfully bumped revision number for resource 486f1fab-97d0-4338-bf1e-66ccb980b0d0 (type: networks) to 1
2026-05-27 15:05:42.650 10 INFO neutron.wsgi [None req-d51b9218-5a41-449b-9efe-c436d9ebf9c6 c30947483e7a44f885499579c7994791 d99fa64d52b44c7b977e0347bb4ce4ec - - default default] 10.0.0.86 "POST /v2.0/networks HTTP/1.1" status: 201 len: 927 time: 0.6203523
2026-05-27 15:05:42.768 10 INFO neutron.wsgi [None req-f37c5719-a9f9-4456-850d-eba65a49aa96 b2389cd0db04491fa47c218780333a8f b748f6bce2ca4bd593c50bd52b2ea4c0 - - default default] 10.0.0.86 "GET /v2.0/security-groups?tenant_id=d6d3c0b2fcb04e1486f724a49eb0b9c4&name=default HTTP/1.1" status: 200 len: 2996 time: 0.0442681
2026-05-27 15:05:42.851 10 WARNING neutron.scheduler.dhcp_agent_scheduler [None req-aed56dab-c2de-4fc2-b673-cfdeeaf2de55 c30947483e7a44f885499579c7994791 d99fa64d52b44c7b977e0347bb4ce4ec - - default default] No more DHCP agents
2026-05-27 15:05:42.857 10 WARNING neutron.api.rpc.agentnotifiers.dhcp_rpc_agent_api [None req-aed56dab-c2de-4fc2-b673-cfdeeaf2de55 c30947483e7a44f885499579c7994791 d99fa64d52b44c7b977e0347bb4ce4ec - - default default] Unable to schedule network b80037c8-5fc9-47c0-aced-d6037913d606: no agents available; will retry on subsequent port and subnet creation events.
2026-05-27 15:05:42.894 9 WARNING neutron.scheduler.dhcp_agent_scheduler [None req-9d08355d-8407-4617-bc0c-6128ace5830e 5aa25cd580ed41e8a0d0db488a6297cc cef82d0e40044693b3d109d39f3b6e99 - - default default] No more DHCP agents
2026-05-27 15:05:42.896 10 INFO neutron.services.segments.plugin [-] Segment e06d1586-1630-41f3-ab0e-761510d3013b resource provider aggregate not found
