2026-05-27 15:03:50.700 9 INFO neutron.db.ovn_revision_numbers_db [None req-2ad83455-59f3-4139-9f33-c2f740cc332a e80261e433dd41189e676b62fbe3a11f 288d6f20a9324841962eba0e0abb295a - - default default] Successfully bumped revision number for resource ca663f4a-8d6c-4bb2-8125-416c4a302f5f (type: router_ports) to 2
2026-05-27 15:03:50.703 9 INFO neutron.wsgi [None req-2ad83455-59f3-4139-9f33-c2f740cc332a e80261e433dd41189e676b62fbe3a11f 288d6f20a9324841962eba0e0abb295a - - default default] 10.0.0.86 "PUT /v2.0/routers/2dccb5ed-bec9-4ee8-809d-3b4dccc8c83b/add_router_interface HTTP/1.1" status: 200 len: 503 time: 1.8198817
2026-05-27 15:03:50.823 10 INFO neutron.wsgi [None req-66ee14c5-0144-4c86-b663-e83a7a53be5c e80261e433dd41189e676b62fbe3a11f 288d6f20a9324841962eba0e0abb295a - - default default] 10.0.0.86 "GET /v2.0/ports/ca663f4a-8d6c-4bb2-8125-416c4a302f5f HTTP/1.1" status: 200 len: 1137 time: 0.1118176
2026-05-27 15:03:50.956 9 INFO neutron.wsgi [None req-feefad13-7a60-4f50-87da-6ba32317c726 e80261e433dd41189e676b62fbe3a11f 288d6f20a9324841962eba0e0abb295a - - default default] 10.0.0.86 "GET /v2.0/ports/ca663f4a-8d6c-4bb2-8125-416c4a302f5f HTTP/1.1" status: 200 len: 1137 time: 0.1124020
2026-05-27 15:03:51.561 10 INFO neutron.db.ovn_revision_numbers_db [None req-d6d08036-0b33-4182-81f4-417a2adb86a4 b2389cd0db04491fa47c218780333a8f b748f6bce2ca4bd593c50bd52b2ea4c0 - - default default] Successfully bumped revision number for resource d03174a3-8965-4d22-9f5a-55aff5ce6e6c (type: security_groups) to 1
2026-05-27 15:03:51.577 10 INFO neutron.db.ovn_revision_numbers_db [None req-d6d08036-0b33-4182-81f4-417a2adb86a4 b2389cd0db04491fa47c218780333a8f b748f6bce2ca4bd593c50bd52b2ea4c0 - - default default] Successfully bumped revision number for resource 11a85be4-c86c-4402-bc97-67f25b7bcd58 (type: security_group_rules) to 0
2026-05-27 15:03:51.594 10 INFO neutron.db.ovn_revision_numbers_db [None req-d6d08036-0b33-4182-81f4-417a2adb86a4 b2389cd0db04491fa47c218780333a8f b748f6bce2ca4bd593c50bd52b2ea4c0 - - default default] Successfully bumped revision number for resource 432cf007-c8c3-4cb4-9ec3-65622eb9287f (type: security_group_rules) to 0
2026-05-27 15:03:51.610 10 INFO neutron.db.ovn_revision_numbers_db [None req-d6d08036-0b33-4182-81f4-417a2adb86a4 b2389cd0db04491fa47c218780333a8f b748f6bce2ca4bd593c50bd52b2ea4c0 - - default default] Successfully bumped revision number for resource 697dc5bd-3a18-4af2-ab2c-e757fc7826e1 (type: security_group_rules) to 0
2026-05-27 15:03:51.624 10 INFO neutron.db.ovn_revision_numbers_db [None req-d6d08036-0b33-4182-81f4-417a2adb86a4 b2389cd0db04491fa47c218780333a8f b748f6bce2ca4bd593c50bd52b2ea4c0 - - default default] Successfully bumped revision number for resource 745dd9a5-5280-41cd-a483-d5f806e7c173 (type: security_group_rules) to 0
2026-05-27 15:03:51.650 10 INFO neutron.wsgi [None req-d6d08036-0b33-4182-81f4-417a2adb86a4 b2389cd0db04491fa47c218780333a8f b748f6bce2ca4bd593c50bd52b2ea4c0 - - default default] 10.0.0.86 "GET /v2.0/security-groups?tenant_id=375c0891ca5c4e7a9bb99a63062f618b&name=default HTTP/1.1" status: 200 len: 2996 time: 0.4517794
2026-05-27 15:03:51.856 10 INFO neutron.wsgi [None req-a5bd4ac1-a0dd-4f6c-a78f-f7953ef1c0dd b2389cd0db04491fa47c218780333a8f b748f6bce2ca4bd593c50bd52b2ea4c0 - - default default] 10.0.0.86 "DELETE /v2.0/security-groups/d03174a3-8965-4d22-9f5a-55aff5ce6e6c HTTP/1.1" status: 204 len: 168 time: 0.2012858
2026-05-27 15:03:52.006 9 INFO neutron.wsgi [None req-6602d5bc-4826-4233-8835-741076872c0d e80261e433dd41189e676b62fbe3a11f 288d6f20a9324841962eba0e0abb295a - - default default] 10.0.0.86 "PUT /v2.0/routers/2dccb5ed-bec9-4ee8-809d-3b4dccc8c83b/remove_router_interface HTTP/1.1" status: 200 len: 503 time: 1.0426733 /var/lib/openstack/lib/python3.10/site-packages/pycadf/identifier.py:71: UserWarning: Invalid uuid: neutron. To ensure interoperability, identifiers should be a valid uuid. warnings.warn(('Invalid uuid: %s. To ensure interoperability, '
2026-05-27 15:03:52.049 9 INFO neutron.wsgi [None req-0174e728-e8d1-47ef-a9d9-55540e0eea63 e80261e433dd41189e676b62fbe3a11f 288d6f20a9324841962eba0e0abb295a - - default default] 10.0.0.86 "GET /v2.0/ports/0ec0dcaf-e624-43cf-b833-be109a0eb76b HTTP/1.1" status: 200 len: 1137 time: 0.0371802
2026-05-27 15:03:52.173 10 INFO neutron.db.ovn_revision_numbers_db [None req-b06d3c01-831d-4557-998f-0a81100cd6ca b2389cd0db04491fa47c218780333a8f b748f6bce2ca4bd593c50bd52b2ea4c0 - - default default] Successfully bumped revision number for resource 3e51a04f-e0b7-405e-9003-546ac853fb97 (type: security_groups) to 1
2026-05-27 15:03:52.188 10 INFO neutron.db.ovn_revision_numbers_db [None req-b06d3c01-831d-4557-998f-0a81100cd6ca b2389cd0db04491fa47c218780333a8f b748f6bce2ca4bd593c50bd52b2ea4c0 - - default default] Successfully bumped revision number for resource 438dff46-da54-405a-a47a-ce2d78e04abd (type: security_group_rules) to 0
2026-05-27 15:03:52.205 10 INFO neutron.db.ovn_revision_numbers_db [None req-b06d3c01-831d-4557-998f-0a81100cd6ca b2389cd0db04491fa47c218780333a8f b748f6bce2ca4bd593c50bd52b2ea4c0 - - default default] Successfully bumped revision number for resource 8b932608-b7e7-433a-a955-05a6e1f22580 (type: security_group_rules) to 0
2026-05-27 15:03:52.222 10 INFO neutron.db.ovn_revision_numbers_db [None req-b06d3c01-831d-4557-998f-0a81100cd6ca b2389cd0db04491fa47c218780333a8f b748f6bce2ca4bd593c50bd52b2ea4c0 - - default default] Successfully bumped revision number for resource e6d53d12-a64f-4e51-8151-e68fda3b7095 (type: security_group_rules) to 0
2026-05-27 15:03:52.237 10 INFO neutron.db.ovn_revision_numbers_db [None req-b06d3c01-831d-4557-998f-0a81100cd6ca b2389cd0db04491fa47c218780333a8f b748f6bce2ca4bd593c50bd52b2ea4c0 - - default default] Successfully bumped revision number for resource ea846cc3-22af-44d7-bdf5-cd780ebbc5fc (type: security_group_rules) to 0
2026-05-27 15:03:52.264 10 INFO neutron.wsgi [None req-b06d3c01-831d-4557-998f-0a81100cd6ca b2389cd0db04491fa47c218780333a8f b748f6bce2ca4bd593c50bd52b2ea4c0 - - default default] 10.0.0.86 "GET /v2.0/security-groups?tenant_id=6466505914204ebf826236d5fb11e45a&name=default HTTP/1.1" status: 200 len: 2996 time: 0.2196095
2026-05-27 15:03:52.410 9 INFO neutron.db.ovn_revision_numbers_db [None req-6a26137b-6e9a-499f-89df-2c573e2061cb b2389cd0db04491fa47c218780333a8f b748f6bce2ca4bd593c50bd52b2ea4c0 - - default default] Successfully bumped revision number for resource 8797eb23-009f-4449-b92c-2d7c4dfd2bf3 (type: security_groups) to 1
2026-05-27 15:03:52.452 9 INFO neutron.db.ovn_revision_numbers_db [None req-6a26137b-6e9a-499f-89df-2c573e2061cb b2389cd0db04491fa47c218780333a8f b748f6bce2ca4bd593c50bd52b2ea4c0 - - default default] Successfully bumped revision number for resource 2a4dea99-9dcc-46af-9a84-7c8721d79f2b (type: security_group_rules) to 0
2026-05-27 15:03:52.471 9 INFO neutron.db.ovn_revision_numbers_db [None req-6a26137b-6e9a-499f-89df-2c573e2061cb b2389cd0db04491fa47c218780333a8f b748f6bce2ca4bd593c50bd52b2ea4c0 - - default default] Successfully bumped revision number for resource 5eabae98-abdd-4616-95ba-ddaf37971ade (type: security_group_rules) to 0
2026-05-27 15:03:52.488 10 INFO neutron.wsgi [None req-963704d5-01a9-42bd-89e0-c6219764cdc7 b2389cd0db04491fa47c218780333a8f b748f6bce2ca4bd593c50bd52b2ea4c0 - - default default] 10.0.0.86 "DELETE /v2.0/security-groups/3e51a04f-e0b7-405e-9003-546ac853fb97 HTTP/1.1" status: 204 len: 168 time: 0.2187014
2026-05-27 15:03:52.499 9 INFO neutron.db.ovn_revision_numbers_db [None req-6a26137b-6e9a-499f-89df-2c573e2061cb b2389cd0db04491fa47c218780333a8f b748f6bce2ca4bd593c50bd52b2ea4c0 - - default default] Successfully bumped revision number for resource b721fd84-1879-4079-865c-9dd978aa718a (type: security_group_rules) to 0
2026-05-27 15:03:52.526 9 INFO neutron.db.ovn_revision_numbers_db [None req-6a26137b-6e9a-499f-89df-2c573e2061cb b2389cd0db04491fa47c218780333a8f b748f6bce2ca4bd593c50bd52b2ea4c0 - - default default] Successfully bumped revision number for resource c4f7c116-0302-4a27-a5c3-fb309f60ddca (type: security_group_rules) to 0
2026-05-27 15:03:52.563 9 INFO neutron.wsgi [None req-6a26137b-6e9a-499f-89df-2c573e2061cb b2389cd0db04491fa47c218780333a8f b748f6bce2ca4bd593c50bd52b2ea4c0 - - default default] 10.0.0.86 "GET /v2.0/security-groups?tenant_id=128010e9dae94d6cad6d1996d67f015d&name=default HTTP/1.1" status: 200 len: 2996 time: 0.5948327
2026-05-27 15:03:52.768 10 INFO neutron.wsgi [None req-1f61af8b-d09c-4214-84a1-df9ac7161a3d b2389cd0db04491fa47c218780333a8f b748f6bce2ca4bd593c50bd52b2ea4c0 - - default default] 10.0.0.86 "DELETE /v2.0/security-groups/8797eb23-009f-4449-b92c-2d7c4dfd2bf3 HTTP/1.1" status: 204 len: 168 time: 0.1988933
2026-05-27 15:03:52.900 9 INFO neutron.wsgi [None req-11dc9f39-da1f-4b78-91ec-eadaa719560b e80261e433dd41189e676b62fbe3a11f 288d6f20a9324841962eba0e0abb295a - - default default] 10.0.0.86 "PUT /v2.0/routers/2dccb5ed-bec9-4ee8-809d-3b4dccc8c83b/remove_router_interface HTTP/1.1" status: 200 len: 503 time: 0.8457570 /var/lib/openstack/lib/python3.10/site-packages/pycadf/identifier.py:71: UserWarning: Invalid uuid: neutron. To ensure interoperability, identifiers should be a valid uuid. warnings.warn(('Invalid uuid: %s. To ensure interoperability, '
2026-05-27 15:03:52.929 9 INFO neutron.wsgi [None req-6969abe8-4d76-4e08-bfa9-a33c66601ef9 e80261e433dd41189e676b62fbe3a11f 288d6f20a9324841962eba0e0abb295a - - default default] 10.0.0.86 "GET /v2.0/ports?device_id=2dccb5ed-bec9-4ee8-809d-3b4dccc8c83b HTTP/1.1" status: 200 len: 205 time: 0.0243742
2026-05-27 15:03:53.258 9 INFO neutron.wsgi [None req-7d7fdc12-c244-402a-99ad-68feb78f0ba9 e80261e433dd41189e676b62fbe3a11f 288d6f20a9324841962eba0e0abb295a - - default default] 10.0.0.86 "DELETE /v2.0/routers/2dccb5ed-bec9-4ee8-809d-3b4dccc8c83b HTTP/1.1" status: 204 len: 168 time: 0.3245621
2026-05-27 15:03:53.474 9 INFO neutron.wsgi [None req-94f936b0-783b-4d76-a215-b850aed3d3c4 e80261e433dd41189e676b62fbe3a11f 288d6f20a9324841962eba0e0abb295a - - default default] 10.0.0.86 "DELETE /v2.0/subnets/9ea6087f-7a17-4b2c-929e-93bdfe2f7e89 HTTP/1.1" status: 204 len: 168 time: 0.2106445
2026-05-27 15:03:53.713 9 INFO neutron.wsgi [None req-f8034969-4373-479f-ad16-37f080a436dd e80261e433dd41189e676b62fbe3a11f 288d6f20a9324841962eba0e0abb295a - - default default] 10.0.0.86 "DELETE /v2.0/subnets/c9a32854-6d50-4038-9303-695ec1a6421d HTTP/1.1" status: 204 len: 168 time: 0.2320447
2026-05-27 15:03:54.132 9 INFO neutron.services.segments.plugin [-] Segment 6262a3ed-98ff-4055-8206-72aa09de28dd resource provider aggregate not found
2026-05-27 15:03:54.147 9 INFO neutron.services.segments.plugin [-] Segment 6262a3ed-98ff-4055-8206-72aa09de28dd resource provider aggregate not found
2026-05-27 15:03:54.159 9 INFO neutron.services.segments.plugin [-] Segment 6262a3ed-98ff-4055-8206-72aa09de28dd resource provider not found; error: Placement Client Error (4xx): {"errors": [{"status": 404, "title": "Not Found", "detail": "The resource could not be found.\n\n No resource provider with uuid 6262a3ed-98ff-4055-8206-72aa09de28dd found for delete ", "request_id": "req-1eff60e1-6412-4fcf-b788-bf2606b7e546"}]}
2026-05-27 15:03:54.167 9 INFO neutron.services.segments.plugin [-] Segment 6262a3ed-98ff-4055-8206-72aa09de28dd resource provider not found; error: Placement Client Error (4xx): {"errors": [{"status": 404, "title": "Not Found", "detail": "The resource could not be found.\n\n No resource provider with uuid 6262a3ed-98ff-4055-8206-72aa09de28dd found for delete ", "request_id": "req-fe1915ff-413f-4587-854c-01149a824f91"}]}
2026-05-27 15:03:54.189 9 INFO neutron.wsgi [None req-e505e3fe-9768-4ca0-8dff-5451d20f3700 e80261e433dd41189e676b62fbe3a11f 288d6f20a9324841962eba0e0abb295a - - default default] 10.0.0.86 "DELETE /v2.0/networks/2604d692-f196-4725-84ae-53227b10c37a HTTP/1.1" status: 204 len: 168 time: 0.4711292
2026-05-27 15:03:54.463 10 WARNING neutron.plugins.ml2.drivers.ovn.mech_driver.ovsdb.ovn_client [None req-86371f71-9a17-4aa8-b4f0-5a9a7d809869 - - - - - -] No port found with ID 0ec0dcaf-e624-43cf-b833-be109a0eb76b: RuntimeError: No port found with ID 0ec0dcaf-e624-43cf-b833-be109a0eb76b
2026-05-27 15:03:54.578 10 INFO neutron.services.segments.plugin [-] Segment 7fb2bd54-199a-47ca-995d-221a1bfe8498 resource provider aggregate not found
2026-05-27 15:03:54.584 10 INFO neutron.services.segments.plugin [-] Segment 7fb2bd54-199a-47ca-995d-221a1bfe8498 resource provider aggregate not found
2026-05-27 15:03:54.601 10 INFO neutron.services.segments.plugin [-] Segment 7fb2bd54-199a-47ca-995d-221a1bfe8498 resource provider not found; error: Placement Client Error (4xx): {"errors": [{"status": 404, "title": "Not Found", "detail": "The resource could not be found.\n\n No resource provider with uuid 7fb2bd54-199a-47ca-995d-221a1bfe8498 found for delete ", "request_id": "req-331db340-c473-4862-95e8-9028a47267d7"}]}
2026-05-27 15:03:54.602 10 INFO neutron.services.segments.plugin [-] Segment 7fb2bd54-199a-47ca-995d-221a1bfe8498 resource provider not found; error: Placement Client Error (4xx): {"errors": [{"status": 404, "title": "Not Found", "detail": "The resource could not be found.\n\n No resource provider with uuid 7fb2bd54-199a-47ca-995d-221a1bfe8498 found for delete ", "request_id": "req-eb2f3b82-6fc5-411c-b959-ff457e6edf2e"}]}
2026-05-27 15:03:54.628 10 INFO neutron.wsgi [None req-fbda3d58-6b30-4004-b241-5248c8129f60 e80261e433dd41189e676b62fbe3a11f 288d6f20a9324841962eba0e0abb295a - - default default] 10.0.0.86 "DELETE /v2.0/networks/6729a8a3-ac22-4034-aa40-313e1a84ccbc HTTP/1.1" status: 204 len: 168 time: 0.4322855
2026-05-27 15:03:54.643 9 WARNING neutron_lib.context [None req-b4b788a2-563d-42ca-a58b-43dc255fb81b e80261e433dd41189e676b62fbe3a11f 288d6f20a9324841962eba0e0abb295a - - default default] Method 'is_advsvc' is deprecated since 2023.2 release (neutron-lib 3.8.0) and will be removed once support for the old RBAC API policies will be removed from Neutron. Please use method 'is_service_role' instead.
2026-05-27 15:03:54.734 9 INFO neutron.db.segments_db [None req-b4b788a2-563d-42ca-a58b-43dc255fb81b e80261e433dd41189e676b62fbe3a11f 288d6f20a9324841962eba0e0abb295a - - default default] Added segment 48ded986-d4b8-4a2f-a198-b32349780229 of type geneve for network b92dc2e6-f925-4a28-9853-ae73a32063d5
2026-05-27 15:03:54.776 9 WARNING neutron_lib.context [None req-4fd85d64-832f-4e2d-b109-f98bcdb418a3 002319743e5341c1b39a563542b9da56 f1ffc0f714e84b219a319cf0cf7f3f3f - - default default] Method 'is_advsvc' is deprecated since 2023.2 release (neutron-lib 3.8.0) and will be removed once support for the old RBAC API policies will be removed from Neutron. Please use method 'is_service_role' instead.
2026-05-27 15:03:54.776 9 WARNING neutron_lib.context [None req-4fd85d64-832f-4e2d-b109-f98bcdb418a3 002319743e5341c1b39a563542b9da56 f1ffc0f714e84b219a319cf0cf7f3f3f - - default default] Method 'is_advsvc' is deprecated since 2023.2 release (neutron-lib 3.8.0) and will be removed once support for the old RBAC API policies will be removed from Neutron. Please use method 'is_service_role' instead.
2026-05-27 15:03:54.982 9 INFO neutron.db.ovn_revision_numbers_db [None req-b4b788a2-563d-42ca-a58b-43dc255fb81b e80261e433dd41189e676b62fbe3a11f 288d6f20a9324841962eba0e0abb295a - - default default] Successfully bumped revision number for resource b92dc2e6-f925-4a28-9853-ae73a32063d5 (type: networks) to 1
2026-05-27 15:03:55.030 9 INFO neutron.db.ovn_revision_numbers_db [None req-4fd85d64-832f-4e2d-b109-f98bcdb418a3 002319743e5341c1b39a563542b9da56 f1ffc0f714e84b219a319cf0cf7f3f3f - - default default] Successfully bumped revision number for resource 3bf00e29-905c-4f1b-bcae-f13dc9af06db (type: security_groups) to 1
2026-05-27 15:03:55.056 9 INFO neutron.db.ovn_revision_numbers_db [None req-4fd85d64-832f-4e2d-b109-f98bcdb418a3 002319743e5341c1b39a563542b9da56 f1ffc0f714e84b219a319cf0cf7f3f3f - - default default] Successfully bumped revision number for resource 6bde58d9-ee52-4cfd-aae0-e236f7e67888 (type: security_group_rules) to 0
2026-05-27 15:03:55.080 9 INFO neutron.db.ovn_revision_numbers_db [None req-4fd85d64-832f-4e2d-b109-f98bcdb418a3 002319743e5341c1b39a563542b9da56 f1ffc0f714e84b219a319cf0cf7f3f3f - - default default] Successfully bumped revision number for resource 819dafab-d886-46f1-b625-565f34af8361 (type: security_group_rules) to 0
2026-05-27 15:03:55.116 9 INFO neutron.db.ovn_revision_numbers_db [None req-4fd85d64-832f-4e2d-b109-f98bcdb418a3 002319743e5341c1b39a563542b9da56 f1ffc0f714e84b219a319cf0cf7f3f3f - - default default] Successfully bumped revision number for resource c6347784-6e2b-4702-af67-cf4bce7a62a1 (type: security_group_rules) to 0
2026-05-27 15:03:55.143 9 INFO neutron.db.ovn_revision_numbers_db [None req-4fd85d64-832f-4e2d-b109-f98bcdb418a3 002319743e5341c1b39a563542b9da56 f1ffc0f714e84b219a319cf0cf7f3f3f - - default default] Successfully bumped revision number for resource c8b1c78d-0d89-4784-a200-0c2f7b2cd613 (type: security_group_rules) to 0
2026-05-27 15:03:55.203 10 INFO neutron.db.ovn_revision_numbers_db [None req-4037af07-01dc-49f9-a8ab-a60afcafb288 b2389cd0db04491fa47c218780333a8f b748f6bce2ca4bd593c50bd52b2ea4c0 - - default default] Successfully bumped revision number for resource be421d49-ebcd-4838-a7bc-ac47d9c5cec0 (type: security_groups) to 1
2026-05-27 15:03:55.206 9 WARNING neutron.scheduler.dhcp_agent_scheduler [None req-b4b788a2-563d-42ca-a58b-43dc255fb81b e80261e433dd41189e676b62fbe3a11f 288d6f20a9324841962eba0e0abb295a - - default default] No more DHCP agents
2026-05-27 15:03:55.208 9 WARNING neutron.api.rpc.agentnotifiers.dhcp_rpc_agent_api [None req-b4b788a2-563d-42ca-a58b-43dc255fb81b e80261e433dd41189e676b62fbe3a11f 288d6f20a9324841962eba0e0abb295a - - default default] Unable to schedule network b92dc2e6-f925-4a28-9853-ae73a32063d5: no agents available; will retry on subsequent port and subnet creation events.
2026-05-27 15:03:55.226 10 INFO neutron.db.ovn_revision_numbers_db [None req-4037af07-01dc-49f9-a8ab-a60afcafb288 b2389cd0db04491fa47c218780333a8f b748f6bce2ca4bd593c50bd52b2ea4c0 - - default default] Successfully bumped revision number for resource 78539d27-8327-4a86-94fe-7d18979d179a (type: security_group_rules) to 0
2026-05-27 15:03:55.242 10 INFO neutron.db.ovn_revision_numbers_db [None req-4037af07-01dc-49f9-a8ab-a60afcafb288 b2389cd0db04491fa47c218780333a8f b748f6bce2ca4bd593c50bd52b2ea4c0 - - default default] Successfully bumped revision number for resource 84d626f2-c651-4bc7-944f-8362329d4b20 (type: security_group_rules) to 0
2026-05-27 15:03:55.256 9 INFO neutron.db.segments_db [None req-4fd85d64-832f-4e2d-b109-f98bcdb418a3 002319743e5341c1b39a563542b9da56 f1ffc0f714e84b219a319cf0cf7f3f3f - - default default] Added segment c62960a8-72de-43d8-8c63-a507994d970a of type geneve for network a2d0c063-33a5-4365-812f-db75e47fdf6a
2026-05-27 15:03:55.264 10 INFO neutron.db.ovn_revision_numbers_db [None req-4037af07-01dc-49f9-a8ab-a60afcafb288 b2389cd0db04491fa47c218780333a8f b748f6bce2ca4bd593c50bd52b2ea4c0 - - default default] Successfully bumped revision number for resource dfb7b9f1-38b8-48bb-9e50-873a4b0fbe19 (type: security_group_rules) to 0
2026-05-27 15:03:55.292 10 INFO neutron.db.ovn_revision_numbers_db [None req-4037af07-01dc-49f9-a8ab-a60afcafb288 b2389cd0db04491fa47c218780333a8f b748f6bce2ca4bd593c50bd52b2ea4c0 - - default default] Successfully bumped revision number for resource f39b67c0-389b-4687-a44d-1313b5ae3960 (type: security_group_rules) to 0
2026-05-27 15:03:55.334 9 INFO neutron.db.ovn_revision_numbers_db [None req-b4b788a2-563d-42ca-a58b-43dc255fb81b e80261e433dd41189e676b62fbe3a11f 288d6f20a9324841962eba0e0abb295a - - default default] Successfully bumped revision number for resource f4cc98ea-3148-474a-a7c6-30b522b0da73 (type: ports) to 1
2026-05-27 15:03:55.349 10 INFO neutron.db.segments_db [None req-4037af07-01dc-49f9-a8ab-a60afcafb288 b2389cd0db04491fa47c218780333a8f b748f6bce2ca4bd593c50bd52b2ea4c0 - - default default] Added segment 841ef26c-747b-43d5-b46b-78c57cc46f5a of type geneve for network 8d9f1f90-dda6-48b6-912e-c994571ef0b7
2026-05-27 15:03:55.362 9 INFO neutron.wsgi [None req-b4b788a2-563d-42ca-a58b-43dc255fb81b e80261e433dd41189e676b62fbe3a11f 288d6f20a9324841962eba0e0abb295a - - default default] 10.0.0.86 "POST /v2.0/networks HTTP/1.1" status: 201 len: 829 time: 0.7225039
2026-05-27 15:03:55.371 9 WARNING neutron_lib.context [None req-ed9e7c4a-8631-4404-b647-43b754252e05 e80261e433dd41189e676b62fbe3a11f 288d6f20a9324841962eba0e0abb295a - - default default] Method 'is_advsvc' is deprecated since 2023.2 release (neutron-lib 3.8.0) and will be removed once support for the old RBAC API policies will be removed from Neutron. Please use method 'is_service_role' instead.
2026-05-27 15:03:55.413 9 INFO neutron.db.segments_db [None req-4fd85d64-832f-4e2d-b109-f98bcdb418a3 002319743e5341c1b39a563542b9da56 f1ffc0f714e84b219a319cf0cf7f3f3f - - default default] Added segment 4d2627d0-6c9d-4043-bbef-8675b8713f73 of type geneve for network 3fa1cb85-6545-48fa-8e4d-a43587f3a7ce
2026-05-27 15:03:55.530 10 INFO neutron.db.ovn_revision_numbers_db [None req-4037af07-01dc-49f9-a8ab-a60afcafb288 b2389cd0db04491fa47c218780333a8f b748f6bce2ca4bd593c50bd52b2ea4c0 - - default default] Successfully bumped revision number for resource 8d9f1f90-dda6-48b6-912e-c994571ef0b7 (type: networks) to 1
2026-05-27 15:03:55.637 9 INFO neutron.db.ovn_revision_numbers_db [None req-4fd85d64-832f-4e2d-b109-f98bcdb418a3 002319743e5341c1b39a563542b9da56 f1ffc0f714e84b219a319cf0cf7f3f3f - - default default] Successfully bumped revision number for resource a2d0c063-33a5-4365-812f-db75e47fdf6a (type: networks) to 1
2026-05-27 15:03:55.678 9 WARNING neutron.plugins.ml2.drivers.ovn.mech_driver.ovsdb.ovn_client [None req-2b508bcd-6fe6-4a6b-a44d-84c2f305a0c0 - - - - - -] No port found with ID ca663f4a-8d6c-4bb2-8125-416c4a302f5f: RuntimeError: No port found with ID ca663f4a-8d6c-4bb2-8125-416c4a302f5f
2026-05-27 15:03:55.737 10 WARNING neutron.scheduler.dhcp_agent_scheduler [None req-4037af07-01dc-49f9-a8ab-a60afcafb288 b2389cd0db04491fa47c218780333a8f b748f6bce2ca4bd593c50bd52b2ea4c0 - - default default] No more DHCP agents
2026-05-27 15:03:55.738 10 WARNING neutron.api.rpc.agentnotifiers.dhcp_rpc_agent_api [None req-4037af07-01dc-49f9-a8ab-a60afcafb288 b2389cd0db04491fa47c218780333a8f b748f6bce2ca4bd593c50bd52b2ea4c0 - - default default] Unable to schedule network 8d9f1f90-dda6-48b6-912e-c994571ef0b7: no agents available; will retry on subsequent port and subnet creation events.
2026-05-27 15:03:55.787 9 WARNING neutron.scheduler.dhcp_agent_scheduler [None req-ed9e7c4a-8631-4404-b647-43b754252e05 e80261e433dd41189e676b62fbe3a11f 288d6f20a9324841962eba0e0abb295a - - default default] No more DHCP agents
2026-05-27 15:03:55.795 9 WARNING neutron.api.rpc.agentnotifiers.dhcp_rpc_agent_api [None req-ed9e7c4a-8631-4404-b647-43b754252e05 e80261e433dd41189e676b62fbe3a11f 288d6f20a9324841962eba0e0abb295a - - default default] Unable to schedule network b92dc2e6-f925-4a28-9853-ae73a32063d5: no agents available; will retry on subsequent port and subnet creation events.
2026-05-27 15:03:55.850 10 INFO neutron.db.ovn_revision_numbers_db [None req-4037af07-01dc-49f9-a8ab-a60afcafb288 b2389cd0db04491fa47c218780333a8f b748f6bce2ca4bd593c50bd52b2ea4c0 - - default default] Successfully bumped revision number for resource 9d2c31f0-d35f-4a4e-b457-b120455dd093 (type: ports) to 1
2026-05-27 15:03:55.878 10 INFO neutron.wsgi [None req-4037af07-01dc-49f9-a8ab-a60afcafb288 b2389cd0db04491fa47c218780333a8f b748f6bce2ca4bd593c50bd52b2ea4c0 - - default default] 10.0.0.86 "POST /v2.0/networks HTTP/1.1" status: 201 len: 943 time: 0.9897273
2026-05-27 15:03:55.914 9 WARNING neutron.scheduler.dhcp_agent_scheduler [None req-4fd85d64-832f-4e2d-b109-f98bcdb418a3 002319743e5341c1b39a563542b9da56 f1ffc0f714e84b219a319cf0cf7f3f3f - - default default] No more DHCP agents
2026-05-27 15:03:55.916 9 WARNING neutron.api.rpc.agentnotifiers.dhcp_rpc_agent_api [None req-4fd85d64-832f-4e2d-b109-f98bcdb418a3 002319743e5341c1b39a563542b9da56 f1ffc0f714e84b219a319cf0cf7f3f3f - - default default] Unable to schedule network a2d0c063-33a5-4365-812f-db75e47fdf6a: no agents available; will retry on subsequent port and subnet creation events.
2026-05-27 15:03:55.970 10 INFO neutron.db.ovn_revision_numbers_db [None req-2bb53dba-75ac-4d05-9e61-8e0c2b2d00ae b2389cd0db04491fa47c218780333a8f b748f6bce2ca4bd593c50bd52b2ea4c0 - - default default] Successfully bumped revision number for resource 502995e4-80e6-40eb-b70b-81ef2e008ee3 (type: security_groups) to 1
2026-05-27 15:03:55.989 10 INFO neutron.db.ovn_revision_numbers_db [None req-2bb53dba-75ac-4d05-9e61-8e0c2b2d00ae b2389cd0db04491fa47c218780333a8f b748f6bce2ca4bd593c50bd52b2ea4c0 - - default default] Successfully bumped revision number for resource 23770f40-fb78-403e-804c-786cb84f837e (type: security_group_rules) to 0
2026-05-27 15:03:56.016 10 INFO neutron.db.ovn_revision_numbers_db [None req-2bb53dba-75ac-4d05-9e61-8e0c2b2d00ae b2389cd0db04491fa47c218780333a8f b748f6bce2ca4bd593c50bd52b2ea4c0 - - default default] Successfully bumped revision number for resource 2c7e2250-b01c-40af-af31-f9bed8a3a534 (type: security_group_rules) to 0
2026-05-27 15:03:56.035 10 INFO neutron.db.ovn_revision_numbers_db [None req-2bb53dba-75ac-4d05-9e61-8e0c2b2d00ae b2389cd0db04491fa47c218780333a8f b748f6bce2ca4bd593c50bd52b2ea4c0 - - default default] Successfully bumped revision number for resource 74bc4b7d-0e88-474e-8e4a-0e594f34577f (type: security_group_rules) to 0
2026-05-27 15:03:56.051 9 INFO neutron.db.ovn_revision_numbers_db [None req-4fd85d64-832f-4e2d-b109-f98bcdb418a3 002319743e5341c1b39a563542b9da56 f1ffc0f714e84b219a319cf0cf7f3f3f - - default default] Successfully bumped revision number for resource 91aeada2-8bd2-40cf-93d7-991de7b6063f (type: ports) to 1
2026-05-27 15:03:56.052 10 WARNING neutron.scheduler.dhcp_agent_scheduler [None req-77faf1f7-b765-40a5-9323-0b37fb7ed496 b2389cd0db04491fa47c218780333a8f b748f6bce2ca4bd593c50bd52b2ea4c0 - - default default] No more DHCP agents
2026-05-27 15:03:56.054 10 WARNING neutron.api.rpc.agentnotifiers.dhcp_rpc_agent_api [None req-77faf1f7-b765-40a5-9323-0b37fb7ed496 b2389cd0db04491fa47c218780333a8f b748f6bce2ca4bd593c50bd52b2ea4c0 - - default default] Unable to schedule network 8d9f1f90-dda6-48b6-912e-c994571ef0b7: no agents available; will retry on subsequent port and subnet creation events.
2026-05-27 15:03:56.055 10 INFO neutron.db.ovn_revision_numbers_db [None req-2bb53dba-75ac-4d05-9e61-8e0c2b2d00ae b2389cd0db04491fa47c218780333a8f b748f6bce2ca4bd593c50bd52b2ea4c0 - - default default] Successfully bumped revision number for resource 8b6a6db7-51f4-4a15-a5a2-fa44247fdd90 (type: security_group_rules) to 0
2026-05-27 15:03:56.089 10 INFO neutron.wsgi [None req-2bb53dba-75ac-4d05-9e61-8e0c2b2d00ae b2389cd0db04491fa47c218780333a8f b748f6bce2ca4bd593c50bd52b2ea4c0 - - default default] 10.0.0.86 "GET /v2.0/security-groups?tenant_id=f2fe47cac30540e3a15710a5b2b7cadf&name=default HTTP/1.1" status: 200 len: 2996 time: 0.3853171
2026-05-27 15:03:56.150 9 INFO neutron.db.ovn_revision_numbers_db [None req-4fd85d64-832f-4e2d-b109-f98bcdb418a3 002319743e5341c1b39a563542b9da56 f1ffc0f714e84b219a319cf0cf7f3f3f - - default default] Successfully bumped revision number for resource 3fa1cb85-6545-48fa-8e4d-a43587f3a7ce (type: networks) to 1
2026-05-27 15:03:56.439 9 WARNING neutron.scheduler.dhcp_agent_scheduler [None req-4fd85d64-832f-4e2d-b109-f98bcdb418a3 002319743e5341c1b39a563542b9da56 f1ffc0f714e84b219a319cf0cf7f3f3f - - default default] No more DHCP agents
2026-05-27 15:03:56.443 9 WARNING neutron.api.rpc.agentnotifiers.dhcp_rpc_agent_api [None req-4fd85d64-832f-4e2d-b109-f98bcdb418a3 002319743e5341c1b39a563542b9da56 f1ffc0f714e84b219a319cf0cf7f3f3f - - default default] Unable to schedule network 3fa1cb85-6545-48fa-8e4d-a43587f3a7ce: no agents available; will retry on subsequent port and subnet creation events.
2026-05-27 15:03:56.675 10 INFO neutron.wsgi [None req-949445c3-1474-4166-95f5-744a75855bc1 b2389cd0db04491fa47c218780333a8f b748f6bce2ca4bd593c50bd52b2ea4c0 - - default default] 10.0.0.86 "DELETE /v2.0/security-groups/502995e4-80e6-40eb-b70b-81ef2e008ee3 HTTP/1.1" status: 204 len: 168 time: 0.5731704
2026-05-27 15:03:56.811 9 INFO neutron.db.ovn_revision_numbers_db [None req-ed9e7c4a-8631-4404-b647-43b754252e05 e80261e433dd41189e676b62fbe3a11f 288d6f20a9324841962eba0e0abb295a - - default default] Successfully bumped revision number for resource f4cc98ea-3148-474a-a7c6-30b522b0da73 (type: ports) to 2
2026-05-27 15:03:56.824 9 INFO neutron.db.ovn_revision_numbers_db [None req-4fd85d64-832f-4e2d-b109-f98bcdb418a3 002319743e5341c1b39a563542b9da56 f1ffc0f714e84b219a319cf0cf7f3f3f - - default default] Successfully bumped revision number for resource 2fd291f9-1349-4bfa-94ef-d6dcdc0e58b3 (type: ports) to 1
2026-05-27 15:03:56.849 9 INFO neutron.wsgi [None req-4fd85d64-832f-4e2d-b109-f98bcdb418a3 002319743e5341c1b39a563542b9da56 f1ffc0f714e84b219a319cf0cf7f3f3f - - default default] 10.0.0.86 "POST /v2.0/networks HTTP/1.1" status: 201 len: 1446 time: 2.1898043
2026-05-27 15:03:56.851 9 INFO neutron.db.ovn_revision_numbers_db [None req-ed9e7c4a-8631-4404-b647-43b754252e05 e80261e433dd41189e676b62fbe3a11f 288d6f20a9324841962eba0e0abb295a - - default default] Successfully bumped revision number for resource 3306c0eb-c3bf-4097-bfd6-ae6aa8170520 (type: subnets) to 0
2026-05-27 15:03:56.867 9 INFO neutron.wsgi [None req-ed9e7c4a-8631-4404-b647-43b754252e05 e80261e433dd41189e676b62fbe3a11f 288d6f20a9324841962eba0e0abb295a - - default default] 10.0.0.86 "POST /v2.0/subnets HTTP/1.1" status: 201 len: 801 time: 1.5005624
2026-05-27 15:03:56.878 9 WARNING neutron_lib.context [None req-84326b16-8b0d-4076-9931-447d7963ef24 e80261e433dd41189e676b62fbe3a11f 288d6f20a9324841962eba0e0abb295a - - default default] Method 'is_advsvc' is deprecated since 2023.2 release (neutron-lib 3.8.0) and will be removed once support for the old RBAC API policies will be removed from Neutron. Please use method 'is_service_role' instead.
2026-05-27 15:03:56.974 10 INFO neutron.wsgi [None req-e711ea17-4688-4aed-b1bc-b4d38443431a 002319743e5341c1b39a563542b9da56 f1ffc0f714e84b219a319cf0cf7f3f3f - - default default] 10.0.0.86 "GET /v2.0/networks HTTP/1.1" status: 200 len: 2052 time: 0.1196468
2026-05-27 15:03:57.001 10 INFO neutron.db.ovn_revision_numbers_db [None req-77faf1f7-b765-40a5-9323-0b37fb7ed496 b2389cd0db04491fa47c218780333a8f b748f6bce2ca4bd593c50bd52b2ea4c0 - - default default] Successfully bumped revision number for resource 9d2c31f0-d35f-4a4e-b457-b120455dd093 (type: ports) to 2
2026-05-27 15:03:57.049 10 INFO neutron.db.ovn_revision_numbers_db [None req-77faf1f7-b765-40a5-9323-0b37fb7ed496 b2389cd0db04491fa47c218780333a8f b748f6bce2ca4bd593c50bd52b2ea4c0 - - default default] Successfully bumped revision number for resource 6a8bc65d-49c5-412f-b2ba-1525dfc49b48 (type: subnets) to 0
2026-05-27 15:03:57.062 9 INFO neutron.db.ovn_revision_numbers_db [None req-84326b16-8b0d-4076-9931-447d7963ef24 e80261e433dd41189e676b62fbe3a11f 288d6f20a9324841962eba0e0abb295a - - default default] Successfully bumped revision number for resource a3d4d795-0b07-46c2-8e4b-ba159bec635b (type: routers) to 1
2026-05-27 15:03:57.065 10 INFO neutron.wsgi [None req-77faf1f7-b765-40a5-9323-0b37fb7ed496 b2389cd0db04491fa47c218780333a8f b748f6bce2ca4bd593c50bd52b2ea4c0 - - default default] 10.0.0.86 "POST /v2.0/subnets HTTP/1.1" status: 201 len: 863 time: 1.1814201
2026-05-27 15:03:57.066 10 INFO neutron.db.ovn_revision_numbers_db [None req-a9e01047-dfe4-4d86-9e2f-e4ccc397458e b2389cd0db04491fa47c218780333a8f b748f6bce2ca4bd593c50bd52b2ea4c0 - - default default] Successfully bumped revision number for resource 030dd853-73c3-4036-9a7d-89f94132c20d (type: security_groups) to 1
2026-05-27 15:03:57.079 10 INFO neutron.db.ovn_revision_numbers_db [None req-a9e01047-dfe4-4d86-9e2f-e4ccc397458e b2389cd0db04491fa47c218780333a8f b748f6bce2ca4bd593c50bd52b2ea4c0 - - default default] Successfully bumped revision number for resource 07b243ab-a510-47d1-878a-9eea7c697f88 (type: security_group_rules) to 0
2026-05-27 15:03:57.089 9 INFO neutron.wsgi [None req-84326b16-8b0d-4076-9931-447d7963ef24 e80261e433dd41189e676b62fbe3a11f 288d6f20a9324841962eba0e0abb295a - - default default] 10.0.0.86 "POST /v2.0/routers HTTP/1.1" status: 201 len: 687 time: 0.2165174
2026-05-27 15:03:57.098 10 WARNING neutron_lib.context [None req-08d4461c-2adf-4326-8e71-c22774821ee5 e80261e433dd41189e676b62fbe3a11f 288d6f20a9324841962eba0e0abb295a - - default default] Method 'is_advsvc' is deprecated since 2023.2 release (neutron-lib 3.8.0) and will be removed once support for the old RBAC API policies will be removed from Neutron. Please use method 'is_service_role' instead.
2026-05-27 15:03:57.101 10 INFO neutron.db.ovn_revision_numbers_db [None req-a9e01047-dfe4-4d86-9e2f-e4ccc397458e b2389cd0db04491fa47c218780333a8f b748f6bce2ca4bd593c50bd52b2ea4c0 - - default default] Successfully bumped revision number for resource 359e72df-6726-4f54-ba9b-4c504e974238 (type: security_group_rules) to 0
2026-05-27 15:03:57.128 10 INFO neutron.db.ovn_revision_numbers_db [None req-a9e01047-dfe4-4d86-9e2f-e4ccc397458e b2389cd0db04491fa47c218780333a8f b748f6bce2ca4bd593c50bd52b2ea4c0 - - default default] Successfully bumped revision number for resource a6e2e411-2159-4caf-99b7-899343feed92 (type: security_group_rules) to 0
2026-05-27 15:03:57.144 10 INFO neutron.db.ovn_revision_numbers_db [None req-a9e01047-dfe4-4d86-9e2f-e4ccc397458e b2389cd0db04491fa47c218780333a8f b748f6bce2ca4bd593c50bd52b2ea4c0 - - default default] Successfully bumped revision number for resource bda95d38-1838-4a35-b960-d11d1518dea6 (type: security_group_rules) to 0
2026-05-27 15:03:57.176 10 INFO neutron.wsgi [None req-a9e01047-dfe4-4d86-9e2f-e4ccc397458e b2389cd0db04491fa47c218780333a8f b748f6bce2ca4bd593c50bd52b2ea4c0 - - default default] 10.0.0.86 "GET /v2.0/security-groups?tenant_id=417094f1e1b44ff3a8686e6a8d24eeb3&name=default HTTP/1.1" status: 200 len: 2996 time: 0.3417573
2026-05-27 15:03:57.478 10 WARNING neutron.scheduler.dhcp_agent_scheduler [None req-08d4461c-2adf-4326-8e71-c22774821ee5 e80261e433dd41189e676b62fbe3a11f 288d6f20a9324841962eba0e0abb295a - - default default] No more DHCP agents
2026-05-27 15:03:57.481 10 INFO neutron.wsgi [None req-aab5b044-32c8-4b10-a45e-c65c41b80bf2 b2389cd0db04491fa47c218780333a8f b748f6bce2ca4bd593c50bd52b2ea4c0 - - default default] 10.0.0.86 "DELETE /v2.0/security-groups/030dd853-73c3-4036-9a7d-89f94132c20d HTTP/1.1" status: 204 len: 168 time: 0.2991865
2026-05-27 15:03:57.485 10 WARNING neutron.api.rpc.agentnotifiers.dhcp_rpc_agent_api [None req-08d4461c-2adf-4326-8e71-c22774821ee5 e80261e433dd41189e676b62fbe3a11f 288d6f20a9324841962eba0e0abb295a - - default default] Unable to schedule network b92dc2e6-f925-4a28-9853-ae73a32063d5: no agents available; will retry on subsequent port and subnet creation events.
2026-05-27 15:03:57.534 9 INFO neutron.services.segments.plugin [-] Segment c62960a8-72de-43d8-8c63-a507994d970a resource provider aggregate not found
2026-05-27 15:03:57.541 9 INFO neutron.services.segments.plugin [-] Segment c62960a8-72de-43d8-8c63-a507994d970a resource provider aggregate not found
2026-05-27 15:03:57.556 9 INFO neutron.services.segments.plugin [-] Segment c62960a8-72de-43d8-8c63-a507994d970a resource provider not found; error: Placement Client Error (4xx): {"errors": [{"status": 404, "title": "Not Found", "detail": "The resource could not be found.\n\n No resource provider with uuid c62960a8-72de-43d8-8c63-a507994d970a found for delete ", "request_id": "req-24e70e11-4062-4a38-b722-a151ad02108c"}]}
2026-05-27 15:03:57.571 9 INFO neutron.services.segments.plugin [-] Segment c62960a8-72de-43d8-8c63-a507994d970a resource provider not found; error: Placement Client Error (4xx): {"errors": [{"status": 404, "title": "Not Found", "detail": "The resource could not be found.\n\n No resource provider with uuid c62960a8-72de-43d8-8c63-a507994d970a found for delete ", "request_id": "req-2f4d6855-131f-42dc-ba67-bdff238baf98"}]}
2026-05-27 15:03:57.591 9 INFO neutron.wsgi [None req-5d1d9803-2dde-4f0d-b4b2-ad76e6854923 002319743e5341c1b39a563542b9da56 f1ffc0f714e84b219a319cf0cf7f3f3f - - default default] 10.0.0.86 "DELETE /v2.0/networks/a2d0c063-33a5-4365-812f-db75e47fdf6a HTTP/1.1" status: 204 len: 168 time: 0.6101482 /var/lib/openstack/lib/python3.10/site-packages/pycadf/identifier.py:71: UserWarning: Invalid uuid: neutron. To ensure interoperability, identifiers should be a valid uuid. warnings.warn(('Invalid uuid: %s. To ensure interoperability, '
2026-05-27 15:03:57.642 9 WARNING neutron.scheduler.dhcp_agent_scheduler [None req-577d2214-6af7-49ad-a29b-18d302ae2f78 b2389cd0db04491fa47c218780333a8f b748f6bce2ca4bd593c50bd52b2ea4c0 - - default default] No more DHCP agents
2026-05-27 15:03:57.645 9 WARNING neutron.api.rpc.agentnotifiers.dhcp_rpc_agent_api [None req-577d2214-6af7-49ad-a29b-18d302ae2f78 b2389cd0db04491fa47c218780333a8f b748f6bce2ca4bd593c50bd52b2ea4c0 - - default default] Unable to schedule network c4cabe77-facb-4eea-8567-71ddb229c26c: no agents available; will retry on subsequent port and subnet creation events.
2026-05-27 15:03:57.721 10 INFO neutron.db.ovn_revision_numbers_db [None req-08d4461c-2adf-4326-8e71-c22774821ee5 e80261e433dd41189e676b62fbe3a11f 288d6f20a9324841962eba0e0abb295a - - default default] Successfully bumped revision number for resource 25b40ab5-d244-4955-8582-87d2f40f6cb1 (type: ports) to 1
2026-05-27 15:03:57.769 10 INFO neutron.wsgi [None req-08d4461c-2adf-4326-8e71-c22774821ee5 e80261e433dd41189e676b62fbe3a11f 288d6f20a9324841962eba0e0abb295a - - default default] 10.0.0.86 "POST /v2.0/ports HTTP/1.1" status: 201 len: 1146 time: 0.6761079
2026-05-27 15:03:57.795 9 INFO neutron.db.ovn_revision_numbers_db [None req-577d2214-6af7-49ad-a29b-18d302ae2f78 b2389cd0db04491fa47c218780333a8f b748f6bce2ca4bd593c50bd52b2ea4c0 - - default default] Successfully bumped revision number for resource 566136d1-d9d6-41d4-af5c-7414f1085aaf (type: ports) to 1
2026-05-27 15:03:58.179 10 INFO neutron.services.segments.plugin [-] Segment 4d2627d0-6c9d-4043-bbef-8675b8713f73 resource provider aggregate not found
2026-05-27 15:03:58.186 10 INFO neutron.services.segments.plugin [-] Segment 4d2627d0-6c9d-4043-bbef-8675b8713f73 resource provider aggregate not found
2026-05-27 15:03:58.209 10 INFO neutron.services.segments.plugin [-] Segment 4d2627d0-6c9d-4043-bbef-8675b8713f73 resource provider not found; error: Placement Client Error (4xx): {"errors": [{"status": 404, "title": "Not Found", "detail": "The resource could not be found.\n\n No resource provider with uuid 4d2627d0-6c9d-4043-bbef-8675b8713f73 found for delete ", "request_id": "req-e4819334-ccb5-428e-98f1-95d01fda73cb"}]}
2026-05-27 15:03:58.210 10 INFO neutron.services.segments.plugin [-] Segment 4d2627d0-6c9d-4043-bbef-8675b8713f73 resource provider not found; error: Placement Client Error (4xx): {"errors": [{"status": 404, "title": "Not Found", "detail": "The resource could not be found.\n\n No resource provider with uuid 4d2627d0-6c9d-4043-bbef-8675b8713f73 found for delete ", "request_id": "req-10abbc3b-35d9-45fa-bb31-e1f378033dc4"}]}
2026-05-27 15:03:58.246 10 INFO neutron.wsgi [None req-a5328011-45d9-4ae6-9112-763624e164fc 002319743e5341c1b39a563542b9da56 f1ffc0f714e84b219a319cf0cf7f3f3f - - default default] 10.0.0.86 "DELETE /v2.0/networks/3fa1cb85-6545-48fa-8e4d-a43587f3a7ce HTTP/1.1" status: 204 len: 168 time: 0.6488228
2026-05-27 15:03:58.354 10 INFO neutron.wsgi [None req-e20b740c-d606-4b56-b169-ddc4f27770c6 002319743e5341c1b39a563542b9da56 f1ffc0f714e84b219a319cf0cf7f3f3f - - default default] 10.0.0.86 "GET /v2.0/networks HTTP/1.1" status: 200 len: 845 time: 0.1017718
2026-05-27 15:03:58.357 10 INFO neutron.plugins.ml2.drivers.ovn.mech_driver.mech_driver [None req-86371f71-9a17-4aa8-b4f0-5a9a7d809869 - - - - - -] OVN reports status up for port: 25b40ab5-d244-4955-8582-87d2f40f6cb1
2026-05-27 15:03:58.368 9 WARNING neutron_lib.context [None req-c404e367-0f4c-4ce0-b795-c9c6053146a0 002319743e5341c1b39a563542b9da56 f1ffc0f714e84b219a319cf0cf7f3f3f - - default default] Method 'is_advsvc' is deprecated since 2023.2 release (neutron-lib 3.8.0) and will be removed once support for the old RBAC API policies will be removed from Neutron. Please use method 'is_service_role' instead.
2026-05-27 15:03:58.374 10 INFO neutron.plugins.ml2.plugin [None req-86371f71-9a17-4aa8-b4f0-5a9a7d809869 - - - - - -] Attempt 1 to provision port 25b40ab5-d244-4955-8582-87d2f40f6cb1
2026-05-27 15:03:58.402 10 INFO neutron.db.ovn_revision_numbers_db [None req-a312ca76-51d8-4f62-873b-ae9a4ab94e37 e80261e433dd41189e676b62fbe3a11f 288d6f20a9324841962eba0e0abb295a - - default default] Successfully bumped revision number for resource 25b40ab5-d244-4955-8582-87d2f40f6cb1 (type: router_ports) to 2
2026-05-27 15:03:58.466 9 INFO neutron.plugins.ml2.drivers.ovn.mech_driver.ovsdb.ovsdb_monitor [None req-132adbee-6ec9-4e76-8400-9f7967d0d76c - - - - - -] Router c44f3857-2ef4-493a-905d-5f929b0153a6 is bound to host instance
2026-05-27 15:03:58.511 9 INFO neutron.db.segments_db [None req-c404e367-0f4c-4ce0-b795-c9c6053146a0 002319743e5341c1b39a563542b9da56 f1ffc0f714e84b219a319cf0cf7f3f3f - - default default] Added segment 583a164f-35fc-43fb-9c08-14f47d550d3b of type geneve for network 198ae1e4-1dcf-4768-bd5b-f790afc485c7
2026-05-27 15:03:58.534 9 INFO neutron.db.ovn_revision_numbers_db [None req-577d2214-6af7-49ad-a29b-18d302ae2f78 b2389cd0db04491fa47c218780333a8f b748f6bce2ca4bd593c50bd52b2ea4c0 - - default default] Successfully bumped revision number for resource 566136d1-d9d6-41d4-af5c-7414f1085aaf (type: router_ports) to 1
2026-05-27 15:03:58.678 9 INFO neutron.db.ovn_revision_numbers_db [None req-577d2214-6af7-49ad-a29b-18d302ae2f78 b2389cd0db04491fa47c218780333a8f b748f6bce2ca4bd593c50bd52b2ea4c0 - - default default] Successfully bumped revision number for resource c44f3857-2ef4-493a-905d-5f929b0153a6 (type: routers) to 2
2026-05-27 15:03:58.730 10 INFO neutron.db.ovn_revision_numbers_db [None req-a312ca76-51d8-4f62-873b-ae9a4ab94e37 e80261e433dd41189e676b62fbe3a11f 288d6f20a9324841962eba0e0abb295a - - default default] Successfully bumped revision number for resource 25b40ab5-d244-4955-8582-87d2f40f6cb1 (type: ports) to 2
2026-05-27 15:03:58.742 9 INFO neutron.wsgi [None req-577d2214-6af7-49ad-a29b-18d302ae2f78 b2389cd0db04491fa47c218780333a8f b748f6bce2ca4bd593c50bd52b2ea4c0 - - default default] 10.0.0.86 "POST /v2.0/routers HTTP/1.1" status: 201 len: 874 time: 1.6707878
2026-05-27 15:03:58.890 10 INFO neutron.db.ovn_revision_numbers_db [None req-86371f71-9a17-4aa8-b4f0-5a9a7d809869 - - - - - -] Successfully bumped revision number for resource 25b40ab5-d244-4955-8582-87d2f40f6cb1 (type: ports) to 3
2026-05-27 15:03:59.015 10 INFO neutron.db.ovn_revision_numbers_db [None req-86371f71-9a17-4aa8-b4f0-5a9a7d809869 - - - - - -] Successfully bumped revision number for resource 25b40ab5-d244-4955-8582-87d2f40f6cb1 (type: router_ports) to 3
2026-05-27 15:03:59.062 9 INFO neutron.db.ovn_revision_numbers_db [None req-c404e367-0f4c-4ce0-b795-c9c6053146a0 002319743e5341c1b39a563542b9da56 f1ffc0f714e84b219a319cf0cf7f3f3f - - default default] Successfully bumped revision number for resource 198ae1e4-1dcf-4768-bd5b-f790afc485c7 (type: networks) to 1 /var/lib/openstack/lib/python3.10/site-packages/pycadf/identifier.py:71: UserWarning: Invalid uuid: neutron. To ensure interoperability, identifiers should be a valid uuid. warnings.warn(('Invalid uuid: %s. To ensure interoperability, '
2026-05-27 15:03:59.427 9 WARNING neutron.scheduler.dhcp_agent_scheduler [None req-c404e367-0f4c-4ce0-b795-c9c6053146a0 002319743e5341c1b39a563542b9da56 f1ffc0f714e84b219a319cf0cf7f3f3f - - default default] No more DHCP agents
2026-05-27 15:03:59.429 10 INFO neutron.wsgi [None req-c924229a-93f1-4afb-9404-b1afc23e4433 b2389cd0db04491fa47c218780333a8f b748f6bce2ca4bd593c50bd52b2ea4c0 - - default default] 10.0.0.30 "GET /v2.0/floatingips HTTP/1.1" status: 200 len: 193 time: 0.2143486
2026-05-27 15:03:59.436 9 WARNING neutron.api.rpc.agentnotifiers.dhcp_rpc_agent_api [None req-c404e367-0f4c-4ce0-b795-c9c6053146a0 002319743e5341c1b39a563542b9da56 f1ffc0f714e84b219a319cf0cf7f3f3f - - default default] Unable to schedule network 198ae1e4-1dcf-4768-bd5b-f790afc485c7: no agents available; will retry on subsequent port and subnet creation events.
2026-05-27 15:03:59.491 10 INFO neutron.wsgi [None req-dbce34a6-c3a3-4af9-b9be-86efbe533a01 b2389cd0db04491fa47c218780333a8f b748f6bce2ca4bd593c50bd52b2ea4c0 - - default default] 10.0.0.30 "GET /v2.0/subnets HTTP/1.1" status: 200 len: 2701 time: 0.0603418
2026-05-27 15:03:59.505 10 INFO neutron.wsgi [None req-1925468d-d292-4c3f-8fd2-e8c7c0dff406 b2389cd0db04491fa47c218780333a8f b748f6bce2ca4bd593c50bd52b2ea4c0 - - default default] 10.0.0.30 "GET /v2.0/subnetpools HTTP/1.1" status: 200 len: 193 time: 0.0126488
2026-05-27 15:03:59.506 10 INFO neutron.db.ovn_revision_numbers_db [None req-a312ca76-51d8-4f62-873b-ae9a4ab94e37 e80261e433dd41189e676b62fbe3a11f 288d6f20a9324841962eba0e0abb295a - - default default] Successfully bumped revision number for resource 25b40ab5-d244-4955-8582-87d2f40f6cb1 (type: ports) to 3
2026-05-27 15:03:59.615 9 INFO neutron.db.ovn_revision_numbers_db [None req-c404e367-0f4c-4ce0-b795-c9c6053146a0 002319743e5341c1b39a563542b9da56 f1ffc0f714e84b219a319cf0cf7f3f3f - - default default] Successfully bumped revision number for resource 9e035b48-73a7-4aa4-9a86-7c7b06481338 (type: ports) to 1
2026-05-27 15:03:59.664 9 INFO neutron.wsgi [None req-c404e367-0f4c-4ce0-b795-c9c6053146a0 002319743e5341c1b39a563542b9da56 f1ffc0f714e84b219a319cf0cf7f3f3f - - default default] 10.0.0.86 "POST /v2.0/networks HTTP/1.1" status: 201 len: 849 time: 1.3010333
2026-05-27 15:03:59.677 9 WARNING neutron_lib.context [None req-45135cd0-376f-490b-983d-1b08232f357f 002319743e5341c1b39a563542b9da56 f1ffc0f714e84b219a319cf0cf7f3f3f - - default default] Method 'is_advsvc' is deprecated since 2023.2 release (neutron-lib 3.8.0) and will be removed once support for the old RBAC API policies will be removed from Neutron. Please use method 'is_service_role' instead.
2026-05-27 15:03:59.758 9 INFO neutron.db.ovn_revision_numbers_db [None req-132adbee-6ec9-4e76-8400-9f7967d0d76c - - - - - -] Successfully bumped revision number for resource 566136d1-d9d6-41d4-af5c-7414f1085aaf (type: ports) to 1
2026-05-27 15:03:59.838 9 INFO neutron.db.segments_db [None req-45135cd0-376f-490b-983d-1b08232f357f 002319743e5341c1b39a563542b9da56 f1ffc0f714e84b219a319cf0cf7f3f3f - - default default] Added segment 660f66e4-1fe8-4b70-bbe1-0d406a453af0 of type geneve for network 1b6bbd7c-f6e7-4aae-ad43-abcbb3fe1168
2026-05-27 15:03:59.873 10 INFO neutron.wsgi [None req-993d11e9-d213-42de-80b0-a5036afb7ad3 b2389cd0db04491fa47c218780333a8f b748f6bce2ca4bd593c50bd52b2ea4c0 - - default default] 10.0.0.30 "GET /v2.0/security-groups HTTP/1.1" status: 200 len: 25139 time: 0.3660102
2026-05-27 15:03:59.918 9 WARNING neutron.scheduler.dhcp_agent_scheduler [None req-7ef402d0-d8b7-4e67-8aaf-4436c22b294e b2389cd0db04491fa47c218780333a8f b748f6bce2ca4bd593c50bd52b2ea4c0 - - default default] No more DHCP agents
2026-05-27 15:03:59.923 9 WARNING neutron.api.rpc.agentnotifiers.dhcp_rpc_agent_api [None req-7ef402d0-d8b7-4e67-8aaf-4436c22b294e b2389cd0db04491fa47c218780333a8f b748f6bce2ca4bd593c50bd52b2ea4c0 - - default default] Unable to schedule network 8d9f1f90-dda6-48b6-912e-c994571ef0b7: no agents available; will retry on subsequent port and subnet creation events.
2026-05-27 15:03:59.926 10 WARNING neutron.scheduler.dhcp_agent_scheduler [None req-a312ca76-51d8-4f62-873b-ae9a4ab94e37 e80261e433dd41189e676b62fbe3a11f 288d6f20a9324841962eba0e0abb295a - - default default] No more DHCP agents
2026-05-27 15:03:59.928 10 WARNING neutron.api.rpc.agentnotifiers.dhcp_rpc_agent_api [None req-a312ca76-51d8-4f62-873b-ae9a4ab94e37 e80261e433dd41189e676b62fbe3a11f 288d6f20a9324841962eba0e0abb295a - - default default] Unable to schedule network b92dc2e6-f925-4a28-9853-ae73a32063d5: no agents available; will retry on subsequent port and subnet creation events.
2026-05-27 15:03:59.963 10 INFO neutron.wsgi [None req-8d4df663-56ad-499b-be08-8ab6b9bed29b b2389cd0db04491fa47c218780333a8f b748f6bce2ca4bd593c50bd52b2ea4c0 - - default default] 10.0.0.30 "GET /v2.0/ports HTTP/1.1" status: 200 len: 11507 time: 0.0799823
2026-05-27 15:03:59.991 10 INFO neutron.wsgi [None req-c321ca17-cb7c-4f2a-9697-7a9a65aa9fc7 b2389cd0db04491fa47c218780333a8f b748f6bce2ca4bd593c50bd52b2ea4c0 - - default default] 10.0.0.30 "GET /v2.0/agents HTTP/1.1" status: 200 len: 997 time: 0.0175085
2026-05-27 15:04:00.020 10 INFO neutron.wsgi [None req-5aada5be-d6f3-4524-91ca-a001d974f88a b2389cd0db04491fa47c218780333a8f b748f6bce2ca4bd593c50bd52b2ea4c0 - - default default] 10.0.0.30 "GET /v2.0/network-ip-availabilities HTTP/1.1" status: 200 len: 2737 time: 0.0280385
2026-05-27 15:04:00.108 9 INFO neutron.db.ovn_revision_numbers_db [None req-45135cd0-376f-490b-983d-1b08232f357f 002319743e5341c1b39a563542b9da56 f1ffc0f714e84b219a319cf0cf7f3f3f - - default default] Successfully bumped revision number for resource 1b6bbd7c-f6e7-4aae-ad43-abcbb3fe1168 (type: networks) to 1
2026-05-27 15:04:00.148 10 INFO neutron.wsgi [None req-620c590b-35d8-4a72-861e-6afe72a0dbcd b2389cd0db04491fa47c218780333a8f b748f6bce2ca4bd593c50bd52b2ea4c0 - - default default] 10.0.0.30 "GET /v2.0/networks HTTP/1.1" status: 200 len: 5301 time: 0.1263988
2026-05-27 15:04:00.220 10 INFO neutron.wsgi [None req-5e757775-342c-4302-88e7-292f4a92657a b2389cd0db04491fa47c218780333a8f b748f6bce2ca4bd593c50bd52b2ea4c0 - - default default] 10.0.0.30 "GET /v2.0/subnets HTTP/1.1" status: 200 len: 2701 time: 0.0667319
