2026-05-27 15:04:27.249 9 WARNING neutron.api.rpc.agentnotifiers.dhcp_rpc_agent_api [None req-e9a0ec39-fbc8-417f-afda-33bce9c34c4b 3d8db7d53cf24d80bad67af2f21e52dc 00d66f1d6fde490c92c5170c643bfddf - - default default] Unable to schedule network 4c3b82b3-8b5c-458a-9bf6-0e8205348bae: no agents available; will retry on subsequent port and subnet creation events.
2026-05-27 15:04:27.252 9 INFO neutron.db.ovn_revision_numbers_db [None req-3873dcf3-fabd-46cb-98e1-4a560064b314 feef5b143fce455cb5368ea614f44c75 749fdf5fa699479ba61ce3d44b1acbc8 - - default default] Successfully bumped revision number for resource eafe1401-931d-4c98-89d2-a91fa43496c9 (type: ports) to 1
2026-05-27 15:04:27.386 9 INFO neutron.db.ovn_revision_numbers_db [None req-e9a0ec39-fbc8-417f-afda-33bce9c34c4b 3d8db7d53cf24d80bad67af2f21e52dc 00d66f1d6fde490c92c5170c643bfddf - - default default] Successfully bumped revision number for resource 53f26ffc-3126-43ef-bbc6-1d82c8aa17ad (type: ports) to 1
2026-05-27 15:04:27.421 9 INFO neutron.wsgi [None req-e9a0ec39-fbc8-417f-afda-33bce9c34c4b 3d8db7d53cf24d80bad67af2f21e52dc 00d66f1d6fde490c92c5170c643bfddf - - default default] 10.0.0.86 "POST /v2.0/networks HTTP/1.1" status: 201 len: 843 time: 0.7904782
2026-05-27 15:04:27.623 10 INFO neutron.db.ovn_revision_numbers_db [None req-3e2dd21f-28a3-442b-8e43-2d904f056ba4 3d8db7d53cf24d80bad67af2f21e52dc 00d66f1d6fde490c92c5170c643bfddf - - default default] Successfully bumped revision number for resource 4c3b82b3-8b5c-458a-9bf6-0e8205348bae (type: networks) to 2
2026-05-27 15:04:27.627 10 INFO neutron.wsgi [None req-3e2dd21f-28a3-442b-8e43-2d904f056ba4 3d8db7d53cf24d80bad67af2f21e52dc 00d66f1d6fde490c92c5170c643bfddf - - default default] 10.0.0.86 "PUT /v2.0/networks/4c3b82b3-8b5c-458a-9bf6-0e8205348bae HTTP/1.1" status: 200 len: 792 time: 0.1998293
2026-05-27 15:04:27.638 10 WARNING neutron_lib.context [None req-b5c97248-b753-4a19-8e25-5a6cc24b4605 3d8db7d53cf24d80bad67af2f21e52dc 00d66f1d6fde490c92c5170c643bfddf - - default default] Method 'is_advsvc' is deprecated since 2023.2 release (neutron-lib 3.8.0) and will be removed once support for the old RBAC API policies will be removed from Neutron. Please use method 'is_service_role' instead.
2026-05-27 15:04:27.889 9 INFO neutron.plugins.ml2.drivers.ovn.mech_driver.mech_driver [None req-2b508bcd-6fe6-4a6b-a44d-84c2f305a0c0 - - - - - -] OVN reports status up for port: eafe1401-931d-4c98-89d2-a91fa43496c9
2026-05-27 15:04:27.917 9 INFO neutron.plugins.ml2.drivers.ovn.mech_driver.ovsdb.ovsdb_monitor [None req-132adbee-6ec9-4e76-8400-9f7967d0d76c - - - - - -] Router bee87a05-cde4-4c06-b210-f756c00d5d2f is bound to host instance
2026-05-27 15:04:27.922 9 INFO neutron.plugins.ml2.plugin [None req-2b508bcd-6fe6-4a6b-a44d-84c2f305a0c0 - - - - - -] Attempt 1 to provision port eafe1401-931d-4c98-89d2-a91fa43496c9
2026-05-27 15:04:27.960 9 INFO neutron.db.ovn_revision_numbers_db [None req-3873dcf3-fabd-46cb-98e1-4a560064b314 feef5b143fce455cb5368ea614f44c75 749fdf5fa699479ba61ce3d44b1acbc8 - - default default] Successfully bumped revision number for resource eafe1401-931d-4c98-89d2-a91fa43496c9 (type: router_ports) to 1
2026-05-27 15:04:27.988 10 WARNING neutron.scheduler.dhcp_agent_scheduler [None req-b5c97248-b753-4a19-8e25-5a6cc24b4605 3d8db7d53cf24d80bad67af2f21e52dc 00d66f1d6fde490c92c5170c643bfddf - - default default] No more DHCP agents
2026-05-27 15:04:27.990 10 WARNING neutron.api.rpc.agentnotifiers.dhcp_rpc_agent_api [None req-b5c97248-b753-4a19-8e25-5a6cc24b4605 3d8db7d53cf24d80bad67af2f21e52dc 00d66f1d6fde490c92c5170c643bfddf - - default default] Unable to schedule network 4c3b82b3-8b5c-458a-9bf6-0e8205348bae: no agents available; will retry on subsequent port and subnet creation events.
2026-05-27 15:04:28.358 9 INFO neutron.db.ovn_revision_numbers_db [None req-3873dcf3-fabd-46cb-98e1-4a560064b314 feef5b143fce455cb5368ea614f44c75 749fdf5fa699479ba61ce3d44b1acbc8 - - default default] Successfully bumped revision number for resource bee87a05-cde4-4c06-b210-f756c00d5d2f (type: routers) to 2
2026-05-27 15:04:28.374 9 INFO neutron.wsgi [None req-3873dcf3-fabd-46cb-98e1-4a560064b314 feef5b143fce455cb5368ea614f44c75 749fdf5fa699479ba61ce3d44b1acbc8 - - default default] 10.0.0.86 "POST /v2.0/routers HTTP/1.1" status: 201 len: 875 time: 2.1167574
2026-05-27 15:04:28.646 9 INFO neutron.wsgi [None req-98fdd1ce-e24e-40dc-b7be-358b7c39e6bb 6d845441fa8d47768d8b2001969e1f34 126d86b962eb457e8e53c4a8ece06e29 - - default default] 10.0.0.86 "GET /v2.0/subnets?project_id=749fdf5fa699479ba61ce3d44b1acbc8&cidr=10.100.0.0%2F28 HTTP/1.1" status: 200 len: 207 time: 0.2639937
2026-05-27 15:04:28.834 9 INFO neutron.db.ovn_revision_numbers_db [None req-132adbee-6ec9-4e76-8400-9f7967d0d76c - - - - - -] Successfully bumped revision number for resource eafe1401-931d-4c98-89d2-a91fa43496c9 (type: ports) to 1
2026-05-27 15:04:28.898 10 INFO neutron.db.ovn_revision_numbers_db [None req-b5c97248-b753-4a19-8e25-5a6cc24b4605 3d8db7d53cf24d80bad67af2f21e52dc 00d66f1d6fde490c92c5170c643bfddf - - default default] Successfully bumped revision number for resource 53f26ffc-3126-43ef-bbc6-1d82c8aa17ad (type: ports) to 2
2026-05-27 15:04:28.943 10 INFO neutron.wsgi [None req-f17db969-451c-47c9-a843-2f24f535b971 6d845441fa8d47768d8b2001969e1f34 126d86b962eb457e8e53c4a8ece06e29 - - default default] 10.0.0.86 "GET /v2.0/networks?router%3Aexternal=True HTTP/1.1" status: 200 len: 947 time: 0.2899218
2026-05-27 15:04:28.957 10 INFO neutron.db.ovn_revision_numbers_db [None req-b5c97248-b753-4a19-8e25-5a6cc24b4605 3d8db7d53cf24d80bad67af2f21e52dc 00d66f1d6fde490c92c5170c643bfddf - - default default] Successfully bumped revision number for resource dd4725a6-9b67-4911-81ed-a3a835f9ebf5 (type: subnets) to 0
2026-05-27 15:04:28.976 10 INFO neutron.wsgi [None req-308dca71-e60d-403b-b0c1-a0e9a98f35ed 6d845441fa8d47768d8b2001969e1f34 126d86b962eb457e8e53c4a8ece06e29 - - default default] 10.0.0.86 "GET /v2.0/subnets?network_id=c4cabe77-facb-4eea-8567-71ddb229c26c&cidr=10.100.0.0%2F28 HTTP/1.1" status: 200 len: 207 time: 0.0271425
2026-05-27 15:04:28.984 10 INFO neutron.wsgi [None req-b5c97248-b753-4a19-8e25-5a6cc24b4605 3d8db7d53cf24d80bad67af2f21e52dc 00d66f1d6fde490c92c5170c643bfddf - - default default] 10.0.0.86 "POST /v2.0/subnets HTTP/1.1" status: 201 len: 801 time: 1.3517783
2026-05-27 15:04:28.991 9 WARNING neutron_lib.context [None req-96478ef8-323b-4a26-aa21-3ba7641c617a feef5b143fce455cb5368ea614f44c75 749fdf5fa699479ba61ce3d44b1acbc8 - - default default] Method 'is_advsvc' is deprecated since 2023.2 release (neutron-lib 3.8.0) and will be removed once support for the old RBAC API policies will be removed from Neutron. Please use method 'is_service_role' instead.
2026-05-27 15:04:29.090 9 INFO neutron.db.ovn_revision_numbers_db [None req-132adbee-6ec9-4e76-8400-9f7967d0d76c - - - - - -] Successfully bumped revision number for resource eafe1401-931d-4c98-89d2-a91fa43496c9 (type: router_ports) to 3
2026-05-27 15:04:29.324 9 WARNING neutron.scheduler.dhcp_agent_scheduler [None req-96478ef8-323b-4a26-aa21-3ba7641c617a feef5b143fce455cb5368ea614f44c75 749fdf5fa699479ba61ce3d44b1acbc8 - - default default] No more DHCP agents
2026-05-27 15:04:29.328 9 WARNING neutron.api.rpc.agentnotifiers.dhcp_rpc_agent_api [None req-96478ef8-323b-4a26-aa21-3ba7641c617a feef5b143fce455cb5368ea614f44c75 749fdf5fa699479ba61ce3d44b1acbc8 - - default default] Unable to schedule network 397c9bc7-2495-4569-94f3-264c68c799b7: no agents available; will retry on subsequent port and subnet creation events.
2026-05-27 15:04:29.368 9 INFO neutron.db.ovn_revision_numbers_db [None req-132adbee-6ec9-4e76-8400-9f7967d0d76c - - - - - -] Successfully bumped revision number for resource eafe1401-931d-4c98-89d2-a91fa43496c9 (type: ports) to 2
2026-05-27 15:04:29.370 10 INFO neutron.db.ovn_revision_numbers_db [None req-0805938a-c3b2-4687-b354-102573bfb3a2 3d8db7d53cf24d80bad67af2f21e52dc 00d66f1d6fde490c92c5170c643bfddf - - default default] Successfully bumped revision number for resource dd4725a6-9b67-4911-81ed-a3a835f9ebf5 (type: subnets) to 1
2026-05-27 15:04:29.375 10 INFO neutron.wsgi [None req-0805938a-c3b2-4687-b354-102573bfb3a2 3d8db7d53cf24d80bad67af2f21e52dc 00d66f1d6fde490c92c5170c643bfddf - - default default] 10.0.0.86 "PUT /v2.0/subnets/dd4725a6-9b67-4911-81ed-a3a835f9ebf5 HTTP/1.1" status: 200 len: 806 time: 0.3857031
2026-05-27 15:04:29.833 9 INFO neutron.db.ovn_revision_numbers_db [None req-132adbee-6ec9-4e76-8400-9f7967d0d76c - - - - - -] Successfully bumped revision number for resource eafe1401-931d-4c98-89d2-a91fa43496c9 (type: ports) to 4
2026-05-27 15:04:30.046 10 INFO neutron.services.segments.plugin [-] Segment aa060a4e-4dd2-4bc5-8030-ee79564bd48c resource provider aggregate not found
2026-05-27 15:04:30.056 10 INFO neutron.services.segments.plugin [-] Segment aa060a4e-4dd2-4bc5-8030-ee79564bd48c resource provider aggregate not found
2026-05-27 15:04:30.078 10 INFO neutron.services.segments.plugin [-] Segment aa060a4e-4dd2-4bc5-8030-ee79564bd48c resource provider not found; error: Placement Client Error (4xx): {"errors": [{"status": 404, "title": "Not Found", "detail": "The resource could not be found.\n\n No resource provider with uuid aa060a4e-4dd2-4bc5-8030-ee79564bd48c found for delete ", "request_id": "req-29f7bfe5-a578-4ac0-b498-1500339fbb4d"}]}
2026-05-27 15:04:30.081 10 INFO neutron.services.segments.plugin [-] Segment aa060a4e-4dd2-4bc5-8030-ee79564bd48c resource provider not found; error: Placement Client Error (4xx): {"errors": [{"status": 404, "title": "Not Found", "detail": "The resource could not be found.\n\n No resource provider with uuid aa060a4e-4dd2-4bc5-8030-ee79564bd48c found for delete ", "request_id": "req-503d3a59-4fda-48b3-a10d-933c5b41cfef"}]}
2026-05-27 15:04:30.098 9 INFO neutron.db.ovn_revision_numbers_db [None req-132adbee-6ec9-4e76-8400-9f7967d0d76c - - - - - -] Successfully bumped revision number for resource eafe1401-931d-4c98-89d2-a91fa43496c9 (type: router_ports) to 4
2026-05-27 15:04:30.103 10 INFO neutron.wsgi [None req-b418e3c4-240f-49ca-bfb5-4450d1775389 3d8db7d53cf24d80bad67af2f21e52dc 00d66f1d6fde490c92c5170c643bfddf - - default default] 10.0.0.86 "DELETE /v2.0/networks/4c3b82b3-8b5c-458a-9bf6-0e8205348bae HTTP/1.1" status: 204 len: 168 time: 0.7236006
2026-05-27 15:04:30.133 9 INFO neutron.pecan_wsgi.hooks.translation [None req-8cbffc20-8b7c-4ac5-9d3a-dba8d0538944 3d8db7d53cf24d80bad67af2f21e52dc 00d66f1d6fde490c92c5170c643bfddf - - default default] DELETE failed (client error): The resource could not be found.
2026-05-27 15:04:30.135 9 INFO neutron.wsgi [None req-8cbffc20-8b7c-4ac5-9d3a-dba8d0538944 3d8db7d53cf24d80bad67af2f21e52dc 00d66f1d6fde490c92c5170c643bfddf - - default default] 10.0.0.86 "DELETE /v2.0/networks/4c3b82b3-8b5c-458a-9bf6-0e8205348bae HTTP/1.1" status: 404 len: 339 time: 0.0220690
2026-05-27 15:04:30.152 9 INFO neutron.db.ovn_revision_numbers_db [None req-96478ef8-323b-4a26-aa21-3ba7641c617a feef5b143fce455cb5368ea614f44c75 749fdf5fa699479ba61ce3d44b1acbc8 - - default default] Successfully bumped revision number for resource 484e0899-afc2-4561-88a1-51253dde91f4 (type: ports) to 2
2026-05-27 15:04:30.188 9 INFO neutron.db.ovn_revision_numbers_db [None req-96478ef8-323b-4a26-aa21-3ba7641c617a feef5b143fce455cb5368ea614f44c75 749fdf5fa699479ba61ce3d44b1acbc8 - - default default] Successfully bumped revision number for resource ca00428b-cb93-417e-8ab6-f12d28c51a06 (type: subnets) to 0
2026-05-27 15:04:30.206 9 INFO neutron.wsgi [None req-96478ef8-323b-4a26-aa21-3ba7641c617a feef5b143fce455cb5368ea614f44c75 749fdf5fa699479ba61ce3d44b1acbc8 - - default default] 10.0.0.86 "POST /v2.0/subnets HTTP/1.1" status: 201 len: 832 time: 1.2227776
2026-05-27 15:04:30.305 10 INFO neutron.wsgi [None req-ab7cfd17-fe35-424d-bf43-e36ab5a323cf 3d8db7d53cf24d80bad67af2f21e52dc 00d66f1d6fde490c92c5170c643bfddf - - default default] 10.0.0.86 "GET /v2.0/networks?router%3Aexternal=True HTTP/1.1" status: 200 len: 845 time: 0.1614339
2026-05-27 15:04:30.359 10 INFO neutron.wsgi [None req-19c7ef28-7aba-4995-822c-e4e7a4a8c7d5 3d8db7d53cf24d80bad67af2f21e52dc 00d66f1d6fde490c92c5170c643bfddf - - default default] 10.0.0.86 "GET /v2.0/subnets?network_id=c4cabe77-facb-4eea-8567-71ddb229c26c HTTP/1.1" status: 200 len: 820 time: 0.0487533
2026-05-27 15:04:30.375 9 INFO neutron.wsgi [None req-a2587cf8-e98a-4c30-98cc-2f670f27cba7 3d8db7d53cf24d80bad67af2f21e52dc 00d66f1d6fde490c92c5170c643bfddf - - default default] 10.0.0.86 "GET /v2.0/extensions HTTP/1.1" status: 200 len: 16975 time: 0.0098765
2026-05-27 15:04:30.518 9 INFO neutron.wsgi [None req-ec52d265-3a16-40e9-bffc-83c688d6ad82 3d8db7d53cf24d80bad67af2f21e52dc 00d66f1d6fde490c92c5170c643bfddf - - default default] 10.0.0.86 "GET /v2.0/networks HTTP/1.1" status: 200 len: 1503 time: 0.1374822
2026-05-27 15:04:30.585 9 INFO neutron.wsgi [None req-228eeb5e-11b4-4f40-901c-f628107ea3cd 3d8db7d53cf24d80bad67af2f21e52dc 00d66f1d6fde490c92c5170c643bfddf - - default default] 10.0.0.86 "GET /v2.0/subnets HTTP/1.1" status: 200 len: 1428 time: 0.0604475
2026-05-27 15:04:30.671 9 INFO neutron.wsgi [None req-15bf01c9-d74e-4134-878d-d65390e21c21 3d8db7d53cf24d80bad67af2f21e52dc 00d66f1d6fde490c92c5170c643bfddf - - default default] 10.0.0.86 "GET /v2.0/networks/0e24edc3-e7f6-4ed1-b035-10a9ef14c68a HTTP/1.1" status: 200 len: 862 time: 0.0801547
2026-05-27 15:04:30.725 10 INFO neutron.wsgi [None req-19cb370b-8274-400b-95dd-988be95c2086 3d8db7d53cf24d80bad67af2f21e52dc 00d66f1d6fde490c92c5170c643bfddf - - default default] 10.0.0.86 "GET /v2.0/subnets/8fbaa007-162c-4a31-bb49-4bc2999ff9fb HTTP/1.1" status: 200 len: 811 time: 0.0450180
2026-05-27 15:04:30.753 9 INFO neutron.pecan_wsgi.hooks.translation [None req-4c4bbd55-64b7-4830-9166-7e9cbcc5a9a0 3d8db7d53cf24d80bad67af2f21e52dc 00d66f1d6fde490c92c5170c643bfddf - - default default] DELETE failed (client error): The resource could not be found.
2026-05-27 15:04:30.756 9 INFO neutron.wsgi [None req-4c4bbd55-64b7-4830-9166-7e9cbcc5a9a0 3d8db7d53cf24d80bad67af2f21e52dc 00d66f1d6fde490c92c5170c643bfddf - - default default] 10.0.0.86 "DELETE /v2.0/subnets/dd4725a6-9b67-4911-81ed-a3a835f9ebf5 HTTP/1.1" status: 404 len: 337 time: 0.0244763
2026-05-27 15:04:30.777 10 INFO neutron.pecan_wsgi.hooks.translation [None req-9ee1e69d-9072-4abf-b167-e988749ad0b9 3d8db7d53cf24d80bad67af2f21e52dc 00d66f1d6fde490c92c5170c643bfddf - - default default] DELETE failed (client error): The resource could not be found.
2026-05-27 15:04:30.779 10 INFO neutron.wsgi [None req-9ee1e69d-9072-4abf-b167-e988749ad0b9 3d8db7d53cf24d80bad67af2f21e52dc 00d66f1d6fde490c92c5170c643bfddf - - default default] 10.0.0.86 "DELETE /v2.0/networks/4c3b82b3-8b5c-458a-9bf6-0e8205348bae HTTP/1.1" status: 404 len: 339 time: 0.0194280
2026-05-27 15:04:30.942 10 WARNING neutron.scheduler.dhcp_agent_scheduler [None req-2763b2b8-b83c-4eac-ac80-4f0d58f410b7 feef5b143fce455cb5368ea614f44c75 749fdf5fa699479ba61ce3d44b1acbc8 - - default default] No more DHCP agents
2026-05-27 15:04:30.947 10 WARNING neutron.api.rpc.agentnotifiers.dhcp_rpc_agent_api [None req-2763b2b8-b83c-4eac-ac80-4f0d58f410b7 feef5b143fce455cb5368ea614f44c75 749fdf5fa699479ba61ce3d44b1acbc8 - - default default] Unable to schedule network 397c9bc7-2495-4569-94f3-264c68c799b7: no agents available; will retry on subsequent port and subnet creation events.
2026-05-27 15:04:31.102 10 INFO neutron.wsgi [None req-064852be-8574-40e0-9ae8-07197e3e5fae 3d8db7d53cf24d80bad67af2f21e52dc 00d66f1d6fde490c92c5170c643bfddf - - default default] 10.0.0.86 "DELETE /v2.0/subnets/8fbaa007-162c-4a31-bb49-4bc2999ff9fb HTTP/1.1" status: 204 len: 168 time: 0.3176005
2026-05-27 15:04:31.181 10 INFO neutron.db.ovn_revision_numbers_db [None req-2763b2b8-b83c-4eac-ac80-4f0d58f410b7 feef5b143fce455cb5368ea614f44c75 749fdf5fa699479ba61ce3d44b1acbc8 - - default default] Successfully bumped revision number for resource c33348d2-27d9-4eb9-a195-ca172f4fc30b (type: ports) to 1
2026-05-27 15:04:31.591 9 INFO neutron.services.segments.plugin [-] Segment 2fdfb1d6-af63-426f-9f51-6c6062fe205f resource provider aggregate not found
2026-05-27 15:04:31.597 9 INFO neutron.services.segments.plugin [-] Segment 2fdfb1d6-af63-426f-9f51-6c6062fe205f resource provider aggregate not found
2026-05-27 15:04:31.619 9 INFO neutron.services.segments.plugin [-] Segment 2fdfb1d6-af63-426f-9f51-6c6062fe205f resource provider not found; error: Placement Client Error (4xx): {"errors": [{"status": 404, "title": "Not Found", "detail": "The resource could not be found.\n\n No resource provider with uuid 2fdfb1d6-af63-426f-9f51-6c6062fe205f found for delete ", "request_id": "req-6b1b84d3-0eb8-4404-8ca9-5b502101f22e"}]}
2026-05-27 15:04:31.621 9 INFO neutron.services.segments.plugin [-] Segment 2fdfb1d6-af63-426f-9f51-6c6062fe205f resource provider not found; error: Placement Client Error (4xx): {"errors": [{"status": 404, "title": "Not Found", "detail": "The resource could not be found.\n\n No resource provider with uuid 2fdfb1d6-af63-426f-9f51-6c6062fe205f found for delete ", "request_id": "req-853d4a91-5e3c-4b17-a6e3-8b4b44ada9d5"}]}
2026-05-27 15:04:31.649 9 INFO neutron.wsgi [None req-d59ac4ee-a79a-47d0-82f0-70808679c010 3d8db7d53cf24d80bad67af2f21e52dc 00d66f1d6fde490c92c5170c643bfddf - - default default] 10.0.0.86 "DELETE /v2.0/networks/0e24edc3-e7f6-4ed1-b035-10a9ef14c68a HTTP/1.1" status: 204 len: 168 time: 0.5414920
2026-05-27 15:04:31.758 10 INFO neutron.plugins.ml2.drivers.ovn.mech_driver.mech_driver [None req-86371f71-9a17-4aa8-b4f0-5a9a7d809869 - - - - - -] OVN reports status up for port: c33348d2-27d9-4eb9-a195-ca172f4fc30b
2026-05-27 15:04:31.778 10 INFO neutron.plugins.ml2.plugin [None req-86371f71-9a17-4aa8-b4f0-5a9a7d809869 - - - - - -] Attempt 1 to provision port c33348d2-27d9-4eb9-a195-ca172f4fc30b
2026-05-27 15:04:31.799 10 INFO neutron.db.ovn_revision_numbers_db [None req-2763b2b8-b83c-4eac-ac80-4f0d58f410b7 feef5b143fce455cb5368ea614f44c75 749fdf5fa699479ba61ce3d44b1acbc8 - - default default] Successfully bumped revision number for resource c33348d2-27d9-4eb9-a195-ca172f4fc30b (type: router_ports) to 1
2026-05-27 15:04:32.061 10 INFO neutron.db.ovn_revision_numbers_db [None req-2763b2b8-b83c-4eac-ac80-4f0d58f410b7 feef5b143fce455cb5368ea614f44c75 749fdf5fa699479ba61ce3d44b1acbc8 - - default default] Successfully bumped revision number for resource c33348d2-27d9-4eb9-a195-ca172f4fc30b (type: ports) to 1
2026-05-27 15:04:32.179 10 WARNING neutron.scheduler.dhcp_agent_scheduler [None req-2763b2b8-b83c-4eac-ac80-4f0d58f410b7 feef5b143fce455cb5368ea614f44c75 749fdf5fa699479ba61ce3d44b1acbc8 - - default default] No more DHCP agents
2026-05-27 15:04:32.182 10 WARNING neutron.api.rpc.agentnotifiers.dhcp_rpc_agent_api [None req-2763b2b8-b83c-4eac-ac80-4f0d58f410b7 feef5b143fce455cb5368ea614f44c75 749fdf5fa699479ba61ce3d44b1acbc8 - - default default] Unable to schedule network 397c9bc7-2495-4569-94f3-264c68c799b7: no agents available; will retry on subsequent port and subnet creation events.
2026-05-27 15:04:32.391 9 INFO neutron.wsgi [None req-a05e2325-4494-48fb-96ac-39e6db79f5b0 b2389cd0db04491fa47c218780333a8f b748f6bce2ca4bd593c50bd52b2ea4c0 - - default default] 10.0.0.86 "GET /v2.0/security-groups?tenant_id=00d66f1d6fde490c92c5170c643bfddf&name=default HTTP/1.1" status: 200 len: 2996 time: 0.1596463
2026-05-27 15:04:32.506 10 INFO neutron.db.ovn_revision_numbers_db [None req-86371f71-9a17-4aa8-b4f0-5a9a7d809869 - - - - - -] Successfully bumped revision number for resource c33348d2-27d9-4eb9-a195-ca172f4fc30b (type: ports) to 2
2026-05-27 15:04:32.640 10 INFO neutron.db.ovn_revision_numbers_db [None req-86371f71-9a17-4aa8-b4f0-5a9a7d809869 - - - - - -] Successfully bumped revision number for resource c33348d2-27d9-4eb9-a195-ca172f4fc30b (type: router_ports) to 2
2026-05-27 15:04:32.676 9 INFO neutron.wsgi [None req-852636b3-0cdc-4cfe-b5b4-179d4ea6ca17 b2389cd0db04491fa47c218780333a8f b748f6bce2ca4bd593c50bd52b2ea4c0 - - default default] 10.0.0.86 "DELETE /v2.0/security-groups/dc4b4b8b-cd56-4889-baea-d1b015e115a6 HTTP/1.1" status: 204 len: 168 time: 0.2788908
2026-05-27 15:04:32.822 10 INFO neutron.db.ovn_revision_numbers_db [None req-2763b2b8-b83c-4eac-ac80-4f0d58f410b7 feef5b143fce455cb5368ea614f44c75 749fdf5fa699479ba61ce3d44b1acbc8 - - default default] Successfully bumped revision number for resource c33348d2-27d9-4eb9-a195-ca172f4fc30b (type: router_ports) to 2
2026-05-27 15:04:32.825 10 INFO neutron.wsgi [None req-2763b2b8-b83c-4eac-ac80-4f0d58f410b7 feef5b143fce455cb5368ea614f44c75 749fdf5fa699479ba61ce3d44b1acbc8 - - default default] 10.0.0.86 "PUT /v2.0/routers/bee87a05-cde4-4c06-b210-f756c00d5d2f/add_router_interface HTTP/1.1" status: 200 len: 503 time: 2.6136129
2026-05-27 15:04:32.950 10 INFO neutron.wsgi [None req-29ad259f-d967-4103-bd2c-063ea56f1513 6d845441fa8d47768d8b2001969e1f34 126d86b962eb457e8e53c4a8ece06e29 - - default default] 10.0.0.86 "GET /v2.0/networks HTTP/1.1" status: 200 len: 3115 time: 0.1199362
2026-05-27 15:04:32.995 10 INFO neutron.wsgi [None req-24b8fe7e-ae33-4100-a769-1b600adfadbe 6d845441fa8d47768d8b2001969e1f34 126d86b962eb457e8e53c4a8ece06e29 - - default default] 10.0.0.86 "GET /v2.0/subnets HTTP/1.1" status: 200 len: 2097 time: 0.0389693
2026-05-27 15:04:33.094 10 INFO neutron.wsgi [None req-7003659f-fa8a-4e5b-ab16-1793ea8bc8e6 6d845441fa8d47768d8b2001969e1f34 126d86b962eb457e8e53c4a8ece06e29 - - default default] 10.0.0.86 "GET /v2.0/routers HTTP/1.1" status: 200 len: 879 time: 0.0947983
2026-05-27 15:04:33.156 9 WARNING neutron_lib.context [None req-afdf9f14-ea75-422b-8813-aa47feedcebf feef5b143fce455cb5368ea614f44c75 749fdf5fa699479ba61ce3d44b1acbc8 - - default default] Method 'is_advsvc' is deprecated since 2023.2 release (neutron-lib 3.8.0) and will be removed once support for the old RBAC API policies will be removed from Neutron. Please use method 'is_service_role' instead.
2026-05-27 15:04:33.313 9 INFO neutron.db.ovn_revision_numbers_db [None req-afdf9f14-ea75-422b-8813-aa47feedcebf feef5b143fce455cb5368ea614f44c75 749fdf5fa699479ba61ce3d44b1acbc8 - - default default] Successfully bumped revision number for resource 50a1e9b9-15f2-4900-b33e-b167883503a4 (type: security_groups) to 1
2026-05-27 15:04:33.328 9 INFO neutron.db.ovn_revision_numbers_db [None req-afdf9f14-ea75-422b-8813-aa47feedcebf feef5b143fce455cb5368ea614f44c75 749fdf5fa699479ba61ce3d44b1acbc8 - - default default] Successfully bumped revision number for resource 4ff90c07-2286-4d55-aa98-9ec278dd69fb (type: security_group_rules) to 0
2026-05-27 15:04:33.343 9 INFO neutron.db.ovn_revision_numbers_db [None req-afdf9f14-ea75-422b-8813-aa47feedcebf feef5b143fce455cb5368ea614f44c75 749fdf5fa699479ba61ce3d44b1acbc8 - - default default] Successfully bumped revision number for resource 88c8580e-e46a-4e2d-92f1-5e9f2c7b67a9 (type: security_group_rules) to 0
2026-05-27 15:04:33.364 9 INFO neutron.wsgi [None req-afdf9f14-ea75-422b-8813-aa47feedcebf feef5b143fce455cb5368ea614f44c75 749fdf5fa699479ba61ce3d44b1acbc8 - - default default] 10.0.0.86 "POST /v2.0/security-groups HTTP/1.1" status: 201 len: 1811 time: 0.2134063
2026-05-27 15:04:33.372 9 WARNING neutron_lib.context [None req-722c31ff-5a8a-4e73-be2a-5a6ae6d77b3a feef5b143fce455cb5368ea614f44c75 749fdf5fa699479ba61ce3d44b1acbc8 - - default default] Method 'is_advsvc' is deprecated since 2023.2 release (neutron-lib 3.8.0) and will be removed once support for the old RBAC API policies will be removed from Neutron. Please use method 'is_service_role' instead.
2026-05-27 15:04:33.491 9 INFO neutron.db.ovn_revision_numbers_db [None req-722c31ff-5a8a-4e73-be2a-5a6ae6d77b3a feef5b143fce455cb5368ea614f44c75 749fdf5fa699479ba61ce3d44b1acbc8 - - default default] Successfully bumped revision number for resource 4f2cbc2e-1967-41b8-9f18-bd117f857bab (type: security_group_rules) to 0
2026-05-27 15:04:33.518 9 INFO neutron.wsgi [None req-722c31ff-5a8a-4e73-be2a-5a6ae6d77b3a feef5b143fce455cb5368ea614f44c75 749fdf5fa699479ba61ce3d44b1acbc8 - - default default] 10.0.0.86 "POST /v2.0/security-group-rules HTTP/1.1" status: 201 len: 764 time: 0.1504374
2026-05-27 15:04:33.531 10 WARNING neutron_lib.context [None req-c4e2348c-8367-4841-8c85-f4f3d18154c8 feef5b143fce455cb5368ea614f44c75 749fdf5fa699479ba61ce3d44b1acbc8 - - default default] Method 'is_advsvc' is deprecated since 2023.2 release (neutron-lib 3.8.0) and will be removed once support for the old RBAC API policies will be removed from Neutron. Please use method 'is_service_role' instead.
2026-05-27 15:04:33.688 10 INFO neutron.db.ovn_revision_numbers_db [None req-c4e2348c-8367-4841-8c85-f4f3d18154c8 feef5b143fce455cb5368ea614f44c75 749fdf5fa699479ba61ce3d44b1acbc8 - - default default] Successfully bumped revision number for resource 31d2ed4d-3567-44fb-be7c-93f45e066ad3 (type: security_group_rules) to 0
2026-05-27 15:04:33.721 10 INFO neutron.wsgi [None req-c4e2348c-8367-4841-8c85-f4f3d18154c8 feef5b143fce455cb5368ea614f44c75 749fdf5fa699479ba61ce3d44b1acbc8 - - default default] 10.0.0.86 "POST /v2.0/security-group-rules HTTP/1.1" status: 201 len: 763 time: 0.1954429
2026-05-27 15:04:33.742 9 WARNING neutron_lib.context [None req-2da43ee9-847b-4225-ad4f-f83823078599 feef5b143fce455cb5368ea614f44c75 749fdf5fa699479ba61ce3d44b1acbc8 - - default default] Method 'is_advsvc' is deprecated since 2023.2 release (neutron-lib 3.8.0) and will be removed once support for the old RBAC API policies will be removed from Neutron. Please use method 'is_service_role' instead.
2026-05-27 15:04:33.867 9 INFO neutron.db.ovn_revision_numbers_db [None req-2da43ee9-847b-4225-ad4f-f83823078599 feef5b143fce455cb5368ea614f44c75 749fdf5fa699479ba61ce3d44b1acbc8 - - default default] Successfully bumped revision number for resource ca4c5dfa-57a2-4345-b79d-bcd4a92e69f2 (type: security_group_rules) to 0
2026-05-27 15:04:33.904 9 INFO neutron.wsgi [None req-2da43ee9-847b-4225-ad4f-f83823078599 feef5b143fce455cb5368ea614f44c75 749fdf5fa699479ba61ce3d44b1acbc8 - - default default] 10.0.0.86 "POST /v2.0/security-group-rules HTTP/1.1" status: 201 len: 769 time: 0.1714449
2026-05-27 15:04:33.918 10 WARNING neutron_lib.context [None req-0dd20db7-7ebe-48c7-a799-2eca3162a3fb feef5b143fce455cb5368ea614f44c75 749fdf5fa699479ba61ce3d44b1acbc8 - - default default] Method 'is_advsvc' is deprecated since 2023.2 release (neutron-lib 3.8.0) and will be removed once support for the old RBAC API policies will be removed from Neutron. Please use method 'is_service_role' instead.
2026-05-27 15:04:34.044 10 INFO neutron.db.ovn_revision_numbers_db [None req-0dd20db7-7ebe-48c7-a799-2eca3162a3fb feef5b143fce455cb5368ea614f44c75 749fdf5fa699479ba61ce3d44b1acbc8 - - default default] Successfully bumped revision number for resource 36954f5f-ff9b-4d6a-8a97-52467432ec43 (type: security_group_rules) to 0
2026-05-27 15:04:34.074 10 INFO neutron.wsgi [None req-0dd20db7-7ebe-48c7-a799-2eca3162a3fb feef5b143fce455cb5368ea614f44c75 749fdf5fa699479ba61ce3d44b1acbc8 - - default default] 10.0.0.86 "POST /v2.0/security-group-rules HTTP/1.1" status: 201 len: 768 time: 0.1622918
2026-05-27 15:04:34.086 10 WARNING neutron_lib.context [None req-bed2b5b1-50b8-48c9-8f20-f5588bf20600 feef5b143fce455cb5368ea614f44c75 749fdf5fa699479ba61ce3d44b1acbc8 - - default default] Method 'is_advsvc' is deprecated since 2023.2 release (neutron-lib 3.8.0) and will be removed once support for the old RBAC API policies will be removed from Neutron. Please use method 'is_service_role' instead.
2026-05-27 15:04:34.108 10 INFO neutron.db.securitygroups_db [None req-bed2b5b1-50b8-48c9-8f20-f5588bf20600 feef5b143fce455cb5368ea614f44c75 749fdf5fa699479ba61ce3d44b1acbc8 - - default default] Project 749fdf5fa699479ba61ce3d44b1acbc8 added a security group rule with legacy IPv6 ICMP protocol name icmp, ipv6-icmp should be used instead. It was automatically converted.
2026-05-27 15:04:34.229 10 INFO neutron.db.ovn_revision_numbers_db [None req-bed2b5b1-50b8-48c9-8f20-f5588bf20600 feef5b143fce455cb5368ea614f44c75 749fdf5fa699479ba61ce3d44b1acbc8 - - default default] Successfully bumped revision number for resource 5196af4d-e1c0-4054-9b39-ee3adf653944 (type: security_group_rules) to 0
2026-05-27 15:04:34.257 10 INFO neutron.wsgi [None req-bed2b5b1-50b8-48c9-8f20-f5588bf20600 feef5b143fce455cb5368ea614f44c75 749fdf5fa699479ba61ce3d44b1acbc8 - - default default] 10.0.0.86 "POST /v2.0/security-group-rules HTTP/1.1" status: 201 len: 774 time: 0.1769288
2026-05-27 15:04:34.270 10 WARNING neutron_lib.context [None req-acf74370-6dbc-4d38-83ba-add19527f99d feef5b143fce455cb5368ea614f44c75 749fdf5fa699479ba61ce3d44b1acbc8 - - default default] Method 'is_advsvc' is deprecated since 2023.2 release (neutron-lib 3.8.0) and will be removed once support for the old RBAC API policies will be removed from Neutron. Please use method 'is_service_role' instead.
2026-05-27 15:04:34.293 10 INFO neutron.db.securitygroups_db [None req-acf74370-6dbc-4d38-83ba-add19527f99d feef5b143fce455cb5368ea614f44c75 749fdf5fa699479ba61ce3d44b1acbc8 - - default default] Project 749fdf5fa699479ba61ce3d44b1acbc8 added a security group rule with legacy IPv6 ICMP protocol name icmp, ipv6-icmp should be used instead. It was automatically converted.
2026-05-27 15:04:34.436 10 INFO neutron.db.ovn_revision_numbers_db [None req-acf74370-6dbc-4d38-83ba-add19527f99d feef5b143fce455cb5368ea614f44c75 749fdf5fa699479ba61ce3d44b1acbc8 - - default default] Successfully bumped revision number for resource 0c112459-4b17-4ed9-bd19-32a400ef47a3 (type: security_group_rules) to 0
2026-05-27 15:04:34.470 10 INFO neutron.wsgi [None req-acf74370-6dbc-4d38-83ba-add19527f99d feef5b143fce455cb5368ea614f44c75 749fdf5fa699479ba61ce3d44b1acbc8 - - default default] 10.0.0.86 "POST /v2.0/security-group-rules HTTP/1.1" status: 201 len: 773 time: 0.2064867
2026-05-27 15:04:34.662 9 WARNING neutron_lib.context [None req-d4c3d568-3b0b-4cb7-a1a9-91fcba5eee94 2780ac5ddf6449ed939f16b426cfb021 d4edd21e628945359fd5d6200a36421e - - default default] Method 'is_advsvc' is deprecated since 2023.2 release (neutron-lib 3.8.0) and will be removed once support for the old RBAC API policies will be removed from Neutron. Please use method 'is_service_role' instead.
2026-05-27 15:04:34.838 9 INFO neutron.db.ovn_revision_numbers_db [None req-d4c3d568-3b0b-4cb7-a1a9-91fcba5eee94 2780ac5ddf6449ed939f16b426cfb021 d4edd21e628945359fd5d6200a36421e - - default default] Successfully bumped revision number for resource 8152d2dd-8be4-4ddb-a085-a933ade861d8 (type: security_groups) to 1
2026-05-27 15:04:34.859 9 INFO neutron.db.ovn_revision_numbers_db [None req-d4c3d568-3b0b-4cb7-a1a9-91fcba5eee94 2780ac5ddf6449ed939f16b426cfb021 d4edd21e628945359fd5d6200a36421e - - default default] Successfully bumped revision number for resource 2fdf019d-fe2c-4c04-aaab-47b1359c311f (type: security_group_rules) to 0
2026-05-27 15:04:34.873 9 INFO neutron.db.ovn_revision_numbers_db [None req-d4c3d568-3b0b-4cb7-a1a9-91fcba5eee94 2780ac5ddf6449ed939f16b426cfb021 d4edd21e628945359fd5d6200a36421e - - default default] Successfully bumped revision number for resource 430faad9-090f-45f1-8f68-3bc9dbb6cb41 (type: security_group_rules) to 0
2026-05-27 15:04:34.892 9 INFO neutron.db.ovn_revision_numbers_db [None req-d4c3d568-3b0b-4cb7-a1a9-91fcba5eee94 2780ac5ddf6449ed939f16b426cfb021 d4edd21e628945359fd5d6200a36421e - - default default] Successfully bumped revision number for resource 5c018e03-f8a8-462c-a460-cc9be9655b8c (type: security_group_rules) to 0
2026-05-27 15:04:34.909 9 INFO neutron.db.ovn_revision_numbers_db [None req-d4c3d568-3b0b-4cb7-a1a9-91fcba5eee94 2780ac5ddf6449ed939f16b426cfb021 d4edd21e628945359fd5d6200a36421e - - default default] Successfully bumped revision number for resource ddbdd784-9450-4396-9004-5a745a9c156d (type: security_group_rules) to 0
2026-05-27 15:04:34.972 9 INFO neutron.db.segments_db [None req-d4c3d568-3b0b-4cb7-a1a9-91fcba5eee94 2780ac5ddf6449ed939f16b426cfb021 d4edd21e628945359fd5d6200a36421e - - default default] Added segment 7558c850-124e-4119-870d-73d5cdf0d370 of type geneve for network 55e50fec-f239-46e1-8404-9904fb900644
2026-05-27 15:04:35.013 10 INFO neutron.wsgi [None req-d8cf0d69-fa85-45f2-a4a2-aa40e10c8201 feef5b143fce455cb5368ea614f44c75 749fdf5fa699479ba61ce3d44b1acbc8 - - default default] 10.0.0.86 "GET /v2.0/networks HTTP/1.1" status: 200 len: 1493 time: 0.1539452
2026-05-27 15:04:35.129 9 INFO neutron.db.ovn_revision_numbers_db [None req-d4c3d568-3b0b-4cb7-a1a9-91fcba5eee94 2780ac5ddf6449ed939f16b426cfb021 d4edd21e628945359fd5d6200a36421e - - default default] Successfully bumped revision number for resource 55e50fec-f239-46e1-8404-9904fb900644 (type: networks) to 1
2026-05-27 15:04:35.154 10 INFO neutron.wsgi [req-1e4445b3-e9af-44f3-8ee8-ce84a0a02449 req-aa79ceb5-f465-45c6-9d5b-c44e73181413 feef5b143fce455cb5368ea614f44c75 749fdf5fa699479ba61ce3d44b1acbc8 - - default default] 10.0.0.67 "GET /v2.0/security-groups?name=tempest-secgroup-smoke-1208287828&fields=id&tenant_id=749fdf5fa699479ba61ce3d44b1acbc8 HTTP/1.1" status: 200 len: 267 time: 0.0494778
2026-05-27 15:04:35.164 9 INFO neutron.wsgi [-] 10.0.0.15 "GET / HTTP/1.1" status: 200 len: 247 time: 0.0026097
2026-05-27 15:04:35.167 9 INFO neutron.wsgi [-] 10.0.0.15 "GET / HTTP/1.1" status: 200 len: 247 time: 0.0021858
2026-05-27 15:04:35.306 10 INFO neutron.wsgi [req-1e4445b3-e9af-44f3-8ee8-ce84a0a02449 req-9f693c9a-c700-4d43-a4c8-2521f8e52b00 feef5b143fce455cb5368ea614f44c75 749fdf5fa699479ba61ce3d44b1acbc8 - - default default] 10.0.0.67 "GET /v2.0/networks?id=397c9bc7-2495-4569-94f3-264c68c799b7 HTTP/1.1" status: 200 len: 860 time: 0.1467397
2026-05-27 15:04:35.315 9 WARNING neutron.scheduler.dhcp_agent_scheduler [None req-d4c3d568-3b0b-4cb7-a1a9-91fcba5eee94 2780ac5ddf6449ed939f16b426cfb021 d4edd21e628945359fd5d6200a36421e - - default default] No more DHCP agents
2026-05-27 15:04:35.318 9 WARNING neutron.api.rpc.agentnotifiers.dhcp_rpc_agent_api [None req-d4c3d568-3b0b-4cb7-a1a9-91fcba5eee94 2780ac5ddf6449ed939f16b426cfb021 d4edd21e628945359fd5d6200a36421e - - default default] Unable to schedule network 55e50fec-f239-46e1-8404-9904fb900644: no agents available; will retry on subsequent port and subnet creation events.
2026-05-27 15:04:35.324 10 INFO neutron.wsgi [req-1e4445b3-e9af-44f3-8ee8-ce84a0a02449 req-f1c5ee35-6f7c-4936-b3ef-ea52ad58341b feef5b143fce455cb5368ea614f44c75 749fdf5fa699479ba61ce3d44b1acbc8 - - default default] 10.0.0.67 "GET /v2.0/quotas/749fdf5fa699479ba61ce3d44b1acbc8 HTTP/1.1" status: 200 len: 386 time: 0.0127633
2026-05-27 15:04:35.413 9 INFO neutron.db.ovn_revision_numbers_db [None req-d4c3d568-3b0b-4cb7-a1a9-91fcba5eee94 2780ac5ddf6449ed939f16b426cfb021 d4edd21e628945359fd5d6200a36421e - - default default] Successfully bumped revision number for resource a5f12be6-9f01-44da-a22f-54cf18a7b424 (type: ports) to 1
2026-05-27 15:04:35.436 9 INFO neutron.wsgi [None req-d4c3d568-3b0b-4cb7-a1a9-91fcba5eee94 2780ac5ddf6449ed939f16b426cfb021 d4edd21e628945359fd5d6200a36421e - - default default] 10.0.0.86 "POST /v2.0/networks HTTP/1.1" status: 201 len: 833 time: 0.9640398
2026-05-27 15:04:35.448 10 WARNING neutron_lib.context [None req-4d03bda3-beb6-4fd0-a647-22af04080e5e 2780ac5ddf6449ed939f16b426cfb021 d4edd21e628945359fd5d6200a36421e - - default default] Method 'is_advsvc' is deprecated since 2023.2 release (neutron-lib 3.8.0) and will be removed once support for the old RBAC API policies will be removed from Neutron. Please use method 'is_service_role' instead.
2026-05-27 15:04:35.477 10 INFO neutron.wsgi [req-1e4445b3-e9af-44f3-8ee8-ce84a0a02449 req-7cdaecd2-e7ed-4610-8b96-300b4e5f9e0a feef5b143fce455cb5368ea614f44c75 749fdf5fa699479ba61ce3d44b1acbc8 - - default default] 10.0.0.67 "GET /v2.0/ports?tenant_id=749fdf5fa699479ba61ce3d44b1acbc8&fields=id HTTP/1.1" status: 200 len: 302 time: 0.1468053
2026-05-27 15:04:35.571 10 INFO neutron.wsgi [req-1e4445b3-e9af-44f3-8ee8-ce84a0a02449 req-8439a866-d0a7-44bf-b216-7a0b9f469c78 e2fb98b4180640a3b07ff360f3459214 187ac6721caa41fc9b9984565d3204fb - - aea56a651e4e46208e84ee12f850055f aea56a651e4e46208e84ee12f850055f] 10.0.0.67 "GET /v2.0/networks/397c9bc7-2495-4569-94f3-264c68c799b7?fields=segments HTTP/1.1" status: 200 len: 212 time: 0.0802774
2026-05-27 15:04:35.588 10 INFO neutron.db.segments_db [None req-4d03bda3-beb6-4fd0-a647-22af04080e5e 2780ac5ddf6449ed939f16b426cfb021 d4edd21e628945359fd5d6200a36421e - - default default] Added segment 042c778e-7c2b-4657-ada8-04df312336f7 of type geneve for network dcf4ae3a-23a3-4b36-9c03-c09efe7732aa
2026-05-27 15:04:35.686 10 INFO neutron.wsgi [req-1e4445b3-e9af-44f3-8ee8-ce84a0a02449 req-58a2c255-6b9f-4f88-a007-d6ee60ac7e0b e2fb98b4180640a3b07ff360f3459214 187ac6721caa41fc9b9984565d3204fb - - aea56a651e4e46208e84ee12f850055f aea56a651e4e46208e84ee12f850055f] 10.0.0.67 "GET /v2.0/networks/397c9bc7-2495-4569-94f3-264c68c799b7?fields=provider%3Aphysical_network&fields=provider%3Anetwork_type HTTP/1.1" status: 200 len: 277 time: 0.1092525
2026-05-27 15:04:35.792 10 INFO neutron.db.ovn_revision_numbers_db [None req-4d03bda3-beb6-4fd0-a647-22af04080e5e 2780ac5ddf6449ed939f16b426cfb021 d4edd21e628945359fd5d6200a36421e - - default default] Successfully bumped revision number for resource dcf4ae3a-23a3-4b36-9c03-c09efe7732aa (type: networks) to 1
2026-05-27 15:04:35.863 9 INFO neutron.wsgi [req-badb9cc0-ed10-4834-b083-f3acb8fbbbb6 req-02b88e01-023f-407a-9a75-5349399c62b5 feef5b143fce455cb5368ea614f44c75 749fdf5fa699479ba61ce3d44b1acbc8 - - default default] 10.0.0.67 "GET /v2.0/ports?device_id=572d9ca4-758a-49c6-8f46-ee9055c417e3 HTTP/1.1" status: 200 len: 210 time: 0.0246367
2026-05-27 15:04:36.006 10 WARNING neutron.scheduler.dhcp_agent_scheduler [None req-4d03bda3-beb6-4fd0-a647-22af04080e5e 2780ac5ddf6449ed939f16b426cfb021 d4edd21e628945359fd5d6200a36421e - - default default] No more DHCP agents
2026-05-27 15:04:36.008 10 WARNING neutron.api.rpc.agentnotifiers.dhcp_rpc_agent_api [None req-4d03bda3-beb6-4fd0-a647-22af04080e5e 2780ac5ddf6449ed939f16b426cfb021 d4edd21e628945359fd5d6200a36421e - - default default] Unable to schedule network dcf4ae3a-23a3-4b36-9c03-c09efe7732aa: no agents available; will retry on subsequent port and subnet creation events.
2026-05-27 15:04:36.095 10 INFO neutron.db.ovn_revision_numbers_db [None req-4d03bda3-beb6-4fd0-a647-22af04080e5e 2780ac5ddf6449ed939f16b426cfb021 d4edd21e628945359fd5d6200a36421e - - default default] Successfully bumped revision number for resource ef1f9f69-8869-4e04-aef6-ca2d6d03c219 (type: ports) to 1
2026-05-27 15:04:36.118 10 INFO neutron.wsgi [None req-4d03bda3-beb6-4fd0-a647-22af04080e5e 2780ac5ddf6449ed939f16b426cfb021 d4edd21e628945359fd5d6200a36421e - - default default] 10.0.0.86 "POST /v2.0/networks HTTP/1.1" status: 201 len: 833 time: 0.6757708
2026-05-27 15:04:36.128 10 WARNING neutron_lib.context [None req-1fa9156d-30de-44bb-8f6c-0a7c3203d071 2780ac5ddf6449ed939f16b426cfb021 d4edd21e628945359fd5d6200a36421e - - default default] Method 'is_advsvc' is deprecated since 2023.2 release (neutron-lib 3.8.0) and will be removed once support for the old RBAC API policies will be removed from Neutron. Please use method 'is_service_role' instead.
2026-05-27 15:04:36.392 10 WARNING neutron.scheduler.dhcp_agent_scheduler [None req-1fa9156d-30de-44bb-8f6c-0a7c3203d071 2780ac5ddf6449ed939f16b426cfb021 d4edd21e628945359fd5d6200a36421e - - default default] No more DHCP agents
2026-05-27 15:04:36.394 10 WARNING neutron.api.rpc.agentnotifiers.dhcp_rpc_agent_api [None req-1fa9156d-30de-44bb-8f6c-0a7c3203d071 2780ac5ddf6449ed939f16b426cfb021 d4edd21e628945359fd5d6200a36421e - - default default] Unable to schedule network 55e50fec-f239-46e1-8404-9904fb900644: no agents available; will retry on subsequent port and subnet creation events.
2026-05-27 15:04:36.430 10 INFO neutron.db.ovn_revision_numbers_db [None req-1fa9156d-30de-44bb-8f6c-0a7c3203d071 2780ac5ddf6449ed939f16b426cfb021 d4edd21e628945359fd5d6200a36421e - - default default] Successfully bumped revision number for resource dbc47a25-3249-4d63-abdd-c5a78307b088 (type: subnets) to 0
2026-05-27 15:04:36.448 10 INFO neutron.wsgi [None req-1fa9156d-30de-44bb-8f6c-0a7c3203d071 2780ac5ddf6449ed939f16b426cfb021 d4edd21e628945359fd5d6200a36421e - - default default] 10.0.0.86 "POST /v2.0/subnets HTTP/1.1" status: 201 len: 821 time: 0.3253012
2026-05-27 15:04:36.458 10 WARNING neutron_lib.context [None req-8a27795f-705c-4af9-be2d-cf13e946c348 2780ac5ddf6449ed939f16b426cfb021 d4edd21e628945359fd5d6200a36421e - - default default] Method 'is_advsvc' is deprecated since 2023.2 release (neutron-lib 3.8.0) and will be removed once support for the old RBAC API policies will be removed from Neutron. Please use method 'is_service_role' instead.
2026-05-27 15:04:36.599 9 INFO neutron.wsgi [req-1e4445b3-e9af-44f3-8ee8-ce84a0a02449 req-d7ef3aa8-1949-47d1-881a-1c95904b5d68 feef5b143fce455cb5368ea614f44c75 749fdf5fa699479ba61ce3d44b1acbc8 - - default default] 199.204.45.156 "GET /v2.0/networks?id=397c9bc7-2495-4569-94f3-264c68c799b7 HTTP/1.1" status: 200 len: 860 time: 0.0859234
2026-05-27 15:04:36.672 9 INFO neutron.wsgi [req-1e4445b3-e9af-44f3-8ee8-ce84a0a02449 req-efb2bafb-cd76-46b6-99f1-a6a4f1e316cf feef5b143fce455cb5368ea614f44c75 749fdf5fa699479ba61ce3d44b1acbc8 - - default default] 199.204.45.156 "GET /v2.0/security-groups?fields=id&fields=name&tenant_id=749fdf5fa699479ba61ce3d44b1acbc8 HTTP/1.1" status: 200 len: 380 time: 0.0626123
2026-05-27 15:04:36.693 9 INFO neutron.db.ovn_revision_numbers_db [None req-2ef6a40e-299d-4f9e-b98f-7b6faa1be035 b2389cd0db04491fa47c218780333a8f b748f6bce2ca4bd593c50bd52b2ea4c0 - - default default] Successfully bumped revision number for resource 50bde217-dd47-4d35-94ce-8a6b274544aa (type: security_groups) to 1
2026-05-27 15:04:36.700 9 WARNING neutron_lib.context [req-1e4445b3-e9af-44f3-8ee8-ce84a0a02449 req-d4b9b851-14a4-42f7-b402-d2256b1a20a9 feef5b143fce455cb5368ea614f44c75 749fdf5fa699479ba61ce3d44b1acbc8 - - default default] Method 'is_advsvc' is deprecated since 2023.2 release (neutron-lib 3.8.0) and will be removed once support for the old RBAC API policies will be removed from Neutron. Please use method 'is_service_role' instead.
2026-05-27 15:04:36.730 9 INFO neutron.db.ovn_revision_numbers_db [None req-2ef6a40e-299d-4f9e-b98f-7b6faa1be035 b2389cd0db04491fa47c218780333a8f b748f6bce2ca4bd593c50bd52b2ea4c0 - - default default] Successfully bumped revision number for resource 059fb749-6a8c-4620-9abb-f49fa5e41af2 (type: security_group_rules) to 0
2026-05-27 15:04:36.749 10 WARNING neutron.scheduler.dhcp_agent_scheduler [None req-8a27795f-705c-4af9-be2d-cf13e946c348 2780ac5ddf6449ed939f16b426cfb021 d4edd21e628945359fd5d6200a36421e - - default default] No more DHCP agents
2026-05-27 15:04:36.752 10 WARNING neutron.api.rpc.agentnotifiers.dhcp_rpc_agent_api [None req-8a27795f-705c-4af9-be2d-cf13e946c348 2780ac5ddf6449ed939f16b426cfb021 d4edd21e628945359fd5d6200a36421e - - default default] Unable to schedule network dcf4ae3a-23a3-4b36-9c03-c09efe7732aa: no agents available; will retry on subsequent port and subnet creation events.
2026-05-27 15:04:36.785 10 INFO neutron.db.ovn_revision_numbers_db [None req-8a27795f-705c-4af9-be2d-cf13e946c348 2780ac5ddf6449ed939f16b426cfb021 d4edd21e628945359fd5d6200a36421e - - default default] Successfully bumped revision number for resource 0c92f08b-6a55-455e-8444-e9b7be99bbd1 (type: subnets) to 0
2026-05-27 15:04:36.800 10 INFO neutron.wsgi [None req-8a27795f-705c-4af9-be2d-cf13e946c348 2780ac5ddf6449ed939f16b426cfb021 d4edd21e628945359fd5d6200a36421e - - default default] 10.0.0.86 "POST /v2.0/subnets HTTP/1.1" status: 201 len: 830 time: 0.3463531
2026-05-27 15:04:36.809 10 WARNING neutron_lib.context [None req-3bc5a3cc-ca20-4c18-9666-5c6d2a47db84 2780ac5ddf6449ed939f16b426cfb021 d4edd21e628945359fd5d6200a36421e - - default default] Method 'is_advsvc' is deprecated since 2023.2 release (neutron-lib 3.8.0) and will be removed once support for the old RBAC API policies will be removed from Neutron. Please use method 'is_service_role' instead.
2026-05-27 15:04:36.979 10 INFO neutron.wsgi [req-38c8c108-29e1-4b95-8cd6-c6c4d5f6cefa req-453d7be9-3543-4f8a-844e-db4bca08ad75 feef5b143fce455cb5368ea614f44c75 749fdf5fa699479ba61ce3d44b1acbc8 - - default default] 10.0.0.67 "GET /v2.0/ports?device_id=572d9ca4-758a-49c6-8f46-ee9055c417e3 HTTP/1.1" status: 200 len: 210 time: 0.0201955
2026-05-27 15:04:36.981 10 INFO neutron.db.ovn_revision_numbers_db [None req-3bc5a3cc-ca20-4c18-9666-5c6d2a47db84 2780ac5ddf6449ed939f16b426cfb021 d4edd21e628945359fd5d6200a36421e - - default default] Successfully bumped revision number for resource f2f83bea-ce85-4b62-8f69-9b97ce2bbdaf (type: routers) to 1
2026-05-27 15:04:36.995 10 INFO neutron.wsgi [None req-3bc5a3cc-ca20-4c18-9666-5c6d2a47db84 2780ac5ddf6449ed939f16b426cfb021 d4edd21e628945359fd5d6200a36421e - - default default] 10.0.0.86 "POST /v2.0/routers HTTP/1.1" status: 201 len: 691 time: 0.1903899
2026-05-27 15:04:37.017 9 INFO neutron.db.ovn_revision_numbers_db [None req-2ef6a40e-299d-4f9e-b98f-7b6faa1be035 b2389cd0db04491fa47c218780333a8f b748f6bce2ca4bd593c50bd52b2ea4c0 - - default default] Successfully bumped revision number for resource 2ebc498b-1383-4f46-abee-b0db0dbf120d (type: security_group_rules) to 0
2026-05-27 15:04:37.034 9 INFO neutron.db.ovn_revision_numbers_db [None req-2ef6a40e-299d-4f9e-b98f-7b6faa1be035 b2389cd0db04491fa47c218780333a8f b748f6bce2ca4bd593c50bd52b2ea4c0 - - default default] Successfully bumped revision number for resource 48672ec9-6d76-4ebb-a811-646a371277ef (type: security_group_rules) to 0
2026-05-27 15:04:37.058 9 INFO neutron.db.ovn_revision_numbers_db [None req-2ef6a40e-299d-4f9e-b98f-7b6faa1be035 b2389cd0db04491fa47c218780333a8f b748f6bce2ca4bd593c50bd52b2ea4c0 - - default default] Successfully bumped revision number for resource 55733d5e-15a1-4fbb-8a96-1792699a9e18 (type: security_group_rules) to 0
2026-05-27 15:04:37.091 9 INFO neutron.wsgi [None req-2ef6a40e-299d-4f9e-b98f-7b6faa1be035 b2389cd0db04491fa47c218780333a8f b748f6bce2ca4bd593c50bd52b2ea4c0 - - default default] 10.0.0.86 "GET /v2.0/security-groups?tenant_id=364b7bb723e54fb998175fe7cfe171a5&name=default HTTP/1.1" status: 200 len: 2996 time: 0.6692951
2026-05-27 15:04:37.378 9 INFO neutron.db.ovn_revision_numbers_db [None req-3e966a8d-7fc3-4bad-85ea-fa66b2d1cac1 b2389cd0db04491fa47c218780333a8f b748f6bce2ca4bd593c50bd52b2ea4c0 - - default default] Successfully bumped revision number for resource 178ab22f-a234-4146-8f77-8d69733579b9 (type: security_groups) to 1
2026-05-27 15:04:37.391 9 WARNING neutron.scheduler.dhcp_agent_scheduler [req-1e4445b3-e9af-44f3-8ee8-ce84a0a02449 req-d4b9b851-14a4-42f7-b402-d2256b1a20a9 feef5b143fce455cb5368ea614f44c75 749fdf5fa699479ba61ce3d44b1acbc8 - - default default] No more DHCP agents
2026-05-27 15:04:37.398 9 WARNING neutron.api.rpc.agentnotifiers.dhcp_rpc_agent_api [req-1e4445b3-e9af-44f3-8ee8-ce84a0a02449 req-d4b9b851-14a4-42f7-b402-d2256b1a20a9 feef5b143fce455cb5368ea614f44c75 749fdf5fa699479ba61ce3d44b1acbc8 - - default default] Unable to schedule network 397c9bc7-2495-4569-94f3-264c68c799b7: no agents available; will retry on subsequent port and subnet creation events.
2026-05-27 15:04:37.409 9 INFO neutron.db.ovn_revision_numbers_db [None req-3e966a8d-7fc3-4bad-85ea-fa66b2d1cac1 b2389cd0db04491fa47c218780333a8f b748f6bce2ca4bd593c50bd52b2ea4c0 - - default default] Successfully bumped revision number for resource 5ca2cd7c-530a-4e15-93d6-68f0551a28ad (type: security_group_rules) to 0
2026-05-27 15:04:37.420 10 INFO neutron.wsgi [None req-51941ed8-61d1-4b97-af9c-73f77c8f06d9 b2389cd0db04491fa47c218780333a8f b748f6bce2ca4bd593c50bd52b2ea4c0 - - default default] 10.0.0.86 "DELETE /v2.0/security-groups/50bde217-dd47-4d35-94ce-8a6b274544aa HTTP/1.1" status: 204 len: 168 time: 0.3177772
2026-05-27 15:04:37.435 9 INFO neutron.db.ovn_revision_numbers_db [None req-3e966a8d-7fc3-4bad-85ea-fa66b2d1cac1 b2389cd0db04491fa47c218780333a8f b748f6bce2ca4bd593c50bd52b2ea4c0 - - default default] Successfully bumped revision number for resource a0c2378c-9dd7-418e-b4f8-b6fdf5bcbb7f (type: security_group_rules) to 0
2026-05-27 15:04:37.450 10 WARNING neutron.scheduler.dhcp_agent_scheduler [None req-ce7f8b9e-453c-4708-89b1-a968f7975a20 2780ac5ddf6449ed939f16b426cfb021 d4edd21e628945359fd5d6200a36421e - - default default] No more DHCP agents
2026-05-27 15:04:37.452 10 WARNING neutron.api.rpc.agentnotifiers.dhcp_rpc_agent_api [None req-ce7f8b9e-453c-4708-89b1-a968f7975a20 2780ac5ddf6449ed939f16b426cfb021 d4edd21e628945359fd5d6200a36421e - - default default] Unable to schedule network 55e50fec-f239-46e1-8404-9904fb900644: no agents available; will retry on subsequent port and subnet creation events.
2026-05-27 15:04:37.455 9 INFO neutron.db.ovn_revision_numbers_db [None req-3e966a8d-7fc3-4bad-85ea-fa66b2d1cac1 b2389cd0db04491fa47c218780333a8f b748f6bce2ca4bd593c50bd52b2ea4c0 - - default default] Successfully bumped revision number for resource bf90f550-6956-43a4-bd93-4128b57fce0a (type: security_group_rules) to 0
2026-05-27 15:04:37.478 9 INFO neutron.db.ovn_revision_numbers_db [None req-3e966a8d-7fc3-4bad-85ea-fa66b2d1cac1 b2389cd0db04491fa47c218780333a8f b748f6bce2ca4bd593c50bd52b2ea4c0 - - default default] Successfully bumped revision number for resource d50786dc-0bb7-4312-8e65-1680e3aeea85 (type: security_group_rules) to 0
2026-05-27 15:04:37.485 10 WARNING neutron.plugins.ml2.drivers.ovn.mech_driver.ovsdb.ovn_client [None req-86371f71-9a17-4aa8-b4f0-5a9a7d809869 - - - - - -] No hosting information found for port c33348d2-27d9-4eb9-a195-ca172f4fc30b: RuntimeError: No hosting information found for port c33348d2-27d9-4eb9-a195-ca172f4fc30b
