2026-05-27 15:02:56.232 9 INFO neutron.wsgi [None req-d207b6e8-d2ec-4fdf-aa65-499bb304f0ea b2389cd0db04491fa47c218780333a8f b748f6bce2ca4bd593c50bd52b2ea4c0 - - default default] 10.0.0.86 "DELETE /v2.0/routers/1e5beed1-f418-41a1-bc06-5596b34d8f78 HTTP/1.1" status: 204 len: 168 time: 1.2317567
2026-05-27 15:02:56.293 9 INFO neutron.db.ovn_revision_numbers_db [None req-2fce42b3-8a0e-4392-ab8a-341fd88b8357 4b5d0968fdc34828a4ca878d79bf6900 713aa7797633400184aba81170f76de1 - - default default] Successfully bumped revision number for resource 379520cf-ab64-47fb-be14-638faa4e1060 (type: ports) to 1
2026-05-27 15:02:56.328 9 WARNING neutron.scheduler.dhcp_agent_scheduler [None req-2fce42b3-8a0e-4392-ab8a-341fd88b8357 4b5d0968fdc34828a4ca878d79bf6900 713aa7797633400184aba81170f76de1 - - default default] No more DHCP agents
2026-05-27 15:02:56.331 9 WARNING neutron.api.rpc.agentnotifiers.dhcp_rpc_agent_api [None req-2fce42b3-8a0e-4392-ab8a-341fd88b8357 4b5d0968fdc34828a4ca878d79bf6900 713aa7797633400184aba81170f76de1 - - default default] Unable to schedule network 3240ca1f-436d-4c1e-8f83-89ce1e4f3b0a: no agents available; will retry on subsequent port and subnet creation events.
2026-05-27 15:02:56.426 9 INFO neutron.db.ovn_revision_numbers_db [None req-2fce42b3-8a0e-4392-ab8a-341fd88b8357 4b5d0968fdc34828a4ca878d79bf6900 713aa7797633400184aba81170f76de1 - - default default] Successfully bumped revision number for resource 63cc4f80-6daf-4b31-bbad-2d66e8c731e2 (type: ports) to 1
2026-05-27 15:02:56.441 10 INFO neutron.wsgi [None req-f2f0c4ba-aeaa-4269-b95a-a93828368d55 b2389cd0db04491fa47c218780333a8f b748f6bce2ca4bd593c50bd52b2ea4c0 - - default default] 10.0.0.86 "DELETE /v2.0/subnets/3e164e20-0fa1-4d34-a0df-8f2ba85e3d8a HTTP/1.1" status: 204 len: 168 time: 0.2006443
2026-05-27 15:02:56.452 9 INFO neutron.wsgi [None req-2fce42b3-8a0e-4392-ab8a-341fd88b8357 4b5d0968fdc34828a4ca878d79bf6900 713aa7797633400184aba81170f76de1 - - default default] 10.0.0.86 "POST /v2.0/ports HTTP/1.1" status: 201 len: 1705 time: 1.1032565 /var/lib/openstack/lib/python3.10/site-packages/pycadf/identifier.py:71: UserWarning: Invalid uuid: neutron. To ensure interoperability, identifiers should be a valid uuid. warnings.warn(('Invalid uuid: %s. To ensure interoperability, '
2026-05-27 15:02:56.631 9 INFO neutron.wsgi [None req-ae1bd2d8-5471-4184-91a7-d104a8586748 4b5d0968fdc34828a4ca878d79bf6900 713aa7797633400184aba81170f76de1 - - default default] 10.0.0.86 "GET /v2.0/ports HTTP/1.1" status: 200 len: 3212 time: 0.1729443
2026-05-27 15:02:56.780 10 INFO neutron.services.segments.plugin [-] Segment b6aefbe7-f899-493e-8f48-1817dd7554d9 resource provider aggregate not found
2026-05-27 15:02:56.786 10 INFO neutron.services.segments.plugin [-] Segment b6aefbe7-f899-493e-8f48-1817dd7554d9 resource provider aggregate not found
2026-05-27 15:02:56.805 10 INFO neutron.services.segments.plugin [-] Segment b6aefbe7-f899-493e-8f48-1817dd7554d9 resource provider not found; error: Placement Client Error (4xx): {"errors": [{"status": 404, "title": "Not Found", "detail": "The resource could not be found.\n\n No resource provider with uuid b6aefbe7-f899-493e-8f48-1817dd7554d9 found for delete ", "request_id": "req-6e611ca6-a0db-4e6a-92d4-6d7f7474f5e4"}]}
2026-05-27 15:02:56.806 10 INFO neutron.services.segments.plugin [-] Segment b6aefbe7-f899-493e-8f48-1817dd7554d9 resource provider not found; error: Placement Client Error (4xx): {"errors": [{"status": 404, "title": "Not Found", "detail": "The resource could not be found.\n\n No resource provider with uuid b6aefbe7-f899-493e-8f48-1817dd7554d9 found for delete ", "request_id": "req-ea615b43-aebd-4fd8-8e20-2d542522468f"}]}
2026-05-27 15:02:56.836 10 INFO neutron.wsgi [None req-c4344791-2e5f-4fa3-baa4-2a8847dd059e b2389cd0db04491fa47c218780333a8f b748f6bce2ca4bd593c50bd52b2ea4c0 - - default default] 10.0.0.86 "DELETE /v2.0/networks/0f185535-e609-4e0f-95ff-75dcaea42589 HTTP/1.1" status: 204 len: 168 time: 0.3898630
2026-05-27 15:02:56.915 9 INFO neutron.wsgi [None req-a0f820f0-2fab-4b44-b1af-dd2cece196ee 4b5d0968fdc34828a4ca878d79bf6900 713aa7797633400184aba81170f76de1 - - default default] 10.0.0.86 "DELETE /v2.0/ports/379520cf-ab64-47fb-be14-638faa4e1060 HTTP/1.1" status: 204 len: 168 time: 0.2784114
2026-05-27 15:02:57.052 10 INFO neutron.wsgi [None req-b8c3cf2c-f50c-42ac-97e9-215c0ffa995f b2389cd0db04491fa47c218780333a8f b748f6bce2ca4bd593c50bd52b2ea4c0 - - default default] 10.0.0.86 "GET /v2.0/security-groups?tenant_id=099df18719a2488e878285b3b4f66879&name=default HTTP/1.1" status: 200 len: 2996 time: 0.0406034
2026-05-27 15:02:57.275 10 INFO neutron.wsgi [None req-d30ec88d-fb3a-4407-83fe-ac7333281fdc b2389cd0db04491fa47c218780333a8f b748f6bce2ca4bd593c50bd52b2ea4c0 - - default default] 10.0.0.86 "DELETE /v2.0/security-groups/10c53698-0826-4ed9-8b3f-40b929c0ce75 HTTP/1.1" status: 204 len: 168 time: 0.2174788
2026-05-27 15:02:57.437 9 INFO neutron.wsgi [None req-b2e936a7-ef01-43ff-bb9e-e2c760fe0b83 4b5d0968fdc34828a4ca878d79bf6900 713aa7797633400184aba81170f76de1 - - default default] 10.0.0.86 "DELETE /v2.0/ports/63cc4f80-6daf-4b31-bbad-2d66e8c731e2 HTTP/1.1" status: 204 len: 168 time: 0.5166802
2026-05-27 15:02:57.487 9 INFO neutron.wsgi [None req-ef9dea87-c82b-473e-85ca-b2d0975d3659 4b5d0968fdc34828a4ca878d79bf6900 713aa7797633400184aba81170f76de1 - - default default] 10.0.0.86 "GET /v2.0/ports HTTP/1.1" status: 200 len: 1718 time: 0.0454249
2026-05-27 15:02:57.498 10 WARNING neutron_lib.context [None req-0783199f-d47a-49e4-b2ae-6dbb11a08da9 4b5d0968fdc34828a4ca878d79bf6900 713aa7797633400184aba81170f76de1 - - default default] Method 'is_advsvc' is deprecated since 2023.2 release (neutron-lib 3.8.0) and will be removed once support for the old RBAC API policies will be removed from Neutron. Please use method 'is_service_role' instead.
2026-05-27 15:02:57.589 10 INFO neutron.db.segments_db [None req-0783199f-d47a-49e4-b2ae-6dbb11a08da9 4b5d0968fdc34828a4ca878d79bf6900 713aa7797633400184aba81170f76de1 - - default default] Added segment 5c458e8a-b734-4128-a5c3-969e81c44ec8 of type geneve for network f91066e6-7a77-48a2-b985-4c3efed89d7b
2026-05-27 15:02:58.006 10 INFO neutron.db.ovn_revision_numbers_db [None req-0783199f-d47a-49e4-b2ae-6dbb11a08da9 4b5d0968fdc34828a4ca878d79bf6900 713aa7797633400184aba81170f76de1 - - default default] Successfully bumped revision number for resource f91066e6-7a77-48a2-b985-4c3efed89d7b (type: networks) to 1
2026-05-27 15:02:58.213 10 WARNING neutron.scheduler.dhcp_agent_scheduler [None req-0783199f-d47a-49e4-b2ae-6dbb11a08da9 4b5d0968fdc34828a4ca878d79bf6900 713aa7797633400184aba81170f76de1 - - default default] No more DHCP agents
2026-05-27 15:02:58.216 10 WARNING neutron.api.rpc.agentnotifiers.dhcp_rpc_agent_api [None req-0783199f-d47a-49e4-b2ae-6dbb11a08da9 4b5d0968fdc34828a4ca878d79bf6900 713aa7797633400184aba81170f76de1 - - default default] Unable to schedule network f91066e6-7a77-48a2-b985-4c3efed89d7b: no agents available; will retry on subsequent port and subnet creation events.
2026-05-27 15:02:58.303 10 INFO neutron.db.ovn_revision_numbers_db [None req-0783199f-d47a-49e4-b2ae-6dbb11a08da9 4b5d0968fdc34828a4ca878d79bf6900 713aa7797633400184aba81170f76de1 - - default default] Successfully bumped revision number for resource 8eeed847-dea0-426f-aff8-d17071da48ff (type: ports) to 1
2026-05-27 15:02:58.326 10 INFO neutron.wsgi [None req-0783199f-d47a-49e4-b2ae-6dbb11a08da9 4b5d0968fdc34828a4ca878d79bf6900 713aa7797633400184aba81170f76de1 - - default default] 10.0.0.86 "POST /v2.0/networks HTTP/1.1" status: 201 len: 853 time: 0.8313653
2026-05-27 15:02:58.335 10 WARNING neutron_lib.context [None req-da26e817-aecb-42b7-bd9e-ca6ca6d2ed33 4b5d0968fdc34828a4ca878d79bf6900 713aa7797633400184aba81170f76de1 - - default default] Method 'is_advsvc' is deprecated since 2023.2 release (neutron-lib 3.8.0) and will be removed once support for the old RBAC API policies will be removed from Neutron. Please use method 'is_service_role' instead.
2026-05-27 15:02:58.424 10 INFO neutron.db.segments_db [None req-da26e817-aecb-42b7-bd9e-ca6ca6d2ed33 4b5d0968fdc34828a4ca878d79bf6900 713aa7797633400184aba81170f76de1 - - default default] Added segment affc95be-161c-4ec7-bc40-2d8d08d79590 of type geneve for network 0f094dba-1ddb-472d-8a02-414afb8681b8
2026-05-27 15:02:58.545 9 INFO neutron.wsgi [req-7f19d127-28bc-44dc-a7a8-1772f2dfc685 req-5098ddc3-0fa4-4f80-89e9-d77850fcca97 af8c72ad7a284eb998f6d1c34262d851 7e94674a8dc741abb5fd01ceefba507e - - default default] 10.0.0.67 "GET /v2.0/ports?device_id=ee94cce7-5642-4604-8597-2a32a5704ced HTTP/1.1" status: 200 len: 1174 time: 0.0992944
2026-05-27 15:02:58.649 10 INFO neutron.db.ovn_revision_numbers_db [None req-da26e817-aecb-42b7-bd9e-ca6ca6d2ed33 4b5d0968fdc34828a4ca878d79bf6900 713aa7797633400184aba81170f76de1 - - default default] Successfully bumped revision number for resource 0f094dba-1ddb-472d-8a02-414afb8681b8 (type: networks) to 1
2026-05-27 15:02:58.802 10 INFO neutron.wsgi [req-3f739e10-4239-4241-acd7-626dac6143f1 req-695bdf68-bf50-4ed6-8836-426629af70a0 af8c72ad7a284eb998f6d1c34262d851 7e94674a8dc741abb5fd01ceefba507e - - default default] 10.0.0.67 "GET /v2.0/ports/2c81c2b3-0357-4220-8e39-427cdc5d5cef HTTP/1.1" status: 200 len: 1171 time: 0.1935494
2026-05-27 15:02:58.835 9 INFO neutron.wsgi [req-650a958c-ca27-4d81-ac0c-88de156fe759 req-9bea85b6-af97-435f-9dd8-5cf93b23bb0a 6c27d9822afd4bda9920d65bdf68a012 f9153e13a489401a8cc4c1112f7e1b03 - - default default] 10.0.0.67 "GET /v2.0/ports?device_id=6a0a9286-ff67-46a7-9bc6-4c98a4eaa8e1 HTTP/1.1" status: 200 len: 1174 time: 0.1419263
2026-05-27 15:02:58.892 10 WARNING neutron.scheduler.dhcp_agent_scheduler [None req-da26e817-aecb-42b7-bd9e-ca6ca6d2ed33 4b5d0968fdc34828a4ca878d79bf6900 713aa7797633400184aba81170f76de1 - - default default] No more DHCP agents
2026-05-27 15:02:58.900 10 WARNING neutron.api.rpc.agentnotifiers.dhcp_rpc_agent_api [None req-da26e817-aecb-42b7-bd9e-ca6ca6d2ed33 4b5d0968fdc34828a4ca878d79bf6900 713aa7797633400184aba81170f76de1 - - default default] Unable to schedule network 0f094dba-1ddb-472d-8a02-414afb8681b8: no agents available; will retry on subsequent port and subnet creation events.
2026-05-27 15:02:58.903 9 INFO neutron.wsgi [req-650a958c-ca27-4d81-ac0c-88de156fe759 req-9a21d02b-1baf-4cdc-a1ca-dc2630c4cad4 6c27d9822afd4bda9920d65bdf68a012 f9153e13a489401a8cc4c1112f7e1b03 - - default default] 10.0.0.67 "GET /v2.0/security-groups?id=6ec16448-b1dd-4da2-99ac-d58efb82759e&fields=id&fields=name HTTP/1.1" status: 200 len: 313 time: 0.0593953
2026-05-27 15:02:59.021 10 INFO neutron.db.ovn_revision_numbers_db [None req-da26e817-aecb-42b7-bd9e-ca6ca6d2ed33 4b5d0968fdc34828a4ca878d79bf6900 713aa7797633400184aba81170f76de1 - - default default] Successfully bumped revision number for resource e5e90a4c-f20c-4e35-bbab-94e7e5228cf3 (type: ports) to 1
2026-05-27 15:02:59.053 10 INFO neutron.wsgi [None req-da26e817-aecb-42b7-bd9e-ca6ca6d2ed33 4b5d0968fdc34828a4ca878d79bf6900 713aa7797633400184aba81170f76de1 - - default default] 10.0.0.86 "POST /v2.0/networks HTTP/1.1" status: 201 len: 852 time: 0.7221067
2026-05-27 15:02:59.076 9 INFO neutron.wsgi [req-9c7720b6-3363-472c-ba1e-21a5fa55d196 req-0cdb0a90-3efd-4b49-9f4d-927153a11802 6c27d9822afd4bda9920d65bdf68a012 f9153e13a489401a8cc4c1112f7e1b03 - - default default] 10.0.0.67 "GET /v2.0/ports?device_id=6a0a9286-ff67-46a7-9bc6-4c98a4eaa8e1 HTTP/1.1" status: 200 len: 1174 time: 0.0793250
2026-05-27 15:02:59.160 9 INFO neutron.wsgi [req-1a8dd94f-692f-4a9b-bd72-a05148aa26a5 req-c9a63376-f303-49bc-9775-7551a04db0ac af8c72ad7a284eb998f6d1c34262d851 7e94674a8dc741abb5fd01ceefba507e - - default default] 199.204.45.156 "GET /v2.0/subnets?network_id=d079717d-661e-4bbf-a15a-0a4be5adf055 HTTP/1.1" status: 200 len: 858 time: 0.1868618
2026-05-27 15:02:59.252 9 INFO neutron.wsgi [req-1a8dd94f-692f-4a9b-bd72-a05148aa26a5 req-7e9fd4a6-03c8-4be4-bfd8-b98db9aab839 af8c72ad7a284eb998f6d1c34262d851 7e94674a8dc741abb5fd01ceefba507e - - default default] 199.204.45.156 "GET /v2.0/ports?device_id=ee94cce7-5642-4604-8597-2a32a5704ced&device_owner=compute%3Anova&network_id=d079717d-661e-4bbf-a15a-0a4be5adf055 HTTP/1.1" status: 200 len: 1174 time: 0.0849791
2026-05-27 15:02:59.272 9 INFO neutron.wsgi [req-9c7720b6-3363-472c-ba1e-21a5fa55d196 req-ee3274df-2668-4f85-953a-01e6ebd79407 6c27d9822afd4bda9920d65bdf68a012 f9153e13a489401a8cc4c1112f7e1b03 - - default default] 10.0.0.67 "GET /v2.0/security-groups?id=6ec16448-b1dd-4da2-99ac-d58efb82759e&fields=id&fields=name HTTP/1.1" status: 200 len: 313 time: 0.1033885
2026-05-27 15:02:59.564 10 WARNING neutron_lib.context [None req-de758b7e-d50c-4d62-81ec-2ccddea96a0b 4b5d0968fdc34828a4ca878d79bf6900 713aa7797633400184aba81170f76de1 - - default default] Method 'is_advsvc' is deprecated since 2023.2 release (neutron-lib 3.8.0) and will be removed once support for the old RBAC API policies will be removed from Neutron. Please use method 'is_service_role' instead.
2026-05-27 15:02:59.573 10 INFO neutron.wsgi [None req-dd46a34a-360f-46e5-8247-5beff45b6306 b2389cd0db04491fa47c218780333a8f b748f6bce2ca4bd593c50bd52b2ea4c0 - - default default] 10.0.0.30 "GET /v2.0/floatingips HTTP/1.1" status: 200 len: 1881 time: 0.3247578
2026-05-27 15:02:59.640 10 WARNING neutron_lib.context [None req-de758b7e-d50c-4d62-81ec-2ccddea96a0b 4b5d0968fdc34828a4ca878d79bf6900 713aa7797633400184aba81170f76de1 - - default default] Method 'is_advsvc' is deprecated since 2023.2 release (neutron-lib 3.8.0) and will be removed once support for the old RBAC API policies will be removed from Neutron. Please use method 'is_service_role' instead.
2026-05-27 15:02:59.701 9 INFO neutron.wsgi [req-e78d7fa4-7257-4b8f-a298-bd93d7c14276 req-b5fdefb6-1608-40fd-80c3-4ae4642e2570 6c27d9822afd4bda9920d65bdf68a012 f9153e13a489401a8cc4c1112f7e1b03 - - default default] 10.0.0.67 "GET /v2.0/ports?device_id=6a0a9286-ff67-46a7-9bc6-4c98a4eaa8e1 HTTP/1.1" status: 200 len: 1174 time: 0.0562680
2026-05-27 15:02:59.708 10 INFO neutron.wsgi [None req-a6b71a9e-50f6-4772-8f3e-745668e0a738 b2389cd0db04491fa47c218780333a8f b748f6bce2ca4bd593c50bd52b2ea4c0 - - default default] 10.0.0.30 "GET /v2.0/networks HTTP/1.1" status: 200 len: 6789 time: 0.1306806
2026-05-27 15:02:59.766 9 INFO neutron.wsgi [req-e78d7fa4-7257-4b8f-a298-bd93d7c14276 req-7e2f128c-d434-4e90-bcf4-8804707b8fa9 6c27d9822afd4bda9920d65bdf68a012 f9153e13a489401a8cc4c1112f7e1b03 - - default default] 10.0.0.67 "GET /v2.0/security-groups?id=6ec16448-b1dd-4da2-99ac-d58efb82759e&fields=id&fields=name HTTP/1.1" status: 200 len: 313 time: 0.0542202
2026-05-27 15:02:59.782 10 INFO neutron.wsgi [None req-632f3829-7313-44d2-8813-7e0d1529a2bb b2389cd0db04491fa47c218780333a8f b748f6bce2ca4bd593c50bd52b2ea4c0 - - default default] 10.0.0.30 "GET /v2.0/subnets HTTP/1.1" status: 200 len: 2756 time: 0.0603399
2026-05-27 15:02:59.817 10 INFO neutron.wsgi [req-af8d089d-c377-44cf-ae64-fc9dda8966c4 req-4ad93d59-5570-4bd5-b32f-6786fda4ab1a e2fb98b4180640a3b07ff360f3459214 187ac6721caa41fc9b9984565d3204fb - - aea56a651e4e46208e84ee12f850055f aea56a651e4e46208e84ee12f850055f] 199.204.45.156 "GET /v2.0/ports?tenant_id=f9153e13a489401a8cc4c1112f7e1b03&device_id=6a0a9286-ff67-46a7-9bc6-4c98a4eaa8e1 HTTP/1.1" status: 200 len: 1413 time: 0.0740521
2026-05-27 15:02:59.824 10 INFO neutron.wsgi [None req-0eb5eb37-4701-419c-aa1d-172cacc17d5a b2389cd0db04491fa47c218780333a8f b748f6bce2ca4bd593c50bd52b2ea4c0 - - default default] 10.0.0.30 "GET /v2.0/network-ip-availabilities HTTP/1.1" status: 200 len: 3404 time: 0.0371735
2026-05-27 15:02:59.866 10 INFO neutron.wsgi [None req-ecd23145-ab17-4301-9bfc-311cb9705c13 b2389cd0db04491fa47c218780333a8f b748f6bce2ca4bd593c50bd52b2ea4c0 - - default default] 10.0.0.30 "GET /v2.0/agents HTTP/1.1" status: 200 len: 997 time: 0.0397184
2026-05-27 15:02:59.935 9 INFO neutron.db.ovn_revision_numbers_db [req-1a8dd94f-692f-4a9b-bd72-a05148aa26a5 req-0f2e75ef-5bbb-4964-bbc4-356fdd8cadcc af8c72ad7a284eb998f6d1c34262d851 7e94674a8dc741abb5fd01ceefba507e - - default default] Successfully bumped revision number for resource 2c81c2b3-0357-4220-8e39-427cdc5d5cef (type: ports) to 5
2026-05-27 15:02:59.948 9 INFO neutron.wsgi [req-1a8dd94f-692f-4a9b-bd72-a05148aa26a5 req-0f2e75ef-5bbb-4964-bbc4-356fdd8cadcc af8c72ad7a284eb998f6d1c34262d851 7e94674a8dc741abb5fd01ceefba507e - - default default] 199.204.45.156 "PUT /v2.0/ports/2c81c2b3-0357-4220-8e39-427cdc5d5cef HTTP/1.1" status: 200 len: 1353 time: 0.6893194 /var/lib/openstack/lib/python3.10/site-packages/pycadf/identifier.py:71: UserWarning: Invalid uuid: neutron. To ensure interoperability, identifiers should be a valid uuid. warnings.warn(('Invalid uuid: %s. To ensure interoperability, '
2026-05-27 15:02:59.999 9 INFO neutron.notifiers.nova [-] Nova event matching ['req-14f735bf-4069-4bbd-8088-b55dd0b0b4a6'] response: {'name': 'network-changed', 'server_uuid': 'ee94cce7-5642-4604-8597-2a32a5704ced', 'tag': '2c81c2b3-0357-4220-8e39-427cdc5d5cef', 'status': 'completed', 'code': 200}
2026-05-27 15:03:00.011 10 INFO neutron.wsgi [None req-fee9dafb-398e-420c-88f5-ab9e41218fb5 b2389cd0db04491fa47c218780333a8f b748f6bce2ca4bd593c50bd52b2ea4c0 - - default default] 10.0.0.30 "GET /v2.0/ports HTTP/1.1" status: 200 len: 19875 time: 0.1411250
2026-05-27 15:03:00.045 9 INFO neutron.wsgi [req-1a8dd94f-692f-4a9b-bd72-a05148aa26a5 req-e0471d83-894b-4c83-a7ad-2b025f8c911e e2fb98b4180640a3b07ff360f3459214 187ac6721caa41fc9b9984565d3204fb - - aea56a651e4e46208e84ee12f850055f aea56a651e4e46208e84ee12f850055f] 199.204.45.156 "GET /v2.0/ports?tenant_id=7e94674a8dc741abb5fd01ceefba507e&device_id=ee94cce7-5642-4604-8597-2a32a5704ced HTTP/1.1" status: 200 len: 1594 time: 0.0618494
2026-05-27 15:03:00.055 10 INFO neutron.wsgi [req-af8d089d-c377-44cf-ae64-fc9dda8966c4 req-fa052707-3b4a-4b12-8f37-7f68ef293535 e2fb98b4180640a3b07ff360f3459214 187ac6721caa41fc9b9984565d3204fb - - aea56a651e4e46208e84ee12f850055f aea56a651e4e46208e84ee12f850055f] 199.204.45.156 "GET /v2.0/networks?id=69cd97a6-6efb-46f5-9a1b-8fb92fe1a671 HTTP/1.1" status: 200 len: 971 time: 0.2308989
2026-05-27 15:03:00.099 10 INFO neutron.wsgi [None req-9223cb7c-034a-4762-9863-c177dae3ee30 b2389cd0db04491fa47c218780333a8f b748f6bce2ca4bd593c50bd52b2ea4c0 - - default default] 10.0.0.30 "GET /v2.0/subnets HTTP/1.1" status: 200 len: 2756 time: 0.0777369
2026-05-27 15:03:00.139 10 INFO neutron.wsgi [None req-80b972c4-2b8e-47be-a6bb-c41591bcbf60 b2389cd0db04491fa47c218780333a8f b748f6bce2ca4bd593c50bd52b2ea4c0 - - default default] 10.0.0.30 "GET /v2.0/subnetpools HTTP/1.1" status: 200 len: 193 time: 0.0344567
2026-05-27 15:03:00.142 9 INFO neutron.wsgi [req-1a8dd94f-692f-4a9b-bd72-a05148aa26a5 req-d88a85f2-54c2-4a34-916a-24230eed2af4 e2fb98b4180640a3b07ff360f3459214 187ac6721caa41fc9b9984565d3204fb - - aea56a651e4e46208e84ee12f850055f aea56a651e4e46208e84ee12f850055f] 199.204.45.156 "GET /v2.0/networks?id=d079717d-661e-4bbf-a15a-0a4be5adf055 HTTP/1.1" status: 200 len: 981 time: 0.0881355
2026-05-27 15:03:00.171 10 INFO neutron.wsgi [req-af8d089d-c377-44cf-ae64-fc9dda8966c4 req-0ee0ca16-9d7c-4f08-a8a8-ff0eb7cd20ad e2fb98b4180640a3b07ff360f3459214 187ac6721caa41fc9b9984565d3204fb - - aea56a651e4e46208e84ee12f850055f aea56a651e4e46208e84ee12f850055f] 199.204.45.156 "GET /v2.0/floatingips?fixed_ip_address=10.100.0.13&port_id=425061b6-c1eb-48be-8dc1-d1725ba08b3d HTTP/1.1" status: 200 len: 1060 time: 0.1060913
2026-05-27 15:03:00.184 9 INFO neutron.wsgi [req-1a8dd94f-692f-4a9b-bd72-a05148aa26a5 req-29259bbb-364f-4879-a632-fef953cb6bb0 e2fb98b4180640a3b07ff360f3459214 187ac6721caa41fc9b9984565d3204fb - - aea56a651e4e46208e84ee12f850055f aea56a651e4e46208e84ee12f850055f] 199.204.45.156 "GET /v2.0/floatingips?fixed_ip_address=10.100.0.12&port_id=2c81c2b3-0357-4220-8e39-427cdc5d5cef HTTP/1.1" status: 200 len: 217 time: 0.0339446
2026-05-27 15:03:00.233 9 INFO neutron.wsgi [req-1a8dd94f-692f-4a9b-bd72-a05148aa26a5 req-13e2306a-a246-4a7d-b538-5d12e62fad7b e2fb98b4180640a3b07ff360f3459214 187ac6721caa41fc9b9984565d3204fb - - aea56a651e4e46208e84ee12f850055f aea56a651e4e46208e84ee12f850055f] 199.204.45.156 "GET /v2.0/floatingips?fixed_ip_address=10.100.0.14&port_id=2c81c2b3-0357-4220-8e39-427cdc5d5cef HTTP/1.1" status: 200 len: 1060 time: 0.0447533
2026-05-27 15:03:00.247 10 INFO neutron.wsgi [req-af8d089d-c377-44cf-ae64-fc9dda8966c4 req-df05f981-e232-4976-a49e-a8ae5c01ad7c e2fb98b4180640a3b07ff360f3459214 187ac6721caa41fc9b9984565d3204fb - - aea56a651e4e46208e84ee12f850055f aea56a651e4e46208e84ee12f850055f] 199.204.45.156 "GET /v2.0/subnets?id=f12518b3-60e2-430f-a4cd-3ca7b3525137 HTTP/1.1" status: 200 len: 867 time: 0.0683763
2026-05-27 15:03:00.264 10 INFO neutron.wsgi [None req-e9ba47f9-ac07-47dc-9e64-403e471ad905 b2389cd0db04491fa47c218780333a8f b748f6bce2ca4bd593c50bd52b2ea4c0 - - default default] 10.0.0.30 "GET /v2.0/security-groups HTTP/1.1" status: 200 len: 30621 time: 0.1168077
2026-05-27 15:03:00.270 9 INFO neutron.wsgi [req-1a8dd94f-692f-4a9b-bd72-a05148aa26a5 req-bd708008-4811-464a-85a4-dab424808556 e2fb98b4180640a3b07ff360f3459214 187ac6721caa41fc9b9984565d3204fb - - aea56a651e4e46208e84ee12f850055f aea56a651e4e46208e84ee12f850055f] 199.204.45.156 "GET /v2.0/subnets?id=fe8e6a88-d692-4c35-a4d5-3620d153477f HTTP/1.1" status: 200 len: 876 time: 0.0309796
2026-05-27 15:03:00.303 9 INFO neutron.wsgi [req-1a8dd94f-692f-4a9b-bd72-a05148aa26a5 req-33fb4a30-e05d-4c9e-ad8f-fb6560309010 e2fb98b4180640a3b07ff360f3459214 187ac6721caa41fc9b9984565d3204fb - - aea56a651e4e46208e84ee12f850055f aea56a651e4e46208e84ee12f850055f] 199.204.45.156 "GET /v2.0/ports?network_id=d079717d-661e-4bbf-a15a-0a4be5adf055&device_owner=network%3Adhcp HTTP/1.1" status: 200 len: 210 time: 0.0272572
2026-05-27 15:03:00.307 10 INFO neutron.wsgi [req-af8d089d-c377-44cf-ae64-fc9dda8966c4 req-aaf764a6-9b05-4860-8128-d459a2a87955 e2fb98b4180640a3b07ff360f3459214 187ac6721caa41fc9b9984565d3204fb - - aea56a651e4e46208e84ee12f850055f aea56a651e4e46208e84ee12f850055f] 199.204.45.156 "GET /v2.0/ports?network_id=69cd97a6-6efb-46f5-9a1b-8fb92fe1a671&device_owner=network%3Adhcp HTTP/1.1" status: 200 len: 210 time: 0.0391448
2026-05-27 15:03:00.386 9 INFO neutron.wsgi [req-1a8dd94f-692f-4a9b-bd72-a05148aa26a5 req-9104bedc-a005-4946-87fc-1852fc74a366 e2fb98b4180640a3b07ff360f3459214 187ac6721caa41fc9b9984565d3204fb - - aea56a651e4e46208e84ee12f850055f aea56a651e4e46208e84ee12f850055f] 199.204.45.156 "GET /v2.0/networks/d079717d-661e-4bbf-a15a-0a4be5adf055?fields=segments HTTP/1.1" status: 200 len: 212 time: 0.0728803
2026-05-27 15:03:00.439 10 INFO neutron.wsgi [None req-ab7d4062-fd0c-4401-8e87-a3394730a216 b2389cd0db04491fa47c218780333a8f b748f6bce2ca4bd593c50bd52b2ea4c0 - - default default] 10.0.0.30 "GET /v2.0/routers HTTP/1.1" status: 200 len: 1542 time: 0.1477981
2026-05-27 15:03:00.451 10 INFO neutron.wsgi [req-af8d089d-c377-44cf-ae64-fc9dda8966c4 req-2c8cf4ab-ded0-47c9-956a-8ee01d430b7b e2fb98b4180640a3b07ff360f3459214 187ac6721caa41fc9b9984565d3204fb - - aea56a651e4e46208e84ee12f850055f aea56a651e4e46208e84ee12f850055f] 199.204.45.156 "GET /v2.0/networks/69cd97a6-6efb-46f5-9a1b-8fb92fe1a671?fields=segments HTTP/1.1" status: 200 len: 212 time: 0.1281967
2026-05-27 15:03:00.457 10 INFO neutron.wsgi [None req-43ded232-7088-4940-9182-c71580444e25 b2389cd0db04491fa47c218780333a8f b748f6bce2ca4bd593c50bd52b2ea4c0 - - default default] 10.0.0.30 "GET /v2.0/agents?binary=ovn-controller HTTP/1.1" status: 200 len: 591 time: 0.0154767
2026-05-27 15:03:00.473 9 INFO neutron.wsgi [req-1a8dd94f-692f-4a9b-bd72-a05148aa26a5 req-dc0c3ef4-468c-4f1e-8855-029ab0378fa2 e2fb98b4180640a3b07ff360f3459214 187ac6721caa41fc9b9984565d3204fb - - aea56a651e4e46208e84ee12f850055f aea56a651e4e46208e84ee12f850055f] 199.204.45.156 "GET /v2.0/networks/d079717d-661e-4bbf-a15a-0a4be5adf055?fields=provider%3Aphysical_network&fields=provider%3Anetwork_type HTTP/1.1" status: 200 len: 277 time: 0.0792370
2026-05-27 15:03:00.541 10 INFO neutron.wsgi [req-af8d089d-c377-44cf-ae64-fc9dda8966c4 req-b90768bc-2cc5-4ef7-9185-e187b519899e e2fb98b4180640a3b07ff360f3459214 187ac6721caa41fc9b9984565d3204fb - - aea56a651e4e46208e84ee12f850055f aea56a651e4e46208e84ee12f850055f] 199.204.45.156 "GET /v2.0/networks/69cd97a6-6efb-46f5-9a1b-8fb92fe1a671?fields=provider%3Aphysical_network&fields=provider%3Anetwork_type HTTP/1.1" status: 200 len: 277 time: 0.0817502
2026-05-27 15:03:00.566 10 WARNING neutron.scheduler.dhcp_agent_scheduler [None req-de758b7e-d50c-4d62-81ec-2ccddea96a0b 4b5d0968fdc34828a4ca878d79bf6900 713aa7797633400184aba81170f76de1 - - default default] No more DHCP agents
2026-05-27 15:03:00.567 10 WARNING neutron.api.rpc.agentnotifiers.dhcp_rpc_agent_api [None req-de758b7e-d50c-4d62-81ec-2ccddea96a0b 4b5d0968fdc34828a4ca878d79bf6900 713aa7797633400184aba81170f76de1 - - default default] Unable to schedule network f91066e6-7a77-48a2-b985-4c3efed89d7b: no agents available; will retry on subsequent port and subnet creation events.
2026-05-27 15:03:00.594 9 INFO neutron.wsgi [req-ee63eb2e-c159-4286-b226-c2c719f09d56 req-fb18cc6f-849e-40ab-af95-6e130c524af8 e2fb98b4180640a3b07ff360f3459214 187ac6721caa41fc9b9984565d3204fb - - aea56a651e4e46208e84ee12f850055f aea56a651e4e46208e84ee12f850055f] 199.204.45.156 "GET /v2.0/ports?tenant_id=7e94674a8dc741abb5fd01ceefba507e&device_id=ee94cce7-5642-4604-8597-2a32a5704ced HTTP/1.1" status: 200 len: 1594 time: 0.0477848
2026-05-27 15:03:00.614 10 INFO neutron.db.ovn_revision_numbers_db [None req-de758b7e-d50c-4d62-81ec-2ccddea96a0b 4b5d0968fdc34828a4ca878d79bf6900 713aa7797633400184aba81170f76de1 - - default default] Successfully bumped revision number for resource 2c8af1ef-8f03-4f3a-840d-234db2388e70 (type: subnets) to 0
2026-05-27 15:03:00.640 10 WARNING neutron.scheduler.dhcp_agent_scheduler [None req-de758b7e-d50c-4d62-81ec-2ccddea96a0b 4b5d0968fdc34828a4ca878d79bf6900 713aa7797633400184aba81170f76de1 - - default default] No more DHCP agents
2026-05-27 15:03:00.642 10 WARNING neutron.api.rpc.agentnotifiers.dhcp_rpc_agent_api [None req-de758b7e-d50c-4d62-81ec-2ccddea96a0b 4b5d0968fdc34828a4ca878d79bf6900 713aa7797633400184aba81170f76de1 - - default default] Unable to schedule network 0f094dba-1ddb-472d-8a02-414afb8681b8: no agents available; will retry on subsequent port and subnet creation events.
2026-05-27 15:03:00.648 9 INFO neutron.db.ovn_revision_numbers_db [None req-5f6162ba-98ba-4356-a1ee-aa33982951f6 b2389cd0db04491fa47c218780333a8f b748f6bce2ca4bd593c50bd52b2ea4c0 - - default default] Successfully bumped revision number for resource dd54558c-8e08-4743-835a-fa5be30194bb (type: security_groups) to 1
2026-05-27 15:03:00.676 9 INFO neutron.wsgi [req-ee63eb2e-c159-4286-b226-c2c719f09d56 req-b2e2e6d6-7563-47c2-806d-10a64e4ce7bd e2fb98b4180640a3b07ff360f3459214 187ac6721caa41fc9b9984565d3204fb - - aea56a651e4e46208e84ee12f850055f aea56a651e4e46208e84ee12f850055f] 199.204.45.156 "GET /v2.0/networks?id=d079717d-661e-4bbf-a15a-0a4be5adf055 HTTP/1.1" status: 200 len: 981 time: 0.0723104
2026-05-27 15:03:00.676 9 INFO neutron.db.ovn_revision_numbers_db [None req-5f6162ba-98ba-4356-a1ee-aa33982951f6 b2389cd0db04491fa47c218780333a8f b748f6bce2ca4bd593c50bd52b2ea4c0 - - default default] Successfully bumped revision number for resource 019bb17c-708f-4a57-ae8c-e79b75592453 (type: security_group_rules) to 0
2026-05-27 15:03:00.679 10 INFO neutron.db.ovn_revision_numbers_db [None req-de758b7e-d50c-4d62-81ec-2ccddea96a0b 4b5d0968fdc34828a4ca878d79bf6900 713aa7797633400184aba81170f76de1 - - default default] Successfully bumped revision number for resource 33ddfc32-2fa6-4431-aeec-bd56cb9c534c (type: subnets) to 0
2026-05-27 15:03:00.707 10 INFO neutron.wsgi [None req-de758b7e-d50c-4d62-81ec-2ccddea96a0b 4b5d0968fdc34828a4ca878d79bf6900 713aa7797633400184aba81170f76de1 - - default default] 10.0.0.86 "POST /v2.0/subnets HTTP/1.1" status: 201 len: 1475 time: 1.1500874
2026-05-27 15:03:00.719 9 INFO neutron.wsgi [req-ee63eb2e-c159-4286-b226-c2c719f09d56 req-14478501-2cf4-4148-9325-fa153b7f871b e2fb98b4180640a3b07ff360f3459214 187ac6721caa41fc9b9984565d3204fb - - aea56a651e4e46208e84ee12f850055f aea56a651e4e46208e84ee12f850055f] 199.204.45.156 "GET /v2.0/floatingips?fixed_ip_address=10.100.0.12&port_id=2c81c2b3-0357-4220-8e39-427cdc5d5cef HTTP/1.1" status: 200 len: 217 time: 0.0310514
2026-05-27 15:03:00.720 9 INFO neutron.db.ovn_revision_numbers_db [None req-5f6162ba-98ba-4356-a1ee-aa33982951f6 b2389cd0db04491fa47c218780333a8f b748f6bce2ca4bd593c50bd52b2ea4c0 - - default default] Successfully bumped revision number for resource 20798ef8-d191-400c-abe1-d4237f74d843 (type: security_group_rules) to 0
2026-05-27 15:03:00.745 9 INFO neutron.db.ovn_revision_numbers_db [None req-5f6162ba-98ba-4356-a1ee-aa33982951f6 b2389cd0db04491fa47c218780333a8f b748f6bce2ca4bd593c50bd52b2ea4c0 - - default default] Successfully bumped revision number for resource 772c55cc-eaa8-48cb-9cf2-bd6fb4637317 (type: security_group_rules) to 0
2026-05-27 15:03:00.769 10 INFO neutron.wsgi [None req-72a9509a-e4d7-4864-8a96-1f381b56d14b 4b5d0968fdc34828a4ca878d79bf6900 713aa7797633400184aba81170f76de1 - - default default] 10.0.0.86 "GET /v2.0/subnets HTTP/1.1" status: 200 len: 2083 time: 0.0565350
2026-05-27 15:03:00.769 9 INFO neutron.db.ovn_revision_numbers_db [None req-5f6162ba-98ba-4356-a1ee-aa33982951f6 b2389cd0db04491fa47c218780333a8f b748f6bce2ca4bd593c50bd52b2ea4c0 - - default default] Successfully bumped revision number for resource d0f1d715-2c93-4e6a-be80-c97462cdc00f (type: security_group_rules) to 0
2026-05-27 15:03:00.776 9 INFO neutron.wsgi [req-ee63eb2e-c159-4286-b226-c2c719f09d56 req-80ba05ea-918a-45fe-b397-9139056edd9d e2fb98b4180640a3b07ff360f3459214 187ac6721caa41fc9b9984565d3204fb - - aea56a651e4e46208e84ee12f850055f aea56a651e4e46208e84ee12f850055f] 199.204.45.156 "GET /v2.0/floatingips?fixed_ip_address=10.100.0.14&port_id=2c81c2b3-0357-4220-8e39-427cdc5d5cef HTTP/1.1" status: 200 len: 1060 time: 0.0509927
2026-05-27 15:03:00.788 9 INFO neutron.plugins.ml2.drivers.ovn.mech_driver.mech_driver [None req-2b508bcd-6fe6-4a6b-a44d-84c2f305a0c0 - - - - - -] OVN reports status down for port: 425061b6-c1eb-48be-8dc1-d1725ba08b3d
2026-05-27 15:03:00.837 9 INFO neutron.wsgi [None req-5f6162ba-98ba-4356-a1ee-aa33982951f6 b2389cd0db04491fa47c218780333a8f b748f6bce2ca4bd593c50bd52b2ea4c0 - - default default] 10.0.0.86 "GET /v2.0/security-groups?tenant_id=455caf8c01ee47078c4fd52423554d93&name=default HTTP/1.1" status: 200 len: 2996 time: 0.5137129
2026-05-27 15:03:00.863 9 INFO neutron.wsgi [req-ee63eb2e-c159-4286-b226-c2c719f09d56 req-8997a343-187e-43cc-a5e2-22bdcdf3c4a7 e2fb98b4180640a3b07ff360f3459214 187ac6721caa41fc9b9984565d3204fb - - aea56a651e4e46208e84ee12f850055f aea56a651e4e46208e84ee12f850055f] 199.204.45.156 "GET /v2.0/subnets?id=fe8e6a88-d692-4c35-a4d5-3620d153477f HTTP/1.1" status: 200 len: 876 time: 0.0699158
2026-05-27 15:03:00.898 9 INFO neutron.wsgi [req-ee63eb2e-c159-4286-b226-c2c719f09d56 req-8b251302-1209-434e-8b54-682f07c343d7 e2fb98b4180640a3b07ff360f3459214 187ac6721caa41fc9b9984565d3204fb - - aea56a651e4e46208e84ee12f850055f aea56a651e4e46208e84ee12f850055f] 199.204.45.156 "GET /v2.0/ports?network_id=d079717d-661e-4bbf-a15a-0a4be5adf055&device_owner=network%3Adhcp HTTP/1.1" status: 200 len: 210 time: 0.0256066
2026-05-27 15:03:01.000 9 INFO neutron.wsgi [req-ee63eb2e-c159-4286-b226-c2c719f09d56 req-fffe68b2-d1e1-4a89-a6a6-fb90ef7dd460 e2fb98b4180640a3b07ff360f3459214 187ac6721caa41fc9b9984565d3204fb - - aea56a651e4e46208e84ee12f850055f aea56a651e4e46208e84ee12f850055f] 199.204.45.156 "GET /v2.0/networks/d079717d-661e-4bbf-a15a-0a4be5adf055?fields=segments HTTP/1.1" status: 200 len: 212 time: 0.0905592
2026-05-27 15:03:01.101 9 INFO neutron.wsgi [req-ee63eb2e-c159-4286-b226-c2c719f09d56 req-552687e1-c1a1-46d1-8261-83858574ca54 e2fb98b4180640a3b07ff360f3459214 187ac6721caa41fc9b9984565d3204fb - - aea56a651e4e46208e84ee12f850055f aea56a651e4e46208e84ee12f850055f] 199.204.45.156 "GET /v2.0/networks/d079717d-661e-4bbf-a15a-0a4be5adf055?fields=provider%3Aphysical_network&fields=provider%3Anetwork_type HTTP/1.1" status: 200 len: 277 time: 0.0936596
2026-05-27 15:03:01.106 10 INFO neutron.wsgi [req-8ef2d6fa-1e84-42cc-a09e-ad2c56f7f45c req-8ab4705c-44fc-45a7-b25b-ffee4dae8c35 6c27d9822afd4bda9920d65bdf68a012 f9153e13a489401a8cc4c1112f7e1b03 - - default default] 10.0.0.67 "GET /v2.0/ports?device_id=6a0a9286-ff67-46a7-9bc6-4c98a4eaa8e1 HTTP/1.1" status: 200 len: 1174 time: 0.2508285
2026-05-27 15:03:01.184 10 INFO neutron.wsgi [req-8ef2d6fa-1e84-42cc-a09e-ad2c56f7f45c req-8bc69bb0-a6bf-49e8-8202-2a5ef23c9afa 6c27d9822afd4bda9920d65bdf68a012 f9153e13a489401a8cc4c1112f7e1b03 - - default default] 10.0.0.67 "GET /v2.0/security-groups?id=6ec16448-b1dd-4da2-99ac-d58efb82759e&fields=id&fields=name HTTP/1.1" status: 200 len: 313 time: 0.0698872
2026-05-27 15:03:01.189 9 INFO neutron.wsgi [req-71c9a1fd-5de5-4320-b92d-6326ad8a2eae req-151de178-85da-43b2-913a-9aafa3026a35 af8c72ad7a284eb998f6d1c34262d851 7e94674a8dc741abb5fd01ceefba507e - - default default] 10.0.0.67 "GET /v2.0/ports?device_id=ee94cce7-5642-4604-8597-2a32a5704ced HTTP/1.1" status: 200 len: 1356 time: 0.0470803
2026-05-27 15:03:01.210 10 INFO neutron.wsgi [None req-e9d6e498-1f7d-4f2b-8e38-884ddb260aa9 4b5d0968fdc34828a4ca878d79bf6900 713aa7797633400184aba81170f76de1 - - default default] 10.0.0.86 "DELETE /v2.0/subnets/2c8af1ef-8f03-4f3a-840d-234db2388e70 HTTP/1.1" status: 204 len: 168 time: 0.4184811
2026-05-27 15:03:01.231 9 INFO neutron.db.ovn_revision_numbers_db [None req-2b508bcd-6fe6-4a6b-a44d-84c2f305a0c0 - - - - - -] Successfully bumped revision number for resource 425061b6-c1eb-48be-8dc1-d1725ba08b3d (type: ports) to 5
2026-05-27 15:03:01.247 9 INFO neutron.wsgi [req-71c9a1fd-5de5-4320-b92d-6326ad8a2eae req-b15afb24-c142-415a-870f-ba89760f6c76 af8c72ad7a284eb998f6d1c34262d851 7e94674a8dc741abb5fd01ceefba507e - - default default] 10.0.0.67 "GET /v2.0/security-groups?id=0ae25d63-c528-4169-8373-92f5df66f5c5&fields=id&fields=name HTTP/1.1" status: 200 len: 313 time: 0.0457814
2026-05-27 15:03:01.342 10 INFO neutron.wsgi [None req-8b18f5bf-9d3a-493d-b528-ef58e40696cd b2389cd0db04491fa47c218780333a8f b748f6bce2ca4bd593c50bd52b2ea4c0 - - default default] 10.0.0.86 "DELETE /v2.0/security-groups/dd54558c-8e08-4743-835a-fa5be30194bb HTTP/1.1" status: 204 len: 168 time: 0.4979196 /var/lib/openstack/lib/python3.10/site-packages/pycadf/identifier.py:71: UserWarning: Invalid uuid: neutron. To ensure interoperability, identifiers should be a valid uuid. warnings.warn(('Invalid uuid: %s. To ensure interoperability, '
2026-05-27 15:03:01.421 9 INFO neutron.plugins.ml2.drivers.ovn.mech_driver.mech_driver [None req-2b508bcd-6fe6-4a6b-a44d-84c2f305a0c0 - - - - - -] OVN reports status up for port: 425061b6-c1eb-48be-8dc1-d1725ba08b3d
2026-05-27 15:03:01.454 9 INFO neutron.plugins.ml2.plugin [None req-2b508bcd-6fe6-4a6b-a44d-84c2f305a0c0 - - - - - -] Attempt 1 to provision port 425061b6-c1eb-48be-8dc1-d1725ba08b3d
2026-05-27 15:03:01.462 10 INFO neutron.wsgi [None req-8df1b7ec-dbf3-442a-bb2c-d901fcbbe585 4b5d0968fdc34828a4ca878d79bf6900 713aa7797633400184aba81170f76de1 - - default default] 10.0.0.86 "DELETE /v2.0/subnets/33ddfc32-2fa6-4431-aeec-bd56cb9c534c HTTP/1.1" status: 204 len: 168 time: 0.2469444
2026-05-27 15:03:01.479 9 INFO neutron.wsgi [req-9688676a-20ed-4501-b7ba-8c1ff3f68fb9 req-4242df9b-d846-4010-bc2b-44b372f9f9f8 af8c72ad7a284eb998f6d1c34262d851 7e94674a8dc741abb5fd01ceefba507e - - default default] 199.204.45.156 "GET /v2.0/ports?device_id=ee94cce7-5642-4604-8597-2a32a5704ced&device_owner=compute%3Anova&fixed_ips=ip_address%3D10.100.0.12 HTTP/1.1" status: 200 len: 1356 time: 0.0945024
2026-05-27 15:03:01.512 10 INFO neutron.wsgi [None req-bf803134-486e-4a40-98e6-faa848533a35 4b5d0968fdc34828a4ca878d79bf6900 713aa7797633400184aba81170f76de1 - - default default] 10.0.0.86 "GET /v2.0/subnets HTTP/1.1" status: 200 len: 820 time: 0.0387044
2026-05-27 15:03:01.882 9 INFO neutron.db.ovn_revision_numbers_db [None req-2b508bcd-6fe6-4a6b-a44d-84c2f305a0c0 - - - - - -] Successfully bumped revision number for resource 425061b6-c1eb-48be-8dc1-d1725ba08b3d (type: ports) to 6
2026-05-27 15:03:02.040 9 INFO neutron.notifiers.nova [-] Nova event matching ['req-f43d5985-7221-4691-9e78-2b9093f1df01'] response: {'server_uuid': '6a0a9286-ff67-46a7-9bc6-4c98a4eaa8e1', 'name': 'network-vif-unplugged', 'status': 'completed', 'tag': '425061b6-c1eb-48be-8dc1-d1725ba08b3d', 'code': 200}
2026-05-27 15:03:02.040 9 INFO neutron.notifiers.nova [-] Nova event matching ['req-f43d5985-7221-4691-9e78-2b9093f1df01'] response: {'server_uuid': '6a0a9286-ff67-46a7-9bc6-4c98a4eaa8e1', 'name': 'network-vif-plugged', 'status': 'completed', 'tag': '425061b6-c1eb-48be-8dc1-d1725ba08b3d', 'code': 200}
2026-05-27 15:03:02.041 9 INFO neutron.notifiers.nova [-] Nova event matching ['req-f43d5985-7221-4691-9e78-2b9093f1df01'] response: {'server_uuid': '6a0a9286-ff67-46a7-9bc6-4c98a4eaa8e1', 'name': 'network-vif-plugged', 'status': 'completed', 'tag': '425061b6-c1eb-48be-8dc1-d1725ba08b3d', 'code': 200}
2026-05-27 15:03:02.041 9 INFO neutron.notifiers.nova [-] Nova event matching ['req-f43d5985-7221-4691-9e78-2b9093f1df01'] response: {'server_uuid': '6a0a9286-ff67-46a7-9bc6-4c98a4eaa8e1', 'name': 'network-vif-plugged', 'status': 'completed', 'tag': '425061b6-c1eb-48be-8dc1-d1725ba08b3d', 'code': 200}
2026-05-27 15:03:02.193 9 INFO neutron.db.ovn_revision_numbers_db [req-9688676a-20ed-4501-b7ba-8c1ff3f68fb9 req-ce50963d-c89e-49e2-a0e2-3066cc84e536 af8c72ad7a284eb998f6d1c34262d851 7e94674a8dc741abb5fd01ceefba507e - - default default] Successfully bumped revision number for resource 2c81c2b3-0357-4220-8e39-427cdc5d5cef (type: ports) to 6
2026-05-27 15:03:02.208 9 INFO neutron.wsgi [req-9688676a-20ed-4501-b7ba-8c1ff3f68fb9 req-ce50963d-c89e-49e2-a0e2-3066cc84e536 af8c72ad7a284eb998f6d1c34262d851 7e94674a8dc741abb5fd01ceefba507e - - default default] 199.204.45.156 "PUT /v2.0/ports/2c81c2b3-0357-4220-8e39-427cdc5d5cef HTTP/1.1" status: 200 len: 1171 time: 0.7227371 /var/lib/openstack/lib/python3.10/site-packages/pycadf/identifier.py:71: UserWarning: Invalid uuid: neutron. To ensure interoperability, identifiers should be a valid uuid. warnings.warn(('Invalid uuid: %s. To ensure interoperability, '
2026-05-27 15:03:02.239 10 INFO neutron.services.segments.plugin [-] Segment affc95be-161c-4ec7-bc40-2d8d08d79590 resource provider aggregate not found
2026-05-27 15:03:02.245 10 INFO neutron.services.segments.plugin [-] Segment affc95be-161c-4ec7-bc40-2d8d08d79590 resource provider aggregate not found
2026-05-27 15:03:02.263 10 INFO neutron.services.segments.plugin [-] Segment affc95be-161c-4ec7-bc40-2d8d08d79590 resource provider not found; error: Placement Client Error (4xx): {"errors": [{"status": 404, "title": "Not Found", "detail": "The resource could not be found.\n\n No resource provider with uuid affc95be-161c-4ec7-bc40-2d8d08d79590 found for delete ", "request_id": "req-e0b71452-1960-4cc9-9a7b-58bc0e3573ef"}]}
2026-05-27 15:03:02.273 10 INFO neutron.services.segments.plugin [-] Segment affc95be-161c-4ec7-bc40-2d8d08d79590 resource provider not found; error: Placement Client Error (4xx): {"errors": [{"status": 404, "title": "Not Found", "detail": "The resource could not be found.\n\n No resource provider with uuid affc95be-161c-4ec7-bc40-2d8d08d79590 found for delete ", "request_id": "req-9364238f-9ad0-43a7-abe1-9814826f7cb0"}]}
2026-05-27 15:03:02.288 10 INFO neutron.wsgi [None req-e03a2736-d177-49e9-a0a6-a4c977662182 4b5d0968fdc34828a4ca878d79bf6900 713aa7797633400184aba81170f76de1 - - default default] 10.0.0.86 "DELETE /v2.0/networks/0f094dba-1ddb-472d-8a02-414afb8681b8 HTTP/1.1" status: 204 len: 168 time: 0.7690222
2026-05-27 15:03:02.317 9 INFO neutron.wsgi [req-9688676a-20ed-4501-b7ba-8c1ff3f68fb9 req-7ad40b25-3dcf-4261-b53d-f1d1f6705024 e2fb98b4180640a3b07ff360f3459214 187ac6721caa41fc9b9984565d3204fb - - aea56a651e4e46208e84ee12f850055f aea56a651e4e46208e84ee12f850055f] 199.204.45.156 "GET /v2.0/ports?tenant_id=7e94674a8dc741abb5fd01ceefba507e&device_id=ee94cce7-5642-4604-8597-2a32a5704ced HTTP/1.1" status: 200 len: 1413 time: 0.0851159
2026-05-27 15:03:02.322 9 INFO neutron.wsgi [req-364b1664-ba57-41d1-afba-d35d22fc4fda req-54539502-3ad5-46ff-83e9-c79419501c8a 6c27d9822afd4bda9920d65bdf68a012 f9153e13a489401a8cc4c1112f7e1b03 - - default default] 10.0.0.67 "GET /v2.0/ports?device_id=6a0a9286-ff67-46a7-9bc6-4c98a4eaa8e1 HTTP/1.1" status: 200 len: 1174 time: 0.0553696
2026-05-27 15:03:02.389 9 INFO neutron.wsgi [req-364b1664-ba57-41d1-afba-d35d22fc4fda req-3b411496-c544-4257-9ffe-f041386f4d7d 6c27d9822afd4bda9920d65bdf68a012 f9153e13a489401a8cc4c1112f7e1b03 - - default default] 10.0.0.67 "GET /v2.0/security-groups?id=6ec16448-b1dd-4da2-99ac-d58efb82759e&fields=id&fields=name HTTP/1.1" status: 200 len: 313 time: 0.0569518
2026-05-27 15:03:02.398 9 INFO neutron.wsgi [req-9688676a-20ed-4501-b7ba-8c1ff3f68fb9 req-2b114cb3-7417-4ba1-aef0-984842443ad6 e2fb98b4180640a3b07ff360f3459214 187ac6721caa41fc9b9984565d3204fb - - aea56a651e4e46208e84ee12f850055f aea56a651e4e46208e84ee12f850055f] 199.204.45.156 "GET /v2.0/networks?id=d079717d-661e-4bbf-a15a-0a4be5adf055 HTTP/1.1" status: 200 len: 981 time: 0.0729237
2026-05-27 15:03:02.453 9 INFO neutron.wsgi [req-9688676a-20ed-4501-b7ba-8c1ff3f68fb9 req-85a6bc07-338c-42b6-9398-001ef2ce0254 e2fb98b4180640a3b07ff360f3459214 187ac6721caa41fc9b9984565d3204fb - - aea56a651e4e46208e84ee12f850055f aea56a651e4e46208e84ee12f850055f] 199.204.45.156 "GET /v2.0/floatingips?fixed_ip_address=10.100.0.14&port_id=2c81c2b3-0357-4220-8e39-427cdc5d5cef HTTP/1.1" status: 200 len: 1060 time: 0.0470126
2026-05-27 15:03:02.501 9 INFO neutron.wsgi [req-9688676a-20ed-4501-b7ba-8c1ff3f68fb9 req-cce00fac-ef68-4d7a-81b9-babe4bf499d4 e2fb98b4180640a3b07ff360f3459214 187ac6721caa41fc9b9984565d3204fb - - aea56a651e4e46208e84ee12f850055f aea56a651e4e46208e84ee12f850055f] 199.204.45.156 "GET /v2.0/subnets?id=fe8e6a88-d692-4c35-a4d5-3620d153477f HTTP/1.1" status: 200 len: 876 time: 0.0440958
2026-05-27 15:03:02.531 9 INFO neutron.wsgi [req-9688676a-20ed-4501-b7ba-8c1ff3f68fb9 req-d0fedc7b-deac-4245-aab6-bddcc08198fe e2fb98b4180640a3b07ff360f3459214 187ac6721caa41fc9b9984565d3204fb - - aea56a651e4e46208e84ee12f850055f aea56a651e4e46208e84ee12f850055f] 199.204.45.156 "GET /v2.0/ports?network_id=d079717d-661e-4bbf-a15a-0a4be5adf055&device_owner=network%3Adhcp HTTP/1.1" status: 200 len: 210 time: 0.0208457
2026-05-27 15:03:02.597 9 INFO neutron.wsgi [req-9688676a-20ed-4501-b7ba-8c1ff3f68fb9 req-f5486532-b951-45b1-ad7c-ef325c5deab7 e2fb98b4180640a3b07ff360f3459214 187ac6721caa41fc9b9984565d3204fb - - aea56a651e4e46208e84ee12f850055f aea56a651e4e46208e84ee12f850055f] 199.204.45.156 "GET /v2.0/networks/d079717d-661e-4bbf-a15a-0a4be5adf055?fields=segments HTTP/1.1" status: 200 len: 212 time: 0.0615654
2026-05-27 15:03:02.744 10 INFO neutron.wsgi [None req-2b79a140-62e1-4f7e-b726-bb8f6e828a03 4b5d0968fdc34828a4ca878d79bf6900 713aa7797633400184aba81170f76de1 - - default default] 10.0.0.86 "DELETE /v2.0/networks/f91066e6-7a77-48a2-b985-4c3efed89d7b HTTP/1.1" status: 204 len: 168 time: 0.4500136
2026-05-27 15:03:02.867 9 INFO neutron.wsgi [req-9688676a-20ed-4501-b7ba-8c1ff3f68fb9 req-6f70c4e7-1575-473c-9b46-ea7a0fe26c52 e2fb98b4180640a3b07ff360f3459214 187ac6721caa41fc9b9984565d3204fb - - aea56a651e4e46208e84ee12f850055f aea56a651e4e46208e84ee12f850055f] 199.204.45.156 "GET /v2.0/networks/d079717d-661e-4bbf-a15a-0a4be5adf055?fields=provider%3Aphysical_network&fields=provider%3Anetwork_type HTTP/1.1" status: 200 len: 277 time: 0.2605166
2026-05-27 15:03:03.293 10 INFO neutron.wsgi [None req-efdc41a8-dc4d-44a7-8cc0-8544afd8a036 4b5d0968fdc34828a4ca878d79bf6900 713aa7797633400184aba81170f76de1 - - default default] 10.0.0.86 "DELETE /v2.0/networks/3240ca1f-436d-4c1e-8f83-89ce1e4f3b0a HTTP/1.1" status: 204 len: 168 time: 0.5402040
2026-05-27 15:03:03.733 10 INFO neutron.wsgi [None req-42836b66-9c33-4492-aad0-d358dff25bf9 4b5d0968fdc34828a4ca878d79bf6900 713aa7797633400184aba81170f76de1 - - default default] 10.0.0.86 "DELETE /v2.0/networks/88ae255f-d574-4c76-b345-3850f84a8a7f HTTP/1.1" status: 204 len: 168 time: 0.4309027
2026-05-27 15:03:03.774 9 INFO neutron.plugins.ml2.drivers.ovn.mech_driver.mech_driver [None req-2b508bcd-6fe6-4a6b-a44d-84c2f305a0c0 - - - - - -] OVN reports status down for port: 2c81c2b3-0357-4220-8e39-427cdc5d5cef
2026-05-27 15:03:03.875 9 INFO neutron.wsgi [req-07052559-76c0-45f9-8874-dc506aeb83c2 req-0bcd9b40-19c5-4dbe-b258-7d94e0951ac3 af8c72ad7a284eb998f6d1c34262d851 7e94674a8dc741abb5fd01ceefba507e - - default default] 10.0.0.67 "GET /v2.0/ports?device_id=ee94cce7-5642-4604-8597-2a32a5704ced HTTP/1.1" status: 200 len: 1174 time: 0.1606157
2026-05-27 15:03:03.964 9 INFO neutron.wsgi [req-07052559-76c0-45f9-8874-dc506aeb83c2 req-78b5a26c-9674-4394-9785-f62ff3add20e af8c72ad7a284eb998f6d1c34262d851 7e94674a8dc741abb5fd01ceefba507e - - default default] 10.0.0.67 "GET /v2.0/security-groups?id=0ae25d63-c528-4169-8373-92f5df66f5c5&fields=id&fields=name HTTP/1.1" status: 200 len: 313 time: 0.0790009
2026-05-27 15:03:04.082 9 INFO neutron.notifiers.nova [-] Nova event matching ['req-2587bdde-3651-4280-8d05-f8fa070e2da9'] response: {'name': 'network-changed', 'server_uuid': 'ee94cce7-5642-4604-8597-2a32a5704ced', 'tag': '2c81c2b3-0357-4220-8e39-427cdc5d5cef', 'status': 'completed', 'code': 200}
2026-05-27 15:03:04.083 9 INFO neutron.notifiers.nova [-] Nova event matching ['req-2587bdde-3651-4280-8d05-f8fa070e2da9'] response: {'server_uuid': 'ee94cce7-5642-4604-8597-2a32a5704ced', 'name': 'network-vif-unplugged', 'status': 'completed', 'tag': '2c81c2b3-0357-4220-8e39-427cdc5d5cef', 'code': 200}
2026-05-27 15:03:04.109 9 INFO neutron.wsgi [req-fc330472-fa78-4cfb-8f0a-ed780f7959ac req-1df880e4-481f-4b57-a6be-e206529d57af af8c72ad7a284eb998f6d1c34262d851 7e94674a8dc741abb5fd01ceefba507e - - default default] 199.204.45.156 "GET /v2.0/ports?device_id=ee94cce7-5642-4604-8597-2a32a5704ced HTTP/1.1" status: 200 len: 1172 time: 0.0560834
2026-05-27 15:03:04.146 10 INFO neutron.wsgi [req-3a25607c-05bb-445c-8ffd-38da0d462663 req-506c1f06-4eb2-4ec7-bf3c-65e626cdda75 e2fb98b4180640a3b07ff360f3459214 187ac6721caa41fc9b9984565d3204fb - - aea56a651e4e46208e84ee12f850055f aea56a651e4e46208e84ee12f850055f] 199.204.45.156 "GET /v2.0/ports?tenant_id=7e94674a8dc741abb5fd01ceefba507e&device_id=ee94cce7-5642-4604-8597-2a32a5704ced HTTP/1.1" status: 200 len: 1411 time: 0.0409086
2026-05-27 15:03:04.224 10 INFO neutron.wsgi [req-3a25607c-05bb-445c-8ffd-38da0d462663 req-d4623945-e43b-494c-bde4-8e48d17ae475 e2fb98b4180640a3b07ff360f3459214 187ac6721caa41fc9b9984565d3204fb - - aea56a651e4e46208e84ee12f850055f aea56a651e4e46208e84ee12f850055f] 199.204.45.156 "GET /v2.0/networks?id=d079717d-661e-4bbf-a15a-0a4be5adf055 HTTP/1.1" status: 200 len: 981 time: 0.0652361
2026-05-27 15:03:04.288 10 INFO neutron.services.segments.plugin [-] Segment 5c458e8a-b734-4128-a5c3-969e81c44ec8 resource provider aggregate not found
2026-05-27 15:03:04.298 10 INFO neutron.wsgi [req-3a25607c-05bb-445c-8ffd-38da0d462663 req-a01157f0-b357-4e2b-94c1-f08a5f36ad81 e2fb98b4180640a3b07ff360f3459214 187ac6721caa41fc9b9984565d3204fb - - aea56a651e4e46208e84ee12f850055f aea56a651e4e46208e84ee12f850055f] 199.204.45.156 "GET /v2.0/floatingips?fixed_ip_address=10.100.0.14&port_id=2c81c2b3-0357-4220-8e39-427cdc5d5cef HTTP/1.1" status: 200 len: 1058 time: 0.0651195
2026-05-27 15:03:04.312 10 INFO neutron.services.segments.plugin [-] Segment 5c458e8a-b734-4128-a5c3-969e81c44ec8 resource provider aggregate not found
2026-05-27 15:03:04.314 9 INFO neutron.db.ovn_revision_numbers_db [None req-2b508bcd-6fe6-4a6b-a44d-84c2f305a0c0 - - - - - -] Successfully bumped revision number for resource 2c81c2b3-0357-4220-8e39-427cdc5d5cef (type: ports) to 7
2026-05-27 15:03:04.318 10 INFO neutron.services.segments.plugin [-] Segment 5c458e8a-b734-4128-a5c3-969e81c44ec8 resource provider not found; error: Placement Client Error (4xx): {"errors": [{"status": 404, "title": "Not Found", "detail": "The resource could not be found.\n\n No resource provider with uuid 5c458e8a-b734-4128-a5c3-969e81c44ec8 found for delete ", "request_id": "req-4a1c8adc-54e3-48d0-af6a-06f61bd6a8d8"}]}
2026-05-27 15:03:04.336 10 INFO neutron.services.segments.plugin [-] Segment 5c458e8a-b734-4128-a5c3-969e81c44ec8 resource provider not found; error: Placement Client Error (4xx): {"errors": [{"status": 404, "title": "Not Found", "detail": "The resource could not be found.\n\n No resource provider with uuid 5c458e8a-b734-4128-a5c3-969e81c44ec8 found for delete ", "request_id": "req-77366fa5-2008-45c3-83c0-3f89063cbfa9"}]}
2026-05-27 15:03:04.343 10 INFO neutron.services.segments.plugin [-] Segment 872172ab-3319-4a54-becc-cb055783e79f resource provider aggregate not found
2026-05-27 15:03:04.365 10 INFO neutron.wsgi [req-3a25607c-05bb-445c-8ffd-38da0d462663 req-9ac74a9c-2433-4080-ae8f-57e453bd5066 e2fb98b4180640a3b07ff360f3459214 187ac6721caa41fc9b9984565d3204fb - - aea56a651e4e46208e84ee12f850055f aea56a651e4e46208e84ee12f850055f] 199.204.45.156 "GET /v2.0/subnets?id=fe8e6a88-d692-4c35-a4d5-3620d153477f HTTP/1.1" status: 200 len: 876 time: 0.0613439
2026-05-27 15:03:04.366 10 INFO neutron.services.segments.plugin [-] Segment 872172ab-3319-4a54-becc-cb055783e79f resource provider aggregate not found
2026-05-27 15:03:04.373 10 INFO neutron.services.segments.plugin [-] Segment 872172ab-3319-4a54-becc-cb055783e79f resource provider not found; error: Placement Client Error (4xx): {"errors": [{"status": 404, "title": "Not Found", "detail": "The resource could not be found.\n\n No resource provider with uuid 872172ab-3319-4a54-becc-cb055783e79f found for delete ", "request_id": "req-2d664885-f99d-4510-aad3-6dc2c8b9869c"}]}
