2026-05-27 15:09:21.499 9 INFO neutron.wsgi [req-a18c64f3-9f2e-4178-81e3-9d06bbd1d44f req-0e2222b3-53ef-4bb8-8c43-944aacc0d77e e2fb98b4180640a3b07ff360f3459214 187ac6721caa41fc9b9984565d3204fb - - aea56a651e4e46208e84ee12f850055f aea56a651e4e46208e84ee12f850055f] 199.204.45.156 "GET /v2.0/ports?device_id=14b21553-c0b7-42d0-b0c9-975fa9a6853c&fields=binding%3Ahost_id&fields=binding%3Avif_type HTTP/1.1" status: 200 len: 265 time: 0.0855174
2026-05-27 15:09:21.602 9 INFO neutron.wsgi [req-a18c64f3-9f2e-4178-81e3-9d06bbd1d44f req-d4e7c1e0-cf1d-46f8-ae81-a550beeaa6be e2fb98b4180640a3b07ff360f3459214 187ac6721caa41fc9b9984565d3204fb - - aea56a651e4e46208e84ee12f850055f aea56a651e4e46208e84ee12f850055f] 199.204.45.156 "GET /v2.0/ports?tenant_id=f723c007e9e249c5aee7ff85225ca9ab&device_id=14b21553-c0b7-42d0-b0c9-975fa9a6853c HTTP/1.1" status: 200 len: 1638 time: 0.0550103
2026-05-27 15:09:21.799 9 INFO neutron.wsgi [req-a18c64f3-9f2e-4178-81e3-9d06bbd1d44f req-93845a2c-149e-405c-81e0-5725792e42c7 e2fb98b4180640a3b07ff360f3459214 187ac6721caa41fc9b9984565d3204fb - - aea56a651e4e46208e84ee12f850055f aea56a651e4e46208e84ee12f850055f] 199.204.45.156 "GET /v2.0/networks?id=a763503a-cc60-4ba4-b002-918b077d18fd HTTP/1.1" status: 200 len: 1002 time: 0.1645701
2026-05-27 15:09:21.859 9 INFO neutron.wsgi [req-a18c64f3-9f2e-4178-81e3-9d06bbd1d44f req-3b40baaa-980e-4f11-8475-df6b206fe75b e2fb98b4180640a3b07ff360f3459214 187ac6721caa41fc9b9984565d3204fb - - aea56a651e4e46208e84ee12f850055f aea56a651e4e46208e84ee12f850055f] 199.204.45.156 "GET /v2.0/floatingips?fixed_ip_address=10.2.1.165&port_id=70a17b10-dc0b-475e-bde2-75cad0d98935 HTTP/1.1" status: 200 len: 1059 time: 0.0517845
2026-05-27 15:09:21.906 9 INFO neutron.wsgi [req-a18c64f3-9f2e-4178-81e3-9d06bbd1d44f req-5585d4ea-670b-48f6-a9ec-4acdd64047a3 e2fb98b4180640a3b07ff360f3459214 187ac6721caa41fc9b9984565d3204fb - - aea56a651e4e46208e84ee12f850055f aea56a651e4e46208e84ee12f850055f] 199.204.45.156 "GET /v2.0/floatingips?fixed_ip_address=fd7b%3Af9f7%3Afff%3A4eca%3A%3A216&port_id=70a17b10-dc0b-475e-bde2-75cad0d98935 HTTP/1.1" status: 200 len: 217 time: 0.0378563
2026-05-27 15:09:21.958 9 INFO neutron.wsgi [req-a18c64f3-9f2e-4178-81e3-9d06bbd1d44f req-8dc5c935-f52a-4a14-a18c-fef0a2883d67 e2fb98b4180640a3b07ff360f3459214 187ac6721caa41fc9b9984565d3204fb - - aea56a651e4e46208e84ee12f850055f aea56a651e4e46208e84ee12f850055f] 199.204.45.156 "GET /v2.0/subnets?id=c79955d8-f2f2-48c5-b234-4d15d32361e0&id=f4b6c11b-57bc-47e3-ba3a-1f8fcdf8213f HTTP/1.1" status: 200 len: 1562 time: 0.0469449
2026-05-27 15:09:21.996 9 INFO neutron.wsgi [req-a18c64f3-9f2e-4178-81e3-9d06bbd1d44f req-1ffe8983-4db6-48c2-b597-dbcba980f38e e2fb98b4180640a3b07ff360f3459214 187ac6721caa41fc9b9984565d3204fb - - aea56a651e4e46208e84ee12f850055f aea56a651e4e46208e84ee12f850055f] 199.204.45.156 "GET /v2.0/ports?network_id=a763503a-cc60-4ba4-b002-918b077d18fd&device_owner=network%3Adhcp HTTP/1.1" status: 200 len: 210 time: 0.0285921
2026-05-27 15:09:22.042 9 INFO neutron.wsgi [req-a18c64f3-9f2e-4178-81e3-9d06bbd1d44f req-a15884d0-859f-4b5d-a8fd-1151cf8dc07c e2fb98b4180640a3b07ff360f3459214 187ac6721caa41fc9b9984565d3204fb - - aea56a651e4e46208e84ee12f850055f aea56a651e4e46208e84ee12f850055f] 199.204.45.156 "GET /v2.0/ports?network_id=a763503a-cc60-4ba4-b002-918b077d18fd&device_owner=network%3Adhcp HTTP/1.1" status: 200 len: 210 time: 0.0390475
2026-05-27 15:09:22.149 9 INFO neutron.wsgi [req-a18c64f3-9f2e-4178-81e3-9d06bbd1d44f req-be11f853-62f2-48e2-99d9-c725c81eaf7e e2fb98b4180640a3b07ff360f3459214 187ac6721caa41fc9b9984565d3204fb - - aea56a651e4e46208e84ee12f850055f aea56a651e4e46208e84ee12f850055f] 199.204.45.156 "GET /v2.0/networks/a763503a-cc60-4ba4-b002-918b077d18fd?fields=segments HTTP/1.1" status: 200 len: 212 time: 0.0987306 /var/lib/openstack/lib/python3.10/site-packages/pycadf/identifier.py:71: UserWarning: Invalid uuid: neutron. To ensure interoperability, identifiers should be a valid uuid. warnings.warn(('Invalid uuid: %s. To ensure interoperability, '
2026-05-27 15:09:22.216 9 INFO neutron.db.ovn_revision_numbers_db [None req-19bc58ab-ef0b-4c21-868e-0336384283df b2389cd0db04491fa47c218780333a8f b748f6bce2ca4bd593c50bd52b2ea4c0 - - default default] Successfully bumped revision number for resource 5662a44a-1749-4b35-808e-08ff36468839 (type: ports) to 6
2026-05-27 15:09:22.238 9 INFO neutron.wsgi [None req-19bc58ab-ef0b-4c21-868e-0336384283df b2389cd0db04491fa47c218780333a8f b748f6bce2ca4bd593c50bd52b2ea4c0 - - default default] 199.204.45.156 "PUT /v2.0/ports/5662a44a-1749-4b35-808e-08ff36468839 HTTP/1.1" status: 200 len: 1203 time: 0.7606320
2026-05-27 15:09:22.277 9 INFO neutron.notifiers.nova [-] Nova event matching ['req-2e0dfd7a-b213-4aaa-8a08-127559e42869'] response: {'name': 'network-changed', 'server_uuid': '1a51f827-613d-4360-b120-3f0a51a7d800', 'tag': '5662a44a-1749-4b35-808e-08ff36468839', 'status': 'completed', 'code': 200}
2026-05-27 15:09:22.285 9 INFO neutron.wsgi [req-a18c64f3-9f2e-4178-81e3-9d06bbd1d44f req-726eea96-628b-42be-8227-20c8c5f0c285 e2fb98b4180640a3b07ff360f3459214 187ac6721caa41fc9b9984565d3204fb - - aea56a651e4e46208e84ee12f850055f aea56a651e4e46208e84ee12f850055f] 199.204.45.156 "GET /v2.0/networks/a763503a-cc60-4ba4-b002-918b077d18fd?fields=provider%3Aphysical_network&fields=provider%3Anetwork_type HTTP/1.1" status: 200 len: 277 time: 0.1253328
2026-05-27 15:09:22.362 9 INFO neutron.wsgi [req-89c572f8-7077-4795-9a68-9dfa80efd800 req-0acae3af-da31-4c08-9f67-0be7186eff91 e2fb98b4180640a3b07ff360f3459214 187ac6721caa41fc9b9984565d3204fb - - aea56a651e4e46208e84ee12f850055f aea56a651e4e46208e84ee12f850055f] 199.204.45.156 "GET /v2.0/ports?tenant_id=b748f6bce2ca4bd593c50bd52b2ea4c0&device_id=1a51f827-613d-4360-b120-3f0a51a7d800 HTTP/1.1" status: 200 len: 3747 time: 0.0575902
2026-05-27 15:09:22.367 9 INFO neutron.wsgi [None req-c620ec64-4676-4d7b-a8d1-8dbb7c204ae4 b2389cd0db04491fa47c218780333a8f b748f6bce2ca4bd593c50bd52b2ea4c0 - - default default] 199.204.45.156 "GET /v2.0/networks/a763503a-cc60-4ba4-b002-918b077d18fd HTTP/1.1" status: 200 len: 999 time: 0.1183665
2026-05-27 15:09:22.445 9 INFO neutron.wsgi [None req-767014c1-4f2c-4b6b-a761-9af60785daec b2389cd0db04491fa47c218780333a8f b748f6bce2ca4bd593c50bd52b2ea4c0 - - default default] 199.204.45.156 "GET /v2.0/ports?device_id=1a51f827-613d-4360-b120-3f0a51a7d800 HTTP/1.1" status: 200 len: 3747 time: 0.0676839
2026-05-27 15:09:22.469 9 INFO neutron.wsgi [req-89c572f8-7077-4795-9a68-9dfa80efd800 req-07dedb57-b753-41dc-a4ca-fdebdc57ff38 e2fb98b4180640a3b07ff360f3459214 187ac6721caa41fc9b9984565d3204fb - - aea56a651e4e46208e84ee12f850055f aea56a651e4e46208e84ee12f850055f] 199.204.45.156 "GET /v2.0/networks?id=a763503a-cc60-4ba4-b002-918b077d18fd HTTP/1.1" status: 200 len: 1002 time: 0.0996547
2026-05-27 15:09:22.558 9 INFO neutron.wsgi [None req-65623c32-7f55-4d2a-a85f-7e1f96ab1b0f b2389cd0db04491fa47c218780333a8f b748f6bce2ca4bd593c50bd52b2ea4c0 - - default default] 199.204.45.156 "GET /v2.0/ports?device_id=1a51f827-613d-4360-b120-3f0a51a7d800 HTTP/1.1" status: 200 len: 3747 time: 0.0461366
2026-05-27 15:09:22.562 9 INFO neutron.wsgi [req-89c572f8-7077-4795-9a68-9dfa80efd800 req-35e5b606-8f1a-4f64-910d-54d288997e5e e2fb98b4180640a3b07ff360f3459214 187ac6721caa41fc9b9984565d3204fb - - aea56a651e4e46208e84ee12f850055f aea56a651e4e46208e84ee12f850055f] 199.204.45.156 "GET /v2.0/networks/a763503a-cc60-4ba4-b002-918b077d18fd?fields=segments HTTP/1.1" status: 200 len: 212 time: 0.0877216
2026-05-27 15:09:22.630 9 INFO neutron.wsgi [req-89c572f8-7077-4795-9a68-9dfa80efd800 req-27ac5a76-9068-4f32-8059-6a385189d108 e2fb98b4180640a3b07ff360f3459214 187ac6721caa41fc9b9984565d3204fb - - aea56a651e4e46208e84ee12f850055f aea56a651e4e46208e84ee12f850055f] 199.204.45.156 "GET /v2.0/networks/a763503a-cc60-4ba4-b002-918b077d18fd?fields=provider%3Aphysical_network&fields=provider%3Anetwork_type HTTP/1.1" status: 200 len: 277 time: 0.0611985
2026-05-27 15:09:22.817 10 INFO neutron.plugins.ml2.drivers.ovn.mech_driver.mech_driver [None req-86371f71-9a17-4aa8-b4f0-5a9a7d809869 - - - - - -] OVN reports status down for port: 5662a44a-1749-4b35-808e-08ff36468839
2026-05-27 15:09:22.908 9 INFO neutron.wsgi [req-f6bddbe0-3a19-4ca7-bc91-b9a597de6e6c req-2d3c298d-8a2b-4778-b3f4-d4f68690a260 e2fb98b4180640a3b07ff360f3459214 187ac6721caa41fc9b9984565d3204fb - - aea56a651e4e46208e84ee12f850055f aea56a651e4e46208e84ee12f850055f] 199.204.45.156 "GET /v2.0/ports/5662a44a-1749-4b35-808e-08ff36468839 HTTP/1.1" status: 200 len: 1231 time: 0.0538383
2026-05-27 15:09:22.971 10 INFO neutron.notifiers.nova [-] Nova event matching ['req-cdae1f68-45bc-47f6-a9c8-9ec6074f938a'] response: {'server_uuid': '1a51f827-613d-4360-b120-3f0a51a7d800', 'name': 'network-vif-unplugged', 'status': 'completed', 'tag': '5662a44a-1749-4b35-808e-08ff36468839', 'code': 200}
2026-05-27 15:09:23.151 10 INFO neutron.db.ovn_revision_numbers_db [None req-86371f71-9a17-4aa8-b4f0-5a9a7d809869 - - - - - -] Successfully bumped revision number for resource 5662a44a-1749-4b35-808e-08ff36468839 (type: ports) to 7
2026-05-27 15:09:23.218 9 INFO neutron.wsgi [req-f6bddbe0-3a19-4ca7-bc91-b9a597de6e6c req-e4741756-3fd4-4d66-97d9-7d0d6ce5220e b2389cd0db04491fa47c218780333a8f b748f6bce2ca4bd593c50bd52b2ea4c0 - - default default] 199.204.45.156 "DELETE /v2.0/ports/5662a44a-1749-4b35-808e-08ff36468839 HTTP/1.1" status: 204 len: 173 time: 0.3047500
2026-05-27 15:09:23.308 9 INFO neutron.wsgi [req-f6bddbe0-3a19-4ca7-bc91-b9a597de6e6c req-cbe41e8b-dbed-406f-b18c-8e9a5719c085 e2fb98b4180640a3b07ff360f3459214 187ac6721caa41fc9b9984565d3204fb - - aea56a651e4e46208e84ee12f850055f aea56a651e4e46208e84ee12f850055f] 199.204.45.156 "GET /v2.0/ports?tenant_id=b748f6bce2ca4bd593c50bd52b2ea4c0&device_id=1a51f827-613d-4360-b120-3f0a51a7d800 HTTP/1.1" status: 200 len: 2724 time: 0.0419142
2026-05-27 15:09:23.373 9 INFO neutron.wsgi [req-f6bddbe0-3a19-4ca7-bc91-b9a597de6e6c req-2be3dc16-3d92-4804-b51f-c864f6acaa38 e2fb98b4180640a3b07ff360f3459214 187ac6721caa41fc9b9984565d3204fb - - aea56a651e4e46208e84ee12f850055f aea56a651e4e46208e84ee12f850055f] 199.204.45.156 "GET /v2.0/networks?id=39ee6502-7af6-464c-ac9c-c6b22c6b51ac&id=2017f52c-591b-489a-b0d3-d13d5eeed35b&id=a763503a-cc60-4ba4-b002-918b077d18fd HTTP/1.1" status: 200 len: 2518 time: 0.0590966
2026-05-27 15:09:23.410 9 INFO neutron.wsgi [req-f6bddbe0-3a19-4ca7-bc91-b9a597de6e6c req-72bbfd46-582c-44c9-a71f-c44859a431f6 e2fb98b4180640a3b07ff360f3459214 187ac6721caa41fc9b9984565d3204fb - - aea56a651e4e46208e84ee12f850055f aea56a651e4e46208e84ee12f850055f] 199.204.45.156 "GET /v2.0/floatingips?fixed_ip_address=172.24.0.40&port_id=88a8bd19-0923-471c-8944-e5169bbfe862 HTTP/1.1" status: 200 len: 217 time: 0.0291131
2026-05-27 15:09:23.453 9 INFO neutron.wsgi [req-f6bddbe0-3a19-4ca7-bc91-b9a597de6e6c req-cba1359c-772d-4b96-8aff-988f790b86a4 e2fb98b4180640a3b07ff360f3459214 187ac6721caa41fc9b9984565d3204fb - - aea56a651e4e46208e84ee12f850055f aea56a651e4e46208e84ee12f850055f] 199.204.45.156 "GET /v2.0/subnets?id=a718484f-ad48-414e-bc0a-d4c19583e260 HTTP/1.1" status: 200 len: 829 time: 0.0388992
2026-05-27 15:09:23.479 9 INFO neutron.wsgi [req-f6bddbe0-3a19-4ca7-bc91-b9a597de6e6c req-b2120dc1-a472-4dac-8b77-ca62f0773b25 e2fb98b4180640a3b07ff360f3459214 187ac6721caa41fc9b9984565d3204fb - - aea56a651e4e46208e84ee12f850055f aea56a651e4e46208e84ee12f850055f] 199.204.45.156 "GET /v2.0/ports?network_id=39ee6502-7af6-464c-ac9c-c6b22c6b51ac&device_owner=network%3Adhcp HTTP/1.1" status: 200 len: 210 time: 0.0208378
2026-05-27 15:09:23.558 9 INFO neutron.wsgi [req-f6bddbe0-3a19-4ca7-bc91-b9a597de6e6c req-c8d14a76-b6cf-4fba-ac1f-f0b9c5f0d93e e2fb98b4180640a3b07ff360f3459214 187ac6721caa41fc9b9984565d3204fb - - aea56a651e4e46208e84ee12f850055f aea56a651e4e46208e84ee12f850055f] 199.204.45.156 "GET /v2.0/networks/39ee6502-7af6-464c-ac9c-c6b22c6b51ac?fields=segments HTTP/1.1" status: 200 len: 212 time: 0.0758550
2026-05-27 15:09:23.622 9 INFO neutron.wsgi [None req-3ce9978d-38f0-4693-8c75-fd974c02c08d b2389cd0db04491fa47c218780333a8f b748f6bce2ca4bd593c50bd52b2ea4c0 - - default default] 199.204.45.156 "GET /v2.0/ports?device_id=1a51f827-613d-4360-b120-3f0a51a7d800 HTTP/1.1" status: 200 len: 2724 time: 0.0450459
2026-05-27 15:09:23.646 9 INFO neutron.wsgi [req-f6bddbe0-3a19-4ca7-bc91-b9a597de6e6c req-20d4763a-55eb-4d96-bd0a-916adacb268f e2fb98b4180640a3b07ff360f3459214 187ac6721caa41fc9b9984565d3204fb - - aea56a651e4e46208e84ee12f850055f aea56a651e4e46208e84ee12f850055f] 199.204.45.156 "GET /v2.0/networks/39ee6502-7af6-464c-ac9c-c6b22c6b51ac?fields=provider%3Aphysical_network&fields=provider%3Anetwork_type HTTP/1.1" status: 200 len: 277 time: 0.0831993
2026-05-27 15:09:23.659 9 INFO neutron.pecan_wsgi.hooks.translation [None req-24b50239-e19a-478f-b779-1a0e913e00b1 b2389cd0db04491fa47c218780333a8f b748f6bce2ca4bd593c50bd52b2ea4c0 - - default default] DELETE failed (client error): The resource could not be found.
2026-05-27 15:09:23.662 9 INFO neutron.wsgi [None req-24b50239-e19a-478f-b779-1a0e913e00b1 b2389cd0db04491fa47c218780333a8f b748f6bce2ca4bd593c50bd52b2ea4c0 - - default default] 199.204.45.156 "DELETE /v2.0/ports/5662a44a-1749-4b35-808e-08ff36468839 HTTP/1.1" status: 404 len: 338 time: 0.0293963
2026-05-27 15:09:23.675 9 INFO neutron.wsgi [req-f6bddbe0-3a19-4ca7-bc91-b9a597de6e6c req-30978ced-03f0-444c-a864-a15cd0e9041d e2fb98b4180640a3b07ff360f3459214 187ac6721caa41fc9b9984565d3204fb - - aea56a651e4e46208e84ee12f850055f aea56a651e4e46208e84ee12f850055f] 199.204.45.156 "GET /v2.0/floatingips?fixed_ip_address=10.1.1.201&port_id=082d78a5-31f4-41a6-9b84-ef6dafbe8919 HTTP/1.1" status: 200 len: 217 time: 0.0224912
2026-05-27 15:09:23.723 9 INFO neutron.wsgi [req-f6bddbe0-3a19-4ca7-bc91-b9a597de6e6c req-07ec29fe-1d95-4dbe-9929-4e75e3befbf6 e2fb98b4180640a3b07ff360f3459214 187ac6721caa41fc9b9984565d3204fb - - aea56a651e4e46208e84ee12f850055f aea56a651e4e46208e84ee12f850055f] 199.204.45.156 "GET /v2.0/subnets?id=84819acc-8d89-4df8-b6b9-d3b9998485b0 HTTP/1.1" status: 200 len: 854 time: 0.0392828
2026-05-27 15:09:23.747 9 INFO neutron.wsgi [req-f6bddbe0-3a19-4ca7-bc91-b9a597de6e6c req-1cb111ae-ed1a-4ef9-9046-a97494b2a341 e2fb98b4180640a3b07ff360f3459214 187ac6721caa41fc9b9984565d3204fb - - aea56a651e4e46208e84ee12f850055f aea56a651e4e46208e84ee12f850055f] 199.204.45.156 "GET /v2.0/ports?network_id=2017f52c-591b-489a-b0d3-d13d5eeed35b&device_owner=network%3Adhcp HTTP/1.1" status: 200 len: 210 time: 0.0177178
2026-05-27 15:09:23.772 9 INFO neutron.wsgi [None req-b93ff44b-3a99-4cda-b2e3-2501b9287f5c b2389cd0db04491fa47c218780333a8f b748f6bce2ca4bd593c50bd52b2ea4c0 - - default default] 199.204.45.156 "GET /v2.0/extensions/security-group HTTP/1.1" status: 200 len: 369 time: 0.0041087
2026-05-27 15:09:23.787 9 INFO neutron.wsgi [None req-01731fca-5247-4210-9c4c-b25bc27770b7 b2389cd0db04491fa47c218780333a8f b748f6bce2ca4bd593c50bd52b2ea4c0 - - default default] 199.204.45.156 "GET /v2.0/extensions/dns-integration HTTP/1.1" status: 200 len: 371 time: 0.0072100
2026-05-27 15:09:23.798 9 INFO neutron.wsgi [None req-76b9c816-bb43-4043-b810-27167475b5d2 b2389cd0db04491fa47c218780333a8f b748f6bce2ca4bd593c50bd52b2ea4c0 - - default default] 199.204.45.156 "GET /v2.0/extensions/qos HTTP/1.1" status: 200 len: 365 time: 0.0045645
2026-05-27 15:09:23.814 9 INFO neutron.wsgi [None req-fdab2da1-f01a-4e94-9f0e-8e696fe2f02f b2389cd0db04491fa47c218780333a8f b748f6bce2ca4bd593c50bd52b2ea4c0 - - default default] 199.204.45.156 "GET /v2.0/extensions/allowed-address-pairs HTTP/1.1" status: 200 len: 383 time: 0.0063818
2026-05-27 15:09:23.864 9 INFO neutron.wsgi [req-f6bddbe0-3a19-4ca7-bc91-b9a597de6e6c req-3ea9cbbf-0c0e-4f14-bfcd-e0b4d9d916d1 e2fb98b4180640a3b07ff360f3459214 187ac6721caa41fc9b9984565d3204fb - - aea56a651e4e46208e84ee12f850055f aea56a651e4e46208e84ee12f850055f] 199.204.45.156 "GET /v2.0/networks/2017f52c-591b-489a-b0d3-d13d5eeed35b?fields=segments HTTP/1.1" status: 200 len: 212 time: 0.1075652
2026-05-27 15:09:23.870 9 INFO neutron.wsgi [None req-15e8bf30-19de-476a-8f06-7203cd0050db b2389cd0db04491fa47c218780333a8f b748f6bce2ca4bd593c50bd52b2ea4c0 - - default default] 199.204.45.156 "GET /v2.0/subnets/84819acc-8d89-4df8-b6b9-d3b9998485b0 HTTP/1.1" status: 200 len: 851 time: 0.0470748
2026-05-27 15:09:23.927 9 INFO neutron.wsgi [None req-3bab574b-0691-4a97-8747-b268def4d28b b2389cd0db04491fa47c218780333a8f b748f6bce2ca4bd593c50bd52b2ea4c0 - - default default] 199.204.45.156 "GET /v2.0/ports/12701d7e-99ba-419b-a784-dacdcab3793a HTTP/1.1" status: 200 len: 1340 time: 0.0483179
2026-05-27 15:09:23.970 9 INFO neutron.wsgi [req-f6bddbe0-3a19-4ca7-bc91-b9a597de6e6c req-6ddcb26d-b2f8-44e2-aa75-a95b5805b1dd e2fb98b4180640a3b07ff360f3459214 187ac6721caa41fc9b9984565d3204fb - - aea56a651e4e46208e84ee12f850055f aea56a651e4e46208e84ee12f850055f] 199.204.45.156 "GET /v2.0/networks/2017f52c-591b-489a-b0d3-d13d5eeed35b?fields=provider%3Aphysical_network&fields=provider%3Anetwork_type HTTP/1.1" status: 200 len: 277 time: 0.0999713
2026-05-27 15:09:23.980 9 INFO neutron.wsgi [None req-3e7a9b37-9901-41cb-91a1-b0f09f2fa53b b2389cd0db04491fa47c218780333a8f b748f6bce2ca4bd593c50bd52b2ea4c0 - - default default] 199.204.45.156 "GET /v2.0/ports/082d78a5-31f4-41a6-9b84-ef6dafbe8919 HTTP/1.1" status: 200 len: 1519 time: 0.0421309
2026-05-27 15:09:24.022 9 INFO neutron.wsgi [None req-09d0c255-92e1-418e-89dc-4c241e78df52 b2389cd0db04491fa47c218780333a8f b748f6bce2ca4bd593c50bd52b2ea4c0 - - default default] 199.204.45.156 "GET /v2.0/subnets/84819acc-8d89-4df8-b6b9-d3b9998485b0 HTTP/1.1" status: 200 len: 851 time: 0.0371380
2026-05-27 15:09:24.111 9 INFO neutron.wsgi [None req-9f57cb9c-2516-4bfb-bcc3-0df909df5c13 b2389cd0db04491fa47c218780333a8f b748f6bce2ca4bd593c50bd52b2ea4c0 - - default default] 199.204.45.156 "GET /v2.0/networks/2017f52c-591b-489a-b0d3-d13d5eeed35b HTTP/1.1" status: 200 len: 1001 time: 0.0827601
2026-05-27 15:09:24.149 9 INFO neutron.wsgi [None req-677fecfa-0cd7-4803-8928-971cf1904d53 b2389cd0db04491fa47c218780333a8f b748f6bce2ca4bd593c50bd52b2ea4c0 - - default default] 199.204.45.156 "GET /v2.0/ports/12701d7e-99ba-419b-a784-dacdcab3793a HTTP/1.1" status: 200 len: 1340 time: 0.0290294
2026-05-27 15:09:24.193 9 INFO neutron.wsgi [None req-879845a5-9e4e-4a3e-becf-8fa7d72d7ee3 b2389cd0db04491fa47c218780333a8f b748f6bce2ca4bd593c50bd52b2ea4c0 - - default default] 199.204.45.156 "GET /v2.0/subnets/84819acc-8d89-4df8-b6b9-d3b9998485b0 HTTP/1.1" status: 200 len: 851 time: 0.0363612
2026-05-27 15:09:24.322 9 INFO neutron.notifiers.nova [-] Nova event matching ['req-4ed0071f-b98c-4e7c-baee-f3fc4ffc6924'] response: {'server_uuid': '1a51f827-613d-4360-b120-3f0a51a7d800', 'name': 'network-vif-deleted', 'tag': '5662a44a-1749-4b35-808e-08ff36468839', 'status': 'completed', 'code': 200}
2026-05-27 15:09:25.011 10 INFO neutron.notifiers.nova [-] Nova event matching ['req-4ef6fd41-a30b-4a23-96e9-cf0cd2bcb213'] response: {'server_uuid': '1a51f827-613d-4360-b120-3f0a51a7d800', 'name': 'network-vif-plugged', 'status': 'completed', 'tag': '5662a44a-1749-4b35-808e-08ff36468839', 'code': 200}
2026-05-27 15:09:35.165 9 INFO neutron.wsgi [-] 10.0.0.15 "GET / HTTP/1.1" status: 200 len: 247 time: 0.0028050
2026-05-27 15:09:35.166 10 INFO neutron.wsgi [-] 10.0.0.15 "GET / HTTP/1.1" status: 200 len: 247 time: 0.0037324
2026-05-27 15:09:37.000 9 INFO neutron.wsgi [None req-3739a6a9-d6ea-4e78-be09-a79e1a8178d7 b2389cd0db04491fa47c218780333a8f b748f6bce2ca4bd593c50bd52b2ea4c0 - - default default] 199.204.45.156 "GET /v2.0/extensions/security-group HTTP/1.1" status: 200 len: 369 time: 0.0096734
2026-05-27 15:09:37.014 9 INFO neutron.wsgi [None req-bf9bde08-2165-49b7-9371-44d713716128 b2389cd0db04491fa47c218780333a8f b748f6bce2ca4bd593c50bd52b2ea4c0 - - default default] 199.204.45.156 "GET /v2.0/extensions/dns-integration HTTP/1.1" status: 200 len: 371 time: 0.0074985
2026-05-27 15:09:37.030 9 INFO neutron.wsgi [None req-06912ec9-af2d-4338-a48e-48b1db48491c b2389cd0db04491fa47c218780333a8f b748f6bce2ca4bd593c50bd52b2ea4c0 - - default default] 199.204.45.156 "GET /v2.0/extensions/qos HTTP/1.1" status: 200 len: 365 time: 0.0102239
2026-05-27 15:09:37.046 9 INFO neutron.wsgi [None req-76ff5736-092e-40bb-bb08-43fba271bf18 b2389cd0db04491fa47c218780333a8f b748f6bce2ca4bd593c50bd52b2ea4c0 - - default default] 199.204.45.156 "GET /v2.0/extensions/allowed-address-pairs HTTP/1.1" status: 200 len: 383 time: 0.0102308
2026-05-27 15:09:37.069 9 INFO neutron.api.v2.resource [None req-895c4bde-297c-4b2a-ac06-5332ab4f406e b2389cd0db04491fa47c218780333a8f b748f6bce2ca4bd593c50bd52b2ea4c0 - - default default] show failed (client error): The resource could not be found.
2026-05-27 15:09:37.072 9 INFO neutron.wsgi [None req-895c4bde-297c-4b2a-ac06-5332ab4f406e b2389cd0db04491fa47c218780333a8f b748f6bce2ca4bd593c50bd52b2ea4c0 - - default default] 199.204.45.156 "GET /v2.0/security-groups/lb-27fee5e4-bec5-48e2-af5b-6329a1472a03 HTTP/1.1" status: 404 len: 355 time: 0.0173712
2026-05-27 15:09:37.113 9 INFO neutron.wsgi [None req-41caa083-d0ec-4d0e-8d6b-ffa26292205b b2389cd0db04491fa47c218780333a8f b748f6bce2ca4bd593c50bd52b2ea4c0 - - default default] 199.204.45.156 "GET /v2.0/security-groups?name=lb-27fee5e4-bec5-48e2-af5b-6329a1472a03 HTTP/1.1" status: 200 len: 2941 time: 0.0381749
2026-05-27 15:09:37.151 9 INFO neutron.wsgi [None req-f15ff6f0-d33c-436e-8845-0eaaa3892f97 b2389cd0db04491fa47c218780333a8f b748f6bce2ca4bd593c50bd52b2ea4c0 - - default default] 199.204.45.156 "GET /v2.0/security-group-rules?security_group_id=998f588c-fcbf-4c83-91d5-20491e0846f2 HTTP/1.1" status: 200 len: 2406 time: 0.0335288
2026-05-27 15:09:37.315 9 INFO neutron.wsgi [None req-cf753d4b-08f0-4f5a-a261-2d37c61be5f5 b2389cd0db04491fa47c218780333a8f b748f6bce2ca4bd593c50bd52b2ea4c0 - - default default] 199.204.45.156 "DELETE /v2.0/security-group-rules/09b8cdfd-ce43-474e-8123-8e5b9c2bae65 HTTP/1.1" status: 204 len: 173 time: 0.1527557
2026-05-27 15:09:37.469 9 INFO neutron.wsgi [None req-9426d711-6383-46b6-bf70-0656c586ca14 b2389cd0db04491fa47c218780333a8f b748f6bce2ca4bd593c50bd52b2ea4c0 - - default default] 199.204.45.156 "DELETE /v2.0/security-group-rules/5d6f5f4b-6ef1-484d-926f-e0bbe1803294 HTTP/1.1" status: 204 len: 173 time: 0.1451955
2026-05-27 15:09:41.594 9 INFO neutron.db.l3_db [None req-56c7e782-3101-4385-bd9b-97fe61724894 f0ff9f37b8484fedb16d83de57d57662 f723c007e9e249c5aee7ff85225ca9ab - - default default] Floating IP ef663aa8-212d-457c-a8a7-e3152d5a688d disassociated (deleted). External IP: 10.96.250.210, port: 12701d7e-99ba-419b-a784-dacdcab3793a.
2026-05-27 15:09:41.646 9 INFO neutron.wsgi [None req-56c7e782-3101-4385-bd9b-97fe61724894 f0ff9f37b8484fedb16d83de57d57662 f723c007e9e249c5aee7ff85225ca9ab - - default default] 10.0.0.86 "DELETE /v2.0/floatingips/ef663aa8-212d-457c-a8a7-e3152d5a688d HTTP/1.1" status: 204 len: 168 time: 0.6706777 /var/lib/openstack/lib/python3.10/site-packages/pycadf/identifier.py:71: UserWarning: Invalid uuid: neutron. To ensure interoperability, identifiers should be a valid uuid. warnings.warn(('Invalid uuid: %s. To ensure interoperability, '
2026-05-27 15:09:41.704 10 INFO neutron.api.v2.resource [None req-3bbf2354-28a6-4cb7-8c5c-3e1a07d2857d f0ff9f37b8484fedb16d83de57d57662 f723c007e9e249c5aee7ff85225ca9ab - - default default] show failed (client error): The resource could not be found.
2026-05-27 15:09:41.706 10 INFO neutron.wsgi [None req-3bbf2354-28a6-4cb7-8c5c-3e1a07d2857d f0ff9f37b8484fedb16d83de57d57662 f723c007e9e249c5aee7ff85225ca9ab - - default default] 10.0.0.86 "GET /v2.0/floatingips/ef663aa8-212d-457c-a8a7-e3152d5a688d HTTP/1.1" status: 404 len: 345 time: 0.0509932
2026-05-27 15:09:42.677 10 INFO neutron.wsgi [None req-26e001ae-8b38-4f06-9ab6-f26258654c3e b2389cd0db04491fa47c218780333a8f b748f6bce2ca4bd593c50bd52b2ea4c0 - - default default] 199.204.45.156 "GET /v2.0/extensions/security-group HTTP/1.1" status: 200 len: 369 time: 0.0078387
2026-05-27 15:09:42.689 10 INFO neutron.wsgi [None req-71b97be5-6ee2-4ad9-a751-a4b27bcae10e b2389cd0db04491fa47c218780333a8f b748f6bce2ca4bd593c50bd52b2ea4c0 - - default default] 199.204.45.156 "GET /v2.0/extensions/dns-integration HTTP/1.1" status: 200 len: 371 time: 0.0067754
2026-05-27 15:09:42.704 10 INFO neutron.wsgi [None req-a0d403c9-ec08-4853-a193-1080c121fcb0 b2389cd0db04491fa47c218780333a8f b748f6bce2ca4bd593c50bd52b2ea4c0 - - default default] 199.204.45.156 "GET /v2.0/extensions/qos HTTP/1.1" status: 200 len: 365 time: 0.0075719
2026-05-27 15:09:42.722 10 INFO neutron.wsgi [None req-b52ec508-6294-4b50-911d-0cda3c3bbea7 b2389cd0db04491fa47c218780333a8f b748f6bce2ca4bd593c50bd52b2ea4c0 - - default default] 199.204.45.156 "GET /v2.0/extensions/allowed-address-pairs HTTP/1.1" status: 200 len: 383 time: 0.0106452
2026-05-27 15:09:42.769 10 INFO neutron.wsgi [None req-f4aa775f-192a-44d8-a2b0-35e49684c7c5 b2389cd0db04491fa47c218780333a8f b748f6bce2ca4bd593c50bd52b2ea4c0 - - default default] 199.204.45.156 "GET /v2.0/subnets/84819acc-8d89-4df8-b6b9-d3b9998485b0 HTTP/1.1" status: 200 len: 851 time: 0.0409534
2026-05-27 15:09:42.821 10 INFO neutron.wsgi [None req-3b2f17ae-b297-453d-918d-db0c22f0f015 b2389cd0db04491fa47c218780333a8f b748f6bce2ca4bd593c50bd52b2ea4c0 - - default default] 199.204.45.156 "GET /v2.0/ports?device_id=1a51f827-613d-4360-b120-3f0a51a7d800 HTTP/1.1" status: 200 len: 2724 time: 0.0457070
2026-05-27 15:09:42.890 10 INFO neutron.wsgi [None req-7e4d9c04-4610-4d8d-9b5e-361a11498fbc b2389cd0db04491fa47c218780333a8f b748f6bce2ca4bd593c50bd52b2ea4c0 - - default default] 199.204.45.156 "GET /v2.0/ports?device_id=1a51f827-613d-4360-b120-3f0a51a7d800 HTTP/1.1" status: 200 len: 2724 time: 0.0601809
2026-05-27 15:09:43.039 10 INFO neutron.wsgi [None req-330e79e4-98ef-4e3a-87a7-21b4c5ad0fee b2389cd0db04491fa47c218780333a8f b748f6bce2ca4bd593c50bd52b2ea4c0 - - default default] 199.204.45.156 "GET /v2.0/ports?device_id=1a51f827-613d-4360-b120-3f0a51a7d800 HTTP/1.1" status: 200 len: 2724 time: 0.0427773
2026-05-27 15:09:43.302 10 INFO neutron.plugins.ml2.drivers.ovn.mech_driver.mech_driver [None req-86371f71-9a17-4aa8-b4f0-5a9a7d809869 - - - - - -] OVN reports status down for port: 12701d7e-99ba-419b-a784-dacdcab3793a
2026-05-27 15:09:43.347 9 INFO neutron.plugins.ml2.drivers.ovn.mech_driver.mech_driver [None req-2b508bcd-6fe6-4a6b-a44d-84c2f305a0c0 - - - - - -] OVN reports status down for port: 082d78a5-31f4-41a6-9b84-ef6dafbe8919
2026-05-27 15:09:43.426 9 INFO neutron.wsgi [req-60fcadfb-18f8-4365-b236-58e51a42a8fe req-96b9c6f3-65ab-4da4-b043-0e92392423fc e2fb98b4180640a3b07ff360f3459214 187ac6721caa41fc9b9984565d3204fb - - aea56a651e4e46208e84ee12f850055f aea56a651e4e46208e84ee12f850055f] 199.204.45.156 "GET /v2.0/ports/082d78a5-31f4-41a6-9b84-ef6dafbe8919 HTTP/1.1" status: 200 len: 1519 time: 0.0805724
2026-05-27 15:09:43.491 9 INFO neutron.wsgi [req-60fcadfb-18f8-4365-b236-58e51a42a8fe req-a5e3f6ff-46bc-4aa7-9835-7f4322cc26bb b2389cd0db04491fa47c218780333a8f b748f6bce2ca4bd593c50bd52b2ea4c0 - - default default] 199.204.45.156 "GET /v2.0/ports/082d78a5-31f4-41a6-9b84-ef6dafbe8919?fields=binding%3Aprofile&fields=network_id HTTP/1.1" status: 200 len: 281 time: 0.0556335
2026-05-27 15:09:43.577 9 INFO neutron.db.ovn_revision_numbers_db [None req-132adbee-6ec9-4e76-8400-9f7967d0d76c - - - - - -] Successfully bumped revision number for resource 12701d7e-99ba-419b-a784-dacdcab3793a (type: ports) to 6
2026-05-27 15:09:43.598 9 INFO neutron.wsgi [req-60fcadfb-18f8-4365-b236-58e51a42a8fe req-e56ad3d2-69f1-4541-8b53-1eda2caf2cda b2389cd0db04491fa47c218780333a8f b748f6bce2ca4bd593c50bd52b2ea4c0 - - default default] 199.204.45.156 "GET /v2.0/networks/2017f52c-591b-489a-b0d3-d13d5eeed35b?fields=dns_domain HTTP/1.1" status: 200 len: 227 time: 0.0977819
2026-05-27 15:09:43.601 9 INFO neutron.notifiers.nova [-] Nova event matching ['req-adae8934-a814-4e92-891f-e591495642e8'] response: {'server_uuid': '1a51f827-613d-4360-b120-3f0a51a7d800', 'name': 'network-vif-unplugged', 'status': 'completed', 'tag': '082d78a5-31f4-41a6-9b84-ef6dafbe8919', 'code': 200}
2026-05-27 15:09:43.832 9 INFO neutron.db.ovn_revision_numbers_db [None req-2b508bcd-6fe6-4a6b-a44d-84c2f305a0c0 - - - - - -] Successfully bumped revision number for resource 082d78a5-31f4-41a6-9b84-ef6dafbe8919 (type: ports) to 7
2026-05-27 15:09:44.099 10 INFO neutron.wsgi [None req-7e5c3772-026b-4cd0-80eb-cb6bf3d55dbf b2389cd0db04491fa47c218780333a8f b748f6bce2ca4bd593c50bd52b2ea4c0 - - default default] 199.204.45.156 "GET /v2.0/ports?device_id=1a51f827-613d-4360-b120-3f0a51a7d800 HTTP/1.1" status: 200 len: 1413 time: 0.0492582
2026-05-27 15:09:44.112 9 INFO neutron.db.ovn_revision_numbers_db [req-60fcadfb-18f8-4365-b236-58e51a42a8fe req-4c9c530f-2259-4033-ad10-862d07e9914d e2fb98b4180640a3b07ff360f3459214 187ac6721caa41fc9b9984565d3204fb - - aea56a651e4e46208e84ee12f850055f aea56a651e4e46208e84ee12f850055f] Successfully bumped revision number for resource 082d78a5-31f4-41a6-9b84-ef6dafbe8919 (type: ports) to 8
2026-05-27 15:09:44.131 9 INFO neutron.wsgi [req-60fcadfb-18f8-4365-b236-58e51a42a8fe req-4c9c530f-2259-4033-ad10-862d07e9914d e2fb98b4180640a3b07ff360f3459214 187ac6721caa41fc9b9984565d3204fb - - aea56a651e4e46208e84ee12f850055f aea56a651e4e46208e84ee12f850055f] 199.204.45.156 "PUT /v2.0/ports/082d78a5-31f4-41a6-9b84-ef6dafbe8919 HTTP/1.1" status: 200 len: 1351 time: 0.5202479 /var/lib/openstack/lib/python3.10/site-packages/pycadf/identifier.py:71: UserWarning: Invalid uuid: neutron. To ensure interoperability, identifiers should be a valid uuid. warnings.warn(('Invalid uuid: %s. To ensure interoperability, '
2026-05-27 15:09:44.227 9 INFO neutron.wsgi [req-60fcadfb-18f8-4365-b236-58e51a42a8fe req-6b497932-9b61-4003-8d3a-36d4ccd9af90 e2fb98b4180640a3b07ff360f3459214 187ac6721caa41fc9b9984565d3204fb - - aea56a651e4e46208e84ee12f850055f aea56a651e4e46208e84ee12f850055f] 199.204.45.156 "GET /v2.0/ports?tenant_id=b748f6bce2ca4bd593c50bd52b2ea4c0&device_id=1a51f827-613d-4360-b120-3f0a51a7d800 HTTP/1.1" status: 200 len: 1413 time: 0.0448627
2026-05-27 15:09:44.305 9 INFO neutron.wsgi [req-60fcadfb-18f8-4365-b236-58e51a42a8fe req-600af316-f376-4a32-a406-bd1225316688 e2fb98b4180640a3b07ff360f3459214 187ac6721caa41fc9b9984565d3204fb - - aea56a651e4e46208e84ee12f850055f aea56a651e4e46208e84ee12f850055f] 199.204.45.156 "GET /v2.0/networks?id=39ee6502-7af6-464c-ac9c-c6b22c6b51ac&id=2017f52c-591b-489a-b0d3-d13d5eeed35b HTTP/1.1" status: 200 len: 1729 time: 0.0728736
2026-05-27 15:09:44.343 9 INFO neutron.wsgi [req-60fcadfb-18f8-4365-b236-58e51a42a8fe req-9889b788-88a4-477b-a426-79252ef2a610 e2fb98b4180640a3b07ff360f3459214 187ac6721caa41fc9b9984565d3204fb - - aea56a651e4e46208e84ee12f850055f aea56a651e4e46208e84ee12f850055f] 199.204.45.156 "GET /v2.0/floatingips?fixed_ip_address=172.24.0.40&port_id=88a8bd19-0923-471c-8944-e5169bbfe862 HTTP/1.1" status: 200 len: 217 time: 0.0288227
2026-05-27 15:09:44.390 9 INFO neutron.wsgi [req-60fcadfb-18f8-4365-b236-58e51a42a8fe req-3ba35c64-5ea3-4afb-8199-4cc54039ba86 e2fb98b4180640a3b07ff360f3459214 187ac6721caa41fc9b9984565d3204fb - - aea56a651e4e46208e84ee12f850055f aea56a651e4e46208e84ee12f850055f] 199.204.45.156 "GET /v2.0/subnets?id=a718484f-ad48-414e-bc0a-d4c19583e260 HTTP/1.1" status: 200 len: 829 time: 0.0389023
2026-05-27 15:09:44.420 9 INFO neutron.wsgi [req-60fcadfb-18f8-4365-b236-58e51a42a8fe req-caedf888-bde3-4cb2-bcc1-fbe56d43d6f6 e2fb98b4180640a3b07ff360f3459214 187ac6721caa41fc9b9984565d3204fb - - aea56a651e4e46208e84ee12f850055f aea56a651e4e46208e84ee12f850055f] 199.204.45.156 "GET /v2.0/ports?network_id=39ee6502-7af6-464c-ac9c-c6b22c6b51ac&device_owner=network%3Adhcp HTTP/1.1" status: 200 len: 210 time: 0.0215461
2026-05-27 15:09:44.525 9 INFO neutron.wsgi [req-60fcadfb-18f8-4365-b236-58e51a42a8fe req-63fa91a6-9dfc-4065-a5b8-992399f9eb46 e2fb98b4180640a3b07ff360f3459214 187ac6721caa41fc9b9984565d3204fb - - aea56a651e4e46208e84ee12f850055f aea56a651e4e46208e84ee12f850055f] 199.204.45.156 "GET /v2.0/networks/39ee6502-7af6-464c-ac9c-c6b22c6b51ac?fields=segments HTTP/1.1" status: 200 len: 212 time: 0.0969965
2026-05-27 15:09:44.607 10 INFO neutron.db.ovn_revision_numbers_db [None req-0d503080-079a-4640-9e92-6d6b895ba10f b2389cd0db04491fa47c218780333a8f b748f6bce2ca4bd593c50bd52b2ea4c0 - - default default] Successfully bumped revision number for resource 082d78a5-31f4-41a6-9b84-ef6dafbe8919 (type: ports) to 9
2026-05-27 15:09:44.631 10 INFO neutron.wsgi [None req-0d503080-079a-4640-9e92-6d6b895ba10f b2389cd0db04491fa47c218780333a8f b748f6bce2ca4bd593c50bd52b2ea4c0 - - default default] 199.204.45.156 "PUT /v2.0/ports/082d78a5-31f4-41a6-9b84-ef6dafbe8919 HTTP/1.1" status: 200 len: 1290 time: 0.5208383
2026-05-27 15:09:44.636 9 INFO neutron.wsgi [req-60fcadfb-18f8-4365-b236-58e51a42a8fe req-c76b8c78-c9b5-4c63-b5c8-249ddd5ebb57 e2fb98b4180640a3b07ff360f3459214 187ac6721caa41fc9b9984565d3204fb - - aea56a651e4e46208e84ee12f850055f aea56a651e4e46208e84ee12f850055f] 199.204.45.156 "GET /v2.0/networks/39ee6502-7af6-464c-ac9c-c6b22c6b51ac?fields=provider%3Aphysical_network&fields=provider%3Anetwork_type HTTP/1.1" status: 200 len: 277 time: 0.1018562 /var/lib/openstack/lib/python3.10/site-packages/pycadf/identifier.py:71: UserWarning: Invalid uuid: neutron. To ensure interoperability, identifiers should be a valid uuid. warnings.warn(('Invalid uuid: %s. To ensure interoperability, '
2026-05-27 15:09:44.686 10 INFO neutron.wsgi [None req-b44b7167-6ea1-4820-888f-3fd615eca53f b2389cd0db04491fa47c218780333a8f b748f6bce2ca4bd593c50bd52b2ea4c0 - - default default] 199.204.45.156 "GET /v2.0/ports/082d78a5-31f4-41a6-9b84-ef6dafbe8919 HTTP/1.1" status: 200 len: 1290 time: 0.0482857
2026-05-27 15:09:44.774 9 INFO neutron.db.ovn_revision_numbers_db [None req-132adbee-6ec9-4e76-8400-9f7967d0d76c - - - - - -] Successfully bumped revision number for resource 12701d7e-99ba-419b-a784-dacdcab3793a (type: ports) to 8
2026-05-27 15:09:45.132 10 INFO neutron.wsgi [None req-c5276c56-a105-4b58-8bd6-5872bbfa48dc b2389cd0db04491fa47c218780333a8f b748f6bce2ca4bd593c50bd52b2ea4c0 - - default default] 199.204.45.156 "DELETE /v2.0/ports/082d78a5-31f4-41a6-9b84-ef6dafbe8919 HTTP/1.1" status: 204 len: 173 time: 0.4360535
2026-05-27 15:09:45.254 10 INFO neutron.wsgi [None req-f5d6fb5c-3512-471a-b9e5-9a4e6680c92d b2389cd0db04491fa47c218780333a8f b748f6bce2ca4bd593c50bd52b2ea4c0 - - default default] 199.204.45.156 "GET /v2.0/extensions/security-group HTTP/1.1" status: 200 len: 369 time: 0.0098774
2026-05-27 15:09:45.267 10 INFO neutron.wsgi [None req-a6d2fd45-5c53-40b4-a899-32b1fbab0780 b2389cd0db04491fa47c218780333a8f b748f6bce2ca4bd593c50bd52b2ea4c0 - - default default] 199.204.45.156 "GET /v2.0/extensions/dns-integration HTTP/1.1" status: 200 len: 371 time: 0.0053141
2026-05-27 15:09:45.280 10 INFO neutron.wsgi [None req-3d9da77c-c25e-4531-884a-852cda1e43aa b2389cd0db04491fa47c218780333a8f b748f6bce2ca4bd593c50bd52b2ea4c0 - - default default] 199.204.45.156 "GET /v2.0/extensions/qos HTTP/1.1" status: 200 len: 365 time: 0.0054171
2026-05-27 15:09:45.288 10 INFO neutron.wsgi [None req-8771c0d6-34ad-4b01-9906-2e08d51429d2 b2389cd0db04491fa47c218780333a8f b748f6bce2ca4bd593c50bd52b2ea4c0 - - default default] 199.204.45.156 "GET /v2.0/extensions/allowed-address-pairs HTTP/1.1" status: 200 len: 383 time: 0.0053835
2026-05-27 15:09:45.312 10 INFO neutron.pecan_wsgi.hooks.translation [None req-2e09fcbb-353b-4f66-afcd-471dd91fa5d9 b2389cd0db04491fa47c218780333a8f b748f6bce2ca4bd593c50bd52b2ea4c0 - - default default] DELETE failed (client error): The resource could not be found.
2026-05-27 15:09:45.314 10 INFO neutron.wsgi [None req-2e09fcbb-353b-4f66-afcd-471dd91fa5d9 b2389cd0db04491fa47c218780333a8f b748f6bce2ca4bd593c50bd52b2ea4c0 - - default default] 199.204.45.156 "DELETE /v2.0/ports/082d78a5-31f4-41a6-9b84-ef6dafbe8919 HTTP/1.1" status: 404 len: 338 time: 0.0198522
2026-05-27 15:09:45.355 10 INFO neutron.wsgi [None req-a845c1da-33ed-4aa3-ae62-2bdd3a63080a b2389cd0db04491fa47c218780333a8f b748f6bce2ca4bd593c50bd52b2ea4c0 - - default default] 199.204.45.156 "GET /v2.0/ports/12701d7e-99ba-419b-a784-dacdcab3793a HTTP/1.1" status: 200 len: 1332 time: 0.0355134
2026-05-27 15:09:45.369 10 INFO neutron.api.v2.resource [None req-90da30dc-0a97-4231-b590-44662711b155 b2389cd0db04491fa47c218780333a8f b748f6bce2ca4bd593c50bd52b2ea4c0 - - default default] show failed (client error): The resource could not be found.
2026-05-27 15:09:45.371 10 INFO neutron.wsgi [None req-90da30dc-0a97-4231-b590-44662711b155 b2389cd0db04491fa47c218780333a8f b748f6bce2ca4bd593c50bd52b2ea4c0 - - default default] 199.204.45.156 "GET /v2.0/security-groups/lb-27fee5e4-bec5-48e2-af5b-6329a1472a03 HTTP/1.1" status: 404 len: 355 time: 0.0112622
2026-05-27 15:09:45.415 10 INFO neutron.wsgi [None req-d84cf659-457e-4d51-8cee-b945dc264b25 b2389cd0db04491fa47c218780333a8f b748f6bce2ca4bd593c50bd52b2ea4c0 - - default default] 199.204.45.156 "GET /v2.0/security-groups?name=lb-27fee5e4-bec5-48e2-af5b-6329a1472a03 HTTP/1.1" status: 200 len: 1777 time: 0.0406456
2026-05-27 15:09:45.471 10 INFO neutron.wsgi [None req-637093a5-1ca0-4095-86b4-e06a903ed253 b2389cd0db04491fa47c218780333a8f b748f6bce2ca4bd593c50bd52b2ea4c0 - - default default] 199.204.45.156 "GET /v2.0/ports/12701d7e-99ba-419b-a784-dacdcab3793a HTTP/1.1" status: 200 len: 1332 time: 0.0458379
2026-05-27 15:09:45.641 9 INFO neutron.notifiers.nova [-] Nova event matching ['req-34f45932-a8a1-47e9-ac01-747211c794a8'] response: {'server_uuid': '1a51f827-613d-4360-b120-3f0a51a7d800', 'name': 'network-vif-plugged', 'status': 'completed', 'tag': '082d78a5-31f4-41a6-9b84-ef6dafbe8919', 'code': 200}
2026-05-27 15:09:46.126 10 INFO neutron.db.ovn_revision_numbers_db [None req-633a9e8d-439f-49d1-8782-506473d6e293 b2389cd0db04491fa47c218780333a8f b748f6bce2ca4bd593c50bd52b2ea4c0 - - default default] Successfully bumped revision number for resource 12701d7e-99ba-419b-a784-dacdcab3793a (type: ports) to 9
2026-05-27 15:09:46.153 10 INFO neutron.wsgi [None req-633a9e8d-439f-49d1-8782-506473d6e293 b2389cd0db04491fa47c218780333a8f b748f6bce2ca4bd593c50bd52b2ea4c0 - - default default] 199.204.45.156 "PUT /v2.0/ports/12701d7e-99ba-419b-a784-dacdcab3793a HTTP/1.1" status: 200 len: 1294 time: 0.6759162
2026-05-27 15:09:46.311 10 INFO neutron.wsgi [None req-2a3ace0e-7dd3-45ac-84c0-6969024c6b73 b2389cd0db04491fa47c218780333a8f b748f6bce2ca4bd593c50bd52b2ea4c0 - - default default] 199.204.45.156 "DELETE /v2.0/security-groups/998f588c-fcbf-4c83-91d5-20491e0846f2 HTTP/1.1" status: 204 len: 173 time: 0.1467295
2026-05-27 15:09:46.710 10 INFO neutron.wsgi [None req-e95f2e83-baec-4676-90f7-41bacdec9df9 b2389cd0db04491fa47c218780333a8f b748f6bce2ca4bd593c50bd52b2ea4c0 - - default default] 199.204.45.156 "DELETE /v2.0/ports/12701d7e-99ba-419b-a784-dacdcab3793a HTTP/1.1" status: 204 len: 173 time: 0.3942113
2026-05-27 15:09:47.109 10 INFO neutron.plugins.ml2.drivers.ovn.mech_driver.mech_driver [None req-86371f71-9a17-4aa8-b4f0-5a9a7d809869 - - - - - -] OVN reports status down for port: 88a8bd19-0923-471c-8944-e5169bbfe862
2026-05-27 15:09:47.287 10 INFO neutron.notifiers.nova [-] Nova event matching ['req-992d7f0e-12ff-4842-ab20-e3ef2018a50d'] response: {'server_uuid': '1a51f827-613d-4360-b120-3f0a51a7d800', 'name': 'network-vif-unplugged', 'status': 'completed', 'tag': '88a8bd19-0923-471c-8944-e5169bbfe862', 'code': 200}
2026-05-27 15:09:47.412 9 INFO neutron.wsgi [req-c439c7c7-280d-456e-9d68-daeacdfe8df4 req-e96638f8-2a1e-4e57-b809-dc78190fab46 b2389cd0db04491fa47c218780333a8f b748f6bce2ca4bd593c50bd52b2ea4c0 - - default default] 199.204.45.156 "GET /v2.0/ports?device_id=1a51f827-613d-4360-b120-3f0a51a7d800 HTTP/1.1" status: 200 len: 1411 time: 0.0414717
2026-05-27 15:09:47.506 10 INFO neutron.db.ovn_revision_numbers_db [None req-86371f71-9a17-4aa8-b4f0-5a9a7d809869 - - - - - -] Successfully bumped revision number for resource 88a8bd19-0923-471c-8944-e5169bbfe862 (type: ports) to 5
2026-05-27 15:09:47.709 9 INFO neutron.wsgi [req-c439c7c7-280d-456e-9d68-daeacdfe8df4 req-d82c9f81-5ccc-44c7-bcc7-cc6cb571226e b2389cd0db04491fa47c218780333a8f b748f6bce2ca4bd593c50bd52b2ea4c0 - - default default] 199.204.45.156 "DELETE /v2.0/ports/88a8bd19-0923-471c-8944-e5169bbfe862 HTTP/1.1" status: 204 len: 173 time: 0.2904801
2026-05-27 15:09:47.750 9 INFO neutron.notifiers.nova [-] Nova event matching ['req-d24c9551-a6be-4a61-b57e-2d4b003d4fa2'] response: {'server_uuid': '1a51f827-613d-4360-b120-3f0a51a7d800', 'name': 'network-vif-deleted', 'tag': '88a8bd19-0923-471c-8944-e5169bbfe862', 'status': 'completed', 'code': 200}
2026-05-27 15:09:49.332 10 INFO neutron.notifiers.nova [-] Nova event matching ['req-93aecf35-f263-427c-bbe3-602d930eb919'] response: {'server_uuid': '1a51f827-613d-4360-b120-3f0a51a7d800', 'name': 'network-vif-plugged', 'status': 'completed', 'tag': '88a8bd19-0923-471c-8944-e5169bbfe862', 'code': 200}
2026-05-27 15:09:50.165 10 INFO neutron.wsgi [-] 10.0.0.15 "GET / HTTP/1.1" status: 200 len: 247 time: 0.0028589
2026-05-27 15:09:50.168 10 INFO neutron.wsgi [-] 10.0.0.15 "GET / HTTP/1.1" status: 200 len: 247 time: 0.0015006 /var/lib/openstack/lib/python3.10/site-packages/pycadf/identifier.py:71: UserWarning: Invalid uuid: neutron. To ensure interoperability, identifiers should be a valid uuid. warnings.warn(('Invalid uuid: %s. To ensure interoperability, '
2026-05-27 15:09:52.395 10 INFO neutron.db.l3_db [None req-2b21ed85-df49-458f-b04a-f208329702f1 f0ff9f37b8484fedb16d83de57d57662 f723c007e9e249c5aee7ff85225ca9ab - - default default] Floating IP 00c4b216-f314-4271-b1d7-21fd4b37c5b3 disassociated (deleted). External IP: 10.96.250.201, port: dd18dfcb-28b0-424c-a03b-ebf6e7408fa1.
2026-05-27 15:09:52.478 10 INFO neutron.wsgi [None req-2b21ed85-df49-458f-b04a-f208329702f1 f0ff9f37b8484fedb16d83de57d57662 f723c007e9e249c5aee7ff85225ca9ab - - default default] 10.0.0.86 "DELETE /v2.0/floatingips/00c4b216-f314-4271-b1d7-21fd4b37c5b3 HTTP/1.1" status: 204 len: 168 time: 0.4766157
2026-05-27 15:09:52.506 9 INFO neutron.api.v2.resource [None req-22cc0781-e900-4dd7-827e-f28f6c02c454 f0ff9f37b8484fedb16d83de57d57662 f723c007e9e249c5aee7ff85225ca9ab - - default default] show failed (client error): The resource could not be found.
2026-05-27 15:09:52.507 9 INFO neutron.wsgi [None req-22cc0781-e900-4dd7-827e-f28f6c02c454 f0ff9f37b8484fedb16d83de57d57662 f723c007e9e249c5aee7ff85225ca9ab - - default default] 10.0.0.86 "GET /v2.0/floatingips/00c4b216-f314-4271-b1d7-21fd4b37c5b3 HTTP/1.1" status: 404 len: 345 time: 0.0232902
2026-05-27 15:09:52.525 10 INFO neutron.notifiers.nova [-] Nova event matching ['req-6c33e496-2453-4551-8a12-e8efc393819c'] response: {'name': 'network-changed', 'server_uuid': 'e08b6513-fc98-4d85-be7f-754bfda15e94', 'tag': 'dd18dfcb-28b0-424c-a03b-ebf6e7408fa1', 'status': 'completed', 'code': 200}
2026-05-27 15:09:52.587 9 INFO neutron.wsgi [req-5263aa62-2412-41a1-98b8-65bd354316e9 req-706860ba-3bbb-4481-8450-b74db4a19033 e2fb98b4180640a3b07ff360f3459214 187ac6721caa41fc9b9984565d3204fb - - aea56a651e4e46208e84ee12f850055f aea56a651e4e46208e84ee12f850055f] 199.204.45.156 "GET /v2.0/ports?tenant_id=f723c007e9e249c5aee7ff85225ca9ab&device_id=e08b6513-fc98-4d85-be7f-754bfda15e94 HTTP/1.1" status: 200 len: 1642 time: 0.0408950
2026-05-27 15:09:52.675 9 INFO neutron.wsgi [req-5263aa62-2412-41a1-98b8-65bd354316e9 req-25eacf2a-c527-4419-83f9-5e86f1b7b452 e2fb98b4180640a3b07ff360f3459214 187ac6721caa41fc9b9984565d3204fb - - aea56a651e4e46208e84ee12f850055f aea56a651e4e46208e84ee12f850055f] 199.204.45.156 "GET /v2.0/networks?id=b45fca6d-4795-420a-aafe-d3fd61cafb49 HTTP/1.1" status: 200 len: 1003 time: 0.0776463
2026-05-27 15:09:52.717 9 INFO neutron.wsgi [req-5263aa62-2412-41a1-98b8-65bd354316e9 req-e174a060-bd8b-4970-b1cc-933c47c0a1f1 e2fb98b4180640a3b07ff360f3459214 187ac6721caa41fc9b9984565d3204fb - - aea56a651e4e46208e84ee12f850055f aea56a651e4e46208e84ee12f850055f] 199.204.45.156 "GET /v2.0/floatingips?fixed_ip_address=10.2.2.125&port_id=dd18dfcb-28b0-424c-a03b-ebf6e7408fa1 HTTP/1.1" status: 200 len: 217 time: 0.0349305
2026-05-27 15:09:52.737 9 INFO neutron.plugins.ml2.drivers.ovn.mech_driver.mech_driver [None req-2b508bcd-6fe6-4a6b-a44d-84c2f305a0c0 - - - - - -] OVN reports status down for port: dd18dfcb-28b0-424c-a03b-ebf6e7408fa1
2026-05-27 15:09:52.774 9 INFO neutron.wsgi [req-5263aa62-2412-41a1-98b8-65bd354316e9 req-e89b8ed6-2aff-4d02-819d-872a15ed1e5e e2fb98b4180640a3b07ff360f3459214 187ac6721caa41fc9b9984565d3204fb - - aea56a651e4e46208e84ee12f850055f aea56a651e4e46208e84ee12f850055f] 199.204.45.156 "GET /v2.0/floatingips?fixed_ip_address=fd77%3A1457%3A4cf0%3A26a8%3A%3A2e2&port_id=dd18dfcb-28b0-424c-a03b-ebf6e7408fa1 HTTP/1.1" status: 200 len: 217 time: 0.0449193
2026-05-27 15:09:52.835 9 INFO neutron.wsgi [req-5263aa62-2412-41a1-98b8-65bd354316e9 req-1b07cb75-d5ea-47c4-9553-3aa659fe9bf0 e2fb98b4180640a3b07ff360f3459214 187ac6721caa41fc9b9984565d3204fb - - aea56a651e4e46208e84ee12f850055f aea56a651e4e46208e84ee12f850055f] 199.204.45.156 "GET /v2.0/subnets?id=30c95413-17f7-4fdc-a974-dc43c5e4a658&id=04a4c217-f0f9-4bed-86ec-4a75edf31cbb HTTP/1.1" status: 200 len: 1565 time: 0.0519800
2026-05-27 15:09:52.868 9 INFO neutron.wsgi [req-5263aa62-2412-41a1-98b8-65bd354316e9 req-a8c9baac-c229-4f53-9311-4d2489a08b76 e2fb98b4180640a3b07ff360f3459214 187ac6721caa41fc9b9984565d3204fb - - aea56a651e4e46208e84ee12f850055f aea56a651e4e46208e84ee12f850055f] 199.204.45.156 "GET /v2.0/ports?network_id=b45fca6d-4795-420a-aafe-d3fd61cafb49&device_owner=network%3Adhcp HTTP/1.1" status: 200 len: 210 time: 0.0237851
2026-05-27 15:09:52.879 9 INFO neutron.wsgi [req-3fa77393-6890-4213-bc0b-993340077581 req-229a3f9b-09f9-4ff7-b558-0e8635c83bdd f0ff9f37b8484fedb16d83de57d57662 f723c007e9e249c5aee7ff85225ca9ab - - default default] 10.0.0.67 "GET /v2.0/ports?device_id=e08b6513-fc98-4d85-be7f-754bfda15e94 HTTP/1.1" status: 200 len: 1404 time: 0.1717410
2026-05-27 15:09:52.901 9 INFO neutron.wsgi [req-5263aa62-2412-41a1-98b8-65bd354316e9 req-b90c0796-8c65-4386-9297-8aa17e6fbaf4 e2fb98b4180640a3b07ff360f3459214 187ac6721caa41fc9b9984565d3204fb - - aea56a651e4e46208e84ee12f850055f aea56a651e4e46208e84ee12f850055f] 199.204.45.156 "GET /v2.0/ports?network_id=b45fca6d-4795-420a-aafe-d3fd61cafb49&device_owner=network%3Adhcp HTTP/1.1" status: 200 len: 210 time: 0.0221677
2026-05-27 15:09:52.970 9 INFO neutron.notifiers.nova [-] Nova event matching ['req-5ec3c1df-0c6c-47dd-ac7f-0fae68a8a6be'] response: {'server_uuid': 'e08b6513-fc98-4d85-be7f-754bfda15e94', 'name': 'network-vif-unplugged', 'status': 'completed', 'tag': 'dd18dfcb-28b0-424c-a03b-ebf6e7408fa1', 'code': 200}
2026-05-27 15:09:52.978 9 INFO neutron.wsgi [req-3fa77393-6890-4213-bc0b-993340077581 req-0816e126-a2f7-4ba4-91bc-bd2998fd0cee f0ff9f37b8484fedb16d83de57d57662 f723c007e9e249c5aee7ff85225ca9ab - - default default] 10.0.0.67 "GET /v2.0/security-groups?id=a17a26ed-9e31-4198-b34f-6a20f572b8ef&fields=id&fields=name HTTP/1.1" status: 200 len: 310 time: 0.0913265 /var/lib/openstack/lib/python3.10/site-packages/pycadf/identifier.py:71: UserWarning: Invalid uuid: neutron. To ensure interoperability, identifiers should be a valid uuid. warnings.warn(('Invalid uuid: %s. To ensure interoperability, '
2026-05-27 15:09:53.019 9 INFO neutron.wsgi [req-5263aa62-2412-41a1-98b8-65bd354316e9 req-1e34be26-1899-4fe3-b104-609c9ff79de8 e2fb98b4180640a3b07ff360f3459214 187ac6721caa41fc9b9984565d3204fb - - aea56a651e4e46208e84ee12f850055f aea56a651e4e46208e84ee12f850055f] 199.204.45.156 "GET /v2.0/networks/b45fca6d-4795-420a-aafe-d3fd61cafb49?fields=segments HTTP/1.1" status: 200 len: 212 time: 0.1080441
2026-05-27 15:09:53.099 10 INFO neutron.wsgi [req-02ac9b49-378a-4726-9dfb-cfb45dd39d00 req-66fe2e00-69f3-4809-bc85-6748436ea6de f0ff9f37b8484fedb16d83de57d57662 f723c007e9e249c5aee7ff85225ca9ab - - default default] 199.204.45.156 "GET /v2.0/ports?device_id=e08b6513-fc98-4d85-be7f-754bfda15e94 HTTP/1.1" status: 200 len: 1402 time: 0.0999963
2026-05-27 15:09:53.112 9 INFO neutron.wsgi [req-5263aa62-2412-41a1-98b8-65bd354316e9 req-98553ae2-7b4f-40ec-b9bc-feeb37f17a8f e2fb98b4180640a3b07ff360f3459214 187ac6721caa41fc9b9984565d3204fb - - aea56a651e4e46208e84ee12f850055f aea56a651e4e46208e84ee12f850055f] 199.204.45.156 "GET /v2.0/networks/b45fca6d-4795-420a-aafe-d3fd61cafb49?fields=provider%3Aphysical_network&fields=provider%3Anetwork_type HTTP/1.1" status: 200 len: 277 time: 0.0836632
2026-05-27 15:09:53.168 9 INFO neutron.db.ovn_revision_numbers_db [None req-2b508bcd-6fe6-4a6b-a44d-84c2f305a0c0 - - - - - -] Successfully bumped revision number for resource dd18dfcb-28b0-424c-a03b-ebf6e7408fa1 (type: ports) to 5
2026-05-27 15:09:53.479 10 INFO neutron.wsgi [req-02ac9b49-378a-4726-9dfb-cfb45dd39d00 req-04a84e68-dc8d-4b1b-be62-ee4334c7018b f0ff9f37b8484fedb16d83de57d57662 f723c007e9e249c5aee7ff85225ca9ab - - default default] 199.204.45.156 "DELETE /v2.0/ports/dd18dfcb-28b0-424c-a03b-ebf6e7408fa1 HTTP/1.1" status: 204 len: 173 time: 0.3739893
2026-05-27 15:09:54.571 10 INFO neutron.notifiers.nova [-] Nova event matching ['req-4275fce5-e047-410d-900c-f5906370662b'] response: {'server_uuid': 'e08b6513-fc98-4d85-be7f-754bfda15e94', 'name': 'network-vif-deleted', 'tag': 'dd18dfcb-28b0-424c-a03b-ebf6e7408fa1', 'status': 'completed', 'code': 200}
2026-05-27 15:09:55.009 9 INFO neutron.notifiers.nova [-] Nova event matching ['req-07201832-0e51-47b9-9ed5-5b4b3cd31e5c'] response: {'server_uuid': 'e08b6513-fc98-4d85-be7f-754bfda15e94', 'name': 'network-vif-plugged', 'status': 'completed', 'tag': 'dd18dfcb-28b0-424c-a03b-ebf6e7408fa1', 'code': 200}
2026-05-27 15:09:58.432 10 INFO neutron.db.l3_db [None req-74bf8fa9-c405-469d-87f7-b19f428667c0 f0ff9f37b8484fedb16d83de57d57662 f723c007e9e249c5aee7ff85225ca9ab - - default default] Floating IP bbfead9d-7c99-41e1-a0ca-4088e03a3af8 disassociated (deleted). External IP: 10.96.250.205, port: 70a17b10-dc0b-475e-bde2-75cad0d98935.
