2026-05-27 15:04:08.911 10 INFO neutron.services.segments.plugin [-] Segment 57f34c5b-8406-4c6c-bb4e-051a06eb888f resource provider not found; error: Placement Client Error (4xx): {"errors": [{"status": 404, "title": "Not Found", "detail": "The resource could not be found.\n\n No resource provider with uuid 57f34c5b-8406-4c6c-bb4e-051a06eb888f found for delete ", "request_id": "req-6b48739a-85ae-44c4-a9a3-2f6ecd22b746"}]}
2026-05-27 15:04:08.915 10 INFO neutron.services.segments.plugin [-] Segment 57f34c5b-8406-4c6c-bb4e-051a06eb888f resource provider not found; error: Placement Client Error (4xx): {"errors": [{"status": 404, "title": "Not Found", "detail": "The resource could not be found.\n\n No resource provider with uuid 57f34c5b-8406-4c6c-bb4e-051a06eb888f found for delete ", "request_id": "req-c9fde76a-18e5-426b-9249-1a1f182f4976"}]}
2026-05-27 15:04:08.943 9 INFO neutron.wsgi [req-ec867ac9-e523-4f92-b186-73ce1072bb3c req-a6a3f91b-494e-48e0-9cc9-6bac60af502e e2fb98b4180640a3b07ff360f3459214 187ac6721caa41fc9b9984565d3204fb - - aea56a651e4e46208e84ee12f850055f aea56a651e4e46208e84ee12f850055f] 199.204.45.156 "GET /v2.0/ports?network_id=8d9f1f90-dda6-48b6-912e-c994571ef0b7&device_owner=network%3Adhcp HTTP/1.1" status: 200 len: 210 time: 0.0270493
2026-05-27 15:04:08.946 10 INFO neutron.wsgi [None req-d0b801ce-ac37-49ee-9096-ad66e2461ce8 002319743e5341c1b39a563542b9da56 f1ffc0f714e84b219a319cf0cf7f3f3f - - default default] 10.0.0.86 "DELETE /v2.0/networks/ffd98bbc-556d-46c6-a5b7-ad510ce3a348 HTTP/1.1" status: 204 len: 168 time: 0.5330431
2026-05-27 15:04:09.095 10 INFO neutron.wsgi [req-ec966a9b-c458-4d4e-8199-5e872df52fca req-68172fdd-3272-4ea8-afd4-d779979d28fe 4ce35eb6598b41dab78d232ecd5cfeb8 e687f6eda8eb43bca52d7c1a57a1051a - - default default] 10.0.0.67 "GET /v2.0/ports?device_id=23176b7d-ca6d-463f-8e01-9671951a5949 HTTP/1.1" status: 200 len: 1168 time: 0.0495660
2026-05-27 15:04:09.113 10 INFO neutron.db.ovn_revision_numbers_db [None req-b8cf3270-ce9e-4eab-bae2-cc1e1a43afe4 b2389cd0db04491fa47c218780333a8f b748f6bce2ca4bd593c50bd52b2ea4c0 - - default default] Successfully bumped revision number for resource cd02dff8-38b4-4707-9bb5-02c782f9a573 (type: security_groups) to 1
2026-05-27 15:04:09.113 9 INFO neutron.wsgi [req-ec867ac9-e523-4f92-b186-73ce1072bb3c req-4020ba58-de7c-470d-981c-2caa8921c841 e2fb98b4180640a3b07ff360f3459214 187ac6721caa41fc9b9984565d3204fb - - aea56a651e4e46208e84ee12f850055f aea56a651e4e46208e84ee12f850055f] 199.204.45.156 "GET /v2.0/networks/8d9f1f90-dda6-48b6-912e-c994571ef0b7?fields=segments HTTP/1.1" status: 200 len: 212 time: 0.1622314
2026-05-27 15:04:09.136 10 INFO neutron.db.ovn_revision_numbers_db [None req-b8cf3270-ce9e-4eab-bae2-cc1e1a43afe4 b2389cd0db04491fa47c218780333a8f b748f6bce2ca4bd593c50bd52b2ea4c0 - - default default] Successfully bumped revision number for resource 5e7ea657-88e6-400e-b943-2f53ecab1636 (type: security_group_rules) to 0
2026-05-27 15:04:09.148 10 INFO neutron.wsgi [req-ec966a9b-c458-4d4e-8199-5e872df52fca req-69da8157-b7e2-4561-83d5-00925c691593 4ce35eb6598b41dab78d232ecd5cfeb8 e687f6eda8eb43bca52d7c1a57a1051a - - default default] 10.0.0.67 "GET /v2.0/security-groups?id=be421d49-ebcd-4838-a7bc-ac47d9c5cec0&fields=id&fields=name HTTP/1.1" status: 200 len: 286 time: 0.0443125
2026-05-27 15:04:09.161 10 INFO neutron.db.ovn_revision_numbers_db [None req-b8cf3270-ce9e-4eab-bae2-cc1e1a43afe4 b2389cd0db04491fa47c218780333a8f b748f6bce2ca4bd593c50bd52b2ea4c0 - - default default] Successfully bumped revision number for resource 71b128e0-9568-4853-9530-16f894c08337 (type: security_group_rules) to 0
2026-05-27 15:04:09.186 10 INFO neutron.db.ovn_revision_numbers_db [None req-b8cf3270-ce9e-4eab-bae2-cc1e1a43afe4 b2389cd0db04491fa47c218780333a8f b748f6bce2ca4bd593c50bd52b2ea4c0 - - default default] Successfully bumped revision number for resource c2687492-99a1-404c-b1b3-a8840ce5a920 (type: security_group_rules) to 0
2026-05-27 15:04:09.206 10 INFO neutron.db.ovn_revision_numbers_db [None req-b8cf3270-ce9e-4eab-bae2-cc1e1a43afe4 b2389cd0db04491fa47c218780333a8f b748f6bce2ca4bd593c50bd52b2ea4c0 - - default default] Successfully bumped revision number for resource cf09d438-3cd7-4e5a-9800-28776e344f41 (type: security_group_rules) to 0
2026-05-27 15:04:09.234 10 INFO neutron.wsgi [None req-b8cf3270-ce9e-4eab-bae2-cc1e1a43afe4 b2389cd0db04491fa47c218780333a8f b748f6bce2ca4bd593c50bd52b2ea4c0 - - default default] 10.0.0.86 "GET /v2.0/security-groups?tenant_id=1d9d56b8af1544fe8dd89607cdc6db90&name=default HTTP/1.1" status: 200 len: 2996 time: 0.6334529
2026-05-27 15:04:09.261 9 INFO neutron.wsgi [None req-5499fade-88de-4b45-8a95-f32c947b1111 e80261e433dd41189e676b62fbe3a11f 288d6f20a9324841962eba0e0abb295a - - default default] 10.0.0.86 "PUT /v2.0/routers/c42c4f35-96d9-492e-a195-667d8c7f25e9/remove_router_interface HTTP/1.1" status: 200 len: 503 time: 1.1701956
2026-05-27 15:04:09.297 9 INFO neutron.wsgi [req-ec867ac9-e523-4f92-b186-73ce1072bb3c req-98919594-ca96-445f-9032-2a9ef3d852fb e2fb98b4180640a3b07ff360f3459214 187ac6721caa41fc9b9984565d3204fb - - aea56a651e4e46208e84ee12f850055f aea56a651e4e46208e84ee12f850055f] 199.204.45.156 "GET /v2.0/networks/8d9f1f90-dda6-48b6-912e-c994571ef0b7?fields=provider%3Aphysical_network&fields=provider%3Anetwork_type HTTP/1.1" status: 200 len: 277 time: 0.1606400
2026-05-27 15:04:09.502 10 INFO neutron.wsgi [None req-761e9ac4-6312-428b-ba87-52e5da270534 e80261e433dd41189e676b62fbe3a11f 288d6f20a9324841962eba0e0abb295a - - default default] 10.0.0.86 "GET /v2.0/ports?device_id=c42c4f35-96d9-492e-a195-667d8c7f25e9 HTTP/1.1" status: 200 len: 205 time: 0.2349761
2026-05-27 15:04:09.578 9 INFO neutron.services.segments.plugin [-] Segment f5660d03-fdae-4939-b5b5-a978fe88fa50 resource provider aggregate not found
2026-05-27 15:04:09.584 9 INFO neutron.services.segments.plugin [-] Segment f5660d03-fdae-4939-b5b5-a978fe88fa50 resource provider aggregate not found
2026-05-27 15:04:09.604 9 INFO neutron.services.segments.plugin [-] Segment f5660d03-fdae-4939-b5b5-a978fe88fa50 resource provider not found; error: Placement Client Error (4xx): {"errors": [{"status": 404, "title": "Not Found", "detail": "The resource could not be found.\n\n No resource provider with uuid f5660d03-fdae-4939-b5b5-a978fe88fa50 found for delete ", "request_id": "req-58094609-7fc0-430e-9c11-0d3b9c18c323"}]}
2026-05-27 15:04:09.605 9 INFO neutron.services.segments.plugin [-] Segment f5660d03-fdae-4939-b5b5-a978fe88fa50 resource provider not found; error: Placement Client Error (4xx): {"errors": [{"status": 404, "title": "Not Found", "detail": "The resource could not be found.\n\n No resource provider with uuid f5660d03-fdae-4939-b5b5-a978fe88fa50 found for delete ", "request_id": "req-e687b7e3-d45d-4b7e-b888-0a58321daba3"}]}
2026-05-27 15:04:09.633 9 INFO neutron.wsgi [None req-f487d0cb-7f6a-4ab0-9fc9-7359f7eabdf2 002319743e5341c1b39a563542b9da56 f1ffc0f714e84b219a319cf0cf7f3f3f - - default default] 10.0.0.86 "DELETE /v2.0/networks/5ca526d8-a05a-4bdd-8120-1acbc7203a70 HTTP/1.1" status: 204 len: 168 time: 0.6664786 /var/lib/openstack/lib/python3.10/site-packages/pycadf/identifier.py:71: UserWarning: Invalid uuid: neutron. To ensure interoperability, identifiers should be a valid uuid. warnings.warn(('Invalid uuid: %s. To ensure interoperability, '
2026-05-27 15:04:09.822 10 INFO neutron.wsgi [None req-697fc9d0-ea9e-418e-b40b-c28756023035 e80261e433dd41189e676b62fbe3a11f 288d6f20a9324841962eba0e0abb295a - - default default] 10.0.0.86 "DELETE /v2.0/routers/c42c4f35-96d9-492e-a195-667d8c7f25e9 HTTP/1.1" status: 204 len: 168 time: 0.3141069
2026-05-27 15:04:09.896 10 INFO neutron.wsgi [None req-976138d4-6ebf-4467-9b30-eb62b9da38d1 b2389cd0db04491fa47c218780333a8f b748f6bce2ca4bd593c50bd52b2ea4c0 - - default default] 10.0.0.86 "DELETE /v2.0/security-groups/cd02dff8-38b4-4707-9bb5-02c782f9a573 HTTP/1.1" status: 204 len: 168 time: 0.6568663
2026-05-27 15:04:10.057 9 INFO neutron.wsgi [None req-9ad42d89-4bc7-4eab-9ed6-dc847102d0bc 002319743e5341c1b39a563542b9da56 f1ffc0f714e84b219a319cf0cf7f3f3f - - default default] 10.0.0.86 "DELETE /v2.0/networks/1b6bbd7c-f6e7-4aae-ad43-abcbb3fe1168 HTTP/1.1" status: 204 len: 168 time: 0.4172449
2026-05-27 15:04:10.072 10 INFO neutron.wsgi [None req-9d37abdb-3698-4d19-b016-6079e3943d7a e80261e433dd41189e676b62fbe3a11f 288d6f20a9324841962eba0e0abb295a - - default default] 10.0.0.86 "DELETE /v2.0/subnets/555b531c-fbf8-4257-9816-fb49ae8b3ea9 HTTP/1.1" status: 204 len: 168 time: 0.2450078
2026-05-27 15:04:10.347 9 INFO neutron.wsgi [req-6dc02d88-c8ab-4c24-ad90-f60def776b2f req-f71317c7-908b-4dcc-9066-2d470f49a361 4ce35eb6598b41dab78d232ecd5cfeb8 e687f6eda8eb43bca52d7c1a57a1051a - - default default] 10.0.0.67 "GET /v2.0/ports?device_id=23176b7d-ca6d-463f-8e01-9671951a5949 HTTP/1.1" status: 200 len: 1168 time: 0.1075480
2026-05-27 15:04:10.419 9 INFO neutron.wsgi [req-6dc02d88-c8ab-4c24-ad90-f60def776b2f req-5f6dfa65-0af0-47e4-bdc0-1a511ab9a31d 4ce35eb6598b41dab78d232ecd5cfeb8 e687f6eda8eb43bca52d7c1a57a1051a - - default default] 10.0.0.67 "GET /v2.0/security-groups?id=be421d49-ebcd-4838-a7bc-ac47d9c5cec0&fields=id&fields=name HTTP/1.1" status: 200 len: 286 time: 0.0655150
2026-05-27 15:04:10.523 10 INFO neutron.wsgi [None req-b7eddcda-9cff-436b-98f4-0f413a5b74d4 e80261e433dd41189e676b62fbe3a11f 288d6f20a9324841962eba0e0abb295a - - default default] 10.0.0.86 "DELETE /v2.0/networks/bdccb70b-3540-4fa3-9f9e-f8ba082781ae HTTP/1.1" status: 204 len: 168 time: 0.4453926
2026-05-27 15:04:10.531 9 INFO neutron.wsgi [None req-849575b2-d6a1-4897-b7a4-a2f1031ccc8e 002319743e5341c1b39a563542b9da56 f1ffc0f714e84b219a319cf0cf7f3f3f - - default default] 10.0.0.86 "DELETE /v2.0/networks/198ae1e4-1dcf-4768-bd5b-f790afc485c7 HTTP/1.1" status: 204 len: 168 time: 0.4670613
2026-05-27 15:04:10.541 9 WARNING neutron_lib.context [None req-0ad635a8-0d39-4303-8360-eb82163ec634 e80261e433dd41189e676b62fbe3a11f 288d6f20a9324841962eba0e0abb295a - - default default] Method 'is_advsvc' is deprecated since 2023.2 release (neutron-lib 3.8.0) and will be removed once support for the old RBAC API policies will be removed from Neutron. Please use method 'is_service_role' instead.
2026-05-27 15:04:10.941 10 INFO neutron.services.segments.plugin [-] Segment 20e5d345-c05f-4dc8-9c08-9f7444c20771 resource provider aggregate not found
2026-05-27 15:04:10.946 10 INFO neutron.services.segments.plugin [-] Segment 20e5d345-c05f-4dc8-9c08-9f7444c20771 resource provider aggregate not found
2026-05-27 15:04:10.962 10 INFO neutron.services.segments.plugin [-] Segment 20e5d345-c05f-4dc8-9c08-9f7444c20771 resource provider not found; error: Placement Client Error (4xx): {"errors": [{"status": 404, "title": "Not Found", "detail": "The resource could not be found.\n\n No resource provider with uuid 20e5d345-c05f-4dc8-9c08-9f7444c20771 found for delete ", "request_id": "req-81943082-97fc-4a95-8070-177eb9061b7f"}]}
2026-05-27 15:04:10.967 10 INFO neutron.services.segments.plugin [-] Segment 20e5d345-c05f-4dc8-9c08-9f7444c20771 resource provider not found; error: Placement Client Error (4xx): {"errors": [{"status": 404, "title": "Not Found", "detail": "The resource could not be found.\n\n No resource provider with uuid 20e5d345-c05f-4dc8-9c08-9f7444c20771 found for delete ", "request_id": "req-77954d07-bdad-471d-a640-52ec80fe5011"}]}
2026-05-27 15:04:11.130 9 WARNING neutron.scheduler.dhcp_agent_scheduler [None req-0ad635a8-0d39-4303-8360-eb82163ec634 e80261e433dd41189e676b62fbe3a11f 288d6f20a9324841962eba0e0abb295a - - default default] No more DHCP agents
2026-05-27 15:04:11.134 9 WARNING neutron.api.rpc.agentnotifiers.dhcp_rpc_agent_api [None req-0ad635a8-0d39-4303-8360-eb82163ec634 e80261e433dd41189e676b62fbe3a11f 288d6f20a9324841962eba0e0abb295a - - default default] Unable to schedule network c4cabe77-facb-4eea-8567-71ddb229c26c: no agents available; will retry on subsequent port and subnet creation events.
2026-05-27 15:04:11.339 9 INFO neutron.db.ovn_revision_numbers_db [None req-0ad635a8-0d39-4303-8360-eb82163ec634 e80261e433dd41189e676b62fbe3a11f 288d6f20a9324841962eba0e0abb295a - - default default] Successfully bumped revision number for resource 1388e920-cc39-43fc-9cc9-f4bb336badee (type: ports) to 1
2026-05-27 15:04:11.393 10 INFO neutron.wsgi [None req-5d680c80-411b-489a-9630-22aaf70b1321 b2389cd0db04491fa47c218780333a8f b748f6bce2ca4bd593c50bd52b2ea4c0 - - default default] 10.0.0.86 "GET /v2.0/security-groups?tenant_id=f1ffc0f714e84b219a319cf0cf7f3f3f&name=default HTTP/1.1" status: 200 len: 2996 time: 0.2767105
2026-05-27 15:04:11.569 10 INFO neutron.wsgi [req-1ed1d252-e0a3-4259-85cb-d61a2c438ccc req-36a9cb02-22f9-4bb2-94e1-dfd61903cea0 4ce35eb6598b41dab78d232ecd5cfeb8 e687f6eda8eb43bca52d7c1a57a1051a - - default default] 10.0.0.67 "GET /v2.0/ports?device_id=23176b7d-ca6d-463f-8e01-9671951a5949 HTTP/1.1" status: 200 len: 1168 time: 0.0555859
2026-05-27 15:04:11.652 10 INFO neutron.wsgi [req-1ed1d252-e0a3-4259-85cb-d61a2c438ccc req-2be67b86-9efc-4934-aa62-12460ba48b1d 4ce35eb6598b41dab78d232ecd5cfeb8 e687f6eda8eb43bca52d7c1a57a1051a - - default default] 10.0.0.67 "GET /v2.0/security-groups?id=be421d49-ebcd-4838-a7bc-ac47d9c5cec0&fields=id&fields=name HTTP/1.1" status: 200 len: 286 time: 0.0553803
2026-05-27 15:04:11.722 10 INFO neutron.wsgi [None req-7485cea7-2146-4226-988c-c3f1e730180c b2389cd0db04491fa47c218780333a8f b748f6bce2ca4bd593c50bd52b2ea4c0 - - default default] 10.0.0.86 "DELETE /v2.0/security-groups/3bf00e29-905c-4f1b-bcae-f13dc9af06db HTTP/1.1" status: 204 len: 168 time: 0.3158913
2026-05-27 15:04:11.781 9 INFO neutron.services.segments.plugin [-] Segment 660f66e4-1fe8-4b70-bbe1-0d406a453af0 resource provider aggregate not found
2026-05-27 15:04:11.786 9 INFO neutron.services.segments.plugin [-] Segment 660f66e4-1fe8-4b70-bbe1-0d406a453af0 resource provider aggregate not found
2026-05-27 15:04:11.812 9 INFO neutron.services.segments.plugin [-] Segment 660f66e4-1fe8-4b70-bbe1-0d406a453af0 resource provider not found; error: Placement Client Error (4xx): {"errors": [{"status": 404, "title": "Not Found", "detail": "The resource could not be found.\n\n No resource provider with uuid 660f66e4-1fe8-4b70-bbe1-0d406a453af0 found for delete ", "request_id": "req-f0fc121a-0e5b-4288-9959-a4d7cc63cdcb"}]}
2026-05-27 15:04:11.817 9 INFO neutron.services.segments.plugin [-] Segment 660f66e4-1fe8-4b70-bbe1-0d406a453af0 resource provider not found; error: Placement Client Error (4xx): {"errors": [{"status": 404, "title": "Not Found", "detail": "The resource could not be found.\n\n No resource provider with uuid 660f66e4-1fe8-4b70-bbe1-0d406a453af0 found for delete ", "request_id": "req-a767e51d-692d-4c46-9c34-c5d6af22af19"}]}
2026-05-27 15:04:11.843 9 INFO neutron.services.segments.plugin [-] Segment 583a164f-35fc-43fb-9c08-14f47d550d3b resource provider aggregate not found
2026-05-27 15:04:11.849 9 INFO neutron.services.segments.plugin [-] Segment 583a164f-35fc-43fb-9c08-14f47d550d3b resource provider aggregate not found
2026-05-27 15:04:11.868 9 INFO neutron.services.segments.plugin [-] Segment 583a164f-35fc-43fb-9c08-14f47d550d3b resource provider not found; error: Placement Client Error (4xx): {"errors": [{"status": 404, "title": "Not Found", "detail": "The resource could not be found.\n\n No resource provider with uuid 583a164f-35fc-43fb-9c08-14f47d550d3b found for delete ", "request_id": "req-8fd34a88-c64a-4754-8410-d4513ff4a80c"}]}
2026-05-27 15:04:11.869 9 INFO neutron.services.segments.plugin [-] Segment 583a164f-35fc-43fb-9c08-14f47d550d3b resource provider not found; error: Placement Client Error (4xx): {"errors": [{"status": 404, "title": "Not Found", "detail": "The resource could not be found.\n\n No resource provider with uuid 583a164f-35fc-43fb-9c08-14f47d550d3b found for delete ", "request_id": "req-d9c79b02-9dd2-44a2-99bd-e1469aac8561"}]}
2026-05-27 15:04:12.335 10 INFO neutron.plugins.ml2.drivers.ovn.mech_driver.mech_driver [None req-86371f71-9a17-4aa8-b4f0-5a9a7d809869 - - - - - -] OVN reports status up for port: 1388e920-cc39-43fc-9cc9-f4bb336badee
2026-05-27 15:04:12.342 10 INFO neutron.plugins.ml2.plugin [None req-86371f71-9a17-4aa8-b4f0-5a9a7d809869 - - - - - -] Attempt 1 to provision port 1388e920-cc39-43fc-9cc9-f4bb336badee
2026-05-27 15:04:12.357 9 INFO neutron.db.ovn_revision_numbers_db [None req-0ad635a8-0d39-4303-8360-eb82163ec634 e80261e433dd41189e676b62fbe3a11f 288d6f20a9324841962eba0e0abb295a - - default default] Successfully bumped revision number for resource 1388e920-cc39-43fc-9cc9-f4bb336badee (type: router_ports) to 1
2026-05-27 15:04:12.437 9 INFO neutron.db.ovn_revision_numbers_db [None req-0ad635a8-0d39-4303-8360-eb82163ec634 e80261e433dd41189e676b62fbe3a11f 288d6f20a9324841962eba0e0abb295a - - default default] Successfully bumped revision number for resource 05bb7f36-4b0a-42b2-ad33-e7bd00a6a290 (type: routers) to 2
2026-05-27 15:04:12.463 9 INFO neutron.wsgi [None req-0ad635a8-0d39-4303-8360-eb82163ec634 e80261e433dd41189e676b62fbe3a11f 288d6f20a9324841962eba0e0abb295a - - default default] 10.0.0.86 "POST /v2.0/routers HTTP/1.1" status: 201 len: 867 time: 1.9292395
2026-05-27 15:04:12.548 9 INFO neutron.wsgi [None req-05f92da4-88a8-4ca7-ad07-c5c3a210eb9f e80261e433dd41189e676b62fbe3a11f 288d6f20a9324841962eba0e0abb295a - - default default] 10.0.0.86 "GET /v2.0/routers/05bb7f36-4b0a-42b2-ad33-e7bd00a6a290 HTTP/1.1" status: 200 len: 868 time: 0.0795209
2026-05-27 15:04:12.672 9 INFO neutron.wsgi [None req-e02d917b-7323-4f32-9621-01be6944bc5d e80261e433dd41189e676b62fbe3a11f 288d6f20a9324841962eba0e0abb295a - - default default] 10.0.0.86 "GET /v2.0/routers HTTP/1.1" status: 200 len: 871 time: 0.1201828
2026-05-27 15:04:12.763 9 INFO neutron.wsgi [req-72ea7a39-d862-4c43-82be-9a922a68da57 req-37f2476e-ff8a-4bb0-bc67-215830eea997 4ce35eb6598b41dab78d232ecd5cfeb8 e687f6eda8eb43bca52d7c1a57a1051a - - default default] 10.0.0.67 "GET /v2.0/ports?device_id=23176b7d-ca6d-463f-8e01-9671951a5949 HTTP/1.1" status: 200 len: 1168 time: 0.0392861
2026-05-27 15:04:12.837 9 INFO neutron.wsgi [req-72ea7a39-d862-4c43-82be-9a922a68da57 req-40e06b6d-6243-4917-9a88-bca56cd9889e 4ce35eb6598b41dab78d232ecd5cfeb8 e687f6eda8eb43bca52d7c1a57a1051a - - default default] 10.0.0.67 "GET /v2.0/security-groups?id=be421d49-ebcd-4838-a7bc-ac47d9c5cec0&fields=id&fields=name HTTP/1.1" status: 200 len: 286 time: 0.0634320
2026-05-27 15:04:13.226 9 INFO neutron.db.ovn_revision_numbers_db [None req-7b8cbf68-f232-4b03-ae2d-843792bec090 e80261e433dd41189e676b62fbe3a11f 288d6f20a9324841962eba0e0abb295a - - default default] Successfully bumped revision number for resource 05bb7f36-4b0a-42b2-ad33-e7bd00a6a290 (type: routers) to 3
2026-05-27 15:04:13.230 9 INFO neutron.wsgi [None req-7b8cbf68-f232-4b03-ae2d-843792bec090 e80261e433dd41189e676b62fbe3a11f 288d6f20a9324841962eba0e0abb295a - - default default] 10.0.0.86 "PUT /v2.0/routers/05bb7f36-4b0a-42b2-ad33-e7bd00a6a290 HTTP/1.1" status: 200 len: 875 time: 0.5525284
2026-05-27 15:04:13.310 10 INFO neutron.wsgi [None req-367bc681-563b-4250-80b4-aa308f10d8cd e80261e433dd41189e676b62fbe3a11f 288d6f20a9324841962eba0e0abb295a - - default default] 10.0.0.86 "GET /v2.0/routers/05bb7f36-4b0a-42b2-ad33-e7bd00a6a290 HTTP/1.1" status: 200 len: 875 time: 0.0744722
2026-05-27 15:04:13.344 10 INFO neutron.wsgi [None req-d4f7eee3-fe1c-4ad4-bd6f-54d52ad6fb4f e80261e433dd41189e676b62fbe3a11f 288d6f20a9324841962eba0e0abb295a - - default default] 10.0.0.86 "GET /v2.0/ports?device_id=05bb7f36-4b0a-42b2-ad33-e7bd00a6a290 HTTP/1.1" status: 200 len: 205 time: 0.0283628
2026-05-27 15:04:13.550 9 WARNING neutron.plugins.ml2.drivers.ovn.mech_driver.ovsdb.ovn_client [None req-2b508bcd-6fe6-4a6b-a44d-84c2f305a0c0 - - - - - -] No port found with ID 35392716-01ef-43ae-b1d5-53f3c6de2b77: RuntimeError: No port found with ID 35392716-01ef-43ae-b1d5-53f3c6de2b77
2026-05-27 15:04:13.551 9 INFO neutron.plugins.ml2.drivers.ovn.mech_driver.mech_driver [None req-2b508bcd-6fe6-4a6b-a44d-84c2f305a0c0 - - - - - -] OVN reports status up for port: d97d69ba-5143-4064-ab15-52367b248cea
2026-05-27 15:04:13.568 9 INFO neutron.plugins.ml2.plugin [None req-2b508bcd-6fe6-4a6b-a44d-84c2f305a0c0 - - - - - -] Attempt 1 to provision port d97d69ba-5143-4064-ab15-52367b248cea
2026-05-27 15:04:13.693 9 INFO neutron.notifiers.nova [-] Nova event matching ['req-274161c0-b4d8-4096-9380-fc6de0a57106'] response: {'server_uuid': '23176b7d-ca6d-463f-8e01-9671951a5949', 'name': 'network-vif-plugged', 'status': 'completed', 'tag': 'd97d69ba-5143-4064-ab15-52367b248cea', 'code': 200}
2026-05-27 15:04:13.783 9 WARNING neutron_lib.context [None req-44ab893e-3d01-408f-bf3a-0cf04071e428 994ea38dd97f40728143b8d719f397e5 44f9b3c97783479d8fc2c3f6284ef457 - - default default] Method 'is_advsvc' is deprecated since 2023.2 release (neutron-lib 3.8.0) and will be removed once support for the old RBAC API policies will be removed from Neutron. Please use method 'is_service_role' instead.
2026-05-27 15:04:13.911 9 INFO neutron.db.ovn_revision_numbers_db [None req-2b508bcd-6fe6-4a6b-a44d-84c2f305a0c0 - - - - - -] Successfully bumped revision number for resource d97d69ba-5143-4064-ab15-52367b248cea (type: ports) to 4
2026-05-27 15:04:14.033 9 INFO neutron.wsgi [req-f080c129-1bb6-438c-bec1-e2efc0e89670 req-0815d7a2-5811-4c1e-891f-2243d8323e51 4ce35eb6598b41dab78d232ecd5cfeb8 e687f6eda8eb43bca52d7c1a57a1051a - - default default] 10.0.0.67 "GET /v2.0/ports?device_id=23176b7d-ca6d-463f-8e01-9671951a5949 HTTP/1.1" status: 200 len: 1170 time: 0.0967932 /var/lib/openstack/lib/python3.10/site-packages/pycadf/identifier.py:71: UserWarning: Invalid uuid: neutron. To ensure interoperability, identifiers should be a valid uuid. warnings.warn(('Invalid uuid: %s. To ensure interoperability, '
2026-05-27 15:04:14.064 9 INFO neutron.db.ovn_revision_numbers_db [None req-44ab893e-3d01-408f-bf3a-0cf04071e428 994ea38dd97f40728143b8d719f397e5 44f9b3c97783479d8fc2c3f6284ef457 - - default default] Successfully bumped revision number for resource 0e36bf2b-0c0d-4e9e-ae20-96a124d211ed (type: security_groups) to 1
2026-05-27 15:04:14.081 9 INFO neutron.db.ovn_revision_numbers_db [None req-44ab893e-3d01-408f-bf3a-0cf04071e428 994ea38dd97f40728143b8d719f397e5 44f9b3c97783479d8fc2c3f6284ef457 - - default default] Successfully bumped revision number for resource 1bae79d7-d7bb-4244-9879-60a6efcb87df (type: security_group_rules) to 0
2026-05-27 15:04:14.085 9 INFO neutron.wsgi [req-f080c129-1bb6-438c-bec1-e2efc0e89670 req-e737aa08-abad-4892-a762-8d735b280947 4ce35eb6598b41dab78d232ecd5cfeb8 e687f6eda8eb43bca52d7c1a57a1051a - - default default] 10.0.0.67 "GET /v2.0/security-groups?id=be421d49-ebcd-4838-a7bc-ac47d9c5cec0&fields=id&fields=name HTTP/1.1" status: 200 len: 286 time: 0.0378411
2026-05-27 15:04:14.100 9 INFO neutron.db.ovn_revision_numbers_db [None req-44ab893e-3d01-408f-bf3a-0cf04071e428 994ea38dd97f40728143b8d719f397e5 44f9b3c97783479d8fc2c3f6284ef457 - - default default] Successfully bumped revision number for resource 3e977160-98cd-4ce3-91bf-ecee0aecfb4c (type: security_group_rules) to 0
2026-05-27 15:04:14.120 9 INFO neutron.db.ovn_revision_numbers_db [None req-44ab893e-3d01-408f-bf3a-0cf04071e428 994ea38dd97f40728143b8d719f397e5 44f9b3c97783479d8fc2c3f6284ef457 - - default default] Successfully bumped revision number for resource 3ed3c0f4-22e6-4981-be55-761f14314d33 (type: security_group_rules) to 0
2026-05-27 15:04:14.145 9 INFO neutron.db.ovn_revision_numbers_db [None req-44ab893e-3d01-408f-bf3a-0cf04071e428 994ea38dd97f40728143b8d719f397e5 44f9b3c97783479d8fc2c3f6284ef457 - - default default] Successfully bumped revision number for resource 4103750c-cba9-48a0-9e66-cec4211a7ed6 (type: security_group_rules) to 0
2026-05-27 15:04:14.205 9 INFO neutron.db.segments_db [None req-44ab893e-3d01-408f-bf3a-0cf04071e428 994ea38dd97f40728143b8d719f397e5 44f9b3c97783479d8fc2c3f6284ef457 - - default default] Added segment 912b1aab-25d6-4688-a555-caea5535e290 of type geneve for network 4a6d9a94-4b07-41f1-ab44-ea75430863bc
2026-05-27 15:04:14.408 10 INFO neutron.wsgi [None req-d80ac802-9555-40ef-9ab8-2c72ee1562ac e80261e433dd41189e676b62fbe3a11f 288d6f20a9324841962eba0e0abb295a - - default default] 10.0.0.86 "DELETE /v2.0/routers/05bb7f36-4b0a-42b2-ad33-e7bd00a6a290 HTTP/1.1" status: 204 len: 168 time: 1.0588348
2026-05-27 15:04:14.413 9 INFO neutron.db.ovn_revision_numbers_db [None req-44ab893e-3d01-408f-bf3a-0cf04071e428 994ea38dd97f40728143b8d719f397e5 44f9b3c97783479d8fc2c3f6284ef457 - - default default] Successfully bumped revision number for resource 4a6d9a94-4b07-41f1-ab44-ea75430863bc (type: networks) to 1
2026-05-27 15:04:14.444 10 INFO neutron.wsgi [None req-d273a8e4-1248-442a-8025-3ea2d1008797 e80261e433dd41189e676b62fbe3a11f 288d6f20a9324841962eba0e0abb295a - - default default] 10.0.0.86 "GET /v2.0/ports?device_id=05bb7f36-4b0a-42b2-ad33-e7bd00a6a290 HTTP/1.1" status: 200 len: 205 time: 0.0286722
2026-05-27 15:04:14.465 9 INFO neutron.wsgi [req-ec22defa-f709-4421-9e6c-1ee280fa633c req-70dce9d4-978a-45f2-97cb-8b28ba71913a e2fb98b4180640a3b07ff360f3459214 187ac6721caa41fc9b9984565d3204fb - - aea56a651e4e46208e84ee12f850055f aea56a651e4e46208e84ee12f850055f] 199.204.45.156 "GET /v2.0/ports?device_id=23176b7d-ca6d-463f-8e01-9671951a5949&fields=binding%3Ahost_id&fields=binding%3Avif_type HTTP/1.1" status: 200 len: 265 time: 0.0611541
2026-05-27 15:04:14.480 9 INFO neutron.api.v2.resource [None req-db9a3623-5292-423b-bf1e-d8b0223be229 e80261e433dd41189e676b62fbe3a11f 288d6f20a9324841962eba0e0abb295a - - default default] delete failed (client error): The resource could not be found.
2026-05-27 15:04:14.482 9 INFO neutron.wsgi [None req-db9a3623-5292-423b-bf1e-d8b0223be229 e80261e433dd41189e676b62fbe3a11f 288d6f20a9324841962eba0e0abb295a - - default default] 10.0.0.86 "DELETE /v2.0/routers/05bb7f36-4b0a-42b2-ad33-e7bd00a6a290 HTTP/1.1" status: 404 len: 336 time: 0.0323839
2026-05-27 15:04:14.514 9 INFO neutron.wsgi [None req-973a7be4-0740-4794-bb22-316426fba76d e80261e433dd41189e676b62fbe3a11f 288d6f20a9324841962eba0e0abb295a - - default default] 10.0.0.86 "GET /v2.0/ports?device_id=c42c4f35-96d9-492e-a195-667d8c7f25e9 HTTP/1.1" status: 200 len: 205 time: 0.0275297
2026-05-27 15:04:14.553 10 INFO neutron.api.v2.resource [None req-18466561-42e7-4504-8cd0-7de7a75cd233 e80261e433dd41189e676b62fbe3a11f 288d6f20a9324841962eba0e0abb295a - - default default] delete failed (client error): The resource could not be found.
2026-05-27 15:04:14.555 10 INFO neutron.wsgi [None req-18466561-42e7-4504-8cd0-7de7a75cd233 e80261e433dd41189e676b62fbe3a11f 288d6f20a9324841962eba0e0abb295a - - default default] 10.0.0.86 "DELETE /v2.0/routers/c42c4f35-96d9-492e-a195-667d8c7f25e9 HTTP/1.1" status: 404 len: 336 time: 0.0337107
2026-05-27 15:04:14.594 10 INFO neutron.pecan_wsgi.hooks.translation [None req-e526cd3e-574a-4128-afb0-b7fa63f459b1 e80261e433dd41189e676b62fbe3a11f 288d6f20a9324841962eba0e0abb295a - - default default] DELETE failed (client error): The resource could not be found.
2026-05-27 15:04:14.597 10 INFO neutron.wsgi [None req-e526cd3e-574a-4128-afb0-b7fa63f459b1 e80261e433dd41189e676b62fbe3a11f 288d6f20a9324841962eba0e0abb295a - - default default] 10.0.0.86 "DELETE /v2.0/subnets/555b531c-fbf8-4257-9816-fb49ae8b3ea9 HTTP/1.1" status: 404 len: 337 time: 0.0251305
2026-05-27 15:04:14.630 10 INFO neutron.wsgi [None req-0b6112ce-9205-4624-9000-39a4e4aa3323 e80261e433dd41189e676b62fbe3a11f 288d6f20a9324841962eba0e0abb295a - - default default] 10.0.0.86 "GET /v2.0/ports?device_id=a3d4d795-0b07-46c2-8e4b-ba159bec635b HTTP/1.1" status: 200 len: 205 time: 0.0266728
2026-05-27 15:04:14.662 10 INFO neutron.api.v2.resource [None req-c95b405f-b8d3-4ca7-9c9e-f45b48c6c8fa e80261e433dd41189e676b62fbe3a11f 288d6f20a9324841962eba0e0abb295a - - default default] delete failed (client error): The resource could not be found.
2026-05-27 15:04:14.664 10 INFO neutron.wsgi [None req-c95b405f-b8d3-4ca7-9c9e-f45b48c6c8fa e80261e433dd41189e676b62fbe3a11f 288d6f20a9324841962eba0e0abb295a - - default default] 10.0.0.86 "DELETE /v2.0/routers/a3d4d795-0b07-46c2-8e4b-ba159bec635b HTTP/1.1" status: 404 len: 336 time: 0.0283771
2026-05-27 15:04:14.695 10 INFO neutron.pecan_wsgi.hooks.translation [None req-2b96ef1b-2d0c-46a7-89de-8c858ad38283 e80261e433dd41189e676b62fbe3a11f 288d6f20a9324841962eba0e0abb295a - - default default] DELETE failed (client error): The resource could not be found.
2026-05-27 15:04:14.698 10 INFO neutron.wsgi [None req-2b96ef1b-2d0c-46a7-89de-8c858ad38283 e80261e433dd41189e676b62fbe3a11f 288d6f20a9324841962eba0e0abb295a - - default default] 10.0.0.86 "DELETE /v2.0/subnets/3306c0eb-c3bf-4097-bfd6-ae6aa8170520 HTTP/1.1" status: 404 len: 337 time: 0.0271039
2026-05-27 15:04:14.731 10 INFO neutron.wsgi [None req-2e6abbac-7fbd-425f-9676-437911ab920e e80261e433dd41189e676b62fbe3a11f 288d6f20a9324841962eba0e0abb295a - - default default] 10.0.0.86 "GET /v2.0/ports?device_id=2dccb5ed-bec9-4ee8-809d-3b4dccc8c83b HTTP/1.1" status: 200 len: 205 time: 0.0250275
2026-05-27 15:04:14.770 10 INFO neutron.api.v2.resource [None req-94996c19-2f3c-47d2-a0e3-0f4fb4846971 e80261e433dd41189e676b62fbe3a11f 288d6f20a9324841962eba0e0abb295a - - default default] delete failed (client error): The resource could not be found.
2026-05-27 15:04:14.772 10 INFO neutron.wsgi [None req-94996c19-2f3c-47d2-a0e3-0f4fb4846971 e80261e433dd41189e676b62fbe3a11f 288d6f20a9324841962eba0e0abb295a - - default default] 10.0.0.86 "DELETE /v2.0/routers/2dccb5ed-bec9-4ee8-809d-3b4dccc8c83b HTTP/1.1" status: 404 len: 336 time: 0.0354724
2026-05-27 15:04:14.806 10 INFO neutron.pecan_wsgi.hooks.translation [None req-fbd7d8d1-0dcf-4de0-917e-9f3e05504a17 e80261e433dd41189e676b62fbe3a11f 288d6f20a9324841962eba0e0abb295a - - default default] DELETE failed (client error): The resource could not be found.
2026-05-27 15:04:14.809 10 INFO neutron.wsgi [None req-fbd7d8d1-0dcf-4de0-917e-9f3e05504a17 e80261e433dd41189e676b62fbe3a11f 288d6f20a9324841962eba0e0abb295a - - default default] 10.0.0.86 "DELETE /v2.0/subnets/9ea6087f-7a17-4b2c-929e-93bdfe2f7e89 HTTP/1.1" status: 404 len: 337 time: 0.0323896
2026-05-27 15:04:14.853 10 INFO neutron.pecan_wsgi.hooks.translation [None req-461d4fcb-e2a8-4d73-b208-b985e9ddad9f e80261e433dd41189e676b62fbe3a11f 288d6f20a9324841962eba0e0abb295a - - default default] DELETE failed (client error): The resource could not be found.
2026-05-27 15:04:14.856 10 INFO neutron.wsgi [None req-461d4fcb-e2a8-4d73-b208-b985e9ddad9f e80261e433dd41189e676b62fbe3a11f 288d6f20a9324841962eba0e0abb295a - - default default] 10.0.0.86 "DELETE /v2.0/subnets/c9a32854-6d50-4038-9303-695ec1a6421d HTTP/1.1" status: 404 len: 337 time: 0.0296047
2026-05-27 15:04:14.866 9 INFO neutron.plugins.ml2.drivers.ovn.mech_driver.mech_driver [None req-2b508bcd-6fe6-4a6b-a44d-84c2f305a0c0 - - - - - -] OVN reports status down for port: d97d69ba-5143-4064-ab15-52367b248cea
2026-05-27 15:04:14.918 9 INFO neutron.wsgi [req-ec22defa-f709-4421-9e6c-1ee280fa633c req-b0d77691-06c8-4c53-a8e3-92e3cf4bd4ea e2fb98b4180640a3b07ff360f3459214 187ac6721caa41fc9b9984565d3204fb - - aea56a651e4e46208e84ee12f850055f aea56a651e4e46208e84ee12f850055f] 199.204.45.156 "GET /v2.0/ports?tenant_id=e687f6eda8eb43bca52d7c1a57a1051a&device_id=23176b7d-ca6d-463f-8e01-9671951a5949 HTTP/1.1" status: 200 len: 1409 time: 0.4074097
2026-05-27 15:04:14.939 9 INFO neutron.wsgi [req-eca169b8-51fb-4cec-ad55-609569aa8618 req-6664a8e9-6728-4a8d-9584-443c13f12833 4ce35eb6598b41dab78d232ecd5cfeb8 e687f6eda8eb43bca52d7c1a57a1051a - - default default] 10.0.0.67 "GET /v2.0/ports?device_id=23176b7d-ca6d-463f-8e01-9671951a5949 HTTP/1.1" status: 200 len: 1170 time: 0.0809846
2026-05-27 15:04:15.084 10 INFO neutron.wsgi [req-6e84cf5e-3fe5-41d4-86e2-9709f87b0e57 req-0a74058f-3422-41ce-8fc2-390c85963ba7 4ce35eb6598b41dab78d232ecd5cfeb8 e687f6eda8eb43bca52d7c1a57a1051a - - default default] 199.204.45.156 "GET /v2.0/ports?device_id=23176b7d-ca6d-463f-8e01-9671951a5949 HTTP/1.1" status: 200 len: 1170 time: 0.1141539
2026-05-27 15:04:15.086 9 INFO neutron.wsgi [req-eca169b8-51fb-4cec-ad55-609569aa8618 req-44734214-b083-427b-b7b6-de3991553596 4ce35eb6598b41dab78d232ecd5cfeb8 e687f6eda8eb43bca52d7c1a57a1051a - - default default] 10.0.0.67 "GET /v2.0/security-groups?id=be421d49-ebcd-4838-a7bc-ac47d9c5cec0&fields=id&fields=name HTTP/1.1" status: 200 len: 286 time: 0.1270976
2026-05-27 15:04:15.102 9 INFO neutron.wsgi [req-ec22defa-f709-4421-9e6c-1ee280fa633c req-f6a99637-b354-4d36-8af1-e1d95ac10f5f e2fb98b4180640a3b07ff360f3459214 187ac6721caa41fc9b9984565d3204fb - - aea56a651e4e46208e84ee12f850055f aea56a651e4e46208e84ee12f850055f] 199.204.45.156 "GET /v2.0/networks?id=8d9f1f90-dda6-48b6-912e-c994571ef0b7 HTTP/1.1" status: 200 len: 971 time: 0.1614335
2026-05-27 15:04:15.134 9 INFO neutron.wsgi [req-ec22defa-f709-4421-9e6c-1ee280fa633c req-b3428435-f30c-4561-927d-e46edac34cd5 e2fb98b4180640a3b07ff360f3459214 187ac6721caa41fc9b9984565d3204fb - - aea56a651e4e46208e84ee12f850055f aea56a651e4e46208e84ee12f850055f] 199.204.45.156 "GET /v2.0/floatingips?fixed_ip_address=10.100.0.5&port_id=d97d69ba-5143-4064-ab15-52367b248cea HTTP/1.1" status: 200 len: 217 time: 0.0243809
2026-05-27 15:04:15.198 9 WARNING neutron.scheduler.dhcp_agent_scheduler [None req-44ab893e-3d01-408f-bf3a-0cf04071e428 994ea38dd97f40728143b8d719f397e5 44f9b3c97783479d8fc2c3f6284ef457 - - default default] No more DHCP agents
2026-05-27 15:04:15.205 9 WARNING neutron.api.rpc.agentnotifiers.dhcp_rpc_agent_api [None req-44ab893e-3d01-408f-bf3a-0cf04071e428 994ea38dd97f40728143b8d719f397e5 44f9b3c97783479d8fc2c3f6284ef457 - - default default] Unable to schedule network 4a6d9a94-4b07-41f1-ab44-ea75430863bc: no agents available; will retry on subsequent port and subnet creation events.
2026-05-27 15:04:15.213 9 INFO neutron.wsgi [req-ec22defa-f709-4421-9e6c-1ee280fa633c req-0fad4f89-e850-46fa-af64-e94738db105c e2fb98b4180640a3b07ff360f3459214 187ac6721caa41fc9b9984565d3204fb - - aea56a651e4e46208e84ee12f850055f aea56a651e4e46208e84ee12f850055f] 199.204.45.156 "GET /v2.0/subnets?id=6a8bc65d-49c5-412f-b2ba-1525dfc49b48 HTTP/1.1" status: 200 len: 866 time: 0.0719676
2026-05-27 15:04:15.269 9 INFO neutron.wsgi [req-ec22defa-f709-4421-9e6c-1ee280fa633c req-7e634b74-c56b-4efb-bcf5-5888de3ead9a e2fb98b4180640a3b07ff360f3459214 187ac6721caa41fc9b9984565d3204fb - - aea56a651e4e46208e84ee12f850055f aea56a651e4e46208e84ee12f850055f] 199.204.45.156 "GET /v2.0/ports?network_id=8d9f1f90-dda6-48b6-912e-c994571ef0b7&device_owner=network%3Adhcp HTTP/1.1" status: 200 len: 210 time: 0.0364265
2026-05-27 15:04:15.387 9 INFO neutron.wsgi [req-ec22defa-f709-4421-9e6c-1ee280fa633c req-c99d61bf-97ab-40cd-b250-2b50c662e9a7 e2fb98b4180640a3b07ff360f3459214 187ac6721caa41fc9b9984565d3204fb - - aea56a651e4e46208e84ee12f850055f aea56a651e4e46208e84ee12f850055f] 199.204.45.156 "GET /v2.0/networks/8d9f1f90-dda6-48b6-912e-c994571ef0b7?fields=segments HTTP/1.1" status: 200 len: 212 time: 0.1042576
2026-05-27 15:04:15.427 9 INFO neutron.db.ovn_revision_numbers_db [None req-44ab893e-3d01-408f-bf3a-0cf04071e428 994ea38dd97f40728143b8d719f397e5 44f9b3c97783479d8fc2c3f6284ef457 - - default default] Successfully bumped revision number for resource 8e23c17b-b064-43ae-856f-a3301bff846d (type: ports) to 1
2026-05-27 15:04:15.443 10 INFO neutron.db.ovn_revision_numbers_db [None req-65ec833f-ba7a-4161-95dd-a7ba82332f15 b2389cd0db04491fa47c218780333a8f b748f6bce2ca4bd593c50bd52b2ea4c0 - - default default] Successfully bumped revision number for resource 23c7700a-2db2-4f1c-99aa-794ed086d5cb (type: security_groups) to 1
2026-05-27 15:04:15.469 10 INFO neutron.db.ovn_revision_numbers_db [None req-65ec833f-ba7a-4161-95dd-a7ba82332f15 b2389cd0db04491fa47c218780333a8f b748f6bce2ca4bd593c50bd52b2ea4c0 - - default default] Successfully bumped revision number for resource 4985dd90-5c65-4c46-a977-623ef7ed280d (type: security_group_rules) to 0
2026-05-27 15:04:15.483 10 INFO neutron.wsgi [req-6e84cf5e-3fe5-41d4-86e2-9709f87b0e57 req-02c1d4eb-2591-4ba5-913a-d9d9510dfd2a 4ce35eb6598b41dab78d232ecd5cfeb8 e687f6eda8eb43bca52d7c1a57a1051a - - default default] 199.204.45.156 "DELETE /v2.0/ports/d97d69ba-5143-4064-ab15-52367b248cea HTTP/1.1" status: 204 len: 173 time: 0.3921921
2026-05-27 15:04:15.503 9 INFO neutron.wsgi [req-ec22defa-f709-4421-9e6c-1ee280fa633c req-89db8373-515d-494a-b3e9-b982a65b5f01 e2fb98b4180640a3b07ff360f3459214 187ac6721caa41fc9b9984565d3204fb - - aea56a651e4e46208e84ee12f850055f aea56a651e4e46208e84ee12f850055f] 199.204.45.156 "GET /v2.0/networks/8d9f1f90-dda6-48b6-912e-c994571ef0b7?fields=provider%3Aphysical_network&fields=provider%3Anetwork_type HTTP/1.1" status: 200 len: 277 time: 0.1083589
2026-05-27 15:04:15.505 9 INFO neutron.wsgi [None req-44ab893e-3d01-408f-bf3a-0cf04071e428 994ea38dd97f40728143b8d719f397e5 44f9b3c97783479d8fc2c3f6284ef457 - - default default] 10.0.0.86 "POST /v2.0/networks HTTP/1.1" status: 201 len: 847 time: 1.8706963
2026-05-27 15:04:15.513 10 INFO neutron.db.ovn_revision_numbers_db [None req-65ec833f-ba7a-4161-95dd-a7ba82332f15 b2389cd0db04491fa47c218780333a8f b748f6bce2ca4bd593c50bd52b2ea4c0 - - default default] Successfully bumped revision number for resource 4caad0e7-3c2a-41e3-94e5-e6ca35e90945 (type: security_group_rules) to 0
2026-05-27 15:04:15.522 9 ERROR neutron.plugins.ml2.managers [None req-2b508bcd-6fe6-4a6b-a44d-84c2f305a0c0 - - - - - -] Mechanism driver 'ovn' failed in update_port_postcommit: ovsdbapp.backend.ovs_idl.idlutils.RowNotFound: Cannot find Logical_Switch_Port with name=d97d69ba-5143-4064-ab15-52367b248cea
2026-05-27 15:04:15.522 9 ERROR neutron.plugins.ml2.managers
Traceback (most recent call last):
2026-05-27 15:04:15.522 9 ERROR neutron.plugins.ml2.managers
File "/var/lib/openstack/lib/python3.10/site-packages/neutron/plugins/ml2/managers.py", line 497, in _call_on_drivers
2026-05-27 15:04:15.522 9 ERROR neutron.plugins.ml2.managers getattr(driver.obj, method_name)(context)
2026-05-27 15:04:15.522 9 ERROR neutron.plugins.ml2.managers
File "/var/lib/openstack/lib/python3.10/site-packages/neutron/plugins/ml2/drivers/ovn/mech_driver/mech_driver.py", line 896, in update_port_postcommit
2026-05-27 15:04:15.522 9 ERROR neutron.plugins.ml2.managers self._ovn_update_port(context.plugin_context, port, original_port,
2026-05-27 15:04:15.522 9 ERROR neutron.plugins.ml2.managers
File "/var/lib/openstack/lib/python3.10/site-packages/neutron/plugins/ml2/drivers/ovn/mech_driver/mech_driver.py", line 777, in _ovn_update_port
2026-05-27 15:04:15.522 9 ERROR neutron.plugins.ml2.managers self._ovn_client.update_port(plugin_context, port,
2026-05-27 15:04:15.522 9 ERROR neutron.plugins.ml2.managers
File "/var/lib/openstack/lib/python3.10/site-packages/neutron/plugins/ml2/drivers/ovn/mech_driver/ovsdb/ovn_client.py", line 724, in update_port
2026-05-27 15:04:15.522 9 ERROR neutron.plugins.ml2.managers ovn_port = self._nb_idl.lookup('Logical_Switch_Port', port['id'])
2026-05-27 15:04:15.522 9 ERROR neutron.plugins.ml2.managers
File "/var/lib/openstack/lib/python3.10/site-packages/ovsdbapp/backend/ovs_idl/__init__.py", line 184, in lookup
2026-05-27 15:04:15.522 9 ERROR neutron.plugins.ml2.managers return self._lookup(table, record)
2026-05-27 15:04:15.522 9 ERROR neutron.plugins.ml2.managers
File "/var/lib/openstack/lib/python3.10/site-packages/ovsdbapp/backend/ovs_idl/__init__.py", line 235, in _lookup
2026-05-27 15:04:15.522 9 ERROR neutron.plugins.ml2.managers row = idlutils.row_by_value(self, rl.table, rl.column, record)
2026-05-27 15:04:15.522 9 ERROR neutron.plugins.ml2.managers
File "/var/lib/openstack/lib/python3.10/site-packages/ovsdbapp/backend/ovs_idl/idlutils.py", line 114, in row_by_value
2026-05-27 15:04:15.522 9 ERROR neutron.plugins.ml2.managers raise RowNotFound(table=table, col=column, match=match)
2026-05-27 15:04:15.522 9 ERROR neutron.plugins.ml2.managers ovsdbapp.backend.ovs_idl.idlutils.RowNotFound: Cannot find Logical_Switch_Port with name=d97d69ba-5143-4064-ab15-52367b248cea
2026-05-27 15:04:15.522 9 ERROR neutron.plugins.ml2.managers 
2026-05-27 15:04:15.525 10 INFO neutron.notifiers.nova [-] Nova event matching ['req-2df606d2-0c40-40f4-808b-77b23135c3b8'] response: {'server_uuid': '23176b7d-ca6d-463f-8e01-9671951a5949', 'name': 'network-vif-deleted', 'tag': 'd97d69ba-5143-4064-ab15-52367b248cea', 'status': 'completed', 'code': 200}
2026-05-27 15:04:15.540 10 INFO neutron.db.ovn_revision_numbers_db [None req-65ec833f-ba7a-4161-95dd-a7ba82332f15 b2389cd0db04491fa47c218780333a8f b748f6bce2ca4bd593c50bd52b2ea4c0 - - default default] Successfully bumped revision number for resource 9c46e1e1-7756-4813-81b6-83f4efb0c91e (type: security_group_rules) to 0
2026-05-27 15:04:15.540 9 ERROR ovsdbapp.backend.ovs_idl.command [None req-2b508bcd-6fe6-4a6b-a44d-84c2f305a0c0 - - - - - -] Error executing command (LspGetUpCommand): ovsdbapp.backend.ovs_idl.idlutils.RowNotFound: Cannot find Logical_Switch_Port with name=d97d69ba-5143-4064-ab15-52367b248cea
2026-05-27 15:04:15.540 9 ERROR ovsdbapp.backend.ovs_idl.command
Traceback (most recent call last):
2026-05-27 15:04:15.540 9 ERROR ovsdbapp.backend.ovs_idl.command
File "/var/lib/openstack/lib/python3.10/site-packages/ovsdbapp/backend/ovs_idl/command.py", line 47, in execute
2026-05-27 15:04:15.540 9 ERROR ovsdbapp.backend.ovs_idl.command self.run_idl(None)
2026-05-27 15:04:15.540 9 ERROR ovsdbapp.backend.ovs_idl.command
File "/var/lib/openstack/lib/python3.10/site-packages/ovsdbapp/schema/ovn_northbound/commands.py", line 672, in run_idl
2026-05-27 15:04:15.540 9 ERROR ovsdbapp.backend.ovs_idl.command lsp = self.api.lookup('Logical_Switch_Port', self.port)
2026-05-27 15:04:15.540 9 ERROR ovsdbapp.backend.ovs_idl.command
File "/var/lib/openstack/lib/python3.10/site-packages/ovsdbapp/backend/ovs_idl/__init__.py", line 184, in lookup
2026-05-27 15:04:15.540 9 ERROR ovsdbapp.backend.ovs_idl.command return self._lookup(table, record)
2026-05-27 15:04:15.540 9 ERROR ovsdbapp.backend.ovs_idl.command
File "/var/lib/openstack/lib/python3.10/site-packages/ovsdbapp/backend/ovs_idl/__init__.py", line 235, in _lookup
2026-05-27 15:04:15.540 9 ERROR ovsdbapp.backend.ovs_idl.command row = idlutils.row_by_value(self, rl.table, rl.column, record)
2026-05-27 15:04:15.540 9 ERROR ovsdbapp.backend.ovs_idl.command
File "/var/lib/openstack/lib/python3.10/site-packages/ovsdbapp/backend/ovs_idl/idlutils.py", line 114, in row_by_value
2026-05-27 15:04:15.540 9 ERROR ovsdbapp.backend.ovs_idl.command raise RowNotFound(table=table, col=column, match=match)
2026-05-27 15:04:15.540 9 ERROR ovsdbapp.backend.ovs_idl.command ovsdbapp.backend.ovs_idl.idlutils.RowNotFound: Cannot find Logical_Switch_Port with name=d97d69ba-5143-4064-ab15-52367b248cea
2026-05-27 15:04:15.540 9 ERROR ovsdbapp.backend.ovs_idl.command 
2026-05-27 15:04:15.541 9 ERROR ovsdbapp.event [None req-2b508bcd-6fe6-4a6b-a44d-84c2f305a0c0 - - - - - -] Unexpected exception in notify_loop: ovsdbapp.backend.ovs_idl.idlutils.RowNotFound: Cannot find Logical_Switch_Port with name=d97d69ba-5143-4064-ab15-52367b248cea
2026-05-27 15:04:15.541 9 ERROR ovsdbapp.event
Traceback (most recent call last):
2026-05-27 15:04:15.541 9 ERROR ovsdbapp.event
File "/var/lib/openstack/lib/python3.10/site-packages/ovsdbapp/event.py", line 177, in notify_loop
2026-05-27 15:04:15.541 9 ERROR ovsdbapp.event match.run(event, row, updates)
2026-05-27 15:04:15.541 9 ERROR ovsdbapp.event
File "/var/lib/openstack/lib/python3.10/site-packages/neutron/plugins/ml2/drivers/ovn/mech_driver/ovsdb/ovsdb_monitor.py", line 543, in run
2026-05-27 15:04:15.541 9 ERROR ovsdbapp.event self.driver.set_port_status_down(row.name)
2026-05-27 15:04:15.541 9 ERROR ovsdbapp.event
File "/var/lib/openstack/lib/python3.10/site-packages/neutron/plugins/ml2/drivers/ovn/mech_driver/mech_driver.py", line 1241, in set_port_status_down
2026-05-27 15:04:15.541 9 ERROR ovsdbapp.event self._ovn_client.update_lsp_host_info(
2026-05-27 15:04:15.541 9 ERROR ovsdbapp.event
File "/var/lib/openstack/lib/python3.10/site-packages/neutron/plugins/ml2/drivers/ovn/mech_driver/ovsdb/ovn_client.py", line 297, in update_lsp_host_info
2026-05-27 15:04:15.541 9 ERROR ovsdbapp.event port_up = self._nb_idl.lsp_get_up(db_port.id).execute(
2026-05-27 15:04:15.541 9 ERROR ovsdbapp.event
File "/var/lib/openstack/lib/python3.10/site-packages/ovsdbapp/backend/ovs_idl/command.py", line 47, in execute
2026-05-27 15:04:15.541 9 ERROR ovsdbapp.event self.run_idl(None)
2026-05-27 15:04:15.541 9 ERROR ovsdbapp.event
File "/var/lib/openstack/lib/python3.10/site-packages/ovsdbapp/schema/ovn_northbound/commands.py", line 672, in run_idl
2026-05-27 15:04:15.541 9 ERROR ovsdbapp.event lsp = self.api.lookup('Logical_Switch_Port', self.port)
2026-05-27 15:04:15.541 9 ERROR ovsdbapp.event
File "/var/lib/openstack/lib/python3.10/site-packages/ovsdbapp/backend/ovs_idl/__init__.py", line 184, in lookup
2026-05-27 15:04:15.541 9 ERROR ovsdbapp.event return self._lookup(table, record)
2026-05-27 15:04:15.541 9 ERROR ovsdbapp.event
File "/var/lib/openstack/lib/python3.10/site-packages/ovsdbapp/backend/ovs_idl/__init__.py", line 235, in _lookup
2026-05-27 15:04:15.541 9 ERROR ovsdbapp.event row = idlutils.row_by_value(self, rl.table, rl.column, record)
2026-05-27 15:04:15.541 9 ERROR ovsdbapp.event
File "/var/lib/openstack/lib/python3.10/site-packages/ovsdbapp/backend/ovs_idl/idlutils.py", line 114, in row_by_value
2026-05-27 15:04:15.541 9 ERROR ovsdbapp.event raise RowNotFound(table=table, col=column, match=match)
2026-05-27 15:04:15.541 9 ERROR ovsdbapp.event ovsdbapp.backend.ovs_idl.idlutils.RowNotFound: Cannot find Logical_Switch_Port with name=d97d69ba-5143-4064-ab15-52367b248cea
2026-05-27 15:04:15.541 9 ERROR ovsdbapp.event 
2026-05-27 15:04:15.565 10 INFO neutron.db.ovn_revision_numbers_db [None req-65ec833f-ba7a-4161-95dd-a7ba82332f15 b2389cd0db04491fa47c218780333a8f b748f6bce2ca4bd593c50bd52b2ea4c0 - - default default] Successfully bumped revision number for resource 9c6f4d9f-a6c0-42bd-9329-9856fd51cc8a (type: security_group_rules) to 0
2026-05-27 15:04:15.589 10 INFO neutron.wsgi [None req-f3b3e226-e4c2-4aaf-8502-4300a9e3cc84 b2389cd0db04491fa47c218780333a8f b748f6bce2ca4bd593c50bd52b2ea4c0 - - default default] 10.0.0.86 "GET /v2.0/security-groups?tenant_id=288d6f20a9324841962eba0e0abb295a&name=default HTTP/1.1" status: 200 len: 2996 time: 0.2012618
2026-05-27 15:04:15.597 10 INFO neutron.wsgi [None req-65ec833f-ba7a-4161-95dd-a7ba82332f15 b2389cd0db04491fa47c218780333a8f b748f6bce2ca4bd593c50bd52b2ea4c0 - - default default] 10.0.0.86 "GET /v2.0/security-groups?tenant_id=6852cab25a754b6bb2760a282fee38b8&name=default HTTP/1.1" status: 200 len: 2996 time: 0.6156900
2026-05-27 15:04:15.733 9 INFO neutron.notifiers.nova [-] Nova event matching ['req-e91e09be-f39a-4e1e-8ff2-8644e999c410'] response: {'server_uuid': '23176b7d-ca6d-463f-8e01-9671951a5949', 'name': 'network-vif-plugged', 'status': 'completed', 'tag': 'd97d69ba-5143-4064-ab15-52367b248cea', 'code': 200}
2026-05-27 15:04:15.733 9 INFO neutron.notifiers.nova [-] Nova event matching ['req-e91e09be-f39a-4e1e-8ff2-8644e999c410'] response: {'server_uuid': '23176b7d-ca6d-463f-8e01-9671951a5949', 'name': 'network-vif-unplugged', 'status': 'completed', 'tag': 'd97d69ba-5143-4064-ab15-52367b248cea', 'code': 200}
2026-05-27 15:04:15.733 9 INFO neutron.notifiers.nova [-] Nova event matching ['req-e91e09be-f39a-4e1e-8ff2-8644e999c410'] response: {'server_uuid': '23176b7d-ca6d-463f-8e01-9671951a5949', 'name': 'network-vif-plugged', 'status': 'completed', 'tag': 'd97d69ba-5143-4064-ab15-52367b248cea', 'code': 200}
2026-05-27 15:04:15.888 9 INFO neutron.wsgi [None req-9d2ae3bd-1af0-4ee0-8c0d-69b3fff207cd b2389cd0db04491fa47c218780333a8f b748f6bce2ca4bd593c50bd52b2ea4c0 - - default default] 10.0.0.86 "DELETE /v2.0/security-groups/ab5bc45e-771c-46ae-b46e-2deef1c3dc8e HTTP/1.1" status: 204 len: 168 time: 0.2935829
2026-05-27 15:04:15.956 9 INFO neutron.wsgi [None req-5dd0aefd-fbcf-4996-ab17-26b33b1da22a b2389cd0db04491fa47c218780333a8f b748f6bce2ca4bd593c50bd52b2ea4c0 - - default default] 10.0.0.86 "DELETE /v2.0/security-groups/23c7700a-2db2-4f1c-99aa-794ed086d5cb HTTP/1.1" status: 204 len: 168 time: 0.3512831
2026-05-27 15:04:16.009 9 WARNING neutron_lib.context [None req-d5d92596-5203-4210-8ef8-89a4e7fe8033 994ea38dd97f40728143b8d719f397e5 44f9b3c97783479d8fc2c3f6284ef457 - - default default] Method 'is_advsvc' is deprecated since 2023.2 release (neutron-lib 3.8.0) and will be removed once support for the old RBAC API policies will be removed from Neutron. Please use method 'is_service_role' instead.
2026-05-27 15:04:16.297 10 INFO neutron.db.ovn_revision_numbers_db [None req-fd162542-e3ea-43e8-9a38-24af82ef3a0b b2389cd0db04491fa47c218780333a8f b748f6bce2ca4bd593c50bd52b2ea4c0 - - default default] Successfully bumped revision number for resource ccecdc1a-6e82-4bbf-aa26-0c894f030c79 (type: security_groups) to 1
2026-05-27 15:04:16.318 10 INFO neutron.db.ovn_revision_numbers_db [None req-fd162542-e3ea-43e8-9a38-24af82ef3a0b b2389cd0db04491fa47c218780333a8f b748f6bce2ca4bd593c50bd52b2ea4c0 - - default default] Successfully bumped revision number for resource 37bb47a7-1db8-4030-8b38-feeb56151e31 (type: security_group_rules) to 0
2026-05-27 15:04:16.319 9 WARNING neutron.scheduler.dhcp_agent_scheduler [None req-d5d92596-5203-4210-8ef8-89a4e7fe8033 994ea38dd97f40728143b8d719f397e5 44f9b3c97783479d8fc2c3f6284ef457 - - default default] No more DHCP agents
2026-05-27 15:04:16.322 9 WARNING neutron.api.rpc.agentnotifiers.dhcp_rpc_agent_api [None req-d5d92596-5203-4210-8ef8-89a4e7fe8033 994ea38dd97f40728143b8d719f397e5 44f9b3c97783479d8fc2c3f6284ef457 - - default default] Unable to schedule network 4a6d9a94-4b07-41f1-ab44-ea75430863bc: no agents available; will retry on subsequent port and subnet creation events.
