2026-05-27 15:07:36.699 10 INFO neutron.wsgi [req-df82d13e-0106-4f2e-9721-4a3e620fab55 req-59ebcd59-0bff-46b9-a28e-014d9ab1a64c e2fb98b4180640a3b07ff360f3459214 187ac6721caa41fc9b9984565d3204fb - - aea56a651e4e46208e84ee12f850055f aea56a651e4e46208e84ee12f850055f] 10.0.0.67 "GET /v2.0/networks/39ee6502-7af6-464c-ac9c-c6b22c6b51ac?fields=segments HTTP/1.1" status: 200 len: 212 time: 0.1133912
2026-05-27 15:07:36.781 10 INFO neutron.wsgi [req-df82d13e-0106-4f2e-9721-4a3e620fab55 req-334eb4f0-067d-47cc-b9ce-962499aab7c2 e2fb98b4180640a3b07ff360f3459214 187ac6721caa41fc9b9984565d3204fb - - aea56a651e4e46208e84ee12f850055f aea56a651e4e46208e84ee12f850055f] 10.0.0.67 "GET /v2.0/networks/39ee6502-7af6-464c-ac9c-c6b22c6b51ac?fields=provider%3Aphysical_network&fields=provider%3Anetwork_type HTTP/1.1" status: 200 len: 277 time: 0.0738840 /var/lib/openstack/lib/python3.10/site-packages/pycadf/identifier.py:71: UserWarning: Invalid uuid: neutron. To ensure interoperability, identifiers should be a valid uuid. warnings.warn(('Invalid uuid: %s. To ensure interoperability, '
2026-05-27 15:07:37.383 9 INFO neutron.wsgi [req-92dc100b-0ce4-4894-a04b-06886cacd1b5 req-6356156c-b48b-4de6-9929-446dde9bc55b b2389cd0db04491fa47c218780333a8f b748f6bce2ca4bd593c50bd52b2ea4c0 - - default default] 10.0.0.67 "GET /v2.0/ports?device_id=1a51f827-613d-4360-b120-3f0a51a7d800 HTTP/1.1" status: 200 len: 210 time: 0.0872755
2026-05-27 15:07:37.457 10 INFO neutron.wsgi [req-cfa09ec9-426e-478e-bdbd-b12b2d91d384 req-9218873c-d0a3-42a5-ae21-8890dd59318d b2389cd0db04491fa47c218780333a8f b748f6bce2ca4bd593c50bd52b2ea4c0 - - default default] 10.0.0.67 "GET /v2.0/ports?device_id=1a51f827-613d-4360-b120-3f0a51a7d800 HTTP/1.1" status: 200 len: 210 time: 0.0259793
2026-05-27 15:07:38.111 9 INFO neutron.wsgi [req-df82d13e-0106-4f2e-9721-4a3e620fab55 req-2cf284f1-d5a0-4454-b2a6-f9ed081ea5f7 b2389cd0db04491fa47c218780333a8f b748f6bce2ca4bd593c50bd52b2ea4c0 - - default default] 199.204.45.156 "GET /v2.0/networks?id=39ee6502-7af6-464c-ac9c-c6b22c6b51ac HTTP/1.1" status: 200 len: 937 time: 0.0766149
2026-05-27 15:07:38.175 9 INFO neutron.wsgi [req-df82d13e-0106-4f2e-9721-4a3e620fab55 req-9ffee2c8-18bb-4429-85ed-64ea92ae0412 b2389cd0db04491fa47c218780333a8f b748f6bce2ca4bd593c50bd52b2ea4c0 - - default default] 199.204.45.156 "GET /v2.0/security-groups?fields=id&fields=name&tenant_id=b748f6bce2ca4bd593c50bd52b2ea4c0 HTTP/1.1" status: 200 len: 542 time: 0.0553017
2026-05-27 15:07:38.447 9 WARNING neutron.scheduler.dhcp_agent_scheduler [req-df82d13e-0106-4f2e-9721-4a3e620fab55 req-bb5bb8a4-1e9b-4965-9357-e82554a534e4 b2389cd0db04491fa47c218780333a8f b748f6bce2ca4bd593c50bd52b2ea4c0 - - default default] No more DHCP agents
2026-05-27 15:07:38.449 9 WARNING neutron.api.rpc.agentnotifiers.dhcp_rpc_agent_api [req-df82d13e-0106-4f2e-9721-4a3e620fab55 req-bb5bb8a4-1e9b-4965-9357-e82554a534e4 b2389cd0db04491fa47c218780333a8f b748f6bce2ca4bd593c50bd52b2ea4c0 - - default default] Unable to schedule network 39ee6502-7af6-464c-ac9c-c6b22c6b51ac: no agents available; will retry on subsequent port and subnet creation events.
2026-05-27 15:07:38.616 9 INFO neutron.db.ovn_revision_numbers_db [req-df82d13e-0106-4f2e-9721-4a3e620fab55 req-bb5bb8a4-1e9b-4965-9357-e82554a534e4 b2389cd0db04491fa47c218780333a8f b748f6bce2ca4bd593c50bd52b2ea4c0 - - default default] Successfully bumped revision number for resource 88a8bd19-0923-471c-8944-e5169bbfe862 (type: ports) to 1
2026-05-27 15:07:38.639 9 INFO neutron.wsgi [req-df82d13e-0106-4f2e-9721-4a3e620fab55 req-bb5bb8a4-1e9b-4965-9357-e82554a534e4 b2389cd0db04491fa47c218780333a8f b748f6bce2ca4bd593c50bd52b2ea4c0 - - default default] 199.204.45.156 "POST /v2.0/ports HTTP/1.1" status: 201 len: 1283 time: 0.4599624 /var/lib/openstack/lib/python3.10/site-packages/pycadf/identifier.py:71: UserWarning: Invalid uuid: neutron. To ensure interoperability, identifiers should be a valid uuid. warnings.warn(('Invalid uuid: %s. To ensure interoperability, '
2026-05-27 15:07:39.099 9 INFO neutron.db.ovn_revision_numbers_db [req-df82d13e-0106-4f2e-9721-4a3e620fab55 req-006ddbe0-37bd-415d-8baa-241f284f8464 e2fb98b4180640a3b07ff360f3459214 187ac6721caa41fc9b9984565d3204fb - - aea56a651e4e46208e84ee12f850055f aea56a651e4e46208e84ee12f850055f] Successfully bumped revision number for resource 88a8bd19-0923-471c-8944-e5169bbfe862 (type: ports) to 2
2026-05-27 15:07:39.317 9 INFO neutron.db.ovn_revision_numbers_db [req-df82d13e-0106-4f2e-9721-4a3e620fab55 req-006ddbe0-37bd-415d-8baa-241f284f8464 e2fb98b4180640a3b07ff360f3459214 187ac6721caa41fc9b9984565d3204fb - - aea56a651e4e46208e84ee12f850055f aea56a651e4e46208e84ee12f850055f] Successfully bumped revision number for resource 88a8bd19-0923-471c-8944-e5169bbfe862 (type: ports) to 2
2026-05-27 15:07:39.339 9 INFO neutron.wsgi [req-df82d13e-0106-4f2e-9721-4a3e620fab55 req-006ddbe0-37bd-415d-8baa-241f284f8464 e2fb98b4180640a3b07ff360f3459214 187ac6721caa41fc9b9984565d3204fb - - aea56a651e4e46208e84ee12f850055f aea56a651e4e46208e84ee12f850055f] 199.204.45.156 "PUT /v2.0/ports/88a8bd19-0923-471c-8944-e5169bbfe862 HTTP/1.1" status: 200 len: 1380 time: 0.6942198 /var/lib/openstack/lib/python3.10/site-packages/pycadf/identifier.py:71: UserWarning: Invalid uuid: neutron. To ensure interoperability, identifiers should be a valid uuid. warnings.warn(('Invalid uuid: %s. To ensure interoperability, '
2026-05-27 15:07:39.420 9 INFO neutron.wsgi [req-df82d13e-0106-4f2e-9721-4a3e620fab55 req-2db6d56d-e4fd-4d83-9466-156cf6a19dbf e2fb98b4180640a3b07ff360f3459214 187ac6721caa41fc9b9984565d3204fb - - aea56a651e4e46208e84ee12f850055f aea56a651e4e46208e84ee12f850055f] 199.204.45.156 "GET /v2.0/ports?tenant_id=b748f6bce2ca4bd593c50bd52b2ea4c0&device_id=1a51f827-613d-4360-b120-3f0a51a7d800 HTTP/1.1" status: 200 len: 1411 time: 0.0521071
2026-05-27 15:07:39.428 9 INFO neutron.notifiers.nova [-] Nova event matching ['req-78e3ade1-1068-47e8-91be-a7cbab897d78'] response: {'name': 'network-changed', 'server_uuid': '1a51f827-613d-4360-b120-3f0a51a7d800', 'tag': '88a8bd19-0923-471c-8944-e5169bbfe862', 'status': 'completed', 'code': 200}
2026-05-27 15:07:39.457 9 INFO neutron.wsgi [req-df82d13e-0106-4f2e-9721-4a3e620fab55 req-d3f3d78e-660d-418c-97f1-95d736ade139 e2fb98b4180640a3b07ff360f3459214 187ac6721caa41fc9b9984565d3204fb - - aea56a651e4e46208e84ee12f850055f aea56a651e4e46208e84ee12f850055f] 199.204.45.156 "GET /v2.0/floatingips?fixed_ip_address=172.24.0.40&port_id=88a8bd19-0923-471c-8944-e5169bbfe862 HTTP/1.1" status: 200 len: 217 time: 0.0280702
2026-05-27 15:07:39.502 9 INFO neutron.wsgi [req-df82d13e-0106-4f2e-9721-4a3e620fab55 req-87dab4b4-3148-4688-86af-41b2adcc2d22 e2fb98b4180640a3b07ff360f3459214 187ac6721caa41fc9b9984565d3204fb - - aea56a651e4e46208e84ee12f850055f aea56a651e4e46208e84ee12f850055f] 199.204.45.156 "GET /v2.0/subnets?id=a718484f-ad48-414e-bc0a-d4c19583e260 HTTP/1.1" status: 200 len: 829 time: 0.0370839
2026-05-27 15:07:39.529 9 INFO neutron.wsgi [req-df82d13e-0106-4f2e-9721-4a3e620fab55 req-f4a1931b-2a75-4e74-bb97-b82682dcf7b3 e2fb98b4180640a3b07ff360f3459214 187ac6721caa41fc9b9984565d3204fb - - aea56a651e4e46208e84ee12f850055f aea56a651e4e46208e84ee12f850055f] 199.204.45.156 "GET /v2.0/ports?network_id=39ee6502-7af6-464c-ac9c-c6b22c6b51ac&device_owner=network%3Adhcp HTTP/1.1" status: 200 len: 210 time: 0.0211933
2026-05-27 15:07:39.610 9 INFO neutron.wsgi [req-df82d13e-0106-4f2e-9721-4a3e620fab55 req-3abcda14-d49a-4b37-bfa9-e56c2b419044 e2fb98b4180640a3b07ff360f3459214 187ac6721caa41fc9b9984565d3204fb - - aea56a651e4e46208e84ee12f850055f aea56a651e4e46208e84ee12f850055f] 199.204.45.156 "GET /v2.0/networks/39ee6502-7af6-464c-ac9c-c6b22c6b51ac?fields=segments HTTP/1.1" status: 200 len: 212 time: 0.0703707
2026-05-27 15:07:39.685 9 INFO neutron.wsgi [req-df82d13e-0106-4f2e-9721-4a3e620fab55 req-c6b96fde-4be8-40a8-baf1-95be982d4810 e2fb98b4180640a3b07ff360f3459214 187ac6721caa41fc9b9984565d3204fb - - aea56a651e4e46208e84ee12f850055f aea56a651e4e46208e84ee12f850055f] 199.204.45.156 "GET /v2.0/networks/39ee6502-7af6-464c-ac9c-c6b22c6b51ac?fields=provider%3Aphysical_network&fields=provider%3Anetwork_type HTTP/1.1" status: 200 len: 277 time: 0.0676360
2026-05-27 15:07:39.786 9 INFO neutron.wsgi [req-8547d475-68cd-4fca-a1a6-c77eb4bf27bd req-faf7f206-138d-4dc4-8938-3a18d9c00be5 e2fb98b4180640a3b07ff360f3459214 187ac6721caa41fc9b9984565d3204fb - - aea56a651e4e46208e84ee12f850055f aea56a651e4e46208e84ee12f850055f] 199.204.45.156 "GET /v2.0/ports?tenant_id=b748f6bce2ca4bd593c50bd52b2ea4c0&device_id=1a51f827-613d-4360-b120-3f0a51a7d800 HTTP/1.1" status: 200 len: 1411 time: 0.0512266
2026-05-27 15:07:39.871 9 INFO neutron.wsgi [req-8547d475-68cd-4fca-a1a6-c77eb4bf27bd req-d465d479-0b7a-4c2c-9598-70ac7420231f e2fb98b4180640a3b07ff360f3459214 187ac6721caa41fc9b9984565d3204fb - - aea56a651e4e46208e84ee12f850055f aea56a651e4e46208e84ee12f850055f] 199.204.45.156 "GET /v2.0/networks?id=39ee6502-7af6-464c-ac9c-c6b22c6b51ac HTTP/1.1" status: 200 len: 937 time: 0.0760493
2026-05-27 15:07:39.905 9 INFO neutron.wsgi [req-8547d475-68cd-4fca-a1a6-c77eb4bf27bd req-9c36a1c3-eb8b-42dd-949c-0bbc3d8902aa e2fb98b4180640a3b07ff360f3459214 187ac6721caa41fc9b9984565d3204fb - - aea56a651e4e46208e84ee12f850055f aea56a651e4e46208e84ee12f850055f] 199.204.45.156 "GET /v2.0/floatingips?fixed_ip_address=172.24.0.40&port_id=88a8bd19-0923-471c-8944-e5169bbfe862 HTTP/1.1" status: 200 len: 217 time: 0.0260909
2026-05-27 15:07:39.934 10 INFO neutron.wsgi [req-5741e048-ef5a-4b05-af73-6bf5bf0e6705 req-ad97cad4-9e27-4f3c-a439-eca684659530 e2fb98b4180640a3b07ff360f3459214 187ac6721caa41fc9b9984565d3204fb - - aea56a651e4e46208e84ee12f850055f aea56a651e4e46208e84ee12f850055f] 199.204.45.156 "GET /v2.0/ports?device_id=1a51f827-613d-4360-b120-3f0a51a7d800 HTTP/1.1" status: 200 len: 1411 time: 0.0475440
2026-05-27 15:07:39.953 9 INFO neutron.wsgi [req-8547d475-68cd-4fca-a1a6-c77eb4bf27bd req-33e048fe-e675-4654-b75e-52196e71051a e2fb98b4180640a3b07ff360f3459214 187ac6721caa41fc9b9984565d3204fb - - aea56a651e4e46208e84ee12f850055f aea56a651e4e46208e84ee12f850055f] 199.204.45.156 "GET /v2.0/subnets?id=a718484f-ad48-414e-bc0a-d4c19583e260 HTTP/1.1" status: 200 len: 829 time: 0.0423741
2026-05-27 15:07:39.988 9 INFO neutron.wsgi [req-8547d475-68cd-4fca-a1a6-c77eb4bf27bd req-cb2fb5f9-8dc4-4be0-8cfa-11ba975ca08d e2fb98b4180640a3b07ff360f3459214 187ac6721caa41fc9b9984565d3204fb - - aea56a651e4e46208e84ee12f850055f aea56a651e4e46208e84ee12f850055f] 199.204.45.156 "GET /v2.0/ports?network_id=39ee6502-7af6-464c-ac9c-c6b22c6b51ac&device_owner=network%3Adhcp HTTP/1.1" status: 200 len: 210 time: 0.0288274
2026-05-27 15:07:39.994 10 INFO neutron.wsgi [req-5741e048-ef5a-4b05-af73-6bf5bf0e6705 req-62cd2d2b-b575-4d65-9664-4c696714b0bf e2fb98b4180640a3b07ff360f3459214 187ac6721caa41fc9b9984565d3204fb - - aea56a651e4e46208e84ee12f850055f aea56a651e4e46208e84ee12f850055f] 199.204.45.156 "GET /v2.0/security-groups?id=ee4f8419-d183-49ee-b16b-eee44c9c3abb&fields=id&fields=name HTTP/1.1" status: 200 len: 294 time: 0.0532167
2026-05-27 15:07:40.070 9 INFO neutron.wsgi [req-8547d475-68cd-4fca-a1a6-c77eb4bf27bd req-1b47ddc7-cdb1-4fe8-8c67-611cf244aacb e2fb98b4180640a3b07ff360f3459214 187ac6721caa41fc9b9984565d3204fb - - aea56a651e4e46208e84ee12f850055f aea56a651e4e46208e84ee12f850055f] 199.204.45.156 "GET /v2.0/networks/39ee6502-7af6-464c-ac9c-c6b22c6b51ac?fields=segments HTTP/1.1" status: 200 len: 212 time: 0.0764098
2026-05-27 15:07:40.091 10 INFO neutron.plugins.ml2.drivers.ovn.mech_driver.mech_driver [None req-86371f71-9a17-4aa8-b4f0-5a9a7d809869 - - - - - -] OVN reports status up for port: 88a8bd19-0923-471c-8944-e5169bbfe862
2026-05-27 15:07:40.107 10 INFO neutron.plugins.ml2.plugin [None req-86371f71-9a17-4aa8-b4f0-5a9a7d809869 - - - - - -] Attempt 1 to provision port 88a8bd19-0923-471c-8944-e5169bbfe862
2026-05-27 15:07:40.157 9 INFO neutron.wsgi [req-8547d475-68cd-4fca-a1a6-c77eb4bf27bd req-1076e166-d7b1-420f-9055-736fd2f9fbc4 e2fb98b4180640a3b07ff360f3459214 187ac6721caa41fc9b9984565d3204fb - - aea56a651e4e46208e84ee12f850055f aea56a651e4e46208e84ee12f850055f] 199.204.45.156 "GET /v2.0/networks/39ee6502-7af6-464c-ac9c-c6b22c6b51ac?fields=provider%3Aphysical_network&fields=provider%3Anetwork_type HTTP/1.1" status: 200 len: 277 time: 0.0794003
2026-05-27 15:07:40.331 10 INFO neutron.notifiers.nova [-] Nova event matching ['req-9d835ef2-b1f7-4636-a894-0d25412075cb'] response: {'server_uuid': '1a51f827-613d-4360-b120-3f0a51a7d800', 'name': 'network-vif-plugged', 'status': 'completed', 'tag': '88a8bd19-0923-471c-8944-e5169bbfe862', 'code': 200}
2026-05-27 15:07:40.348 9 INFO neutron.wsgi [req-7bbe7f92-c997-4411-ad2f-d49eeacb33d0 req-cbde948e-cde0-4970-94d2-5e4776b18341 b2389cd0db04491fa47c218780333a8f b748f6bce2ca4bd593c50bd52b2ea4c0 - - default default] 10.0.0.67 "GET /v2.0/ports?device_id=1a51f827-613d-4360-b120-3f0a51a7d800 HTTP/1.1" status: 200 len: 1413 time: 0.0736980
2026-05-27 15:07:40.400 9 INFO neutron.wsgi [req-7bbe7f92-c997-4411-ad2f-d49eeacb33d0 req-8dc16d4b-1a94-41e8-b8f3-f9be4bca132f b2389cd0db04491fa47c218780333a8f b748f6bce2ca4bd593c50bd52b2ea4c0 - - default default] 10.0.0.67 "GET /v2.0/security-groups?id=ee4f8419-d183-49ee-b16b-eee44c9c3abb&fields=id&fields=name HTTP/1.1" status: 200 len: 294 time: 0.0440323
2026-05-27 15:07:40.548 10 INFO neutron.wsgi [req-72844636-123f-4014-8047-7bceb9d826f7 req-2c4da9ec-aecc-49a2-bb43-117292efaa24 b2389cd0db04491fa47c218780333a8f b748f6bce2ca4bd593c50bd52b2ea4c0 - - default default] 10.0.0.67 "GET /v2.0/ports?device_id=1a51f827-613d-4360-b120-3f0a51a7d800 HTTP/1.1" status: 200 len: 1413 time: 0.0616980
2026-05-27 15:07:40.559 10 INFO neutron.db.ovn_revision_numbers_db [None req-86371f71-9a17-4aa8-b4f0-5a9a7d809869 - - - - - -] Successfully bumped revision number for resource 88a8bd19-0923-471c-8944-e5169bbfe862 (type: ports) to 4
2026-05-27 15:07:42.375 10 INFO neutron.notifiers.nova [-] Nova event matching ['req-8fbadbd4-ec2c-4ce0-9f64-a448e7ac2a24'] response: {'server_uuid': '1a51f827-613d-4360-b120-3f0a51a7d800', 'name': 'network-vif-plugged', 'status': 'completed', 'tag': '88a8bd19-0923-471c-8944-e5169bbfe862', 'code': 200}
2026-05-27 15:07:43.581 9 INFO neutron.wsgi [req-3b81f586-faeb-4fd0-9aba-67ce90884537 req-e1b69e3e-6093-448b-8f17-c6a6dda46c16 b2389cd0db04491fa47c218780333a8f b748f6bce2ca4bd593c50bd52b2ea4c0 - - default default] 10.0.0.67 "GET /v2.0/ports?device_id=1a51f827-613d-4360-b120-3f0a51a7d800 HTTP/1.1" status: 200 len: 1413 time: 0.0403655
2026-05-27 15:07:43.627 9 INFO neutron.wsgi [req-3b81f586-faeb-4fd0-9aba-67ce90884537 req-66185ea3-3b70-40fb-aab5-d002ae2d283b b2389cd0db04491fa47c218780333a8f b748f6bce2ca4bd593c50bd52b2ea4c0 - - default default] 10.0.0.67 "GET /v2.0/security-groups?id=ee4f8419-d183-49ee-b16b-eee44c9c3abb&fields=id&fields=name HTTP/1.1" status: 200 len: 294 time: 0.0386262 /var/lib/openstack/lib/python3.10/site-packages/pycadf/identifier.py:71: UserWarning: Invalid uuid: neutron. To ensure interoperability, identifiers should be a valid uuid. warnings.warn(('Invalid uuid: %s. To ensure interoperability, '
2026-05-27 15:07:43.729 10 INFO neutron.wsgi [req-6ae7dc11-9dec-4909-aacb-aeb6ba401155 req-84ea43ed-40e4-4486-bfd0-d07b4e58e3af b2389cd0db04491fa47c218780333a8f b748f6bce2ca4bd593c50bd52b2ea4c0 - - default default] 10.0.0.67 "GET /v2.0/ports?device_id=1a51f827-613d-4360-b120-3f0a51a7d800 HTTP/1.1" status: 200 len: 1413 time: 0.0477810
2026-05-27 15:07:50.165 9 INFO neutron.wsgi [-] 10.0.0.15 "GET / HTTP/1.1" status: 200 len: 247 time: 0.0032108
2026-05-27 15:07:50.167 10 INFO neutron.wsgi [-] 10.0.0.15 "GET / HTTP/1.1" status: 200 len: 247 time: 0.0045097
2026-05-27 15:07:54.175 15 INFO neutron.db.ovn_revision_numbers_db [None req-e69707bd-f03a-4470-8c60-45a3fb2011f7 - - - - - -] Successfully bumped revision number for resource 2017f52c-591b-489a-b0d3-d13d5eeed35b (type: networks) to 3
2026-05-27 15:07:54.311 15 INFO neutron.db.ovn_revision_numbers_db [None req-e69707bd-f03a-4470-8c60-45a3fb2011f7 - - - - - -] Successfully bumped revision number for resource a763503a-cc60-4ba4-b002-918b077d18fd (type: networks) to 3
2026-05-27 15:07:54.429 15 INFO neutron.db.ovn_revision_numbers_db [None req-e69707bd-f03a-4470-8c60-45a3fb2011f7 - - - - - -] Successfully bumped revision number for resource b45fca6d-4795-420a-aafe-d3fd61cafb49 (type: networks) to 3
2026-05-27 15:07:54.481 15 INFO neutron.db.ovn_revision_numbers_db [None req-e69707bd-f03a-4470-8c60-45a3fb2011f7 - - - - - -] Successfully bumped revision number for resource a17a26ed-9e31-4198-b34f-6a20f572b8ef (type: security_groups) to 12
2026-05-27 15:07:54.898 15 INFO neutron.db.ovn_revision_numbers_db [None req-e69707bd-f03a-4470-8c60-45a3fb2011f7 - - - - - -] Successfully bumped revision number for resource 18d426be-4232-4217-8cdc-5831e1ebc27f (type: routers) to 5
2026-05-27 15:07:57.313 15 INFO neutron.plugins.ml2.drivers.ovn.mech_driver.ovsdb.maintenance [None req-e69707bd-f03a-4470-8c60-45a3fb2011f7 - - - - - -] Maintenance task: Synchronization finished (took 3.27 seconds)
2026-05-27 15:07:59.216 10 INFO neutron.wsgi [None req-fdc319ea-ce43-4db8-aee3-2d6279eb620b b2389cd0db04491fa47c218780333a8f b748f6bce2ca4bd593c50bd52b2ea4c0 - - default default] 10.0.0.30 "GET /v2.0/network-ip-availabilities HTTP/1.1" status: 200 len: 3361 time: 0.0774710
2026-05-27 15:07:59.275 10 INFO neutron.wsgi [None req-2d3c3204-007d-4522-aafd-d3a8c164f3b0 b2389cd0db04491fa47c218780333a8f b748f6bce2ca4bd593c50bd52b2ea4c0 - - default default] 10.0.0.30 "GET /v2.0/floatingips HTTP/1.1" status: 200 len: 1879 time: 0.0565126
2026-05-27 15:07:59.375 10 INFO neutron.wsgi [None req-776ef60d-406d-47c7-a656-40255249beed b2389cd0db04491fa47c218780333a8f b748f6bce2ca4bd593c50bd52b2ea4c0 - - default default] 10.0.0.30 "GET /v2.0/networks HTTP/1.1" status: 200 len: 4720 time: 0.0991826
2026-05-27 15:07:59.473 10 INFO neutron.wsgi [None req-076070da-fc98-4ff1-8e0a-13d2749faf91 b2389cd0db04491fa47c218780333a8f b748f6bce2ca4bd593c50bd52b2ea4c0 - - default default] 10.0.0.30 "GET /v2.0/routers HTTP/1.1" status: 200 len: 849 time: 0.0930161
2026-05-27 15:07:59.527 10 INFO neutron.wsgi [None req-023e464b-2462-409c-be41-8efca00637b3 b2389cd0db04491fa47c218780333a8f b748f6bce2ca4bd593c50bd52b2ea4c0 - - default default] 10.0.0.30 "GET /v2.0/agents?binary=ovn-controller HTTP/1.1" status: 200 len: 591 time: 0.0532749
2026-05-27 15:07:59.619 10 INFO neutron.wsgi [None req-a41f1aa1-d4c5-457f-9207-9180950a5ee5 b2389cd0db04491fa47c218780333a8f b748f6bce2ca4bd593c50bd52b2ea4c0 - - default default] 10.0.0.30 "GET /v2.0/ports HTTP/1.1" status: 200 len: 19909 time: 0.0907094
2026-05-27 15:07:59.676 10 INFO neutron.wsgi [None req-e4481e19-c332-4c0d-8ab5-f6273f269159 b2389cd0db04491fa47c218780333a8f b748f6bce2ca4bd593c50bd52b2ea4c0 - - default default] 10.0.0.30 "GET /v2.0/subnets HTTP/1.1" status: 200 len: 5495 time: 0.0436566
2026-05-27 15:07:59.693 10 INFO neutron.wsgi [None req-a916d9cd-70f5-461e-9f34-f8b70ff532c3 b2389cd0db04491fa47c218780333a8f b748f6bce2ca4bd593c50bd52b2ea4c0 - - default default] 10.0.0.30 "GET /v2.0/subnetpools HTTP/1.1" status: 200 len: 193 time: 0.0141644
2026-05-27 15:07:59.759 10 INFO neutron.wsgi [None req-e96b4e11-7d07-4864-8c87-8c292f31e143 b2389cd0db04491fa47c218780333a8f b748f6bce2ca4bd593c50bd52b2ea4c0 - - default default] 10.0.0.30 "GET /v2.0/security-groups HTTP/1.1" status: 200 len: 29083 time: 0.0643775
2026-05-27 15:07:59.785 10 INFO neutron.wsgi [None req-aea783bc-16e2-4aca-b986-7f7888178f4a b2389cd0db04491fa47c218780333a8f b748f6bce2ca4bd593c50bd52b2ea4c0 - - default default] 10.0.0.30 "GET /v2.0/agents HTTP/1.1" status: 200 len: 997 time: 0.0178182
2026-05-27 15:07:59.842 10 INFO neutron.wsgi [None req-0efedd63-2625-4547-9d06-f572dad6bb98 b2389cd0db04491fa47c218780333a8f b748f6bce2ca4bd593c50bd52b2ea4c0 - - default default] 10.0.0.30 "GET /v2.0/subnets HTTP/1.1" status: 200 len: 5495 time: 0.0557587
2026-05-27 15:08:05.164 9 INFO neutron.wsgi [-] 10.0.0.15 "GET / HTTP/1.1" status: 200 len: 247 time: 0.0027745
2026-05-27 15:08:05.169 9 INFO neutron.wsgi [-] 10.0.0.15 "GET / HTTP/1.1" status: 200 len: 247 time: 0.0033381
2026-05-27 15:08:17.320 10 INFO neutron.wsgi [None req-66e94457-f8fa-4388-9d61-3c452b2bac7f b2389cd0db04491fa47c218780333a8f b748f6bce2ca4bd593c50bd52b2ea4c0 - - default default] 199.204.45.156 "GET /v2.0/extensions/security-group HTTP/1.1" status: 200 len: 369 time: 0.0086133
2026-05-27 15:08:17.335 10 INFO neutron.wsgi [None req-8400fb6c-a141-47e5-a08c-4ee97523af2c b2389cd0db04491fa47c218780333a8f b748f6bce2ca4bd593c50bd52b2ea4c0 - - default default] 199.204.45.156 "GET /v2.0/extensions/dns-integration HTTP/1.1" status: 200 len: 371 time: 0.0083377
2026-05-27 15:08:17.347 10 INFO neutron.wsgi [None req-d46f2409-d345-4600-88b7-b092b6c1038c b2389cd0db04491fa47c218780333a8f b748f6bce2ca4bd593c50bd52b2ea4c0 - - default default] 199.204.45.156 "GET /v2.0/extensions/qos HTTP/1.1" status: 200 len: 365 time: 0.0045705
2026-05-27 15:08:17.358 10 INFO neutron.wsgi [None req-f3ed6738-2d23-44d3-81cc-ad75a2db5472 b2389cd0db04491fa47c218780333a8f b748f6bce2ca4bd593c50bd52b2ea4c0 - - default default] 199.204.45.156 "GET /v2.0/extensions/allowed-address-pairs HTTP/1.1" status: 200 len: 383 time: 0.0049367
2026-05-27 15:08:17.397 10 INFO neutron.wsgi [None req-174a76e8-e9ff-4664-ba01-6b82a64947f1 b2389cd0db04491fa47c218780333a8f b748f6bce2ca4bd593c50bd52b2ea4c0 - - default default] 199.204.45.156 "GET /v2.0/subnets/84819acc-8d89-4df8-b6b9-d3b9998485b0 HTTP/1.1" status: 200 len: 851 time: 0.0335138
2026-05-27 15:08:17.449 10 INFO neutron.wsgi [None req-623eb883-73e0-4101-a01b-b455671e6dc0 b2389cd0db04491fa47c218780333a8f b748f6bce2ca4bd593c50bd52b2ea4c0 - - default default] 199.204.45.156 "GET /v2.0/ports?device_id=1a51f827-613d-4360-b120-3f0a51a7d800 HTTP/1.1" status: 200 len: 1413 time: 0.0398297
2026-05-27 15:08:17.804 10 WARNING neutron.scheduler.dhcp_agent_scheduler [None req-5b29a17a-a0c1-4f1f-8f64-a250727af584 b2389cd0db04491fa47c218780333a8f b748f6bce2ca4bd593c50bd52b2ea4c0 - - default default] No more DHCP agents
2026-05-27 15:08:17.808 10 WARNING neutron.api.rpc.agentnotifiers.dhcp_rpc_agent_api [None req-5b29a17a-a0c1-4f1f-8f64-a250727af584 b2389cd0db04491fa47c218780333a8f b748f6bce2ca4bd593c50bd52b2ea4c0 - - default default] Unable to schedule network 2017f52c-591b-489a-b0d3-d13d5eeed35b: no agents available; will retry on subsequent port and subnet creation events.
2026-05-27 15:08:17.988 10 INFO neutron.db.ovn_revision_numbers_db [None req-5b29a17a-a0c1-4f1f-8f64-a250727af584 b2389cd0db04491fa47c218780333a8f b748f6bce2ca4bd593c50bd52b2ea4c0 - - default default] Successfully bumped revision number for resource 082d78a5-31f4-41a6-9b84-ef6dafbe8919 (type: ports) to 1
2026-05-27 15:08:18.011 10 INFO neutron.wsgi [None req-5b29a17a-a0c1-4f1f-8f64-a250727af584 b2389cd0db04491fa47c218780333a8f b748f6bce2ca4bd593c50bd52b2ea4c0 - - default default] 199.204.45.156 "POST /v2.0/ports HTTP/1.1" status: 201 len: 1302 time: 0.5536323
2026-05-27 15:08:18.106 9 INFO neutron.wsgi [req-31ca88a1-45b1-423f-bac0-2d37fe6209fe req-65d4939f-aff0-4f96-9118-d07bdf57f5ae b2389cd0db04491fa47c218780333a8f b748f6bce2ca4bd593c50bd52b2ea4c0 - - default default] 10.0.0.67 "GET /v2.0/ports/082d78a5-31f4-41a6-9b84-ef6dafbe8919 HTTP/1.1" status: 200 len: 1297 time: 0.0342157
2026-05-27 15:08:18.122 9 INFO neutron.wsgi [req-31ca88a1-45b1-423f-bac0-2d37fe6209fe req-2c73cafb-929e-4468-89b0-4b2acc5816d3 b2389cd0db04491fa47c218780333a8f b748f6bce2ca4bd593c50bd52b2ea4c0 - - default default] 10.0.0.67 "GET /v2.0/extensions HTTP/1.1" status: 200 len: 16980 time: 0.0075543
2026-05-27 15:08:18.240 9 INFO neutron.wsgi [req-31ca88a1-45b1-423f-bac0-2d37fe6209fe req-d2e7b866-64d8-4499-ba72-4453f998f5b2 e2fb98b4180640a3b07ff360f3459214 187ac6721caa41fc9b9984565d3204fb - - aea56a651e4e46208e84ee12f850055f aea56a651e4e46208e84ee12f850055f] 199.204.45.156 "GET /v2.0/ports/082d78a5-31f4-41a6-9b84-ef6dafbe8919?fields=binding%3Avnic_type&fields=binding%3Aprofile&fields=network_id&fields=resource_request&fields=numa_affinity_policy&fields=device_profile HTTP/1.1" status: 200 len: 335 time: 0.0369716
2026-05-27 15:08:18.319 9 INFO neutron.wsgi [req-31ca88a1-45b1-423f-bac0-2d37fe6209fe req-f73dcafd-9f25-4aa0-a097-08851dec881a e2fb98b4180640a3b07ff360f3459214 187ac6721caa41fc9b9984565d3204fb - - aea56a651e4e46208e84ee12f850055f aea56a651e4e46208e84ee12f850055f] 199.204.45.156 "GET /v2.0/networks/2017f52c-591b-489a-b0d3-d13d5eeed35b?fields=segments HTTP/1.1" status: 200 len: 212 time: 0.0739601
2026-05-27 15:08:18.393 9 INFO neutron.wsgi [req-31ca88a1-45b1-423f-bac0-2d37fe6209fe req-3a97e391-5b80-44d1-a06b-767d45cca407 e2fb98b4180640a3b07ff360f3459214 187ac6721caa41fc9b9984565d3204fb - - aea56a651e4e46208e84ee12f850055f aea56a651e4e46208e84ee12f850055f] 199.204.45.156 "GET /v2.0/networks/2017f52c-591b-489a-b0d3-d13d5eeed35b?fields=provider%3Aphysical_network&fields=provider%3Anetwork_type HTTP/1.1" status: 200 len: 277 time: 0.0689149
2026-05-27 15:08:18.464 9 INFO neutron.wsgi [req-31ca88a1-45b1-423f-bac0-2d37fe6209fe req-724a7dd8-edb2-4f5f-b39c-250699103aeb e2fb98b4180640a3b07ff360f3459214 187ac6721caa41fc9b9984565d3204fb - - aea56a651e4e46208e84ee12f850055f aea56a651e4e46208e84ee12f850055f] 199.204.45.156 "GET /v2.0/ports/082d78a5-31f4-41a6-9b84-ef6dafbe8919 HTTP/1.1" status: 200 len: 1297 time: 0.0440729
2026-05-27 15:08:18.548 9 INFO neutron.wsgi [req-31ca88a1-45b1-423f-bac0-2d37fe6209fe req-3aac53a0-2c05-4418-998c-089a11bd8fd9 b2389cd0db04491fa47c218780333a8f b748f6bce2ca4bd593c50bd52b2ea4c0 - - default default] 199.204.45.156 "GET /v2.0/networks?id=2017f52c-591b-489a-b0d3-d13d5eeed35b HTTP/1.1" status: 200 len: 1004 time: 0.0788698
2026-05-27 15:08:19.102 9 INFO neutron.db.ovn_revision_numbers_db [req-31ca88a1-45b1-423f-bac0-2d37fe6209fe req-d984fb4b-ebf7-4c12-ae66-14008ca0a372 e2fb98b4180640a3b07ff360f3459214 187ac6721caa41fc9b9984565d3204fb - - aea56a651e4e46208e84ee12f850055f aea56a651e4e46208e84ee12f850055f] Successfully bumped revision number for resource 082d78a5-31f4-41a6-9b84-ef6dafbe8919 (type: ports) to 2
2026-05-27 15:08:19.316 9 INFO neutron.db.ovn_revision_numbers_db [req-31ca88a1-45b1-423f-bac0-2d37fe6209fe req-d984fb4b-ebf7-4c12-ae66-14008ca0a372 e2fb98b4180640a3b07ff360f3459214 187ac6721caa41fc9b9984565d3204fb - - aea56a651e4e46208e84ee12f850055f aea56a651e4e46208e84ee12f850055f] Successfully bumped revision number for resource 082d78a5-31f4-41a6-9b84-ef6dafbe8919 (type: ports) to 2
2026-05-27 15:08:19.335 9 INFO neutron.wsgi [req-31ca88a1-45b1-423f-bac0-2d37fe6209fe req-d984fb4b-ebf7-4c12-ae66-14008ca0a372 e2fb98b4180640a3b07ff360f3459214 187ac6721caa41fc9b9984565d3204fb - - aea56a651e4e46208e84ee12f850055f aea56a651e4e46208e84ee12f850055f] 199.204.45.156 "PUT /v2.0/ports/082d78a5-31f4-41a6-9b84-ef6dafbe8919 HTTP/1.1" status: 200 len: 1428 time: 0.7799110 /var/lib/openstack/lib/python3.10/site-packages/pycadf/identifier.py:71: UserWarning: Invalid uuid: neutron. To ensure interoperability, identifiers should be a valid uuid. warnings.warn(('Invalid uuid: %s. To ensure interoperability, '
2026-05-27 15:08:19.380 9 INFO neutron.notifiers.nova [-] Nova event matching ['req-36582caa-1922-4e28-928b-ece47dee0ce3'] response: {'name': 'network-changed', 'server_uuid': '1a51f827-613d-4360-b120-3f0a51a7d800', 'tag': '082d78a5-31f4-41a6-9b84-ef6dafbe8919', 'status': 'completed', 'code': 200}
2026-05-27 15:08:19.416 9 INFO neutron.wsgi [req-31ca88a1-45b1-423f-bac0-2d37fe6209fe req-92132f7e-1cea-46dc-8095-fd4feb2ba29f e2fb98b4180640a3b07ff360f3459214 187ac6721caa41fc9b9984565d3204fb - - aea56a651e4e46208e84ee12f850055f aea56a651e4e46208e84ee12f850055f] 199.204.45.156 "GET /v2.0/ports?tenant_id=b748f6bce2ca4bd593c50bd52b2ea4c0&device_id=1a51f827-613d-4360-b120-3f0a51a7d800 HTTP/1.1" status: 200 len: 2661 time: 0.0498178
2026-05-27 15:08:19.449 9 INFO neutron.wsgi [req-31ca88a1-45b1-423f-bac0-2d37fe6209fe req-b7bc102f-d2f7-478d-81fc-35b62d669b49 e2fb98b4180640a3b07ff360f3459214 187ac6721caa41fc9b9984565d3204fb - - aea56a651e4e46208e84ee12f850055f aea56a651e4e46208e84ee12f850055f] 199.204.45.156 "GET /v2.0/floatingips?fixed_ip_address=172.24.0.40&port_id=88a8bd19-0923-471c-8944-e5169bbfe862 HTTP/1.1" status: 200 len: 217 time: 0.0263202
2026-05-27 15:08:19.495 9 INFO neutron.wsgi [req-31ca88a1-45b1-423f-bac0-2d37fe6209fe req-5ba07a44-f38f-450a-9eea-84923f56422f e2fb98b4180640a3b07ff360f3459214 187ac6721caa41fc9b9984565d3204fb - - aea56a651e4e46208e84ee12f850055f aea56a651e4e46208e84ee12f850055f] 199.204.45.156 "GET /v2.0/subnets?id=a718484f-ad48-414e-bc0a-d4c19583e260 HTTP/1.1" status: 200 len: 829 time: 0.0370998
2026-05-27 15:08:19.523 9 INFO neutron.wsgi [req-31ca88a1-45b1-423f-bac0-2d37fe6209fe req-e993e6ff-1300-4dfc-88dc-fe819bbfb963 e2fb98b4180640a3b07ff360f3459214 187ac6721caa41fc9b9984565d3204fb - - aea56a651e4e46208e84ee12f850055f aea56a651e4e46208e84ee12f850055f] 199.204.45.156 "GET /v2.0/ports?network_id=39ee6502-7af6-464c-ac9c-c6b22c6b51ac&device_owner=network%3Adhcp HTTP/1.1" status: 200 len: 210 time: 0.0209966
2026-05-27 15:08:19.609 9 INFO neutron.wsgi [req-31ca88a1-45b1-423f-bac0-2d37fe6209fe req-3f6b6f11-911e-4ca6-83ba-a9b6e02776ba e2fb98b4180640a3b07ff360f3459214 187ac6721caa41fc9b9984565d3204fb - - aea56a651e4e46208e84ee12f850055f aea56a651e4e46208e84ee12f850055f] 199.204.45.156 "GET /v2.0/networks/39ee6502-7af6-464c-ac9c-c6b22c6b51ac?fields=segments HTTP/1.1" status: 200 len: 212 time: 0.0760708
2026-05-27 15:08:19.670 9 INFO neutron.wsgi [req-31ca88a1-45b1-423f-bac0-2d37fe6209fe req-0ce0c6e1-9e05-41bd-821e-81c5807eaee3 e2fb98b4180640a3b07ff360f3459214 187ac6721caa41fc9b9984565d3204fb - - aea56a651e4e46208e84ee12f850055f aea56a651e4e46208e84ee12f850055f] 199.204.45.156 "GET /v2.0/networks/39ee6502-7af6-464c-ac9c-c6b22c6b51ac?fields=provider%3Aphysical_network&fields=provider%3Anetwork_type HTTP/1.1" status: 200 len: 277 time: 0.0563018
2026-05-27 15:08:19.702 9 INFO neutron.wsgi [req-31ca88a1-45b1-423f-bac0-2d37fe6209fe req-c2107b09-da27-46c0-8254-1c0b059ffd30 e2fb98b4180640a3b07ff360f3459214 187ac6721caa41fc9b9984565d3204fb - - aea56a651e4e46208e84ee12f850055f aea56a651e4e46208e84ee12f850055f] 199.204.45.156 "GET /v2.0/floatingips?fixed_ip_address=10.1.1.201&port_id=082d78a5-31f4-41a6-9b84-ef6dafbe8919 HTTP/1.1" status: 200 len: 217 time: 0.0249825
2026-05-27 15:08:19.745 9 INFO neutron.wsgi [req-31ca88a1-45b1-423f-bac0-2d37fe6209fe req-ff9c4c24-42c5-458b-b85e-6defd226e365 e2fb98b4180640a3b07ff360f3459214 187ac6721caa41fc9b9984565d3204fb - - aea56a651e4e46208e84ee12f850055f aea56a651e4e46208e84ee12f850055f] 199.204.45.156 "GET /v2.0/subnets?id=84819acc-8d89-4df8-b6b9-d3b9998485b0 HTTP/1.1" status: 200 len: 854 time: 0.0380270
2026-05-27 15:08:19.773 9 INFO neutron.wsgi [req-31ca88a1-45b1-423f-bac0-2d37fe6209fe req-dc9d83a7-f643-4644-8a9e-4d2948544b2b e2fb98b4180640a3b07ff360f3459214 187ac6721caa41fc9b9984565d3204fb - - aea56a651e4e46208e84ee12f850055f aea56a651e4e46208e84ee12f850055f] 199.204.45.156 "GET /v2.0/ports?network_id=2017f52c-591b-489a-b0d3-d13d5eeed35b&device_owner=network%3Adhcp HTTP/1.1" status: 200 len: 210 time: 0.0216100
2026-05-27 15:08:19.850 9 INFO neutron.wsgi [req-31ca88a1-45b1-423f-bac0-2d37fe6209fe req-91e205f4-b03c-4e82-bf43-8ec7b2707b79 e2fb98b4180640a3b07ff360f3459214 187ac6721caa41fc9b9984565d3204fb - - aea56a651e4e46208e84ee12f850055f aea56a651e4e46208e84ee12f850055f] 199.204.45.156 "GET /v2.0/networks/2017f52c-591b-489a-b0d3-d13d5eeed35b?fields=segments HTTP/1.1" status: 200 len: 212 time: 0.0718310
2026-05-27 15:08:19.922 9 INFO neutron.wsgi [req-31ca88a1-45b1-423f-bac0-2d37fe6209fe req-a3b53f58-d704-4eb7-b29f-f79336a5c6d6 e2fb98b4180640a3b07ff360f3459214 187ac6721caa41fc9b9984565d3204fb - - aea56a651e4e46208e84ee12f850055f aea56a651e4e46208e84ee12f850055f] 199.204.45.156 "GET /v2.0/networks/2017f52c-591b-489a-b0d3-d13d5eeed35b?fields=provider%3Aphysical_network&fields=provider%3Anetwork_type HTTP/1.1" status: 200 len: 277 time: 0.0663273
2026-05-27 15:08:20.006 9 INFO neutron.wsgi [req-3b6a9b43-a9ee-4699-8a00-7da99a209d3a req-bd876343-2cf8-40f3-a0a8-ed7f1d10ec5c e2fb98b4180640a3b07ff360f3459214 187ac6721caa41fc9b9984565d3204fb - - aea56a651e4e46208e84ee12f850055f aea56a651e4e46208e84ee12f850055f] 199.204.45.156 "GET /v2.0/ports?tenant_id=b748f6bce2ca4bd593c50bd52b2ea4c0&device_id=1a51f827-613d-4360-b120-3f0a51a7d800 HTTP/1.1" status: 200 len: 2661 time: 0.0435660
2026-05-27 15:08:20.035 9 INFO neutron.plugins.ml2.drivers.ovn.mech_driver.mech_driver [None req-2b508bcd-6fe6-4a6b-a44d-84c2f305a0c0 - - - - - -] OVN reports status up for port: 082d78a5-31f4-41a6-9b84-ef6dafbe8919
2026-05-27 15:08:20.057 9 INFO neutron.plugins.ml2.plugin [None req-2b508bcd-6fe6-4a6b-a44d-84c2f305a0c0 - - - - - -] Attempt 1 to provision port 082d78a5-31f4-41a6-9b84-ef6dafbe8919
2026-05-27 15:08:20.101 9 INFO neutron.wsgi [req-3b6a9b43-a9ee-4699-8a00-7da99a209d3a req-9e5a0c97-6678-45ee-b95d-f2f1ec253b07 e2fb98b4180640a3b07ff360f3459214 187ac6721caa41fc9b9984565d3204fb - - aea56a651e4e46208e84ee12f850055f aea56a651e4e46208e84ee12f850055f] 199.204.45.156 "GET /v2.0/networks?id=2017f52c-591b-489a-b0d3-d13d5eeed35b HTTP/1.1" status: 200 len: 1004 time: 0.0881667
2026-05-27 15:08:20.140 9 INFO neutron.wsgi [req-3b6a9b43-a9ee-4699-8a00-7da99a209d3a req-c5a6e65c-b600-47e1-b310-d971e0f06476 e2fb98b4180640a3b07ff360f3459214 187ac6721caa41fc9b9984565d3204fb - - aea56a651e4e46208e84ee12f850055f aea56a651e4e46208e84ee12f850055f] 199.204.45.156 "GET /v2.0/floatingips?fixed_ip_address=10.1.1.201&port_id=082d78a5-31f4-41a6-9b84-ef6dafbe8919 HTTP/1.1" status: 200 len: 217 time: 0.0284491
2026-05-27 15:08:20.165 10 INFO neutron.wsgi [-] 10.0.0.15 "GET / HTTP/1.1" status: 200 len: 247 time: 0.0033035
2026-05-27 15:08:20.169 10 INFO neutron.wsgi [-] 10.0.0.15 "GET / HTTP/1.1" status: 200 len: 247 time: 0.0021513
2026-05-27 15:08:20.231 9 INFO neutron.wsgi [req-3b6a9b43-a9ee-4699-8a00-7da99a209d3a req-d6dd3585-6d50-400b-b8da-9a7876a88def e2fb98b4180640a3b07ff360f3459214 187ac6721caa41fc9b9984565d3204fb - - aea56a651e4e46208e84ee12f850055f aea56a651e4e46208e84ee12f850055f] 199.204.45.156 "GET /v2.0/subnets?id=84819acc-8d89-4df8-b6b9-d3b9998485b0 HTTP/1.1" status: 200 len: 854 time: 0.0784912
2026-05-27 15:08:20.253 9 INFO neutron.wsgi [req-31ca88a1-45b1-423f-bac0-2d37fe6209fe req-32cc1378-4f7b-40ab-85ed-4c63991aea7d b2389cd0db04491fa47c218780333a8f b748f6bce2ca4bd593c50bd52b2ea4c0 - - default default] 10.0.0.67 "GET /v2.0/ports/082d78a5-31f4-41a6-9b84-ef6dafbe8919 HTTP/1.1" status: 200 len: 1456 time: 0.0669744
2026-05-27 15:08:20.268 9 INFO neutron.wsgi [req-3b6a9b43-a9ee-4699-8a00-7da99a209d3a req-7a585c4e-4552-4531-9fb3-3326d22927a0 e2fb98b4180640a3b07ff360f3459214 187ac6721caa41fc9b9984565d3204fb - - aea56a651e4e46208e84ee12f850055f aea56a651e4e46208e84ee12f850055f] 199.204.45.156 "GET /v2.0/ports?network_id=2017f52c-591b-489a-b0d3-d13d5eeed35b&device_owner=network%3Adhcp HTTP/1.1" status: 200 len: 210 time: 0.0316389 /var/lib/openstack/lib/python3.10/site-packages/pycadf/identifier.py:71: UserWarning: Invalid uuid: neutron. To ensure interoperability, identifiers should be a valid uuid. warnings.warn(('Invalid uuid: %s. To ensure interoperability, '
2026-05-27 15:08:20.396 9 INFO neutron.wsgi [req-3b6a9b43-a9ee-4699-8a00-7da99a209d3a req-5c36fa37-92f7-4f3f-adb9-27635d55d9a7 e2fb98b4180640a3b07ff360f3459214 187ac6721caa41fc9b9984565d3204fb - - aea56a651e4e46208e84ee12f850055f aea56a651e4e46208e84ee12f850055f] 199.204.45.156 "GET /v2.0/networks/2017f52c-591b-489a-b0d3-d13d5eeed35b?fields=segments HTTP/1.1" status: 200 len: 212 time: 0.1164057
2026-05-27 15:08:20.504 9 INFO neutron.wsgi [req-3b6a9b43-a9ee-4699-8a00-7da99a209d3a req-08e697f3-d548-4995-83e5-c4103e1aa1d9 e2fb98b4180640a3b07ff360f3459214 187ac6721caa41fc9b9984565d3204fb - - aea56a651e4e46208e84ee12f850055f aea56a651e4e46208e84ee12f850055f] 199.204.45.156 "GET /v2.0/networks/2017f52c-591b-489a-b0d3-d13d5eeed35b?fields=provider%3Aphysical_network&fields=provider%3Anetwork_type HTTP/1.1" status: 200 len: 277 time: 0.1000016
2026-05-27 15:08:20.589 9 INFO neutron.db.ovn_revision_numbers_db [None req-2b508bcd-6fe6-4a6b-a44d-84c2f305a0c0 - - - - - -] Successfully bumped revision number for resource 082d78a5-31f4-41a6-9b84-ef6dafbe8919 (type: ports) to 4
2026-05-27 15:08:20.741 10 INFO neutron.wsgi [req-4b370e78-8cb4-4efb-b843-9d4196b2db47 req-674359d6-c6ce-4d15-96d9-578391d0e207 e2fb98b4180640a3b07ff360f3459214 187ac6721caa41fc9b9984565d3204fb - - aea56a651e4e46208e84ee12f850055f aea56a651e4e46208e84ee12f850055f] 199.204.45.156 "GET /v2.0/ports?device_id=e08b6513-fc98-4d85-be7f-754bfda15e94&fields=binding%3Ahost_id&fields=binding%3Avif_type HTTP/1.1" status: 200 len: 265 time: 0.3223333
2026-05-27 15:08:20.837 10 INFO neutron.wsgi [req-4b370e78-8cb4-4efb-b843-9d4196b2db47 req-48355698-0fc5-4a7c-89bc-182080f7d48a e2fb98b4180640a3b07ff360f3459214 187ac6721caa41fc9b9984565d3204fb - - aea56a651e4e46208e84ee12f850055f aea56a651e4e46208e84ee12f850055f] 199.204.45.156 "GET /v2.0/ports?tenant_id=f723c007e9e249c5aee7ff85225ca9ab&device_id=e08b6513-fc98-4d85-be7f-754bfda15e94 HTTP/1.1" status: 200 len: 1642 time: 0.0771306 /var/lib/openstack/lib/python3.10/site-packages/pycadf/identifier.py:71: UserWarning: Invalid uuid: neutron. To ensure interoperability, identifiers should be a valid uuid. warnings.warn(('Invalid uuid: %s. To ensure interoperability, '
2026-05-27 15:08:20.977 10 INFO neutron.wsgi [req-4b370e78-8cb4-4efb-b843-9d4196b2db47 req-54fab8b3-f452-443d-b2cc-6d77c472d978 e2fb98b4180640a3b07ff360f3459214 187ac6721caa41fc9b9984565d3204fb - - aea56a651e4e46208e84ee12f850055f aea56a651e4e46208e84ee12f850055f] 199.204.45.156 "GET /v2.0/networks?id=b45fca6d-4795-420a-aafe-d3fd61cafb49 HTTP/1.1" status: 200 len: 1003 time: 0.1127586
2026-05-27 15:08:21.061 10 INFO neutron.wsgi [req-4b370e78-8cb4-4efb-b843-9d4196b2db47 req-00df18e1-d7bd-495f-9972-bde343497808 e2fb98b4180640a3b07ff360f3459214 187ac6721caa41fc9b9984565d3204fb - - aea56a651e4e46208e84ee12f850055f aea56a651e4e46208e84ee12f850055f] 199.204.45.156 "GET /v2.0/floatingips?fixed_ip_address=10.2.2.125&port_id=dd18dfcb-28b0-424c-a03b-ebf6e7408fa1 HTTP/1.1" status: 200 len: 1059 time: 0.0785365
2026-05-27 15:08:21.080 10 INFO neutron.db.ovn_revision_numbers_db [None req-c97d4727-9c5b-4836-aa75-f0fe2ac51262 b2389cd0db04491fa47c218780333a8f b748f6bce2ca4bd593c50bd52b2ea4c0 - - default default] Successfully bumped revision number for resource 082d78a5-31f4-41a6-9b84-ef6dafbe8919 (type: ports) to 5
2026-05-27 15:08:21.105 10 INFO neutron.wsgi [None req-c97d4727-9c5b-4836-aa75-f0fe2ac51262 b2389cd0db04491fa47c218780333a8f b748f6bce2ca4bd593c50bd52b2ea4c0 - - default default] 199.204.45.156 "PUT /v2.0/ports/082d78a5-31f4-41a6-9b84-ef6dafbe8919 HTTP/1.1" status: 200 len: 1491 time: 0.8387799
2026-05-27 15:08:21.113 10 INFO neutron.wsgi [req-4b370e78-8cb4-4efb-b843-9d4196b2db47 req-e7c37dbf-53ad-468d-a64f-13f51c424362 e2fb98b4180640a3b07ff360f3459214 187ac6721caa41fc9b9984565d3204fb - - aea56a651e4e46208e84ee12f850055f aea56a651e4e46208e84ee12f850055f] 199.204.45.156 "GET /v2.0/floatingips?fixed_ip_address=fd77%3A1457%3A4cf0%3A26a8%3A%3A2e2&port_id=dd18dfcb-28b0-424c-a03b-ebf6e7408fa1 HTTP/1.1" status: 200 len: 217 time: 0.0336919
2026-05-27 15:08:21.128 10 INFO neutron.api.v2.resource [None req-eb832170-e60f-4608-9c07-59bff60e4e13 b2389cd0db04491fa47c218780333a8f b748f6bce2ca4bd593c50bd52b2ea4c0 - - default default] show failed (client error): The resource could not be found.
2026-05-27 15:08:21.129 10 INFO neutron.wsgi [None req-eb832170-e60f-4608-9c07-59bff60e4e13 b2389cd0db04491fa47c218780333a8f b748f6bce2ca4bd593c50bd52b2ea4c0 - - default default] 199.204.45.156 "GET /v2.0/security-groups/lb-27fee5e4-bec5-48e2-af5b-6329a1472a03 HTTP/1.1" status: 404 len: 355 time: 0.0161223
2026-05-27 15:08:21.134 10 INFO neutron.notifiers.nova [-] Nova event matching ['req-68c7ca15-8d64-4cb9-85f1-5627a86c1ffd'] response: {'name': 'network-changed', 'server_uuid': '1a51f827-613d-4360-b120-3f0a51a7d800', 'tag': '082d78a5-31f4-41a6-9b84-ef6dafbe8919', 'status': 'completed', 'code': 200} /var/lib/openstack/lib/python3.10/site-packages/pycadf/identifier.py:71: UserWarning: Invalid uuid: neutron. To ensure interoperability, identifiers should be a valid uuid. warnings.warn(('Invalid uuid: %s. To ensure interoperability, '
2026-05-27 15:08:21.188 10 INFO neutron.wsgi [req-4b370e78-8cb4-4efb-b843-9d4196b2db47 req-b545fb4b-f5d6-4944-8dbc-db9a4110a85b e2fb98b4180640a3b07ff360f3459214 187ac6721caa41fc9b9984565d3204fb - - aea56a651e4e46208e84ee12f850055f aea56a651e4e46208e84ee12f850055f] 199.204.45.156 "GET /v2.0/subnets?id=30c95413-17f7-4fdc-a974-dc43c5e4a658&id=04a4c217-f0f9-4bed-86ec-4a75edf31cbb HTTP/1.1" status: 200 len: 1565 time: 0.0678165
2026-05-27 15:08:21.194 10 INFO neutron.wsgi [None req-d777d3c9-b197-45f0-a379-b93119a22cf0 b2389cd0db04491fa47c218780333a8f b748f6bce2ca4bd593c50bd52b2ea4c0 - - default default] 199.204.45.156 "GET /v2.0/security-groups?name=lb-27fee5e4-bec5-48e2-af5b-6329a1472a03 HTTP/1.1" status: 200 len: 1777 time: 0.0593808
2026-05-27 15:08:21.208 9 INFO neutron.wsgi [req-cda2bc4a-5a5e-42fe-92a2-0212648fad34 req-784cd2ed-5658-4ae2-8565-29d78d1901ee e2fb98b4180640a3b07ff360f3459214 187ac6721caa41fc9b9984565d3204fb - - aea56a651e4e46208e84ee12f850055f aea56a651e4e46208e84ee12f850055f] 199.204.45.156 "GET /v2.0/ports?tenant_id=b748f6bce2ca4bd593c50bd52b2ea4c0&device_id=1a51f827-613d-4360-b120-3f0a51a7d800 HTTP/1.1" status: 200 len: 2724 time: 0.0472031
2026-05-27 15:08:21.230 10 INFO neutron.wsgi [req-4b370e78-8cb4-4efb-b843-9d4196b2db47 req-6d73ebf3-0240-43e3-9812-70971194df44 e2fb98b4180640a3b07ff360f3459214 187ac6721caa41fc9b9984565d3204fb - - aea56a651e4e46208e84ee12f850055f aea56a651e4e46208e84ee12f850055f] 199.204.45.156 "GET /v2.0/ports?network_id=b45fca6d-4795-420a-aafe-d3fd61cafb49&device_owner=network%3Adhcp HTTP/1.1" status: 200 len: 210 time: 0.0347998
2026-05-27 15:08:21.259 10 INFO neutron.wsgi [req-4b370e78-8cb4-4efb-b843-9d4196b2db47 req-26d3f218-8203-45fc-b196-2995638ce0d7 e2fb98b4180640a3b07ff360f3459214 187ac6721caa41fc9b9984565d3204fb - - aea56a651e4e46208e84ee12f850055f aea56a651e4e46208e84ee12f850055f] 199.204.45.156 "GET /v2.0/ports?network_id=b45fca6d-4795-420a-aafe-d3fd61cafb49&device_owner=network%3Adhcp HTTP/1.1" status: 200 len: 210 time: 0.0228779
2026-05-27 15:08:21.270 9 INFO neutron.wsgi [req-cda2bc4a-5a5e-42fe-92a2-0212648fad34 req-a2191108-80de-42f9-92c2-02df59f7a9f1 e2fb98b4180640a3b07ff360f3459214 187ac6721caa41fc9b9984565d3204fb - - aea56a651e4e46208e84ee12f850055f aea56a651e4e46208e84ee12f850055f] 199.204.45.156 "GET /v2.0/networks?id=2017f52c-591b-489a-b0d3-d13d5eeed35b HTTP/1.1" status: 200 len: 1004 time: 0.0538511
2026-05-27 15:08:21.296 9 INFO neutron.wsgi [req-cda2bc4a-5a5e-42fe-92a2-0212648fad34 req-e178ad41-7657-4d96-9d16-2c75e06eeb1f e2fb98b4180640a3b07ff360f3459214 187ac6721caa41fc9b9984565d3204fb - - aea56a651e4e46208e84ee12f850055f aea56a651e4e46208e84ee12f850055f] 199.204.45.156 "GET /v2.0/floatingips?fixed_ip_address=10.1.1.201&port_id=082d78a5-31f4-41a6-9b84-ef6dafbe8919 HTTP/1.1" status: 200 len: 217 time: 0.0201485
2026-05-27 15:08:21.338 9 INFO neutron.wsgi [req-cda2bc4a-5a5e-42fe-92a2-0212648fad34 req-9486a02e-b714-48a4-842d-5e70c040235c e2fb98b4180640a3b07ff360f3459214 187ac6721caa41fc9b9984565d3204fb - - aea56a651e4e46208e84ee12f850055f aea56a651e4e46208e84ee12f850055f] 199.204.45.156 "GET /v2.0/subnets?id=84819acc-8d89-4df8-b6b9-d3b9998485b0 HTTP/1.1" status: 200 len: 854 time: 0.0345957
2026-05-27 15:08:21.363 10 INFO neutron.wsgi [req-4b370e78-8cb4-4efb-b843-9d4196b2db47 req-0a6f1ab8-2405-47ea-9a60-9cf735af59c4 e2fb98b4180640a3b07ff360f3459214 187ac6721caa41fc9b9984565d3204fb - - aea56a651e4e46208e84ee12f850055f aea56a651e4e46208e84ee12f850055f] 199.204.45.156 "GET /v2.0/networks/b45fca6d-4795-420a-aafe-d3fd61cafb49?fields=segments HTTP/1.1" status: 200 len: 212 time: 0.0954731
2026-05-27 15:08:21.368 9 INFO neutron.wsgi [req-cda2bc4a-5a5e-42fe-92a2-0212648fad34 req-43ecb73b-0e68-4719-9a56-e052ad316d3c e2fb98b4180640a3b07ff360f3459214 187ac6721caa41fc9b9984565d3204fb - - aea56a651e4e46208e84ee12f850055f aea56a651e4e46208e84ee12f850055f] 199.204.45.156 "GET /v2.0/ports?network_id=2017f52c-591b-489a-b0d3-d13d5eeed35b&device_owner=network%3Adhcp HTTP/1.1" status: 200 len: 210 time: 0.0219331
2026-05-27 15:08:21.435 9 INFO neutron.notifiers.nova [-] Nova event matching ['req-1c1d4a5e-2c97-41a6-89be-a042a5fc68f8'] response: {'server_uuid': '1a51f827-613d-4360-b120-3f0a51a7d800', 'name': 'network-vif-plugged', 'status': 'completed', 'tag': '082d78a5-31f4-41a6-9b84-ef6dafbe8919', 'code': 200}
2026-05-27 15:08:21.435 9 INFO neutron.notifiers.nova [-] Nova event matching ['req-1c1d4a5e-2c97-41a6-89be-a042a5fc68f8'] response: {'server_uuid': '1a51f827-613d-4360-b120-3f0a51a7d800', 'name': 'network-vif-plugged', 'status': 'completed', 'tag': '082d78a5-31f4-41a6-9b84-ef6dafbe8919', 'code': 200}
2026-05-27 15:08:21.451 9 INFO neutron.wsgi [req-cda2bc4a-5a5e-42fe-92a2-0212648fad34 req-0531c85a-87e3-4199-9c6d-f75dd4bbb5a4 e2fb98b4180640a3b07ff360f3459214 187ac6721caa41fc9b9984565d3204fb - - aea56a651e4e46208e84ee12f850055f aea56a651e4e46208e84ee12f850055f] 199.204.45.156 "GET /v2.0/networks/2017f52c-591b-489a-b0d3-d13d5eeed35b?fields=segments HTTP/1.1" status: 200 len: 212 time: 0.0754805
2026-05-27 15:08:21.468 10 INFO neutron.wsgi [req-4b370e78-8cb4-4efb-b843-9d4196b2db47 req-2394fe2a-6c83-435c-b7ff-f5d2918e2dd5 e2fb98b4180640a3b07ff360f3459214 187ac6721caa41fc9b9984565d3204fb - - aea56a651e4e46208e84ee12f850055f aea56a651e4e46208e84ee12f850055f] 199.204.45.156 "GET /v2.0/networks/b45fca6d-4795-420a-aafe-d3fd61cafb49?fields=provider%3Aphysical_network&fields=provider%3Anetwork_type HTTP/1.1" status: 200 len: 277 time: 0.0923767
2026-05-27 15:08:21.538 9 INFO neutron.wsgi [req-cda2bc4a-5a5e-42fe-92a2-0212648fad34 req-a4bb2469-bf0e-4132-88e5-816fd9f9aa57 e2fb98b4180640a3b07ff360f3459214 187ac6721caa41fc9b9984565d3204fb - - aea56a651e4e46208e84ee12f850055f aea56a651e4e46208e84ee12f850055f] 199.204.45.156 "GET /v2.0/networks/2017f52c-591b-489a-b0d3-d13d5eeed35b?fields=provider%3Aphysical_network&fields=provider%3Anetwork_type HTTP/1.1" status: 200 len: 277 time: 0.0793812
2026-05-27 15:08:21.628 10 INFO neutron.db.ovn_revision_numbers_db [None req-9cbd1fe1-01f4-47f7-8488-d8f8c12042fa b2389cd0db04491fa47c218780333a8f b748f6bce2ca4bd593c50bd52b2ea4c0 - - default default] Successfully bumped revision number for resource 082d78a5-31f4-41a6-9b84-ef6dafbe8919 (type: ports) to 6
2026-05-27 15:08:21.644 10 INFO neutron.wsgi [None req-9cbd1fe1-01f4-47f7-8488-d8f8c12042fa b2389cd0db04491fa47c218780333a8f b748f6bce2ca4bd593c50bd52b2ea4c0 - - default default] 199.204.45.156 "PUT /v2.0/ports/082d78a5-31f4-41a6-9b84-ef6dafbe8919 HTTP/1.1" status: 200 len: 1491 time: 0.4274261 /var/lib/openstack/lib/python3.10/site-packages/pycadf/identifier.py:71: UserWarning: Invalid uuid: neutron. To ensure interoperability, identifiers should be a valid uuid. warnings.warn(('Invalid uuid: %s. To ensure interoperability, '
2026-05-27 15:08:21.915 10 INFO neutron.wsgi [None req-4c9131a3-65bc-44a2-b32f-fa097cc78a92 b2389cd0db04491fa47c218780333a8f b748f6bce2ca4bd593c50bd52b2ea4c0 - - default default] 199.204.45.156 "GET /v2.0/extensions/security-group HTTP/1.1" status: 200 len: 369 time: 0.0105841
2026-05-27 15:08:21.928 10 INFO neutron.wsgi [None req-4067cdb7-b7d4-4cfa-9c0f-98f7b31e5bbe b2389cd0db04491fa47c218780333a8f b748f6bce2ca4bd593c50bd52b2ea4c0 - - default default] 199.204.45.156 "GET /v2.0/extensions/dns-integration HTTP/1.1" status: 200 len: 371 time: 0.0060794
2026-05-27 15:08:21.939 10 INFO neutron.wsgi [None req-0768792e-14de-4571-9e60-bc701aab2a9f b2389cd0db04491fa47c218780333a8f b748f6bce2ca4bd593c50bd52b2ea4c0 - - default default] 199.204.45.156 "GET /v2.0/extensions/qos HTTP/1.1" status: 200 len: 365 time: 0.0063868
2026-05-27 15:08:21.954 10 INFO neutron.wsgi [None req-c02c648e-2f7a-47f3-b168-850f89a54cad b2389cd0db04491fa47c218780333a8f b748f6bce2ca4bd593c50bd52b2ea4c0 - - default default] 199.204.45.156 "GET /v2.0/extensions/allowed-address-pairs HTTP/1.1" status: 200 len: 383 time: 0.0075529
2026-05-27 15:08:22.005 10 INFO neutron.wsgi [None req-dd56072e-61f1-4b01-9a3c-30ec10423400 b2389cd0db04491fa47c218780333a8f b748f6bce2ca4bd593c50bd52b2ea4c0 - - default default] 199.204.45.156 "GET /v2.0/subnets/84819acc-8d89-4df8-b6b9-d3b9998485b0 HTTP/1.1" status: 200 len: 851 time: 0.0407715
2026-05-27 15:08:22.050 10 INFO neutron.wsgi [None req-4ddb7ebd-0fc9-4ff9-9158-c7482410c8a3 b2389cd0db04491fa47c218780333a8f b748f6bce2ca4bd593c50bd52b2ea4c0 - - default default] 199.204.45.156 "GET /v2.0/ports/12701d7e-99ba-419b-a784-dacdcab3793a HTTP/1.1" status: 200 len: 1332 time: 0.0389085
2026-05-27 15:08:22.103 10 INFO neutron.wsgi [None req-4e4d5ef7-90ea-46f8-a0ca-23a113da7a48 b2389cd0db04491fa47c218780333a8f b748f6bce2ca4bd593c50bd52b2ea4c0 - - default default] 199.204.45.156 "GET /v2.0/ports/082d78a5-31f4-41a6-9b84-ef6dafbe8919 HTTP/1.1" status: 200 len: 1519 time: 0.0424230
2026-05-27 15:08:22.149 10 INFO neutron.wsgi [None req-1c8a231f-dc49-4ccb-8fe3-ce4ac1088913 b2389cd0db04491fa47c218780333a8f b748f6bce2ca4bd593c50bd52b2ea4c0 - - default default] 199.204.45.156 "GET /v2.0/subnets/84819acc-8d89-4df8-b6b9-d3b9998485b0 HTTP/1.1" status: 200 len: 851 time: 0.0395019
2026-05-27 15:08:22.230 10 INFO neutron.wsgi [None req-8944b04f-49ac-48b9-8b88-43646210da61 b2389cd0db04491fa47c218780333a8f b748f6bce2ca4bd593c50bd52b2ea4c0 - - default default] 199.204.45.156 "GET /v2.0/networks/2017f52c-591b-489a-b0d3-d13d5eeed35b HTTP/1.1" status: 200 len: 1001 time: 0.0734513
