2026-05-27 15:04:00.225 10 INFO neutron.db.ovn_revision_numbers_db [None req-a312ca76-51d8-4f62-873b-ae9a4ab94e37 e80261e433dd41189e676b62fbe3a11f 288d6f20a9324841962eba0e0abb295a - - default default] Successfully bumped revision number for resource 25b40ab5-d244-4955-8582-87d2f40f6cb1 (type: router_ports) to 3
2026-05-27 15:04:00.230 10 INFO neutron.wsgi [None req-a312ca76-51d8-4f62-873b-ae9a4ab94e37 e80261e433dd41189e676b62fbe3a11f 288d6f20a9324841962eba0e0abb295a - - default default] 10.0.0.86 "PUT /v2.0/routers/a3d4d795-0b07-46c2-8e4b-ba159bec635b/add_router_interface HTTP/1.1" status: 200 len: 503 time: 2.4532378
2026-05-27 15:04:00.246 9 INFO neutron.db.ovn_revision_numbers_db [None req-132adbee-6ec9-4e76-8400-9f7967d0d76c - - - - - -] Successfully bumped revision number for resource 566136d1-d9d6-41d4-af5c-7414f1085aaf (type: router_ports) to 3
2026-05-27 15:04:00.295 9 INFO neutron.db.ovn_revision_numbers_db [None req-7ef402d0-d8b7-4e67-8aaf-4436c22b294e b2389cd0db04491fa47c218780333a8f b748f6bce2ca4bd593c50bd52b2ea4c0 - - default default] Successfully bumped revision number for resource 14660fd1-d6bb-46ab-92c3-28c507be9115 (type: ports) to 1
2026-05-27 15:04:00.386 10 INFO neutron.wsgi [None req-0952ceb5-94b5-4bf7-89b5-135b3bc83e60 b2389cd0db04491fa47c218780333a8f b748f6bce2ca4bd593c50bd52b2ea4c0 - - default default] 10.0.0.30 "GET /v2.0/routers HTTP/1.1" status: 200 len: 1344 time: 0.1536758
2026-05-27 15:04:00.408 10 INFO neutron.wsgi [None req-07ceb76a-246d-40c6-8634-4b442bc030ad b2389cd0db04491fa47c218780333a8f b748f6bce2ca4bd593c50bd52b2ea4c0 - - default default] 10.0.0.30 "GET /v2.0/agents?binary=ovn-controller HTTP/1.1" status: 200 len: 591 time: 0.0198517
2026-05-27 15:04:00.428 10 INFO neutron.wsgi [None req-40ac2948-dbf2-4eb6-bc3a-d9f27c37e9a4 e80261e433dd41189e676b62fbe3a11f 288d6f20a9324841962eba0e0abb295a - - default default] 10.0.0.86 "GET /v2.0/ports/25b40ab5-d244-4955-8582-87d2f40f6cb1 HTTP/1.1" status: 200 len: 1204 time: 0.1885085
2026-05-27 15:04:00.454 9 WARNING neutron.scheduler.dhcp_agent_scheduler [None req-45135cd0-376f-490b-983d-1b08232f357f 002319743e5341c1b39a563542b9da56 f1ffc0f714e84b219a319cf0cf7f3f3f - - default default] No more DHCP agents
2026-05-27 15:04:00.460 9 WARNING neutron.api.rpc.agentnotifiers.dhcp_rpc_agent_api [None req-45135cd0-376f-490b-983d-1b08232f357f 002319743e5341c1b39a563542b9da56 f1ffc0f714e84b219a319cf0cf7f3f3f - - default default] Unable to schedule network 1b6bbd7c-f6e7-4aae-ad43-abcbb3fe1168: no agents available; will retry on subsequent port and subnet creation events.
2026-05-27 15:04:00.625 9 INFO neutron.db.ovn_revision_numbers_db [None req-132adbee-6ec9-4e76-8400-9f7967d0d76c - - - - - -] Successfully bumped revision number for resource 566136d1-d9d6-41d4-af5c-7414f1085aaf (type: ports) to 2
2026-05-27 15:04:00.678 9 INFO neutron.db.ovn_revision_numbers_db [None req-45135cd0-376f-490b-983d-1b08232f357f 002319743e5341c1b39a563542b9da56 f1ffc0f714e84b219a319cf0cf7f3f3f - - default default] Successfully bumped revision number for resource 6e4c5bb5-f155-47e1-9994-3bf7cd35bb0e (type: ports) to 1
2026-05-27 15:04:00.724 9 INFO neutron.wsgi [None req-45135cd0-376f-490b-983d-1b08232f357f 002319743e5341c1b39a563542b9da56 f1ffc0f714e84b219a319cf0cf7f3f3f - - default default] 10.0.0.86 "POST /v2.0/networks HTTP/1.1" status: 201 len: 849 time: 1.0516348 /var/lib/openstack/lib/python3.10/site-packages/pycadf/identifier.py:71: UserWarning: Invalid uuid: neutron. To ensure interoperability, identifiers should be a valid uuid. warnings.warn(('Invalid uuid: %s. To ensure interoperability, '
2026-05-27 15:04:00.734 10 WARNING neutron_lib.context [None req-04e8d93e-bba0-4fd8-8a51-50ce3ef985e1 002319743e5341c1b39a563542b9da56 f1ffc0f714e84b219a319cf0cf7f3f3f - - default default] Method 'is_advsvc' is deprecated since 2023.2 release (neutron-lib 3.8.0) and will be removed once support for the old RBAC API policies will be removed from Neutron. Please use method 'is_service_role' instead.
2026-05-27 15:04:00.779 10 WARNING neutron_lib.context [None req-04e8d93e-bba0-4fd8-8a51-50ce3ef985e1 002319743e5341c1b39a563542b9da56 f1ffc0f714e84b219a319cf0cf7f3f3f - - default default] Method 'is_advsvc' is deprecated since 2023.2 release (neutron-lib 3.8.0) and will be removed once support for the old RBAC API policies will be removed from Neutron. Please use method 'is_service_role' instead.
2026-05-27 15:04:00.969 9 INFO neutron.plugins.ml2.drivers.ovn.mech_driver.mech_driver [None req-2b508bcd-6fe6-4a6b-a44d-84c2f305a0c0 - - - - - -] OVN reports status up for port: 14660fd1-d6bb-46ab-92c3-28c507be9115
2026-05-27 15:04:00.994 9 INFO neutron.plugins.ml2.plugin [None req-2b508bcd-6fe6-4a6b-a44d-84c2f305a0c0 - - - - - -] Attempt 1 to provision port 14660fd1-d6bb-46ab-92c3-28c507be9115
2026-05-27 15:04:01.026 9 INFO neutron.db.ovn_revision_numbers_db [None req-7ef402d0-d8b7-4e67-8aaf-4436c22b294e b2389cd0db04491fa47c218780333a8f b748f6bce2ca4bd593c50bd52b2ea4c0 - - default default] Successfully bumped revision number for resource 14660fd1-d6bb-46ab-92c3-28c507be9115 (type: router_ports) to 1
2026-05-27 15:04:01.054 9 INFO neutron.db.ovn_revision_numbers_db [None req-132adbee-6ec9-4e76-8400-9f7967d0d76c - - - - - -] Successfully bumped revision number for resource 566136d1-d9d6-41d4-af5c-7414f1085aaf (type: ports) to 4
2026-05-27 15:04:01.665 9 INFO neutron.db.ovn_revision_numbers_db [None req-7ef402d0-d8b7-4e67-8aaf-4436c22b294e b2389cd0db04491fa47c218780333a8f b748f6bce2ca4bd593c50bd52b2ea4c0 - - default default] Successfully bumped revision number for resource 14660fd1-d6bb-46ab-92c3-28c507be9115 (type: ports) to 1
2026-05-27 15:04:01.689 10 INFO neutron.wsgi [None req-fb7bf055-024f-4a78-bbff-b241d0bb920c e80261e433dd41189e676b62fbe3a11f 288d6f20a9324841962eba0e0abb295a - - default default] 10.0.0.86 "PUT /v2.0/routers/a3d4d795-0b07-46c2-8e4b-ba159bec635b/remove_router_interface HTTP/1.1" status: 200 len: 503 time: 1.2532649 /var/lib/openstack/lib/python3.10/site-packages/pycadf/identifier.py:71: UserWarning: Invalid uuid: neutron. To ensure interoperability, identifiers should be a valid uuid. warnings.warn(('Invalid uuid: %s. To ensure interoperability, '
2026-05-27 15:04:01.744 9 INFO neutron.db.ovn_revision_numbers_db [None req-132adbee-6ec9-4e76-8400-9f7967d0d76c - - - - - -] Successfully bumped revision number for resource 566136d1-d9d6-41d4-af5c-7414f1085aaf (type: router_ports) to 4
2026-05-27 15:04:01.785 10 INFO neutron.api.v2.resource [None req-14360974-807b-41a0-895a-f4a3d9f02fea e80261e433dd41189e676b62fbe3a11f 288d6f20a9324841962eba0e0abb295a - - default default] remove_router_interface failed (client error): The resource could not be found.
2026-05-27 15:04:01.786 10 INFO neutron.wsgi [None req-14360974-807b-41a0-895a-f4a3d9f02fea e80261e433dd41189e676b62fbe3a11f 288d6f20a9324841962eba0e0abb295a - - default default] 10.0.0.86 "PUT /v2.0/routers/a3d4d795-0b07-46c2-8e4b-ba159bec635b/remove_router_interface HTTP/1.1" status: 404 len: 398 time: 0.0910246
2026-05-27 15:04:01.788 10 WARNING neutron.scheduler.dhcp_agent_scheduler [None req-04e8d93e-bba0-4fd8-8a51-50ce3ef985e1 002319743e5341c1b39a563542b9da56 f1ffc0f714e84b219a319cf0cf7f3f3f - - default default] No more DHCP agents
2026-05-27 15:04:01.792 10 WARNING neutron.api.rpc.agentnotifiers.dhcp_rpc_agent_api [None req-04e8d93e-bba0-4fd8-8a51-50ce3ef985e1 002319743e5341c1b39a563542b9da56 f1ffc0f714e84b219a319cf0cf7f3f3f - - default default] Unable to schedule network 198ae1e4-1dcf-4768-bd5b-f790afc485c7: no agents available; will retry on subsequent port and subnet creation events. /var/lib/openstack/lib/python3.10/site-packages/pycadf/identifier.py:71: UserWarning: Invalid uuid: neutron. To ensure interoperability, identifiers should be a valid uuid. warnings.warn(('Invalid uuid: %s. To ensure interoperability, '
2026-05-27 15:04:01.827 10 INFO neutron.wsgi [None req-233b15ca-7413-4e55-b0ea-56913ff34736 e80261e433dd41189e676b62fbe3a11f 288d6f20a9324841962eba0e0abb295a - - default default] 10.0.0.86 "GET /v2.0/ports?device_id=a3d4d795-0b07-46c2-8e4b-ba159bec635b HTTP/1.1" status: 200 len: 205 time: 0.0315497
2026-05-27 15:04:01.829 9 WARNING neutron.scheduler.dhcp_agent_scheduler [None req-7ef402d0-d8b7-4e67-8aaf-4436c22b294e b2389cd0db04491fa47c218780333a8f b748f6bce2ca4bd593c50bd52b2ea4c0 - - default default] No more DHCP agents
2026-05-27 15:04:01.838 9 WARNING neutron.api.rpc.agentnotifiers.dhcp_rpc_agent_api [None req-7ef402d0-d8b7-4e67-8aaf-4436c22b294e b2389cd0db04491fa47c218780333a8f b748f6bce2ca4bd593c50bd52b2ea4c0 - - default default] Unable to schedule network 8d9f1f90-dda6-48b6-912e-c994571ef0b7: no agents available; will retry on subsequent port and subnet creation events.
2026-05-27 15:04:01.868 9 INFO neutron.db.ovn_revision_numbers_db [None req-2b508bcd-6fe6-4a6b-a44d-84c2f305a0c0 - - - - - -] Successfully bumped revision number for resource 14660fd1-d6bb-46ab-92c3-28c507be9115 (type: ports) to 2
2026-05-27 15:04:01.973 10 INFO neutron.db.ovn_revision_numbers_db [None req-04e8d93e-bba0-4fd8-8a51-50ce3ef985e1 002319743e5341c1b39a563542b9da56 f1ffc0f714e84b219a319cf0cf7f3f3f - - default default] Successfully bumped revision number for resource 23a8d4f8-911b-489d-8735-c7f9b7173ec9 (type: ports) to 1
2026-05-27 15:04:02.012 9 INFO neutron.db.ovn_revision_numbers_db [None req-2b508bcd-6fe6-4a6b-a44d-84c2f305a0c0 - - - - - -] Successfully bumped revision number for resource 14660fd1-d6bb-46ab-92c3-28c507be9115 (type: router_ports) to 2
2026-05-27 15:04:02.031 10 WARNING neutron.scheduler.dhcp_agent_scheduler [None req-04e8d93e-bba0-4fd8-8a51-50ce3ef985e1 002319743e5341c1b39a563542b9da56 f1ffc0f714e84b219a319cf0cf7f3f3f - - default default] No more DHCP agents
2026-05-27 15:04:02.047 10 WARNING neutron.api.rpc.agentnotifiers.dhcp_rpc_agent_api [None req-04e8d93e-bba0-4fd8-8a51-50ce3ef985e1 002319743e5341c1b39a563542b9da56 f1ffc0f714e84b219a319cf0cf7f3f3f - - default default] Unable to schedule network 1b6bbd7c-f6e7-4aae-ad43-abcbb3fe1168: no agents available; will retry on subsequent port and subnet creation events.
2026-05-27 15:04:02.207 10 INFO neutron.wsgi [None req-0587a818-2dba-478d-bf5d-c6c27cfb1414 e80261e433dd41189e676b62fbe3a11f 288d6f20a9324841962eba0e0abb295a - - default default] 10.0.0.86 "DELETE /v2.0/routers/a3d4d795-0b07-46c2-8e4b-ba159bec635b HTTP/1.1" status: 204 len: 168 time: 0.3745780 /var/lib/openstack/lib/python3.10/site-packages/pycadf/identifier.py:71: UserWarning: Invalid uuid: neutron. To ensure interoperability, identifiers should be a valid uuid. warnings.warn(('Invalid uuid: %s. To ensure interoperability, '
2026-05-27 15:04:02.234 10 INFO neutron.db.ovn_revision_numbers_db [None req-04e8d93e-bba0-4fd8-8a51-50ce3ef985e1 002319743e5341c1b39a563542b9da56 f1ffc0f714e84b219a319cf0cf7f3f3f - - default default] Successfully bumped revision number for resource 1fe6a4dc-b32b-4a2b-8d80-a706a55fc7cb (type: ports) to 1
2026-05-27 15:04:02.284 10 INFO neutron.wsgi [None req-04e8d93e-bba0-4fd8-8a51-50ce3ef985e1 002319743e5341c1b39a563542b9da56 f1ffc0f714e84b219a319cf0cf7f3f3f - - default default] 10.0.0.86 "POST /v2.0/ports HTTP/1.1" status: 201 len: 1706 time: 1.5550466
2026-05-27 15:04:02.393 9 INFO neutron.db.ovn_revision_numbers_db [None req-7ef402d0-d8b7-4e67-8aaf-4436c22b294e b2389cd0db04491fa47c218780333a8f b748f6bce2ca4bd593c50bd52b2ea4c0 - - default default] Successfully bumped revision number for resource 14660fd1-d6bb-46ab-92c3-28c507be9115 (type: router_ports) to 2
2026-05-27 15:04:02.396 9 INFO neutron.wsgi [None req-7ef402d0-d8b7-4e67-8aaf-4436c22b294e b2389cd0db04491fa47c218780333a8f b748f6bce2ca4bd593c50bd52b2ea4c0 - - default default] 10.0.0.86 "PUT /v2.0/routers/c44f3857-2ef4-493a-905d-5f929b0153a6/add_router_interface HTTP/1.1" status: 200 len: 503 time: 3.6499591
2026-05-27 15:04:02.492 10 INFO neutron.wsgi [None req-0d595551-4c99-4444-a408-6d5f6370a086 002319743e5341c1b39a563542b9da56 f1ffc0f714e84b219a319cf0cf7f3f3f - - default default] 10.0.0.86 "GET /v2.0/ports HTTP/1.1" status: 200 len: 3213 time: 0.2027092
2026-05-27 15:04:02.557 10 INFO neutron.wsgi [None req-afa359c0-0a20-4473-96d2-face2ad18e10 e80261e433dd41189e676b62fbe3a11f 288d6f20a9324841962eba0e0abb295a - - default default] 10.0.0.86 "DELETE /v2.0/subnets/3306c0eb-c3bf-4097-bfd6-ae6aa8170520 HTTP/1.1" status: 204 len: 168 time: 0.3451786
2026-05-27 15:04:02.778 10 INFO neutron.wsgi [None req-9997d4f1-2be5-474c-8476-5333b820d93a 002319743e5341c1b39a563542b9da56 f1ffc0f714e84b219a319cf0cf7f3f3f - - default default] 10.0.0.86 "DELETE /v2.0/ports/23a8d4f8-911b-489d-8735-c7f9b7173ec9 HTTP/1.1" status: 204 len: 168 time: 0.2784119
2026-05-27 15:04:02.921 9 INFO neutron.services.segments.plugin [-] Segment 48ded986-d4b8-4a2f-a198-b32349780229 resource provider aggregate not found
2026-05-27 15:04:02.926 9 INFO neutron.services.segments.plugin [-] Segment 48ded986-d4b8-4a2f-a198-b32349780229 resource provider aggregate not found
2026-05-27 15:04:02.946 9 INFO neutron.services.segments.plugin [-] Segment 48ded986-d4b8-4a2f-a198-b32349780229 resource provider not found; error: Placement Client Error (4xx): {"errors": [{"status": 404, "title": "Not Found", "detail": "The resource could not be found.\n\n No resource provider with uuid 48ded986-d4b8-4a2f-a198-b32349780229 found for delete ", "request_id": "req-5ab103f0-08b5-433b-8ff6-67c5360127e8"}]}
2026-05-27 15:04:02.948 9 INFO neutron.services.segments.plugin [-] Segment 48ded986-d4b8-4a2f-a198-b32349780229 resource provider not found; error: Placement Client Error (4xx): {"errors": [{"status": 404, "title": "Not Found", "detail": "The resource could not be found.\n\n No resource provider with uuid 48ded986-d4b8-4a2f-a198-b32349780229 found for delete ", "request_id": "req-0fd48989-88de-4315-9e60-06e9cae71cdb"}]}
2026-05-27 15:04:02.965 9 INFO neutron.wsgi [None req-7e535db7-7ed4-4d35-88c8-37ec64e82151 e80261e433dd41189e676b62fbe3a11f 288d6f20a9324841962eba0e0abb295a - - default default] 10.0.0.86 "DELETE /v2.0/networks/b92dc2e6-f925-4a28-9853-ae73a32063d5 HTTP/1.1" status: 204 len: 168 time: 0.4014561
2026-05-27 15:04:02.982 10 WARNING neutron_lib.context [None req-c6243ce6-fa9c-4be6-ae2a-f0d72ab8eff3 e80261e433dd41189e676b62fbe3a11f 288d6f20a9324841962eba0e0abb295a - - default default] Method 'is_advsvc' is deprecated since 2023.2 release (neutron-lib 3.8.0) and will be removed once support for the old RBAC API policies will be removed from Neutron. Please use method 'is_service_role' instead.
2026-05-27 15:04:03.068 10 INFO neutron.wsgi [None req-ebb5cc79-9b1c-4a8c-93c4-347ae377be7c 002319743e5341c1b39a563542b9da56 f1ffc0f714e84b219a319cf0cf7f3f3f - - default default] 10.0.0.86 "DELETE /v2.0/ports/1fe6a4dc-b32b-4a2b-8d80-a706a55fc7cb HTTP/1.1" status: 204 len: 168 time: 0.2848706
2026-05-27 15:04:03.105 10 INFO neutron.db.segments_db [None req-c6243ce6-fa9c-4be6-ae2a-f0d72ab8eff3 e80261e433dd41189e676b62fbe3a11f 288d6f20a9324841962eba0e0abb295a - - default default] Added segment 20e5d345-c05f-4dc8-9c08-9f7444c20771 of type geneve for network bdccb70b-3540-4fa3-9f9e-f8ba082781ae
2026-05-27 15:04:03.122 10 INFO neutron.wsgi [None req-cab80c04-2f0d-424a-8fb1-212d503f0a5d 002319743e5341c1b39a563542b9da56 f1ffc0f714e84b219a319cf0cf7f3f3f - - default default] 10.0.0.86 "GET /v2.0/ports HTTP/1.1" status: 200 len: 1718 time: 0.0483363
2026-05-27 15:04:03.136 9 WARNING neutron_lib.context [None req-636b43c7-e714-4262-aacf-805357cc23a6 002319743e5341c1b39a563542b9da56 f1ffc0f714e84b219a319cf0cf7f3f3f - - default default] Method 'is_advsvc' is deprecated since 2023.2 release (neutron-lib 3.8.0) and will be removed once support for the old RBAC API policies will be removed from Neutron. Please use method 'is_service_role' instead.
2026-05-27 15:04:03.224 9 INFO neutron.db.segments_db [None req-636b43c7-e714-4262-aacf-805357cc23a6 002319743e5341c1b39a563542b9da56 f1ffc0f714e84b219a319cf0cf7f3f3f - - default default] Added segment f5660d03-fdae-4939-b5b5-a978fe88fa50 of type geneve for network 5ca526d8-a05a-4bdd-8120-1acbc7203a70
2026-05-27 15:04:03.288 10 INFO neutron.db.ovn_revision_numbers_db [None req-c6243ce6-fa9c-4be6-ae2a-f0d72ab8eff3 e80261e433dd41189e676b62fbe3a11f 288d6f20a9324841962eba0e0abb295a - - default default] Successfully bumped revision number for resource bdccb70b-3540-4fa3-9f9e-f8ba082781ae (type: networks) to 1
2026-05-27 15:04:03.398 9 INFO neutron.db.ovn_revision_numbers_db [None req-636b43c7-e714-4262-aacf-805357cc23a6 002319743e5341c1b39a563542b9da56 f1ffc0f714e84b219a319cf0cf7f3f3f - - default default] Successfully bumped revision number for resource 5ca526d8-a05a-4bdd-8120-1acbc7203a70 (type: networks) to 1
2026-05-27 15:04:03.597 9 WARNING neutron.scheduler.dhcp_agent_scheduler [None req-636b43c7-e714-4262-aacf-805357cc23a6 002319743e5341c1b39a563542b9da56 f1ffc0f714e84b219a319cf0cf7f3f3f - - default default] No more DHCP agents
2026-05-27 15:04:03.598 9 WARNING neutron.api.rpc.agentnotifiers.dhcp_rpc_agent_api [None req-636b43c7-e714-4262-aacf-805357cc23a6 002319743e5341c1b39a563542b9da56 f1ffc0f714e84b219a319cf0cf7f3f3f - - default default] Unable to schedule network 5ca526d8-a05a-4bdd-8120-1acbc7203a70: no agents available; will retry on subsequent port and subnet creation events.
2026-05-27 15:04:03.694 9 INFO neutron.db.ovn_revision_numbers_db [None req-636b43c7-e714-4262-aacf-805357cc23a6 002319743e5341c1b39a563542b9da56 f1ffc0f714e84b219a319cf0cf7f3f3f - - default default] Successfully bumped revision number for resource c69cf54a-7bd5-4875-acdd-d7133de7eef9 (type: ports) to 1
2026-05-27 15:04:03.705 10 WARNING neutron.scheduler.dhcp_agent_scheduler [None req-c6243ce6-fa9c-4be6-ae2a-f0d72ab8eff3 e80261e433dd41189e676b62fbe3a11f 288d6f20a9324841962eba0e0abb295a - - default default] No more DHCP agents
2026-05-27 15:04:03.707 10 WARNING neutron.api.rpc.agentnotifiers.dhcp_rpc_agent_api [None req-c6243ce6-fa9c-4be6-ae2a-f0d72ab8eff3 e80261e433dd41189e676b62fbe3a11f 288d6f20a9324841962eba0e0abb295a - - default default] Unable to schedule network bdccb70b-3540-4fa3-9f9e-f8ba082781ae: no agents available; will retry on subsequent port and subnet creation events.
2026-05-27 15:04:03.724 9 INFO neutron.wsgi [None req-636b43c7-e714-4262-aacf-805357cc23a6 002319743e5341c1b39a563542b9da56 f1ffc0f714e84b219a319cf0cf7f3f3f - - default default] 10.0.0.86 "POST /v2.0/networks HTTP/1.1" status: 201 len: 848 time: 0.5951443
2026-05-27 15:04:03.735 9 WARNING neutron_lib.context [None req-b7e53404-f0bb-4638-96f1-a5682ba90c03 002319743e5341c1b39a563542b9da56 f1ffc0f714e84b219a319cf0cf7f3f3f - - default default] Method 'is_advsvc' is deprecated since 2023.2 release (neutron-lib 3.8.0) and will be removed once support for the old RBAC API policies will be removed from Neutron. Please use method 'is_service_role' instead.
2026-05-27 15:04:03.795 10 INFO neutron.db.ovn_revision_numbers_db [None req-c6243ce6-fa9c-4be6-ae2a-f0d72ab8eff3 e80261e433dd41189e676b62fbe3a11f 288d6f20a9324841962eba0e0abb295a - - default default] Successfully bumped revision number for resource 222e900e-ee0e-47c3-8cea-aa882e466eb6 (type: ports) to 1
2026-05-27 15:04:03.813 10 INFO neutron.wsgi [None req-c6243ce6-fa9c-4be6-ae2a-f0d72ab8eff3 e80261e433dd41189e676b62fbe3a11f 288d6f20a9324841962eba0e0abb295a - - default default] 10.0.0.86 "POST /v2.0/networks HTTP/1.1" status: 201 len: 829 time: 0.8402257
2026-05-27 15:04:03.826 10 WARNING neutron_lib.context [None req-b99661cb-3eca-4f3c-b973-cc89f474108f e80261e433dd41189e676b62fbe3a11f 288d6f20a9324841962eba0e0abb295a - - default default] Method 'is_advsvc' is deprecated since 2023.2 release (neutron-lib 3.8.0) and will be removed once support for the old RBAC API policies will be removed from Neutron. Please use method 'is_service_role' instead.
2026-05-27 15:04:03.833 9 INFO neutron.db.segments_db [None req-b7e53404-f0bb-4638-96f1-a5682ba90c03 002319743e5341c1b39a563542b9da56 f1ffc0f714e84b219a319cf0cf7f3f3f - - default default] Added segment 57f34c5b-8406-4c6c-bb4e-051a06eb888f of type geneve for network ffd98bbc-556d-46c6-a5b7-ad510ce3a348
2026-05-27 15:04:03.987 9 INFO neutron.db.ovn_revision_numbers_db [None req-b7e53404-f0bb-4638-96f1-a5682ba90c03 002319743e5341c1b39a563542b9da56 f1ffc0f714e84b219a319cf0cf7f3f3f - - default default] Successfully bumped revision number for resource ffd98bbc-556d-46c6-a5b7-ad510ce3a348 (type: networks) to 1
2026-05-27 15:04:04.078 10 WARNING neutron.scheduler.dhcp_agent_scheduler [None req-b99661cb-3eca-4f3c-b973-cc89f474108f e80261e433dd41189e676b62fbe3a11f 288d6f20a9324841962eba0e0abb295a - - default default] No more DHCP agents
2026-05-27 15:04:04.080 10 WARNING neutron.api.rpc.agentnotifiers.dhcp_rpc_agent_api [None req-b99661cb-3eca-4f3c-b973-cc89f474108f e80261e433dd41189e676b62fbe3a11f 288d6f20a9324841962eba0e0abb295a - - default default] Unable to schedule network bdccb70b-3540-4fa3-9f9e-f8ba082781ae: no agents available; will retry on subsequent port and subnet creation events.
2026-05-27 15:04:04.209 10 WARNING neutron.plugins.ml2.drivers.ovn.mech_driver.ovsdb.ovn_client [None req-86371f71-9a17-4aa8-b4f0-5a9a7d809869 - - - - - -] No port found with ID 25b40ab5-d244-4955-8582-87d2f40f6cb1: RuntimeError: No port found with ID 25b40ab5-d244-4955-8582-87d2f40f6cb1
2026-05-27 15:04:04.209 10 INFO neutron.plugins.ml2.drivers.ovn.mech_driver.mech_driver [None req-86371f71-9a17-4aa8-b4f0-5a9a7d809869 - - - - - -] OVN reports status up for port: 566136d1-d9d6-41d4-af5c-7414f1085aaf
2026-05-27 15:04:04.219 9 WARNING neutron.scheduler.dhcp_agent_scheduler [None req-b7e53404-f0bb-4638-96f1-a5682ba90c03 002319743e5341c1b39a563542b9da56 f1ffc0f714e84b219a319cf0cf7f3f3f - - default default] No more DHCP agents
2026-05-27 15:04:04.225 9 WARNING neutron.api.rpc.agentnotifiers.dhcp_rpc_agent_api [None req-b7e53404-f0bb-4638-96f1-a5682ba90c03 002319743e5341c1b39a563542b9da56 f1ffc0f714e84b219a319cf0cf7f3f3f - - default default] Unable to schedule network ffd98bbc-556d-46c6-a5b7-ad510ce3a348: no agents available; will retry on subsequent port and subnet creation events.
2026-05-27 15:04:04.234 10 INFO neutron.plugins.ml2.plugin [None req-86371f71-9a17-4aa8-b4f0-5a9a7d809869 - - - - - -] Attempt 1 to provision port 566136d1-d9d6-41d4-af5c-7414f1085aaf
2026-05-27 15:04:04.319 9 INFO neutron.db.ovn_revision_numbers_db [None req-3918978d-b0d2-456f-bf6a-53950af8fd81 b2389cd0db04491fa47c218780333a8f b748f6bce2ca4bd593c50bd52b2ea4c0 - - default default] Successfully bumped revision number for resource 6b6fbaa6-944f-4c06-89ee-9db85d491126 (type: security_groups) to 1
2026-05-27 15:04:04.341 9 INFO neutron.db.ovn_revision_numbers_db [None req-b7e53404-f0bb-4638-96f1-a5682ba90c03 002319743e5341c1b39a563542b9da56 f1ffc0f714e84b219a319cf0cf7f3f3f - - default default] Successfully bumped revision number for resource d204326c-c3af-4ebf-ab45-71edecf6dfe4 (type: ports) to 1
2026-05-27 15:04:04.344 9 INFO neutron.db.ovn_revision_numbers_db [None req-3918978d-b0d2-456f-bf6a-53950af8fd81 b2389cd0db04491fa47c218780333a8f b748f6bce2ca4bd593c50bd52b2ea4c0 - - default default] Successfully bumped revision number for resource 33ab1a93-d11b-4e54-8d8e-e467a8c16b8d (type: security_group_rules) to 0
2026-05-27 15:04:04.365 9 INFO neutron.db.ovn_revision_numbers_db [None req-3918978d-b0d2-456f-bf6a-53950af8fd81 b2389cd0db04491fa47c218780333a8f b748f6bce2ca4bd593c50bd52b2ea4c0 - - default default] Successfully bumped revision number for resource 39856572-9435-45b3-a015-689b1c5a38d6 (type: security_group_rules) to 0
2026-05-27 15:04:04.370 9 INFO neutron.wsgi [None req-b7e53404-f0bb-4638-96f1-a5682ba90c03 002319743e5341c1b39a563542b9da56 f1ffc0f714e84b219a319cf0cf7f3f3f - - default default] 10.0.0.86 "POST /v2.0/networks HTTP/1.1" status: 201 len: 848 time: 0.6394718
2026-05-27 15:04:04.386 9 INFO neutron.db.ovn_revision_numbers_db [None req-3918978d-b0d2-456f-bf6a-53950af8fd81 b2389cd0db04491fa47c218780333a8f b748f6bce2ca4bd593c50bd52b2ea4c0 - - default default] Successfully bumped revision number for resource 45f40cb3-71bc-438e-bb4a-4bc44b725f21 (type: security_group_rules) to 0
2026-05-27 15:04:04.403 9 INFO neutron.db.ovn_revision_numbers_db [None req-3918978d-b0d2-456f-bf6a-53950af8fd81 b2389cd0db04491fa47c218780333a8f b748f6bce2ca4bd593c50bd52b2ea4c0 - - default default] Successfully bumped revision number for resource 7220263d-ae75-4878-b2b2-483e974c24cd (type: security_group_rules) to 0
2026-05-27 15:04:04.418 10 WARNING neutron_lib.context [None req-5b86ef4e-87ff-48a2-be42-93c64da73b07 002319743e5341c1b39a563542b9da56 f1ffc0f714e84b219a319cf0cf7f3f3f - - default default] Method 'is_advsvc' is deprecated since 2023.2 release (neutron-lib 3.8.0) and will be removed once support for the old RBAC API policies will be removed from Neutron. Please use method 'is_service_role' instead.
2026-05-27 15:04:04.431 9 INFO neutron.wsgi [None req-3918978d-b0d2-456f-bf6a-53950af8fd81 b2389cd0db04491fa47c218780333a8f b748f6bce2ca4bd593c50bd52b2ea4c0 - - default default] 10.0.0.86 "GET /v2.0/security-groups?tenant_id=12b02dc3af8e4657b201e5311e5f525b&name=default HTTP/1.1" status: 200 len: 2996 time: 0.5227137
2026-05-27 15:04:04.497 10 WARNING neutron_lib.context [None req-5b86ef4e-87ff-48a2-be42-93c64da73b07 002319743e5341c1b39a563542b9da56 f1ffc0f714e84b219a319cf0cf7f3f3f - - default default] Method 'is_advsvc' is deprecated since 2023.2 release (neutron-lib 3.8.0) and will be removed once support for the old RBAC API policies will be removed from Neutron. Please use method 'is_service_role' instead.
2026-05-27 15:04:04.970 9 INFO neutron.wsgi [req-80368123-5b06-4edb-9551-10f128676630 req-becf9fac-5051-44b5-a8ac-c7be9e7394fe 4ce35eb6598b41dab78d232ecd5cfeb8 e687f6eda8eb43bca52d7c1a57a1051a - - default default] 10.0.0.67 "GET /v2.0/networks?id=8d9f1f90-dda6-48b6-912e-c994571ef0b7 HTTP/1.1" status: 200 len: 872 time: 0.1409314
2026-05-27 15:04:04.989 9 INFO neutron.wsgi [req-80368123-5b06-4edb-9551-10f128676630 req-8ebd33a1-c73f-40eb-9f34-8556f3cb7dd1 4ce35eb6598b41dab78d232ecd5cfeb8 e687f6eda8eb43bca52d7c1a57a1051a - - default default] 10.0.0.67 "GET /v2.0/quotas/e687f6eda8eb43bca52d7c1a57a1051a HTTP/1.1" status: 200 len: 386 time: 0.0130992
2026-05-27 15:04:05.014 10 INFO neutron.db.ovn_revision_numbers_db [None req-b99661cb-3eca-4f3c-b973-cc89f474108f e80261e433dd41189e676b62fbe3a11f 288d6f20a9324841962eba0e0abb295a - - default default] Successfully bumped revision number for resource 222e900e-ee0e-47c3-8cea-aa882e466eb6 (type: ports) to 2
2026-05-27 15:04:05.039 10 INFO neutron.wsgi [None req-30b7a9bb-ae2a-4b01-ad72-e84f3b213be6 b2389cd0db04491fa47c218780333a8f b748f6bce2ca4bd593c50bd52b2ea4c0 - - default default] 10.0.0.86 "DELETE /v2.0/security-groups/6b6fbaa6-944f-4c06-89ee-9db85d491126 HTTP/1.1" status: 204 len: 168 time: 0.6040056
2026-05-27 15:04:05.097 10 INFO neutron.db.ovn_revision_numbers_db [None req-b99661cb-3eca-4f3c-b973-cc89f474108f e80261e433dd41189e676b62fbe3a11f 288d6f20a9324841962eba0e0abb295a - - default default] Successfully bumped revision number for resource 555b531c-fbf8-4257-9816-fb49ae8b3ea9 (type: subnets) to 0
2026-05-27 15:04:05.106 9 INFO neutron.wsgi [req-80368123-5b06-4edb-9551-10f128676630 req-bfdecc3a-8d3a-4653-bb0c-34fde7a7579e 4ce35eb6598b41dab78d232ecd5cfeb8 e687f6eda8eb43bca52d7c1a57a1051a - - default default] 10.0.0.67 "GET /v2.0/ports?tenant_id=e687f6eda8eb43bca52d7c1a57a1051a&fields=id HTTP/1.1" status: 200 len: 302 time: 0.1064804
2026-05-27 15:04:05.117 10 INFO neutron.wsgi [None req-b99661cb-3eca-4f3c-b973-cc89f474108f e80261e433dd41189e676b62fbe3a11f 288d6f20a9324841962eba0e0abb295a - - default default] 10.0.0.86 "POST /v2.0/subnets HTTP/1.1" status: 201 len: 801 time: 1.2951994
2026-05-27 15:04:05.128 10 WARNING neutron_lib.context [None req-0137cb0f-129b-4c97-abd6-a0ed500defb8 e80261e433dd41189e676b62fbe3a11f 288d6f20a9324841962eba0e0abb295a - - default default] Method 'is_advsvc' is deprecated since 2023.2 release (neutron-lib 3.8.0) and will be removed once support for the old RBAC API policies will be removed from Neutron. Please use method 'is_service_role' instead.
2026-05-27 15:04:05.168 10 INFO neutron.wsgi [-] 10.0.0.15 "GET / HTTP/1.1" status: 200 len: 247 time: 0.0023463
2026-05-27 15:04:05.170 10 INFO neutron.wsgi [-] 10.0.0.15 "GET / HTTP/1.1" status: 200 len: 247 time: 0.0009332
2026-05-27 15:04:05.201 9 INFO neutron.wsgi [req-80368123-5b06-4edb-9551-10f128676630 req-b0c2f14b-a18b-43d7-bca1-60f5b387b730 e2fb98b4180640a3b07ff360f3459214 187ac6721caa41fc9b9984565d3204fb - - aea56a651e4e46208e84ee12f850055f aea56a651e4e46208e84ee12f850055f] 10.0.0.67 "GET /v2.0/networks/8d9f1f90-dda6-48b6-912e-c994571ef0b7?fields=segments HTTP/1.1" status: 200 len: 212 time: 0.0842092
2026-05-27 15:04:05.278 9 INFO neutron.wsgi [req-80368123-5b06-4edb-9551-10f128676630 req-12d42646-68e0-4fb7-b7ec-e23c2171aeb7 e2fb98b4180640a3b07ff360f3459214 187ac6721caa41fc9b9984565d3204fb - - aea56a651e4e46208e84ee12f850055f aea56a651e4e46208e84ee12f850055f] 10.0.0.67 "GET /v2.0/networks/8d9f1f90-dda6-48b6-912e-c994571ef0b7?fields=provider%3Aphysical_network&fields=provider%3Anetwork_type HTTP/1.1" status: 200 len: 277 time: 0.0703497
2026-05-27 15:04:05.302 10 WARNING neutron.scheduler.dhcp_agent_scheduler [None req-5b86ef4e-87ff-48a2-be42-93c64da73b07 002319743e5341c1b39a563542b9da56 f1ffc0f714e84b219a319cf0cf7f3f3f - - default default] No more DHCP agents
2026-05-27 15:04:05.321 10 WARNING neutron.api.rpc.agentnotifiers.dhcp_rpc_agent_api [None req-5b86ef4e-87ff-48a2-be42-93c64da73b07 002319743e5341c1b39a563542b9da56 f1ffc0f714e84b219a319cf0cf7f3f3f - - default default] Unable to schedule network 5ca526d8-a05a-4bdd-8120-1acbc7203a70: no agents available; will retry on subsequent port and subnet creation events.
2026-05-27 15:04:05.446 10 INFO neutron.db.ovn_revision_numbers_db [None req-0137cb0f-129b-4c97-abd6-a0ed500defb8 e80261e433dd41189e676b62fbe3a11f 288d6f20a9324841962eba0e0abb295a - - default default] Successfully bumped revision number for resource c42c4f35-96d9-492e-a195-667d8c7f25e9 (type: routers) to 1
2026-05-27 15:04:05.449 10 INFO neutron.wsgi [req-36d69964-e6e0-44b1-a7b7-9869fe19c59b req-fb277319-de9c-4d7b-9a05-542fd12b6b24 4ce35eb6598b41dab78d232ecd5cfeb8 e687f6eda8eb43bca52d7c1a57a1051a - - default default] 10.0.0.67 "GET /v2.0/ports?device_id=23176b7d-ca6d-463f-8e01-9671951a5949 HTTP/1.1" status: 200 len: 210 time: 0.0358851
2026-05-27 15:04:05.483 10 INFO neutron.wsgi [None req-0137cb0f-129b-4c97-abd6-a0ed500defb8 e80261e433dd41189e676b62fbe3a11f 288d6f20a9324841962eba0e0abb295a - - default default] 10.0.0.86 "POST /v2.0/routers HTTP/1.1" status: 201 len: 687 time: 0.3605952
2026-05-27 15:04:05.503 10 INFO neutron.db.ovn_revision_numbers_db [None req-6b424993-05c2-4c9e-8f5f-da5a09cb1789 b2389cd0db04491fa47c218780333a8f b748f6bce2ca4bd593c50bd52b2ea4c0 - - default default] Successfully bumped revision number for resource 72be026a-9608-466b-9bfa-a26605e94348 (type: security_groups) to 1
2026-05-27 15:04:05.561 10 INFO neutron.db.ovn_revision_numbers_db [None req-6b424993-05c2-4c9e-8f5f-da5a09cb1789 b2389cd0db04491fa47c218780333a8f b748f6bce2ca4bd593c50bd52b2ea4c0 - - default default] Successfully bumped revision number for resource 8ef9c529-10d1-4676-8f35-00bd6323611b (type: security_group_rules) to 0
2026-05-27 15:04:05.613 10 INFO neutron.db.ovn_revision_numbers_db [None req-6b424993-05c2-4c9e-8f5f-da5a09cb1789 b2389cd0db04491fa47c218780333a8f b748f6bce2ca4bd593c50bd52b2ea4c0 - - default default] Successfully bumped revision number for resource d83490be-ad7a-40ec-b007-e6438a655c10 (type: security_group_rules) to 0
2026-05-27 15:04:05.653 10 INFO neutron.db.ovn_revision_numbers_db [None req-6b424993-05c2-4c9e-8f5f-da5a09cb1789 b2389cd0db04491fa47c218780333a8f b748f6bce2ca4bd593c50bd52b2ea4c0 - - default default] Successfully bumped revision number for resource e5e218fc-e029-486d-acd9-b6eed324005b (type: security_group_rules) to 0
2026-05-27 15:04:05.690 10 INFO neutron.db.ovn_revision_numbers_db [None req-6b424993-05c2-4c9e-8f5f-da5a09cb1789 b2389cd0db04491fa47c218780333a8f b748f6bce2ca4bd593c50bd52b2ea4c0 - - default default] Successfully bumped revision number for resource e974671e-a20a-48c1-885d-6f5b762b4ab2 (type: security_group_rules) to 0
2026-05-27 15:04:05.744 10 INFO neutron.wsgi [None req-6b424993-05c2-4c9e-8f5f-da5a09cb1789 b2389cd0db04491fa47c218780333a8f b748f6bce2ca4bd593c50bd52b2ea4c0 - - default default] 10.0.0.86 "GET /v2.0/security-groups?tenant_id=578b345d3655483dab9a05c5632f281c&name=default HTTP/1.1" status: 200 len: 2996 time: 0.5898893
2026-05-27 15:04:06.032 9 INFO neutron.wsgi [None req-55847e11-9c4c-4efe-a27f-34088efeedc1 b2389cd0db04491fa47c218780333a8f b748f6bce2ca4bd593c50bd52b2ea4c0 - - default default] 10.0.0.86 "DELETE /v2.0/security-groups/72be026a-9608-466b-9bfa-a26605e94348 HTTP/1.1" status: 204 len: 168 time: 0.2809281
2026-05-27 15:04:06.290 9 INFO neutron.wsgi [req-80368123-5b06-4edb-9551-10f128676630 req-4a22a96e-2bf6-4562-a10b-77c367b51a43 4ce35eb6598b41dab78d232ecd5cfeb8 e687f6eda8eb43bca52d7c1a57a1051a - - default default] 199.204.45.156 "GET /v2.0/networks?id=8d9f1f90-dda6-48b6-912e-c994571ef0b7 HTTP/1.1" status: 200 len: 872 time: 0.0959659
2026-05-27 15:04:06.312 9 WARNING neutron_lib.context [req-80368123-5b06-4edb-9551-10f128676630 req-d4365561-e616-4049-b85a-142ade382a49 4ce35eb6598b41dab78d232ecd5cfeb8 e687f6eda8eb43bca52d7c1a57a1051a - - default default] Method 'is_advsvc' is deprecated since 2023.2 release (neutron-lib 3.8.0) and will be removed once support for the old RBAC API policies will be removed from Neutron. Please use method 'is_service_role' instead.
2026-05-27 15:04:06.443 10 WARNING neutron.scheduler.dhcp_agent_scheduler [None req-298c1f84-e471-4e88-94cd-efe82b11af57 e80261e433dd41189e676b62fbe3a11f 288d6f20a9324841962eba0e0abb295a - - default default] No more DHCP agents
2026-05-27 15:04:06.452 10 WARNING neutron.api.rpc.agentnotifiers.dhcp_rpc_agent_api [None req-298c1f84-e471-4e88-94cd-efe82b11af57 e80261e433dd41189e676b62fbe3a11f 288d6f20a9324841962eba0e0abb295a - - default default] Unable to schedule network bdccb70b-3540-4fa3-9f9e-f8ba082781ae: no agents available; will retry on subsequent port and subnet creation events.
2026-05-27 15:04:06.592 9 INFO neutron.wsgi [req-3ce7f03c-6a6c-4ce4-b344-efe5d1fe6b26 req-509e62d5-e8a3-431f-8761-c2703e9a172a 4ce35eb6598b41dab78d232ecd5cfeb8 e687f6eda8eb43bca52d7c1a57a1051a - - default default] 10.0.0.67 "GET /v2.0/ports?device_id=23176b7d-ca6d-463f-8e01-9671951a5949 HTTP/1.1" status: 200 len: 210 time: 0.0367093
2026-05-27 15:04:06.602 10 INFO neutron.db.ovn_revision_numbers_db [None req-5b86ef4e-87ff-48a2-be42-93c64da73b07 002319743e5341c1b39a563542b9da56 f1ffc0f714e84b219a319cf0cf7f3f3f - - default default] Successfully bumped revision number for resource c69cf54a-7bd5-4875-acdd-d7133de7eef9 (type: ports) to 2
2026-05-27 15:04:06.654 10 INFO neutron.db.ovn_revision_numbers_db [None req-5b86ef4e-87ff-48a2-be42-93c64da73b07 002319743e5341c1b39a563542b9da56 f1ffc0f714e84b219a319cf0cf7f3f3f - - default default] Successfully bumped revision number for resource 96f55555-a60c-48da-9d67-c7a149493cbe (type: subnets) to 0
2026-05-27 15:04:06.693 10 WARNING neutron.scheduler.dhcp_agent_scheduler [None req-5b86ef4e-87ff-48a2-be42-93c64da73b07 002319743e5341c1b39a563542b9da56 f1ffc0f714e84b219a319cf0cf7f3f3f - - default default] No more DHCP agents
2026-05-27 15:04:06.696 10 INFO neutron.db.ovn_revision_numbers_db [None req-298c1f84-e471-4e88-94cd-efe82b11af57 e80261e433dd41189e676b62fbe3a11f 288d6f20a9324841962eba0e0abb295a - - default default] Successfully bumped revision number for resource 35392716-01ef-43ae-b1d5-53f3c6de2b77 (type: ports) to 1
2026-05-27 15:04:06.699 10 WARNING neutron.api.rpc.agentnotifiers.dhcp_rpc_agent_api [None req-5b86ef4e-87ff-48a2-be42-93c64da73b07 002319743e5341c1b39a563542b9da56 f1ffc0f714e84b219a319cf0cf7f3f3f - - default default] Unable to schedule network ffd98bbc-556d-46c6-a5b7-ad510ce3a348: no agents available; will retry on subsequent port and subnet creation events.
2026-05-27 15:04:06.701 9 WARNING neutron.scheduler.dhcp_agent_scheduler [req-80368123-5b06-4edb-9551-10f128676630 req-d4365561-e616-4049-b85a-142ade382a49 4ce35eb6598b41dab78d232ecd5cfeb8 e687f6eda8eb43bca52d7c1a57a1051a - - default default] No more DHCP agents
2026-05-27 15:04:06.705 9 WARNING neutron.api.rpc.agentnotifiers.dhcp_rpc_agent_api [req-80368123-5b06-4edb-9551-10f128676630 req-d4365561-e616-4049-b85a-142ade382a49 4ce35eb6598b41dab78d232ecd5cfeb8 e687f6eda8eb43bca52d7c1a57a1051a - - default default] Unable to schedule network 8d9f1f90-dda6-48b6-912e-c994571ef0b7: no agents available; will retry on subsequent port and subnet creation events.
2026-05-27 15:04:06.788 9 WARNING neutron.plugins.ml2.drivers.ovn.mech_driver.ovsdb.ovn_client [None req-2b508bcd-6fe6-4a6b-a44d-84c2f305a0c0 - - - - - -] No hosting information found for port 14660fd1-d6bb-46ab-92c3-28c507be9115: RuntimeError: No hosting information found for port 14660fd1-d6bb-46ab-92c3-28c507be9115
2026-05-27 15:04:06.895 9 INFO neutron.db.ovn_revision_numbers_db [req-80368123-5b06-4edb-9551-10f128676630 req-d4365561-e616-4049-b85a-142ade382a49 4ce35eb6598b41dab78d232ecd5cfeb8 e687f6eda8eb43bca52d7c1a57a1051a - - default default] Successfully bumped revision number for resource d97d69ba-5143-4064-ab15-52367b248cea (type: ports) to 1
2026-05-27 15:04:06.918 9 INFO neutron.wsgi [req-80368123-5b06-4edb-9551-10f128676630 req-d4365561-e616-4049-b85a-142ade382a49 4ce35eb6598b41dab78d232ecd5cfeb8 e687f6eda8eb43bca52d7c1a57a1051a - - default default] 199.204.45.156 "POST /v2.0/ports HTTP/1.1" status: 201 len: 1158 time: 0.6194391 /var/lib/openstack/lib/python3.10/site-packages/pycadf/identifier.py:71: UserWarning: Invalid uuid: neutron. To ensure interoperability, identifiers should be a valid uuid. warnings.warn(('Invalid uuid: %s. To ensure interoperability, '
2026-05-27 15:04:07.239 9 INFO neutron.plugins.ml2.drivers.ovn.mech_driver.mech_driver [None req-2b508bcd-6fe6-4a6b-a44d-84c2f305a0c0 - - - - - -] OVN reports status up for port: 35392716-01ef-43ae-b1d5-53f3c6de2b77
2026-05-27 15:04:07.250 9 INFO neutron.plugins.ml2.plugin [None req-2b508bcd-6fe6-4a6b-a44d-84c2f305a0c0 - - - - - -] Attempt 1 to provision port 35392716-01ef-43ae-b1d5-53f3c6de2b77
2026-05-27 15:04:07.292 10 INFO neutron.db.ovn_revision_numbers_db [None req-298c1f84-e471-4e88-94cd-efe82b11af57 e80261e433dd41189e676b62fbe3a11f 288d6f20a9324841962eba0e0abb295a - - default default] Successfully bumped revision number for resource 35392716-01ef-43ae-b1d5-53f3c6de2b77 (type: router_ports) to 1
2026-05-27 15:04:07.484 10 INFO neutron.db.ovn_revision_numbers_db [None req-5b86ef4e-87ff-48a2-be42-93c64da73b07 002319743e5341c1b39a563542b9da56 f1ffc0f714e84b219a319cf0cf7f3f3f - - default default] Successfully bumped revision number for resource d204326c-c3af-4ebf-ab45-71edecf6dfe4 (type: ports) to 2
2026-05-27 15:04:07.522 10 INFO neutron.db.ovn_revision_numbers_db [None req-298c1f84-e471-4e88-94cd-efe82b11af57 e80261e433dd41189e676b62fbe3a11f 288d6f20a9324841962eba0e0abb295a - - default default] Successfully bumped revision number for resource 35392716-01ef-43ae-b1d5-53f3c6de2b77 (type: ports) to 1
2026-05-27 15:04:07.531 10 INFO neutron.db.ovn_revision_numbers_db [None req-5b86ef4e-87ff-48a2-be42-93c64da73b07 002319743e5341c1b39a563542b9da56 f1ffc0f714e84b219a319cf0cf7f3f3f - - default default] Successfully bumped revision number for resource 02f4b6fa-9c62-4056-933e-bc0ecb04f3cf (type: subnets) to 0
2026-05-27 15:04:07.550 10 INFO neutron.wsgi [None req-5b86ef4e-87ff-48a2-be42-93c64da73b07 002319743e5341c1b39a563542b9da56 f1ffc0f714e84b219a319cf0cf7f3f3f - - default default] 10.0.0.86 "POST /v2.0/subnets HTTP/1.1" status: 201 len: 1425 time: 3.1390154
2026-05-27 15:04:07.634 10 INFO neutron.wsgi [None req-255ede9e-e4a7-4fb5-8905-0b760e473ba2 002319743e5341c1b39a563542b9da56 f1ffc0f714e84b219a319cf0cf7f3f3f - - default default] 10.0.0.86 "GET /v2.0/subnets HTTP/1.1" status: 200 len: 2033 time: 0.0785804
2026-05-27 15:04:07.685 10 WARNING neutron.scheduler.dhcp_agent_scheduler [None req-298c1f84-e471-4e88-94cd-efe82b11af57 e80261e433dd41189e676b62fbe3a11f 288d6f20a9324841962eba0e0abb295a - - default default] No more DHCP agents
2026-05-27 15:04:07.696 10 WARNING neutron.api.rpc.agentnotifiers.dhcp_rpc_agent_api [None req-298c1f84-e471-4e88-94cd-efe82b11af57 e80261e433dd41189e676b62fbe3a11f 288d6f20a9324841962eba0e0abb295a - - default default] Unable to schedule network bdccb70b-3540-4fa3-9f9e-f8ba082781ae: no agents available; will retry on subsequent port and subnet creation events.
2026-05-27 15:04:07.767 9 INFO neutron.db.ovn_revision_numbers_db [req-80368123-5b06-4edb-9551-10f128676630 req-0c858923-895d-4eba-9236-971c28ac32cf e2fb98b4180640a3b07ff360f3459214 187ac6721caa41fc9b9984565d3204fb - - aea56a651e4e46208e84ee12f850055f aea56a651e4e46208e84ee12f850055f] Successfully bumped revision number for resource d97d69ba-5143-4064-ab15-52367b248cea (type: ports) to 2
2026-05-27 15:04:07.874 10 INFO neutron.wsgi [req-3174eeba-4c29-490b-81e4-1461972210af req-890f8d0d-176b-4e9b-911e-deb7920d3e75 4ce35eb6598b41dab78d232ecd5cfeb8 e687f6eda8eb43bca52d7c1a57a1051a - - default default] 10.0.0.67 "GET /v2.0/ports?device_id=23176b7d-ca6d-463f-8e01-9671951a5949 HTTP/1.1" status: 200 len: 1168 time: 0.2058618
2026-05-27 15:04:07.906 9 INFO neutron.db.ovn_revision_numbers_db [None req-2b508bcd-6fe6-4a6b-a44d-84c2f305a0c0 - - - - - -] Successfully bumped revision number for resource 35392716-01ef-43ae-b1d5-53f3c6de2b77 (type: ports) to 2
2026-05-27 15:04:07.964 10 INFO neutron.wsgi [req-3174eeba-4c29-490b-81e4-1461972210af req-c175343f-51e0-4060-83d0-6447b8c6736a 4ce35eb6598b41dab78d232ecd5cfeb8 e687f6eda8eb43bca52d7c1a57a1051a - - default default] 10.0.0.67 "GET /v2.0/security-groups?id=be421d49-ebcd-4838-a7bc-ac47d9c5cec0&fields=id&fields=name HTTP/1.1" status: 200 len: 286 time: 0.0807204
2026-05-27 15:04:07.972 10 INFO neutron.db.ovn_revision_numbers_db [None req-298c1f84-e471-4e88-94cd-efe82b11af57 e80261e433dd41189e676b62fbe3a11f 288d6f20a9324841962eba0e0abb295a - - default default] Successfully bumped revision number for resource 35392716-01ef-43ae-b1d5-53f3c6de2b77 (type: router_ports) to 2
2026-05-27 15:04:07.975 10 INFO neutron.wsgi [None req-298c1f84-e471-4e88-94cd-efe82b11af57 e80261e433dd41189e676b62fbe3a11f 288d6f20a9324841962eba0e0abb295a - - default default] 10.0.0.86 "PUT /v2.0/routers/c42c4f35-96d9-492e-a195-667d8c7f25e9/add_router_interface HTTP/1.1" status: 200 len: 503 time: 2.4866829
2026-05-27 15:04:08.023 10 INFO neutron.wsgi [None req-f0e15820-ab01-4025-87c3-a12f5356e987 e80261e433dd41189e676b62fbe3a11f 288d6f20a9324841962eba0e0abb295a - - default default] 10.0.0.86 "GET /v2.0/ports/35392716-01ef-43ae-b1d5-53f3c6de2b77 HTTP/1.1" status: 200 len: 1137 time: 0.0410407
2026-05-27 15:04:08.065 10 INFO neutron.wsgi [None req-863d1f96-8a69-4747-ba25-0dcd563e9984 002319743e5341c1b39a563542b9da56 f1ffc0f714e84b219a319cf0cf7f3f3f - - default default] 10.0.0.86 "DELETE /v2.0/subnets/96f55555-a60c-48da-9d67-c7a149493cbe HTTP/1.1" status: 204 len: 168 time: 0.4161828
2026-05-27 15:04:08.084 10 INFO neutron.wsgi [None req-a298df7a-22cb-41dd-8b7c-02885aab1975 e80261e433dd41189e676b62fbe3a11f 288d6f20a9324841962eba0e0abb295a - - default default] 10.0.0.86 "GET /v2.0/ports/35392716-01ef-43ae-b1d5-53f3c6de2b77 HTTP/1.1" status: 200 len: 1137 time: 0.0522504 /var/lib/openstack/lib/python3.10/site-packages/pycadf/identifier.py:71: UserWarning: Invalid uuid: neutron. To ensure interoperability, identifiers should be a valid uuid. warnings.warn(('Invalid uuid: %s. To ensure interoperability, '
2026-05-27 15:04:08.142 9 INFO neutron.db.ovn_revision_numbers_db [req-80368123-5b06-4edb-9551-10f128676630 req-0c858923-895d-4eba-9236-971c28ac32cf e2fb98b4180640a3b07ff360f3459214 187ac6721caa41fc9b9984565d3204fb - - aea56a651e4e46208e84ee12f850055f aea56a651e4e46208e84ee12f850055f] Successfully bumped revision number for resource d97d69ba-5143-4064-ab15-52367b248cea (type: ports) to 2
2026-05-27 15:04:08.168 9 INFO neutron.wsgi [req-80368123-5b06-4edb-9551-10f128676630 req-0c858923-895d-4eba-9236-971c28ac32cf e2fb98b4180640a3b07ff360f3459214 187ac6721caa41fc9b9984565d3204fb - - aea56a651e4e46208e84ee12f850055f aea56a651e4e46208e84ee12f850055f] 199.204.45.156 "PUT /v2.0/ports/d97d69ba-5143-4064-ab15-52367b248cea HTTP/1.1" status: 200 len: 1376 time: 1.2442212
2026-05-27 15:04:08.220 9 INFO neutron.notifiers.nova [-] Nova event matching ['req-ff56ee42-20ca-44c0-8e04-857a10151a9d'] response: {'name': 'network-changed', 'server_uuid': '23176b7d-ca6d-463f-8e01-9671951a5949', 'tag': 'd97d69ba-5143-4064-ab15-52367b248cea', 'status': 'completed', 'code': 200}
2026-05-27 15:04:08.264 9 INFO neutron.wsgi [req-80368123-5b06-4edb-9551-10f128676630 req-63809e08-27e4-486f-930f-a7685dc071f5 e2fb98b4180640a3b07ff360f3459214 187ac6721caa41fc9b9984565d3204fb - - aea56a651e4e46208e84ee12f850055f aea56a651e4e46208e84ee12f850055f] 199.204.45.156 "GET /v2.0/ports?tenant_id=e687f6eda8eb43bca52d7c1a57a1051a&device_id=23176b7d-ca6d-463f-8e01-9671951a5949 HTTP/1.1" status: 200 len: 1407 time: 0.0599031
2026-05-27 15:04:08.304 9 INFO neutron.wsgi [req-80368123-5b06-4edb-9551-10f128676630 req-03dbd7ed-b6b9-49b4-906d-1c9a4acfb62f e2fb98b4180640a3b07ff360f3459214 187ac6721caa41fc9b9984565d3204fb - - aea56a651e4e46208e84ee12f850055f aea56a651e4e46208e84ee12f850055f] 199.204.45.156 "GET /v2.0/floatingips?fixed_ip_address=10.100.0.5&port_id=d97d69ba-5143-4064-ab15-52367b248cea HTTP/1.1" status: 200 len: 217 time: 0.0304375
2026-05-27 15:04:08.346 10 INFO neutron.wsgi [None req-15b5505b-913a-40f3-ac95-e011f90cab9d 002319743e5341c1b39a563542b9da56 f1ffc0f714e84b219a319cf0cf7f3f3f - - default default] 10.0.0.86 "DELETE /v2.0/subnets/02f4b6fa-9c62-4056-933e-bc0ecb04f3cf HTTP/1.1" status: 204 len: 168 time: 0.2765627
2026-05-27 15:04:08.367 9 INFO neutron.wsgi [req-80368123-5b06-4edb-9551-10f128676630 req-5e8c407e-495b-4b00-9bf3-4fec592623fd e2fb98b4180640a3b07ff360f3459214 187ac6721caa41fc9b9984565d3204fb - - aea56a651e4e46208e84ee12f850055f aea56a651e4e46208e84ee12f850055f] 199.204.45.156 "GET /v2.0/subnets?id=6a8bc65d-49c5-412f-b2ba-1525dfc49b48 HTTP/1.1" status: 200 len: 866 time: 0.0535064
2026-05-27 15:04:08.396 9 INFO neutron.wsgi [req-80368123-5b06-4edb-9551-10f128676630 req-6b58a2d5-135f-4c3e-bcd0-89af2b5e0094 e2fb98b4180640a3b07ff360f3459214 187ac6721caa41fc9b9984565d3204fb - - aea56a651e4e46208e84ee12f850055f aea56a651e4e46208e84ee12f850055f] 199.204.45.156 "GET /v2.0/ports?network_id=8d9f1f90-dda6-48b6-912e-c994571ef0b7&device_owner=network%3Adhcp HTTP/1.1" status: 200 len: 210 time: 0.0230858
2026-05-27 15:04:08.406 10 INFO neutron.wsgi [None req-3743e0ad-020e-41e8-876d-81100f1de58a 002319743e5341c1b39a563542b9da56 f1ffc0f714e84b219a319cf0cf7f3f3f - - default default] 10.0.0.86 "GET /v2.0/subnets HTTP/1.1" status: 200 len: 820 time: 0.0508363
2026-05-27 15:04:08.514 9 INFO neutron.wsgi [req-80368123-5b06-4edb-9551-10f128676630 req-2444f2ee-6135-4bf7-8a9b-fac00dc8e1b9 e2fb98b4180640a3b07ff360f3459214 187ac6721caa41fc9b9984565d3204fb - - aea56a651e4e46208e84ee12f850055f aea56a651e4e46208e84ee12f850055f] 199.204.45.156 "GET /v2.0/networks/8d9f1f90-dda6-48b6-912e-c994571ef0b7?fields=segments HTTP/1.1" status: 200 len: 212 time: 0.1103563
2026-05-27 15:04:08.599 9 INFO neutron.wsgi [req-80368123-5b06-4edb-9551-10f128676630 req-11ae64e6-cccc-4b58-9716-4022b1f09623 e2fb98b4180640a3b07ff360f3459214 187ac6721caa41fc9b9984565d3204fb - - aea56a651e4e46208e84ee12f850055f aea56a651e4e46208e84ee12f850055f] 199.204.45.156 "GET /v2.0/networks/8d9f1f90-dda6-48b6-912e-c994571ef0b7?fields=provider%3Aphysical_network&fields=provider%3Anetwork_type HTTP/1.1" status: 200 len: 277 time: 0.0796752
2026-05-27 15:04:08.683 9 INFO neutron.wsgi [req-ec867ac9-e523-4f92-b186-73ce1072bb3c req-ee6bb65f-757c-4971-b1fe-68d4f76a95d0 e2fb98b4180640a3b07ff360f3459214 187ac6721caa41fc9b9984565d3204fb - - aea56a651e4e46208e84ee12f850055f aea56a651e4e46208e84ee12f850055f] 199.204.45.156 "GET /v2.0/ports?tenant_id=e687f6eda8eb43bca52d7c1a57a1051a&device_id=23176b7d-ca6d-463f-8e01-9671951a5949 HTTP/1.1" status: 200 len: 1407 time: 0.0390480
2026-05-27 15:04:08.796 9 INFO neutron.wsgi [req-ec867ac9-e523-4f92-b186-73ce1072bb3c req-131f459e-5007-468f-9cde-64e4682e0877 e2fb98b4180640a3b07ff360f3459214 187ac6721caa41fc9b9984565d3204fb - - aea56a651e4e46208e84ee12f850055f aea56a651e4e46208e84ee12f850055f] 199.204.45.156 "GET /v2.0/networks?id=8d9f1f90-dda6-48b6-912e-c994571ef0b7 HTTP/1.1" status: 200 len: 971 time: 0.0909021
2026-05-27 15:04:08.843 9 INFO neutron.wsgi [req-ec867ac9-e523-4f92-b186-73ce1072bb3c req-c1258ca5-3baf-4960-9372-a0b8bf2cf925 e2fb98b4180640a3b07ff360f3459214 187ac6721caa41fc9b9984565d3204fb - - aea56a651e4e46208e84ee12f850055f aea56a651e4e46208e84ee12f850055f] 199.204.45.156 "GET /v2.0/floatingips?fixed_ip_address=10.100.0.5&port_id=d97d69ba-5143-4064-ab15-52367b248cea HTTP/1.1" status: 200 len: 217 time: 0.0349879
2026-05-27 15:04:08.876 10 INFO neutron.services.segments.plugin [-] Segment 57f34c5b-8406-4c6c-bb4e-051a06eb888f resource provider aggregate not found
2026-05-27 15:04:08.883 10 INFO neutron.services.segments.plugin [-] Segment 57f34c5b-8406-4c6c-bb4e-051a06eb888f resource provider aggregate not found
2026-05-27 15:04:08.898 9 INFO neutron.wsgi [req-ec867ac9-e523-4f92-b186-73ce1072bb3c req-b9c826c6-30be-4401-89fe-86b49cd9e197 e2fb98b4180640a3b07ff360f3459214 187ac6721caa41fc9b9984565d3204fb - - aea56a651e4e46208e84ee12f850055f aea56a651e4e46208e84ee12f850055f] 199.204.45.156 "GET /v2.0/subnets?id=6a8bc65d-49c5-412f-b2ba-1525dfc49b48 HTTP/1.1" status: 200 len: 866 time: 0.0438082
