2026-04-14 08:46:35.137 7 INFO placement.requestlog [req-42fbd4b0-4d70-4e0d-9808-9930ec112eeb req-2992ee90-3672-4230-b6cf-5cac59013943 fd0c742d1aa040e79c30028a56f1654b 8175d3869b4349ea9c14d8ee17b617f6 - - 965e7478f35746a79992d7f3605132b4 965e7478f35746a79992d7f3605132b4] 199.204.45.53 "GET /allocations/2d13c39f-b963-4e8d-935d-795226daf1c0" status: 200 len: 257 microversion: 1.28 [pid: 7|app: 0|req: 445/897] 199.204.45.53 () {34 vars in 862 bytes} [Tue Apr 14 08:46:35 2026] GET /allocations/2d13c39f-b963-4e8d-935d-795226daf1c0 => generated 257 bytes in 21 msecs (HTTP/1.1 200) 8 headers in 296 bytes (1 switches on core 0)
2026-04-14 08:46:35.797 8 INFO placement.requestlog [None req-e18cfb1a-82a8-472b-b884-550d6e78631d - - - - - -] 10.0.0.116 "GET /" status: 200 len: 136 microversion: 1.0
2026-04-14 08:46:35.798 7 INFO placement.requestlog [None req-1abb2d95-69a1-4e4f-8d91-7283f727216f - - - - - -] 10.0.0.116 "GET /" status: 200 len: 136 microversion: 1.0
2026-04-14 08:46:36.184 8 INFO placement.requestlog [req-42fbd4b0-4d70-4e0d-9808-9930ec112eeb req-dbddad20-4aec-4bad-a87c-0fd852f1e755 fd0c742d1aa040e79c30028a56f1654b 8175d3869b4349ea9c14d8ee17b617f6 - - 965e7478f35746a79992d7f3605132b4 965e7478f35746a79992d7f3605132b4] 199.204.45.53 "GET /resource_providers/c0ca9fdf-43c3-46d3-bd86-2dfac135877a/allocations" status: 200 len: 238 microversion: 1.0 [pid: 8|app: 0|req: 454/900] 199.204.45.53 () {32 vars in 856 bytes} [Tue Apr 14 08:46:36 2026] GET /resource_providers/c0ca9fdf-43c3-46d3-bd86-2dfac135877a/allocations => generated 238 bytes in 16 msecs (HTTP/1.1 200) 6 headers in 224 bytes (1 switches on core 0)
2026-04-14 08:46:36.206 7 INFO placement.requestlog [req-42fbd4b0-4d70-4e0d-9808-9930ec112eeb req-42fa4b00-7e46-4947-8daf-55c8e21f81ed fd0c742d1aa040e79c30028a56f1654b 8175d3869b4349ea9c14d8ee17b617f6 - - 965e7478f35746a79992d7f3605132b4 965e7478f35746a79992d7f3605132b4] 199.204.45.53 "GET /allocations/2d13c39f-b963-4e8d-935d-795226daf1c0" status: 200 len: 257 microversion: 1.28 [pid: 7|app: 0|req: 447/901] 199.204.45.53 () {34 vars in 862 bytes} [Tue Apr 14 08:46:36 2026] GET /allocations/2d13c39f-b963-4e8d-935d-795226daf1c0 => generated 257 bytes in 14 msecs (HTTP/1.1 200) 8 headers in 296 bytes (1 switches on core 0)
2026-04-14 08:46:36.225 8 INFO placement.requestlog [req-42fbd4b0-4d70-4e0d-9808-9930ec112eeb req-7e6d1c11-33c3-4918-8323-46b6a661f951 fd0c742d1aa040e79c30028a56f1654b 8175d3869b4349ea9c14d8ee17b617f6 - - 965e7478f35746a79992d7f3605132b4 965e7478f35746a79992d7f3605132b4] 199.204.45.53 "GET /allocations/73b6951f-c640-4d11-807e-7ed9c34b0e61" status: 200 len: 243 microversion: 1.28 [pid: 8|app: 0|req: 455/902] 199.204.45.53 () {34 vars in 862 bytes} [Tue Apr 14 08:46:36 2026] GET /allocations/73b6951f-c640-4d11-807e-7ed9c34b0e61 => generated 243 bytes in 12 msecs (HTTP/1.1 200) 8 headers in 296 bytes (1 switches on core 0)
2026-04-14 08:46:36.539 8 INFO placement.requestlog [None req-5e25fca6-dcf5-4712-b63d-355e1092be1a f8f50df5b08a445381fe1077a7ef004b 8175d3869b4349ea9c14d8ee17b617f6 - - 965e7478f35746a79992d7f3605132b4 965e7478f35746a79992d7f3605132b4] 10.0.0.97 "GET /resource_providers/5dac7e1c-8bda-490d-a61f-781ce2cf547c/aggregates" status: 404 len: 235 microversion: 1.1 [pid: 8|app: 0|req: 456/903] 10.0.0.97 () {32 vars in 815 bytes} [Tue Apr 14 08:46:36 2026] GET /resource_providers/5dac7e1c-8bda-490d-a61f-781ce2cf547c/aggregates => generated 235 bytes in 11 msecs (HTTP/1.1 404) 5 headers in 202 bytes (1 switches on core 0)
2026-04-14 08:46:36.542 7 INFO placement.requestlog [None req-517a16ab-4e62-4fd5-98cc-1e348d12252e f8f50df5b08a445381fe1077a7ef004b 8175d3869b4349ea9c14d8ee17b617f6 - - 965e7478f35746a79992d7f3605132b4 965e7478f35746a79992d7f3605132b4] 10.0.0.97 "GET /resource_providers/5dac7e1c-8bda-490d-a61f-781ce2cf547c/aggregates" status: 404 len: 235 microversion: 1.1 [pid: 7|app: 0|req: 448/904] 10.0.0.97 () {32 vars in 815 bytes} [Tue Apr 14 08:46:36 2026] GET /resource_providers/5dac7e1c-8bda-490d-a61f-781ce2cf547c/aggregates => generated 235 bytes in 13 msecs (HTTP/1.1 404) 5 headers in 202 bytes (1 switches on core 0)
2026-04-14 08:46:36.560 8 INFO placement.requestlog [None req-47075013-e2c0-4227-bd3b-ccb0d36be3c1 f8f50df5b08a445381fe1077a7ef004b 8175d3869b4349ea9c14d8ee17b617f6 - - 965e7478f35746a79992d7f3605132b4 965e7478f35746a79992d7f3605132b4] 10.0.0.97 "DELETE /resource_providers/5dac7e1c-8bda-490d-a61f-781ce2cf547c" status: 404 len: 246 microversion: 1.1 [pid: 8|app: 0|req: 457/905] 10.0.0.97 () {34 vars in 815 bytes} [Tue Apr 14 08:46:36 2026] DELETE /resource_providers/5dac7e1c-8bda-490d-a61f-781ce2cf547c => generated 246 bytes in 9 msecs (HTTP/1.1 404) 6 headers in 231 bytes (1 switches on core 0)
2026-04-14 08:46:36.567 7 INFO placement.requestlog [None req-7014a668-d349-4fc6-acd5-7a73ff7ea9c8 f8f50df5b08a445381fe1077a7ef004b 8175d3869b4349ea9c14d8ee17b617f6 - - 965e7478f35746a79992d7f3605132b4 965e7478f35746a79992d7f3605132b4] 10.0.0.97 "DELETE /resource_providers/5dac7e1c-8bda-490d-a61f-781ce2cf547c" status: 404 len: 246 microversion: 1.1 [pid: 7|app: 0|req: 449/906] 10.0.0.97 () {34 vars in 815 bytes} [Tue Apr 14 08:46:36 2026] DELETE /resource_providers/5dac7e1c-8bda-490d-a61f-781ce2cf547c => generated 246 bytes in 9 msecs (HTTP/1.1 404) 6 headers in 231 bytes (1 switches on core 0)
2026-04-14 08:46:37.309 8 INFO placement.requestlog [req-8ff19d6a-0281-428d-b0b9-00cbc81d0018 req-c4ffe898-d502-40b0-ae7c-f50f008623f8 fd0c742d1aa040e79c30028a56f1654b 8175d3869b4349ea9c14d8ee17b617f6 - - 965e7478f35746a79992d7f3605132b4 965e7478f35746a79992d7f3605132b4] 199.204.45.53 "GET /resource_providers/c0ca9fdf-43c3-46d3-bd86-2dfac135877a/allocations" status: 200 len: 238 microversion: 1.0 [pid: 8|app: 0|req: 458/907] 199.204.45.53 () {32 vars in 856 bytes} [Tue Apr 14 08:46:37 2026] GET /resource_providers/c0ca9fdf-43c3-46d3-bd86-2dfac135877a/allocations => generated 238 bytes in 40 msecs (HTTP/1.1 200) 6 headers in 224 bytes (1 switches on core 0)
2026-04-14 08:46:37.347 7 INFO placement.requestlog [req-8ff19d6a-0281-428d-b0b9-00cbc81d0018 req-e8669f67-cb03-42cf-a2f9-8901e2020df7 fd0c742d1aa040e79c30028a56f1654b 8175d3869b4349ea9c14d8ee17b617f6 - - 965e7478f35746a79992d7f3605132b4 965e7478f35746a79992d7f3605132b4] 199.204.45.53 "GET /allocations/2d13c39f-b963-4e8d-935d-795226daf1c0" status: 200 len: 257 microversion: 1.28 [pid: 7|app: 0|req: 450/908] 199.204.45.53 () {34 vars in 862 bytes} [Tue Apr 14 08:46:37 2026] GET /allocations/2d13c39f-b963-4e8d-935d-795226daf1c0 => generated 257 bytes in 29 msecs (HTTP/1.1 200) 8 headers in 296 bytes (1 switches on core 0)
2026-04-14 08:46:37.413 8 INFO placement.requestlog [req-8ff19d6a-0281-428d-b0b9-00cbc81d0018 req-a090b0dc-bf5d-4841-b92e-60561010314c fd0c742d1aa040e79c30028a56f1654b 8175d3869b4349ea9c14d8ee17b617f6 - - 965e7478f35746a79992d7f3605132b4 965e7478f35746a79992d7f3605132b4] 199.204.45.53 "GET /allocations/73b6951f-c640-4d11-807e-7ed9c34b0e61" status: 200 len: 243 microversion: 1.28 [pid: 8|app: 0|req: 459/909] 199.204.45.53 () {34 vars in 862 bytes} [Tue Apr 14 08:46:37 2026] GET /allocations/73b6951f-c640-4d11-807e-7ed9c34b0e61 => generated 243 bytes in 56 msecs (HTTP/1.1 200) 8 headers in 296 bytes (1 switches on core 0)
2026-04-14 08:46:38.489 7 INFO placement.requestlog [req-8ff19d6a-0281-428d-b0b9-00cbc81d0018 req-f5b00399-3c9b-4594-b26c-5245f5760565 fd0c742d1aa040e79c30028a56f1654b 8175d3869b4349ea9c14d8ee17b617f6 - - 965e7478f35746a79992d7f3605132b4 965e7478f35746a79992d7f3605132b4] 199.204.45.53 "DELETE /allocations/73b6951f-c640-4d11-807e-7ed9c34b0e61" status: 204 len: 0 microversion: 1.0 [pid: 7|app: 0|req: 451/910] 199.204.45.53 () {34 vars in 840 bytes} [Tue Apr 14 08:46:38 2026] DELETE /allocations/73b6951f-c640-4d11-807e-7ed9c34b0e61 => generated 0 bytes in 46 msecs (HTTP/1.1 204) 5 headers in 198 bytes (1 switches on core 0)
2026-04-14 08:46:38.549 8 INFO placement.requestlog [None req-60a711da-72bb-4a89-959d-33ca4bcba45b f8f50df5b08a445381fe1077a7ef004b 8175d3869b4349ea9c14d8ee17b617f6 - - 965e7478f35746a79992d7f3605132b4 965e7478f35746a79992d7f3605132b4] 10.0.0.97 "GET /resource_providers/c160463d-c65e-45da-b88a-d8906cc2e7a9/aggregates" status: 404 len: 235 microversion: 1.1 [pid: 8|app: 0|req: 460/911] 10.0.0.97 () {32 vars in 815 bytes} [Tue Apr 14 08:46:38 2026] GET /resource_providers/c160463d-c65e-45da-b88a-d8906cc2e7a9/aggregates => generated 235 bytes in 9 msecs (HTTP/1.1 404) 5 headers in 202 bytes (1 switches on core 0)
2026-04-14 08:46:38.553 7 INFO placement.requestlog [None req-c9f873bb-8d1d-4b93-a9a8-135988516ed2 f8f50df5b08a445381fe1077a7ef004b 8175d3869b4349ea9c14d8ee17b617f6 - - 965e7478f35746a79992d7f3605132b4 965e7478f35746a79992d7f3605132b4] 10.0.0.97 "GET /resource_providers/c160463d-c65e-45da-b88a-d8906cc2e7a9/aggregates" status: 404 len: 235 microversion: 1.1 [pid: 7|app: 0|req: 452/912] 10.0.0.97 () {32 vars in 815 bytes} [Tue Apr 14 08:46:38 2026] GET /resource_providers/c160463d-c65e-45da-b88a-d8906cc2e7a9/aggregates => generated 235 bytes in 13 msecs (HTTP/1.1 404) 5 headers in 202 bytes (1 switches on core 0)
2026-04-14 08:46:38.588 8 INFO placement.requestlog [None req-f61eca21-86db-42e3-ae3d-8a3193b39e2e f8f50df5b08a445381fe1077a7ef004b 8175d3869b4349ea9c14d8ee17b617f6 - - 965e7478f35746a79992d7f3605132b4 965e7478f35746a79992d7f3605132b4] 10.0.0.97 "DELETE /resource_providers/c160463d-c65e-45da-b88a-d8906cc2e7a9" status: 404 len: 246 microversion: 1.1 [pid: 8|app: 0|req: 461/913] 10.0.0.97 () {34 vars in 815 bytes} [Tue Apr 14 08:46:38 2026] DELETE /resource_providers/c160463d-c65e-45da-b88a-d8906cc2e7a9 => generated 246 bytes in 15 msecs (HTTP/1.1 404) 6 headers in 231 bytes (1 switches on core 0)
2026-04-14 08:46:38.591 7 INFO placement.requestlog [None req-13782444-c0cf-4367-a153-573f9fdd5f6f f8f50df5b08a445381fe1077a7ef004b 8175d3869b4349ea9c14d8ee17b617f6 - - 965e7478f35746a79992d7f3605132b4 965e7478f35746a79992d7f3605132b4] 10.0.0.97 "DELETE /resource_providers/c160463d-c65e-45da-b88a-d8906cc2e7a9" status: 404 len: 246 microversion: 1.1 [pid: 7|app: 0|req: 453/914] 10.0.0.97 () {34 vars in 815 bytes} [Tue Apr 14 08:46:38 2026] DELETE /resource_providers/c160463d-c65e-45da-b88a-d8906cc2e7a9 => generated 246 bytes in 11 msecs (HTTP/1.1 404) 6 headers in 231 bytes (1 switches on core 0)
2026-04-14 08:46:40.171 7 INFO placement.requestlog [None req-d8fb705a-b573-4924-8341-2a188904fbfb f8f50df5b08a445381fe1077a7ef004b 8175d3869b4349ea9c14d8ee17b617f6 - - 965e7478f35746a79992d7f3605132b4 965e7478f35746a79992d7f3605132b4] 10.0.0.97 "GET /resource_providers/714ebe97-9cf9-4ec1-ba12-03644d0ed11f/aggregates" status: 404 len: 235 microversion: 1.1
2026-04-14 08:46:40.171 8 INFO placement.requestlog [None req-3de6a6a2-3e4a-442b-893e-f5d0924d7149 f8f50df5b08a445381fe1077a7ef004b 8175d3869b4349ea9c14d8ee17b617f6 - - 965e7478f35746a79992d7f3605132b4 965e7478f35746a79992d7f3605132b4] 10.0.0.97 "GET /resource_providers/714ebe97-9cf9-4ec1-ba12-03644d0ed11f/aggregates" status: 404 len: 235 microversion: 1.1 [pid: 7|app: 0|req: 454/916] 10.0.0.97 () {32 vars in 815 bytes} [Tue Apr 14 08:46:40 2026] GET /resource_providers/714ebe97-9cf9-4ec1-ba12-03644d0ed11f/aggregates => generated 235 bytes in 14 msecs (HTTP/1.1 404) 5 headers in 202 bytes (1 switches on core 0) [pid: 8|app: 0|req: 462/916] 10.0.0.97 () {32 vars in 815 bytes} [Tue Apr 14 08:46:40 2026] GET /resource_providers/714ebe97-9cf9-4ec1-ba12-03644d0ed11f/aggregates => generated 235 bytes in 14 msecs (HTTP/1.1 404) 5 headers in 202 bytes (1 switches on core 0)
2026-04-14 08:46:40.203 8 INFO placement.requestlog [None req-5f7d0ac8-e0dc-4ca6-bb97-4ea20a521cf4 f8f50df5b08a445381fe1077a7ef004b 8175d3869b4349ea9c14d8ee17b617f6 - - 965e7478f35746a79992d7f3605132b4 965e7478f35746a79992d7f3605132b4] 10.0.0.97 "DELETE /resource_providers/714ebe97-9cf9-4ec1-ba12-03644d0ed11f" status: 404 len: 246 microversion: 1.1 [pid: 8|app: 0|req: 463/917] 10.0.0.97 () {34 vars in 815 bytes} [Tue Apr 14 08:46:40 2026] DELETE /resource_providers/714ebe97-9cf9-4ec1-ba12-03644d0ed11f => generated 246 bytes in 13 msecs (HTTP/1.1 404) 6 headers in 231 bytes (1 switches on core 0)
2026-04-14 08:46:40.204 7 INFO placement.requestlog [None req-3453b024-d56d-4d58-80b9-f843945ad98c f8f50df5b08a445381fe1077a7ef004b 8175d3869b4349ea9c14d8ee17b617f6 - - 965e7478f35746a79992d7f3605132b4 965e7478f35746a79992d7f3605132b4] 10.0.0.97 "DELETE /resource_providers/714ebe97-9cf9-4ec1-ba12-03644d0ed11f" status: 404 len: 246 microversion: 1.1 [pid: 7|app: 0|req: 455/918] 10.0.0.97 () {34 vars in 815 bytes} [Tue Apr 14 08:46:40 2026] DELETE /resource_providers/714ebe97-9cf9-4ec1-ba12-03644d0ed11f => generated 246 bytes in 18 msecs (HTTP/1.1 404) 6 headers in 231 bytes (1 switches on core 0)
2026-04-14 08:46:41.871 8 INFO placement.requestlog [None req-8a426c29-8c6a-4acf-978b-19237fddd804 f8f50df5b08a445381fe1077a7ef004b 8175d3869b4349ea9c14d8ee17b617f6 - - 965e7478f35746a79992d7f3605132b4 965e7478f35746a79992d7f3605132b4] 10.0.0.97 "GET /resource_providers/fa660dd9-b788-4174-8aba-72535220ff8c/aggregates" status: 404 len: 235 microversion: 1.1
2026-04-14 08:46:41.871 7 INFO placement.requestlog [None req-e9baddce-4190-4dc7-9eca-8d18c058f610 f8f50df5b08a445381fe1077a7ef004b 8175d3869b4349ea9c14d8ee17b617f6 - - 965e7478f35746a79992d7f3605132b4 965e7478f35746a79992d7f3605132b4] 10.0.0.97 "GET /resource_providers/fa660dd9-b788-4174-8aba-72535220ff8c/aggregates" status: 404 len: 235 microversion: 1.1 [pid: 8|app: 0|req: 464/920] 10.0.0.97 () {32 vars in 815 bytes} [Tue Apr 14 08:46:41 2026] GET /resource_providers/fa660dd9-b788-4174-8aba-72535220ff8c/aggregates => generated 235 bytes in 12 msecs (HTTP/1.1 404) 5 headers in 202 bytes (1 switches on core 0) [pid: 7|app: 0|req: 456/920] 10.0.0.97 () {32 vars in 815 bytes} [Tue Apr 14 08:46:41 2026] GET /resource_providers/fa660dd9-b788-4174-8aba-72535220ff8c/aggregates => generated 235 bytes in 6 msecs (HTTP/1.1 404) 5 headers in 202 bytes (1 switches on core 0)
2026-04-14 08:46:41.890 8 INFO placement.requestlog [None req-40b44ac2-2d5f-43f6-879c-1c0032ec5df4 f8f50df5b08a445381fe1077a7ef004b 8175d3869b4349ea9c14d8ee17b617f6 - - 965e7478f35746a79992d7f3605132b4 965e7478f35746a79992d7f3605132b4] 10.0.0.97 "DELETE /resource_providers/fa660dd9-b788-4174-8aba-72535220ff8c" status: 404 len: 246 microversion: 1.1 [pid: 8|app: 0|req: 465/921] 10.0.0.97 () {34 vars in 815 bytes} [Tue Apr 14 08:46:41 2026] DELETE /resource_providers/fa660dd9-b788-4174-8aba-72535220ff8c => generated 246 bytes in 8 msecs (HTTP/1.1 404) 6 headers in 231 bytes (1 switches on core 0)
2026-04-14 08:46:41.891 7 INFO placement.requestlog [None req-aaaa65b9-18cb-4015-92c9-c5dd6432e63c f8f50df5b08a445381fe1077a7ef004b 8175d3869b4349ea9c14d8ee17b617f6 - - 965e7478f35746a79992d7f3605132b4 965e7478f35746a79992d7f3605132b4] 10.0.0.97 "DELETE /resource_providers/fa660dd9-b788-4174-8aba-72535220ff8c" status: 404 len: 246 microversion: 1.1 [pid: 7|app: 0|req: 457/922] 10.0.0.97 () {34 vars in 815 bytes} [Tue Apr 14 08:46:41 2026] DELETE /resource_providers/fa660dd9-b788-4174-8aba-72535220ff8c => generated 246 bytes in 8 msecs (HTTP/1.1 404) 6 headers in 231 bytes (1 switches on core 0)
2026-04-14 08:46:43.913 7 INFO placement.requestlog [None req-d3ada204-ae0d-417b-87a8-95dbc8438c68 f8f50df5b08a445381fe1077a7ef004b 8175d3869b4349ea9c14d8ee17b617f6 - - 965e7478f35746a79992d7f3605132b4 965e7478f35746a79992d7f3605132b4] 10.0.0.97 "GET /resource_providers/9f411b50-6dde-48a5-ac07-027d60b076c9/aggregates" status: 404 len: 235 microversion: 1.1 [pid: 7|app: 0|req: 458/923] 10.0.0.97 () {32 vars in 815 bytes} [Tue Apr 14 08:46:43 2026] GET /resource_providers/9f411b50-6dde-48a5-ac07-027d60b076c9/aggregates => generated 235 bytes in 11 msecs (HTTP/1.1 404) 5 headers in 202 bytes (1 switches on core 0)
2026-04-14 08:46:43.922 8 INFO placement.requestlog [None req-32d78ec8-7e12-493f-ab0a-b6fe8cf85181 f8f50df5b08a445381fe1077a7ef004b 8175d3869b4349ea9c14d8ee17b617f6 - - 965e7478f35746a79992d7f3605132b4 965e7478f35746a79992d7f3605132b4] 10.0.0.97 "GET /resource_providers/9f411b50-6dde-48a5-ac07-027d60b076c9/aggregates" status: 404 len: 235 microversion: 1.1 [pid: 8|app: 0|req: 466/924] 10.0.0.97 () {32 vars in 815 bytes} [Tue Apr 14 08:46:43 2026] GET /resource_providers/9f411b50-6dde-48a5-ac07-027d60b076c9/aggregates => generated 235 bytes in 20 msecs (HTTP/1.1 404) 5 headers in 202 bytes (1 switches on core 0)
2026-04-14 08:46:43.934 7 INFO placement.requestlog [None req-c0c2c017-8490-4b4a-910a-39b3c417cdd7 f8f50df5b08a445381fe1077a7ef004b 8175d3869b4349ea9c14d8ee17b617f6 - - 965e7478f35746a79992d7f3605132b4 965e7478f35746a79992d7f3605132b4] 10.0.0.97 "DELETE /resource_providers/9f411b50-6dde-48a5-ac07-027d60b076c9" status: 404 len: 246 microversion: 1.1 [pid: 7|app: 0|req: 459/925] 10.0.0.97 () {34 vars in 815 bytes} [Tue Apr 14 08:46:43 2026] DELETE /resource_providers/9f411b50-6dde-48a5-ac07-027d60b076c9 => generated 246 bytes in 12 msecs (HTTP/1.1 404) 6 headers in 231 bytes (1 switches on core 0)
2026-04-14 08:46:43.944 8 INFO placement.requestlog [None req-f0f5e322-0fe3-4299-8d21-861d9ef134ba f8f50df5b08a445381fe1077a7ef004b 8175d3869b4349ea9c14d8ee17b617f6 - - 965e7478f35746a79992d7f3605132b4 965e7478f35746a79992d7f3605132b4] 10.0.0.97 "DELETE /resource_providers/9f411b50-6dde-48a5-ac07-027d60b076c9" status: 404 len: 246 microversion: 1.1 [pid: 8|app: 0|req: 467/926] 10.0.0.97 () {34 vars in 815 bytes} [Tue Apr 14 08:46:43 2026] DELETE /resource_providers/9f411b50-6dde-48a5-ac07-027d60b076c9 => generated 246 bytes in 17 msecs (HTTP/1.1 404) 6 headers in 231 bytes (1 switches on core 0)
2026-04-14 08:46:45.798 7 INFO placement.requestlog [None req-9efe786f-1e83-4ff7-8d3a-fb95df6d82ee - - - - - -] 10.0.0.116 "GET /" status: 200 len: 136 microversion: 1.0
2026-04-14 08:46:45.798 8 INFO placement.requestlog [None req-40c75468-685a-4ac1-ae91-f61461a23ee9 - - - - - -] 10.0.0.116 "GET /" status: 200 len: 136 microversion: 1.0
2026-04-14 08:46:51.482 7 INFO placement.requestlog [req-e31904d2-c59d-47eb-9ff6-804c1a505cef req-4a12af4f-703c-452e-b9ac-2e835040cfa0 fd0c742d1aa040e79c30028a56f1654b 8175d3869b4349ea9c14d8ee17b617f6 - - 965e7478f35746a79992d7f3605132b4 965e7478f35746a79992d7f3605132b4] 199.204.45.53 "GET /resource_providers/c0ca9fdf-43c3-46d3-bd86-2dfac135877a/allocations" status: 200 len: 152 microversion: 1.0 [pid: 7|app: 0|req: 461/929] 199.204.45.53 () {32 vars in 856 bytes} [Tue Apr 14 08:46:51 2026] GET /resource_providers/c0ca9fdf-43c3-46d3-bd86-2dfac135877a/allocations => generated 152 bytes in 27 msecs (HTTP/1.1 200) 6 headers in 224 bytes (1 switches on core 0)
2026-04-14 08:46:51.503 8 INFO placement.requestlog [req-e31904d2-c59d-47eb-9ff6-804c1a505cef req-08599763-0e38-4f20-acd8-2ba91c4ac77c fd0c742d1aa040e79c30028a56f1654b 8175d3869b4349ea9c14d8ee17b617f6 - - 965e7478f35746a79992d7f3605132b4 965e7478f35746a79992d7f3605132b4] 199.204.45.53 "GET /resource_providers/c0ca9fdf-43c3-46d3-bd86-2dfac135877a/allocations" status: 200 len: 152 microversion: 1.0 [pid: 8|app: 0|req: 469/930] 199.204.45.53 () {32 vars in 856 bytes} [Tue Apr 14 08:46:51 2026] GET /resource_providers/c0ca9fdf-43c3-46d3-bd86-2dfac135877a/allocations => generated 152 bytes in 14 msecs (HTTP/1.1 200) 6 headers in 224 bytes (1 switches on core 0)
2026-04-14 08:46:51.525 7 INFO placement.requestlog [req-e31904d2-c59d-47eb-9ff6-804c1a505cef req-e5e0aa1e-9e74-48aa-a6d2-df90e70de6c7 fd0c742d1aa040e79c30028a56f1654b 8175d3869b4349ea9c14d8ee17b617f6 - - 965e7478f35746a79992d7f3605132b4 965e7478f35746a79992d7f3605132b4] 199.204.45.53 "GET /allocations/2d13c39f-b963-4e8d-935d-795226daf1c0" status: 200 len: 257 microversion: 1.28 [pid: 7|app: 0|req: 462/931] 199.204.45.53 () {34 vars in 862 bytes} [Tue Apr 14 08:46:51 2026] GET /allocations/2d13c39f-b963-4e8d-935d-795226daf1c0 => generated 257 bytes in 15 msecs (HTTP/1.1 200) 8 headers in 296 bytes (1 switches on core 0)
2026-04-14 08:46:52.627 8 INFO placement.requestlog [req-a7c69ec2-689c-4fe4-bffb-181ce1e0e401 req-5d0c4a37-1d6f-4b31-abaa-96ccc9658c4d fd0c742d1aa040e79c30028a56f1654b 8175d3869b4349ea9c14d8ee17b617f6 - - 965e7478f35746a79992d7f3605132b4 965e7478f35746a79992d7f3605132b4] 10.0.0.147 "GET /allocation_candidates?limit=1000&resources=DISK_GB%3A1%2CMEMORY_MB%3A512%2CVCPU%3A1&root_required=%21COMPUTE_STATUS_DISABLED" status: 200 len: 2444 microversion: 1.36 [pid: 8|app: 0|req: 470/932] 10.0.0.147 () {34 vars in 1012 bytes} [Tue Apr 14 08:46:52 2026] GET /allocation_candidates?limit=1000&resources=DISK_GB%3A1%2CMEMORY_MB%3A512%2CVCPU%3A1&root_required=%21COMPUTE_STATUS_DISABLED => generated 2444 bytes in 51 msecs (HTTP/1.1 200) 8 headers in 297 bytes (1 switches on core 0)
2026-04-14 08:46:52.656 7 INFO placement.requestlog [req-a7c69ec2-689c-4fe4-bffb-181ce1e0e401 req-d96c62aa-53c9-4c6a-a806-ae2bfffa4dc9 fd0c742d1aa040e79c30028a56f1654b 8175d3869b4349ea9c14d8ee17b617f6 - - 965e7478f35746a79992d7f3605132b4 965e7478f35746a79992d7f3605132b4] 10.0.0.147 "GET /allocations/edbd71f7-dc30-4ebb-b208-ac9c894b5fce" status: 200 len: 19 microversion: 1.28 [pid: 7|app: 0|req: 463/933] 10.0.0.147 () {34 vars in 861 bytes} [Tue Apr 14 08:46:52 2026] GET /allocations/edbd71f7-dc30-4ebb-b208-ac9c894b5fce => generated 19 bytes in 11 msecs (HTTP/1.1 200) 8 headers in 295 bytes (1 switches on core 0)
2026-04-14 08:46:52.741 8 INFO placement.requestlog [req-a7c69ec2-689c-4fe4-bffb-181ce1e0e401 req-206c023b-2736-4572-9f5d-b811e758e51b fd0c742d1aa040e79c30028a56f1654b 8175d3869b4349ea9c14d8ee17b617f6 - - 965e7478f35746a79992d7f3605132b4 965e7478f35746a79992d7f3605132b4] 10.0.0.147 "PUT /allocations/edbd71f7-dc30-4ebb-b208-ac9c894b5fce" status: 204 len: 0 microversion: 1.36 [pid: 8|app: 0|req: 471/934] 10.0.0.147 () {38 vars in 914 bytes} [Tue Apr 14 08:46:52 2026] PUT /allocations/edbd71f7-dc30-4ebb-b208-ac9c894b5fce => generated 0 bytes in 74 msecs (HTTP/1.1 204) 5 headers in 199 bytes (1 switches on core 0)
2026-04-14 08:46:54.243 7 INFO placement.requestlog [req-a7c69ec2-689c-4fe4-bffb-181ce1e0e401 req-8f047ded-0e37-4c40-a77d-a2856606fe09 fd0c742d1aa040e79c30028a56f1654b 8175d3869b4349ea9c14d8ee17b617f6 - - 965e7478f35746a79992d7f3605132b4 965e7478f35746a79992d7f3605132b4] 199.204.45.53 "GET /allocations/edbd71f7-dc30-4ebb-b208-ac9c894b5fce" status: 200 len: 257 microversion: 1.28 [pid: 7|app: 0|req: 464/935] 199.204.45.53 () {34 vars in 862 bytes} [Tue Apr 14 08:46:54 2026] GET /allocations/edbd71f7-dc30-4ebb-b208-ac9c894b5fce => generated 257 bytes in 17 msecs (HTTP/1.1 200) 8 headers in 296 bytes (1 switches on core 0)
2026-04-14 08:46:55.283 8 INFO placement.requestlog [req-a7c69ec2-689c-4fe4-bffb-181ce1e0e401 req-4766fab5-48fc-4127-b060-ceae3f371f2a fd0c742d1aa040e79c30028a56f1654b 8175d3869b4349ea9c14d8ee17b617f6 - - 965e7478f35746a79992d7f3605132b4 965e7478f35746a79992d7f3605132b4] 199.204.45.53 "GET /resource_providers/c0ca9fdf-43c3-46d3-bd86-2dfac135877a/allocations" status: 200 len: 252 microversion: 1.0 [pid: 8|app: 0|req: 472/936] 199.204.45.53 () {32 vars in 856 bytes} [Tue Apr 14 08:46:55 2026] GET /resource_providers/c0ca9fdf-43c3-46d3-bd86-2dfac135877a/allocations => generated 252 bytes in 13 msecs (HTTP/1.1 200) 6 headers in 224 bytes (1 switches on core 0)
2026-04-14 08:46:55.298 7 INFO placement.requestlog [req-a7c69ec2-689c-4fe4-bffb-181ce1e0e401 req-782353d6-a186-45d8-b431-aaf082c01aab fd0c742d1aa040e79c30028a56f1654b 8175d3869b4349ea9c14d8ee17b617f6 - - 965e7478f35746a79992d7f3605132b4 965e7478f35746a79992d7f3605132b4] 199.204.45.53 "GET /allocations/2d13c39f-b963-4e8d-935d-795226daf1c0" status: 200 len: 257 microversion: 1.28 [pid: 7|app: 0|req: 465/937] 199.204.45.53 () {34 vars in 862 bytes} [Tue Apr 14 08:46:55 2026] GET /allocations/2d13c39f-b963-4e8d-935d-795226daf1c0 => generated 257 bytes in 11 msecs (HTTP/1.1 200) 8 headers in 296 bytes (1 switches on core 0)
2026-04-14 08:46:55.314 8 INFO placement.requestlog [req-a7c69ec2-689c-4fe4-bffb-181ce1e0e401 req-9e29fba9-4cde-4b60-baf4-198d7a86e6da fd0c742d1aa040e79c30028a56f1654b 8175d3869b4349ea9c14d8ee17b617f6 - - 965e7478f35746a79992d7f3605132b4 965e7478f35746a79992d7f3605132b4] 199.204.45.53 "GET /allocations/edbd71f7-dc30-4ebb-b208-ac9c894b5fce" status: 200 len: 257 microversion: 1.28 [pid: 8|app: 0|req: 473/938] 199.204.45.53 () {34 vars in 862 bytes} [Tue Apr 14 08:46:55 2026] GET /allocations/edbd71f7-dc30-4ebb-b208-ac9c894b5fce => generated 257 bytes in 11 msecs (HTTP/1.1 200) 8 headers in 296 bytes (1 switches on core 0)
2026-04-14 08:46:55.798 7 INFO placement.requestlog [None req-60aefb27-cde2-4e6c-8294-496c7f7c3638 - - - - - -] 10.0.0.116 "GET /" status: 200 len: 136 microversion: 1.0
2026-04-14 08:46:55.799 8 INFO placement.requestlog [None req-aa4a2a5a-cd79-41cf-bb2c-7144ee76db54 - - - - - -] 10.0.0.116 "GET /" status: 200 len: 136 microversion: 1.0
2026-04-14 08:47:05.797 7 INFO placement.requestlog [None req-0890ff4e-67b3-49e3-a768-7a0f8c6a5bdc - - - - - -] 10.0.0.116 "GET /" status: 200 len: 136 microversion: 1.0
2026-04-14 08:47:05.797 8 INFO placement.requestlog [None req-fcf8e0db-b4e7-4fcd-bf1a-2bf462621b5e - - - - - -] 10.0.0.116 "GET /" status: 200 len: 136 microversion: 1.0
2026-04-14 08:47:11.331 8 INFO placement.requestlog [None req-ac935a52-3cea-4e4a-a77d-e6908594b8b5 f8f50df5b08a445381fe1077a7ef004b 8175d3869b4349ea9c14d8ee17b617f6 - - 965e7478f35746a79992d7f3605132b4 965e7478f35746a79992d7f3605132b4] 10.0.0.97 "GET /resource_providers/63038651-5e50-4b9b-9e30-a3dc510e5044/aggregates" status: 404 len: 235 microversion: 1.1 [pid: 8|app: 0|req: 476/943] 10.0.0.97 () {32 vars in 815 bytes} [Tue Apr 14 08:47:11 2026] GET /resource_providers/63038651-5e50-4b9b-9e30-a3dc510e5044/aggregates => generated 235 bytes in 12 msecs (HTTP/1.1 404) 5 headers in 202 bytes (1 switches on core 0)
2026-04-14 08:47:11.332 7 INFO placement.requestlog [None req-c721888a-a2b8-4c28-b528-c4d8bbbbc7f4 f8f50df5b08a445381fe1077a7ef004b 8175d3869b4349ea9c14d8ee17b617f6 - - 965e7478f35746a79992d7f3605132b4 965e7478f35746a79992d7f3605132b4] 10.0.0.97 "GET /resource_providers/63038651-5e50-4b9b-9e30-a3dc510e5044/aggregates" status: 404 len: 235 microversion: 1.1 [pid: 7|app: 0|req: 468/944] 10.0.0.97 () {32 vars in 815 bytes} [Tue Apr 14 08:47:11 2026] GET /resource_providers/63038651-5e50-4b9b-9e30-a3dc510e5044/aggregates => generated 235 bytes in 15 msecs (HTTP/1.1 404) 5 headers in 202 bytes (1 switches on core 0)
2026-04-14 08:47:11.352 8 INFO placement.requestlog [None req-bfd11de9-2e41-4159-8350-da7c32bcceb7 f8f50df5b08a445381fe1077a7ef004b 8175d3869b4349ea9c14d8ee17b617f6 - - 965e7478f35746a79992d7f3605132b4 965e7478f35746a79992d7f3605132b4] 10.0.0.97 "DELETE /resource_providers/63038651-5e50-4b9b-9e30-a3dc510e5044" status: 404 len: 246 microversion: 1.1 [pid: 8|app: 0|req: 477/945] 10.0.0.97 () {34 vars in 815 bytes} [Tue Apr 14 08:47:11 2026] DELETE /resource_providers/63038651-5e50-4b9b-9e30-a3dc510e5044 => generated 246 bytes in 9 msecs (HTTP/1.1 404) 6 headers in 231 bytes (1 switches on core 0)
2026-04-14 08:47:11.359 7 INFO placement.requestlog [None req-9de28d24-28ec-43ba-943f-430a86eaed01 f8f50df5b08a445381fe1077a7ef004b 8175d3869b4349ea9c14d8ee17b617f6 - - 965e7478f35746a79992d7f3605132b4 965e7478f35746a79992d7f3605132b4] 10.0.0.97 "DELETE /resource_providers/63038651-5e50-4b9b-9e30-a3dc510e5044" status: 404 len: 246 microversion: 1.1 [pid: 7|app: 0|req: 469/946] 10.0.0.97 () {34 vars in 815 bytes} [Tue Apr 14 08:47:11 2026] DELETE /resource_providers/63038651-5e50-4b9b-9e30-a3dc510e5044 => generated 246 bytes in 12 msecs (HTTP/1.1 404) 6 headers in 231 bytes (1 switches on core 0)
2026-04-14 08:47:11.882 8 INFO placement.requestlog [req-7cd41ada-398e-462e-9d80-ac7bddf05287 req-57364686-abdc-42b0-a8e8-b408d6a7c3b8 fd0c742d1aa040e79c30028a56f1654b 8175d3869b4349ea9c14d8ee17b617f6 - - 965e7478f35746a79992d7f3605132b4 965e7478f35746a79992d7f3605132b4] 199.204.45.53 "GET /resource_providers/c0ca9fdf-43c3-46d3-bd86-2dfac135877a/allocations" status: 200 len: 252 microversion: 1.0 [pid: 8|app: 0|req: 478/947] 199.204.45.53 () {32 vars in 856 bytes} [Tue Apr 14 08:47:11 2026] GET /resource_providers/c0ca9fdf-43c3-46d3-bd86-2dfac135877a/allocations => generated 252 bytes in 21 msecs (HTTP/1.1 200) 6 headers in 224 bytes (1 switches on core 0)
2026-04-14 08:47:11.906 7 INFO placement.requestlog [req-7cd41ada-398e-462e-9d80-ac7bddf05287 req-1a536505-9947-415c-a87a-81236d3e7708 fd0c742d1aa040e79c30028a56f1654b 8175d3869b4349ea9c14d8ee17b617f6 - - 965e7478f35746a79992d7f3605132b4 965e7478f35746a79992d7f3605132b4] 199.204.45.53 "GET /allocations/2d13c39f-b963-4e8d-935d-795226daf1c0" status: 200 len: 257 microversion: 1.28 [pid: 7|app: 0|req: 470/948] 199.204.45.53 () {34 vars in 862 bytes} [Tue Apr 14 08:47:11 2026] GET /allocations/2d13c39f-b963-4e8d-935d-795226daf1c0 => generated 257 bytes in 17 msecs (HTTP/1.1 200) 8 headers in 296 bytes (1 switches on core 0)
2026-04-14 08:47:11.935 8 INFO placement.requestlog [req-7cd41ada-398e-462e-9d80-ac7bddf05287 req-92e1688c-96ae-417c-bdea-9fc1cc89b7c0 fd0c742d1aa040e79c30028a56f1654b 8175d3869b4349ea9c14d8ee17b617f6 - - 965e7478f35746a79992d7f3605132b4 965e7478f35746a79992d7f3605132b4] 199.204.45.53 "GET /allocations/edbd71f7-dc30-4ebb-b208-ac9c894b5fce" status: 200 len: 257 microversion: 1.28 [pid: 8|app: 0|req: 479/949] 199.204.45.53 () {34 vars in 862 bytes} [Tue Apr 14 08:47:11 2026] GET /allocations/edbd71f7-dc30-4ebb-b208-ac9c894b5fce => generated 257 bytes in 22 msecs (HTTP/1.1 200) 8 headers in 296 bytes (1 switches on core 0)
2026-04-14 08:47:12.995 7 INFO placement.requestlog [req-7cd41ada-398e-462e-9d80-ac7bddf05287 req-98902688-fe69-4635-8478-0815d11972ee fd0c742d1aa040e79c30028a56f1654b 8175d3869b4349ea9c14d8ee17b617f6 - - 965e7478f35746a79992d7f3605132b4 965e7478f35746a79992d7f3605132b4] 199.204.45.53 "DELETE /allocations/edbd71f7-dc30-4ebb-b208-ac9c894b5fce" status: 204 len: 0 microversion: 1.0 [pid: 7|app: 0|req: 471/950] 199.204.45.53 () {34 vars in 840 bytes} [Tue Apr 14 08:47:12 2026] DELETE /allocations/edbd71f7-dc30-4ebb-b208-ac9c894b5fce => generated 0 bytes in 36 msecs (HTTP/1.1 204) 5 headers in 198 bytes (1 switches on core 0)
2026-04-14 08:47:15.120 8 INFO placement.requestlog [req-80f03964-d954-45aa-b495-5c5969a31330 req-1e6c7d27-a635-4a5f-8878-5f657199fb73 fd0c742d1aa040e79c30028a56f1654b 8175d3869b4349ea9c14d8ee17b617f6 - - 965e7478f35746a79992d7f3605132b4 965e7478f35746a79992d7f3605132b4] 10.0.0.147 "GET /allocation_candidates?limit=1000&resources=DISK_GB%3A1%2CMEMORY_MB%3A512%2CVCPU%3A1&root_required=%21COMPUTE_STATUS_DISABLED" status: 200 len: 2444 microversion: 1.36 [pid: 8|app: 0|req: 480/951] 10.0.0.147 () {34 vars in 1012 bytes} [Tue Apr 14 08:47:15 2026] GET /allocation_candidates?limit=1000&resources=DISK_GB%3A1%2CMEMORY_MB%3A512%2CVCPU%3A1&root_required=%21COMPUTE_STATUS_DISABLED => generated 2444 bytes in 90 msecs (HTTP/1.1 200) 8 headers in 297 bytes (1 switches on core 0)
2026-04-14 08:47:15.160 7 INFO placement.requestlog [req-80f03964-d954-45aa-b495-5c5969a31330 req-fa0187e3-7ab8-44c1-a7f7-98ede2ece693 fd0c742d1aa040e79c30028a56f1654b 8175d3869b4349ea9c14d8ee17b617f6 - - 965e7478f35746a79992d7f3605132b4 965e7478f35746a79992d7f3605132b4] 10.0.0.147 "GET /allocations/8755a4b2-e466-4093-bec1-2ad0f2a8cc98" status: 200 len: 19 microversion: 1.28 [pid: 7|app: 0|req: 472/952] 10.0.0.147 () {34 vars in 861 bytes} [Tue Apr 14 08:47:15 2026] GET /allocations/8755a4b2-e466-4093-bec1-2ad0f2a8cc98 => generated 19 bytes in 10 msecs (HTTP/1.1 200) 8 headers in 295 bytes (1 switches on core 0)
2026-04-14 08:47:15.248 8 INFO placement.requestlog [req-80f03964-d954-45aa-b495-5c5969a31330 req-13927b37-f9bf-4c39-90c1-2b11fd3ad477 fd0c742d1aa040e79c30028a56f1654b 8175d3869b4349ea9c14d8ee17b617f6 - - 965e7478f35746a79992d7f3605132b4 965e7478f35746a79992d7f3605132b4] 10.0.0.147 "PUT /allocations/8755a4b2-e466-4093-bec1-2ad0f2a8cc98" status: 204 len: 0 microversion: 1.36 [pid: 8|app: 0|req: 481/953] 10.0.0.147 () {38 vars in 914 bytes} [Tue Apr 14 08:47:15 2026] PUT /allocations/8755a4b2-e466-4093-bec1-2ad0f2a8cc98 => generated 0 bytes in 83 msecs (HTTP/1.1 204) 5 headers in 199 bytes (1 switches on core 0)
2026-04-14 08:47:15.797 8 INFO placement.requestlog [None req-cce392df-513d-4787-90fc-2bd9604ee11b - - - - - -] 10.0.0.116 "GET /" status: 200 len: 136 microversion: 1.0
2026-04-14 08:47:15.797 7 INFO placement.requestlog [None req-78a28764-9a9c-48d2-83d5-d4953f06affa - - - - - -] 10.0.0.116 "GET /" status: 200 len: 136 microversion: 1.0
2026-04-14 08:47:16.382 7 INFO placement.requestlog [None req-389fd6cf-67fd-4d81-b5c6-e2012ee43dbd f8f50df5b08a445381fe1077a7ef004b 8175d3869b4349ea9c14d8ee17b617f6 - - 965e7478f35746a79992d7f3605132b4 965e7478f35746a79992d7f3605132b4] 10.0.0.97 "GET /resource_providers/d73e09f9-0b59-4a0f-b549-6575dc7e1d7e/aggregates" status: 404 len: 235 microversion: 1.1 [pid: 7|app: 0|req: 474/956] 10.0.0.97 () {32 vars in 815 bytes} [Tue Apr 14 08:47:16 2026] GET /resource_providers/d73e09f9-0b59-4a0f-b549-6575dc7e1d7e/aggregates => generated 235 bytes in 8 msecs (HTTP/1.1 404) 5 headers in 202 bytes (1 switches on core 0)
2026-04-14 08:47:16.386 8 INFO placement.requestlog [None req-85aaacd9-406b-4c41-b0be-40f285d31924 f8f50df5b08a445381fe1077a7ef004b 8175d3869b4349ea9c14d8ee17b617f6 - - 965e7478f35746a79992d7f3605132b4 965e7478f35746a79992d7f3605132b4] 10.0.0.97 "GET /resource_providers/d73e09f9-0b59-4a0f-b549-6575dc7e1d7e/aggregates" status: 404 len: 235 microversion: 1.1 [pid: 8|app: 0|req: 483/957] 10.0.0.97 () {32 vars in 815 bytes} [Tue Apr 14 08:47:16 2026] GET /resource_providers/d73e09f9-0b59-4a0f-b549-6575dc7e1d7e/aggregates => generated 235 bytes in 15 msecs (HTTP/1.1 404) 5 headers in 202 bytes (1 switches on core 0)
2026-04-14 08:47:16.408 7 INFO placement.requestlog [None req-54274d91-bd8b-4486-923c-945da261eeca f8f50df5b08a445381fe1077a7ef004b 8175d3869b4349ea9c14d8ee17b617f6 - - 965e7478f35746a79992d7f3605132b4 965e7478f35746a79992d7f3605132b4] 10.0.0.97 "DELETE /resource_providers/d73e09f9-0b59-4a0f-b549-6575dc7e1d7e" status: 404 len: 246 microversion: 1.1 [pid: 7|app: 0|req: 475/958] 10.0.0.97 () {34 vars in 815 bytes} [Tue Apr 14 08:47:16 2026] DELETE /resource_providers/d73e09f9-0b59-4a0f-b549-6575dc7e1d7e => generated 246 bytes in 10 msecs (HTTP/1.1 404) 6 headers in 231 bytes (1 switches on core 0)
2026-04-14 08:47:16.415 8 INFO placement.requestlog [None req-c3e9f858-84ce-47b9-9d56-3388fd4e6a33 f8f50df5b08a445381fe1077a7ef004b 8175d3869b4349ea9c14d8ee17b617f6 - - 965e7478f35746a79992d7f3605132b4 965e7478f35746a79992d7f3605132b4] 10.0.0.97 "DELETE /resource_providers/d73e09f9-0b59-4a0f-b549-6575dc7e1d7e" status: 404 len: 246 microversion: 1.1 [pid: 8|app: 0|req: 484/959] 10.0.0.97 () {34 vars in 815 bytes} [Tue Apr 14 08:47:16 2026] DELETE /resource_providers/d73e09f9-0b59-4a0f-b549-6575dc7e1d7e => generated 246 bytes in 12 msecs (HTTP/1.1 404) 6 headers in 231 bytes (1 switches on core 0)
2026-04-14 08:47:16.708 7 INFO placement.requestlog [req-80f03964-d954-45aa-b495-5c5969a31330 req-73ccb949-0f51-431e-9acb-b46679579964 fd0c742d1aa040e79c30028a56f1654b 8175d3869b4349ea9c14d8ee17b617f6 - - 965e7478f35746a79992d7f3605132b4 965e7478f35746a79992d7f3605132b4] 199.204.45.53 "GET /allocations/8755a4b2-e466-4093-bec1-2ad0f2a8cc98" status: 200 len: 258 microversion: 1.28 [pid: 7|app: 0|req: 476/960] 199.204.45.53 () {34 vars in 862 bytes} [Tue Apr 14 08:47:16 2026] GET /allocations/8755a4b2-e466-4093-bec1-2ad0f2a8cc98 => generated 258 bytes in 13 msecs (HTTP/1.1 200) 8 headers in 296 bytes (1 switches on core 0)
2026-04-14 08:47:17.767 8 INFO placement.requestlog [req-80f03964-d954-45aa-b495-5c5969a31330 req-1a541e7f-1c99-4dc1-b26c-342b8a8c95b5 fd0c742d1aa040e79c30028a56f1654b 8175d3869b4349ea9c14d8ee17b617f6 - - 965e7478f35746a79992d7f3605132b4 965e7478f35746a79992d7f3605132b4] 199.204.45.53 "GET /resource_providers/c0ca9fdf-43c3-46d3-bd86-2dfac135877a/allocations" status: 200 len: 253 microversion: 1.0 [pid: 8|app: 0|req: 485/961] 199.204.45.53 () {32 vars in 856 bytes} [Tue Apr 14 08:47:17 2026] GET /resource_providers/c0ca9fdf-43c3-46d3-bd86-2dfac135877a/allocations => generated 253 bytes in 23 msecs (HTTP/1.1 200) 6 headers in 224 bytes (1 switches on core 0)
2026-04-14 08:47:17.793 7 INFO placement.requestlog [req-80f03964-d954-45aa-b495-5c5969a31330 req-5fb83dfd-ea41-4889-a10d-12506701841c fd0c742d1aa040e79c30028a56f1654b 8175d3869b4349ea9c14d8ee17b617f6 - - 965e7478f35746a79992d7f3605132b4 965e7478f35746a79992d7f3605132b4] 199.204.45.53 "GET /allocations/2d13c39f-b963-4e8d-935d-795226daf1c0" status: 200 len: 258 microversion: 1.28 [pid: 7|app: 0|req: 477/962] 199.204.45.53 () {34 vars in 862 bytes} [Tue Apr 14 08:47:17 2026] GET /allocations/2d13c39f-b963-4e8d-935d-795226daf1c0 => generated 258 bytes in 20 msecs (HTTP/1.1 200) 8 headers in 296 bytes (1 switches on core 0)
2026-04-14 08:47:17.824 8 INFO placement.requestlog [req-80f03964-d954-45aa-b495-5c5969a31330 req-1080a037-afed-43c7-ac9a-b163ab59d7fb fd0c742d1aa040e79c30028a56f1654b 8175d3869b4349ea9c14d8ee17b617f6 - - 965e7478f35746a79992d7f3605132b4 965e7478f35746a79992d7f3605132b4] 199.204.45.53 "GET /allocations/8755a4b2-e466-4093-bec1-2ad0f2a8cc98" status: 200 len: 258 microversion: 1.28 [pid: 8|app: 0|req: 486/963] 199.204.45.53 () {34 vars in 862 bytes} [Tue Apr 14 08:47:17 2026] GET /allocations/8755a4b2-e466-4093-bec1-2ad0f2a8cc98 => generated 258 bytes in 21 msecs (HTTP/1.1 200) 8 headers in 296 bytes (1 switches on core 0)
2026-04-14 08:47:18.426 7 INFO placement.requestlog [None req-7b430ea2-30a0-42ae-a1fa-530f9797b36b f8f50df5b08a445381fe1077a7ef004b 8175d3869b4349ea9c14d8ee17b617f6 - - 965e7478f35746a79992d7f3605132b4 965e7478f35746a79992d7f3605132b4] 10.0.0.97 "GET /resource_providers/73faacd7-03ac-4334-81bf-2583fdbd98b0/aggregates" status: 404 len: 235 microversion: 1.1 [pid: 7|app: 0|req: 478/964] 10.0.0.97 () {32 vars in 815 bytes} [Tue Apr 14 08:47:18 2026] GET /resource_providers/73faacd7-03ac-4334-81bf-2583fdbd98b0/aggregates => generated 235 bytes in 10 msecs (HTTP/1.1 404) 5 headers in 202 bytes (1 switches on core 0)
2026-04-14 08:47:18.446 8 INFO placement.requestlog [None req-2e4991f8-c31a-4d9a-93e9-9ac6a511e860 f8f50df5b08a445381fe1077a7ef004b 8175d3869b4349ea9c14d8ee17b617f6 - - 965e7478f35746a79992d7f3605132b4 965e7478f35746a79992d7f3605132b4] 10.0.0.97 "GET /resource_providers/73faacd7-03ac-4334-81bf-2583fdbd98b0/aggregates" status: 404 len: 235 microversion: 1.1 [pid: 8|app: 0|req: 487/965] 10.0.0.97 () {32 vars in 815 bytes} [Tue Apr 14 08:47:18 2026] GET /resource_providers/73faacd7-03ac-4334-81bf-2583fdbd98b0/aggregates => generated 235 bytes in 11 msecs (HTTP/1.1 404) 5 headers in 202 bytes (1 switches on core 0)
2026-04-14 08:47:18.455 7 INFO placement.requestlog [None req-ab20e84a-0a42-4a20-9220-434536d82ff9 f8f50df5b08a445381fe1077a7ef004b 8175d3869b4349ea9c14d8ee17b617f6 - - 965e7478f35746a79992d7f3605132b4 965e7478f35746a79992d7f3605132b4] 10.0.0.97 "DELETE /resource_providers/73faacd7-03ac-4334-81bf-2583fdbd98b0" status: 404 len: 246 microversion: 1.1 [pid: 7|app: 0|req: 479/966] 10.0.0.97 () {34 vars in 815 bytes} [Tue Apr 14 08:47:18 2026] DELETE /resource_providers/73faacd7-03ac-4334-81bf-2583fdbd98b0 => generated 246 bytes in 13 msecs (HTTP/1.1 404) 6 headers in 231 bytes (1 switches on core 0)
2026-04-14 08:47:18.475 8 INFO placement.requestlog [None req-88241bf3-3b21-4a62-8432-2d220b59b851 f8f50df5b08a445381fe1077a7ef004b 8175d3869b4349ea9c14d8ee17b617f6 - - 965e7478f35746a79992d7f3605132b4 965e7478f35746a79992d7f3605132b4] 10.0.0.97 "DELETE /resource_providers/73faacd7-03ac-4334-81bf-2583fdbd98b0" status: 404 len: 246 microversion: 1.1 [pid: 8|app: 0|req: 488/967] 10.0.0.97 () {34 vars in 815 bytes} [Tue Apr 14 08:47:18 2026] DELETE /resource_providers/73faacd7-03ac-4334-81bf-2583fdbd98b0 => generated 246 bytes in 12 msecs (HTTP/1.1 404) 6 headers in 231 bytes (1 switches on core 0)
2026-04-14 08:47:24.271 7 INFO placement.requestlog [None req-0a52ea4a-319b-4d3a-8151-395c97968ec3 f8f50df5b08a445381fe1077a7ef004b 8175d3869b4349ea9c14d8ee17b617f6 - - 965e7478f35746a79992d7f3605132b4 965e7478f35746a79992d7f3605132b4] 10.0.0.97 "GET /resource_providers/f88f0e7c-7a40-46e8-9c19-8fb64c4c9e13/aggregates" status: 404 len: 235 microversion: 1.1 [pid: 7|app: 0|req: 480/968] 10.0.0.97 () {32 vars in 815 bytes} [Tue Apr 14 08:47:24 2026] GET /resource_providers/f88f0e7c-7a40-46e8-9c19-8fb64c4c9e13/aggregates => generated 235 bytes in 10 msecs (HTTP/1.1 404) 5 headers in 202 bytes (1 switches on core 0)
2026-04-14 08:47:24.274 8 INFO placement.requestlog [None req-2cd8915d-3971-4d4f-9c4f-d49c57084404 f8f50df5b08a445381fe1077a7ef004b 8175d3869b4349ea9c14d8ee17b617f6 - - 965e7478f35746a79992d7f3605132b4 965e7478f35746a79992d7f3605132b4] 10.0.0.97 "GET /resource_providers/f88f0e7c-7a40-46e8-9c19-8fb64c4c9e13/aggregates" status: 404 len: 235 microversion: 1.1 [pid: 8|app: 0|req: 489/969] 10.0.0.97 () {32 vars in 815 bytes} [Tue Apr 14 08:47:24 2026] GET /resource_providers/f88f0e7c-7a40-46e8-9c19-8fb64c4c9e13/aggregates => generated 235 bytes in 12 msecs (HTTP/1.1 404) 5 headers in 202 bytes (1 switches on core 0)
2026-04-14 08:47:24.291 7 INFO placement.requestlog [None req-845794e4-8c0c-42c3-8ee7-eee44ca839d5 f8f50df5b08a445381fe1077a7ef004b 8175d3869b4349ea9c14d8ee17b617f6 - - 965e7478f35746a79992d7f3605132b4 965e7478f35746a79992d7f3605132b4] 10.0.0.97 "DELETE /resource_providers/f88f0e7c-7a40-46e8-9c19-8fb64c4c9e13" status: 404 len: 246 microversion: 1.1 [pid: 7|app: 0|req: 481/970] 10.0.0.97 () {34 vars in 815 bytes} [Tue Apr 14 08:47:24 2026] DELETE /resource_providers/f88f0e7c-7a40-46e8-9c19-8fb64c4c9e13 => generated 246 bytes in 7 msecs (HTTP/1.1 404) 6 headers in 231 bytes (1 switches on core 0)
2026-04-14 08:47:24.297 8 INFO placement.requestlog [None req-93e4bc42-9c8d-40d7-a84a-015e093180f1 f8f50df5b08a445381fe1077a7ef004b 8175d3869b4349ea9c14d8ee17b617f6 - - 965e7478f35746a79992d7f3605132b4 965e7478f35746a79992d7f3605132b4] 10.0.0.97 "DELETE /resource_providers/f88f0e7c-7a40-46e8-9c19-8fb64c4c9e13" status: 404 len: 246 microversion: 1.1 [pid: 8|app: 0|req: 490/971] 10.0.0.97 () {34 vars in 815 bytes} [Tue Apr 14 08:47:24 2026] DELETE /resource_providers/f88f0e7c-7a40-46e8-9c19-8fb64c4c9e13 => generated 246 bytes in 9 msecs (HTTP/1.1 404) 6 headers in 231 bytes (1 switches on core 0)
2026-04-14 08:47:25.797 8 INFO placement.requestlog [None req-d4639472-dcad-4e89-9303-633ce8e720e2 - - - - - -] 10.0.0.116 "GET /" status: 200 len: 136 microversion: 1.0
2026-04-14 08:47:25.797 7 INFO placement.requestlog [None req-e897c68c-2b96-4b71-9697-0e5d9776b572 - - - - - -] 10.0.0.116 "GET /" status: 200 len: 136 microversion: 1.0
2026-04-14 08:47:26.327 7 INFO placement.requestlog [None req-a1f91cc4-d938-4ad5-b083-c7145e5c3bda f8f50df5b08a445381fe1077a7ef004b 8175d3869b4349ea9c14d8ee17b617f6 - - 965e7478f35746a79992d7f3605132b4 965e7478f35746a79992d7f3605132b4] 10.0.0.97 "GET /resource_providers/cf4af244-7d8f-456f-95d7-b89611be3163/aggregates" status: 404 len: 235 microversion: 1.1 [pid: 7|app: 0|req: 483/974] 10.0.0.97 () {32 vars in 815 bytes} [Tue Apr 14 08:47:26 2026] GET /resource_providers/cf4af244-7d8f-456f-95d7-b89611be3163/aggregates => generated 235 bytes in 15 msecs (HTTP/1.1 404) 5 headers in 202 bytes (1 switches on core 0)
2026-04-14 08:47:26.329 8 INFO placement.requestlog [None req-095df403-1b5d-4335-bfea-e048d271fb62 f8f50df5b08a445381fe1077a7ef004b 8175d3869b4349ea9c14d8ee17b617f6 - - 965e7478f35746a79992d7f3605132b4 965e7478f35746a79992d7f3605132b4] 10.0.0.97 "GET /resource_providers/cf4af244-7d8f-456f-95d7-b89611be3163/aggregates" status: 404 len: 235 microversion: 1.1 [pid: 8|app: 0|req: 492/975] 10.0.0.97 () {32 vars in 815 bytes} [Tue Apr 14 08:47:26 2026] GET /resource_providers/cf4af244-7d8f-456f-95d7-b89611be3163/aggregates => generated 235 bytes in 20 msecs (HTTP/1.1 404) 5 headers in 202 bytes (1 switches on core 0)
2026-04-14 08:47:26.349 7 INFO placement.requestlog [None req-82e5d93b-5764-4d0b-97dd-5d532610017a f8f50df5b08a445381fe1077a7ef004b 8175d3869b4349ea9c14d8ee17b617f6 - - 965e7478f35746a79992d7f3605132b4 965e7478f35746a79992d7f3605132b4] 10.0.0.97 "DELETE /resource_providers/cf4af244-7d8f-456f-95d7-b89611be3163" status: 404 len: 246 microversion: 1.1 [pid: 7|app: 0|req: 484/976] 10.0.0.97 () {34 vars in 815 bytes} [Tue Apr 14 08:47:26 2026] DELETE /resource_providers/cf4af244-7d8f-456f-95d7-b89611be3163 => generated 246 bytes in 10 msecs (HTTP/1.1 404) 6 headers in 231 bytes (1 switches on core 0)
2026-04-14 08:47:26.358 8 INFO placement.requestlog [None req-810360ee-11c1-4b99-946e-cdb299460398 f8f50df5b08a445381fe1077a7ef004b 8175d3869b4349ea9c14d8ee17b617f6 - - 965e7478f35746a79992d7f3605132b4 965e7478f35746a79992d7f3605132b4] 10.0.0.97 "DELETE /resource_providers/cf4af244-7d8f-456f-95d7-b89611be3163" status: 404 len: 246 microversion: 1.1 [pid: 8|app: 0|req: 493/977] 10.0.0.97 () {34 vars in 815 bytes} [Tue Apr 14 08:47:26 2026] DELETE /resource_providers/cf4af244-7d8f-456f-95d7-b89611be3163 => generated 246 bytes in 11 msecs (HTTP/1.1 404) 6 headers in 231 bytes (1 switches on core 0)
2026-04-14 08:47:26.374 7 INFO placement.requestlog [None req-64fb9eb6-c996-40e8-9b33-76c4cff7a219 f8f50df5b08a445381fe1077a7ef004b 8175d3869b4349ea9c14d8ee17b617f6 - - 965e7478f35746a79992d7f3605132b4 965e7478f35746a79992d7f3605132b4] 10.0.0.97 "GET /resource_providers/9915b474-e36c-4162-89db-f984bf4f5906/aggregates" status: 404 len: 235 microversion: 1.1 [pid: 7|app: 0|req: 485/978] 10.0.0.97 () {32 vars in 815 bytes} [Tue Apr 14 08:47:26 2026] GET /resource_providers/9915b474-e36c-4162-89db-f984bf4f5906/aggregates => generated 235 bytes in 11 msecs (HTTP/1.1 404) 5 headers in 202 bytes (1 switches on core 0)
2026-04-14 08:47:26.388 8 INFO placement.requestlog [None req-9435bbf1-cb59-43df-8f6a-992f93303c69 f8f50df5b08a445381fe1077a7ef004b 8175d3869b4349ea9c14d8ee17b617f6 - - 965e7478f35746a79992d7f3605132b4 965e7478f35746a79992d7f3605132b4] 10.0.0.97 "GET /resource_providers/9915b474-e36c-4162-89db-f984bf4f5906/aggregates" status: 404 len: 235 microversion: 1.1 [pid: 8|app: 0|req: 494/979] 10.0.0.97 () {32 vars in 815 bytes} [Tue Apr 14 08:47:26 2026] GET /resource_providers/9915b474-e36c-4162-89db-f984bf4f5906/aggregates => generated 235 bytes in 16 msecs (HTTP/1.1 404) 5 headers in 202 bytes (1 switches on core 0)
2026-04-14 08:47:26.397 7 INFO placement.requestlog [None req-d633a703-f823-4c7d-aab2-b43982acc725 f8f50df5b08a445381fe1077a7ef004b 8175d3869b4349ea9c14d8ee17b617f6 - - 965e7478f35746a79992d7f3605132b4 965e7478f35746a79992d7f3605132b4] 10.0.0.97 "DELETE /resource_providers/9915b474-e36c-4162-89db-f984bf4f5906" status: 404 len: 246 microversion: 1.1 [pid: 7|app: 0|req: 486/980] 10.0.0.97 () {34 vars in 815 bytes} [Tue Apr 14 08:47:26 2026] DELETE /resource_providers/9915b474-e36c-4162-89db-f984bf4f5906 => generated 246 bytes in 12 msecs (HTTP/1.1 404) 6 headers in 231 bytes (1 switches on core 0)
2026-04-14 08:47:26.411 8 INFO placement.requestlog [None req-7c909043-7b59-4412-9d06-2b8b60bce30b f8f50df5b08a445381fe1077a7ef004b 8175d3869b4349ea9c14d8ee17b617f6 - - 965e7478f35746a79992d7f3605132b4 965e7478f35746a79992d7f3605132b4] 10.0.0.97 "DELETE /resource_providers/9915b474-e36c-4162-89db-f984bf4f5906" status: 404 len: 246 microversion: 1.1
2026-04-14 08:47:26.412 7 INFO placement.requestlog [None req-98bdab27-9b1f-488c-b698-3d54ae17100e f8f50df5b08a445381fe1077a7ef004b 8175d3869b4349ea9c14d8ee17b617f6 - - 965e7478f35746a79992d7f3605132b4 965e7478f35746a79992d7f3605132b4] 10.0.0.97 "GET /resource_providers/e756c798-4a2f-4ccc-91dc-88763262a0cb/aggregates" status: 404 len: 235 microversion: 1.1 [pid: 8|app: 0|req: 495/981] 10.0.0.97 () {34 vars in 815 bytes} [Tue Apr 14 08:47:26 2026] DELETE /resource_providers/9915b474-e36c-4162-89db-f984bf4f5906 => generated 246 bytes in 9 msecs (HTTP/1.1 404) 6 headers in 231 bytes (1 switches on core 0) [pid: 7|app: 0|req: 487/982] 10.0.0.97 () {32 vars in 815 bytes} [Tue Apr 14 08:47:26 2026] GET /resource_providers/e756c798-4a2f-4ccc-91dc-88763262a0cb/aggregates => generated 235 bytes in 7 msecs (HTTP/1.1 404) 5 headers in 202 bytes (1 switches on core 0)
2026-04-14 08:47:26.434 8 INFO placement.requestlog [None req-9eeda221-0ebd-4368-a795-a8e2607a9b2c f8f50df5b08a445381fe1077a7ef004b 8175d3869b4349ea9c14d8ee17b617f6 - - 965e7478f35746a79992d7f3605132b4 965e7478f35746a79992d7f3605132b4] 10.0.0.97 "GET /resource_providers/e756c798-4a2f-4ccc-91dc-88763262a0cb/aggregates" status: 404 len: 235 microversion: 1.1 [pid: 8|app: 0|req: 496/983] 10.0.0.97 () {32 vars in 815 bytes} [Tue Apr 14 08:47:26 2026] GET /resource_providers/e756c798-4a2f-4ccc-91dc-88763262a0cb/aggregates => generated 235 bytes in 12 msecs (HTTP/1.1 404) 5 headers in 202 bytes (1 switches on core 0)
2026-04-14 08:47:26.455 7 INFO placement.requestlog [None req-a643be31-7f1d-4700-92c5-871d2d10ff49 f8f50df5b08a445381fe1077a7ef004b 8175d3869b4349ea9c14d8ee17b617f6 - - 965e7478f35746a79992d7f3605132b4 965e7478f35746a79992d7f3605132b4] 10.0.0.97 "DELETE /resource_providers/e756c798-4a2f-4ccc-91dc-88763262a0cb" status: 404 len: 246 microversion: 1.1 [pid: 7|app: 0|req: 488/984] 10.0.0.97 () {34 vars in 815 bytes} [Tue Apr 14 08:47:26 2026] DELETE /resource_providers/e756c798-4a2f-4ccc-91dc-88763262a0cb => generated 246 bytes in 28 msecs (HTTP/1.1 404) 6 headers in 231 bytes (1 switches on core 0)
