2026-05-29 15:12:29.303 8 INFO neutron.db.ovn_revision_numbers_db [None req-66bcf97e-e6d6-4478-b04b-6d010208dbc3 4e4412e3fd9f4781bd0947eafc36459d 1846bb5b191c49f883adffddb165ce85 - - default default] Successfully bumped revision number for resource daa46649-0394-468e-9fa1-26e992829840 (type: security_group_rules) to 0
2026-05-29 15:12:29.381 8 INFO neutron.db.segments_db [None req-66bcf97e-e6d6-4478-b04b-6d010208dbc3 4e4412e3fd9f4781bd0947eafc36459d 1846bb5b191c49f883adffddb165ce85 - - default default] Added segment 55984183-ebe3-4977-9a8b-0eff115f3647 of type geneve for network 839af3ad-5254-4300-9300-9b59128310fa
2026-05-29 15:12:29.544 7 INFO neutron.db.ovn_revision_numbers_db [None req-6d84986e-02c3-4f96-82d9-febcaab8a47d 15892eda5f5544d390aa9132be2bd490 3043fb7119864c50bf2655a486823340 - - default default] Successfully bumped revision number for resource c5d26fd5-5993-49be-b58e-71828027fe4c (type: router_ports) to 1 [pid: 7|app: 0|req: 751/1648] 10.0.0.252 () {34 vars in 783 bytes} [Fri May 29 15:12:26 2026] PUT /v2.0/routers/418c0d3b-1c8a-479c-a6bf-386d2ada6362/add_router_interface => generated 309 bytes in 2775 msecs (HTTP/1.1 200) 4 headers in 157 bytes (1 switches on core 0)
2026-05-29 15:12:29.570 8 INFO neutron.db.ovn_revision_numbers_db [None req-66bcf97e-e6d6-4478-b04b-6d010208dbc3 4e4412e3fd9f4781bd0947eafc36459d 1846bb5b191c49f883adffddb165ce85 - - default default] Successfully bumped revision number for resource 839af3ad-5254-4300-9300-9b59128310fa (type: networks) to 1 [pid: 7|app: 0|req: 752/1649] 10.0.0.252 () {32 vars in 649 bytes} [Fri May 29 15:12:29 2026] GET /v2.0/networks => generated 3639 bytes in 185 msecs (HTTP/1.1 200) 4 headers in 158 bytes (1 switches on core 0)
2026-05-29 15:12:29.756 7 INFO neutron.db.ovn_revision_numbers_db [None req-0daa11da-eece-4a8b-941c-7aa3069a139a - - - - - -] Successfully bumped revision number for resource c5d26fd5-5993-49be-b58e-71828027fe4c (type: ports) to 2
2026-05-29 15:12:29.765 8 WARNING neutron.scheduler.dhcp_agent_scheduler [None req-66bcf97e-e6d6-4478-b04b-6d010208dbc3 4e4412e3fd9f4781bd0947eafc36459d 1846bb5b191c49f883adffddb165ce85 - - default default] No more DHCP agents
2026-05-29 15:12:29.766 8 WARNING neutron.api.rpc.agentnotifiers.dhcp_rpc_agent_api [None req-66bcf97e-e6d6-4478-b04b-6d010208dbc3 4e4412e3fd9f4781bd0947eafc36459d 1846bb5b191c49f883adffddb165ce85 - - default default] Unable to schedule network 839af3ad-5254-4300-9300-9b59128310fa: no agents available; will retry on subsequent port and subnet creation events.
2026-05-29 15:12:29.891 8 INFO neutron.db.ovn_revision_numbers_db [None req-66bcf97e-e6d6-4478-b04b-6d010208dbc3 4e4412e3fd9f4781bd0947eafc36459d 1846bb5b191c49f883adffddb165ce85 - - default default] Successfully bumped revision number for resource 7b0f7c5d-3dce-47b8-b7cd-c9b4ac5f5643 (type: ports) to 1 [pid: 8|app: 0|req: 898/1650] 10.0.0.252 () {34 vars in 671 bytes} [Fri May 29 15:12:28 2026] POST /v2.0/networks => generated 744 bytes in 1113 msecs (HTTP/1.1 201) 4 headers in 162 bytes (1 switches on core 0) [pid: 8|app: 0|req: 899/1651] 10.0.0.252 () {32 vars in 647 bytes} [Fri May 29 15:12:29 2026] GET /v2.0/subnets => generated 1973 bytes in 40 msecs (HTTP/1.1 200) 4 headers in 158 bytes (1 switches on core 0)
2026-05-29 15:12:30.116 7 INFO neutron.db.ovn_revision_numbers_db [None req-996ec501-2667-4c9c-9428-58756ef3641c 4e4412e3fd9f4781bd0947eafc36459d 1846bb5b191c49f883adffddb165ce85 - - default default] Successfully bumped revision number for resource 418d1635-3883-4cbb-81f8-e85e672b1ecb (type: security_groups) to 1
2026-05-29 15:12:30.128 7 INFO neutron.db.ovn_revision_numbers_db [None req-996ec501-2667-4c9c-9428-58756ef3641c 4e4412e3fd9f4781bd0947eafc36459d 1846bb5b191c49f883adffddb165ce85 - - default default] Successfully bumped revision number for resource 31819c30-1d97-42fd-ac05-d51102eb9f44 (type: security_group_rules) to 0
2026-05-29 15:12:30.140 7 INFO neutron.db.ovn_revision_numbers_db [None req-996ec501-2667-4c9c-9428-58756ef3641c 4e4412e3fd9f4781bd0947eafc36459d 1846bb5b191c49f883adffddb165ce85 - - default default] Successfully bumped revision number for resource ec5147df-0e9e-4ee3-a9a7-faa3c6ca98f7 (type: security_group_rules) to 0
2026-05-29 15:12:30.147 8 WARNING neutron.scheduler.dhcp_agent_scheduler [None req-725af101-5706-419f-84fb-88f909954fbb 4e4412e3fd9f4781bd0947eafc36459d 1846bb5b191c49f883adffddb165ce85 - - default default] No more DHCP agents
2026-05-29 15:12:30.149 8 WARNING neutron.api.rpc.agentnotifiers.dhcp_rpc_agent_api [None req-725af101-5706-419f-84fb-88f909954fbb 4e4412e3fd9f4781bd0947eafc36459d 1846bb5b191c49f883adffddb165ce85 - - default default] Unable to schedule network 839af3ad-5254-4300-9300-9b59128310fa: no agents available; will retry on subsequent port and subnet creation events.
2026-05-29 15:12:30.154 7 INFO neutron.db.ovn_revision_numbers_db [None req-996ec501-2667-4c9c-9428-58756ef3641c 4e4412e3fd9f4781bd0947eafc36459d 1846bb5b191c49f883adffddb165ce85 - - default default] Successfully bumped revision number for resource ef54915a-147a-4769-82f9-012dd7bde968 (type: security_group_rules) to 0
2026-05-29 15:12:30.165 7 INFO neutron.db.ovn_revision_numbers_db [None req-996ec501-2667-4c9c-9428-58756ef3641c 4e4412e3fd9f4781bd0947eafc36459d 1846bb5b191c49f883adffddb165ce85 - - default default] Successfully bumped revision number for resource f485202a-4521-4755-a5ad-f76146b45d9f (type: security_group_rules) to 0 [pid: 7|app: 0|req: 753/1652] 10.0.0.252 () {32 vars in 774 bytes} [Fri May 29 15:12:29 2026] GET /v2.0/security-groups?tenant_id=0aaa3689b8c045b697fc6db0c8172a6f&name=default => generated 2925 bytes in 458 msecs (HTTP/1.1 200) 4 headers in 158 bytes (1 switches on core 0) [pid: 7|app: 0|req: 754/1653] 10.0.0.252 () {32 vars in 647 bytes} [Fri May 29 15:12:30 2026] GET /v2.0/routers => generated 975 bytes in 63 msecs (HTTP/1.1 200) 4 headers in 157 bytes (1 switches on core 0) [pid: 7|app: 0|req: 755/1654] 10.0.0.252 () {32 vars in 740 bytes} [Fri May 29 15:12:30 2026] DELETE /v2.0/security-groups/418d1635-3883-4cbb-81f8-e85e672b1ecb => generated 0 bytes in 263 msecs (HTTP/1.1 204) 2 headers in 112 bytes (1 switches on core 0)
2026-05-29 15:12:30.679 8 INFO neutron.db.ovn_revision_numbers_db [None req-fed44686-0b71-4819-b073-1deeea5501fb - - - - - -] Successfully bumped revision number for resource 7b0f7c5d-3dce-47b8-b7cd-c9b4ac5f5643 (type: ports) to 2
2026-05-29 15:12:30.682 7 INFO neutron.db.ovn_revision_numbers_db [None req-4d9c5864-b81a-412a-9b8d-00768739333e 15892eda5f5544d390aa9132be2bd490 3043fb7119864c50bf2655a486823340 - - default default] Successfully bumped revision number for resource 38ecd298-9a0a-4640-b177-ce90feae2cd2 (type: security_groups) to 1
2026-05-29 15:12:30.692 7 INFO neutron.db.ovn_revision_numbers_db [None req-4d9c5864-b81a-412a-9b8d-00768739333e 15892eda5f5544d390aa9132be2bd490 3043fb7119864c50bf2655a486823340 - - default default] Successfully bumped revision number for resource 92f0f73e-5eb6-466a-b80f-af223d3bd8bd (type: security_group_rules) to 0
2026-05-29 15:12:30.704 7 INFO neutron.db.ovn_revision_numbers_db [None req-4d9c5864-b81a-412a-9b8d-00768739333e 15892eda5f5544d390aa9132be2bd490 3043fb7119864c50bf2655a486823340 - - default default] Successfully bumped revision number for resource efd9f4b5-3595-4762-bd36-5b5df4d19a10 (type: security_group_rules) to 0
2026-05-29 15:12:30.711 8 INFO neutron.db.ovn_revision_numbers_db [None req-fed44686-0b71-4819-b073-1deeea5501fb - - - - - -] Successfully bumped revision number for resource 18a5c9f8-33af-4b0e-9549-9fad828eb2e1 (type: subnets) to 0 [pid: 8|app: 0|req: 900/1655] 10.0.0.252 () {34 vars in 669 bytes} [Fri May 29 15:12:29 2026] POST /v2.0/subnets => generated 688 bytes in 769 msecs (HTTP/1.1 201) 4 headers in 162 bytes (1 switches on core 0) [pid: 7|app: 0|req: 756/1656] 10.0.0.252 () {34 vars in 685 bytes} [Fri May 29 15:12:30 2026] POST /v2.0/security-groups => generated 1673 bytes in 204 msecs (HTTP/1.1 201) 4 headers in 163 bytes (1 switches on core 0)
2026-05-29 15:12:30.893 7 INFO neutron.db.ovn_revision_numbers_db [None req-7f49ee6d-0a11-407d-840f-a0de41591d76 4e4412e3fd9f4781bd0947eafc36459d 1846bb5b191c49f883adffddb165ce85 - - default default] Successfully bumped revision number for resource 8a7ec500-7b8e-48b8-89f5-ae4e600b30c7 (type: security_groups) to 1
2026-05-29 15:12:30.903 7 INFO neutron.db.ovn_revision_numbers_db [None req-7f49ee6d-0a11-407d-840f-a0de41591d76 4e4412e3fd9f4781bd0947eafc36459d 1846bb5b191c49f883adffddb165ce85 - - default default] Successfully bumped revision number for resource 4aed01a9-fc85-4d3f-a81e-8d21f25188ff (type: security_group_rules) to 0
2026-05-29 15:12:30.915 7 INFO neutron.db.ovn_revision_numbers_db [None req-7f49ee6d-0a11-407d-840f-a0de41591d76 4e4412e3fd9f4781bd0947eafc36459d 1846bb5b191c49f883adffddb165ce85 - - default default] Successfully bumped revision number for resource 4d6f40b7-6858-4df1-acdf-f33e9932833b (type: security_group_rules) to 0
2026-05-29 15:12:30.927 7 INFO neutron.db.ovn_revision_numbers_db [None req-7f49ee6d-0a11-407d-840f-a0de41591d76 4e4412e3fd9f4781bd0947eafc36459d 1846bb5b191c49f883adffddb165ce85 - - default default] Successfully bumped revision number for resource 5f9cd8df-5ec2-4711-a4ec-05cde964b8cc (type: security_group_rules) to 0
2026-05-29 15:12:30.940 7 INFO neutron.db.ovn_revision_numbers_db [None req-7f49ee6d-0a11-407d-840f-a0de41591d76 4e4412e3fd9f4781bd0947eafc36459d 1846bb5b191c49f883adffddb165ce85 - - default default] Successfully bumped revision number for resource 5ffcd090-9eca-4650-ad3c-75f03c79ab7a (type: security_group_rules) to 0 [pid: 7|app: 0|req: 757/1657] 10.0.0.252 () {32 vars in 774 bytes} [Fri May 29 15:12:30 2026] GET /v2.0/security-groups?tenant_id=6d419d18edb24e7d9d5253899a62d4a8&name=default => generated 2925 bytes in 239 msecs (HTTP/1.1 200) 4 headers in 158 bytes (1 switches on core 0)
2026-05-29 15:12:31.056 8 INFO neutron.db.ovn_revision_numbers_db [None req-e47721b1-b474-488e-b2ab-7d7a168fbb90 eea30fde2d53436f83cff7e872b55f94 058edfcca1604e33973da12099cd1da9 - - default default] Successfully bumped revision number for resource 24fd8d14-9eaa-4277-91d8-7f6ca094d857 (type: security_groups) to 1
2026-05-29 15:12:31.068 8 INFO neutron.db.ovn_revision_numbers_db [None req-e47721b1-b474-488e-b2ab-7d7a168fbb90 eea30fde2d53436f83cff7e872b55f94 058edfcca1604e33973da12099cd1da9 - - default default] Successfully bumped revision number for resource 45ec8344-cb0f-47ad-94cf-d02392284608 (type: security_group_rules) to 0
2026-05-29 15:12:31.088 8 INFO neutron.db.ovn_revision_numbers_db [None req-e47721b1-b474-488e-b2ab-7d7a168fbb90 eea30fde2d53436f83cff7e872b55f94 058edfcca1604e33973da12099cd1da9 - - default default] Successfully bumped revision number for resource 56f63b76-e113-425a-b0a2-6c7041861258 (type: security_group_rules) to 0
2026-05-29 15:12:31.101 8 INFO neutron.db.ovn_revision_numbers_db [None req-e47721b1-b474-488e-b2ab-7d7a168fbb90 eea30fde2d53436f83cff7e872b55f94 058edfcca1604e33973da12099cd1da9 - - default default] Successfully bumped revision number for resource 81b54eae-630f-4dcd-b98b-a7f74f58775c (type: security_group_rules) to 0
2026-05-29 15:12:31.117 8 INFO neutron.db.ovn_revision_numbers_db [None req-e47721b1-b474-488e-b2ab-7d7a168fbb90 eea30fde2d53436f83cff7e872b55f94 058edfcca1604e33973da12099cd1da9 - - default default] Successfully bumped revision number for resource 99e277eb-ef40-4232-83f3-b02b03d336cd (type: security_group_rules) to 0
2026-05-29 15:12:31.197 8 INFO neutron.db.segments_db [None req-e47721b1-b474-488e-b2ab-7d7a168fbb90 eea30fde2d53436f83cff7e872b55f94 058edfcca1604e33973da12099cd1da9 - - default default] Added segment 706f16bc-e9bf-4b6f-9614-27a550e99788 of type geneve for network 90fa9f2b-6055-47cb-b97a-53a44686da0f
2026-05-29 15:12:31.309 8 INFO neutron.db.ovn_revision_numbers_db [None req-e47721b1-b474-488e-b2ab-7d7a168fbb90 eea30fde2d53436f83cff7e872b55f94 058edfcca1604e33973da12099cd1da9 - - default default] Successfully bumped revision number for resource 90fa9f2b-6055-47cb-b97a-53a44686da0f (type: networks) to 1
2026-05-29 15:12:31.468 8 WARNING neutron.scheduler.dhcp_agent_scheduler [None req-e47721b1-b474-488e-b2ab-7d7a168fbb90 eea30fde2d53436f83cff7e872b55f94 058edfcca1604e33973da12099cd1da9 - - default default] No more DHCP agents
2026-05-29 15:12:31.470 8 WARNING neutron.api.rpc.agentnotifiers.dhcp_rpc_agent_api [None req-e47721b1-b474-488e-b2ab-7d7a168fbb90 eea30fde2d53436f83cff7e872b55f94 058edfcca1604e33973da12099cd1da9 - - default default] Unable to schedule network 90fa9f2b-6055-47cb-b97a-53a44686da0f: no agents available; will retry on subsequent port and subnet creation events.
2026-05-29 15:12:31.579 8 INFO neutron.db.ovn_revision_numbers_db [None req-e47721b1-b474-488e-b2ab-7d7a168fbb90 eea30fde2d53436f83cff7e872b55f94 058edfcca1604e33973da12099cd1da9 - - default default] Successfully bumped revision number for resource 8154a2e7-a7c1-4778-935d-7cf0fc57d09c (type: ports) to 1 [pid: 8|app: 0|req: 901/1658] 10.0.0.252 () {34 vars in 670 bytes} [Fri May 29 15:12:30 2026] POST /v2.0/networks => generated 650 bytes in 873 msecs (HTTP/1.1 201) 4 headers in 162 bytes (1 switches on core 0)
2026-05-29 15:12:31.730 8 INFO neutron.db.ovn_revision_numbers_db [None req-34dfaa3b-b24c-4863-a589-a0b90432f30f 15892eda5f5544d390aa9132be2bd490 3043fb7119864c50bf2655a486823340 - - default default] Successfully bumped revision number for resource ab27a62c-68cd-416f-911e-9eaba2e0f923 (type: security_group_rules) to 0 [pid: 8|app: 0|req: 902/1659] 10.0.0.252 () {34 vars in 695 bytes} [Fri May 29 15:12:31 2026] POST /v2.0/security-group-rules => generated 597 bytes in 162 msecs (HTTP/1.1 201) 4 headers in 162 bytes (1 switches on core 0)
2026-05-29 15:12:31.929 7 WARNING neutron.scheduler.dhcp_agent_scheduler [None req-f3830c84-7dbb-4348-9314-d464e0b2273e 4e4412e3fd9f4781bd0947eafc36459d 1846bb5b191c49f883adffddb165ce85 - - default default] No more DHCP agents
2026-05-29 15:12:31.930 7 WARNING neutron.api.rpc.agentnotifiers.dhcp_rpc_agent_api [None req-f3830c84-7dbb-4348-9314-d464e0b2273e 4e4412e3fd9f4781bd0947eafc36459d 1846bb5b191c49f883adffddb165ce85 - - default default] Unable to schedule network fe1c45d8-d038-48a9-82bd-03a9b5089289: no agents available; will retry on subsequent port and subnet creation events. [pid: 8|app: 0|req: 903/1660] 10.0.0.252 () {32 vars in 740 bytes} [Fri May 29 15:12:31 2026] DELETE /v2.0/security-groups/8a7ec500-7b8e-48b8-89f5-ae4e600b30c7 => generated 0 bytes in 288 msecs (HTTP/1.1 204) 2 headers in 112 bytes (1 switches on core 0)
2026-05-29 15:12:32.133 7 INFO neutron.db.ovn_revision_numbers_db [None req-f3830c84-7dbb-4348-9314-d464e0b2273e 4e4412e3fd9f4781bd0947eafc36459d 1846bb5b191c49f883adffddb165ce85 - - default default] Successfully bumped revision number for resource 04c3cd1d-57dc-4838-800d-d7fa4712dbc6 (type: ports) to 1
2026-05-29 15:12:32.273 8 WARNING neutron.scheduler.dhcp_agent_scheduler [None req-1bb11e60-5692-4a48-9b8f-64180b3f762b eea30fde2d53436f83cff7e872b55f94 058edfcca1604e33973da12099cd1da9 - - default default] No more DHCP agents
2026-05-29 15:12:32.274 8 WARNING neutron.api.rpc.agentnotifiers.dhcp_rpc_agent_api [None req-1bb11e60-5692-4a48-9b8f-64180b3f762b eea30fde2d53436f83cff7e872b55f94 058edfcca1604e33973da12099cd1da9 - - default default] Unable to schedule network 90fa9f2b-6055-47cb-b97a-53a44686da0f: no agents available; will retry on subsequent port and subnet creation events.
2026-05-29 15:12:32.293 8 INFO neutron.db.ovn_revision_numbers_db [None req-1bb11e60-5692-4a48-9b8f-64180b3f762b eea30fde2d53436f83cff7e872b55f94 058edfcca1604e33973da12099cd1da9 - - default default] Successfully bumped revision number for resource a0c08206-3135-49f4-a725-3bdfcf9f3766 (type: subnets) to 0 [pid: 8|app: 0|req: 904/1661] 10.0.0.252 () {34 vars in 669 bytes} [Fri May 29 15:12:32 2026] POST /v2.0/subnets => generated 627 bytes in 255 msecs (HTTP/1.1 201) 4 headers in 162 bytes (1 switches on core 0)
2026-05-29 15:12:32.441 8 INFO neutron.db.ovn_revision_numbers_db [None req-49d4be7c-2fff-49f0-ae95-7f173c4bb283 15892eda5f5544d390aa9132be2bd490 3043fb7119864c50bf2655a486823340 - - default default] Successfully bumped revision number for resource 3399a97a-cfde-49d9-84b7-bb1834b34bca (type: security_group_rules) to 0 [pid: 8|app: 0|req: 905/1662] 10.0.0.252 () {34 vars in 695 bytes} [Fri May 29 15:12:32 2026] POST /v2.0/security-group-rules => generated 596 bytes in 165 msecs (HTTP/1.1 201) 4 headers in 162 bytes (1 switches on core 0)
2026-05-29 15:12:32.769 7 INFO neutron.plugins.ml2.drivers.ovn.mech_driver.ovsdb.commands [None req-13841f6d-fb46-4d5b-84ff-9d96ce159c3d - - - - - -] Schedule LRP lrp-04c3cd1d-57dc-4838-800d-d7fa4712dbc6 on gateway 9e3e627a-d269-44d5-9bfa-9719793395ee with priority 1
2026-05-29 15:12:32.862 7 INFO neutron.plugins.ml2.drivers.ovn.mech_driver.ovsdb.ovsdb_monitor [None req-e10bd252-2973-4059-9c81-aae2aa2ed532 - - - - - -] Router 3d9dbf07-c4d6-47b1-af98-8fa986e0e0f4 is bound to host instance
2026-05-29 15:12:32.942 8 WARNING neutron.scheduler.dhcp_agent_scheduler [None req-7e4e42b2-2d63-4b5c-ac3c-3b1591875545 eea30fde2d53436f83cff7e872b55f94 058edfcca1604e33973da12099cd1da9 - - default default] No more DHCP agents
2026-05-29 15:12:32.946 8 WARNING neutron.api.rpc.agentnotifiers.dhcp_rpc_agent_api [None req-7e4e42b2-2d63-4b5c-ac3c-3b1591875545 eea30fde2d53436f83cff7e872b55f94 058edfcca1604e33973da12099cd1da9 - - default default] Unable to schedule network fe1c45d8-d038-48a9-82bd-03a9b5089289: no agents available; will retry on subsequent port and subnet creation events.
2026-05-29 15:12:32.957 7 INFO neutron.db.ovn_revision_numbers_db [None req-f3830c84-7dbb-4348-9314-d464e0b2273e 4e4412e3fd9f4781bd0947eafc36459d 1846bb5b191c49f883adffddb165ce85 - - default default] Successfully bumped revision number for resource 04c3cd1d-57dc-4838-800d-d7fa4712dbc6 (type: router_ports) to 1
2026-05-29 15:12:33.081 7 INFO neutron.db.ovn_revision_numbers_db [None req-f3830c84-7dbb-4348-9314-d464e0b2273e 4e4412e3fd9f4781bd0947eafc36459d 1846bb5b191c49f883adffddb165ce85 - - default default] Successfully bumped revision number for resource 3d9dbf07-c4d6-47b1-af98-8fa986e0e0f4 (type: routers) to 2 [pid: 7|app: 0|req: 758/1663] 10.0.0.252 () {34 vars in 669 bytes} [Fri May 29 15:12:30 2026] POST /v2.0/routers => generated 966 bytes in 2140 msecs (HTTP/1.1 201) 4 headers in 162 bytes (1 switches on core 0)
2026-05-29 15:12:33.126 8 INFO neutron.db.ovn_revision_numbers_db [None req-7e4e42b2-2d63-4b5c-ac3c-3b1591875545 eea30fde2d53436f83cff7e872b55f94 058edfcca1604e33973da12099cd1da9 - - default default] Successfully bumped revision number for resource 4ed912e8-6d73-4d19-b33f-18ba05a23393 (type: ports) to 1
2026-05-29 15:12:33.401 7 INFO neutron.db.ovn_revision_numbers_db [None req-e3b52a9e-bd7a-47b8-842f-dcda664b9b66 15892eda5f5544d390aa9132be2bd490 3043fb7119864c50bf2655a486823340 - - default default] Successfully bumped revision number for resource ded19ab1-8f7a-4fd1-aad9-248851490ba1 (type: security_group_rules) to 0 [pid: 7|app: 0|req: 759/1664] 10.0.0.252 () {34 vars in 695 bytes} [Fri May 29 15:12:33 2026] POST /v2.0/security-group-rules => generated 602 bytes in 340 msecs (HTTP/1.1 201) 4 headers in 162 bytes (1 switches on core 0)
2026-05-29 15:12:33.722 8 INFO neutron.plugins.ml2.drivers.ovn.mech_driver.ovsdb.commands [-] Schedule LRP lrp-4ed912e8-6d73-4d19-b33f-18ba05a23393 on gateway 9e3e627a-d269-44d5-9bfa-9719793395ee with priority 1
2026-05-29 15:12:33.861 8 INFO neutron.db.ovn_revision_numbers_db [None req-7e4e42b2-2d63-4b5c-ac3c-3b1591875545 eea30fde2d53436f83cff7e872b55f94 058edfcca1604e33973da12099cd1da9 - - default default] Successfully bumped revision number for resource 4ed912e8-6d73-4d19-b33f-18ba05a23393 (type: router_ports) to 1
2026-05-29 15:12:33.934 8 INFO neutron.db.ovn_revision_numbers_db [None req-7e4e42b2-2d63-4b5c-ac3c-3b1591875545 eea30fde2d53436f83cff7e872b55f94 058edfcca1604e33973da12099cd1da9 - - default default] Successfully bumped revision number for resource 265a64b2-a828-4c6b-b875-fd2fea2d2eed (type: routers) to 2 [pid: 8|app: 0|req: 906/1665] 10.0.0.252 () {34 vars in 669 bytes} [Fri May 29 15:12:32 2026] POST /v2.0/routers => generated 955 bytes in 1480 msecs (HTTP/1.1 201) 4 headers in 162 bytes (1 switches on core 0)
2026-05-29 15:12:34.109 8 INFO neutron.db.ovn_revision_numbers_db [None req-b0016357-98ff-4f02-87a1-a28d206fa45f 15892eda5f5544d390aa9132be2bd490 3043fb7119864c50bf2655a486823340 - - default default] Successfully bumped revision number for resource 8e5f417c-c2d3-42f9-a42c-4d76499f34fd (type: security_group_rules) to 0 [pid: 8|app: 0|req: 907/1666] 10.0.0.252 () {34 vars in 695 bytes} [Fri May 29 15:12:33 2026] POST /v2.0/security-group-rules => generated 601 bytes in 182 msecs (HTTP/1.1 201) 4 headers in 162 bytes (1 switches on core 0)
2026-05-29 15:12:34.288 7 WARNING neutron.scheduler.dhcp_agent_scheduler [None req-158aea02-dedd-4220-b98a-1681ba272fc5 4e4412e3fd9f4781bd0947eafc36459d 1846bb5b191c49f883adffddb165ce85 - - default default] No more DHCP agents
2026-05-29 15:12:34.291 7 WARNING neutron.api.rpc.agentnotifiers.dhcp_rpc_agent_api [None req-158aea02-dedd-4220-b98a-1681ba272fc5 4e4412e3fd9f4781bd0947eafc36459d 1846bb5b191c49f883adffddb165ce85 - - default default] Unable to schedule network 839af3ad-5254-4300-9300-9b59128310fa: no agents available; will retry on subsequent port and subnet creation events.
2026-05-29 15:12:34.601 7 INFO neutron.db.ovn_revision_numbers_db [None req-158aea02-dedd-4220-b98a-1681ba272fc5 4e4412e3fd9f4781bd0947eafc36459d 1846bb5b191c49f883adffddb165ce85 - - default default] Successfully bumped revision number for resource 35b789b8-6c30-4858-8a88-90e3ca0742cc (type: ports) to 1
2026-05-29 15:12:34.632 7 INFO neutron.db.ovn_revision_numbers_db [None req-601ab941-ecf5-42c1-9db8-c7fe2086011a - - - - - -] Successfully bumped revision number for resource 04c3cd1d-57dc-4838-800d-d7fa4712dbc6 (type: ports) to 4
2026-05-29 15:12:34.732 8 WARNING neutron.scheduler.dhcp_agent_scheduler [None req-04f73a3d-f689-4f06-8220-d697c657354f eea30fde2d53436f83cff7e872b55f94 058edfcca1604e33973da12099cd1da9 - - default default] No more DHCP agents
2026-05-29 15:12:34.733 8 WARNING neutron.api.rpc.agentnotifiers.dhcp_rpc_agent_api [None req-04f73a3d-f689-4f06-8220-d697c657354f eea30fde2d53436f83cff7e872b55f94 058edfcca1604e33973da12099cd1da9 - - default default] Unable to schedule network 90fa9f2b-6055-47cb-b97a-53a44686da0f: no agents available; will retry on subsequent port and subnet creation events.
2026-05-29 15:12:34.953 8 INFO neutron.db.ovn_revision_numbers_db [None req-04f73a3d-f689-4f06-8220-d697c657354f eea30fde2d53436f83cff7e872b55f94 058edfcca1604e33973da12099cd1da9 - - default default] Successfully bumped revision number for resource f0dc4931-507b-49fd-8589-8cd763d58ba9 (type: ports) to 1
2026-05-29 15:12:35.060 7 WARNING neutron.plugins.ml2.drivers.ovn.mech_driver.ovsdb.ovn_client [None req-b5da3218-b025-4e98-9445-c44069fa256c - - - - - -] No hosting information found for port c5d26fd5-5993-49be-b58e-71828027fe4c: RuntimeError: No hosting information found for port c5d26fd5-5993-49be-b58e-71828027fe4c
2026-05-29 15:12:35.486 7 INFO neutron.db.ovn_revision_numbers_db [None req-b5da3218-b025-4e98-9445-c44069fa256c - - - - - -] Successfully bumped revision number for resource c5d26fd5-5993-49be-b58e-71828027fe4c (type: router_ports) to 2
2026-05-29 15:12:35.636 7 INFO neutron.plugins.ml2.drivers.ovn.mech_driver.mech_driver [None req-b5da3218-b025-4e98-9445-c44069fa256c - - - - - -] OVN reports status down for port: 7b0f7c5d-3dce-47b8-b7cd-c9b4ac5f5643
2026-05-29 15:12:35.805 8 WARNING neutron.scheduler.dhcp_agent_scheduler [None req-04f73a3d-f689-4f06-8220-d697c657354f eea30fde2d53436f83cff7e872b55f94 058edfcca1604e33973da12099cd1da9 - - default default] No more DHCP agents
2026-05-29 15:12:35.807 8 WARNING neutron.api.rpc.agentnotifiers.dhcp_rpc_agent_api [None req-04f73a3d-f689-4f06-8220-d697c657354f eea30fde2d53436f83cff7e872b55f94 058edfcca1604e33973da12099cd1da9 - - default default] Unable to schedule network 90fa9f2b-6055-47cb-b97a-53a44686da0f: no agents available; will retry on subsequent port and subnet creation events.
2026-05-29 15:12:35.870 7 INFO neutron.plugins.ml2.drivers.ovn.mech_driver.mech_driver [None req-b5da3218-b025-4e98-9445-c44069fa256c - - - - - -] OVN reports status down for port: 8154a2e7-a7c1-4778-935d-7cf0fc57d09c
2026-05-29 15:12:35.976 7 INFO neutron.db.ovn_revision_numbers_db [None req-601ab941-ecf5-42c1-9db8-c7fe2086011a - - - - - -] Successfully bumped revision number for resource 04c3cd1d-57dc-4838-800d-d7fa4712dbc6 (type: ports) to 5
2026-05-29 15:12:36.019 7 INFO neutron.plugins.ml2.drivers.ovn.mech_driver.mech_driver [None req-b5da3218-b025-4e98-9445-c44069fa256c - - - - - -] OVN reports status down for port: 04c3cd1d-57dc-4838-800d-d7fa4712dbc6
2026-05-29 15:12:36.171 8 INFO neutron.db.ovn_revision_numbers_db [None req-04f73a3d-f689-4f06-8220-d697c657354f eea30fde2d53436f83cff7e872b55f94 058edfcca1604e33973da12099cd1da9 - - default default] Successfully bumped revision number for resource f0dc4931-507b-49fd-8589-8cd763d58ba9 (type: router_ports) to 1 [pid: 8|app: 0|req: 908/1667] 10.0.0.252 () {34 vars in 783 bytes} [Fri May 29 15:12:34 2026] PUT /v2.0/routers/265a64b2-a828-4c6b-b875-fd2fea2d2eed/add_router_interface => generated 309 bytes in 2041 msecs (HTTP/1.1 200) 4 headers in 157 bytes (1 switches on core 0)
2026-05-29 15:12:36.209 8 INFO neutron.db.securitygroups_db [None req-870c095e-8c57-4a9e-b171-c4de0edd9e74 15892eda5f5544d390aa9132be2bd490 3043fb7119864c50bf2655a486823340 - - default default] Project 3043fb7119864c50bf2655a486823340 added a security group rule with legacy IPv6 ICMP protocol name icmp, ipv6-icmp should be used instead. It was automatically converted.
2026-05-29 15:12:36.341 8 INFO neutron.db.ovn_revision_numbers_db [None req-870c095e-8c57-4a9e-b171-c4de0edd9e74 15892eda5f5544d390aa9132be2bd490 3043fb7119864c50bf2655a486823340 - - default default] Successfully bumped revision number for resource a8ed5dd4-1ca3-4920-ba3f-30fe48cdbb23 (type: security_group_rules) to 0 [pid: 8|app: 0|req: 909/1668] 10.0.0.252 () {34 vars in 695 bytes} [Fri May 29 15:12:36 2026] POST /v2.0/security-group-rules => generated 607 bytes in 192 msecs (HTTP/1.1 201) 4 headers in 162 bytes (1 switches on core 0)
2026-05-29 15:12:36.660 8 WARNING neutron.scheduler.dhcp_agent_scheduler [None req-0868ca20-5384-4438-87a7-2990aeb569e2 eea30fde2d53436f83cff7e872b55f94 058edfcca1604e33973da12099cd1da9 - - default default] No more DHCP agents
2026-05-29 15:12:36.661 8 WARNING neutron.api.rpc.agentnotifiers.dhcp_rpc_agent_api [None req-0868ca20-5384-4438-87a7-2990aeb569e2 eea30fde2d53436f83cff7e872b55f94 058edfcca1604e33973da12099cd1da9 - - default default] Unable to schedule network 90fa9f2b-6055-47cb-b97a-53a44686da0f: no agents available; will retry on subsequent port and subnet creation events.
2026-05-29 15:12:36.663 7 WARNING neutron.scheduler.dhcp_agent_scheduler [None req-158aea02-dedd-4220-b98a-1681ba272fc5 4e4412e3fd9f4781bd0947eafc36459d 1846bb5b191c49f883adffddb165ce85 - - default default] No more DHCP agents
2026-05-29 15:12:36.666 7 WARNING neutron.api.rpc.agentnotifiers.dhcp_rpc_agent_api [None req-158aea02-dedd-4220-b98a-1681ba272fc5 4e4412e3fd9f4781bd0947eafc36459d 1846bb5b191c49f883adffddb165ce85 - - default default] Unable to schedule network 839af3ad-5254-4300-9300-9b59128310fa: no agents available; will retry on subsequent port and subnet creation events.
2026-05-29 15:12:36.815 7 INFO neutron.db.ovn_revision_numbers_db [None req-b5da3218-b025-4e98-9445-c44069fa256c - - - - - -] Successfully bumped revision number for resource 04c3cd1d-57dc-4838-800d-d7fa4712dbc6 (type: ports) to 6
2026-05-29 15:12:36.871 8 INFO neutron.db.ovn_revision_numbers_db [None req-0868ca20-5384-4438-87a7-2990aeb569e2 eea30fde2d53436f83cff7e872b55f94 058edfcca1604e33973da12099cd1da9 - - default default] Successfully bumped revision number for resource d67c6433-f122-4673-b23f-ff7916ba6faa (type: ports) to 1 [pid: 8|app: 0|req: 912/1671] 10.0.0.252 () {34 vars in 665 bytes} [Fri May 29 15:12:36 2026] POST /v2.0/ports => generated 955 bytes in 519 msecs (HTTP/1.1 201) 4 headers in 162 bytes (1 switches on core 0) /var/lib/openstack/lib/python3.12/site-packages/pycadf/identifier.py:70: UserWarning: Invalid uuid: neutron. To ensure interoperability, identifiers should be a valid uuid. warnings.warn(('Invalid uuid: %s. To ensure interoperability, '
2026-05-29 15:12:36.933 8 INFO neutron.db.securitygroups_db [None req-14281419-6ff9-4a67-b607-b3727407e556 15892eda5f5544d390aa9132be2bd490 3043fb7119864c50bf2655a486823340 - - default default] Project 3043fb7119864c50bf2655a486823340 added a security group rule with legacy IPv6 ICMP protocol name icmp, ipv6-icmp should be used instead. It was automatically converted.
2026-05-29 15:12:36.960 7 WARNING neutron.plugins.ml2.drivers.ovn.mech_driver.ovsdb.ovn_client [None req-557caf76-c1d0-4e19-8828-89a3c2f5404b - - - - - -] Logical_Switch_Port 04c3cd1d-57dc-4838-800d-d7fa4712dbc6 host information not removed, the port state is up
2026-05-29 15:12:36.960 7 INFO neutron.plugins.ml2.drivers.ovn.mech_driver.mech_driver [None req-557caf76-c1d0-4e19-8828-89a3c2f5404b - - - - - -] OVN reports status up for port: 04c3cd1d-57dc-4838-800d-d7fa4712dbc6
2026-05-29 15:12:36.980 7 INFO neutron.plugins.ml2.plugin [None req-557caf76-c1d0-4e19-8828-89a3c2f5404b - - - - - -] Attempt 1 to provision port 04c3cd1d-57dc-4838-800d-d7fa4712dbc6
2026-05-29 15:12:37.055 8 INFO neutron.db.ovn_revision_numbers_db [None req-14281419-6ff9-4a67-b607-b3727407e556 15892eda5f5544d390aa9132be2bd490 3043fb7119864c50bf2655a486823340 - - default default] Successfully bumped revision number for resource 20cde4b2-826e-45ce-a4f3-0b3b493abb11 (type: security_group_rules) to 0 [pid: 8|app: 0|req: 913/1672] 10.0.0.252 () {34 vars in 695 bytes} [Fri May 29 15:12:36 2026] POST /v2.0/security-group-rules => generated 606 bytes in 196 msecs (HTTP/1.1 201) 4 headers in 162 bytes (1 switches on core 0)
2026-05-29 15:12:37.375 8 WARNING neutron.scheduler.dhcp_agent_scheduler [None req-705fcafe-01ba-4a93-9e5b-f716cc808ca3 eea30fde2d53436f83cff7e872b55f94 058edfcca1604e33973da12099cd1da9 - - default default] No more DHCP agents
2026-05-29 15:12:37.377 8 WARNING neutron.api.rpc.agentnotifiers.dhcp_rpc_agent_api [None req-705fcafe-01ba-4a93-9e5b-f716cc808ca3 eea30fde2d53436f83cff7e872b55f94 058edfcca1604e33973da12099cd1da9 - - default default] Unable to schedule network 90fa9f2b-6055-47cb-b97a-53a44686da0f: no agents available; will retry on subsequent port and subnet creation events.
2026-05-29 15:12:37.578 8 INFO neutron.db.ovn_revision_numbers_db [None req-705fcafe-01ba-4a93-9e5b-f716cc808ca3 eea30fde2d53436f83cff7e872b55f94 058edfcca1604e33973da12099cd1da9 - - default default] Successfully bumped revision number for resource 97bd2787-fd6a-470d-945b-79fd42c2c427 (type: ports) to 1
2026-05-29 15:12:37.632 7 INFO neutron.db.ovn_revision_numbers_db [None req-557caf76-c1d0-4e19-8828-89a3c2f5404b - - - - - -] Successfully bumped revision number for resource 04c3cd1d-57dc-4838-800d-d7fa4712dbc6 (type: ports) to 7 [pid: 8|app: 0|req: 914/1673] 10.0.0.252 () {34 vars in 665 bytes} [Fri May 29 15:12:37 2026] POST /v2.0/ports => generated 954 bytes in 611 msecs (HTTP/1.1 201) 4 headers in 162 bytes (1 switches on core 0)
2026-05-29 15:12:37.790 7 INFO neutron.plugins.ml2.drivers.ovn.mech_driver.mech_driver [None req-4cf6d611-88ab-4715-a823-8a55648941bb - - - - - -] OVN reports status down for port: 4ed912e8-6d73-4d19-b33f-18ba05a23393
2026-05-29 15:12:37.841 7 INFO neutron.db.ovn_revision_numbers_db [None req-158aea02-dedd-4220-b98a-1681ba272fc5 4e4412e3fd9f4781bd0947eafc36459d 1846bb5b191c49f883adffddb165ce85 - - default default] Successfully bumped revision number for resource 35b789b8-6c30-4858-8a88-90e3ca0742cc (type: router_ports) to 1 [pid: 7|app: 0|req: 760/1674] 10.0.0.252 () {34 vars in 783 bytes} [Fri May 29 15:12:33 2026] PUT /v2.0/routers/3d9dbf07-c4d6-47b1-af98-8fa986e0e0f4/add_router_interface => generated 309 bytes in 4392 msecs (HTTP/1.1 200) 4 headers in 157 bytes (1 switches on core 0) /var/lib/openstack/lib/python3.12/site-packages/pycadf/identifier.py:70: UserWarning: Invalid uuid: neutron. To ensure interoperability, identifiers should be a valid uuid. warnings.warn(('Invalid uuid: %s. To ensure interoperability, '
2026-05-29 15:12:37.911 7 WARNING neutron.plugins.ml2.drivers.ovn.mech_driver.ovsdb.ovn_client [None req-4cf6d611-88ab-4715-a823-8a55648941bb - - - - - -] Logical_Switch_Port 4ed912e8-6d73-4d19-b33f-18ba05a23393 host information not removed, the port state is up
2026-05-29 15:12:37.912 7 INFO neutron.plugins.ml2.drivers.ovn.mech_driver.mech_driver [None req-4cf6d611-88ab-4715-a823-8a55648941bb - - - - - -] OVN reports status up for port: 4ed912e8-6d73-4d19-b33f-18ba05a23393
2026-05-29 15:12:37.933 7 INFO neutron.plugins.ml2.plugin [None req-4cf6d611-88ab-4715-a823-8a55648941bb - - - - - -] Attempt 1 to provision port 4ed912e8-6d73-4d19-b33f-18ba05a23393 [pid: 8|app: 0|req: 915/1675] 10.0.0.252 () {32 vars in 649 bytes} [Fri May 29 15:12:37 2026] GET /v2.0/networks => generated 1297 bytes in 247 msecs (HTTP/1.1 200) 4 headers in 158 bytes (1 switches on core 0)
2026-05-29 15:12:38.151 8 INFO neutron.db.ovn_revision_numbers_db [None req-b461a102-4531-4e72-bbf3-92f95636150b 4e4412e3fd9f4781bd0947eafc36459d 1846bb5b191c49f883adffddb165ce85 - - default default] Successfully bumped revision number for resource 1156fcf6-f85c-4ec1-b1e3-ac9640487808 (type: security_groups) to 1
2026-05-29 15:12:38.165 8 INFO neutron.db.ovn_revision_numbers_db [None req-b461a102-4531-4e72-bbf3-92f95636150b 4e4412e3fd9f4781bd0947eafc36459d 1846bb5b191c49f883adffddb165ce85 - - default default] Successfully bumped revision number for resource 02a679ee-232a-4a5a-8945-1a451b992ed2 (type: security_group_rules) to 0
2026-05-29 15:12:38.179 8 INFO neutron.db.ovn_revision_numbers_db [None req-b461a102-4531-4e72-bbf3-92f95636150b 4e4412e3fd9f4781bd0947eafc36459d 1846bb5b191c49f883adffddb165ce85 - - default default] Successfully bumped revision number for resource 0e5f51ba-5345-46b1-a682-8538aed254b9 (type: security_group_rules) to 0
2026-05-29 15:12:38.194 8 INFO neutron.db.ovn_revision_numbers_db [None req-b461a102-4531-4e72-bbf3-92f95636150b 4e4412e3fd9f4781bd0947eafc36459d 1846bb5b191c49f883adffddb165ce85 - - default default] Successfully bumped revision number for resource 475a53ec-f6f0-4efd-ba74-9977a9c3abba (type: security_group_rules) to 0
2026-05-29 15:12:38.205 8 INFO neutron.db.ovn_revision_numbers_db [None req-b461a102-4531-4e72-bbf3-92f95636150b 4e4412e3fd9f4781bd0947eafc36459d 1846bb5b191c49f883adffddb165ce85 - - default default] Successfully bumped revision number for resource 73512103-ced2-4ed8-a402-1141c40d9749 (type: security_group_rules) to 0
2026-05-29 15:12:38.241 7 WARNING neutron.scheduler.dhcp_agent_scheduler [None req-33ca23ae-2bc0-4697-9e49-e4f511fb60c3 eea30fde2d53436f83cff7e872b55f94 058edfcca1604e33973da12099cd1da9 - - default default] No more DHCP agents
2026-05-29 15:12:38.242 7 WARNING neutron.api.rpc.agentnotifiers.dhcp_rpc_agent_api [None req-33ca23ae-2bc0-4697-9e49-e4f511fb60c3 eea30fde2d53436f83cff7e872b55f94 058edfcca1604e33973da12099cd1da9 - - default default] Unable to schedule network fe1c45d8-d038-48a9-82bd-03a9b5089289: no agents available; will retry on subsequent port and subnet creation events. [pid: 8|app: 0|req: 916/1676] 10.0.0.252 () {32 vars in 774 bytes} [Fri May 29 15:12:37 2026] GET /v2.0/security-groups?tenant_id=66cafedc810c4f8782c6dd738909c624&name=default => generated 2925 bytes in 294 msecs (HTTP/1.1 200) 4 headers in 158 bytes (1 switches on core 0) [pid: 8|app: 0|req: 917/1677] 10.0.0.232 () {34 vars in 1098 bytes} [Fri May 29 15:12:38 2026] GET /v2.0/security-groups?name=tempest-secgroup-smoke-938064538&fields=id&tenant_id=3043fb7119864c50bf2655a486823340 => generated 69 bytes in 31 msecs (HTTP/1.1 200) 4 headers in 156 bytes (1 switches on core 0) [pid: 8|app: 0|req: 918/1678] 10.0.0.252 () {32 vars in 740 bytes} [Fri May 29 15:12:38 2026] DELETE /v2.0/security-groups/1156fcf6-f85c-4ec1-b1e3-ac9640487808 => generated 0 bytes in 276 msecs (HTTP/1.1 204) 2 headers in 112 bytes (1 switches on core 0) [pid: 8|app: 0|req: 919/1679] 10.0.0.232 () {34 vars in 982 bytes} [Fri May 29 15:12:38 2026] GET /v2.0/networks?id=dfaa006b-d49e-4bf5-bdc1-451b0bdf0653 => generated 660 bytes in 42 msecs (HTTP/1.1 200) 4 headers in 157 bytes (1 switches on core 0) [pid: 8|app: 0|req: 920/1680] 10.0.0.232 () {34 vars in 965 bytes} [Fri May 29 15:12:38 2026] GET /v2.0/quotas/3043fb7119864c50bf2655a486823340 => generated 292 bytes in 12 msecs (HTTP/1.1 200) 4 headers in 157 bytes (1 switches on core 0) [pid: 8|app: 0|req: 921/1681] 10.0.0.232 () {34 vars in 1002 bytes} [Fri May 29 15:12:38 2026] GET /v2.0/ports?tenant_id=3043fb7119864c50bf2655a486823340&fields=id => generated 103 bytes in 54 msecs (HTTP/1.1 200) 4 headers in 157 bytes (1 switches on core 0)
2026-05-29 15:12:38.830 8 INFO neutron.db.ovn_revision_numbers_db [None req-fd3e7df7-9df3-41f8-96d3-f7902c65fe88 4e4412e3fd9f4781bd0947eafc36459d 1846bb5b191c49f883adffddb165ce85 - - default default] Successfully bumped revision number for resource c662bbb7-b720-41c5-8736-9b56af63e32a (type: security_groups) to 1
2026-05-29 15:12:38.839 8 INFO neutron.db.ovn_revision_numbers_db [None req-fd3e7df7-9df3-41f8-96d3-f7902c65fe88 4e4412e3fd9f4781bd0947eafc36459d 1846bb5b191c49f883adffddb165ce85 - - default default] Successfully bumped revision number for resource 7b66d52d-5f11-4a52-9ac9-fd263a4c9fca (type: security_group_rules) to 0
2026-05-29 15:12:38.849 8 INFO neutron.db.ovn_revision_numbers_db [None req-fd3e7df7-9df3-41f8-96d3-f7902c65fe88 4e4412e3fd9f4781bd0947eafc36459d 1846bb5b191c49f883adffddb165ce85 - - default default] Successfully bumped revision number for resource ca8e1bb9-1161-475d-a242-7c9ef1342c32 (type: security_group_rules) to 0
2026-05-29 15:12:38.862 8 INFO neutron.db.ovn_revision_numbers_db [None req-fd3e7df7-9df3-41f8-96d3-f7902c65fe88 4e4412e3fd9f4781bd0947eafc36459d 1846bb5b191c49f883adffddb165ce85 - - default default] Successfully bumped revision number for resource d1f61a38-9363-4dc4-bc62-72bb602894a8 (type: security_group_rules) to 0
2026-05-29 15:12:38.876 8 INFO neutron.db.ovn_revision_numbers_db [None req-fd3e7df7-9df3-41f8-96d3-f7902c65fe88 4e4412e3fd9f4781bd0947eafc36459d 1846bb5b191c49f883adffddb165ce85 - - default default] Successfully bumped revision number for resource d9112a75-690e-430a-b47b-57f7cef703fe (type: security_group_rules) to 0 [pid: 8|app: 0|req: 922/1682] 10.0.0.252 () {32 vars in 774 bytes} [Fri May 29 15:12:38 2026] GET /v2.0/security-groups?tenant_id=37b6ae1f84664743aa479cc1b9f24832&name=default => generated 2925 bytes in 272 msecs (HTTP/1.1 200) 4 headers in 158 bytes (1 switches on core 0) [pid: 8|app: 0|req: 923/1683] 10.0.0.232 () {34 vars in 1008 bytes} [Fri May 29 15:12:38 2026] GET /v2.0/networks/dfaa006b-d49e-4bf5-bdc1-451b0bdf0653?fields=segments => generated 14 bytes in 47 msecs (HTTP/1.1 200) 4 headers in 156 bytes (1 switches on core 0)
2026-05-29 15:12:39.093 7 INFO neutron.db.ovn_revision_numbers_db [None req-33ca23ae-2bc0-4697-9e49-e4f511fb60c3 eea30fde2d53436f83cff7e872b55f94 058edfcca1604e33973da12099cd1da9 - - default default] Successfully bumped revision number for resource af90a446-6697-4f16-a821-d468a288670c (type: floatingips) to 1
2026-05-29 15:12:39.094 7 INFO neutron.db.l3_db [None req-33ca23ae-2bc0-4697-9e49-e4f511fb60c3 eea30fde2d53436f83cff7e872b55f94 058edfcca1604e33973da12099cd1da9 - - default default] Floating IP af90a446-6697-4f16-a821-d468a288670c associated. External IP: 10.96.250.210, port: 97bd2787-fd6a-470d-945b-79fd42c2c427. [pid: 7|app: 0|req: 761/1684] 10.0.0.252 () {34 vars in 677 bytes} [Fri May 29 15:12:37 2026] POST /v2.0/floatingips => generated 841 bytes in 1293 msecs (HTTP/1.1 201) 4 headers in 162 bytes (1 switches on core 0)
2026-05-29 15:12:39.182 8 INFO neutron.db.ovn_revision_numbers_db [None req-15ea95e6-59e5-4f4e-91b6-3e4916f00704 4e4412e3fd9f4781bd0947eafc36459d 1846bb5b191c49f883adffddb165ce85 - - default default] Successfully bumped revision number for resource 474d5615-0ad8-45cd-bfb3-07b69a73b832 (type: security_groups) to 1
2026-05-29 15:12:39.194 8 INFO neutron.db.ovn_revision_numbers_db [None req-15ea95e6-59e5-4f4e-91b6-3e4916f00704 4e4412e3fd9f4781bd0947eafc36459d 1846bb5b191c49f883adffddb165ce85 - - default default] Successfully bumped revision number for resource 17e01c0e-f158-4335-970f-d5599580fd4a (type: security_group_rules) to 0
2026-05-29 15:12:39.206 8 INFO neutron.db.ovn_revision_numbers_db [None req-15ea95e6-59e5-4f4e-91b6-3e4916f00704 4e4412e3fd9f4781bd0947eafc36459d 1846bb5b191c49f883adffddb165ce85 - - default default] Successfully bumped revision number for resource 5c23ccb3-032a-4d52-9b7d-c967b185efe1 (type: security_group_rules) to 0
2026-05-29 15:12:39.220 8 INFO neutron.db.ovn_revision_numbers_db [None req-15ea95e6-59e5-4f4e-91b6-3e4916f00704 4e4412e3fd9f4781bd0947eafc36459d 1846bb5b191c49f883adffddb165ce85 - - default default] Successfully bumped revision number for resource c38895da-dc9f-4b0b-8ef0-bd4af813e86d (type: security_group_rules) to 0
2026-05-29 15:12:39.234 8 INFO neutron.db.ovn_revision_numbers_db [None req-15ea95e6-59e5-4f4e-91b6-3e4916f00704 4e4412e3fd9f4781bd0947eafc36459d 1846bb5b191c49f883adffddb165ce85 - - default default] Successfully bumped revision number for resource c9acf476-08fd-4e50-b492-80d7f3e52b55 (type: security_group_rules) to 0
2026-05-29 15:12:39.309 8 INFO neutron.db.segments_db [None req-15ea95e6-59e5-4f4e-91b6-3e4916f00704 4e4412e3fd9f4781bd0947eafc36459d 1846bb5b191c49f883adffddb165ce85 - - default default] Added segment 28cb1b5a-78b2-4a53-bae0-91b9d47e9d2d of type geneve for network 0b893ef7-d573-4243-b170-cb539fee1b16 [pid: 7|app: 0|req: 762/1685] 10.0.0.252 () {32 vars in 740 bytes} [Fri May 29 15:12:39 2026] DELETE /v2.0/security-groups/c662bbb7-b720-41c5-8736-9b56af63e32a => generated 0 bytes in 297 msecs (HTTP/1.1 204) 2 headers in 112 bytes (1 switches on core 0)
2026-05-29 15:12:39.478 8 INFO neutron.db.ovn_revision_numbers_db [None req-15ea95e6-59e5-4f4e-91b6-3e4916f00704 4e4412e3fd9f4781bd0947eafc36459d 1846bb5b191c49f883adffddb165ce85 - - default default] Successfully bumped revision number for resource 0b893ef7-d573-4243-b170-cb539fee1b16 (type: networks) to 1 [pid: 7|app: 0|req: 763/1686] 10.0.0.232 () {34 vars in 1108 bytes} [Fri May 29 15:12:39 2026] GET /v2.0/networks/dfaa006b-d49e-4bf5-bdc1-451b0bdf0653?fields=provider%3Aphysical_network&fields=provider%3Anetwork_type => generated 79 bytes in 61 msecs (HTTP/1.1 200) 4 headers in 156 bytes (1 switches on core 0)
2026-05-29 15:12:39.639 8 WARNING neutron.scheduler.dhcp_agent_scheduler [None req-15ea95e6-59e5-4f4e-91b6-3e4916f00704 4e4412e3fd9f4781bd0947eafc36459d 1846bb5b191c49f883adffddb165ce85 - - default default] No more DHCP agents
2026-05-29 15:12:39.643 8 WARNING neutron.api.rpc.agentnotifiers.dhcp_rpc_agent_api [None req-15ea95e6-59e5-4f4e-91b6-3e4916f00704 4e4412e3fd9f4781bd0947eafc36459d 1846bb5b191c49f883adffddb165ce85 - - default default] Unable to schedule network 0b893ef7-d573-4243-b170-cb539fee1b16: no agents available; will retry on subsequent port and subnet creation events.
2026-05-29 15:12:39.709 7 INFO neutron.db.ovn_revision_numbers_db [None req-d2f20106-05c3-4760-8c1e-86011d626a79 eea30fde2d53436f83cff7e872b55f94 058edfcca1604e33973da12099cd1da9 - - default default] Successfully bumped revision number for resource af90a446-6697-4f16-a821-d468a288670c (type: floatingips) to 2
2026-05-29 15:12:39.802 8 INFO neutron.db.ovn_revision_numbers_db [None req-15ea95e6-59e5-4f4e-91b6-3e4916f00704 4e4412e3fd9f4781bd0947eafc36459d 1846bb5b191c49f883adffddb165ce85 - - default default] Successfully bumped revision number for resource aa9d3778-5bb6-49dd-95f5-fcf6d0e0b553 (type: ports) to 1
2026-05-29 15:12:39.820 7 INFO neutron.db.l3_db [None req-d2f20106-05c3-4760-8c1e-86011d626a79 eea30fde2d53436f83cff7e872b55f94 058edfcca1604e33973da12099cd1da9 - - default default] Floating IP af90a446-6697-4f16-a821-d468a288670c disassociated. External IP: 10.96.250.210, port: 97bd2787-fd6a-470d-945b-79fd42c2c427. [pid: 8|app: 0|req: 924/1687] 10.0.0.252 () {34 vars in 671 bytes} [Fri May 29 15:12:38 2026] POST /v2.0/networks => generated 743 bytes in 831 msecs (HTTP/1.1 201) 4 headers in 162 bytes (1 switches on core 0) [pid: 8|app: 0|req: 925/1688] 10.0.0.232 () {34 vars in 990 bytes} [Fri May 29 15:12:39 2026] GET /v2.0/ports?device_id=89ab32fd-94a8-49cc-9502-6681a462d4c4 => generated 12 bytes in 22 msecs (HTTP/1.1 200) 4 headers in 156 bytes (1 switches on core 0) [pid: 7|app: 0|req: 764/1689] 10.0.0.252 () {34 vars in 749 bytes} [Fri May 29 15:12:39 2026] PUT /v2.0/floatingips/af90a446-6697-4f16-a821-d468a288670c => generated 554 bytes in 357 msecs (HTTP/1.1 200) 4 headers in 157 bytes (1 switches on core 0)
2026-05-29 15:12:39.977 7 INFO neutron_taas.services.taas.taas_plugin [None req-1e126fc7-1d96-4e2b-9a83-0c2b4cbf667c eea30fde2d53436f83cff7e872b55f94 058edfcca1604e33973da12099cd1da9 - - default default] TaaS: Handle Delete Port: 2fc09420-0120-429b-8a79-bc4fb1f9bce0
2026-05-29 15:12:39.979 7 INFO neutron_taas.services.taas.tap_mirror_plugin [None req-1e126fc7-1d96-4e2b-9a83-0c2b4cbf667c eea30fde2d53436f83cff7e872b55f94 058edfcca1604e33973da12099cd1da9 - - default default] Tap Mirror: Handle Delete Port: 2fc09420-0120-429b-8a79-bc4fb1f9bce0
2026-05-29 15:12:39.988 8 WARNING neutron.scheduler.dhcp_agent_scheduler [None req-346007a9-c3da-4845-a52f-41f832183cb9 4e4412e3fd9f4781bd0947eafc36459d 1846bb5b191c49f883adffddb165ce85 - - default default] No more DHCP agents
2026-05-29 15:12:39.990 8 WARNING neutron.api.rpc.agentnotifiers.dhcp_rpc_agent_api [None req-346007a9-c3da-4845-a52f-41f832183cb9 4e4412e3fd9f4781bd0947eafc36459d 1846bb5b191c49f883adffddb165ce85 - - default default] Unable to schedule network 0b893ef7-d573-4243-b170-cb539fee1b16: no agents available; will retry on subsequent port and subnet creation events. [pid: 7|app: 0|req: 765/1690] 10.0.0.252 () {32 vars in 732 bytes} [Fri May 29 15:12:39 2026] DELETE /v2.0/floatingips/af90a446-6697-4f16-a821-d468a288670c => generated 0 bytes in 279 msecs (HTTP/1.1 204) 2 headers in 112 bytes (1 switches on core 0)
2026-05-29 15:12:40.360 7 WARNING neutron.scheduler.dhcp_agent_scheduler [None req-c2093d73-168b-4720-8cb1-8666e23dbef4 eea30fde2d53436f83cff7e872b55f94 058edfcca1604e33973da12099cd1da9 - - default default] No more DHCP agents
2026-05-29 15:12:40.361 7 WARNING neutron.api.rpc.agentnotifiers.dhcp_rpc_agent_api [None req-c2093d73-168b-4720-8cb1-8666e23dbef4 eea30fde2d53436f83cff7e872b55f94 058edfcca1604e33973da12099cd1da9 - - default default] Unable to schedule network fe1c45d8-d038-48a9-82bd-03a9b5089289: no agents available; will retry on subsequent port and subnet creation events.
2026-05-29 15:12:40.482 8 INFO neutron.db.ovn_revision_numbers_db [None req-f6477c5f-e44d-4aac-b745-5fdfc1e75bbc - - - - - -] Successfully bumped revision number for resource aa9d3778-5bb6-49dd-95f5-fcf6d0e0b553 (type: ports) to 2
2026-05-29 15:12:40.511 8 INFO neutron.db.ovn_revision_numbers_db [None req-f6477c5f-e44d-4aac-b745-5fdfc1e75bbc - - - - - -] Successfully bumped revision number for resource f8c499be-2546-49c6-bb39-15e2469158f6 (type: subnets) to 0 [pid: 8|app: 0|req: 926/1691] 10.0.0.252 () {34 vars in 669 bytes} [Fri May 29 15:12:39 2026] POST /v2.0/subnets => generated 687 bytes in 674 msecs (HTTP/1.1 201) 4 headers in 162 bytes (1 switches on core 0)
2026-05-29 15:12:40.972 8 WARNING neutron.scheduler.dhcp_agent_scheduler [None req-cbfecaea-8c30-4941-977f-40ca0213ea52 4e4412e3fd9f4781bd0947eafc36459d 1846bb5b191c49f883adffddb165ce85 - - default default] No more DHCP agents
2026-05-29 15:12:40.973 8 WARNING neutron.api.rpc.agentnotifiers.dhcp_rpc_agent_api [None req-cbfecaea-8c30-4941-977f-40ca0213ea52 4e4412e3fd9f4781bd0947eafc36459d 1846bb5b191c49f883adffddb165ce85 - - default default] Unable to schedule network fe1c45d8-d038-48a9-82bd-03a9b5089289: no agents available; will retry on subsequent port and subnet creation events.
2026-05-29 15:12:41.122 8 INFO neutron.db.ovn_revision_numbers_db [None req-cbfecaea-8c30-4941-977f-40ca0213ea52 4e4412e3fd9f4781bd0947eafc36459d 1846bb5b191c49f883adffddb165ce85 - - default default] Successfully bumped revision number for resource 7fdc2a9a-a135-4f66-a13e-39734315ed6b (type: ports) to 1
2026-05-29 15:12:41.374 7 INFO neutron.db.ovn_revision_numbers_db [None req-c2093d73-168b-4720-8cb1-8666e23dbef4 eea30fde2d53436f83cff7e872b55f94 058edfcca1604e33973da12099cd1da9 - - default default] Successfully bumped revision number for resource 4a9cbf18-47d9-4872-8c8e-81ef8242a0e2 (type: floatingips) to 1
