May 18 18:34:02.665938 np0000174525 systemd[1]: Starting devstack@n-api-meta.service - Devstack devstack@n-api-meta.service...
May 18 18:34:02.672687 np0000174525 devstack@n-api-meta.service[108934]: [uWSGI] getting INI configuration from /etc/nova/nova-metadata-uwsgi.ini
May 18 18:34:02.675902 np0000174525 devstack@n-api-meta.service[108934]: *** Starting uWSGI 2.0.24-debian (64bit) on [Mon May 18 18:34:02 2026] ***
May 18 18:34:02.675902 np0000174525 devstack@n-api-meta.service[108934]: compiled with version: 13.2.0 on 17 April 2024 16:23:48
May 18 18:34:02.675902 np0000174525 devstack@n-api-meta.service[108934]: os: Linux-6.8.0-111-generic #111-Ubuntu SMP PREEMPT_DYNAMIC Sat Apr 11 23:16:02 UTC 2026
May 18 18:34:02.675902 np0000174525 devstack@n-api-meta.service[108934]: nodename: np0000174525
May 18 18:34:02.675902 np0000174525 devstack@n-api-meta.service[108934]: machine: x86_64
May 18 18:34:02.675902 np0000174525 devstack@n-api-meta.service[108934]: clock source: unix
May 18 18:34:02.675902 np0000174525 devstack@n-api-meta.service[108934]: pcre jit disabled
May 18 18:34:02.675902 np0000174525 devstack@n-api-meta.service[108934]: detected number of CPU cores: 16
May 18 18:34:02.675902 np0000174525 devstack@n-api-meta.service[108934]: current working directory: /
May 18 18:34:02.675902 np0000174525 devstack@n-api-meta.service[108934]: detected binary path: /usr/bin/uwsgi-core
May 18 18:34:02.675902 np0000174525 devstack@n-api-meta.service[108934]: your processes number limit is 256917
May 18 18:34:02.675902 np0000174525 devstack@n-api-meta.service[108934]: your memory page size is 4096 bytes
May 18 18:34:02.675902 np0000174525 devstack@n-api-meta.service[108934]: detected max file descriptor number: 2048
May 18 18:34:02.675902 np0000174525 devstack@n-api-meta.service[108934]: lock engine: pthread robust mutexes
May 18 18:34:02.676705 np0000174525 devstack@n-api-meta.service[108934]: thunder lock: enabled
May 18 18:34:02.676705 np0000174525 devstack@n-api-meta.service[108934]: uWSGI http bound on 0.0.0.0:8775 fd 5
May 18 18:34:02.676705 np0000174525 devstack@n-api-meta.service[108934]: uwsgi socket 0 bound to TCP address 127.0.0.1:46489 (port auto-assigned) fd 4
May 18 18:34:02.676705 np0000174525 devstack@n-api-meta.service[108934]: Python version: 3.12.3 (main, Mar 23 2026, 19:04:32) [GCC 13.3.0]
May 18 18:34:02.676705 np0000174525 devstack@n-api-meta.service[108934]: PEP 405 virtualenv detected: /opt/stack/data/venv
May 18 18:34:02.676705 np0000174525 devstack@n-api-meta.service[108934]: Set PythonHome to /opt/stack/data/venv
May 18 18:34:02.712995 np0000174525 devstack@n-api-meta.service[108934]: Python main interpreter initialized at 0x787d9bca3668
May 18 18:34:02.712995 np0000174525 devstack@n-api-meta.service[108934]: python threads support enabled
May 18 18:34:02.712995 np0000174525 devstack@n-api-meta.service[108934]: your server socket listen backlog is limited to 100 connections
May 18 18:34:02.712995 np0000174525 devstack@n-api-meta.service[108934]: your mercy for graceful operations on workers is 80 seconds
May 18 18:34:02.713541 np0000174525 devstack@n-api-meta.service[108934]: mapped 671795 bytes (656 KB) for 4 cores
May 18 18:34:02.713701 np0000174525 devstack@n-api-meta.service[108934]: *** Operational MODE: preforking ***
May 18 18:34:02.713888 np0000174525 devstack@n-api-meta.service[108934]: *** uWSGI is running in multiple interpreter mode ***
May 18 18:34:02.713888 np0000174525 devstack@n-api-meta.service[108934]: spawned uWSGI master process (pid: 108934)
May 18 18:34:02.714075 np0000174525 systemd[1]: Started devstack@n-api-meta.service - Devstack devstack@n-api-meta.service.
May 18 18:34:02.714655 np0000174525 devstack@n-api-meta.service[108934]: spawned uWSGI worker 1 (pid: 108935, cores: 1)
May 18 18:34:02.715355 np0000174525 devstack@n-api-meta.service[108934]: spawned uWSGI worker 2 (pid: 108936, cores: 1)
May 18 18:34:02.715810 np0000174525 devstack@n-api-meta.service[108934]: spawned uWSGI worker 3 (pid: 108937, cores: 1)
May 18 18:34:02.716298 np0000174525 devstack@n-api-meta.service[108934]: spawned uWSGI worker 4 (pid: 108938, cores: 1)
May 18 18:34:02.716799 np0000174525 devstack@n-api-meta.service[108934]: spawned uWSGI http 1 (pid: 108939)
May 18 18:34:02.716799 np0000174525 devstack@n-api-meta.service[108934]: running "unix_signal:15 gracefully_kill_them_all" (master-start)...
May 18 18:34:03.089035 np0000174525 devstack@n-api-meta.service[108935]: /opt/stack/data/venv/lib/python3.12/site-packages/oslo_concurrency/lockutils.py:41: EventletDeprecationWarning:
May 18 18:34:03.089035 np0000174525 devstack@n-api-meta.service[108935]: Eventlet is deprecated. It is currently being maintained in bugfix mode, and
May 18 18:34:03.089035 np0000174525 devstack@n-api-meta.service[108935]: we strongly recommend against using it for new projects.
May 18 18:34:03.089035 np0000174525 devstack@n-api-meta.service[108935]: If you are already using Eventlet, we recommend migrating to a different
May 18 18:34:03.089035 np0000174525 devstack@n-api-meta.service[108935]: framework. For more detail see
May 18 18:34:03.089035 np0000174525 devstack@n-api-meta.service[108935]: https://eventlet.readthedocs.io/en/latest/asyncio/migration.html
May 18 18:34:03.089035 np0000174525 devstack@n-api-meta.service[108935]: import eventlet
May 18 18:34:03.090543 np0000174525 devstack@n-api-meta.service[108937]: /opt/stack/data/venv/lib/python3.12/site-packages/oslo_concurrency/lockutils.py:41: EventletDeprecationWarning:
May 18 18:34:03.090543 np0000174525 devstack@n-api-meta.service[108937]: Eventlet is deprecated. It is currently being maintained in bugfix mode, and
May 18 18:34:03.090543 np0000174525 devstack@n-api-meta.service[108937]: we strongly recommend against using it for new projects.
May 18 18:34:03.090543 np0000174525 devstack@n-api-meta.service[108937]: If you are already using Eventlet, we recommend migrating to a different
May 18 18:34:03.090543 np0000174525 devstack@n-api-meta.service[108937]: framework. For more detail see
May 18 18:34:03.090543 np0000174525 devstack@n-api-meta.service[108937]: https://eventlet.readthedocs.io/en/latest/asyncio/migration.html
May 18 18:34:03.090543 np0000174525 devstack@n-api-meta.service[108937]: import eventlet
May 18 18:34:03.105840 np0000174525 devstack@n-api-meta.service[108938]: /opt/stack/data/venv/lib/python3.12/site-packages/oslo_concurrency/lockutils.py:41: EventletDeprecationWarning:
May 18 18:34:03.105840 np0000174525 devstack@n-api-meta.service[108938]: Eventlet is deprecated. It is currently being maintained in bugfix mode, and
May 18 18:34:03.105840 np0000174525 devstack@n-api-meta.service[108938]: we strongly recommend against using it for new projects.
May 18 18:34:03.105840 np0000174525 devstack@n-api-meta.service[108938]: If you are already using Eventlet, we recommend migrating to a different
May 18 18:34:03.105840 np0000174525 devstack@n-api-meta.service[108938]: framework. For more detail see
May 18 18:34:03.105840 np0000174525 devstack@n-api-meta.service[108938]: https://eventlet.readthedocs.io/en/latest/asyncio/migration.html
May 18 18:34:03.105840 np0000174525 devstack@n-api-meta.service[108938]: import eventlet
May 18 18:34:03.155527 np0000174525 devstack@n-api-meta.service[108936]: /opt/stack/data/venv/lib/python3.12/site-packages/oslo_concurrency/lockutils.py:41: EventletDeprecationWarning:
May 18 18:34:03.155527 np0000174525 devstack@n-api-meta.service[108936]: Eventlet is deprecated. It is currently being maintained in bugfix mode, and
May 18 18:34:03.155527 np0000174525 devstack@n-api-meta.service[108936]: we strongly recommend against using it for new projects.
May 18 18:34:03.155527 np0000174525 devstack@n-api-meta.service[108936]: If you are already using Eventlet, we recommend migrating to a different
May 18 18:34:03.155527 np0000174525 devstack@n-api-meta.service[108936]: framework. For more detail see
May 18 18:34:03.155527 np0000174525 devstack@n-api-meta.service[108936]: https://eventlet.readthedocs.io/en/latest/asyncio/migration.html
May 18 18:34:03.155527 np0000174525 devstack@n-api-meta.service[108936]: import eventlet
May 18 18:34:04.952614 np0000174525 devstack@n-api-meta.service[108935]: INFO dbcounter [None req-80012073-e485-4f8e-b72d-ede9484bebdb None None] Registered counter for database nova_api
May 18 18:34:04.975957 np0000174525 devstack@n-api-meta.service[108935]: DEBUG oslo_db.sqlalchemy.engines [None req-80012073-e485-4f8e-b72d-ede9484bebdb None None] MySQL server mode set to STRICT_TRANS_TABLES,STRICT_ALL_TABLES,NO_ZERO_IN_DATE,NO_ZERO_DATE,ERROR_FOR_DIVISION_BY_ZERO,TRADITIONAL,NO_ENGINE_SUBSTITUTION {{(pid=108935) _check_effective_sql_mode /opt/stack/data/venv/lib/python3.12/site-packages/oslo_db/sqlalchemy/engines.py:325}}
May 18 18:34:04.988583 np0000174525 devstack@n-api-meta.service[108938]: INFO dbcounter [None req-d5d567fd-f497-476a-8553-db644dfcbd94 None None] Registered counter for database nova_api
May 18 18:34:05.010126 np0000174525 devstack@n-api-meta.service[108935]: DEBUG dbcounter [-] [108935] Writer thread running {{(pid=108935) stat_writer /opt/stack/data/venv/lib/python3.12/site-packages/dbcounter.py:102}}
May 18 18:34:05.011082 np0000174525 devstack@n-api-meta.service[108938]: DEBUG oslo_db.sqlalchemy.engines [None req-d5d567fd-f497-476a-8553-db644dfcbd94 None None] MySQL server mode set to STRICT_TRANS_TABLES,STRICT_ALL_TABLES,NO_ZERO_IN_DATE,NO_ZERO_DATE,ERROR_FOR_DIVISION_BY_ZERO,TRADITIONAL,NO_ENGINE_SUBSTITUTION {{(pid=108938) _check_effective_sql_mode /opt/stack/data/venv/lib/python3.12/site-packages/oslo_db/sqlalchemy/engines.py:325}}
May 18 18:34:05.012597 np0000174525 devstack@n-api-meta.service[108935]: DEBUG nova.context [None req-80012073-e485-4f8e-b72d-ede9484bebdb None None] Found 2 cells: 00000000-0000-0000-0000-000000000000(cell0),009eadcf-078c-4c16-88d3-6e3f6b76700d(cell1) {{(pid=108935) load_cells /opt/stack/nova/nova/context.py:509}}
May 18 18:34:05.012855 np0000174525 devstack@n-api-meta.service[108935]: INFO nova.utils [None req-80012073-e485-4f8e-b72d-ede9484bebdb None None] The cell worker thread pool MainProcess.cell_worker is initialized
May 18 18:34:05.014754 np0000174525 devstack@n-api-meta.service[108935]: DEBUG oslo_concurrency.lockutils [None req-80012073-e485-4f8e-b72d-ede9484bebdb None None] Acquiring lock "00000000-0000-0000-0000-000000000000" by "nova.context.set_target_cell..get_or_set_cached_cell_and_set_connections" {{(pid=108935) inner /opt/stack/data/venv/lib/python3.12/site-packages/oslo_concurrency/lockutils.py:506}}
May 18 18:34:05.014918 np0000174525 devstack@n-api-meta.service[108935]: DEBUG oslo_concurrency.lockutils [None req-80012073-e485-4f8e-b72d-ede9484bebdb None None] Lock "00000000-0000-0000-0000-000000000000" acquired by "nova.context.set_target_cell..get_or_set_cached_cell_and_set_connections" :: waited 0.000s {{(pid=108935) inner /opt/stack/data/venv/lib/python3.12/site-packages/oslo_concurrency/lockutils.py:519}}
May 18 18:34:05.015302 np0000174525 devstack@n-api-meta.service[108935]: DEBUG oslo_concurrency.lockutils [None req-80012073-e485-4f8e-b72d-ede9484bebdb None None] Lock "00000000-0000-0000-0000-000000000000" "released" by "nova.context.set_target_cell..get_or_set_cached_cell_and_set_connections" :: held 0.000s {{(pid=108935) inner /opt/stack/data/venv/lib/python3.12/site-packages/oslo_concurrency/lockutils.py:538}}
May 18 18:34:05.015992 np0000174525 devstack@n-api-meta.service[108935]: DEBUG oslo_concurrency.lockutils [None req-80012073-e485-4f8e-b72d-ede9484bebdb None None] Acquiring lock "009eadcf-078c-4c16-88d3-6e3f6b76700d" by "nova.context.set_target_cell..get_or_set_cached_cell_and_set_connections" {{(pid=108935) inner /opt/stack/data/venv/lib/python3.12/site-packages/oslo_concurrency/lockutils.py:506}}
May 18 18:34:05.016123 np0000174525 devstack@n-api-meta.service[108935]: DEBUG oslo_concurrency.lockutils [None req-80012073-e485-4f8e-b72d-ede9484bebdb None None] Lock "009eadcf-078c-4c16-88d3-6e3f6b76700d" acquired by "nova.context.set_target_cell..get_or_set_cached_cell_and_set_connections" :: waited 0.000s {{(pid=108935) inner /opt/stack/data/venv/lib/python3.12/site-packages/oslo_concurrency/lockutils.py:519}}
May 18 18:34:05.017077 np0000174525 devstack@n-api-meta.service[108935]: DEBUG oslo_concurrency.lockutils [None req-80012073-e485-4f8e-b72d-ede9484bebdb None None] Lock "009eadcf-078c-4c16-88d3-6e3f6b76700d" "released" by "nova.context.set_target_cell..get_or_set_cached_cell_and_set_connections" :: held 0.001s {{(pid=108935) inner /opt/stack/data/venv/lib/python3.12/site-packages/oslo_concurrency/lockutils.py:538}}
May 18 18:34:05.020643 np0000174525 devstack@n-api-meta.service[108936]: INFO dbcounter [None req-ac78fa67-46dc-4503-a2d8-34964097adeb None None] Registered counter for database nova_api
May 18 18:34:05.021897 np0000174525 devstack@n-api-meta.service[108935]: INFO dbcounter [None req-80012073-e485-4f8e-b72d-ede9484bebdb None None] Registered counter for database nova_cell0
May 18 18:34:05.024417 np0000174525 devstack@n-api-meta.service[108937]: INFO dbcounter [None req-3476b934-d67b-4985-9d11-3d81744acdae None None] Registered counter for database nova_api
May 18 18:34:05.025532 np0000174525 devstack@n-api-meta.service[108935]: INFO dbcounter [None req-80012073-e485-4f8e-b72d-ede9484bebdb None None] Registered counter for database nova_cell1
May 18 18:34:05.040623 np0000174525 devstack@n-api-meta.service[108935]: DEBUG oslo_db.sqlalchemy.engines [None req-80012073-e485-4f8e-b72d-ede9484bebdb None None] MySQL server mode set to STRICT_TRANS_TABLES,STRICT_ALL_TABLES,NO_ZERO_IN_DATE,NO_ZERO_DATE,ERROR_FOR_DIVISION_BY_ZERO,TRADITIONAL,NO_ENGINE_SUBSTITUTION {{(pid=108935) _check_effective_sql_mode /opt/stack/data/venv/lib/python3.12/site-packages/oslo_db/sqlalchemy/engines.py:325}}
May 18 18:34:05.054568 np0000174525 devstack@n-api-meta.service[108938]: DEBUG dbcounter [-] [108938] Writer thread running {{(pid=108938) stat_writer /opt/stack/data/venv/lib/python3.12/site-packages/dbcounter.py:102}}
May 18 18:34:05.057051 np0000174525 devstack@n-api-meta.service[108938]: DEBUG nova.context [None req-d5d567fd-f497-476a-8553-db644dfcbd94 None None] Found 2 cells: 00000000-0000-0000-0000-000000000000(cell0),009eadcf-078c-4c16-88d3-6e3f6b76700d(cell1) {{(pid=108938) load_cells /opt/stack/nova/nova/context.py:509}}
May 18 18:34:05.057295 np0000174525 devstack@n-api-meta.service[108938]: INFO nova.utils [None req-d5d567fd-f497-476a-8553-db644dfcbd94 None None] The cell worker thread pool MainProcess.cell_worker is initialized
May 18 18:34:05.059315 np0000174525 devstack@n-api-meta.service[108938]: DEBUG oslo_concurrency.lockutils [None req-d5d567fd-f497-476a-8553-db644dfcbd94 None None] Acquiring lock "00000000-0000-0000-0000-000000000000" by "nova.context.set_target_cell..get_or_set_cached_cell_and_set_connections" {{(pid=108938) inner /opt/stack/data/venv/lib/python3.12/site-packages/oslo_concurrency/lockutils.py:506}}
May 18 18:34:05.059526 np0000174525 devstack@n-api-meta.service[108938]: DEBUG oslo_concurrency.lockutils [None req-d5d567fd-f497-476a-8553-db644dfcbd94 None None] Lock "00000000-0000-0000-0000-000000000000" acquired by "nova.context.set_target_cell..get_or_set_cached_cell_and_set_connections" :: waited 0.000s {{(pid=108938) inner /opt/stack/data/venv/lib/python3.12/site-packages/oslo_concurrency/lockutils.py:519}}
May 18 18:34:05.059900 np0000174525 devstack@n-api-meta.service[108938]: DEBUG oslo_concurrency.lockutils [None req-d5d567fd-f497-476a-8553-db644dfcbd94 None None] Lock "00000000-0000-0000-0000-000000000000" "released" by "nova.context.set_target_cell..get_or_set_cached_cell_and_set_connections" :: held 0.000s {{(pid=108938) inner /opt/stack/data/venv/lib/python3.12/site-packages/oslo_concurrency/lockutils.py:538}}
May 18 18:34:05.060647 np0000174525 devstack@n-api-meta.service[108938]: DEBUG oslo_concurrency.lockutils [None req-d5d567fd-f497-476a-8553-db644dfcbd94 None None] Acquiring lock "009eadcf-078c-4c16-88d3-6e3f6b76700d" by "nova.context.set_target_cell..get_or_set_cached_cell_and_set_connections" {{(pid=108938) inner /opt/stack/data/venv/lib/python3.12/site-packages/oslo_concurrency/lockutils.py:506}}
May 18 18:34:05.060821 np0000174525 devstack@n-api-meta.service[108938]: DEBUG oslo_concurrency.lockutils [None req-d5d567fd-f497-476a-8553-db644dfcbd94 None None] Lock "009eadcf-078c-4c16-88d3-6e3f6b76700d" acquired by "nova.context.set_target_cell..get_or_set_cached_cell_and_set_connections" :: waited 0.000s {{(pid=108938) inner /opt/stack/data/venv/lib/python3.12/site-packages/oslo_concurrency/lockutils.py:519}}
May 18 18:34:05.061745 np0000174525 devstack@n-api-meta.service[108938]: DEBUG oslo_concurrency.lockutils [None req-d5d567fd-f497-476a-8553-db644dfcbd94 None None] Lock "009eadcf-078c-4c16-88d3-6e3f6b76700d" "released" by "nova.context.set_target_cell..get_or_set_cached_cell_and_set_connections" :: held 0.001s {{(pid=108938) inner /opt/stack/data/venv/lib/python3.12/site-packages/oslo_concurrency/lockutils.py:538}}
May 18 18:34:05.063111 np0000174525 devstack@n-api-meta.service[108935]: DEBUG oslo_db.sqlalchemy.engines [None req-80012073-e485-4f8e-b72d-ede9484bebdb None None] MySQL server mode set to STRICT_TRANS_TABLES,STRICT_ALL_TABLES,NO_ZERO_IN_DATE,NO_ZERO_DATE,ERROR_FOR_DIVISION_BY_ZERO,TRADITIONAL,NO_ENGINE_SUBSTITUTION {{(pid=108935) _check_effective_sql_mode /opt/stack/data/venv/lib/python3.12/site-packages/oslo_db/sqlalchemy/engines.py:325}}
May 18 18:34:05.064237 np0000174525 devstack@n-api-meta.service[108938]: INFO dbcounter [None req-d5d567fd-f497-476a-8553-db644dfcbd94 None None] Registered counter for database nova_cell0
May 18 18:34:05.066980 np0000174525 devstack@n-api-meta.service[108937]: DEBUG oslo_db.sqlalchemy.engines [None req-3476b934-d67b-4985-9d11-3d81744acdae None None] MySQL server mode set to STRICT_TRANS_TABLES,STRICT_ALL_TABLES,NO_ZERO_IN_DATE,NO_ZERO_DATE,ERROR_FOR_DIVISION_BY_ZERO,TRADITIONAL,NO_ENGINE_SUBSTITUTION {{(pid=108937) _check_effective_sql_mode /opt/stack/data/venv/lib/python3.12/site-packages/oslo_db/sqlalchemy/engines.py:325}}
May 18 18:34:05.069819 np0000174525 devstack@n-api-meta.service[108938]: INFO dbcounter [None req-d5d567fd-f497-476a-8553-db644dfcbd94 None None] Registered counter for database nova_cell1
May 18 18:34:05.082599 np0000174525 devstack@n-api-meta.service[108936]: DEBUG oslo_db.sqlalchemy.engines [None req-ac78fa67-46dc-4503-a2d8-34964097adeb None None] MySQL server mode set to STRICT_TRANS_TABLES,STRICT_ALL_TABLES,NO_ZERO_IN_DATE,NO_ZERO_DATE,ERROR_FOR_DIVISION_BY_ZERO,TRADITIONAL,NO_ENGINE_SUBSTITUTION {{(pid=108936) _check_effective_sql_mode /opt/stack/data/venv/lib/python3.12/site-packages/oslo_db/sqlalchemy/engines.py:325}}
May 18 18:34:05.090160 np0000174525 devstack@n-api-meta.service[108938]: DEBUG oslo_db.sqlalchemy.engines [None req-d5d567fd-f497-476a-8553-db644dfcbd94 None None] MySQL server mode set to STRICT_TRANS_TABLES,STRICT_ALL_TABLES,NO_ZERO_IN_DATE,NO_ZERO_DATE,ERROR_FOR_DIVISION_BY_ZERO,TRADITIONAL,NO_ENGINE_SUBSTITUTION {{(pid=108938) _check_effective_sql_mode /opt/stack/data/venv/lib/python3.12/site-packages/oslo_db/sqlalchemy/engines.py:325}}
May 18 18:34:05.097336 np0000174525 devstack@n-api-meta.service[108938]: DEBUG oslo_db.sqlalchemy.engines [None req-d5d567fd-f497-476a-8553-db644dfcbd94 None None] MySQL server mode set to STRICT_TRANS_TABLES,STRICT_ALL_TABLES,NO_ZERO_IN_DATE,NO_ZERO_DATE,ERROR_FOR_DIVISION_BY_ZERO,TRADITIONAL,NO_ENGINE_SUBSTITUTION {{(pid=108938) _check_effective_sql_mode /opt/stack/data/venv/lib/python3.12/site-packages/oslo_db/sqlalchemy/engines.py:325}}
May 18 18:34:05.109915 np0000174525 devstack@n-api-meta.service[108937]: DEBUG dbcounter [-] [108937] Writer thread running {{(pid=108937) stat_writer /opt/stack/data/venv/lib/python3.12/site-packages/dbcounter.py:102}}
May 18 18:34:05.113060 np0000174525 devstack@n-api-meta.service[108937]: DEBUG nova.context [None req-3476b934-d67b-4985-9d11-3d81744acdae None None] Found 2 cells: 00000000-0000-0000-0000-000000000000(cell0),009eadcf-078c-4c16-88d3-6e3f6b76700d(cell1) {{(pid=108937) load_cells /opt/stack/nova/nova/context.py:509}}
May 18 18:34:05.113366 np0000174525 devstack@n-api-meta.service[108937]: INFO nova.utils [None req-3476b934-d67b-4985-9d11-3d81744acdae None None] The cell worker thread pool MainProcess.cell_worker is initialized
May 18 18:34:05.115381 np0000174525 devstack@n-api-meta.service[108937]: DEBUG oslo_concurrency.lockutils [None req-3476b934-d67b-4985-9d11-3d81744acdae None None] Acquiring lock "00000000-0000-0000-0000-000000000000" by "nova.context.set_target_cell..get_or_set_cached_cell_and_set_connections" {{(pid=108937) inner /opt/stack/data/venv/lib/python3.12/site-packages/oslo_concurrency/lockutils.py:506}}
May 18 18:34:05.115561 np0000174525 devstack@n-api-meta.service[108937]: DEBUG oslo_concurrency.lockutils [None req-3476b934-d67b-4985-9d11-3d81744acdae None None] Lock "00000000-0000-0000-0000-000000000000" acquired by "nova.context.set_target_cell..get_or_set_cached_cell_and_set_connections" :: waited 0.000s {{(pid=108937) inner /opt/stack/data/venv/lib/python3.12/site-packages/oslo_concurrency/lockutils.py:519}}
May 18 18:34:05.115964 np0000174525 devstack@n-api-meta.service[108937]: DEBUG oslo_concurrency.lockutils [None req-3476b934-d67b-4985-9d11-3d81744acdae None None] Lock "00000000-0000-0000-0000-000000000000" "released" by "nova.context.set_target_cell..get_or_set_cached_cell_and_set_connections" :: held 0.000s {{(pid=108937) inner /opt/stack/data/venv/lib/python3.12/site-packages/oslo_concurrency/lockutils.py:538}}
May 18 18:34:05.116723 np0000174525 devstack@n-api-meta.service[108937]: DEBUG oslo_concurrency.lockutils [None req-3476b934-d67b-4985-9d11-3d81744acdae None None] Acquiring lock "009eadcf-078c-4c16-88d3-6e3f6b76700d" by "nova.context.set_target_cell..get_or_set_cached_cell_and_set_connections" {{(pid=108937) inner /opt/stack/data/venv/lib/python3.12/site-packages/oslo_concurrency/lockutils.py:506}}
May 18 18:34:05.116868 np0000174525 devstack@n-api-meta.service[108937]: DEBUG oslo_concurrency.lockutils [None req-3476b934-d67b-4985-9d11-3d81744acdae None None] Lock "009eadcf-078c-4c16-88d3-6e3f6b76700d" acquired by "nova.context.set_target_cell..get_or_set_cached_cell_and_set_connections" :: waited 0.000s {{(pid=108937) inner /opt/stack/data/venv/lib/python3.12/site-packages/oslo_concurrency/lockutils.py:519}}
May 18 18:34:05.117846 np0000174525 devstack@n-api-meta.service[108937]: DEBUG oslo_concurrency.lockutils [None req-3476b934-d67b-4985-9d11-3d81744acdae None None] Lock "009eadcf-078c-4c16-88d3-6e3f6b76700d" "released" by "nova.context.set_target_cell..get_or_set_cached_cell_and_set_connections" :: held 0.001s {{(pid=108937) inner /opt/stack/data/venv/lib/python3.12/site-packages/oslo_concurrency/lockutils.py:538}}
May 18 18:34:05.120415 np0000174525 devstack@n-api-meta.service[108937]: INFO dbcounter [None req-3476b934-d67b-4985-9d11-3d81744acdae None None] Registered counter for database nova_cell0
May 18 18:34:05.123267 np0000174525 devstack@n-api-meta.service[108936]: DEBUG dbcounter [-] [108936] Writer thread running {{(pid=108936) stat_writer /opt/stack/data/venv/lib/python3.12/site-packages/dbcounter.py:102}}
May 18 18:34:05.125898 np0000174525 devstack@n-api-meta.service[108937]: INFO dbcounter [None req-3476b934-d67b-4985-9d11-3d81744acdae None None] Registered counter for database nova_cell1
May 18 18:34:05.126275 np0000174525 devstack@n-api-meta.service[108936]: DEBUG nova.context [None req-ac78fa67-46dc-4503-a2d8-34964097adeb None None] Found 2 cells: 00000000-0000-0000-0000-000000000000(cell0),009eadcf-078c-4c16-88d3-6e3f6b76700d(cell1) {{(pid=108936) load_cells /opt/stack/nova/nova/context.py:509}}
May 18 18:34:05.126914 np0000174525 devstack@n-api-meta.service[108936]: INFO nova.utils [None req-ac78fa67-46dc-4503-a2d8-34964097adeb None None] The cell worker thread pool MainProcess.cell_worker is initialized
May 18 18:34:05.128670 np0000174525 devstack@n-api-meta.service[108936]: DEBUG oslo_concurrency.lockutils [None req-ac78fa67-46dc-4503-a2d8-34964097adeb None None] Acquiring lock "00000000-0000-0000-0000-000000000000" by "nova.context.set_target_cell..get_or_set_cached_cell_and_set_connections" {{(pid=108936) inner /opt/stack/data/venv/lib/python3.12/site-packages/oslo_concurrency/lockutils.py:506}}
May 18 18:34:05.128846 np0000174525 devstack@n-api-meta.service[108936]: DEBUG oslo_concurrency.lockutils [None req-ac78fa67-46dc-4503-a2d8-34964097adeb None None] Lock "00000000-0000-0000-0000-000000000000" acquired by "nova.context.set_target_cell..get_or_set_cached_cell_and_set_connections" :: waited 0.000s {{(pid=108936) inner /opt/stack/data/venv/lib/python3.12/site-packages/oslo_concurrency/lockutils.py:519}}
May 18 18:34:05.129224 np0000174525 devstack@n-api-meta.service[108936]: DEBUG oslo_concurrency.lockutils [None req-ac78fa67-46dc-4503-a2d8-34964097adeb None None] Lock "00000000-0000-0000-0000-000000000000" "released" by "nova.context.set_target_cell..get_or_set_cached_cell_and_set_connections" :: held 0.000s {{(pid=108936) inner /opt/stack/data/venv/lib/python3.12/site-packages/oslo_concurrency/lockutils.py:538}}
May 18 18:34:05.130104 np0000174525 devstack@n-api-meta.service[108936]: DEBUG oslo_concurrency.lockutils [None req-ac78fa67-46dc-4503-a2d8-34964097adeb None None] Acquiring lock "009eadcf-078c-4c16-88d3-6e3f6b76700d" by "nova.context.set_target_cell..get_or_set_cached_cell_and_set_connections" {{(pid=108936) inner /opt/stack/data/venv/lib/python3.12/site-packages/oslo_concurrency/lockutils.py:506}}
May 18 18:34:05.130246 np0000174525 devstack@n-api-meta.service[108936]: DEBUG oslo_concurrency.lockutils [None req-ac78fa67-46dc-4503-a2d8-34964097adeb None None] Lock "009eadcf-078c-4c16-88d3-6e3f6b76700d" acquired by "nova.context.set_target_cell..get_or_set_cached_cell_and_set_connections" :: waited 0.000s {{(pid=108936) inner /opt/stack/data/venv/lib/python3.12/site-packages/oslo_concurrency/lockutils.py:519}}
May 18 18:34:05.131208 np0000174525 devstack@n-api-meta.service[108936]: DEBUG oslo_concurrency.lockutils [None req-ac78fa67-46dc-4503-a2d8-34964097adeb None None] Lock "009eadcf-078c-4c16-88d3-6e3f6b76700d" "released" by "nova.context.set_target_cell..get_or_set_cached_cell_and_set_connections" :: held 0.001s {{(pid=108936) inner /opt/stack/data/venv/lib/python3.12/site-packages/oslo_concurrency/lockutils.py:538}}
May 18 18:34:05.137602 np0000174525 devstack@n-api-meta.service[108936]: INFO dbcounter [None req-ac78fa67-46dc-4503-a2d8-34964097adeb None None] Registered counter for database nova_cell0
May 18 18:34:05.144194 np0000174525 devstack@n-api-meta.service[108937]: DEBUG oslo_db.sqlalchemy.engines [None req-3476b934-d67b-4985-9d11-3d81744acdae None None] MySQL server mode set to STRICT_TRANS_TABLES,STRICT_ALL_TABLES,NO_ZERO_IN_DATE,NO_ZERO_DATE,ERROR_FOR_DIVISION_BY_ZERO,TRADITIONAL,NO_ENGINE_SUBSTITUTION {{(pid=108937) _check_effective_sql_mode /opt/stack/data/venv/lib/python3.12/site-packages/oslo_db/sqlalchemy/engines.py:325}}
May 18 18:34:05.144425 np0000174525 devstack@n-api-meta.service[108936]: INFO dbcounter [None req-ac78fa67-46dc-4503-a2d8-34964097adeb None None] Registered counter for database nova_cell1
May 18 18:34:05.155655 np0000174525 devstack@n-api-meta.service[108937]: DEBUG oslo_db.sqlalchemy.engines [None req-3476b934-d67b-4985-9d11-3d81744acdae None None] MySQL server mode set to STRICT_TRANS_TABLES,STRICT_ALL_TABLES,NO_ZERO_IN_DATE,NO_ZERO_DATE,ERROR_FOR_DIVISION_BY_ZERO,TRADITIONAL,NO_ENGINE_SUBSTITUTION {{(pid=108937) _check_effective_sql_mode /opt/stack/data/venv/lib/python3.12/site-packages/oslo_db/sqlalchemy/engines.py:325}}
May 18 18:34:05.160470 np0000174525 devstack@n-api-meta.service[108935]: DEBUG dbcounter [-] [108935] Writer thread running {{(pid=108935) stat_writer /opt/stack/data/venv/lib/python3.12/site-packages/dbcounter.py:102}}
May 18 18:34:05.163755 np0000174525 devstack@n-api-meta.service[108935]: DEBUG dbcounter [-] [108935] Writer thread running {{(pid=108935) stat_writer /opt/stack/data/venv/lib/python3.12/site-packages/dbcounter.py:102}}
May 18 18:34:05.168883 np0000174525 devstack@n-api-meta.service[108935]: INFO dbcounter [None req-80012073-e485-4f8e-b72d-ede9484bebdb None None] Registered counter for database nova_cell0
May 18 18:34:05.168937 np0000174525 devstack@n-api-meta.service[108936]: DEBUG oslo_db.sqlalchemy.engines [None req-ac78fa67-46dc-4503-a2d8-34964097adeb None None] MySQL server mode set to STRICT_TRANS_TABLES,STRICT_ALL_TABLES,NO_ZERO_IN_DATE,NO_ZERO_DATE,ERROR_FOR_DIVISION_BY_ZERO,TRADITIONAL,NO_ENGINE_SUBSTITUTION {{(pid=108936) _check_effective_sql_mode /opt/stack/data/venv/lib/python3.12/site-packages/oslo_db/sqlalchemy/engines.py:325}}
May 18 18:34:05.184355 np0000174525 devstack@n-api-meta.service[108935]: DEBUG oslo_db.sqlalchemy.engines [None req-80012073-e485-4f8e-b72d-ede9484bebdb None None] MySQL server mode set to STRICT_TRANS_TABLES,STRICT_ALL_TABLES,NO_ZERO_IN_DATE,NO_ZERO_DATE,ERROR_FOR_DIVISION_BY_ZERO,TRADITIONAL,NO_ENGINE_SUBSTITUTION {{(pid=108935) _check_effective_sql_mode /opt/stack/data/venv/lib/python3.12/site-packages/oslo_db/sqlalchemy/engines.py:325}}
May 18 18:34:05.185367 np0000174525 devstack@n-api-meta.service[108936]: DEBUG oslo_db.sqlalchemy.engines [None req-ac78fa67-46dc-4503-a2d8-34964097adeb None None] MySQL server mode set to STRICT_TRANS_TABLES,STRICT_ALL_TABLES,NO_ZERO_IN_DATE,NO_ZERO_DATE,ERROR_FOR_DIVISION_BY_ZERO,TRADITIONAL,NO_ENGINE_SUBSTITUTION {{(pid=108936) _check_effective_sql_mode /opt/stack/data/venv/lib/python3.12/site-packages/oslo_db/sqlalchemy/engines.py:325}}
May 18 18:34:05.195783 np0000174525 devstack@n-api-meta.service[108935]: DEBUG dbcounter [-] [108935] Writer thread running {{(pid=108935) stat_writer /opt/stack/data/venv/lib/python3.12/site-packages/dbcounter.py:102}}
May 18 18:34:05.203005 np0000174525 devstack@n-api-meta.service[108938]: DEBUG dbcounter [-] [108938] Writer thread running {{(pid=108938) stat_writer /opt/stack/data/venv/lib/python3.12/site-packages/dbcounter.py:102}}
May 18 18:34:05.204731 np0000174525 devstack@n-api-meta.service[108938]: DEBUG dbcounter [-] [108938] Writer thread running {{(pid=108938) stat_writer /opt/stack/data/venv/lib/python3.12/site-packages/dbcounter.py:102}}
May 18 18:34:05.209881 np0000174525 devstack@n-api-meta.service[108938]: INFO dbcounter [None req-d5d567fd-f497-476a-8553-db644dfcbd94 None None] Registered counter for database nova_cell0
May 18 18:34:05.231416 np0000174525 devstack@n-api-meta.service[108938]: DEBUG oslo_db.sqlalchemy.engines [None req-d5d567fd-f497-476a-8553-db644dfcbd94 None None] MySQL server mode set to STRICT_TRANS_TABLES,STRICT_ALL_TABLES,NO_ZERO_IN_DATE,NO_ZERO_DATE,ERROR_FOR_DIVISION_BY_ZERO,TRADITIONAL,NO_ENGINE_SUBSTITUTION {{(pid=108938) _check_effective_sql_mode /opt/stack/data/venv/lib/python3.12/site-packages/oslo_db/sqlalchemy/engines.py:325}}
May 18 18:34:05.242850 np0000174525 devstack@n-api-meta.service[108938]: DEBUG dbcounter [-] [108938] Writer thread running {{(pid=108938) stat_writer /opt/stack/data/venv/lib/python3.12/site-packages/dbcounter.py:102}}
May 18 18:34:05.254655 np0000174525 devstack@n-api-meta.service[108937]: DEBUG dbcounter [-] [108937] Writer thread running {{(pid=108937) stat_writer /opt/stack/data/venv/lib/python3.12/site-packages/dbcounter.py:102}}
May 18 18:34:05.255304 np0000174525 devstack@n-api-meta.service[108937]: DEBUG dbcounter [-] [108937] Writer thread running {{(pid=108937) stat_writer /opt/stack/data/venv/lib/python3.12/site-packages/dbcounter.py:102}}
May 18 18:34:05.258336 np0000174525 devstack@n-api-meta.service[108935]: WARNING nova.api.metadata.handler [None req-80012073-e485-4f8e-b72d-ede9484bebdb None None] metadata_proxy_shared_secret is not configured, the metadata information returned by the proxy cannot be trusted
May 18 18:34:05.259611 np0000174525 devstack@n-api-meta.service[108935]: DEBUG nova.api.openstack.wsgi_app [None req-80012073-e485-4f8e-b72d-ede9484bebdb None None] ******************************************************************************** {{(pid=108935) log_opt_values /opt/stack/data/venv/lib/python3.12/site-packages/oslo_config/cfg.py:2979}}
May 18 18:34:05.259725 np0000174525 devstack@n-api-meta.service[108935]: DEBUG nova.api.openstack.wsgi_app [None req-80012073-e485-4f8e-b72d-ede9484bebdb None None] Configuration options gathered from: {{(pid=108935) log_opt_values /opt/stack/data/venv/lib/python3.12/site-packages/oslo_config/cfg.py:2980}}
May 18 18:34:05.259839 np0000174525 devstack@n-api-meta.service[108935]: DEBUG nova.api.openstack.wsgi_app [None req-80012073-e485-4f8e-b72d-ede9484bebdb None None] command line args: [] {{(pid=108935) log_opt_values /opt/stack/data/venv/lib/python3.12/site-packages/oslo_config/cfg.py:2981}}
May 18 18:34:05.259994 np0000174525 devstack@n-api-meta.service[108935]: DEBUG nova.api.openstack.wsgi_app [None req-80012073-e485-4f8e-b72d-ede9484bebdb None None] config files: ['/etc/nova/api-paste.ini', '/etc/nova/nova.conf'] {{(pid=108935) log_opt_values /opt/stack/data/venv/lib/python3.12/site-packages/oslo_config/cfg.py:2982}}
May 18 18:34:05.260098 np0000174525 devstack@n-api-meta.service[108935]: DEBUG nova.api.openstack.wsgi_app [None req-80012073-e485-4f8e-b72d-ede9484bebdb None None] ================================================================================ {{(pid=108935) log_opt_values /opt/stack/data/venv/lib/python3.12/site-packages/oslo_config/cfg.py:2987}}
May 18 18:34:05.260275 np0000174525 devstack@n-api-meta.service[108935]: DEBUG nova.api.openstack.wsgi_app [None req-80012073-e485-4f8e-b72d-ede9484bebdb None None] allow_resize_to_same_host = True {{(pid=108935) log_opt_values /opt/stack/data/venv/lib/python3.12/site-packages/oslo_config/cfg.py:2995}}
May 18 18:34:05.260430 np0000174525 devstack@n-api-meta.service[108935]: DEBUG nova.api.openstack.wsgi_app [None req-80012073-e485-4f8e-b72d-ede9484bebdb None None] arq_binding_timeout = 300 {{(pid=108935) log_opt_values /opt/stack/data/venv/lib/python3.12/site-packages/oslo_config/cfg.py:2995}}
May 18 18:34:05.260581 np0000174525 devstack@n-api-meta.service[108935]: DEBUG nova.api.openstack.wsgi_app [None req-80012073-e485-4f8e-b72d-ede9484bebdb None None] block_device_allocate_retries = 60 {{(pid=108935) log_opt_values /opt/stack/data/venv/lib/python3.12/site-packages/oslo_config/cfg.py:2995}}
May 18 18:34:05.260730 np0000174525 devstack@n-api-meta.service[108935]: DEBUG nova.api.openstack.wsgi_app [None req-80012073-e485-4f8e-b72d-ede9484bebdb None None] block_device_allocate_retries_interval = 3 {{(pid=108935) log_opt_values /opt/stack/data/venv/lib/python3.12/site-packages/oslo_config/cfg.py:2995}}
May 18 18:34:05.260866 np0000174525 devstack@n-api-meta.service[108935]: DEBUG nova.api.openstack.wsgi_app [None req-80012073-e485-4f8e-b72d-ede9484bebdb None None] cell_worker_thread_pool_size = 5 {{(pid=108935) log_opt_values /opt/stack/data/venv/lib/python3.12/site-packages/oslo_config/cfg.py:2995}}
May 18 18:34:05.261012 np0000174525 devstack@n-api-meta.service[108935]: DEBUG nova.api.openstack.wsgi_app [None req-80012073-e485-4f8e-b72d-ede9484bebdb None None] cert = self.pem {{(pid=108935) log_opt_values /opt/stack/data/venv/lib/python3.12/site-packages/oslo_config/cfg.py:2995}}
May 18 18:34:05.261171 np0000174525 devstack@n-api-meta.service[108937]: INFO dbcounter [None req-3476b934-d67b-4985-9d11-3d81744acdae None None] Registered counter for database nova_cell0
May 18 18:34:05.261209 np0000174525 devstack@n-api-meta.service[108935]: DEBUG nova.api.openstack.wsgi_app [None req-80012073-e485-4f8e-b72d-ede9484bebdb None None] compute_driver = libvirt.LibvirtDriver {{(pid=108935) log_opt_values /opt/stack/data/venv/lib/python3.12/site-packages/oslo_config/cfg.py:2995}}
May 18 18:34:05.261337 np0000174525 devstack@n-api-meta.service[108935]: DEBUG nova.api.openstack.wsgi_app [None req-80012073-e485-4f8e-b72d-ede9484bebdb None None] compute_monitors = [] {{(pid=108935) log_opt_values /opt/stack/data/venv/lib/python3.12/site-packages/oslo_config/cfg.py:2995}}
May 18 18:34:05.261479 np0000174525 devstack@n-api-meta.service[108935]: DEBUG nova.api.openstack.wsgi_app [None req-80012073-e485-4f8e-b72d-ede9484bebdb None None] config_dir = [] {{(pid=108935) log_opt_values /opt/stack/data/venv/lib/python3.12/site-packages/oslo_config/cfg.py:2995}}
May 18 18:34:05.261616 np0000174525 devstack@n-api-meta.service[108935]: DEBUG nova.api.openstack.wsgi_app [None req-80012073-e485-4f8e-b72d-ede9484bebdb None None] config_drive_format = iso9660 {{(pid=108935) log_opt_values /opt/stack/data/venv/lib/python3.12/site-packages/oslo_config/cfg.py:2995}}
May 18 18:34:05.261728 np0000174525 devstack@n-api-meta.service[108935]: DEBUG nova.api.openstack.wsgi_app [None req-80012073-e485-4f8e-b72d-ede9484bebdb None None] config_file = ['/etc/nova/api-paste.ini', '/etc/nova/nova.conf'] {{(pid=108935) log_opt_values /opt/stack/data/venv/lib/python3.12/site-packages/oslo_config/cfg.py:2995}}
May 18 18:34:05.262400 np0000174525 devstack@n-api-meta.service[108935]: DEBUG nova.api.openstack.wsgi_app [None req-80012073-e485-4f8e-b72d-ede9484bebdb None None] config_source = [] {{(pid=108935) log_opt_values /opt/stack/data/venv/lib/python3.12/site-packages/oslo_config/cfg.py:2995}}
May 18 18:34:05.262400 np0000174525 devstack@n-api-meta.service[108935]: DEBUG nova.api.openstack.wsgi_app [None req-80012073-e485-4f8e-b72d-ede9484bebdb None None] console_host = np0000174525 {{(pid=108935) log_opt_values /opt/stack/data/venv/lib/python3.12/site-packages/oslo_config/cfg.py:2995}}
May 18 18:34:05.262400 np0000174525 devstack@n-api-meta.service[108935]: DEBUG nova.api.openstack.wsgi_app [None req-80012073-e485-4f8e-b72d-ede9484bebdb None None] control_exchange = nova {{(pid=108935) log_opt_values /opt/stack/data/venv/lib/python3.12/site-packages/oslo_config/cfg.py:2995}}
May 18 18:34:05.262400 np0000174525 devstack@n-api-meta.service[108935]: DEBUG nova.api.openstack.wsgi_app [None req-80012073-e485-4f8e-b72d-ede9484bebdb None None] cpu_allocation_ratio = None {{(pid=108935) log_opt_values /opt/stack/data/venv/lib/python3.12/site-packages/oslo_config/cfg.py:2995}}
May 18 18:34:05.262400 np0000174525 devstack@n-api-meta.service[108935]: DEBUG nova.api.openstack.wsgi_app [None req-80012073-e485-4f8e-b72d-ede9484bebdb None None] daemon = False {{(pid=108935) log_opt_values /opt/stack/data/venv/lib/python3.12/site-packages/oslo_config/cfg.py:2995}}
May 18 18:34:05.262785 np0000174525 devstack@n-api-meta.service[108935]: DEBUG nova.api.openstack.wsgi_app [None req-80012073-e485-4f8e-b72d-ede9484bebdb None None] debug = True {{(pid=108935) log_opt_values /opt/stack/data/venv/lib/python3.12/site-packages/oslo_config/cfg.py:2995}}
May 18 18:34:05.262785 np0000174525 devstack@n-api-meta.service[108935]: DEBUG nova.api.openstack.wsgi_app [None req-80012073-e485-4f8e-b72d-ede9484bebdb None None] default_access_ip_network_name = None {{(pid=108935) log_opt_values /opt/stack/data/venv/lib/python3.12/site-packages/oslo_config/cfg.py:2995}}
May 18 18:34:05.262896 np0000174525 devstack@n-api-meta.service[108935]: DEBUG nova.api.openstack.wsgi_app [None req-80012073-e485-4f8e-b72d-ede9484bebdb None None] default_availability_zone = nova {{(pid=108935) log_opt_values /opt/stack/data/venv/lib/python3.12/site-packages/oslo_config/cfg.py:2995}}
May 18 18:34:05.262978 np0000174525 devstack@n-api-meta.service[108935]: DEBUG nova.api.openstack.wsgi_app [None req-80012073-e485-4f8e-b72d-ede9484bebdb None None] default_ephemeral_format = ext4 {{(pid=108935) log_opt_values /opt/stack/data/venv/lib/python3.12/site-packages/oslo_config/cfg.py:2995}}
May 18 18:34:05.263132 np0000174525 devstack@n-api-meta.service[108935]: DEBUG nova.api.openstack.wsgi_app [None req-80012073-e485-4f8e-b72d-ede9484bebdb None None] default_green_pool_size = 1000 {{(pid=108935) log_opt_values /opt/stack/data/venv/lib/python3.12/site-packages/oslo_config/cfg.py:2995}}
May 18 18:34:05.263337 np0000174525 devstack@n-api-meta.service[108935]: DEBUG nova.api.openstack.wsgi_app [None req-80012073-e485-4f8e-b72d-ede9484bebdb None None] default_log_levels = ['amqp=WARN', 'boto=WARN', 'sqlalchemy=WARN', 'suds=INFO', 'oslo.messaging=INFO', 'oslo_messaging=INFO', 'iso8601=WARN', 'requests.packages.urllib3.connectionpool=WARN', 'urllib3.connectionpool=WARN', 'websocket=WARN', 'requests.packages.urllib3.util.retry=WARN', 'urllib3.util.retry=WARN', 'keystonemiddleware=WARN', 'routes.middleware=WARN', 'stevedore=WARN', 'taskflow=WARN', 'keystoneauth=WARN', 'oslo.cache=INFO', 'oslo_policy=INFO', 'dogpile.core.dogpile=INFO', 'glanceclient=WARN', 'oslo.privsep.daemon=INFO'] {{(pid=108935) log_opt_values /opt/stack/data/venv/lib/python3.12/site-packages/oslo_config/cfg.py:2995}}
May 18 18:34:05.263468 np0000174525 devstack@n-api-meta.service[108935]: DEBUG nova.api.openstack.wsgi_app [None req-80012073-e485-4f8e-b72d-ede9484bebdb None None] default_schedule_zone = None {{(pid=108935) log_opt_values /opt/stack/data/venv/lib/python3.12/site-packages/oslo_config/cfg.py:2995}}
May 18 18:34:05.263610 np0000174525 devstack@n-api-meta.service[108935]: DEBUG nova.api.openstack.wsgi_app [None req-80012073-e485-4f8e-b72d-ede9484bebdb None None] default_thread_pool_size = 10 {{(pid=108935) log_opt_values /opt/stack/data/venv/lib/python3.12/site-packages/oslo_config/cfg.py:2995}}
May 18 18:34:05.263725 np0000174525 devstack@n-api-meta.service[108935]: DEBUG nova.api.openstack.wsgi_app [None req-80012073-e485-4f8e-b72d-ede9484bebdb None None] disk_allocation_ratio = None {{(pid=108935) log_opt_values /opt/stack/data/venv/lib/python3.12/site-packages/oslo_config/cfg.py:2995}}
May 18 18:34:05.263852 np0000174525 devstack@n-api-meta.service[108935]: DEBUG nova.api.openstack.wsgi_app [None req-80012073-e485-4f8e-b72d-ede9484bebdb None None] enable_new_services = True {{(pid=108935) log_opt_values /opt/stack/data/venv/lib/python3.12/site-packages/oslo_config/cfg.py:2995}}
May 18 18:34:05.263988 np0000174525 devstack@n-api-meta.service[108935]: DEBUG nova.api.openstack.wsgi_app [None req-80012073-e485-4f8e-b72d-ede9484bebdb None None] flat_injected = False {{(pid=108935) log_opt_values /opt/stack/data/venv/lib/python3.12/site-packages/oslo_config/cfg.py:2995}}
May 18 18:34:05.264119 np0000174525 devstack@n-api-meta.service[108935]: DEBUG nova.api.openstack.wsgi_app [None req-80012073-e485-4f8e-b72d-ede9484bebdb None None] force_config_drive = False {{(pid=108935) log_opt_values /opt/stack/data/venv/lib/python3.12/site-packages/oslo_config/cfg.py:2995}}
May 18 18:34:05.264249 np0000174525 devstack@n-api-meta.service[108935]: DEBUG nova.api.openstack.wsgi_app [None req-80012073-e485-4f8e-b72d-ede9484bebdb None None] force_raw_images = True {{(pid=108935) log_opt_values /opt/stack/data/venv/lib/python3.12/site-packages/oslo_config/cfg.py:2995}}
May 18 18:34:05.264406 np0000174525 devstack@n-api-meta.service[108935]: DEBUG nova.api.openstack.wsgi_app [None req-80012073-e485-4f8e-b72d-ede9484bebdb None None] graceful_shutdown_timeout = 5 {{(pid=108935) log_opt_values /opt/stack/data/venv/lib/python3.12/site-packages/oslo_config/cfg.py:2995}}
May 18 18:34:05.264538 np0000174525 devstack@n-api-meta.service[108935]: DEBUG nova.api.openstack.wsgi_app [None req-80012073-e485-4f8e-b72d-ede9484bebdb None None] heal_instance_info_cache_interval = -1 {{(pid=108935) log_opt_values /opt/stack/data/venv/lib/python3.12/site-packages/oslo_config/cfg.py:2995}}
May 18 18:34:05.264751 np0000174525 devstack@n-api-meta.service[108935]: DEBUG nova.api.openstack.wsgi_app [None req-80012073-e485-4f8e-b72d-ede9484bebdb None None] host = np0000174525 {{(pid=108935) log_opt_values /opt/stack/data/venv/lib/python3.12/site-packages/oslo_config/cfg.py:2995}}
May 18 18:34:05.264887 np0000174525 devstack@n-api-meta.service[108935]: DEBUG nova.api.openstack.wsgi_app [None req-80012073-e485-4f8e-b72d-ede9484bebdb None None] initial_cpu_allocation_ratio = 4.0 {{(pid=108935) log_opt_values /opt/stack/data/venv/lib/python3.12/site-packages/oslo_config/cfg.py:2995}}
May 18 18:34:05.265019 np0000174525 devstack@n-api-meta.service[108935]: DEBUG nova.api.openstack.wsgi_app [None req-80012073-e485-4f8e-b72d-ede9484bebdb None None] initial_disk_allocation_ratio = 1.0 {{(pid=108935) log_opt_values /opt/stack/data/venv/lib/python3.12/site-packages/oslo_config/cfg.py:2995}}
May 18 18:34:05.265146 np0000174525 devstack@n-api-meta.service[108935]: DEBUG nova.api.openstack.wsgi_app [None req-80012073-e485-4f8e-b72d-ede9484bebdb None None] initial_ram_allocation_ratio = 1.0 {{(pid=108935) log_opt_values /opt/stack/data/venv/lib/python3.12/site-packages/oslo_config/cfg.py:2995}}
May 18 18:34:05.265568 np0000174525 devstack@n-api-meta.service[108935]: DEBUG nova.api.openstack.wsgi_app [None req-80012073-e485-4f8e-b72d-ede9484bebdb None None] injected_network_template = /opt/stack/nova/nova/virt/interfaces.template {{(pid=108935) log_opt_values /opt/stack/data/venv/lib/python3.12/site-packages/oslo_config/cfg.py:2995}}
May 18 18:34:05.265714 np0000174525 devstack@n-api-meta.service[108935]: DEBUG nova.api.openstack.wsgi_app [None req-80012073-e485-4f8e-b72d-ede9484bebdb None None] instance_build_timeout = 0 {{(pid=108935) log_opt_values /opt/stack/data/venv/lib/python3.12/site-packages/oslo_config/cfg.py:2995}}
May 18 18:34:05.265848 np0000174525 devstack@n-api-meta.service[108935]: DEBUG nova.api.openstack.wsgi_app [None req-80012073-e485-4f8e-b72d-ede9484bebdb None None] instance_delete_interval = 300 {{(pid=108935) log_opt_values /opt/stack/data/venv/lib/python3.12/site-packages/oslo_config/cfg.py:2995}}
May 18 18:34:05.265988 np0000174525 devstack@n-api-meta.service[108935]: DEBUG nova.api.openstack.wsgi_app [None req-80012073-e485-4f8e-b72d-ede9484bebdb None None] instance_format = [instance: %(uuid)s] {{(pid=108935) log_opt_values /opt/stack/data/venv/lib/python3.12/site-packages/oslo_config/cfg.py:2995}}
May 18 18:34:05.266120 np0000174525 devstack@n-api-meta.service[108935]: DEBUG nova.api.openstack.wsgi_app [None req-80012073-e485-4f8e-b72d-ede9484bebdb None None] instance_name_template = instance-%08x {{(pid=108935) log_opt_values /opt/stack/data/venv/lib/python3.12/site-packages/oslo_config/cfg.py:2995}}
May 18 18:34:05.266249 np0000174525 devstack@n-api-meta.service[108935]: DEBUG nova.api.openstack.wsgi_app [None req-80012073-e485-4f8e-b72d-ede9484bebdb None None] instance_usage_audit = False {{(pid=108935) log_opt_values /opt/stack/data/venv/lib/python3.12/site-packages/oslo_config/cfg.py:2995}}
May 18 18:34:05.266403 np0000174525 devstack@n-api-meta.service[108935]: DEBUG nova.api.openstack.wsgi_app [None req-80012073-e485-4f8e-b72d-ede9484bebdb None None] instance_usage_audit_period = month {{(pid=108935) log_opt_values /opt/stack/data/venv/lib/python3.12/site-packages/oslo_config/cfg.py:2995}}
May 18 18:34:05.266553 np0000174525 devstack@n-api-meta.service[108935]: DEBUG nova.api.openstack.wsgi_app [None req-80012073-e485-4f8e-b72d-ede9484bebdb None None] instance_uuid_format = [instance: %(uuid)s] {{(pid=108935) log_opt_values /opt/stack/data/venv/lib/python3.12/site-packages/oslo_config/cfg.py:2995}}
May 18 18:34:05.266685 np0000174525 devstack@n-api-meta.service[108935]: DEBUG nova.api.openstack.wsgi_app [None req-80012073-e485-4f8e-b72d-ede9484bebdb None None] instances_path = /opt/stack/data/nova/instances {{(pid=108935) log_opt_values /opt/stack/data/venv/lib/python3.12/site-packages/oslo_config/cfg.py:2995}}
May 18 18:34:05.266821 np0000174525 devstack@n-api-meta.service[108935]: DEBUG nova.api.openstack.wsgi_app [None req-80012073-e485-4f8e-b72d-ede9484bebdb None None] internal_service_availability_zone = internal {{(pid=108935) log_opt_values /opt/stack/data/venv/lib/python3.12/site-packages/oslo_config/cfg.py:2995}}
May 18 18:34:05.266947 np0000174525 devstack@n-api-meta.service[108935]: DEBUG nova.api.openstack.wsgi_app [None req-80012073-e485-4f8e-b72d-ede9484bebdb None None] key = None {{(pid=108935) log_opt_values /opt/stack/data/venv/lib/python3.12/site-packages/oslo_config/cfg.py:2995}}
May 18 18:34:05.267077 np0000174525 devstack@n-api-meta.service[108935]: DEBUG nova.api.openstack.wsgi_app [None req-80012073-e485-4f8e-b72d-ede9484bebdb None None] live_migration_retry_count = 30 {{(pid=108935) log_opt_values /opt/stack/data/venv/lib/python3.12/site-packages/oslo_config/cfg.py:2995}}
May 18 18:34:05.267220 np0000174525 devstack@n-api-meta.service[108935]: DEBUG nova.api.openstack.wsgi_app [None req-80012073-e485-4f8e-b72d-ede9484bebdb None None] log_color = False {{(pid=108935) log_opt_values /opt/stack/data/venv/lib/python3.12/site-packages/oslo_config/cfg.py:2995}}
May 18 18:34:05.267373 np0000174525 devstack@n-api-meta.service[108935]: DEBUG nova.api.openstack.wsgi_app [None req-80012073-e485-4f8e-b72d-ede9484bebdb None None] log_config_append = None {{(pid=108935) log_opt_values /opt/stack/data/venv/lib/python3.12/site-packages/oslo_config/cfg.py:2995}}
May 18 18:34:05.267509 np0000174525 devstack@n-api-meta.service[108935]: DEBUG nova.api.openstack.wsgi_app [None req-80012073-e485-4f8e-b72d-ede9484bebdb None None] log_date_format = %Y-%m-%d %H:%M:%S {{(pid=108935) log_opt_values /opt/stack/data/venv/lib/python3.12/site-packages/oslo_config/cfg.py:2995}}
May 18 18:34:05.267644 np0000174525 devstack@n-api-meta.service[108935]: DEBUG nova.api.openstack.wsgi_app [None req-80012073-e485-4f8e-b72d-ede9484bebdb None None] log_dir = None {{(pid=108935) log_opt_values /opt/stack/data/venv/lib/python3.12/site-packages/oslo_config/cfg.py:2995}}
