May 18 18:36:20.740447 np0000174500 devstack@neutron-api.service[103357]: DEBUG neutron.plugins.ml2.drivers.ovn.mech_driver.ovsdb.ovsdb_monitor [None req-f11c4f21-595c-4abb-b987-c20fe7e719a7 None None] Hash Ring: Node ad260ae72ce55d8d93a7e62e95bec8fe (host: np0000174500) handling event "update" for row 944c0192-b402-44c8-923f-9463816e67e8 (table: Logical_Switch_Port) {{(pid=103357) notify /opt/stack/neutron/neutron/plugins/ml2/drivers/ovn/mech_driver/ovsdb/ovsdb_monitor.py:942}}
May 18 18:36:20.762890 np0000174500 devstack@neutron-api.service[103355]: INFO neutron.db.ovn_revision_numbers_db [None req-61544ae1-b7c4-4e47-af48-373d02952e86 admin admin] Successfully bumped revision number for resource aacc142b-3cc7-4be7-8df8-cc8f586b6c9f (type: ports) to 1
May 18 18:36:20.768891 np0000174500 devstack@neutron-api.service[103357]: DEBUG neutron.db.provisioning_blocks [None req-ca5ccd08-3d27-41e2-b210-8aebc75fd568 None None] Transition to ACTIVE for port object aacc142b-3cc7-4be7-8df8-cc8f586b6c9f will not be triggered until provisioned by entity L2. {{(pid=103357) add_provisioning_component /opt/stack/neutron/neutron/db/provisioning_blocks.py:74}}
May 18 18:36:20.770883 np0000174500 devstack@neutron-api.service[103355]: DEBUG neutron.pecan_wsgi.hooks.policy_enforcement [None req-61544ae1-b7c4-4e47-af48-373d02952e86 admin admin] Attributes excluded by policy engine: ['standard_attr_id'] {{(pid=103355) _exclude_attributes_by_policy /opt/stack/neutron/neutron/pecan_wsgi/hooks/policy_enforcement.py:256}}
May 18 18:36:20.771273 np0000174500 devstack@neutron-api.service[103355]: DEBUG neutron_lib.callbacks.manager [None req-61544ae1-b7c4-4e47-af48-373d02952e86 admin admin] Publish callbacks [] for network (None), before_response {{(pid=103355) _notify_loop /opt/stack/data/venv/lib/python3.12/site-packages/neutron_lib/callbacks/manager.py:184}}
May 18 18:36:20.784531 np0000174500 devstack@neutron-api.service[103355]: [pid: 103355|app: 0|req: 23/93] 199.204.45.222 () {68 vars in 1358 bytes} [Mon May 18 18:36:20 2026] POST /networking/v2.0/networks => generated 683 bytes in 606 msecs (HTTP/1.1 201) 4 headers in 162 bytes (1 switches on core 0)
May 18 18:36:20.799888 np0000174500 devstack@neutron-api.service[103357]: DEBUG neutron.plugins.ml2.plugin [None req-ca5ccd08-3d27-41e2-b210-8aebc75fd568 None None] Current status of the port aacc142b-3cc7-4be7-8df8-cc8f586b6c9f is: DOWN; New status is: DOWN {{(pid=103357) _update_individual_port_db_status /opt/stack/neutron/neutron/plugins/ml2/plugin.py:2466}}
May 18 18:36:20.801815 np0000174500 devstack@neutron-api.service[103357]: DEBUG ovsdbapp.backend.ovs_idl.transaction [None req-f11c4f21-595c-4abb-b987-c20fe7e719a7 None None] Running txn n=1 command(idx=0): DbRemoveCommand(_result=None, table=Logical_Switch_Port, record=aacc142b-3cc7-4be7-8df8-cc8f586b6c9f, column=external_ids, values=('neutron:host_id',), keyvalues={}, if_exists=True) {{(pid=103357) do_commit /opt/stack/data/venv/lib/python3.12/site-packages/ovsdbapp/backend/ovs_idl/transaction.py:89}}
May 18 18:36:20.981352 np0000174500 devstack@neutron-api.service[103354]: INFO neutron.pecan_wsgi.hooks.translation [None req-19b90f37-d502-465b-87e3-f91bfe35da15 admin admin] GET failed (client error): The resource could not be found.
May 18 18:36:20.981999 np0000174500 devstack@neutron-api.service[103354]: [pid: 103354|app: 0|req: 25/94] 199.204.45.222 () {64 vars in 1334 bytes} [Mon May 18 18:36:20 2026] GET /networking/v2.0/networks/admin_net => generated 111 bytes in 13 msecs (HTTP/1.1 404) 4 headers in 164 bytes (1 switches on core 0)
May 18 18:36:21.029568 np0000174500 devstack@neutron-api.service[103357]: DEBUG neutron.pecan_wsgi.hooks.policy_enforcement [None req-23b35cfe-e2c7-4f66-982e-704c7081725f admin admin] Attributes excluded by policy engine: ['standard_attr_id'] {{(pid=103357) _exclude_attributes_by_policy /opt/stack/neutron/neutron/pecan_wsgi/hooks/policy_enforcement.py:256}}
May 18 18:36:21.030191 np0000174500 devstack@neutron-api.service[103357]: [pid: 103357|app: 0|req: 24/95] 199.204.45.222 () {64 vars in 1346 bytes} [Mon May 18 18:36:20 2026] GET /networking/v2.0/networks?name=admin_net => generated 667 bytes in 36 msecs (HTTP/1.1 200) 4 headers in 157 bytes (1 switches on core 0)
May 18 18:36:21.236246 np0000174500 devstack@neutron-api.service[103356]: INFO neutron.pecan_wsgi.hooks.translation [None req-cdb033ec-24bc-4c3e-9b50-b9d5ecf0acda admin admin] GET failed (client error): The resource could not be found.
May 18 18:36:21.236737 np0000174500 devstack@neutron-api.service[103356]: [pid: 103356|app: 0|req: 24/96] 199.204.45.222 () {64 vars in 1340 bytes} [Mon May 18 18:36:21 2026] GET /networking/v2.0/subnets/admin_subnet => generated 112 bytes in 13 msecs (HTTP/1.1 404) 4 headers in 164 bytes (1 switches on core 0)
May 18 18:36:21.270491 np0000174500 devstack@neutron-api.service[103355]: [pid: 103355|app: 0|req: 24/97] 199.204.45.222 () {64 vars in 1349 bytes} [Mon May 18 18:36:21 2026] GET /networking/v2.0/subnets?name=admin_subnet => generated 14 bytes in 22 msecs (HTTP/1.1 200) 4 headers in 156 bytes (1 switches on core 0)
May 18 18:36:21.529740 np0000174500 devstack@neutron-api.service[103354]: DEBUG neutron.pecan_wsgi.hooks.policy_enforcement [None req-381190a8-74b7-4cae-a688-6bd5b015b73a admin admin] Attributes excluded by policy engine: ['standard_attr_id'] {{(pid=103354) _exclude_attributes_by_policy /opt/stack/neutron/neutron/pecan_wsgi/hooks/policy_enforcement.py:256}}
May 18 18:36:21.530614 np0000174500 devstack@neutron-api.service[103354]: [pid: 103354|app: 0|req: 26/98] 199.204.45.222 () {64 vars in 1415 bytes} [Mon May 18 18:36:21 2026] GET /networking/v2.0/networks/fbc72fa3-83e6-4597-bc64-ce2f848ce581 => generated 664 bytes in 30 msecs (HTTP/1.1 200) 4 headers in 157 bytes (1 switches on core 0)
May 18 18:36:21.548428 np0000174500 devstack@neutron-api.service[103357]: DEBUG neutron.api.v2.base [None req-37ef6131-16ab-42e1-bb94-4922b4de83a3 admin admin] Request body: {'subnet': {'project_id': '29b101dbb0f24dce8e89aaef4232c5d4', 'ip_version': 4, 'cidr': '10.2.5.0/24', 'gateway_ip': None, 'network_id': 'fbc72fa3-83e6-4597-bc64-ce2f848ce581', 'name': 'admin_subnet'}} {{(pid=103357) prepare_request_body /opt/stack/neutron/neutron/api/v2/base.py:727}}
May 18 18:36:21.565643 np0000174500 devstack@neutron-api.service[103357]: DEBUG neutron.pecan_wsgi.hooks.quota_enforcement [None req-37ef6131-16ab-42e1-bb94-4922b4de83a3 admin admin] Made reservation on behalf of 29b101dbb0f24dce8e89aaef4232c5d4 for: {'subnet': 1} {{(pid=103357) before /opt/stack/neutron/neutron/pecan_wsgi/hooks/quota_enforcement.py:66}}
May 18 18:36:21.570583 np0000174500 devstack@neutron-api.service[103357]: DEBUG neutron_lib.callbacks.manager [None req-37ef6131-16ab-42e1-bb94-4922b4de83a3 admin admin] Publish callbacks [] for subnet (None), before_create {{(pid=103357) _notify_loop /opt/stack/data/venv/lib/python3.12/site-packages/neutron_lib/callbacks/manager.py:184}}
May 18 18:36:21.632584 np0000174500 devstack@neutron-api.service[103357]: DEBUG neutron.db.ovn_revision_numbers_db [None req-37ef6131-16ab-42e1-bb94-4922b4de83a3 admin admin] create_initial_revision uuid=42516319-7bf1-4158-bd08-55d437349dbb, type=subnets, rev=-1 {{(pid=103357) create_initial_revision /opt/stack/neutron/neutron/db/ovn_revision_numbers_db.py:98}}
May 18 18:36:21.640173 np0000174500 devstack@neutron-api.service[103357]: DEBUG neutron_lib.callbacks.manager [None req-37ef6131-16ab-42e1-bb94-4922b4de83a3 admin admin] Publish callbacks ['neutron.plugins.ml2.ovo_rpc._ObjectChangeHandler.handle_event-15110506'] for subnet (42516319-7bf1-4158-bd08-55d437349dbb), after_create {{(pid=103357) _notify_loop /opt/stack/data/venv/lib/python3.12/site-packages/neutron_lib/callbacks/manager.py:184}}
May 18 18:36:21.657840 np0000174500 devstack@neutron-api.service[103357]: DEBUG neutron.api.rpc.handlers.resources_rpc [None req-37ef6131-16ab-42e1-bb94-4922b4de83a3 admin admin] Pushing event updated for resources: {'Subnet': ['ID=42516319-7bf1-4158-bd08-55d437349dbb,revision_number=0']} {{(pid=103357) push /opt/stack/neutron/neutron/api/rpc/handlers/resources_rpc.py:237}}
May 18 18:36:21.709971 np0000174500 devstack@neutron-api.service[103357]: DEBUG neutron_lib.callbacks.manager [None req-37ef6131-16ab-42e1-bb94-4922b4de83a3 admin admin] Publish callbacks ['neutron.plugins.ml2.plugin.SecurityGroupDbMixin._ensure_default_security_group_handler-450792', 'neutron.services.ovn_l3.plugin.OVNL3RouterPlugin._port_update-8110516503706', 'neutron.db.l3_db.L3_NAT_dbonly_mixin._prevent_internal_ip_change_for_fip-8110518398386'] for port (aacc142b-3cc7-4be7-8df8-cc8f586b6c9f), before_update {{(pid=103357) _notify_loop /opt/stack/data/venv/lib/python3.12/site-packages/neutron_lib/callbacks/manager.py:184}}
May 18 18:36:21.794789 np0000174500 devstack@neutron-api.service[103357]: DEBUG neutron.db.db_base_plugin_common [None req-37ef6131-16ab-42e1-bb94-4922b4de83a3 admin admin] Allocated IP 10.2.5.1 (fbc72fa3-83e6-4597-bc64-ce2f848ce581/42516319-7bf1-4158-bd08-55d437349dbb/aacc142b-3cc7-4be7-8df8-cc8f586b6c9f) {{(pid=103357) _store_ip_allocation /opt/stack/neutron/neutron/db/db_base_plugin_common.py:131}}
May 18 18:36:21.853790 np0000174500 devstack@neutron-api.service[103357]: DEBUG neutron_lib.callbacks.manager [None req-37ef6131-16ab-42e1-bb94-4922b4de83a3 admin admin] Publish callbacks [] for port (aacc142b-3cc7-4be7-8df8-cc8f586b6c9f), precommit_update {{(pid=103357) _notify_loop /opt/stack/data/venv/lib/python3.12/site-packages/neutron_lib/callbacks/manager.py:184}}
May 18 18:36:21.854085 np0000174500 devstack@neutron-api.service[103357]: DEBUG neutron.plugins.ml2.drivers.ovn.mech_driver.mech_driver [None req-37ef6131-16ab-42e1-bb94-4922b4de83a3 admin admin] No provisioning block for port aacc142b-3cc7-4be7-8df8-cc8f586b6c9f since it does not have a host {{(pid=103357) _is_port_provisioning_required /opt/stack/neutron/neutron/plugins/ml2/drivers/ovn/mech_driver/mech_driver.py:894}}
May 18 18:36:21.865310 np0000174500 devstack@neutron-api.service[103357]: DEBUG neutron_lib.callbacks.manager [None req-37ef6131-16ab-42e1-bb94-4922b4de83a3 admin admin] Publish callbacks ['neutron.plugins.ml2.ovo_rpc._ObjectChangeHandler.handle_event-420720', 'neutron.services.ovn_l3.plugin.OVNL3RouterPlugin._port_update-8110516503706'] for port (aacc142b-3cc7-4be7-8df8-cc8f586b6c9f), after_update {{(pid=103357) _notify_loop /opt/stack/data/venv/lib/python3.12/site-packages/neutron_lib/callbacks/manager.py:184}}
May 18 18:36:21.892357 np0000174500 devstack@neutron-api.service[103357]: DEBUG neutron.api.rpc.handlers.resources_rpc [None req-37ef6131-16ab-42e1-bb94-4922b4de83a3 admin admin] Pushing event updated for resources: {'Port': ['ID=aacc142b-3cc7-4be7-8df8-cc8f586b6c9f,revision_number=2']} {{(pid=103357) push /opt/stack/neutron/neutron/api/rpc/handlers/resources_rpc.py:237}}
May 18 18:36:21.984260 np0000174500 devstack@neutron-api.service[103357]: DEBUG ovsdbapp.backend.ovs_idl.transaction [None req-f11c4f21-595c-4abb-b987-c20fe7e719a7 None None] Running txn n=1 command(idx=0): CheckRevisionNumberCommand(_result=None, name=aacc142b-3cc7-4be7-8df8-cc8f586b6c9f, resource={'id': 'aacc142b-3cc7-4be7-8df8-cc8f586b6c9f', 'name': '', 'network_id': 'fbc72fa3-83e6-4597-bc64-ce2f848ce581', 'project_id': '29b101dbb0f24dce8e89aaef4232c5d4', 'mac_address': 'fa:16:3e:1a:01:fc', 'admin_state_up': True, 'status': 'DOWN', 'device_id': 'ovnmeta-fbc72fa3-83e6-4597-bc64-ce2f848ce581', 'device_owner': 'network:distributed', 'standard_attr_id': 44, 'fixed_ips': [{'subnet_id': '42516319-7bf1-4158-bd08-55d437349dbb', 'ip_address': '10.2.5.1'}], 'allowed_address_pairs': [], 'extra_dhcp_opts': [], 'security_groups': [], 'description': '', 'binding:vnic_type': 'normal', 'binding:profile': {}, 'binding:host_id': '', 'binding:vif_type': 'unbound', 'binding:vif_details': {}, 'port_security_enabled': False, 'tags': [], 'created_at': '2026-05-18T18:36:20Z', 'updated_at': '2026-05-18T18:36:21Z', 'revision_number': 2, 'tenant_id': '29b101dbb0f24dce8e89aaef4232c5d4', 'network': {'id': 'fbc72fa3-83e6-4597-bc64-ce2f848ce581', 'name': 'admin_net', 'tenant_id': '29b101dbb0f24dce8e89aaef4232c5d4', 'project_id': '29b101dbb0f24dce8e89aaef4232c5d4', 'admin_state_up': True, 'mtu': 1372, 'status': 'ACTIVE', 'subnets': ['42516319-7bf1-4158-bd08-55d437349dbb'], 'standard_attr_id': 42, 'shared': False, 'availability_zone_hints': [], 'availability_zones': [], 'ipv4_address_scope': None, 'ipv6_address_scope': None, 'router:external': False, 'qinq': False, 'vlan_transparent': False, 'description': '', 'port_security_enabled': True, 'tags': [], 'created_at': '2026-05-18T18:36:20Z', 'updated_at': '2026-05-18T18:36:21Z', 'revision_number': 2, 'provider:network_type': 'geneve', 'provider:physical_network': None, 'provider:segmentation_id': 35735}}, resource_type=ports, if_exists=True) {{(pid=103357) do_commit /opt/stack/data/venv/lib/python3.12/site-packages/ovsdbapp/backend/ovs_idl/transaction.py:89}}
May 18 18:36:21.985000 np0000174500 devstack@neutron-api.service[103357]: DEBUG ovsdbapp.backend.ovs_idl.transaction [None req-f11c4f21-595c-4abb-b987-c20fe7e719a7 None None] Running txn n=1 command(idx=1): AddDHCPOptionsCommand(_result=None, columns={'cidr': '10.2.5.0/24', 'options': {'server_id': '10.2.5.1', 'lease_time': '43200', 'mtu': '1372', 'server_mac': 'fa:16:3e:98:6a:3b', 'dns_server': '{127.0.0.53}', 'classless_static_route': '{169.254.169.254/32,10.2.5.1}'}, 'external_ids': {'subnet_id': '42516319-7bf1-4158-bd08-55d437349dbb', 'neutron:network_id': 'fbc72fa3-83e6-4597-bc64-ce2f848ce581', 'neutron:revision_number': '0'}}, may_exist=True, subnet_id=42516319-7bf1-4158-bd08-55d437349dbb, port_id=None, new_insert=False) {{(pid=103357) do_commit /opt/stack/data/venv/lib/python3.12/site-packages/ovsdbapp/backend/ovs_idl/transaction.py:89}}
May 18 18:36:21.985647 np0000174500 devstack@neutron-api.service[103357]: DEBUG ovsdbapp.backend.ovs_idl.transaction [None req-f11c4f21-595c-4abb-b987-c20fe7e719a7 None None] Running txn n=1 command(idx=2): SetLSwitchPortCommand(_result=None, lport=aacc142b-3cc7-4be7-8df8-cc8f586b6c9f, external_ids_update=None, columns={'external_ids': {'neutron:port_name': '', 'neutron:device_id': 'ovnmeta-fbc72fa3-83e6-4597-bc64-ce2f848ce581', 'neutron:project_id': '29b101dbb0f24dce8e89aaef4232c5d4', 'neutron:cidrs': '10.2.5.1/24', 'neutron:device_owner': 'network:distributed', 'neutron:subnet_pool_addr_scope4': '', 'neutron:subnet_pool_addr_scope6': '', 'neutron:network_name': 'neutron-fbc72fa3-83e6-4597-bc64-ce2f848ce581', 'neutron:security_group_ids': '', 'neutron:revision_number': '2', 'neutron:vnic_type': 'normal', 'neutron:port_capabilities': '', 'neutron:mtu': ''}, 'parent_name': [], 'tag': [], 'options': {}, 'enabled': True, 'port_security': [], 'dhcpv4_options': [], 'dhcpv6_options': [], 'type': 'localport', 'addresses': ['fa:16:3e:1a:01:fc 10.2.5.1'], 'ha_chassis_group': []}, if_exists=False) {{(pid=103357) do_commit /opt/stack/data/venv/lib/python3.12/site-packages/ovsdbapp/backend/ovs_idl/transaction.py:89}}
May 18 18:36:21.987196 np0000174500 devstack@neutron-api.service[103357]: DEBUG ovsdbapp.backend.ovs_idl.transaction [None req-f11c4f21-595c-4abb-b987-c20fe7e719a7 None None] Running txn n=1 command(idx=3): PgDelPortCommand(_result=None, port_group=neutron_pg_drop, lsp=['aacc142b-3cc7-4be7-8df8-cc8f586b6c9f'], if_exists=False) {{(pid=103357) do_commit /opt/stack/data/venv/lib/python3.12/site-packages/ovsdbapp/backend/ovs_idl/transaction.py:89}}
May 18 18:36:21.993669 np0000174500 devstack@neutron-api.service[103357]: DEBUG neutron.plugins.ml2.drivers.ovn.mech_driver.ovsdb.ovsdb_monitor [None req-f11c4f21-595c-4abb-b987-c20fe7e719a7 None None] Touching Hash Ring node "ad260ae72ce55d8d93a7e62e95bec8fe" from IDL notify handler {{(pid=103357) notify /opt/stack/neutron/neutron/plugins/ml2/drivers/ovn/mech_driver/ovsdb/ovsdb_monitor.py:934}}
May 18 18:36:21.996174 np0000174500 devstack@neutron-api.service[103354]: DEBUG neutron.plugins.ml2.drivers.ovn.mech_driver.ovsdb.ovsdb_monitor [None req-d7a3afaa-40e3-4f5a-8494-bb0c842c82e9 None None] Touching Hash Ring node "e515bc26644b5eb5903e3f281e2ae3a8" from IDL notify handler {{(pid=103354) notify /opt/stack/neutron/neutron/plugins/ml2/drivers/ovn/mech_driver/ovsdb/ovsdb_monitor.py:934}}
May 18 18:36:21.999492 np0000174500 devstack@neutron-api.service[103355]: DEBUG neutron.plugins.ml2.drivers.ovn.mech_driver.ovsdb.ovsdb_monitor [None req-5a0200bc-e616-4517-aca7-4fc4a4f10826 None None] Hash Ring: Node f09f39143be85911b32e289e4a3d0f28 (host: np0000174500) handling event "update" for row 726ca590-2e19-410c-9486-1522a606134d (table: Port_Binding) {{(pid=103355) notify /opt/stack/neutron/neutron/plugins/ml2/drivers/ovn/mech_driver/ovsdb/ovsdb_monitor.py:942}}
May 18 18:36:22.008427 np0000174500 devstack@neutron-api.service[103357]: DEBUG neutron.plugins.ml2.drivers.ovn.mech_driver.ovsdb.ovsdb_monitor [None req-f11c4f21-595c-4abb-b987-c20fe7e719a7 None None] Hash Ring: Node ad260ae72ce55d8d93a7e62e95bec8fe (host: np0000174500) handling event "update" for row 944c0192-b402-44c8-923f-9463816e67e8 (table: Logical_Switch_Port) {{(pid=103357) notify /opt/stack/neutron/neutron/plugins/ml2/drivers/ovn/mech_driver/ovsdb/ovsdb_monitor.py:942}}
May 18 18:36:22.009170 np0000174500 devstack@neutron-api.service[103354]: DEBUG neutron.plugins.ml2.drivers.ovn.mech_driver.ovsdb.ovsdb_monitor [None req-d7a3afaa-40e3-4f5a-8494-bb0c842c82e9 None None] Hash Ring: Node e515bc26644b5eb5903e3f281e2ae3a8 (host: np0000174500) handling event "create" for row fad5357d-7c30-46b0-a605-61c5be2f42b2 (table: DHCP_Options) {{(pid=103354) notify /opt/stack/neutron/neutron/plugins/ml2/drivers/ovn/mech_driver/ovsdb/ovsdb_monitor.py:942}}
May 18 18:36:22.041103 np0000174500 devstack@neutron-api.service[103357]: INFO neutron.db.ovn_revision_numbers_db [None req-37ef6131-16ab-42e1-bb94-4922b4de83a3 admin admin] Successfully bumped revision number for resource aacc142b-3cc7-4be7-8df8-cc8f586b6c9f (type: ports) to 2
May 18 18:36:22.052575 np0000174500 devstack@neutron-api.service[103357]: DEBUG neutron.plugins.ml2.plugin [None req-37ef6131-16ab-42e1-bb94-4922b4de83a3 admin admin] In _notify_port_updated(), no bound segment for port aacc142b-3cc7-4be7-8df8-cc8f586b6c9f on network fbc72fa3-83e6-4597-bc64-ce2f848ce581 {{(pid=103357) _notify_port_updated /opt/stack/neutron/neutron/plugins/ml2/plugin.py:1034}}
May 18 18:36:22.074125 np0000174500 devstack@neutron-api.service[103357]: INFO neutron.db.ovn_revision_numbers_db [None req-37ef6131-16ab-42e1-bb94-4922b4de83a3 admin admin] Successfully bumped revision number for resource 42516319-7bf1-4158-bd08-55d437349dbb (type: subnets) to 0
May 18 18:36:22.075615 np0000174500 devstack@neutron-api.service[103357]: DEBUG neutron.pecan_wsgi.hooks.policy_enforcement [None req-37ef6131-16ab-42e1-bb94-4922b4de83a3 admin admin] Attributes excluded by policy engine: ['standard_attr_id', 'shared', 'network'] {{(pid=103357) _exclude_attributes_by_policy /opt/stack/neutron/neutron/pecan_wsgi/hooks/policy_enforcement.py:256}}
May 18 18:36:22.075943 np0000174500 devstack@neutron-api.service[103357]: DEBUG neutron_lib.callbacks.manager [None req-37ef6131-16ab-42e1-bb94-4922b4de83a3 admin admin] Publish callbacks [] for subnet (None), before_response {{(pid=103357) _notify_loop /opt/stack/data/venv/lib/python3.12/site-packages/neutron_lib/callbacks/manager.py:184}}
May 18 18:36:22.091858 np0000174500 devstack@neutron-api.service[103357]: [pid: 103357|app: 0|req: 25/99] 199.204.45.222 () {68 vars in 1355 bytes} [Mon May 18 18:36:21 2026] POST /networking/v2.0/subnets => generated 625 bytes in 547 msecs (HTTP/1.1 201) 4 headers in 162 bytes (1 switches on core 0)
May 18 18:36:22.529523 np0000174500 devstack@neutron-api.service[103356]: INFO neutron.pecan_wsgi.hooks.translation [None req-63b9dfd5-b537-4970-be77-21cdd8f04b44 admin admin] GET failed (client error): The resource could not be found.
May 18 18:36:22.530190 np0000174500 devstack@neutron-api.service[103356]: [pid: 103356|app: 0|req: 25/100] 199.204.45.222 () {64 vars in 1340 bytes} [Mon May 18 18:36:22 2026] GET /networking/v2.0/subnets/admin_subnet => generated 112 bytes in 241 msecs (HTTP/1.1 404) 4 headers in 164 bytes (1 switches on core 0)
May 18 18:36:22.566001 np0000174500 devstack@neutron-api.service[103355]: DEBUG neutron.pecan_wsgi.hooks.policy_enforcement [None req-8d1dfb2f-4315-4c22-90d6-bc09e7ab7c99 admin admin] Attributes excluded by policy engine: ['standard_attr_id', 'shared'] {{(pid=103355) _exclude_attributes_by_policy /opt/stack/neutron/neutron/pecan_wsgi/hooks/policy_enforcement.py:256}}
May 18 18:36:22.567196 np0000174500 devstack@neutron-api.service[103355]: [pid: 103355|app: 0|req: 25/101] 199.204.45.222 () {64 vars in 1349 bytes} [Mon May 18 18:36:22 2026] GET /networking/v2.0/subnets?name=admin_subnet => generated 628 bytes in 25 msecs (HTTP/1.1 200) 4 headers in 157 bytes (1 switches on core 0)
May 18 18:36:23.426964 np0000174500 devstack@neutron-api.service[103354]: DEBUG futurist.periodics [-] Submitting periodic callback 'neutron.plugins.ml2.drivers.ovn.mech_driver.ovsdb.maintenance.HashRingHealthCheckPeriodics.touch_hash_ring_node' {{(pid=103354) _process_scheduled /opt/stack/data/venv/lib/python3.12/site-packages/futurist/periodics.py:784}}
May 18 18:36:23.427412 np0000174500 devstack@neutron-api.service[103354]: DEBUG neutron.plugins.ml2.drivers.ovn.mech_driver.ovsdb.maintenance [-] Touching Hash Ring node "e515bc26644b5eb5903e3f281e2ae3a8" from periodic health check thread {{(pid=103354) touch_hash_ring_node /opt/stack/neutron/neutron/plugins/ml2/drivers/ovn/mech_driver/ovsdb/maintenance.py:1466}}
May 18 18:36:24.209154 np0000174500 devstack@neutron-api.service[103356]: DEBUG futurist.periodics [-] Submitting periodic callback 'neutron.plugins.ml2.drivers.ovn.mech_driver.ovsdb.maintenance.HashRingHealthCheckPeriodics.touch_hash_ring_node' {{(pid=103356) _process_scheduled /opt/stack/data/venv/lib/python3.12/site-packages/futurist/periodics.py:784}}
May 18 18:36:24.209686 np0000174500 devstack@neutron-api.service[103356]: DEBUG neutron.plugins.ml2.drivers.ovn.mech_driver.ovsdb.maintenance [-] Touching Hash Ring node "d3f3dd755c8b5ec1972b5cb6b5d692df" from periodic health check thread {{(pid=103356) touch_hash_ring_node /opt/stack/neutron/neutron/plugins/ml2/drivers/ovn/mech_driver/ovsdb/maintenance.py:1466}}
May 18 18:36:24.220939 np0000174500 devstack@neutron-api.service[103355]: DEBUG futurist.periodics [-] Submitting periodic callback 'neutron.plugins.ml2.drivers.ovn.mech_driver.ovsdb.maintenance.HashRingHealthCheckPeriodics.touch_hash_ring_node' {{(pid=103355) _process_scheduled /opt/stack/data/venv/lib/python3.12/site-packages/futurist/periodics.py:784}}
May 18 18:36:24.221835 np0000174500 devstack@neutron-api.service[103355]: DEBUG neutron.plugins.ml2.drivers.ovn.mech_driver.ovsdb.maintenance [-] Touching Hash Ring node "f09f39143be85911b32e289e4a3d0f28" from periodic health check thread {{(pid=103355) touch_hash_ring_node /opt/stack/neutron/neutron/plugins/ml2/drivers/ovn/mech_driver/ovsdb/maintenance.py:1466}}
May 18 18:36:24.341781 np0000174500 devstack@neutron-api.service[103357]: DEBUG futurist.periodics [-] Submitting periodic callback 'neutron.plugins.ml2.drivers.ovn.mech_driver.ovsdb.maintenance.HashRingHealthCheckPeriodics.touch_hash_ring_node' {{(pid=103357) _process_scheduled /opt/stack/data/venv/lib/python3.12/site-packages/futurist/periodics.py:784}}
May 18 18:36:24.342282 np0000174500 devstack@neutron-api.service[103357]: DEBUG neutron.plugins.ml2.drivers.ovn.mech_driver.ovsdb.maintenance [-] Touching Hash Ring node "ad260ae72ce55d8d93a7e62e95bec8fe" from periodic health check thread {{(pid=103357) touch_hash_ring_node /opt/stack/neutron/neutron/plugins/ml2/drivers/ovn/mech_driver/ovsdb/maintenance.py:1466}}
May 18 18:36:26.433985 np0000174500 devstack@neutron-api.service[103354]: DEBUG neutron.plugins.ml2.drivers.ovn.mech_driver.ovsdb.ovsdb_monitor [None req-a6da780b-fa10-4a69-b1f5-7fdc01486221 None None] ChassisOVNAgentWriteEvent : Matched Chassis_Private, update, None None {{(pid=103354) matches /opt/stack/neutron/neutron/plugins/ml2/drivers/ovn/mech_driver/ovsdb/ovsdb_monitor.py:64}}
May 18 18:36:26.435348 np0000174500 devstack@neutron-api.service[103357]: DEBUG neutron.plugins.ml2.drivers.ovn.mech_driver.ovsdb.ovsdb_monitor [None req-5ae73408-4741-43da-bc65-d38ba9e86c5e None None] ChassisOVNAgentWriteEvent : Matched Chassis_Private, update, None None {{(pid=103357) matches /opt/stack/neutron/neutron/plugins/ml2/drivers/ovn/mech_driver/ovsdb/ovsdb_monitor.py:64}}
May 18 18:36:26.437871 np0000174500 devstack@neutron-api.service[103356]: DEBUG neutron.plugins.ml2.drivers.ovn.mech_driver.ovsdb.ovsdb_monitor [None req-f7bb3939-08ac-4c4f-b7a4-10b51bbed171 None None] ChassisOVNAgentWriteEvent : Matched Chassis_Private, update, None None {{(pid=103356) matches /opt/stack/neutron/neutron/plugins/ml2/drivers/ovn/mech_driver/ovsdb/ovsdb_monitor.py:64}}
May 18 18:36:26.437871 np0000174500 devstack@neutron-api.service[103356]: DEBUG neutron.plugins.ml2.drivers.ovn.mech_driver.ovsdb.ovsdb_monitor [None req-f7bb3939-08ac-4c4f-b7a4-10b51bbed171 None None] Touching Hash Ring node "d3f3dd755c8b5ec1972b5cb6b5d692df" from IDL notify handler {{(pid=103356) notify /opt/stack/neutron/neutron/plugins/ml2/drivers/ovn/mech_driver/ovsdb/ovsdb_monitor.py:934}}
May 18 18:36:26.442574 np0000174500 devstack@neutron-api.service[103355]: DEBUG neutron.plugins.ml2.drivers.ovn.mech_driver.ovsdb.ovsdb_monitor [None req-5a0200bc-e616-4517-aca7-4fc4a4f10826 None None] ChassisOVNAgentWriteEvent : Matched Chassis_Private, update, None None {{(pid=103355) matches /opt/stack/neutron/neutron/plugins/ml2/drivers/ovn/mech_driver/ovsdb/ovsdb_monitor.py:64}}
May 18 18:36:26.446633 np0000174500 devstack@neutron-api.service[103356]: DEBUG neutron.plugins.ml2.drivers.ovn.mech_driver.ovsdb.ovsdb_monitor [None req-f7bb3939-08ac-4c4f-b7a4-10b51bbed171 None None] Hash Ring: Node d3f3dd755c8b5ec1972b5cb6b5d692df (host: np0000174500) handling event "update" for row 317c7f4a-de02-4b3e-beeb-b9276b22515f (table: Chassis_Private) {{(pid=103356) notify /opt/stack/neutron/neutron/plugins/ml2/drivers/ovn/mech_driver/ovsdb/ovsdb_monitor.py:942}}
May 18 18:36:27.286227 np0000174500 devstack@neutron-api.service[103354]: [pid: 103354|app: 0|req: 27/102] 199.204.45.222 () {64 vars in 1369 bytes} [Mon May 18 18:36:27 2026] GET /networking/v2.0/ports?device_id=manila-admin-share&binding%3Ahost_id=np0000174500 => generated 12 bytes in 73 msecs (HTTP/1.1 200) 4 headers in 156 bytes (1 switches on core 0)
May 18 18:36:27.338095 np0000174500 devstack@neutron-api.service[103357]: DEBUG neutron.api.wsgi [None req-7e3dc9a5-5913-42e4-80de-49e5a58a6078 service neutron] Missing Content-Type {{(pid=103357) get_content_type /opt/stack/neutron/neutron/api/wsgi.py:80}}
May 18 18:36:27.338782 np0000174500 devstack@neutron-api.service[103357]: DEBUG neutron.api.wsgi [None req-7e3dc9a5-5913-42e4-80de-49e5a58a6078 service neutron] https://199.204.45.222/networking/v2.0/extensions returned with HTTP 200 {{(pid=103357) __call__ /opt/stack/neutron/neutron/api/wsgi.py:540}}
May 18 18:36:27.339152 np0000174500 devstack@neutron-api.service[103357]: [pid: 103357|app: 0|req: 26/103] 199.204.45.222 () {64 vars in 1265 bytes} [Mon May 18 18:36:27 2026] GET /networking/v2.0/extensions => generated 15209 bytes in 7 msecs (HTTP/1.1 200) 4 headers in 159 bytes (1 switches on core 0)
May 18 18:36:27.381360 np0000174500 devstack@neutron-api.service[103356]: DEBUG neutron.api.v2.base [None req-157348bd-aab5-428c-af94-ae5400bbd942 service neutron] Request body: {'port': {'network_id': 'fbc72fa3-83e6-4597-bc64-ce2f848ce581', 'admin_state_up': True, 'tenant_id': '29b101dbb0f24dce8e89aaef4232c5d4', 'port_security_enabled': False, 'binding:host_id': 'np0000174500', 'fixed_ips': [{'subnet_id': '42516319-7bf1-4158-bd08-55d437349dbb'}], 'device_owner': 'manila:share', 'device_id': 'manila-admin-share'}} {{(pid=103356) prepare_request_body /opt/stack/neutron/neutron/api/v2/base.py:727}}
May 18 18:36:27.397639 np0000174500 devstack@neutron-api.service[103356]: DEBUG neutron.pecan_wsgi.hooks.quota_enforcement [None req-157348bd-aab5-428c-af94-ae5400bbd942 service neutron] Made reservation on behalf of 29b101dbb0f24dce8e89aaef4232c5d4 for: {'port': 1} {{(pid=103356) before /opt/stack/neutron/neutron/pecan_wsgi/hooks/quota_enforcement.py:66}}
May 18 18:36:27.404666 np0000174500 devstack@neutron-api.service[103356]: DEBUG neutron_lib.callbacks.manager [None req-157348bd-aab5-428c-af94-ae5400bbd942 service neutron] Publish callbacks ['neutron.plugins.ml2.plugin.SecurityGroupDbMixin._ensure_default_security_group_handler-450311'] for port (None), before_create {{(pid=103356) _notify_loop /opt/stack/data/venv/lib/python3.12/site-packages/neutron_lib/callbacks/manager.py:184}}
May 18 18:36:27.470860 np0000174500 devstack@neutron-api.service[103356]: DEBUG neutron.db.db_base_plugin_common [None req-157348bd-aab5-428c-af94-ae5400bbd942 service neutron] Allocated IP 10.2.5.113 (fbc72fa3-83e6-4597-bc64-ce2f848ce581/42516319-7bf1-4158-bd08-55d437349dbb/4f43f0d9-61ae-462e-b439-1c366753e9c8) {{(pid=103356) _store_ip_allocation /opt/stack/neutron/neutron/db/db_base_plugin_common.py:131}}
May 18 18:36:27.524401 np0000174500 devstack@neutron-api.service[103356]: DEBUG neutron_lib.callbacks.manager [None req-157348bd-aab5-428c-af94-ae5400bbd942 service neutron] Publish callbacks ['neutron.plugins.ml2.drivers.ovn.mech_driver.mech_driver.OVNMechanismDriver._validate_allowed_address_pairs-336809'] for allowed_address_pair (4f43f0d9-61ae-462e-b439-1c366753e9c8), before_create {{(pid=103356) _notify_loop /opt/stack/data/venv/lib/python3.12/site-packages/neutron_lib/callbacks/manager.py:184}}
May 18 18:36:27.526050 np0000174500 devstack@neutron-api.service[103356]: DEBUG neutron_lib.callbacks.manager [None req-157348bd-aab5-428c-af94-ae5400bbd942 service neutron] Publish callbacks [] for port (4f43f0d9-61ae-462e-b439-1c366753e9c8), precommit_create {{(pid=103356) _notify_loop /opt/stack/data/venv/lib/python3.12/site-packages/neutron_lib/callbacks/manager.py:184}}
May 18 18:36:27.530522 np0000174500 devstack@neutron-api.service[103356]: DEBUG neutron.db.provisioning_blocks [None req-157348bd-aab5-428c-af94-ae5400bbd942 service neutron] Transition to ACTIVE for port object 4f43f0d9-61ae-462e-b439-1c366753e9c8 will not be triggered until provisioned by entity L2. {{(pid=103356) add_provisioning_component /opt/stack/neutron/neutron/db/provisioning_blocks.py:74}}
May 18 18:36:27.530665 np0000174500 devstack@neutron-api.service[103356]: DEBUG neutron.db.ovn_revision_numbers_db [None req-157348bd-aab5-428c-af94-ae5400bbd942 service neutron] create_initial_revision uuid=4f43f0d9-61ae-462e-b439-1c366753e9c8, type=ports, rev=-1 {{(pid=103356) create_initial_revision /opt/stack/neutron/neutron/db/ovn_revision_numbers_db.py:98}}
May 18 18:36:27.543477 np0000174500 devstack@neutron-api.service[103356]: DEBUG neutron_lib.callbacks.manager [None req-157348bd-aab5-428c-af94-ae5400bbd942 service neutron] Publish callbacks ['neutron.plugins.ml2.ovo_rpc._ObjectChangeHandler.handle_event-15071939'] for port (4f43f0d9-61ae-462e-b439-1c366753e9c8), after_create {{(pid=103356) _notify_loop /opt/stack/data/venv/lib/python3.12/site-packages/neutron_lib/callbacks/manager.py:184}}
May 18 18:36:27.566128 np0000174500 devstack@neutron-api.service[103356]: DEBUG neutron.api.rpc.handlers.resources_rpc [None req-157348bd-aab5-428c-af94-ae5400bbd942 service neutron] Pushing event updated for resources: {'Port': ['ID=4f43f0d9-61ae-462e-b439-1c366753e9c8,revision_number=1']} {{(pid=103356) push /opt/stack/neutron/neutron/api/rpc/handlers/resources_rpc.py:237}}
May 18 18:36:27.571056 np0000174500 devstack@neutron-api.service[103356]: DEBUG neutron.api.rpc.callbacks.version_manager [None req-157348bd-aab5-428c-af94-ae5400bbd942 service neutron] Tracked resource versions report:
May 18 18:36:27.571056 np0000174500 devstack@neutron-api.service[103356]: pushed versions:
May 18 18:36:27.571056 np0000174500 devstack@neutron-api.service[103356]: { 'AddressGroup': {'1.2'},
May 18 18:36:27.571056 np0000174500 devstack@neutron-api.service[103356]: 'Agent': {'1.1'},
May 18 18:36:27.571056 np0000174500 devstack@neutron-api.service[103356]: 'ConntrackHelper': {'1.0'},
May 18 18:36:27.571056 np0000174500 devstack@neutron-api.service[103356]: 'LocalIPAssociation': {'1.0'},
May 18 18:36:27.571056 np0000174500 devstack@neutron-api.service[103356]: 'Log': {'1.0'},
May 18 18:36:27.571056 np0000174500 devstack@neutron-api.service[103356]: 'NDPProxy': {'1.0'},
May 18 18:36:27.571056 np0000174500 devstack@neutron-api.service[103356]: 'Network': {'1.2'},
May 18 18:36:27.571056 np0000174500 devstack@neutron-api.service[103356]: 'Port': {'1.10'},
May 18 18:36:27.571056 np0000174500 devstack@neutron-api.service[103356]: 'PortForwarding': {'1.3'},
May 18 18:36:27.571056 np0000174500 devstack@neutron-api.service[103356]: 'QosPolicy': {'1.10'},
May 18 18:36:27.571056 np0000174500 devstack@neutron-api.service[103356]: 'SecurityGroup': {'1.6'},
May 18 18:36:27.571056 np0000174500 devstack@neutron-api.service[103356]: 'SecurityGroupRule': {'1.3'},
May 18 18:36:27.571056 np0000174500 devstack@neutron-api.service[103356]: 'SubPort': {'1.0'},
May 18 18:36:27.571056 np0000174500 devstack@neutron-api.service[103356]: 'Subnet': {'1.2'},
May 18 18:36:27.571056 np0000174500 devstack@neutron-api.service[103356]: 'Trunk': {'1.1'}}
May 18 18:36:27.571056 np0000174500 devstack@neutron-api.service[103356]: consumer versions:
May 18 18:36:27.571056 np0000174500 devstack@neutron-api.service[103356]: { OVN Neutron agent@np0000174500: {},
May 18 18:36:27.571056 np0000174500 devstack@neutron-api.service[103356]: OVN Controller Gateway agent@np0000174500: {}}
May 18 18:36:27.571056 np0000174500 devstack@neutron-api.service[103356]: {{(pid=103356) report /opt/stack/neutron/neutron/api/rpc/callbacks/version_manager.py:183}}
May 18 18:36:27.608767 np0000174500 devstack@neutron-api.service[103356]: DEBUG ovsdbapp.backend.ovs_idl.transaction [None req-36a88580-32fb-4657-b2f9-086e93acf7fb None None] Running txn n=1 command(idx=0): AddLSwitchPortCommand(_result=None, lport=4f43f0d9-61ae-462e-b439-1c366753e9c8, lswitch=neutron-fbc72fa3-83e6-4597-bc64-ce2f848ce581, may_exist=True, network_uuid=fbc72fa3-83e6-4597-bc64-ce2f848ce581, columns={'addresses': ['fa:16:3e:f1:43:c2 10.2.5.113', 'unknown'], 'external_ids': {'neutron:port_name': '', 'neutron:device_id': 'manila-admin-share', 'neutron:project_id': '29b101dbb0f24dce8e89aaef4232c5d4', 'neutron:cidrs': '10.2.5.113/24', 'neutron:device_owner': 'manila:share', 'neutron:subnet_pool_addr_scope4': '', 'neutron:subnet_pool_addr_scope6': '', 'neutron:network_name': 'neutron-fbc72fa3-83e6-4597-bc64-ce2f848ce581', 'neutron:security_group_ids': '', 'neutron:revision_number': '1', 'neutron:vnic_type': 'normal', 'neutron:port_capabilities': '', 'neutron:mtu': ''}, 'parent_name': [], 'tag': [], 'enabled': True, 'options': {'requested-chassis': 'np0000174500'}, 'type': '', 'port_security': [], 'dhcpv4_options': [UUID('fad5357d-7c30-46b0-a605-61c5be2f42b2')], 'dhcpv6_options': []}) {{(pid=103356) do_commit /opt/stack/data/venv/lib/python3.12/site-packages/ovsdbapp/backend/ovs_idl/transaction.py:89}}
May 18 18:36:27.609499 np0000174500 devstack@neutron-api.service[103356]: DEBUG ovsdbapp.backend.ovs_idl.transaction [None req-36a88580-32fb-4657-b2f9-086e93acf7fb None None] Running txn n=1 command(idx=1): QoSDelCommand(_result=None, switch=neutron-fbc72fa3-83e6-4597-bc64-ce2f848ce581, conditions=[('direction', '=', 'to-lport'), ('priority', '=', 2002), ('match', '=', 'outport == "4f43f0d9-61ae-462e-b439-1c366753e9c8"')], if_exists=True) {{(pid=103356) do_commit /opt/stack/data/venv/lib/python3.12/site-packages/ovsdbapp/backend/ovs_idl/transaction.py:89}}
May 18 18:36:27.609768 np0000174500 devstack@neutron-api.service[103356]: DEBUG ovsdbapp.backend.ovs_idl.transaction [None req-36a88580-32fb-4657-b2f9-086e93acf7fb None None] Running txn n=1 command(idx=2): QoSDelCommand(_result=None, switch=neutron-fbc72fa3-83e6-4597-bc64-ce2f848ce581, conditions=[('direction', '=', 'from-lport'), ('priority', '=', 2002), ('match', '=', 'inport == "4f43f0d9-61ae-462e-b439-1c366753e9c8"')], if_exists=True) {{(pid=103356) do_commit /opt/stack/data/venv/lib/python3.12/site-packages/ovsdbapp/backend/ovs_idl/transaction.py:89}}
May 18 18:36:27.614846 np0000174500 devstack@neutron-api.service[103356]: DEBUG neutron.plugins.ml2.drivers.ovn.mech_driver.ovsdb.ovsdb_monitor [None req-36a88580-32fb-4657-b2f9-086e93acf7fb None None] Touching Hash Ring node "d3f3dd755c8b5ec1972b5cb6b5d692df" from IDL notify handler {{(pid=103356) notify /opt/stack/neutron/neutron/plugins/ml2/drivers/ovn/mech_driver/ovsdb/ovsdb_monitor.py:934}}
May 18 18:36:27.618296 np0000174500 devstack@neutron-api.service[103355]: DEBUG neutron.plugins.ml2.drivers.ovn.mech_driver.ovsdb.ovsdb_monitor [None req-2830f71f-d216-4cf5-a7d0-73d733110d11 None None] Touching Hash Ring node "f09f39143be85911b32e289e4a3d0f28" from IDL notify handler {{(pid=103355) notify /opt/stack/neutron/neutron/plugins/ml2/drivers/ovn/mech_driver/ovsdb/ovsdb_monitor.py:934}}
May 18 18:36:27.624193 np0000174500 devstack@neutron-api.service[103356]: DEBUG neutron.plugins.ml2.drivers.ovn.mech_driver.ovsdb.ovsdb_monitor [None req-36a88580-32fb-4657-b2f9-086e93acf7fb None None] Hash Ring: Node d3f3dd755c8b5ec1972b5cb6b5d692df (host: np0000174500) handling event "update" for row fbc72fa3-83e6-4597-bc64-ce2f848ce581 (table: Logical_Switch) {{(pid=103356) notify /opt/stack/neutron/neutron/plugins/ml2/drivers/ovn/mech_driver/ovsdb/ovsdb_monitor.py:942}}
May 18 18:36:27.630186 np0000174500 devstack@neutron-api.service[103355]: DEBUG neutron.plugins.ml2.drivers.ovn.mech_driver.ovsdb.ovsdb_monitor [None req-5a0200bc-e616-4517-aca7-4fc4a4f10826 None None] Hash Ring: Node f09f39143be85911b32e289e4a3d0f28 (host: np0000174500) handling event "create" for row 5e732147-170d-4a28-a42c-86f65b952464 (table: Port_Binding) {{(pid=103355) notify /opt/stack/neutron/neutron/plugins/ml2/drivers/ovn/mech_driver/ovsdb/ovsdb_monitor.py:942}}
May 18 18:36:27.636958 np0000174500 devstack@neutron-api.service[103355]: DEBUG neutron.plugins.ml2.drivers.ovn.mech_driver.ovsdb.ovsdb_monitor [None req-2830f71f-d216-4cf5-a7d0-73d733110d11 None None] Hash Ring: Node f09f39143be85911b32e289e4a3d0f28 (host: np0000174500) handling event "create" for row 448841c9-b834-4324-80d6-04be2f7b5ff2 (table: Logical_Switch_Port) {{(pid=103355) notify /opt/stack/neutron/neutron/plugins/ml2/drivers/ovn/mech_driver/ovsdb/ovsdb_monitor.py:942}}
May 18 18:36:27.638463 np0000174500 devstack@neutron-api.service[103355]: DEBUG ovsdbapp.backend.ovs_idl.event [None req-2830f71f-d216-4cf5-a7d0-73d733110d11 None None] Matched CREATE: LogicalSwitchPortCreateEvent(events=('create',), table='Logical_Switch_Port', conditions=[], old_conditions=None), priority=20 to row=Logical_Switch_Port(uuid=448841c9-b834-4324-80d6-04be2f7b5ff2, addresses=['fa:16:3e:f1:43:c2 10.2.5.113', 'unknown'], dhcpv4_options=fad5357d-7c30-46b0-a605-61c5be2f42b2, dhcpv6_options=[], dynamic_addresses=[], enabled=True, external_ids={'neutron:cidrs': '10.2.5.113/24', 'neutron:device_id': 'manila-admin-share', 'neutron:device_owner': 'manila:share', 'neutron:mtu': '', 'neutron:network_name': 'neutron-fbc72fa3-83e6-4597-bc64-ce2f848ce581', 'neutron:port_capabilities': '', 'neutron:port_name': '', 'neutron:project_id': '29b101dbb0f24dce8e89aaef4232c5d4', 'neutron:revision_number': '1', 'neutron:security_group_ids': '', 'neutron:subnet_pool_addr_scope4': '', 'neutron:subnet_pool_addr_scope6': '', 'neutron:vnic_type': 'normal'}, ha_chassis_group=[], mirror_rules=[], name='4f43f0d9-61ae-462e-b439-1c366753e9c8', options={'requested-chassis': 'np0000174500'}, parent_name=[], port_security=[], tag=[], tag_request=[], type='', up=[]) old= {{(pid=103355) matches /opt/stack/data/venv/lib/python3.12/site-packages/ovsdbapp/backend/ovs_idl/event.py:55}}
May 18 18:36:27.641532 np0000174500 devstack@neutron-api.service[103355]: INFO neutron.plugins.ml2.drivers.ovn.mech_driver.mech_driver [None req-e4fbf3af-ee9e-4bb8-873a-3aac97ccb9ae None None] OVN reports status down for port: 4f43f0d9-61ae-462e-b439-1c366753e9c8
May 18 18:36:27.642389 np0000174500 devstack@neutron-api.service[103355]: DEBUG neutron.plugins.ml2.drivers.ovn.mech_driver.ovsdb.ovsdb_monitor [None req-2830f71f-d216-4cf5-a7d0-73d733110d11 None None] Touching Hash Ring node "f09f39143be85911b32e289e4a3d0f28" from IDL notify handler {{(pid=103355) notify /opt/stack/neutron/neutron/plugins/ml2/drivers/ovn/mech_driver/ovsdb/ovsdb_monitor.py:934}}
May 18 18:36:27.646627 np0000174500 devstack@neutron-api.service[103355]: DEBUG neutron.plugins.ml2.drivers.ovn.mech_driver.ovsdb.ovsdb_monitor [None req-2830f71f-d216-4cf5-a7d0-73d733110d11 None None] Hash Ring: Node f09f39143be85911b32e289e4a3d0f28 (host: np0000174500) handling event "update" for row 448841c9-b834-4324-80d6-04be2f7b5ff2 (table: Logical_Switch_Port) {{(pid=103355) notify /opt/stack/neutron/neutron/plugins/ml2/drivers/ovn/mech_driver/ovsdb/ovsdb_monitor.py:942}}
May 18 18:36:27.659176 np0000174500 devstack@neutron-api.service[103356]: INFO neutron.db.ovn_revision_numbers_db [None req-157348bd-aab5-428c-af94-ae5400bbd942 service neutron] Successfully bumped revision number for resource 4f43f0d9-61ae-462e-b439-1c366753e9c8 (type: ports) to 1
May 18 18:36:27.675104 np0000174500 devstack@neutron-api.service[103356]: DEBUG neutron.plugins.ml2.managers [None req-157348bd-aab5-428c-af94-ae5400bbd942 service neutron] Attempting to bind port 4f43f0d9-61ae-462e-b439-1c366753e9c8 on host np0000174500 for vnic_type normal with profile {{(pid=103356) bind_port /opt/stack/neutron/neutron/plugins/ml2/managers.py:852}}
May 18 18:36:27.675264 np0000174500 devstack@neutron-api.service[103356]: DEBUG neutron.plugins.ml2.managers [None req-157348bd-aab5-428c-af94-ae5400bbd942 service neutron] Attempting to bind port 4f43f0d9-61ae-462e-b439-1c366753e9c8 by drivers ovn on host np0000174500 at level 0 using segments [{'id': 'f644c8a9-66a6-40f6-8b82-631df9804040', 'network_type': 'geneve', 'physical_network': None, 'segmentation_id': 35735, 'network_id': 'fbc72fa3-83e6-4597-bc64-ce2f848ce581'}] {{(pid=103356) _bind_port_level /opt/stack/neutron/neutron/plugins/ml2/managers.py:877}}
May 18 18:36:27.676863 np0000174500 devstack@neutron-api.service[103356]: DEBUG neutron.plugins.ml2.drivers.ovn.mech_driver.mech_driver [None req-157348bd-aab5-428c-af94-ae5400bbd942 service neutron] Attempting to bind port 4f43f0d9-61ae-462e-b439-1c366753e9c8 on host np0000174500 for network segment with type geneve, segmentation ID 35735, physical network None {{(pid=103356) bind_port /opt/stack/neutron/neutron/plugins/ml2/drivers/ovn/mech_driver/mech_driver.py:1204}}
May 18 18:36:27.677536 np0000174500 devstack@neutron-api.service[103356]: DEBUG neutron.plugins.ml2.managers [None req-157348bd-aab5-428c-af94-ae5400bbd942 service neutron] Bound port: 4f43f0d9-61ae-462e-b439-1c366753e9c8, host: np0000174500, vif_type: ovs, vif_details: {"port_filter": true, "connectivity": "l2", "ovs_create_tap": false, "bridge_name": "br-int", "datapath_type": "system"}, binding_levels: [{'bound_driver': 'ovn', 'bound_segment': {'id': 'f644c8a9-66a6-40f6-8b82-631df9804040', 'network_type': 'geneve', 'physical_network': None, 'segmentation_id': 35735, 'network_id': 'fbc72fa3-83e6-4597-bc64-ce2f848ce581'}}] {{(pid=103356) _bind_port_level /opt/stack/neutron/neutron/plugins/ml2/managers.py:988}}
May 18 18:36:27.677733 np0000174500 devstack@neutron-api.service[103356]: DEBUG neutron_lib.callbacks.manager [None req-157348bd-aab5-428c-af94-ae5400bbd942 service neutron] Publish callbacks ['neutron.plugins.ml2.plugin.SecurityGroupDbMixin._ensure_default_security_group_handler-450311', 'neutron.services.ovn_l3.plugin.OVNL3RouterPlugin._port_update-8110517159516', 'neutron.db.l3_db.L3_NAT_dbonly_mixin._prevent_internal_ip_change_for_fip-8110518275896'] for port (4f43f0d9-61ae-462e-b439-1c366753e9c8), before_update {{(pid=103356) _notify_loop /opt/stack/data/venv/lib/python3.12/site-packages/neutron_lib/callbacks/manager.py:184}}
May 18 18:36:27.679340 np0000174500 devstack@neutron-api.service[103355]: DEBUG neutron.db.provisioning_blocks [None req-e4fbf3af-ee9e-4bb8-873a-3aac97ccb9ae None None] Ignored duplicate provisioning block setup for port 4f43f0d9-61ae-462e-b439-1c366753e9c8 by entity L2. {{(pid=103355) add_provisioning_component /opt/stack/neutron/neutron/db/provisioning_blocks.py:69}}
May 18 18:36:27.698444 np0000174500 devstack@neutron-api.service[103355]: DEBUG neutron.plugins.ml2.plugin [None req-e4fbf3af-ee9e-4bb8-873a-3aac97ccb9ae None None] Current status of the port 4f43f0d9-61ae-462e-b439-1c366753e9c8 is: DOWN; New status is: DOWN {{(pid=103355) _update_individual_port_db_status /opt/stack/neutron/neutron/plugins/ml2/plugin.py:2466}}
May 18 18:36:27.700153 np0000174500 devstack@neutron-api.service[103355]: DEBUG ovsdbapp.backend.ovs_idl.transaction [None req-2830f71f-d216-4cf5-a7d0-73d733110d11 None None] Running txn n=1 command(idx=0): DbRemoveCommand(_result=None, table=Logical_Switch_Port, record=4f43f0d9-61ae-462e-b439-1c366753e9c8, column=external_ids, values=('neutron:host_id',), keyvalues={}, if_exists=True) {{(pid=103355) do_commit /opt/stack/data/venv/lib/python3.12/site-packages/ovsdbapp/backend/ovs_idl/transaction.py:89}}
May 18 18:36:27.747688 np0000174500 devstack@neutron-api.service[103356]: DEBUG neutron.plugins.ml2.db [None req-157348bd-aab5-428c-af94-ae5400bbd942 service neutron] For port 4f43f0d9-61ae-462e-b439-1c366753e9c8, host np0000174500, cleared binding levels {{(pid=103356) clear_binding_levels /opt/stack/neutron/neutron/plugins/ml2/db.py:87}}
May 18 18:36:27.752180 np0000174500 devstack@neutron-api.service[103356]: DEBUG neutron.plugins.ml2.db [None req-157348bd-aab5-428c-af94-ae5400bbd942 service neutron] For port 4f43f0d9-61ae-462e-b439-1c366753e9c8, host np0000174500, set binding levels [PortBindingLevel(driver='ovn',host='np0000174500',level=0,port_id=4f43f0d9-61ae-462e-b439-1c366753e9c8,segment=NetworkSegment(f644c8a9-66a6-40f6-8b82-631df9804040),segment_id=f644c8a9-66a6-40f6-8b82-631df9804040)] {{(pid=103356) set_binding_levels /opt/stack/neutron/neutron/plugins/ml2/db.py:59}}
May 18 18:36:27.753507 np0000174500 devstack@neutron-api.service[103356]: DEBUG neutron.plugins.ml2.drivers.ovn.mech_driver.mech_driver [None req-157348bd-aab5-428c-af94-ae5400bbd942 service neutron] No provisioning block for port 4f43f0d9-61ae-462e-b439-1c366753e9c8 since host unchanged {{(pid=103356) _is_port_provisioning_required /opt/stack/neutron/neutron/plugins/ml2/drivers/ovn/mech_driver/mech_driver.py:899}}
May 18 18:36:27.760583 np0000174500 devstack@neutron-api.service[103356]: DEBUG neutron_lib.callbacks.manager [None req-157348bd-aab5-428c-af94-ae5400bbd942 service neutron] Publish callbacks ['neutron.plugins.ml2.ovo_rpc._ObjectChangeHandler.handle_event-15071939', 'neutron.services.ovn_l3.plugin.OVNL3RouterPlugin._port_update-8110517159516'] for port (4f43f0d9-61ae-462e-b439-1c366753e9c8), after_update {{(pid=103356) _notify_loop /opt/stack/data/venv/lib/python3.12/site-packages/neutron_lib/callbacks/manager.py:184}}
May 18 18:36:27.823161 np0000174500 devstack@neutron-api.service[103356]: DEBUG neutron.api.rpc.handlers.resources_rpc [None req-157348bd-aab5-428c-af94-ae5400bbd942 service neutron] Pushing event updated for resources: {'Port': ['ID=4f43f0d9-61ae-462e-b439-1c366753e9c8,revision_number=3']} {{(pid=103356) push /opt/stack/neutron/neutron/api/rpc/handlers/resources_rpc.py:237}}
