+ COMMAND=start + start + for KEYSTONE_WSGI_SCRIPT in keystone-wsgi-public ++ type -p keystone-wsgi-public + cp -a /var/lib/openstack/bin/keystone-wsgi-public /var/www/cgi-bin/keystone/ + '[' -f /etc/apache2/envvars ']' + source /etc/apache2/envvars ++ unset HOME ++ '[' '' '!=' '' ']' ++ SUFFIX= ++ export APACHE_RUN_USER=www-data ++ APACHE_RUN_USER=www-data ++ export APACHE_RUN_GROUP=www-data ++ APACHE_RUN_GROUP=www-data ++ export APACHE_PID_FILE=/var/run/apache2/apache2.pid ++ APACHE_PID_FILE=/var/run/apache2/apache2.pid ++ export APACHE_RUN_DIR=/var/run/apache2 ++ APACHE_RUN_DIR=/var/run/apache2 ++ export APACHE_LOCK_DIR=/var/lock/apache2 ++ APACHE_LOCK_DIR=/var/lock/apache2 ++ export APACHE_LOG_DIR=/var/log/apache2 ++ APACHE_LOG_DIR=/var/log/apache2 ++ export LANG=C ++ LANG=C ++ export LANG + '[' -f /var/run/apache2/apache2.pid ']' + exec apache2 -DFOREGROUND AH00558: apache2: Could not reliably determine the server's fully qualified domain name, using 10.0.0.11. Set the 'ServerName' directive globally to suppress this message AH00558: apache2: Could not reliably determine the server's fully qualified domain name, using 10.0.0.11. Set the 'ServerName' directive globally to suppress this message
[Fri May 08 10:34:34.700786 2026] [mpm_event:notice] [pid 1:tid 140344265144192] AH00489: Apache/2.4.58 (Ubuntu) mod_wsgi/5.0.0 Python/3.12 configured -- resuming normal operations
[Fri May 08 10:34:34.700918 2026] [core:notice] [pid 1:tid 140344265144192] AH00094: Command line: 'apache2 -D FOREGROUND'
[Fri May 08 10:35:31.968414 2026] [wsgi:error] [pid 9:tid 140343628371648] /var/lib/openstack/lib/python3.12/site-packages/oslo_utils/importutils.py:77: EventletDeprecationWarning:
[Fri May 08 10:35:31.968478 2026] [wsgi:error] [pid 9:tid 140343628371648] Eventlet is deprecated. It is currently being maintained in bugfix mode, and
[Fri May 08 10:35:31.968480 2026] [wsgi:error] [pid 9:tid 140343628371648] we strongly recommend against using it for new projects.
[Fri May 08 10:35:31.968481 2026] [wsgi:error] [pid 9:tid 140343628371648]
[Fri May 08 10:35:31.968482 2026] [wsgi:error] [pid 9:tid 140343628371648] If you are already using Eventlet, we recommend migrating to a different
[Fri May 08 10:35:31.968483 2026] [wsgi:error] [pid 9:tid 140343628371648] framework. For more detail see
[Fri May 08 10:35:31.968484 2026] [wsgi:error] [pid 9:tid 140343628371648] https://eventlet.readthedocs.io/en/latest/asyncio/migration.html
[Fri May 08 10:35:31.968486 2026] [wsgi:error] [pid 9:tid 140343628371648]
[Fri May 08 10:35:31.968487 2026] [wsgi:error] [pid 9:tid 140343628371648] __import__(import_str)
[Fri May 08 10:35:31.973078 2026] [wsgi:error] [pid 11:tid 140343628371648] /var/lib/openstack/lib/python3.12/site-packages/oslo_utils/importutils.py:77: EventletDeprecationWarning:
[Fri May 08 10:35:31.973115 2026] [wsgi:error] [pid 11:tid 140343628371648] Eventlet is deprecated. It is currently being maintained in bugfix mode, and
[Fri May 08 10:35:31.973117 2026] [wsgi:error] [pid 11:tid 140343628371648] we strongly recommend against using it for new projects.
[Fri May 08 10:35:31.973118 2026] [wsgi:error] [pid 11:tid 140343628371648]
[Fri May 08 10:35:31.973119 2026] [wsgi:error] [pid 11:tid 140343628371648] If you are already using Eventlet, we recommend migrating to a different
[Fri May 08 10:35:31.973120 2026] [wsgi:error] [pid 11:tid 140343628371648] framework. For more detail see
[Fri May 08 10:35:31.973121 2026] [wsgi:error] [pid 11:tid 140343628371648] https://eventlet.readthedocs.io/en/latest/asyncio/migration.html
[Fri May 08 10:35:31.973123 2026] [wsgi:error] [pid 11:tid 140343628371648]
[Fri May 08 10:35:31.973124 2026] [wsgi:error] [pid 11:tid 140343628371648] __import__(import_str) 10.0.0.201 - - [08/May/2026:10:35:31 +0000] "GET /v3/ HTTP/1.1" 200 249 10.0.0.201 - - [08/May/2026:10:35:31 +0000] "GET /v3/ HTTP/1.1" 200 249
[Fri May 08 10:35:44.160787 2026] [wsgi:error] [pid 12:tid 140343628371648] /var/lib/openstack/lib/python3.12/site-packages/oslo_utils/importutils.py:77: EventletDeprecationWarning:
[Fri May 08 10:35:44.160829 2026] [wsgi:error] [pid 12:tid 140343628371648] Eventlet is deprecated. It is currently being maintained in bugfix mode, and
[Fri May 08 10:35:44.160831 2026] [wsgi:error] [pid 12:tid 140343628371648] we strongly recommend against using it for new projects.
[Fri May 08 10:35:44.160832 2026] [wsgi:error] [pid 12:tid 140343628371648]
[Fri May 08 10:35:44.160833 2026] [wsgi:error] [pid 12:tid 140343628371648] If you are already using Eventlet, we recommend migrating to a different
[Fri May 08 10:35:44.160834 2026] [wsgi:error] [pid 12:tid 140343628371648] framework. For more detail see
[Fri May 08 10:35:44.160835 2026] [wsgi:error] [pid 12:tid 140343628371648] https://eventlet.readthedocs.io/en/latest/asyncio/migration.html
[Fri May 08 10:35:44.160837 2026] [wsgi:error] [pid 12:tid 140343628371648]
[Fri May 08 10:35:44.160838 2026] [wsgi:error] [pid 12:tid 140343628371648] __import__(import_str) 10.0.0.12 - - [08/May/2026:10:35:43 +0000] "GET / HTTP/1.1" 300 295
[Fri May 08 10:35:49.527995 2026] [wsgi:error] [pid 10:tid 140343628371648] /var/lib/openstack/lib/python3.12/site-packages/oslo_utils/importutils.py:77: EventletDeprecationWarning:
[Fri May 08 10:35:49.528082 2026] [wsgi:error] [pid 10:tid 140343628371648] Eventlet is deprecated. It is currently being maintained in bugfix mode, and
[Fri May 08 10:35:49.528096 2026] [wsgi:error] [pid 10:tid 140343628371648] we strongly recommend against using it for new projects.
[Fri May 08 10:35:49.528108 2026] [wsgi:error] [pid 10:tid 140343628371648]
[Fri May 08 10:35:49.528122 2026] [wsgi:error] [pid 10:tid 140343628371648] If you are already using Eventlet, we recommend migrating to a different
[Fri May 08 10:35:49.528132 2026] [wsgi:error] [pid 10:tid 140343628371648] framework. For more detail see
[Fri May 08 10:35:49.528141 2026] [wsgi:error] [pid 10:tid 140343628371648] https://eventlet.readthedocs.io/en/latest/asyncio/migration.html
[Fri May 08 10:35:49.528152 2026] [wsgi:error] [pid 10:tid 140343628371648]
[Fri May 08 10:35:49.528161 2026] [wsgi:error] [pid 10:tid 140343628371648] __import__(import_str)
[Fri May 08 10:35:54.160990 2026] [wsgi:error] [pid 10:tid 140343628371648] [remote 10.0.0.12:36642] 2026-05-08 10:35:54.157 10 WARNING keystone.identity.core [None req-b2c0981e-7248-44db-9d4c-9d1ba4a8cc73 - - - - - -] Invalid domain name (atmosphere) found in config file name: keystone.exception.DomainNotFound: Could not find domain: atmosphere.
[Fri May 08 10:35:54.220597 2026] [wsgi:error] [pid 10:tid 140343628371648] [remote 10.0.0.12:36642] 2026-05-08 10:35:54.220 10 WARNING keystone.common.password_hashing [None req-b2c0981e-7248-44db-9d4c-9d1ba4a8cc73 - - - - - -] Truncating password to algorithm specific maximum length 72 characters.
[Fri May 08 10:35:54.516307 2026] [wsgi:error] [pid 10:tid 140343628371648] [remote 10.0.0.12:36642] 2026-05-08 10:35:54.516 10 WARNING keystone.common.fernet_utils [None req-b2c0981e-7248-44db-9d4c-9d1ba4a8cc73 - - - - - -] key_repository is world readable: /etc/keystone/fernet-keys/ 10.0.0.12 - - [08/May/2026:10:35:48 +0000] "POST /v3/auth/tokens HTTP/1.1" 201 1359
[Fri May 08 10:35:54.851062 2026] [wsgi:error] [pid 9:tid 140343628371648] [remote 10.0.0.12:36642] 2026-05-08 10:35:54.847 9 WARNING keystone.identity.core [None req-fd59cd63-4dc9-49b1-81be-456078b02fe1 - - - - - -] Invalid domain name (atmosphere) found in config file name: keystone.exception.DomainNotFound: Could not find domain: atmosphere. 10.0.0.12 - - [08/May/2026:10:35:54 +0000] "POST /v3/domains HTTP/1.1" 201 261 10.0.0.71 - - [08/May/2026:10:36:05 +0000] "GET / HTTP/1.1" 300 295
[Fri May 08 10:36:05.895469 2026] [wsgi:error] [pid 12:tid 140343628371648] [remote 10.0.0.71:51888] 2026-05-08 10:36:05.895 12 WARNING keystone.common.password_hashing [None req-6181cf65-530c-4d36-addb-3d6a9ae4a60e - - - - - -] Truncating password to algorithm specific maximum length 72 characters.
[Fri May 08 10:36:06.168974 2026] [wsgi:error] [pid 12:tid 140343628371648] [remote 10.0.0.71:51888] 2026-05-08 10:36:06.168 12 WARNING keystone.common.fernet_utils [None req-6181cf65-530c-4d36-addb-3d6a9ae4a60e - - - - - -] key_repository is world readable: /etc/keystone/fernet-keys/ 10.0.0.71 - - [08/May/2026:10:36:05 +0000] "POST /v3/auth/tokens HTTP/1.1" 201 1359 10.0.0.71 - - [08/May/2026:10:36:06 +0000] "GET /v3/roles/admin HTTP/1.1" 404 83
[Fri May 08 10:36:06.376826 2026] [wsgi:error] [pid 9:tid 140343628371648] [remote 10.0.0.71:51888] 2026-05-08 10:36:06.376 9 WARNING keystone.common.rbac_enforcer.enforcer [None req-ffdbaed4-4cff-4056-aed1-bff67e0d0d14 aca24d97ca7a4ab0b5e728ef3206b0ec 1fd78866f6e74d5a906b0d5ac37156a0 - - default default] Deprecated policy rules found. Use oslopolicy-policy-generator and oslopolicy-policy-upgrade to detect and resolve deprecated policies in your configuration. 10.0.0.71 - - [08/May/2026:10:36:06 +0000] "GET /v3/roles?name=admin HTTP/1.1" 200 389
[Fri May 08 10:36:06.741458 2026] [wsgi:error] [pid 11:tid 140343628371648] [remote 10.0.0.71:51888] 2026-05-08 10:36:06.741 11 WARNING keystone.common.rbac_enforcer.enforcer [None req-2a597c9f-cfa2-4216-92e3-6fbe6a59654d aca24d97ca7a4ab0b5e728ef3206b0ec 1fd78866f6e74d5a906b0d5ac37156a0 - - default default] Deprecated policy rules found. Use oslopolicy-policy-generator and oslopolicy-policy-upgrade to detect and resolve deprecated policies in your configuration. 10.0.0.71 - - [08/May/2026:10:36:06 +0000] "GET /v3/users/admin-RegionOne HTTP/1.1" 404 93
[Fri May 08 10:36:06.878599 2026] [wsgi:error] [pid 12:tid 140343628371648] [remote 10.0.0.71:51888] 2026-05-08 10:36:06.878 12 WARNING keystone.common.rbac_enforcer.enforcer [None req-778fe719-4378-43a1-aa1a-c3dbdc6f3cda aca24d97ca7a4ab0b5e728ef3206b0ec 1fd78866f6e74d5a906b0d5ac37156a0 - - default default] Deprecated policy rules found. Use oslopolicy-policy-generator and oslopolicy-policy-upgrade to detect and resolve deprecated policies in your configuration. 10.0.0.71 - - [08/May/2026:10:36:06 +0000] "GET /v3/users?name=admin-RegionOne HTTP/1.1" 200 422
[Fri May 08 10:36:07.073002 2026] [wsgi:error] [pid 10:tid 140343628371648] [remote 10.0.0.71:51888] 2026-05-08 10:36:07.072 10 WARNING keystone.common.rbac_enforcer.enforcer [None req-6141c278-9cea-47a5-be6e-0083dae58cd2 aca24d97ca7a4ab0b5e728ef3206b0ec 1fd78866f6e74d5a906b0d5ac37156a0 - - default default] Deprecated policy rules found. Use oslopolicy-policy-generator and oslopolicy-policy-upgrade to detect and resolve deprecated policies in your configuration. 10.0.0.71 - - [08/May/2026:10:36:06 +0000] "GET /v3/domains/default HTTP/1.1" 200 224 10.0.0.71 - - [08/May/2026:10:36:07 +0000] "PUT /v3/domains/default/users/aca24d97ca7a4ab0b5e728ef3206b0ec/roles/7ab278063d9e4fb2bc0db479153d5065 HTTP/1.1" 204 - 10.0.0.201 - - [08/May/2026:10:36:16 +0000] "GET / HTTP/1.1" 300 280 10.0.0.201 - - [08/May/2026:10:36:18 +0000] "GET /v3 HTTP/1.1" 200 265
[Fri May 08 10:36:18.345675 2026] [wsgi:error] [pid 10:tid 140343628371648] [remote 10.0.0.201:35200] 2026-05-08 10:36:18.345 10 WARNING keystone.common.password_hashing [None req-50d657ca-aaa2-4cca-b48c-a24320c13dd2 - - - - - -] Truncating password to algorithm specific maximum length 72 characters.
[Fri May 08 10:36:18.616661 2026] [wsgi:error] [pid 10:tid 140343628371648] [remote 10.0.0.201:35200] 2026-05-08 10:36:18.616 10 WARNING keystone.common.fernet_utils [None req-50d657ca-aaa2-4cca-b48c-a24320c13dd2 - - - - - -] key_repository is world readable: /etc/keystone/fernet-keys/ 10.0.0.201 - - [08/May/2026:10:36:18 +0000] "POST /v3/auth/tokens HTTP/1.1" 201 1359 10.0.0.201 - - [08/May/2026:10:36:18 +0000] "GET / HTTP/1.1" 300 280 10.0.0.201 - - [08/May/2026:10:36:18 +0000] "GET /v3/domains/atmosphere HTTP/1.1" 404 90 10.0.0.201 - - [08/May/2026:10:36:18 +0000] "GET /v3/domains?name=atmosphere HTTP/1.1" 200 368 10.0.0.201 - - [08/May/2026:10:36:18 +0000] "GET /v3/domains/a081a871c50447168d9591ddffff316d HTTP/1.1" 200 246 10.0.0.201 - - [08/May/2026:10:36:19 +0000] "GET /v3 HTTP/1.1" 200 265
[Fri May 08 10:36:19.679602 2026] [wsgi:error] [pid 11:tid 140343628371648] [remote 10.0.0.201:35200] 2026-05-08 10:36:19.679 11 WARNING keystone.common.password_hashing [None req-9a86fa41-ffe2-4a00-b7e6-f6766a56b488 - - - - - -] Truncating password to algorithm specific maximum length 72 characters.
[Fri May 08 10:36:19.957793 2026] [wsgi:error] [pid 11:tid 140343628371648] [remote 10.0.0.201:35200] 2026-05-08 10:36:19.957 11 WARNING keystone.common.fernet_utils [None req-9a86fa41-ffe2-4a00-b7e6-f6766a56b488 - - - - - -] key_repository is world readable: /etc/keystone/fernet-keys/ 10.0.0.201 - - [08/May/2026:10:36:19 +0000] "POST /v3/auth/tokens HTTP/1.1" 201 1359 10.0.0.201 - - [08/May/2026:10:36:19 +0000] "GET / HTTP/1.1" 300 280 10.0.0.201 - - [08/May/2026:10:36:19 +0000] "GET /v3/OS-FEDERATION/identity_providers/atmosphere HTTP/1.1" 404 101 10.0.0.201 - - [08/May/2026:10:36:20 +0000] "GET /v3/OS-FEDERATION/identity_providers HTTP/1.1" 200 155 10.0.0.201 - - [08/May/2026:10:36:20 +0000] "PUT /v3/OS-FEDERATION/identity_providers/atmosphere HTTP/1.1" 201 340 10.0.0.201 - - [08/May/2026:10:36:20 +0000] "GET /v3 HTTP/1.1" 200 265
[Fri May 08 10:36:20.819203 2026] [wsgi:error] [pid 10:tid 140343628371648] [remote 10.0.0.201:35200] 2026-05-08 10:36:20.819 10 WARNING keystone.common.password_hashing [None req-c8491738-84cd-4927-a3a3-d02339566717 - - - - - -] Truncating password to algorithm specific maximum length 72 characters.
[Fri May 08 10:36:21.089435 2026] [wsgi:error] [pid 10:tid 140343628371648] [remote 10.0.0.201:35200] 2026-05-08 10:36:21.089 10 WARNING keystone.common.fernet_utils [None req-c8491738-84cd-4927-a3a3-d02339566717 - - - - - -] key_repository is world readable: /etc/keystone/fernet-keys/ 10.0.0.201 - - [08/May/2026:10:36:20 +0000] "POST /v3/auth/tokens HTTP/1.1" 201 1359 10.0.0.201 - - [08/May/2026:10:36:21 +0000] "GET / HTTP/1.1" 300 280 10.0.0.201 - - [08/May/2026:10:36:21 +0000] "GET /v3/OS-FEDERATION/mappings/atmosphere-openid HTTP/1.1" 404 98 10.0.0.201 - - [08/May/2026:10:36:21 +0000] "GET /v3/OS-FEDERATION/mappings HTTP/1.1" 200 135 10.0.0.201 - - [08/May/2026:10:36:21 +0000] "PUT /v3/OS-FEDERATION/mappings/atmosphere-openid HTTP/1.1" 201 356 10.0.0.201 - - [08/May/2026:10:36:21 +0000] "GET /v3 HTTP/1.1" 200 265
[Fri May 08 10:36:21.885985 2026] [wsgi:error] [pid 11:tid 140343628371648] [remote 10.0.0.201:35212] 2026-05-08 10:36:21.885 11 WARNING keystone.common.password_hashing [None req-500e22d2-cf3b-407a-a390-ffb47b9c0f2b - - - - - -] Truncating password to algorithm specific maximum length 72 characters.
[Fri May 08 10:36:22.161283 2026] [wsgi:error] [pid 11:tid 140343628371648] [remote 10.0.0.201:35212] 2026-05-08 10:36:22.161 11 WARNING keystone.common.fernet_utils [None req-500e22d2-cf3b-407a-a390-ffb47b9c0f2b - - - - - -] key_repository is world readable: /etc/keystone/fernet-keys/ 10.0.0.201 - - [08/May/2026:10:36:21 +0000] "POST /v3/auth/tokens HTTP/1.1" 201 1359 10.0.0.201 - - [08/May/2026:10:36:22 +0000] "GET / HTTP/1.1" 300 280 10.0.0.201 - - [08/May/2026:10:36:22 +0000] "GET /v3/OS-FEDERATION/identity_providers/atmosphere/protocols/openid?idp_id=atmosphere HTTP/1.1" 404 131 10.0.0.201 - - [08/May/2026:10:36:22 +0000] "GET /v3/OS-FEDERATION/identity_providers/atmosphere/protocols HTTP/1.1" 200 167 10.0.0.201 - - [08/May/2026:10:36:22 +0000] "PUT /v3/OS-FEDERATION/identity_providers/atmosphere/protocols/openid HTTP/1.1" 201 222 10.0.0.201 - - [08/May/2026:10:36:31 +0000] "GET /v3/ HTTP/1.1" 200 249 10.0.0.201 - - [08/May/2026:10:36:31 +0000] "GET /v3/ HTTP/1.1" 200 249 10.0.0.201 - - [08/May/2026:10:37:31 +0000] "GET /v3/ HTTP/1.1" 200 249 10.0.0.201 - - [08/May/2026:10:37:31 +0000] "GET /v3/ HTTP/1.1" 200 249 10.0.0.163 - - [08/May/2026:10:37:43 +0000] "GET / HTTP/1.1" 300 295
[Fri May 08 10:37:43.447118 2026] [wsgi:error] [pid 10:tid 140343628371648] [remote 10.0.0.163:33212] 2026-05-08 10:37:43.446 10 WARNING keystone.common.password_hashing [None req-df2453b2-cac3-42df-80cc-9b76e5ae1bb5 - - - - - -] Truncating password to algorithm specific maximum length 72 characters.
[Fri May 08 10:37:43.715543 2026] [wsgi:error] [pid 10:tid 140343628371648] [remote 10.0.0.163:33212] 2026-05-08 10:37:43.715 10 WARNING keystone.common.fernet_utils [None req-df2453b2-cac3-42df-80cc-9b76e5ae1bb5 - - - - - -] key_repository is world readable: /etc/keystone/fernet-keys/ 10.0.0.163 - - [08/May/2026:10:37:43 +0000] "POST /v3/auth/tokens HTTP/1.1" 201 1359 10.0.0.163 - - [08/May/2026:10:37:43 +0000] "GET /v3/services HTTP/1.1" 200 355 10.0.0.163 - - [08/May/2026:10:37:47 +0000] "GET / HTTP/1.1" 300 295
[Fri May 08 10:37:47.154407 2026] [wsgi:error] [pid 12:tid 140343628371648] [remote 10.0.0.163:44706] 2026-05-08 10:37:47.154 12 WARNING keystone.common.password_hashing [None req-ad7dac2e-ffc7-4290-8ced-0b995616ee77 - - - - - -] Truncating password to algorithm specific maximum length 72 characters.
[Fri May 08 10:37:47.424819 2026] [wsgi:error] [pid 12:tid 140343628371648] [remote 10.0.0.163:44706] 2026-05-08 10:37:47.424 12 WARNING keystone.common.fernet_utils [None req-ad7dac2e-ffc7-4290-8ced-0b995616ee77 - - - - - -] key_repository is world readable: /etc/keystone/fernet-keys/ 10.0.0.163 - - [08/May/2026:10:37:47 +0000] "POST /v3/auth/tokens HTTP/1.1" 201 1359 10.0.0.163 - - [08/May/2026:10:37:47 +0000] "GET /v3/services HTTP/1.1" 200 355 10.0.0.163 - - [08/May/2026:10:37:50 +0000] "GET / HTTP/1.1" 300 295
[Fri May 08 10:37:50.833465 2026] [wsgi:error] [pid 11:tid 140343628371648] [remote 10.0.0.163:44718] 2026-05-08 10:37:50.833 11 WARNING keystone.common.password_hashing [None req-0e260f33-d6cc-4d48-8704-b9d2697158db - - - - - -] Truncating password to algorithm specific maximum length 72 characters.
[Fri May 08 10:37:51.101297 2026] [wsgi:error] [pid 11:tid 140343628371648] [remote 10.0.0.163:44718] 2026-05-08 10:37:51.101 11 WARNING keystone.common.fernet_utils [None req-0e260f33-d6cc-4d48-8704-b9d2697158db - - - - - -] key_repository is world readable: /etc/keystone/fernet-keys/ 10.0.0.163 - - [08/May/2026:10:37:50 +0000] "POST /v3/auth/tokens HTTP/1.1" 201 1359 10.0.0.163 - - [08/May/2026:10:37:51 +0000] "GET /v3/services HTTP/1.1" 200 355 10.0.0.163 - - [08/May/2026:10:37:54 +0000] "GET / HTTP/1.1" 300 295
[Fri May 08 10:37:54.471021 2026] [wsgi:error] [pid 9:tid 140343628371648] [remote 10.0.0.163:44732] 2026-05-08 10:37:54.470 9 WARNING keystone.common.password_hashing [None req-eed6a8e1-5b0d-4a08-9a94-796c17372f5d - - - - - -] Truncating password to algorithm specific maximum length 72 characters.
[Fri May 08 10:37:54.743887 2026] [wsgi:error] [pid 9:tid 140343628371648] [remote 10.0.0.163:44732] 2026-05-08 10:37:54.743 9 WARNING keystone.common.fernet_utils [None req-eed6a8e1-5b0d-4a08-9a94-796c17372f5d - - - - - -] key_repository is world readable: /etc/keystone/fernet-keys/ 10.0.0.163 - - [08/May/2026:10:37:54 +0000] "POST /v3/auth/tokens HTTP/1.1" 201 1359 10.0.0.163 - - [08/May/2026:10:37:54 +0000] "POST /v3/services HTTP/1.1" 201 296 10.0.0.251 - - [08/May/2026:10:38:05 +0000] "GET / HTTP/1.1" 300 295
[Fri May 08 10:38:05.770078 2026] [wsgi:error] [pid 10:tid 140343628371648] [remote 10.0.0.251:56818] 2026-05-08 10:38:05.769 10 WARNING keystone.common.password_hashing [None req-9aefb4b0-897d-465f-af56-eaf451f06727 - - - - - -] Truncating password to algorithm specific maximum length 72 characters. 10.0.0.251 - - [08/May/2026:10:38:05 +0000] "GET / HTTP/1.1" 300 295
[Fri May 08 10:38:05.824003 2026] [wsgi:error] [pid 11:tid 140343628371648] [remote 10.0.0.251:56834] 2026-05-08 10:38:05.823 11 WARNING keystone.common.password_hashing [None req-9a6d2c19-c96a-41df-bc2f-c9e71f4088a2 - - - - - -] Truncating password to algorithm specific maximum length 72 characters. 10.0.0.251 - - [08/May/2026:10:38:05 +0000] "GET / HTTP/1.1" 300 295
[Fri May 08 10:38:05.959559 2026] [wsgi:error] [pid 9:tid 140343628371648] [remote 10.0.0.251:42878] 2026-05-08 10:38:05.959 9 WARNING keystone.common.password_hashing [None req-11f13ac1-9571-4589-a345-8aacf6943278 - - - - - -] Truncating password to algorithm specific maximum length 72 characters.
[Fri May 08 10:38:06.047072 2026] [wsgi:error] [pid 10:tid 140343628371648] [remote 10.0.0.251:56818] 2026-05-08 10:38:06.046 10 WARNING keystone.common.fernet_utils [None req-9aefb4b0-897d-465f-af56-eaf451f06727 - - - - - -] key_repository is world readable: /etc/keystone/fernet-keys/ 10.0.0.251 - - [08/May/2026:10:38:05 +0000] "POST /v3/auth/tokens HTTP/1.1" 201 1463
[Fri May 08 10:38:06.096354 2026] [wsgi:error] [pid 11:tid 140343628371648] [remote 10.0.0.251:56834] 2026-05-08 10:38:06.096 11 WARNING keystone.common.fernet_utils [None req-9a6d2c19-c96a-41df-bc2f-c9e71f4088a2 - - - - - -] key_repository is world readable: /etc/keystone/fernet-keys/ 10.0.0.251 - - [08/May/2026:10:38:05 +0000] "POST /v3/auth/tokens HTTP/1.1" 201 1463 10.0.0.251 - - [08/May/2026:10:38:06 +0000] "GET /v3/services HTTP/1.1" 200 639 10.0.0.251 - - [08/May/2026:10:38:06 +0000] "GET /v3/services HTTP/1.1" 200 639
[Fri May 08 10:38:06.233021 2026] [wsgi:error] [pid 9:tid 140343628371648] [remote 10.0.0.251:42878] 2026-05-08 10:38:06.232 9 WARNING keystone.common.fernet_utils [None req-11f13ac1-9571-4589-a345-8aacf6943278 - - - - - -] key_repository is world readable: /etc/keystone/fernet-keys/ 10.0.0.251 - - [08/May/2026:10:38:05 +0000] "POST /v3/auth/tokens HTTP/1.1" 201 1463 10.0.0.251 - - [08/May/2026:10:38:06 +0000] "GET /v3/services HTTP/1.1" 200 639 10.0.0.251 - - [08/May/2026:10:38:07 +0000] "GET / HTTP/1.1" 300 295
[Fri May 08 10:38:07.510710 2026] [wsgi:error] [pid 10:tid 140343628371648] [remote 10.0.0.251:42890] 2026-05-08 10:38:07.510 10 WARNING keystone.common.password_hashing [None req-f6e71b84-8d35-413f-b558-bb9ca953b1eb - - - - - -] Truncating password to algorithm specific maximum length 72 characters. 10.0.0.251 - - [08/May/2026:10:38:07 +0000] "GET / HTTP/1.1" 300 295
[Fri May 08 10:38:07.663788 2026] [wsgi:error] [pid 11:tid 140343628371648] [remote 10.0.0.251:42900] 2026-05-08 10:38:07.663 11 WARNING keystone.common.password_hashing [None req-27ffde69-b492-44cd-859f-9531d551c737 - - - - - -] Truncating password to algorithm specific maximum length 72 characters. 10.0.0.251 - - [08/May/2026:10:38:07 +0000] "GET / HTTP/1.1" 300 295
[Fri May 08 10:38:07.780959 2026] [wsgi:error] [pid 10:tid 140343628371648] [remote 10.0.0.251:42890] 2026-05-08 10:38:07.780 10 WARNING keystone.common.fernet_utils [None req-f6e71b84-8d35-413f-b558-bb9ca953b1eb - - - - - -] key_repository is world readable: /etc/keystone/fernet-keys/ 10.0.0.251 - - [08/May/2026:10:38:07 +0000] "POST /v3/auth/tokens HTTP/1.1" 201 1463
[Fri May 08 10:38:07.791732 2026] [wsgi:error] [pid 9:tid 140343628371648] [remote 10.0.0.251:42912] 2026-05-08 10:38:07.791 9 WARNING keystone.common.password_hashing [None req-7d6bdd9b-49a7-49df-b356-2e57fd7552d2 - - - - - -] Truncating password to algorithm specific maximum length 72 characters. 10.0.0.251 - - [08/May/2026:10:38:07 +0000] "GET /v3/endpoints HTTP/1.1" 200 1226 10.0.0.251 - - [08/May/2026:10:38:07 +0000] "GET /v3/services/96134da7ae0e4d5395871c1148109fef HTTP/1.1" 200 233 10.0.0.251 - - [08/May/2026:10:38:07 +0000] "GET /v3/services/96134da7ae0e4d5395871c1148109fef HTTP/1.1" 200 233
[Fri May 08 10:38:07.958117 2026] [wsgi:error] [pid 11:tid 140343628371648] [remote 10.0.0.251:42900] 2026-05-08 10:38:07.957 11 WARNING keystone.common.fernet_utils [None req-27ffde69-b492-44cd-859f-9531d551c737 - - - - - -] key_repository is world readable: /etc/keystone/fernet-keys/ 10.0.0.251 - - [08/May/2026:10:38:07 +0000] "GET /v3/services/96134da7ae0e4d5395871c1148109fef HTTP/1.1" 200 233 10.0.0.251 - - [08/May/2026:10:38:07 +0000] "POST /v3/auth/tokens HTTP/1.1" 201 1463
[Fri May 08 10:38:08.062882 2026] [wsgi:error] [pid 9:tid 140343628371648] [remote 10.0.0.251:42912] 2026-05-08 10:38:08.062 9 WARNING keystone.common.fernet_utils [None req-7d6bdd9b-49a7-49df-b356-2e57fd7552d2 - - - - - -] key_repository is world readable: /etc/keystone/fernet-keys/ 10.0.0.251 - - [08/May/2026:10:38:07 +0000] "POST /v3/auth/tokens HTTP/1.1" 201 1463 10.0.0.251 - - [08/May/2026:10:38:08 +0000] "GET /v3/endpoints HTTP/1.1" 200 1226 10.0.0.251 - - [08/May/2026:10:38:08 +0000] "GET /v3/services/96134da7ae0e4d5395871c1148109fef HTTP/1.1" 200 233 10.0.0.251 - - [08/May/2026:10:38:08 +0000] "GET /v3/services/96134da7ae0e4d5395871c1148109fef HTTP/1.1" 200 233 10.0.0.251 - - [08/May/2026:10:38:08 +0000] "GET /v3/services/96134da7ae0e4d5395871c1148109fef HTTP/1.1" 200 233 10.0.0.251 - - [08/May/2026:10:38:08 +0000] "GET /v3/endpoints HTTP/1.1" 200 1226 10.0.0.251 - - [08/May/2026:10:38:08 +0000] "GET /v3/services/96134da7ae0e4d5395871c1148109fef HTTP/1.1" 200 233 10.0.0.251 - - [08/May/2026:10:38:08 +0000] "GET /v3/services/96134da7ae0e4d5395871c1148109fef HTTP/1.1" 200 233 10.0.0.251 - - [08/May/2026:10:38:08 +0000] "GET /v3/services/96134da7ae0e4d5395871c1148109fef HTTP/1.1" 200 233 10.0.0.251 - - [08/May/2026:10:38:09 +0000] "GET / HTTP/1.1" 300 295
[Fri May 08 10:38:09.308691 2026] [wsgi:error] [pid 10:tid 140343628371648] [remote 10.0.0.251:42920] 2026-05-08 10:38:09.308 10 WARNING keystone.common.password_hashing [None req-e1e2c8c7-108b-4ece-877c-7b381b70d9be - - - - - -] Truncating password to algorithm specific maximum length 72 characters. 10.0.0.251 - - [08/May/2026:10:38:09 +0000] "GET / HTTP/1.1" 300 295
[Fri May 08 10:38:09.573450 2026] [wsgi:error] [pid 11:tid 140343628371648] [remote 10.0.0.251:42928] 2026-05-08 10:38:09.573 11 WARNING keystone.common.password_hashing [None req-0f240c84-dd10-44d4-9062-e2c960b3e99c - - - - - -] Truncating password to algorithm specific maximum length 72 characters.
[Fri May 08 10:38:09.577107 2026] [wsgi:error] [pid 10:tid 140343628371648] [remote 10.0.0.251:42920] 2026-05-08 10:38:09.576 10 WARNING keystone.common.fernet_utils [None req-e1e2c8c7-108b-4ece-877c-7b381b70d9be - - - - - -] key_repository is world readable: /etc/keystone/fernet-keys/ 10.0.0.251 - - [08/May/2026:10:38:09 +0000] "POST /v3/auth/tokens HTTP/1.1" 201 1463 10.0.0.251 - - [08/May/2026:10:38:09 +0000] "GET /v3/services/45747d469a3c4ca6a4f80f5b888758ce HTTP/1.1" 200 296 10.0.0.251 - - [08/May/2026:10:38:09 +0000] "GET / HTTP/1.1" 300 295
[Fri May 08 10:38:09.760338 2026] [wsgi:error] [pid 9:tid 140343628371648] [remote 10.0.0.251:42930] 2026-05-08 10:38:09.760 9 WARNING keystone.common.password_hashing [None req-986ad89d-0225-4eca-b7c0-41f2160fbd20 - - - - - -] Truncating password to algorithm specific maximum length 72 characters. 10.0.0.251 - - [08/May/2026:10:38:09 +0000] "GET /v3/regions/RegionOne HTTP/1.1" 200 173
[Fri May 08 10:38:09.846935 2026] [wsgi:error] [pid 11:tid 140343628371648] [remote 10.0.0.251:42928] 2026-05-08 10:38:09.846 11 WARNING keystone.common.fernet_utils [None req-0f240c84-dd10-44d4-9062-e2c960b3e99c - - - - - -] key_repository is world readable: /etc/keystone/fernet-keys/ 10.0.0.251 - - [08/May/2026:10:38:09 +0000] "POST /v3/auth/tokens HTTP/1.1" 201 1463 10.0.0.251 - - [08/May/2026:10:38:09 +0000] "POST /v3/endpoints HTTP/1.1" 201 380 10.0.0.251 - - [08/May/2026:10:38:09 +0000] "GET /v3/services/45747d469a3c4ca6a4f80f5b888758ce HTTP/1.1" 200 296 10.0.0.251 - - [08/May/2026:10:38:10 +0000] "GET /v3/regions/RegionOne HTTP/1.1" 200 173
[Fri May 08 10:38:10.048053 2026] [wsgi:error] [pid 9:tid 140343628371648] [remote 10.0.0.251:42930] 2026-05-08 10:38:10.047 9 WARNING keystone.common.fernet_utils [None req-986ad89d-0225-4eca-b7c0-41f2160fbd20 - - - - - -] key_repository is world readable: /etc/keystone/fernet-keys/ 10.0.0.251 - - [08/May/2026:10:38:09 +0000] "POST /v3/auth/tokens HTTP/1.1" 201 1640 10.0.0.251 - - [08/May/2026:10:38:10 +0000] "POST /v3/endpoints HTTP/1.1" 201 369 10.0.0.251 - - [08/May/2026:10:38:10 +0000] "GET /v3/services/45747d469a3c4ca6a4f80f5b888758ce HTTP/1.1" 200 296 10.0.0.251 - - [08/May/2026:10:38:10 +0000] "GET /v3/regions/RegionOne HTTP/1.1" 200 173 10.0.0.251 - - [08/May/2026:10:38:10 +0000] "POST /v3/endpoints HTTP/1.1" 201 383 10.0.0.251 - - [08/May/2026:10:38:11 +0000] "GET / HTTP/1.1" 300 295
[Fri May 08 10:38:11.354072 2026] [wsgi:error] [pid 12:tid 140343628371648] [remote 10.0.0.251:42944] 2026-05-08 10:38:11.353 12 WARNING keystone.common.password_hashing [None req-0a571794-23a5-4680-a14f-4afe4283add0 - - - - - -] Truncating password to algorithm specific maximum length 72 characters. 10.0.0.251 - - [08/May/2026:10:38:11 +0000] "GET / HTTP/1.1" 300 295
[Fri May 08 10:38:11.450084 2026] [wsgi:error] [pid 9:tid 140343628371648] [remote 10.0.0.251:42956] 2026-05-08 10:38:11.449 9 WARNING keystone.common.password_hashing [None req-ba0630b0-52b7-4d02-b808-63309d7b8de3 - - - - - -] Truncating password to algorithm specific maximum length 72 characters.
[Fri May 08 10:38:11.624103 2026] [wsgi:error] [pid 12:tid 140343628371648] [remote 10.0.0.251:42944] 2026-05-08 10:38:11.623 12 WARNING keystone.common.fernet_utils [None req-0a571794-23a5-4680-a14f-4afe4283add0 - - - - - -] key_repository is world readable: /etc/keystone/fernet-keys/ 10.0.0.251 - - [08/May/2026:10:38:11 +0000] "POST /v3/auth/tokens HTTP/1.1" 201 1990 10.0.0.251 - - [08/May/2026:10:38:11 +0000] "GET / HTTP/1.1" 300 295
[Fri May 08 10:38:11.717992 2026] [wsgi:error] [pid 9:tid 140343628371648] [remote 10.0.0.251:42956] 2026-05-08 10:38:11.717 9 WARNING keystone.common.fernet_utils [None req-ba0630b0-52b7-4d02-b808-63309d7b8de3 - - - - - -] key_repository is world readable: /etc/keystone/fernet-keys/
[Fri May 08 10:38:11.718888 2026] [wsgi:error] [pid 11:tid 140343628371648] [remote 10.0.0.251:42968] 2026-05-08 10:38:11.718 11 WARNING keystone.common.password_hashing [None req-de856dd3-9203-4379-97da-b5494048f520 - - - - - -] Truncating password to algorithm specific maximum length 72 characters. 10.0.0.251 - - [08/May/2026:10:38:11 +0000] "POST /v3/auth/tokens HTTP/1.1" 201 1990 10.0.0.251 - - [08/May/2026:10:38:11 +0000] "GET /v3/endpoints/20b22944b55640a3951250fa6d7d91ac HTTP/1.1" 200 369 10.0.0.251 - - [08/May/2026:10:38:11 +0000] "GET /v3/services/45747d469a3c4ca6a4f80f5b888758ce HTTP/1.1" 200 296 10.0.0.251 - - [08/May/2026:10:38:11 +0000] "GET /v3/endpoints/4ce84e1561164402908f3faed411e9b0 HTTP/1.1" 200 380 10.0.0.251 - - [08/May/2026:10:38:11 +0000] "GET /v3/services/45747d469a3c4ca6a4f80f5b888758ce HTTP/1.1" 200 296
[Fri May 08 10:38:11.987529 2026] [wsgi:error] [pid 11:tid 140343628371648] [remote 10.0.0.251:42968] 2026-05-08 10:38:11.987 11 WARNING keystone.common.fernet_utils [None req-de856dd3-9203-4379-97da-b5494048f520 - - - - - -] key_repository is world readable: /etc/keystone/fernet-keys/ 10.0.0.251 - - [08/May/2026:10:38:11 +0000] "POST /v3/auth/tokens HTTP/1.1" 201 1990 10.0.0.251 - - [08/May/2026:10:38:12 +0000] "GET /v3/endpoints/5708ed038f3045e98ebb2a36583d02c7 HTTP/1.1" 200 383 10.0.0.251 - - [08/May/2026:10:38:12 +0000] "GET /v3/services/45747d469a3c4ca6a4f80f5b888758ce HTTP/1.1" 200 296 10.0.0.249 - - [08/May/2026:10:38:23 +0000] "GET / HTTP/1.1" 300 295
[Fri May 08 10:38:23.968592 2026] [wsgi:error] [pid 11:tid 140343628371648] [remote 10.0.0.249:42608] 2026-05-08 10:38:23.968 11 WARNING keystone.common.password_hashing [None req-e7d704a8-35ee-4100-a83c-b9fc59d16f13 - - - - - -] Truncating password to algorithm specific maximum length 72 characters.
[Fri May 08 10:38:24.246381 2026] [wsgi:error] [pid 11:tid 140343628371648] [remote 10.0.0.249:42608] 2026-05-08 10:38:24.246 11 WARNING keystone.common.fernet_utils [None req-e7d704a8-35ee-4100-a83c-b9fc59d16f13 - - - - - -] key_repository is world readable: /etc/keystone/fernet-keys/ 10.0.0.249 - - [08/May/2026:10:38:23 +0000] "POST /v3/auth/tokens HTTP/1.1" 201 1990 10.0.0.249 - - [08/May/2026:10:38:24 +0000] "POST /v3/domains HTTP/1.1" 201 284 10.0.0.249 - - [08/May/2026:10:38:25 +0000] "GET / HTTP/1.1" 300 295
[Fri May 08 10:38:25.749233 2026] [wsgi:error] [pid 12:tid 140343628371648] [remote 10.0.0.249:42622] 2026-05-08 10:38:25.748 12 WARNING keystone.common.password_hashing [None req-48073b47-50fd-4b86-9a90-59cd3bf0831f - - - - - -] Truncating password to algorithm specific maximum length 72 characters.
[Fri May 08 10:38:26.022111 2026] [wsgi:error] [pid 12:tid 140343628371648] [remote 10.0.0.249:42622] 2026-05-08 10:38:26.021 12 WARNING keystone.common.fernet_utils [None req-48073b47-50fd-4b86-9a90-59cd3bf0831f - - - - - -] key_repository is world readable: /etc/keystone/fernet-keys/ 10.0.0.249 - - [08/May/2026:10:38:25 +0000] "POST /v3/auth/tokens HTTP/1.1" 201 1990
[Fri May 08 10:38:26.203764 2026] [wsgi:error] [pid 11:tid 140343628371648] [remote 10.0.0.249:42622] 2026-05-08 10:38:26.188 11 ERROR keystone.server.flask.application [None req-6b9c279e-0b6e-4ba6-a71a-45df6eec665d aca24d97ca7a4ab0b5e728ef3206b0ec 1fd78866f6e74d5a906b0d5ac37156a0 - - default default] Conflict occurred attempting to store project - it is not permitted to have two projects acting as domains with the same name: service.: keystone.exception.Conflict: Conflict occurred attempting to store project - it is not permitted to have two projects acting as domains with the same name: service.
[Fri May 08 10:38:26.203790 2026] [wsgi:error] [pid 11:tid 140343628371648] [remote 10.0.0.249:42622] 2026-05-08 10:38:26.188 11 ERROR keystone.server.flask.application
Traceback (most recent call last):
[Fri May 08 10:38:26.203792 2026] [wsgi:error] [pid 11:tid 140343628371648] [remote 10.0.0.249:42622] 2026-05-08 10:38:26.188 11 ERROR keystone.server.flask.application
File "/var/lib/openstack/lib/python3.12/site-packages/sqlalchemy/engine/base.py", line 1967, in _exec_single_context
[Fri May 08 10:38:26.203793 2026] [wsgi:error] [pid 11:tid 140343628371648] [remote 10.0.0.249:42622] 2026-05-08 10:38:26.188 11 ERROR keystone.server.flask.application self.dialect.do_execute(
[Fri May 08 10:38:26.203795 2026] [wsgi:error] [pid 11:tid 140343628371648] [remote 10.0.0.249:42622] 2026-05-08 10:38:26.188 11 ERROR keystone.server.flask.application
File "/var/lib/openstack/lib/python3.12/site-packages/sqlalchemy/engine/default.py", line 952, in do_execute
[Fri May 08 10:38:26.203797 2026] [wsgi:error] [pid 11:tid 140343628371648] [remote 10.0.0.249:42622] 2026-05-08 10:38:26.188 11 ERROR keystone.server.flask.application cursor.execute(statement, parameters)
[Fri May 08 10:38:26.203798 2026] [wsgi:error] [pid 11:tid 140343628371648] [remote 10.0.0.249:42622] 2026-05-08 10:38:26.188 11 ERROR keystone.server.flask.application
File "/var/lib/openstack/lib/python3.12/site-packages/pymysql/cursors.py", line 157, in execute
[Fri May 08 10:38:26.203800 2026] [wsgi:error] [pid 11:tid 140343628371648] [remote 10.0.0.249:42622] 2026-05-08 10:38:26.188 11 ERROR keystone.server.flask.application result = self._query(query)
[Fri May 08 10:38:26.203801 2026] [wsgi:error] [pid 11:tid 140343628371648] [remote 10.0.0.249:42622] 2026-05-08 10:38:26.188 11 ERROR keystone.server.flask.application ^^^^^^^^^^^^^^^^^^
[Fri May 08 10:38:26.203802 2026] [wsgi:error] [pid 11:tid 140343628371648] [remote 10.0.0.249:42622] 2026-05-08 10:38:26.188 11 ERROR keystone.server.flask.application
File "/var/lib/openstack/lib/python3.12/site-packages/pymysql/cursors.py", line 328, in _query
[Fri May 08 10:38:26.203804 2026] [wsgi:error] [pid 11:tid 140343628371648] [remote 10.0.0.249:42622] 2026-05-08 10:38:26.188 11 ERROR keystone.server.flask.application conn.query(q)
[Fri May 08 10:38:26.203805 2026] [wsgi:error] [pid 11:tid 140343628371648] [remote 10.0.0.249:42622] 2026-05-08 10:38:26.188 11 ERROR keystone.server.flask.application
File "/var/lib/openstack/lib/python3.12/site-packages/pymysql/connections.py", line 575, in query
[Fri May 08 10:38:26.203807 2026] [wsgi:error] [pid 11:tid 140343628371648] [remote 10.0.0.249:42622] 2026-05-08 10:38:26.188 11 ERROR keystone.server.flask.application self._affected_rows = self._read_query_result(unbuffered=unbuffered)
[Fri May 08 10:38:26.203808 2026] [wsgi:error] [pid 11:tid 140343628371648] [remote 10.0.0.249:42622] 2026-05-08 10:38:26.188 11 ERROR keystone.server.flask.application ^^^^^^^^^^^^^^^^^^^^^^^^^^^^^^^^^^^^^^^^^^^^^^
[Fri May 08 10:38:26.203810 2026] [wsgi:error] [pid 11:tid 140343628371648] [remote 10.0.0.249:42622] 2026-05-08 10:38:26.188 11 ERROR keystone.server.flask.application
File "/var/lib/openstack/lib/python3.12/site-packages/pymysql/connections.py", line 826, in _read_query_result
[Fri May 08 10:38:26.203811 2026] [wsgi:error] [pid 11:tid 140343628371648] [remote 10.0.0.249:42622] 2026-05-08 10:38:26.188 11 ERROR keystone.server.flask.application result.read()
[Fri May 08 10:38:26.203814 2026] [wsgi:error] [pid 11:tid 140343628371648] [remote 10.0.0.249:42622] 2026-05-08 10:38:26.188 11 ERROR keystone.server.flask.application
File "/var/lib/openstack/lib/python3.12/site-packages/pymysql/connections.py", line 1203, in read
[Fri May 08 10:38:26.203815 2026] [wsgi:error] [pid 11:tid 140343628371648] [remote 10.0.0.249:42622] 2026-05-08 10:38:26.188 11 ERROR keystone.server.flask.application first_packet = self.connection._read_packet()
[Fri May 08 10:38:26.203817 2026] [wsgi:error] [pid 11:tid 140343628371648] [remote 10.0.0.249:42622] 2026-05-08 10:38:26.188 11 ERROR keystone.server.flask.application ^^^^^^^^^^^^^^^^^^^^^^^^^^^^^^
[Fri May 08 10:38:26.203818 2026] [wsgi:error] [pid 11:tid 140343628371648] [remote 10.0.0.249:42622] 2026-05-08 10:38:26.188 11 ERROR keystone.server.flask.application
File "/var/lib/openstack/lib/python3.12/site-packages/pymysql/connections.py", line 782, in _read_packet
[Fri May 08 10:38:26.203820 2026] [wsgi:error] [pid 11:tid 140343628371648] [remote 10.0.0.249:42622] 2026-05-08 10:38:26.188 11 ERROR keystone.server.flask.application packet.raise_for_error()
[Fri May 08 10:38:26.203821 2026] [wsgi:error] [pid 11:tid 140343628371648] [remote 10.0.0.249:42622] 2026-05-08 10:38:26.188 11 ERROR keystone.server.flask.application
File "/var/lib/openstack/lib/python3.12/site-packages/pymysql/protocol.py", line 219, in raise_for_error
[Fri May 08 10:38:26.203822 2026] [wsgi:error] [pid 11:tid 140343628371648] [remote 10.0.0.249:42622] 2026-05-08 10:38:26.188 11 ERROR keystone.server.flask.application err.raise_mysql_exception(self._data)
[Fri May 08 10:38:26.203824 2026] [wsgi:error] [pid 11:tid 140343628371648] [remote 10.0.0.249:42622] 2026-05-08 10:38:26.188 11 ERROR keystone.server.flask.application
File "/var/lib/openstack/lib/python3.12/site-packages/pymysql/err.py", line 150, in raise_mysql_exception
[Fri May 08 10:38:26.203825 2026] [wsgi:error] [pid 11:tid 140343628371648] [remote 10.0.0.249:42622] 2026-05-08 10:38:26.188 11 ERROR keystone.server.flask.application raise errorclass(errno, errval)
[Fri May 08 10:38:26.203827 2026] [wsgi:error] [pid 11:tid 140343628371648] [remote 10.0.0.249:42622] 2026-05-08 10:38:26.188 11 ERROR keystone.server.flask.application pymysql.err.IntegrityError: (1062, "Duplicate entry '<>-service' for key 'project.ixu_project_name_domain_id'")
[Fri May 08 10:38:26.203828 2026] [wsgi:error] [pid 11:tid 140343628371648] [remote 10.0.0.249:42622] 2026-05-08 10:38:26.188 11 ERROR keystone.server.flask.application
[Fri May 08 10:38:26.203830 2026] [wsgi:error] [pid 11:tid 140343628371648] [remote 10.0.0.249:42622] 2026-05-08 10:38:26.188 11 ERROR keystone.server.flask.application The above exception was the direct cause of the following exception:
[Fri May 08 10:38:26.203831 2026] [wsgi:error] [pid 11:tid 140343628371648] [remote 10.0.0.249:42622] 2026-05-08 10:38:26.188 11 ERROR keystone.server.flask.application
[Fri May 08 10:38:26.203832 2026] [wsgi:error] [pid 11:tid 140343628371648] [remote 10.0.0.249:42622] 2026-05-08 10:38:26.188 11 ERROR keystone.server.flask.application
Traceback (most recent call last):
[Fri May 08 10:38:26.203833 2026] [wsgi:error] [pid 11:tid 140343628371648] [remote 10.0.0.249:42622] 2026-05-08 10:38:26.188 11 ERROR keystone.server.flask.application
File "/var/lib/openstack/lib/python3.12/site-packages/keystone/common/sql/core.py", line 575, in wrapper
[Fri May 08 10:38:26.203835 2026] [wsgi:error] [pid 11:tid 140343628371648] [remote 10.0.0.249:42622] 2026-05-08 10:38:26.188 11 ERROR keystone.server.flask.application return method(*args, **kwargs)
[Fri May 08 10:38:26.203836 2026] [wsgi:error] [pid 11:tid 140343628371648] [remote 10.0.0.249:42622] 2026-05-08 10:38:26.188 11 ERROR keystone.server.flask.application ^^^^^^^^^^^^^^^^^^^^^^^
[Fri May 08 10:38:26.203839 2026] [wsgi:error] [pid 11:tid 140343628371648] [remote 10.0.0.249:42622] 2026-05-08 10:38:26.188 11 ERROR keystone.server.flask.application
File "/var/lib/openstack/lib/python3.12/site-packages/keystone/resource/backends/sql.py", line 278, in create_project
[Fri May 08 10:38:26.203840 2026] [wsgi:error] [pid 11:tid 140343628371648] [remote 10.0.0.249:42622] 2026-05-08 10:38:26.188 11 ERROR keystone.server.flask.application with sql.session_for_write() as session:
[Fri May 08 10:38:26.203841 2026] [wsgi:error] [pid 11:tid 140343628371648] [remote 10.0.0.249:42622] 2026-05-08 10:38:26.188 11 ERROR keystone.server.flask.application
File "/usr/lib/python3.12/contextlib.py", line 144, in __exit__
[Fri May 08 10:38:26.203843 2026] [wsgi:error] [pid 11:tid 140343628371648] [remote 10.0.0.249:42622] 2026-05-08 10:38:26.188 11 ERROR keystone.server.flask.application next(self.gen)
[Fri May 08 10:38:26.203844 2026] [wsgi:error] [pid 11:tid 140343628371648] [remote 10.0.0.249:42622] 2026-05-08 10:38:26.188 11 ERROR keystone.server.flask.application
File "/var/lib/openstack/lib/python3.12/site-packages/oslo_db/sqlalchemy/enginefacade.py", line 1175, in _transaction_scope
[Fri May 08 10:38:26.203846 2026] [wsgi:error] [pid 11:tid 140343628371648] [remote 10.0.0.249:42622] 2026-05-08 10:38:26.188 11 ERROR keystone.server.flask.application with current._produce_block(
[Fri May 08 10:38:26.203847 2026] [wsgi:error] [pid 11:tid 140343628371648] [remote 10.0.0.249:42622] 2026-05-08 10:38:26.188 11 ERROR keystone.server.flask.application
File "/usr/lib/python3.12/contextlib.py", line 144, in __exit__
[Fri May 08 10:38:26.203848 2026] [wsgi:error] [pid 11:tid 140343628371648] [remote 10.0.0.249:42622] 2026-05-08 10:38:26.188 11 ERROR keystone.server.flask.application next(self.gen)
[Fri May 08 10:38:26.203850 2026] [wsgi:error] [pid 11:tid 140343628371648] [remote 10.0.0.249:42622] 2026-05-08 10:38:26.188 11 ERROR keystone.server.flask.application
File "/var/lib/openstack/lib/python3.12/site-packages/oslo_db/sqlalchemy/enginefacade.py", line 837, in _session
[Fri May 08 10:38:26.203851 2026] [wsgi:error] [pid 11:tid 140343628371648] [remote 10.0.0.249:42622] 2026-05-08 10:38:26.188 11 ERROR keystone.server.flask.application with excutils.save_and_reraise_exception():
[Fri May 08 10:38:26.203852 2026] [wsgi:error] [pid 11:tid 140343628371648] [remote 10.0.0.249:42622] 2026-05-08 10:38:26.188 11 ERROR keystone.server.flask.application
File "/var/lib/openstack/lib/python3.12/site-packages/oslo_utils/excutils.py", line 271, in __exit__
[Fri May 08 10:38:26.203854 2026] [wsgi:error] [pid 11:tid 140343628371648] [remote 10.0.0.249:42622] 2026-05-08 10:38:26.188 11 ERROR keystone.server.flask.application self.force_reraise()
[Fri May 08 10:38:26.203855 2026] [wsgi:error] [pid 11:tid 140343628371648] [remote 10.0.0.249:42622] 2026-05-08 10:38:26.188 11 ERROR keystone.server.flask.application
File "/var/lib/openstack/lib/python3.12/site-packages/oslo_utils/excutils.py", line 233, in force_reraise
[Fri May 08 10:38:26.203857 2026] [wsgi:error] [pid 11:tid 140343628371648] [remote 10.0.0.249:42622] 2026-05-08 10:38:26.188 11 ERROR keystone.server.flask.application raise self.value
[Fri May 08 10:38:26.203858 2026] [wsgi:error] [pid 11:tid 140343628371648] [remote 10.0.0.249:42622] 2026-05-08 10:38:26.188 11 ERROR keystone.server.flask.application
File "/var/lib/openstack/lib/python3.12/site-packages/oslo_db/sqlalchemy/enginefacade.py", line 835, in _session
[Fri May 08 10:38:26.203859 2026] [wsgi:error] [pid 11:tid 140343628371648] [remote 10.0.0.249:42622] 2026-05-08 10:38:26.188 11 ERROR keystone.server.flask.application self._end_session_transaction(self.session)
[Fri May 08 10:38:26.203861 2026] [wsgi:error] [pid 11:tid 140343628371648] [remote 10.0.0.249:42622] 2026-05-08 10:38:26.188 11 ERROR keystone.server.flask.application
File "/var/lib/openstack/lib/python3.12/site-packages/oslo_db/sqlalchemy/enginefacade.py", line 748, in _end_session_transaction
[Fri May 08 10:38:26.203863 2026] [wsgi:error] [pid 11:tid 140343628371648] [remote 10.0.0.249:42622] 2026-05-08 10:38:26.188 11 ERROR keystone.server.flask.application session.commit()
[Fri May 08 10:38:26.203866 2026] [wsgi:error] [pid 11:tid 140343628371648] [remote 10.0.0.249:42622] 2026-05-08 10:38:26.188 11 ERROR keystone.server.flask.application
File "/var/lib/openstack/lib/python3.12/site-packages/sqlalchemy/orm/session.py", line 2030, in commit
[Fri May 08 10:38:26.203868 2026] [wsgi:error] [pid 11:tid 140343628371648] [remote 10.0.0.249:42622] 2026-05-08 10:38:26.188 11 ERROR keystone.server.flask.application trans.commit(_to_root=True)
[Fri May 08 10:38:26.203869 2026] [wsgi:error] [pid 11:tid 140343628371648] [remote 10.0.0.249:42622] 2026-05-08 10:38:26.188 11 ERROR keystone.server.flask.application File "", line 2, in commit
[Fri May 08 10:38:26.203871 2026] [wsgi:error] [pid 11:tid 140343628371648] [remote 10.0.0.249:42622] 2026-05-08 10:38:26.188 11 ERROR keystone.server.flask.application
File "/var/lib/openstack/lib/python3.12/site-packages/sqlalchemy/orm/state_changes.py", line 137, in _go
[Fri May 08 10:38:26.203872 2026] [wsgi:error] [pid 11:tid 140343628371648] [remote 10.0.0.249:42622] 2026-05-08 10:38:26.188 11 ERROR keystone.server.flask.application ret_value = fn(self, *arg, **kw)
[Fri May 08 10:38:26.203874 2026] [wsgi:error] [pid 11:tid 140343628371648] [remote 10.0.0.249:42622] 2026-05-08 10:38:26.188 11 ERROR keystone.server.flask.application ^^^^^^^^^^^^^^^^^^^^
[Fri May 08 10:38:26.203875 2026] [wsgi:error] [pid 11:tid 140343628371648] [remote 10.0.0.249:42622] 2026-05-08 10:38:26.188 11 ERROR keystone.server.flask.application
File "/var/lib/openstack/lib/python3.12/site-packages/sqlalchemy/orm/session.py", line 1311, in commit
[Fri May 08 10:38:26.203877 2026] [wsgi:error] [pid 11:tid 140343628371648] [remote 10.0.0.249:42622] 2026-05-08 10:38:26.188 11 ERROR keystone.server.flask.application self._prepare_impl()
[Fri May 08 10:38:26.203878 2026] [wsgi:error] [pid 11:tid 140343628371648] [remote 10.0.0.249:42622] 2026-05-08 10:38:26.188 11 ERROR keystone.server.flask.application File "", line 2, in _prepare_impl
[Fri May 08 10:38:26.203879 2026] [wsgi:error] [pid 11:tid 140343628371648] [remote 10.0.0.249:42622] 2026-05-08 10:38:26.188 11 ERROR keystone.server.flask.application
File "/var/lib/openstack/lib/python3.12/site-packages/sqlalchemy/orm/state_changes.py", line 137, in _go
[Fri May 08 10:38:26.203881 2026] [wsgi:error] [pid 11:tid 140343628371648] [remote 10.0.0.249:42622] 2026-05-08 10:38:26.188 11 ERROR keystone.server.flask.application ret_value = fn(self, *arg, **kw)
[Fri May 08 10:38:26.203882 2026] [wsgi:error] [pid 11:tid 140343628371648] [remote 10.0.0.249:42622] 2026-05-08 10:38:26.188 11 ERROR keystone.server.flask.application ^^^^^^^^^^^^^^^^^^^^
[Fri May 08 10:38:26.203883 2026] [wsgi:error] [pid 11:tid 140343628371648] [remote 10.0.0.249:42622] 2026-05-08 10:38:26.188 11 ERROR keystone.server.flask.application
File "/var/lib/openstack/lib/python3.12/site-packages/sqlalchemy/orm/session.py", line 1286, in _prepare_impl
[Fri May 08 10:38:26.203885 2026] [wsgi:error] [pid 11:tid 140343628371648] [remote 10.0.0.249:42622] 2026-05-08 10:38:26.188 11 ERROR keystone.server.flask.application self.session.flush()
[Fri May 08 10:38:26.203886 2026] [wsgi:error] [pid 11:tid 140343628371648] [remote 10.0.0.249:42622] 2026-05-08 10:38:26.188 11 ERROR keystone.server.flask.application
File "/var/lib/openstack/lib/python3.12/site-packages/sqlalchemy/orm/session.py", line 4331, in flush
[Fri May 08 10:38:26.203887 2026] [wsgi:error] [pid 11:tid 140343628371648] [remote 10.0.0.249:42622] 2026-05-08 10:38:26.188 11 ERROR keystone.server.flask.application self._flush(objects)
[Fri May 08 10:38:26.203890 2026] [wsgi:error] [pid 11:tid 140343628371648] [remote 10.0.0.249:42622] 2026-05-08 10:38:26.188 11 ERROR keystone.server.flask.application
File "/var/lib/openstack/lib/python3.12/site-packages/sqlalchemy/orm/session.py", line 4466, in _flush
[Fri May 08 10:38:26.203892 2026] [wsgi:error] [pid 11:tid 140343628371648] [remote 10.0.0.249:42622] 2026-05-08 10:38:26.188 11 ERROR keystone.server.flask.application with util.safe_reraise():
[Fri May 08 10:38:26.203893 2026] [wsgi:error] [pid 11:tid 140343628371648] [remote 10.0.0.249:42622] 2026-05-08 10:38:26.188 11 ERROR keystone.server.flask.application
File "/var/lib/openstack/lib/python3.12/site-packages/sqlalchemy/util/langhelpers.py", line 121, in __exit__
[Fri May 08 10:38:26.203894 2026] [wsgi:error] [pid 11:tid 140343628371648] [remote 10.0.0.249:42622] 2026-05-08 10:38:26.188 11 ERROR keystone.server.flask.application raise exc_value.with_traceback(exc_tb)
[Fri May 08 10:38:26.203896 2026] [wsgi:error] [pid 11:tid 140343628371648] [remote 10.0.0.249:42622] 2026-05-08 10:38:26.188 11 ERROR keystone.server.flask.application
File "/var/lib/openstack/lib/python3.12/site-packages/sqlalchemy/orm/session.py", line 4427, in _flush
[Fri May 08 10:38:26.203897 2026] [wsgi:error] [pid 11:tid 140343628371648] [remote 10.0.0.249:42622] 2026-05-08 10:38:26.188 11 ERROR keystone.server.flask.application flush_context.execute()
[Fri May 08 10:38:26.203899 2026] [wsgi:error] [pid 11:tid 140343628371648] [remote 10.0.0.249:42622] 2026-05-08 10:38:26.188 11 ERROR keystone.server.flask.application
File "/var/lib/openstack/lib/python3.12/site-packages/sqlalchemy/orm/unitofwork.py", line 466, in execute
