2026-09-02 02:29:37.366 10 INFO neutron.wsgi [req-dd7e66a8-652b-4072-a49e-8a361a451386 req-3ad23091-62a5-4792-aacc-f4842c74bd92 61e4278f56864bf6a9f82563887786c8 c9a8be16aedc4711b4cae396c01feb96 - - 627d5bfaba3f4b1e8dce4b50b0107ba4 627d5bfaba3f4b1e8dce4b50b0107ba4] 162.253.55.234 "GET /v2.0/networks/98b07d62-a2ad-41a6-a778-d0e8c9b1163d?fields=segments HTTP/1.1" status: 200 len: 212 time: 0.1251705
2026-09-02 02:29:37.380 9 INFO neutron.wsgi [req-143fa4e6-bd84-4d0b-bbdc-9a49e3e61a2c req-dd87d010-7d7d-4625-806d-6c0d0f16eb53 61e4278f56864bf6a9f82563887786c8 c9a8be16aedc4711b4cae396c01feb96 - - 627d5bfaba3f4b1e8dce4b50b0107ba4 627d5bfaba3f4b1e8dce4b50b0107ba4] 162.253.55.234 "GET /v2.0/subnets?id=a0561178-bcea-49c4-bc8e-63beb87f1c91 HTTP/1.1" status: 200 len: 872 time: 0.0397012
2026-09-02 02:29:37.406 9 INFO neutron.wsgi [req-143fa4e6-bd84-4d0b-bbdc-9a49e3e61a2c req-fc29a0ca-e67e-4fe5-ac96-4ee27d008c1e 61e4278f56864bf6a9f82563887786c8 c9a8be16aedc4711b4cae396c01feb96 - - 627d5bfaba3f4b1e8dce4b50b0107ba4 627d5bfaba3f4b1e8dce4b50b0107ba4] 162.253.55.234 "GET /v2.0/ports?network_id=cfa9d42d-105e-40b5-8161-af8b4cf42e4f&device_owner=network%3Adhcp HTTP/1.1" status: 200 len: 210 time: 0.0190849
2026-09-02 02:29:37.436 10 INFO neutron.wsgi [req-f8744ae4-54b4-45a1-9ca8-a07457073071 req-466c96d4-c64f-4d2e-8c68-7c2246bbc4db c9f6846dab874417a1cd223ee7ad0ad7 e4d5206ecaab46eca62f724645a2fd82 - - default default] 10.0.0.161 "GET /v2.0/ports?device_id=21be0246-6797-422c-a9b5-6d96124e6f51 HTTP/1.1" status: 200 len: 1168 time: 0.1744745
2026-09-02 02:29:37.488 10 INFO neutron.wsgi [req-dd7e66a8-652b-4072-a49e-8a361a451386 req-4199f8fe-db4e-45a0-901d-5a0e5846f868 61e4278f56864bf6a9f82563887786c8 c9a8be16aedc4711b4cae396c01feb96 - - 627d5bfaba3f4b1e8dce4b50b0107ba4 627d5bfaba3f4b1e8dce4b50b0107ba4] 162.253.55.234 "GET /v2.0/networks/98b07d62-a2ad-41a6-a778-d0e8c9b1163d?fields=provider%3Aphysical_network&fields=provider%3Anetwork_type HTTP/1.1" status: 200 len: 277 time: 0.1148469
2026-09-02 02:29:37.492 10 INFO neutron.wsgi [req-f8744ae4-54b4-45a1-9ca8-a07457073071 req-a302fb3f-90ea-465c-a785-e4c87f0d3c4b c9f6846dab874417a1cd223ee7ad0ad7 e4d5206ecaab46eca62f724645a2fd82 - - default default] 10.0.0.161 "GET /v2.0/security-groups?id=4cdb158d-093f-4727-9572-98da4f5aa9ed&fields=id&fields=name HTTP/1.1" status: 200 len: 312 time: 0.0503676
2026-09-02 02:29:37.499 9 INFO neutron.wsgi [req-143fa4e6-bd84-4d0b-bbdc-9a49e3e61a2c req-da4b1e74-12e0-4e8b-9e24-950d347fce1e 61e4278f56864bf6a9f82563887786c8 c9a8be16aedc4711b4cae396c01feb96 - - 627d5bfaba3f4b1e8dce4b50b0107ba4 627d5bfaba3f4b1e8dce4b50b0107ba4] 162.253.55.234 "GET /v2.0/networks/cfa9d42d-105e-40b5-8161-af8b4cf42e4f?fields=segments HTTP/1.1" status: 200 len: 212 time: 0.0710468
2026-09-02 02:29:37.569 10 INFO neutron.db.ovn_revision_numbers_db [None req-be8f6327-b413-4d4a-8800-2c8a21f0e1b6 e2d40b800ac14356b5a90e2b3f34a419 bbb35c0567f34044ba052b2e71596e82 - - default default] Successfully bumped revision number for resource c448fb19-37db-4402-9ef7-c75640920db7 (type: ports) to 2
2026-09-02 02:29:37.594 10 INFO neutron.db.ovn_revision_numbers_db [None req-be8f6327-b413-4d4a-8800-2c8a21f0e1b6 e2d40b800ac14356b5a90e2b3f34a419 bbb35c0567f34044ba052b2e71596e82 - - default default] Successfully bumped revision number for resource 5c6eea62-7a4f-46f5-9025-a7c0368ef4cc (type: subnets) to 0
2026-09-02 02:29:37.605 10 INFO neutron.wsgi [None req-be8f6327-b413-4d4a-8800-2c8a21f0e1b6 e2d40b800ac14356b5a90e2b3f34a419 bbb35c0567f34044ba052b2e71596e82 - - default default] 10.0.0.224 "POST /v2.0/subnets HTTP/1.1" status: 201 len: 866 time: 0.8444827
2026-09-02 02:29:37.658 9 INFO neutron.wsgi [req-143fa4e6-bd84-4d0b-bbdc-9a49e3e61a2c req-b9c336e5-1d2a-48bf-b874-808a8262bce2 61e4278f56864bf6a9f82563887786c8 c9a8be16aedc4711b4cae396c01feb96 - - 627d5bfaba3f4b1e8dce4b50b0107ba4 627d5bfaba3f4b1e8dce4b50b0107ba4] 162.253.55.234 "GET /v2.0/networks/cfa9d42d-105e-40b5-8161-af8b4cf42e4f?fields=provider%3Aphysical_network&fields=provider%3Anetwork_type HTTP/1.1" status: 200 len: 277 time: 0.1034675
2026-09-02 02:29:37.913 10 INFO neutron.wsgi [req-f4c9e38e-9adc-4c96-8eac-33b67de2ba23 req-7e6981bb-56ba-4cbc-822a-9c605016bf3e a644322f496340c4a62b3ca9e9885659 c849e06416d6418c8613ecad4f391d1f - - default default] 10.0.0.161 "GET /v2.0/ports?device_id=48bf83e3-d0a0-42d3-8fc6-590bd8a954c9 HTTP/1.1" status: 200 len: 1172 time: 0.0897343
2026-09-02 02:29:38.095 10 INFO neutron.wsgi [req-f4c9e38e-9adc-4c96-8eac-33b67de2ba23 req-efe60715-ef85-49a3-9a9e-e0a1d9711c04 a644322f496340c4a62b3ca9e9885659 c849e06416d6418c8613ecad4f391d1f - - default default] 10.0.0.161 "GET /v2.0/security-groups?id=b94254a3-77a1-4cea-8ca9-cb49c486210a&fields=id&fields=name HTTP/1.1" status: 200 len: 312 time: 0.1750150
2026-09-02 02:29:38.160 10 WARNING neutron.scheduler.dhcp_agent_scheduler [None req-9eae38c6-486b-4f50-8c60-e250eab6abb9 e2d40b800ac14356b5a90e2b3f34a419 bbb35c0567f34044ba052b2e71596e82 - - default default] No more DHCP agents
2026-09-02 02:29:38.161 10 WARNING neutron.api.rpc.agentnotifiers.dhcp_rpc_agent_api [None req-9eae38c6-486b-4f50-8c60-e250eab6abb9 e2d40b800ac14356b5a90e2b3f34a419 bbb35c0567f34044ba052b2e71596e82 - - default default] Unable to schedule network aff76fb2-13e5-45b7-ab3d-b22250438ee2: no agents available; will retry on subsequent port and subnet creation events.
2026-09-02 02:29:38.310 10 INFO neutron.db.ovn_revision_numbers_db [None req-9eae38c6-486b-4f50-8c60-e250eab6abb9 e2d40b800ac14356b5a90e2b3f34a419 bbb35c0567f34044ba052b2e71596e82 - - default default] Successfully bumped revision number for resource 0fcc26f1-bc6f-4d34-a24f-442189b92107 (type: ports) to 1
2026-09-02 02:29:38.607 10 INFO neutron.wsgi [req-942a1dd0-e81f-4791-89e8-8f938cbf7a4c req-45d62198-84fa-4e36-974d-04aca90ff706 c9f6846dab874417a1cd223ee7ad0ad7 e4d5206ecaab46eca62f724645a2fd82 - - default default] 10.0.0.161 "GET /v2.0/ports?device_id=21be0246-6797-422c-a9b5-6d96124e6f51 HTTP/1.1" status: 200 len: 1168 time: 0.0339100
2026-09-02 02:29:38.689 10 INFO neutron.wsgi [req-942a1dd0-e81f-4791-89e8-8f938cbf7a4c req-eaedb293-ae81-4994-a5dc-a0c83f92724f c9f6846dab874417a1cd223ee7ad0ad7 e4d5206ecaab46eca62f724645a2fd82 - - default default] 10.0.0.161 "GET /v2.0/security-groups?id=4cdb158d-093f-4727-9572-98da4f5aa9ed&fields=id&fields=name HTTP/1.1" status: 200 len: 312 time: 0.0729556
2026-09-02 02:29:38.949 9 INFO neutron.plugins.ml2.drivers.ovn.mech_driver.mech_driver [None req-4acd870d-c45b-4a81-9b73-b0d4d22bc6fb - - - - - -] OVN reports status up for port: 0fcc26f1-bc6f-4d34-a24f-442189b92107
2026-09-02 02:29:38.964 10 INFO neutron.db.ovn_revision_numbers_db [None req-9eae38c6-486b-4f50-8c60-e250eab6abb9 e2d40b800ac14356b5a90e2b3f34a419 bbb35c0567f34044ba052b2e71596e82 - - default default] Successfully bumped revision number for resource 0fcc26f1-bc6f-4d34-a24f-442189b92107 (type: router_ports) to 1
2026-09-02 02:29:38.977 9 INFO neutron.plugins.ml2.drivers.ovn.mech_driver.ovsdb.ovsdb_monitor [None req-8c42231a-7d51-4b51-bbbb-8b08426455f9 - - - - - -] Router 59dbe0ee-61ef-4d98-981a-bd73ddc22f78 is bound to host instance
2026-09-02 02:29:38.993 9 INFO neutron.plugins.ml2.plugin [None req-4acd870d-c45b-4a81-9b73-b0d4d22bc6fb - - - - - -] Attempt 1 to provision port 0fcc26f1-bc6f-4d34-a24f-442189b92107
2026-09-02 02:29:39.045 10 INFO neutron.db.ovn_revision_numbers_db [None req-9eae38c6-486b-4f50-8c60-e250eab6abb9 e2d40b800ac14356b5a90e2b3f34a419 bbb35c0567f34044ba052b2e71596e82 - - default default] Successfully bumped revision number for resource 59dbe0ee-61ef-4d98-981a-bd73ddc22f78 (type: routers) to 2
2026-09-02 02:29:39.059 10 INFO neutron.wsgi [None req-9eae38c6-486b-4f50-8c60-e250eab6abb9 e2d40b800ac14356b5a90e2b3f34a419 bbb35c0567f34044ba052b2e71596e82 - - default default] 10.0.0.224 "POST /v2.0/routers HTTP/1.1" status: 201 len: 877 time: 1.4486997
2026-09-02 02:29:39.229 10 INFO neutron.wsgi [req-1e5793de-3be0-4588-bc6d-2dbd7ddac0b2 req-6386fa68-7330-4e83-bcc8-f432523d2349 a644322f496340c4a62b3ca9e9885659 c849e06416d6418c8613ecad4f391d1f - - default default] 10.0.0.161 "GET /v2.0/ports?device_id=48bf83e3-d0a0-42d3-8fc6-590bd8a954c9 HTTP/1.1" status: 200 len: 1172 time: 0.0359981
2026-09-02 02:29:39.274 10 INFO neutron.wsgi [req-1e5793de-3be0-4588-bc6d-2dbd7ddac0b2 req-fc54c180-3d9f-40c1-8bdd-91bfcab55d3b a644322f496340c4a62b3ca9e9885659 c849e06416d6418c8613ecad4f391d1f - - default default] 10.0.0.161 "GET /v2.0/security-groups?id=b94254a3-77a1-4cea-8ca9-cb49c486210a&fields=id&fields=name HTTP/1.1" status: 200 len: 312 time: 0.0387602
2026-09-02 02:29:39.494 9 INFO neutron.db.ovn_revision_numbers_db [None req-8c42231a-7d51-4b51-bbbb-8b08426455f9 - - - - - -] Successfully bumped revision number for resource 0fcc26f1-bc6f-4d34-a24f-442189b92107 (type: ports) to 1
2026-09-02 02:29:39.521 10 WARNING neutron.scheduler.dhcp_agent_scheduler [None req-88e5964b-fae2-4dca-b28f-0c9786fddfcd e2d40b800ac14356b5a90e2b3f34a419 bbb35c0567f34044ba052b2e71596e82 - - default default] No more DHCP agents
2026-09-02 02:29:39.522 10 WARNING neutron.api.rpc.agentnotifiers.dhcp_rpc_agent_api [None req-88e5964b-fae2-4dca-b28f-0c9786fddfcd e2d40b800ac14356b5a90e2b3f34a419 bbb35c0567f34044ba052b2e71596e82 - - default default] Unable to schedule network 08a7df69-38df-4cb0-93d6-ebc69638e7e4: no agents available; will retry on subsequent port and subnet creation events.
2026-09-02 02:29:39.636 10 INFO neutron.db.ovn_revision_numbers_db [None req-88e5964b-fae2-4dca-b28f-0c9786fddfcd e2d40b800ac14356b5a90e2b3f34a419 bbb35c0567f34044ba052b2e71596e82 - - default default] Successfully bumped revision number for resource 229ac0e6-33a6-489a-8b6c-4031e282378e (type: ports) to 1
2026-09-02 02:29:39.831 10 INFO neutron.wsgi [req-b5c89a51-7740-4640-b0e0-10ce59278364 req-1683c235-1b6b-4648-884e-748293531bac c9f6846dab874417a1cd223ee7ad0ad7 e4d5206ecaab46eca62f724645a2fd82 - - default default] 10.0.0.161 "GET /v2.0/ports?device_id=21be0246-6797-422c-a9b5-6d96124e6f51 HTTP/1.1" status: 200 len: 1168 time: 0.0549815
2026-09-02 02:29:39.882 10 INFO neutron.wsgi [req-b5c89a51-7740-4640-b0e0-10ce59278364 req-13619075-b41f-48b6-8b74-abfc5b3c9e81 c9f6846dab874417a1cd223ee7ad0ad7 e4d5206ecaab46eca62f724645a2fd82 - - default default] 10.0.0.161 "GET /v2.0/security-groups?id=4cdb158d-093f-4727-9572-98da4f5aa9ed&fields=id&fields=name HTTP/1.1" status: 200 len: 312 time: 0.0415637
2026-09-02 02:29:40.036 9 INFO neutron.db.ovn_revision_numbers_db [None req-8c42231a-7d51-4b51-bbbb-8b08426455f9 - - - - - -] Successfully bumped revision number for resource 0fcc26f1-bc6f-4d34-a24f-442189b92107 (type: router_ports) to 3
2026-09-02 02:29:40.087 10 INFO neutron.db.ovn_revision_numbers_db [None req-88e5964b-fae2-4dca-b28f-0c9786fddfcd e2d40b800ac14356b5a90e2b3f34a419 bbb35c0567f34044ba052b2e71596e82 - - default default] Successfully bumped revision number for resource 229ac0e6-33a6-489a-8b6c-4031e282378e (type: router_ports) to 1
2026-09-02 02:29:40.199 9 INFO neutron.db.ovn_revision_numbers_db [None req-8c42231a-7d51-4b51-bbbb-8b08426455f9 - - - - - -] Successfully bumped revision number for resource 0fcc26f1-bc6f-4d34-a24f-442189b92107 (type: ports) to 2
2026-09-02 02:29:40.230 10 INFO neutron.db.ovn_revision_numbers_db [None req-88e5964b-fae2-4dca-b28f-0c9786fddfcd e2d40b800ac14356b5a90e2b3f34a419 bbb35c0567f34044ba052b2e71596e82 - - default default] Successfully bumped revision number for resource 229ac0e6-33a6-489a-8b6c-4031e282378e (type: ports) to 1
2026-09-02 02:29:40.320 10 WARNING neutron.scheduler.dhcp_agent_scheduler [None req-88e5964b-fae2-4dca-b28f-0c9786fddfcd e2d40b800ac14356b5a90e2b3f34a419 bbb35c0567f34044ba052b2e71596e82 - - default default] No more DHCP agents
2026-09-02 02:29:40.321 10 WARNING neutron.api.rpc.agentnotifiers.dhcp_rpc_agent_api [None req-88e5964b-fae2-4dca-b28f-0c9786fddfcd e2d40b800ac14356b5a90e2b3f34a419 bbb35c0567f34044ba052b2e71596e82 - - default default] Unable to schedule network 08a7df69-38df-4cb0-93d6-ebc69638e7e4: no agents available; will retry on subsequent port and subnet creation events.
2026-09-02 02:29:40.407 10 INFO neutron.wsgi [req-b1456b75-57b9-43f8-b69b-742785335465 req-d538f184-d8fc-4417-b8fc-6b6ecff8ca53 a644322f496340c4a62b3ca9e9885659 c849e06416d6418c8613ecad4f391d1f - - default default] 10.0.0.161 "GET /v2.0/ports?device_id=48bf83e3-d0a0-42d3-8fc6-590bd8a954c9 HTTP/1.1" status: 200 len: 1172 time: 0.0386345
2026-09-02 02:29:40.466 9 INFO neutron.db.ovn_revision_numbers_db [None req-8c42231a-7d51-4b51-bbbb-8b08426455f9 - - - - - -] Successfully bumped revision number for resource 0fcc26f1-bc6f-4d34-a24f-442189b92107 (type: ports) to 4
2026-09-02 02:29:40.473 10 INFO neutron.wsgi [req-b1456b75-57b9-43f8-b69b-742785335465 req-7a072354-9aaf-41ec-b568-85fa149779e5 a644322f496340c4a62b3ca9e9885659 c849e06416d6418c8613ecad4f391d1f - - default default] 10.0.0.161 "GET /v2.0/security-groups?id=b94254a3-77a1-4cea-8ca9-cb49c486210a&fields=id&fields=name HTTP/1.1" status: 200 len: 312 time: 0.0513475
2026-09-02 02:29:40.696 9 INFO neutron.db.ovn_revision_numbers_db [None req-8c42231a-7d51-4b51-bbbb-8b08426455f9 - - - - - -] Successfully bumped revision number for resource 0fcc26f1-bc6f-4d34-a24f-442189b92107 (type: router_ports) to 4
2026-09-02 02:29:41.005 10 INFO neutron.wsgi [req-07f8714b-7b40-4c42-80e7-533123fc7331 req-9e73b0d3-93f9-4666-a7f7-e6d1deb5ed52 c9f6846dab874417a1cd223ee7ad0ad7 e4d5206ecaab46eca62f724645a2fd82 - - default default] 10.0.0.161 "GET /v2.0/ports?device_id=21be0246-6797-422c-a9b5-6d96124e6f51 HTTP/1.1" status: 200 len: 1168 time: 0.0318270
2026-09-02 02:29:41.065 10 INFO neutron.db.ovn_revision_numbers_db [None req-88e5964b-fae2-4dca-b28f-0c9786fddfcd e2d40b800ac14356b5a90e2b3f34a419 bbb35c0567f34044ba052b2e71596e82 - - default default] Successfully bumped revision number for resource 229ac0e6-33a6-489a-8b6c-4031e282378e (type: router_ports) to 1
2026-09-02 02:29:41.067 10 INFO neutron.wsgi [None req-88e5964b-fae2-4dca-b28f-0c9786fddfcd e2d40b800ac14356b5a90e2b3f34a419 bbb35c0567f34044ba052b2e71596e82 - - default default] 10.0.0.224 "PUT /v2.0/routers/59dbe0ee-61ef-4d98-981a-bd73ddc22f78/add_router_interface HTTP/1.1" status: 200 len: 503 time: 2.0018411
2026-09-02 02:29:41.076 10 INFO neutron.wsgi [req-07f8714b-7b40-4c42-80e7-533123fc7331 req-9f81186f-5237-4ca4-9deb-40ce943ae8d3 c9f6846dab874417a1cd223ee7ad0ad7 e4d5206ecaab46eca62f724645a2fd82 - - default default] 10.0.0.161 "GET /v2.0/security-groups?id=4cdb158d-093f-4727-9572-98da4f5aa9ed&fields=id&fields=name HTTP/1.1" status: 200 len: 312 time: 0.0632076
2026-09-02 02:29:41.126 9 INFO neutron.db.ovn_revision_numbers_db [None req-43e46d7b-a308-4774-86c3-a19f3d97a9cb e2d40b800ac14356b5a90e2b3f34a419 bbb35c0567f34044ba052b2e71596e82 - - default default] Successfully bumped revision number for resource 42abc1e7-82cb-4d4a-909b-4b263dc6ec7a (type: security_groups) to 1
2026-09-02 02:29:41.147 9 INFO neutron.db.ovn_revision_numbers_db [None req-43e46d7b-a308-4774-86c3-a19f3d97a9cb e2d40b800ac14356b5a90e2b3f34a419 bbb35c0567f34044ba052b2e71596e82 - - default default] Successfully bumped revision number for resource 0fead757-73f0-4e95-88e1-41ab5e52891e (type: security_group_rules) to 0
2026-09-02 02:29:41.166 9 INFO neutron.db.ovn_revision_numbers_db [None req-43e46d7b-a308-4774-86c3-a19f3d97a9cb e2d40b800ac14356b5a90e2b3f34a419 bbb35c0567f34044ba052b2e71596e82 - - default default] Successfully bumped revision number for resource aa17919d-4b8e-4370-890a-3687bb0da312 (type: security_group_rules) to 0
2026-09-02 02:29:41.181 9 INFO neutron.db.ovn_revision_numbers_db [None req-43e46d7b-a308-4774-86c3-a19f3d97a9cb e2d40b800ac14356b5a90e2b3f34a419 bbb35c0567f34044ba052b2e71596e82 - - default default] Successfully bumped revision number for resource c1e07c71-f835-4b19-a780-7178a5e04d9b (type: security_group_rules) to 0
2026-09-02 02:29:41.197 9 INFO neutron.db.ovn_revision_numbers_db [None req-43e46d7b-a308-4774-86c3-a19f3d97a9cb e2d40b800ac14356b5a90e2b3f34a419 bbb35c0567f34044ba052b2e71596e82 - - default default] Successfully bumped revision number for resource de4fa00b-2c86-4749-b37b-f954a17a44d6 (type: security_group_rules) to 0
2026-09-02 02:29:41.214 9 INFO neutron.wsgi [None req-43e46d7b-a308-4774-86c3-a19f3d97a9cb e2d40b800ac14356b5a90e2b3f34a419 bbb35c0567f34044ba052b2e71596e82 - - default default] 10.0.0.224 "GET /v2.0/security-groups?tenant_id=7b2459de5b4a40dcb25a625f1556260e&name=default HTTP/1.1" status: 200 len: 2996 time: 0.4364161
2026-09-02 02:29:41.382 9 INFO neutron.wsgi [None req-c2cc03f0-1694-474d-9fee-9a494cbe0531 e2d40b800ac14356b5a90e2b3f34a419 bbb35c0567f34044ba052b2e71596e82 - - default default] 10.0.0.224 "DELETE /v2.0/security-groups/42abc1e7-82cb-4d4a-909b-4b263dc6ec7a HTTP/1.1" status: 204 len: 168 time: 0.1632333
2026-09-02 02:29:41.605 10 INFO neutron.wsgi [req-285cbac6-77b3-4ada-a9b8-4a242e16e84c req-ad7d0c97-ad15-4e89-94af-d5adcfda5161 a644322f496340c4a62b3ca9e9885659 c849e06416d6418c8613ecad4f391d1f - - default default] 10.0.0.161 "GET /v2.0/ports?device_id=48bf83e3-d0a0-42d3-8fc6-590bd8a954c9 HTTP/1.1" status: 200 len: 1172 time: 0.0536916
2026-09-02 02:29:41.652 9 INFO neutron.plugins.ml2.drivers.ovn.mech_driver.mech_driver [None req-4acd870d-c45b-4a81-9b73-b0d4d22bc6fb - - - - - -] OVN reports status up for port: 9cb662a4-0e09-41a0-b808-217b9bc41714
2026-09-02 02:29:41.654 9 INFO neutron.db.ovn_revision_numbers_db [None req-b0c7c8f9-4bcd-471a-89f8-11fa4a64193d e2d40b800ac14356b5a90e2b3f34a419 bbb35c0567f34044ba052b2e71596e82 - - default default] Successfully bumped revision number for resource bf3a0370-ff38-498c-83f0-49669c767c21 (type: security_groups) to 1
2026-09-02 02:29:41.670 10 INFO neutron.wsgi [req-285cbac6-77b3-4ada-a9b8-4a242e16e84c req-511bbcd5-bff7-4d3c-a25b-98a6fa59bb1c a644322f496340c4a62b3ca9e9885659 c849e06416d6418c8613ecad4f391d1f - - default default] 10.0.0.161 "GET /v2.0/security-groups?id=b94254a3-77a1-4cea-8ca9-cb49c486210a&fields=id&fields=name HTTP/1.1" status: 200 len: 312 time: 0.0595419
2026-09-02 02:29:41.676 9 INFO neutron.plugins.ml2.plugin [None req-4acd870d-c45b-4a81-9b73-b0d4d22bc6fb - - - - - -] Attempt 1 to provision port 9cb662a4-0e09-41a0-b808-217b9bc41714
2026-09-02 02:29:41.697 9 INFO neutron.db.ovn_revision_numbers_db [None req-b0c7c8f9-4bcd-471a-89f8-11fa4a64193d e2d40b800ac14356b5a90e2b3f34a419 bbb35c0567f34044ba052b2e71596e82 - - default default] Successfully bumped revision number for resource 0559d929-8ca7-4449-a943-899b78a212a2 (type: security_group_rules) to 0
2026-09-02 02:29:41.717 9 INFO neutron.db.ovn_revision_numbers_db [None req-b0c7c8f9-4bcd-471a-89f8-11fa4a64193d e2d40b800ac14356b5a90e2b3f34a419 bbb35c0567f34044ba052b2e71596e82 - - default default] Successfully bumped revision number for resource a336744f-72ee-4146-adcb-7799952aca60 (type: security_group_rules) to 0
2026-09-02 02:29:41.740 9 INFO neutron.db.ovn_revision_numbers_db [None req-b0c7c8f9-4bcd-471a-89f8-11fa4a64193d e2d40b800ac14356b5a90e2b3f34a419 bbb35c0567f34044ba052b2e71596e82 - - default default] Successfully bumped revision number for resource a3d20138-254c-45fa-917b-377d367a0b03 (type: security_group_rules) to 0
2026-09-02 02:29:41.753 9 INFO neutron.db.ovn_revision_numbers_db [None req-b0c7c8f9-4bcd-471a-89f8-11fa4a64193d e2d40b800ac14356b5a90e2b3f34a419 bbb35c0567f34044ba052b2e71596e82 - - default default] Successfully bumped revision number for resource fc50b46f-021a-4c21-be5a-982217063ed3 (type: security_group_rules) to 0
2026-09-02 02:29:41.781 9 INFO neutron.wsgi [None req-b0c7c8f9-4bcd-471a-89f8-11fa4a64193d e2d40b800ac14356b5a90e2b3f34a419 bbb35c0567f34044ba052b2e71596e82 - - default default] 10.0.0.224 "GET /v2.0/security-groups?tenant_id=b483c041bb9b4458b781e288168263c3&name=default HTTP/1.1" status: 200 len: 2996 time: 0.2446632
2026-09-02 02:29:41.802 9 INFO neutron.notifiers.nova [-] Nova event matching ['req-bbd52eba-755f-4103-92ea-662435e587fd'] response: {'server_uuid': '21be0246-6797-422c-a9b5-6d96124e6f51', 'name': 'network-vif-plugged', 'status': 'completed', 'tag': '9cb662a4-0e09-41a0-b808-217b9bc41714', 'code': 200}
2026-09-02 02:29:41.994 9 INFO neutron.db.ovn_revision_numbers_db [None req-4acd870d-c45b-4a81-9b73-b0d4d22bc6fb - - - - - -] Successfully bumped revision number for resource 9cb662a4-0e09-41a0-b808-217b9bc41714 (type: ports) to 4
2026-09-02 02:29:42.044 9 INFO neutron.plugins.ml2.drivers.ovn.mech_driver.mech_driver [None req-4acd870d-c45b-4a81-9b73-b0d4d22bc6fb - - - - - -] OVN reports status up for port: a4e635a2-a02c-430a-a63c-3569f871ee99
2026-09-02 02:29:42.051 9 INFO neutron.wsgi [None req-412f5e37-3744-456b-889b-d4013e84bf58 e2d40b800ac14356b5a90e2b3f34a419 bbb35c0567f34044ba052b2e71596e82 - - default default] 10.0.0.224 "DELETE /v2.0/security-groups/bf3a0370-ff38-498c-83f0-49669c767c21 HTTP/1.1" status: 204 len: 168 time: 0.2636714
2026-09-02 02:29:42.063 9 INFO neutron.plugins.ml2.plugin [None req-4acd870d-c45b-4a81-9b73-b0d4d22bc6fb - - - - - -] Attempt 1 to provision port a4e635a2-a02c-430a-a63c-3569f871ee99
2026-09-02 02:29:42.146 10 INFO neutron.db.ovn_revision_numbers_db [None req-aa854dc2-6d40-4213-b9e5-71e0dace7b81 ab1fc7ca187c419c84a5442940b48cde 9959bd966b734861b609c5a0c6e4f225 - - default default] Successfully bumped revision number for resource 4e594d45-a187-4ffe-8e82-0be00c039395 (type: security_groups) to 1
2026-09-02 02:29:42.163 10 INFO neutron.db.ovn_revision_numbers_db [None req-aa854dc2-6d40-4213-b9e5-71e0dace7b81 ab1fc7ca187c419c84a5442940b48cde 9959bd966b734861b609c5a0c6e4f225 - - default default] Successfully bumped revision number for resource 27a51822-86a2-429f-a5d4-24fe66387ff7 (type: security_group_rules) to 0
2026-09-02 02:29:42.186 10 INFO neutron.db.ovn_revision_numbers_db [None req-aa854dc2-6d40-4213-b9e5-71e0dace7b81 ab1fc7ca187c419c84a5442940b48cde 9959bd966b734861b609c5a0c6e4f225 - - default default] Successfully bumped revision number for resource 2cacacfa-5b8f-46f7-91e4-a68edb1a4254 (type: security_group_rules) to 0
2026-09-02 02:29:42.221 10 INFO neutron.wsgi [None req-aa854dc2-6d40-4213-b9e5-71e0dace7b81 ab1fc7ca187c419c84a5442940b48cde 9959bd966b734861b609c5a0c6e4f225 - - default default] 10.0.0.224 "POST /v2.0/security-groups HTTP/1.1" status: 201 len: 1796 time: 0.2814956
2026-09-02 02:29:42.247 10 INFO neutron.wsgi [req-7de001db-8458-44c5-9143-1a497fdd63c5 req-4e043480-daec-478a-ac92-1c516bbd443d c9f6846dab874417a1cd223ee7ad0ad7 e4d5206ecaab46eca62f724645a2fd82 - - default default] 10.0.0.161 "GET /v2.0/ports?device_id=21be0246-6797-422c-a9b5-6d96124e6f51 HTTP/1.1" status: 200 len: 1170 time: 0.0732450
2026-09-02 02:29:42.304 10 INFO neutron.wsgi [req-7de001db-8458-44c5-9143-1a497fdd63c5 req-3ec26732-e978-438a-a65c-02053c28b64d c9f6846dab874417a1cd223ee7ad0ad7 e4d5206ecaab46eca62f724645a2fd82 - - default default] 10.0.0.161 "GET /v2.0/security-groups?id=4cdb158d-093f-4727-9572-98da4f5aa9ed&fields=id&fields=name HTTP/1.1" status: 200 len: 312 time: 0.0434041
2026-09-02 02:29:42.356 9 INFO neutron.db.ovn_revision_numbers_db [None req-4acd870d-c45b-4a81-9b73-b0d4d22bc6fb - - - - - -] Successfully bumped revision number for resource a4e635a2-a02c-430a-a63c-3569f871ee99 (type: ports) to 4
2026-09-02 02:29:42.386 10 INFO neutron.db.ovn_revision_numbers_db [None req-c23181fc-1000-417e-976d-b88a6b99de77 ab1fc7ca187c419c84a5442940b48cde 9959bd966b734861b609c5a0c6e4f225 - - default default] Successfully bumped revision number for resource 0c58d95b-632f-427b-ac63-a930f4a68ef5 (type: security_group_rules) to 0
2026-09-02 02:29:42.399 9 INFO neutron.plugins.ml2.drivers.ovn.mech_driver.mech_driver [None req-4acd870d-c45b-4a81-9b73-b0d4d22bc6fb - - - - - -] OVN reports status up for port: 229ac0e6-33a6-489a-8b6c-4031e282378e
2026-09-02 02:29:42.419 9 INFO neutron.plugins.ml2.plugin [None req-4acd870d-c45b-4a81-9b73-b0d4d22bc6fb - - - - - -] Attempt 1 to provision port 229ac0e6-33a6-489a-8b6c-4031e282378e
2026-09-02 02:29:42.420 10 INFO neutron.wsgi [None req-c23181fc-1000-417e-976d-b88a6b99de77 ab1fc7ca187c419c84a5442940b48cde 9959bd966b734861b609c5a0c6e4f225 - - default default] 10.0.0.224 "POST /v2.0/security-group-rules HTTP/1.1" status: 201 len: 764 time: 0.1877687 /var/lib/openstack/lib/python3.10/site-packages/pycadf/identifier.py:71: UserWarning: Invalid uuid: neutron. To ensure interoperability, identifiers should be a valid uuid. warnings.warn(('Invalid uuid: %s. To ensure interoperability, '
2026-09-02 02:29:42.508 10 INFO neutron.wsgi [req-fe8a4187-9419-4412-8158-350f4d1bac5c req-c8d6f3fa-5fca-4436-baf5-1f4b0477bc61 c9f6846dab874417a1cd223ee7ad0ad7 e4d5206ecaab46eca62f724645a2fd82 - - default default] 10.0.0.161 "GET /v2.0/ports?device_id=21be0246-6797-422c-a9b5-6d96124e6f51 HTTP/1.1" status: 200 len: 1170 time: 0.0872390
2026-09-02 02:29:42.613 9 INFO neutron.db.ovn_revision_numbers_db [None req-e9a18579-2839-41d7-897a-42f26b06f953 ab1fc7ca187c419c84a5442940b48cde 9959bd966b734861b609c5a0c6e4f225 - - default default] Successfully bumped revision number for resource f2d1eba4-2cee-49da-a4a8-faaa338c0dee (type: security_group_rules) to 0
2026-09-02 02:29:42.646 9 INFO neutron.wsgi [None req-e9a18579-2839-41d7-897a-42f26b06f953 ab1fc7ca187c419c84a5442940b48cde 9959bd966b734861b609c5a0c6e4f225 - - default default] 10.0.0.224 "POST /v2.0/security-group-rules HTTP/1.1" status: 201 len: 769 time: 0.2183838
2026-09-02 02:29:42.772 9 INFO neutron.db.ovn_revision_numbers_db [None req-4acd870d-c45b-4a81-9b73-b0d4d22bc6fb - - - - - -] Successfully bumped revision number for resource 229ac0e6-33a6-489a-8b6c-4031e282378e (type: ports) to 2
2026-09-02 02:29:42.863 10 INFO neutron.wsgi [req-27a74fd9-7a1c-44b6-a1f8-cba3e3102f96 req-cf4867a1-3e29-44dc-9244-63e9e4729a53 a644322f496340c4a62b3ca9e9885659 c849e06416d6418c8613ecad4f391d1f - - default default] 10.0.0.161 "GET /v2.0/ports?device_id=48bf83e3-d0a0-42d3-8fc6-590bd8a954c9 HTTP/1.1" status: 200 len: 1174 time: 0.0822453
2026-09-02 02:29:42.896 10 INFO neutron.db.l3_db [None req-2fab2619-2381-4bf5-bcb1-38dd2ffc42e5 c9f6846dab874417a1cd223ee7ad0ad7 e4d5206ecaab46eca62f724645a2fd82 - - default default] Floating IP b8071af3-a9e2-4cc9-9ca0-5535eee66c24 associated. External IP: 10.96.250.209, port: 9cb662a4-0e09-41a0-b808-217b9bc41714.
2026-09-02 02:29:42.948 10 INFO neutron.wsgi [req-27a74fd9-7a1c-44b6-a1f8-cba3e3102f96 req-50b4735c-7a10-43f3-b45f-bae5e7f59512 a644322f496340c4a62b3ca9e9885659 c849e06416d6418c8613ecad4f391d1f - - default default] 10.0.0.161 "GET /v2.0/security-groups?id=b94254a3-77a1-4cea-8ca9-cb49c486210a&fields=id&fields=name HTTP/1.1" status: 200 len: 312 time: 0.0756054
2026-09-02 02:29:42.953 9 INFO neutron.db.ovn_revision_numbers_db [None req-4acd870d-c45b-4a81-9b73-b0d4d22bc6fb - - - - - -] Successfully bumped revision number for resource 229ac0e6-33a6-489a-8b6c-4031e282378e (type: router_ports) to 2
2026-09-02 02:29:43.031 9 WARNING neutron.scheduler.dhcp_agent_scheduler [None req-bd3a5709-bd48-4c2b-993d-7a9a4aced555 ab1fc7ca187c419c84a5442940b48cde 9959bd966b734861b609c5a0c6e4f225 - - default default] No more DHCP agents
2026-09-02 02:29:43.036 9 WARNING neutron.api.rpc.agentnotifiers.dhcp_rpc_agent_api [None req-bd3a5709-bd48-4c2b-993d-7a9a4aced555 ab1fc7ca187c419c84a5442940b48cde 9959bd966b734861b609c5a0c6e4f225 - - default default] Unable to schedule network aff76fb2-13e5-45b7-ab3d-b22250438ee2: no agents available; will retry on subsequent port and subnet creation events.
2026-09-02 02:29:43.182 10 INFO neutron.db.ovn_revision_numbers_db [None req-2fab2619-2381-4bf5-bcb1-38dd2ffc42e5 c9f6846dab874417a1cd223ee7ad0ad7 e4d5206ecaab46eca62f724645a2fd82 - - default default] Successfully bumped revision number for resource b8071af3-a9e2-4cc9-9ca0-5535eee66c24 (type: floatingips) to 1
2026-09-02 02:29:43.344 10 INFO neutron.db.ovn_revision_numbers_db [None req-2fab2619-2381-4bf5-bcb1-38dd2ffc42e5 c9f6846dab874417a1cd223ee7ad0ad7 e4d5206ecaab46eca62f724645a2fd82 - - default default] Successfully bumped revision number for resource b8071af3-a9e2-4cc9-9ca0-5535eee66c24 (type: floatingips) to 2
2026-09-02 02:29:43.368 10 INFO neutron.wsgi [None req-2fab2619-2381-4bf5-bcb1-38dd2ffc42e5 c9f6846dab874417a1cd223ee7ad0ad7 e4d5206ecaab46eca62f724645a2fd82 - - default default] 10.0.0.224 "PUT /v2.0/floatingips/b8071af3-a9e2-4cc9-9ca0-5535eee66c24 HTTP/1.1" status: 200 len: 1049 time: 0.8477550
2026-09-02 02:29:43.415 10 INFO neutron.notifiers.nova [-] Nova event matching ['req-eabd9e13-67f3-4532-ae36-12ff0b0f10cb'] response: {'name': 'network-changed', 'server_uuid': '21be0246-6797-422c-a9b5-6d96124e6f51', 'tag': '9cb662a4-0e09-41a0-b808-217b9bc41714', 'status': 'completed', 'code': 200}
2026-09-02 02:29:43.477 10 INFO neutron.wsgi [req-25ed57c0-0da3-4851-910f-2f571f3110d1 req-1d247bc0-b069-4e02-90f3-3806ad57c79c c9f6846dab874417a1cd223ee7ad0ad7 e4d5206ecaab46eca62f724645a2fd82 - - default default] 10.0.0.161 "GET /v2.0/ports?device_id=21be0246-6797-422c-a9b5-6d96124e6f51 HTTP/1.1" status: 200 len: 1170 time: 0.0340116
2026-09-02 02:29:43.483 9 INFO neutron.db.ovn_revision_numbers_db [None req-bd3a5709-bd48-4c2b-993d-7a9a4aced555 ab1fc7ca187c419c84a5442940b48cde 9959bd966b734861b609c5a0c6e4f225 - - default default] Successfully bumped revision number for resource a7d76e53-2ecf-41fd-8a58-3cfa00ada404 (type: floatingips) to 0
2026-09-02 02:29:43.486 9 INFO neutron.wsgi [req-c48e95c4-98cc-4418-b756-9de189e0111e req-2b0ff277-dce6-4b07-9676-2d2311c110a3 61e4278f56864bf6a9f82563887786c8 c9a8be16aedc4711b4cae396c01feb96 - - 627d5bfaba3f4b1e8dce4b50b0107ba4 627d5bfaba3f4b1e8dce4b50b0107ba4] 162.253.55.234 "GET /v2.0/ports?tenant_id=e4d5206ecaab46eca62f724645a2fd82&device_id=21be0246-6797-422c-a9b5-6d96124e6f51 HTTP/1.1" status: 200 len: 1409 time: 0.0334668
2026-09-02 02:29:43.514 9 INFO neutron.wsgi [None req-bd3a5709-bd48-4c2b-993d-7a9a4aced555 ab1fc7ca187c419c84a5442940b48cde 9959bd966b734861b609c5a0c6e4f225 - - default default] 10.0.0.224 "POST /v2.0/floatingips HTTP/1.1" status: 201 len: 751 time: 0.8622813
2026-09-02 02:29:43.520 10 INFO neutron.wsgi [req-25ed57c0-0da3-4851-910f-2f571f3110d1 req-b6c85ab1-9832-4761-accf-75f3b935fe3c c9f6846dab874417a1cd223ee7ad0ad7 e4d5206ecaab46eca62f724645a2fd82 - - default default] 10.0.0.161 "GET /v2.0/security-groups?id=4cdb158d-093f-4727-9572-98da4f5aa9ed&fields=id&fields=name HTTP/1.1" status: 200 len: 312 time: 0.0353484
2026-09-02 02:29:43.576 9 INFO neutron.wsgi [req-c48e95c4-98cc-4418-b756-9de189e0111e req-6d5faf49-a27d-40d1-8cf2-62852e605836 61e4278f56864bf6a9f82563887786c8 c9a8be16aedc4711b4cae396c01feb96 - - 627d5bfaba3f4b1e8dce4b50b0107ba4 627d5bfaba3f4b1e8dce4b50b0107ba4] 162.253.55.234 "GET /v2.0/networks?id=98b07d62-a2ad-41a6-a778-d0e8c9b1163d HTTP/1.1" status: 200 len: 981 time: 0.0830064
2026-09-02 02:29:43.636 9 INFO neutron.wsgi [req-c48e95c4-98cc-4418-b756-9de189e0111e req-26ad9a47-2f71-43ec-b3b4-1e175fd3250f 61e4278f56864bf6a9f82563887786c8 c9a8be16aedc4711b4cae396c01feb96 - - 627d5bfaba3f4b1e8dce4b50b0107ba4 627d5bfaba3f4b1e8dce4b50b0107ba4] 162.253.55.234 "GET /v2.0/floatingips?fixed_ip_address=10.100.0.8&port_id=9cb662a4-0e09-41a0-b808-217b9bc41714 HTTP/1.1" status: 200 len: 1059 time: 0.0549333
2026-09-02 02:29:43.674 9 INFO neutron.wsgi [req-c48e95c4-98cc-4418-b756-9de189e0111e req-3e417dbf-25fd-428a-81fe-a1dabb335467 61e4278f56864bf6a9f82563887786c8 c9a8be16aedc4711b4cae396c01feb96 - - 627d5bfaba3f4b1e8dce4b50b0107ba4 627d5bfaba3f4b1e8dce4b50b0107ba4] 162.253.55.234 "GET /v2.0/subnets?id=bb5c5148-b0de-4e95-90f1-776e3517d61e HTTP/1.1" status: 200 len: 876 time: 0.0315917
2026-09-02 02:29:43.860 9 INFO neutron.wsgi [req-c48e95c4-98cc-4418-b756-9de189e0111e req-d7e60244-6e3e-4353-95b5-0f916b2f6573 61e4278f56864bf6a9f82563887786c8 c9a8be16aedc4711b4cae396c01feb96 - - 627d5bfaba3f4b1e8dce4b50b0107ba4 627d5bfaba3f4b1e8dce4b50b0107ba4] 162.253.55.234 "GET /v2.0/ports?network_id=98b07d62-a2ad-41a6-a778-d0e8c9b1163d&device_owner=network%3Adhcp HTTP/1.1" status: 200 len: 210 time: 0.1780570
2026-09-02 02:29:43.911 9 INFO neutron.notifiers.nova [-] Nova event matching ['req-f6a0823c-715a-4a80-9259-36f843aa2106'] response: {'server_uuid': '21be0246-6797-422c-a9b5-6d96124e6f51', 'name': 'network-vif-plugged', 'status': 'completed', 'tag': '9cb662a4-0e09-41a0-b808-217b9bc41714', 'code': 200}
2026-09-02 02:29:43.911 9 INFO neutron.notifiers.nova [-] Nova event matching ['req-f6a0823c-715a-4a80-9259-36f843aa2106'] response: {'server_uuid': '48bf83e3-d0a0-42d3-8fc6-590bd8a954c9', 'name': 'network-vif-plugged', 'status': 'completed', 'tag': 'a4e635a2-a02c-430a-a63c-3569f871ee99', 'code': 200}
2026-09-02 02:29:43.911 9 INFO neutron.notifiers.nova [-] Nova event matching ['req-f6a0823c-715a-4a80-9259-36f843aa2106'] response: {'server_uuid': '48bf83e3-d0a0-42d3-8fc6-590bd8a954c9', 'name': 'network-vif-plugged', 'status': 'completed', 'tag': 'a4e635a2-a02c-430a-a63c-3569f871ee99', 'code': 200}
2026-09-02 02:29:43.913 9 INFO neutron.wsgi [req-c48e95c4-98cc-4418-b756-9de189e0111e req-4600207f-f8bc-4715-91b5-12e93798b36f 61e4278f56864bf6a9f82563887786c8 c9a8be16aedc4711b4cae396c01feb96 - - 627d5bfaba3f4b1e8dce4b50b0107ba4 627d5bfaba3f4b1e8dce4b50b0107ba4] 162.253.55.234 "GET /v2.0/networks/98b07d62-a2ad-41a6-a778-d0e8c9b1163d?fields=segments HTTP/1.1" status: 200 len: 212 time: 0.0463102
2026-09-02 02:29:43.973 9 INFO neutron.wsgi [req-c48e95c4-98cc-4418-b756-9de189e0111e req-e833f4e0-3265-4c86-964c-76bd793fa6a5 61e4278f56864bf6a9f82563887786c8 c9a8be16aedc4711b4cae396c01feb96 - - 627d5bfaba3f4b1e8dce4b50b0107ba4 627d5bfaba3f4b1e8dce4b50b0107ba4] 162.253.55.234 "GET /v2.0/networks/98b07d62-a2ad-41a6-a778-d0e8c9b1163d?fields=provider%3Aphysical_network&fields=provider%3Anetwork_type HTTP/1.1" status: 200 len: 277 time: 0.0520732
2026-09-02 02:29:43.988 10 INFO neutron.wsgi [req-f6a47a58-19e0-4d25-b912-15b76a2505b9 req-b984d555-9f7d-4a6d-a714-15b63e87ea2c ab1fc7ca187c419c84a5442940b48cde 9959bd966b734861b609c5a0c6e4f225 - - default default] 10.0.0.161 "GET /v2.0/security-groups?name=tempest-securitygroup--937633459&fields=id&tenant_id=9959bd966b734861b609c5a0c6e4f225 HTTP/1.1" status: 200 len: 267 time: 0.0543950
2026-09-02 02:29:44.082 10 INFO neutron.wsgi [req-f6a47a58-19e0-4d25-b912-15b76a2505b9 req-08824e0f-4f18-46ce-977e-6b865f23241f ab1fc7ca187c419c84a5442940b48cde 9959bd966b734861b609c5a0c6e4f225 - - default default] 10.0.0.161 "GET /v2.0/networks?id=08a7df69-38df-4cb0-93d6-ebc69638e7e4 HTTP/1.1" status: 200 len: 875 time: 0.0842326
2026-09-02 02:29:44.102 10 INFO neutron.wsgi [req-f6a47a58-19e0-4d25-b912-15b76a2505b9 req-505637b2-4755-46a6-9b70-7f2e1c4ee6d3 ab1fc7ca187c419c84a5442940b48cde 9959bd966b734861b609c5a0c6e4f225 - - default default] 10.0.0.161 "GET /v2.0/quotas/9959bd966b734861b609c5a0c6e4f225 HTTP/1.1" status: 200 len: 386 time: 0.0133715
2026-09-02 02:29:44.190 10 INFO neutron.wsgi [req-970c8728-2a60-4c79-b95c-27c55892bcaf req-65185a1c-7da8-4117-aee1-66d8988576a3 a644322f496340c4a62b3ca9e9885659 c849e06416d6418c8613ecad4f391d1f - - default default] 10.0.0.161 "GET /v2.0/ports?device_id=48bf83e3-d0a0-42d3-8fc6-590bd8a954c9 HTTP/1.1" status: 200 len: 1174 time: 0.1078546
2026-09-02 02:29:44.209 10 INFO neutron.wsgi [req-f6a47a58-19e0-4d25-b912-15b76a2505b9 req-14e2aa60-d343-4b74-a829-e11e3a82ee4b ab1fc7ca187c419c84a5442940b48cde 9959bd966b734861b609c5a0c6e4f225 - - default default] 10.0.0.161 "GET /v2.0/ports?tenant_id=9959bd966b734861b609c5a0c6e4f225&fields=id HTTP/1.1" status: 200 len: 302 time: 0.0927708
2026-09-02 02:29:44.386 10 INFO neutron.wsgi [req-970c8728-2a60-4c79-b95c-27c55892bcaf req-bc492534-9de1-4ea6-a483-ec7118a83521 a644322f496340c4a62b3ca9e9885659 c849e06416d6418c8613ecad4f391d1f - - default default] 10.0.0.161 "GET /v2.0/security-groups?id=b94254a3-77a1-4cea-8ca9-cb49c486210a&fields=id&fields=name HTTP/1.1" status: 200 len: 312 time: 0.1877384
2026-09-02 02:29:44.409 10 INFO neutron.wsgi [req-f6a47a58-19e0-4d25-b912-15b76a2505b9 req-dee50e27-79f2-456e-ad73-6bd0d0cd6119 61e4278f56864bf6a9f82563887786c8 c9a8be16aedc4711b4cae396c01feb96 - - 627d5bfaba3f4b1e8dce4b50b0107ba4 627d5bfaba3f4b1e8dce4b50b0107ba4] 10.0.0.161 "GET /v2.0/networks/08a7df69-38df-4cb0-93d6-ebc69638e7e4?fields=segments HTTP/1.1" status: 200 len: 212 time: 0.0558496
2026-09-02 02:29:44.473 10 INFO neutron.wsgi [req-f6a47a58-19e0-4d25-b912-15b76a2505b9 req-6b1ea84f-3eae-4389-b7e1-11f56d16ee9b 61e4278f56864bf6a9f82563887786c8 c9a8be16aedc4711b4cae396c01feb96 - - 627d5bfaba3f4b1e8dce4b50b0107ba4 627d5bfaba3f4b1e8dce4b50b0107ba4] 10.0.0.161 "GET /v2.0/networks/08a7df69-38df-4cb0-93d6-ebc69638e7e4?fields=provider%3Aphysical_network&fields=provider%3Anetwork_type HTTP/1.1" status: 200 len: 277 time: 0.0513451
2026-09-02 02:29:44.717 10 INFO neutron.wsgi [req-614b85f7-9da4-478b-a21a-303cb8cf1375 req-c90ff149-4e37-4a05-8537-e50617e73c2e ab1fc7ca187c419c84a5442940b48cde 9959bd966b734861b609c5a0c6e4f225 - - default default] 10.0.0.161 "GET /v2.0/ports?device_id=ba23eb47-ec71-48bb-bdd1-fd09b2293328 HTTP/1.1" status: 200 len: 210 time: 0.0292611
2026-09-02 02:29:45.546 10 INFO neutron.wsgi [req-436c903d-19af-4427-b680-74d5bc5e7111 req-af544d13-8399-4989-b88e-9658a3b78221 a644322f496340c4a62b3ca9e9885659 c849e06416d6418c8613ecad4f391d1f - - default default] 10.0.0.161 "GET /v2.0/ports?device_id=48bf83e3-d0a0-42d3-8fc6-590bd8a954c9 HTTP/1.1" status: 200 len: 1174 time: 0.0524454
2026-09-02 02:29:45.591 10 INFO neutron.wsgi [req-436c903d-19af-4427-b680-74d5bc5e7111 req-8134e67b-9ceb-4494-bb0e-97866cf83872 a644322f496340c4a62b3ca9e9885659 c849e06416d6418c8613ecad4f391d1f - - default default] 10.0.0.161 "GET /v2.0/security-groups?id=b94254a3-77a1-4cea-8ca9-cb49c486210a&fields=id&fields=name HTTP/1.1" status: 200 len: 312 time: 0.0372047
2026-09-02 02:29:45.596 9 INFO neutron.wsgi [req-f6a47a58-19e0-4d25-b912-15b76a2505b9 req-5f5f6b39-890c-4a9b-9f73-2b9854177e2e ab1fc7ca187c419c84a5442940b48cde 9959bd966b734861b609c5a0c6e4f225 - - default default] 162.253.55.234 "GET /v2.0/networks?id=08a7df69-38df-4cb0-93d6-ebc69638e7e4 HTTP/1.1" status: 200 len: 875 time: 0.0752592
2026-09-02 02:29:45.645 9 INFO neutron.wsgi [-] 10.0.0.191 "GET / HTTP/1.1" status: 200 len: 245 time: 0.0014572
2026-09-02 02:29:45.646 9 INFO neutron.wsgi [-] 10.0.0.191 "GET / HTTP/1.1" status: 200 len: 245 time: 0.0009682
2026-09-02 02:29:45.661 9 INFO neutron.wsgi [req-f6a47a58-19e0-4d25-b912-15b76a2505b9 req-fe4044fd-25c6-4981-be82-d26de3a6aadd ab1fc7ca187c419c84a5442940b48cde 9959bd966b734861b609c5a0c6e4f225 - - default default] 162.253.55.234 "GET /v2.0/security-groups?fields=id&fields=name&tenant_id=9959bd966b734861b609c5a0c6e4f225 HTTP/1.1" status: 200 len: 379 time: 0.0589559
2026-09-02 02:29:45.745 10 INFO neutron.wsgi [req-b08c8932-161b-42cc-a84e-1cafad1470dd req-b0912a5b-3e89-475d-a246-3a8992d45a27 a644322f496340c4a62b3ca9e9885659 c849e06416d6418c8613ecad4f391d1f - - default default] 10.0.0.161 "GET /v2.0/ports?device_id=48bf83e3-d0a0-42d3-8fc6-590bd8a954c9 HTTP/1.1" status: 200 len: 1174 time: 0.0697331
2026-09-02 02:29:45.842 10 INFO neutron.wsgi [req-ed2b69c9-ede7-46aa-974f-a5282ee95fe2 req-a331277d-9d07-40c5-b0ca-095ceb53152f ab1fc7ca187c419c84a5442940b48cde 9959bd966b734861b609c5a0c6e4f225 - - default default] 10.0.0.161 "GET /v2.0/ports?device_id=ba23eb47-ec71-48bb-bdd1-fd09b2293328 HTTP/1.1" status: 200 len: 210 time: 0.0430932
2026-09-02 02:29:45.962 9 WARNING neutron.scheduler.dhcp_agent_scheduler [req-f6a47a58-19e0-4d25-b912-15b76a2505b9 req-a5ead633-ff1f-43a1-9212-506326cf6873 ab1fc7ca187c419c84a5442940b48cde 9959bd966b734861b609c5a0c6e4f225 - - default default] No more DHCP agents
2026-09-02 02:29:45.964 9 WARNING neutron.api.rpc.agentnotifiers.dhcp_rpc_agent_api [req-f6a47a58-19e0-4d25-b912-15b76a2505b9 req-a5ead633-ff1f-43a1-9212-506326cf6873 ab1fc7ca187c419c84a5442940b48cde 9959bd966b734861b609c5a0c6e4f225 - - default default] Unable to schedule network 08a7df69-38df-4cb0-93d6-ebc69638e7e4: no agents available; will retry on subsequent port and subnet creation events.
2026-09-02 02:29:46.016 10 INFO neutron.db.l3_db [None req-b6b44eeb-8369-44aa-99c3-8606a63d7108 a644322f496340c4a62b3ca9e9885659 c849e06416d6418c8613ecad4f391d1f - - default default] Floating IP e9c8cefb-6aa7-41b6-90f3-ba861102ac8c associated. External IP: 10.96.250.216, port: a4e635a2-a02c-430a-a63c-3569f871ee99.
2026-09-02 02:29:46.137 9 INFO neutron.db.ovn_revision_numbers_db [req-f6a47a58-19e0-4d25-b912-15b76a2505b9 req-a5ead633-ff1f-43a1-9212-506326cf6873 ab1fc7ca187c419c84a5442940b48cde 9959bd966b734861b609c5a0c6e4f225 - - default default] Successfully bumped revision number for resource 228e6b47-28e4-43d2-8844-05db847632ff (type: ports) to 1
2026-09-02 02:29:46.176 9 INFO neutron.wsgi [req-f6a47a58-19e0-4d25-b912-15b76a2505b9 req-a5ead633-ff1f-43a1-9212-506326cf6873 ab1fc7ca187c419c84a5442940b48cde 9959bd966b734861b609c5a0c6e4f225 - - default default] 162.253.55.234 "POST /v2.0/ports HTTP/1.1" status: 201 len: 1158 time: 0.5098071 /var/lib/openstack/lib/python3.10/site-packages/pycadf/identifier.py:71: UserWarning: Invalid uuid: neutron. To ensure interoperability, identifiers should be a valid uuid. warnings.warn(('Invalid uuid: %s. To ensure interoperability, '
2026-09-02 02:29:46.259 10 INFO neutron.db.ovn_revision_numbers_db [None req-b6b44eeb-8369-44aa-99c3-8606a63d7108 a644322f496340c4a62b3ca9e9885659 c849e06416d6418c8613ecad4f391d1f - - default default] Successfully bumped revision number for resource e9c8cefb-6aa7-41b6-90f3-ba861102ac8c (type: floatingips) to 1
2026-09-02 02:29:46.359 10 INFO neutron.db.ovn_revision_numbers_db [None req-b6b44eeb-8369-44aa-99c3-8606a63d7108 a644322f496340c4a62b3ca9e9885659 c849e06416d6418c8613ecad4f391d1f - - default default] Successfully bumped revision number for resource e9c8cefb-6aa7-41b6-90f3-ba861102ac8c (type: floatingips) to 2
2026-09-02 02:29:46.386 10 INFO neutron.wsgi [None req-b6b44eeb-8369-44aa-99c3-8606a63d7108 a644322f496340c4a62b3ca9e9885659 c849e06416d6418c8613ecad4f391d1f - - default default] 10.0.0.224 "PUT /v2.0/floatingips/e9c8cefb-6aa7-41b6-90f3-ba861102ac8c HTTP/1.1" status: 200 len: 1050 time: 0.6292548
2026-09-02 02:29:46.418 10 INFO neutron.notifiers.nova [-] Nova event matching ['req-400cabb6-a674-4c7b-9050-4ee711808390'] response: {'name': 'network-changed', 'server_uuid': '48bf83e3-d0a0-42d3-8fc6-590bd8a954c9', 'tag': 'a4e635a2-a02c-430a-a63c-3569f871ee99', 'status': 'completed', 'code': 200}
2026-09-02 02:29:46.480 10 INFO neutron.wsgi [req-b4d49466-2fab-46c3-9fef-ae3736ade55a req-5d84ac87-8dea-4402-aa41-4643df5c12e6 61e4278f56864bf6a9f82563887786c8 c9a8be16aedc4711b4cae396c01feb96 - - 627d5bfaba3f4b1e8dce4b50b0107ba4 627d5bfaba3f4b1e8dce4b50b0107ba4] 162.253.55.234 "GET /v2.0/ports?tenant_id=c849e06416d6418c8613ecad4f391d1f&device_id=48bf83e3-d0a0-42d3-8fc6-590bd8a954c9 HTTP/1.1" status: 200 len: 1413 time: 0.0343094
2026-09-02 02:29:46.487 10 INFO neutron.wsgi [req-a2a92325-1c3f-4531-b990-126a28191eb4 req-d1fa2ecc-02d4-4b5f-9e37-158ee5f27daa a644322f496340c4a62b3ca9e9885659 c849e06416d6418c8613ecad4f391d1f - - default default] 10.0.0.161 "GET /v2.0/ports?device_id=48bf83e3-d0a0-42d3-8fc6-590bd8a954c9 HTTP/1.1" status: 200 len: 1174 time: 0.0515170
2026-09-02 02:29:46.568 10 INFO neutron.wsgi [req-a2a92325-1c3f-4531-b990-126a28191eb4 req-d5eead65-01a5-4f9a-bd9b-d103e01c191d a644322f496340c4a62b3ca9e9885659 c849e06416d6418c8613ecad4f391d1f - - default default] 10.0.0.161 "GET /v2.0/security-groups?id=b94254a3-77a1-4cea-8ca9-cb49c486210a&fields=id&fields=name HTTP/1.1" status: 200 len: 312 time: 0.0736654
2026-09-02 02:29:46.587 10 INFO neutron.wsgi [req-b4d49466-2fab-46c3-9fef-ae3736ade55a req-0d557b89-e269-4dbf-9a2e-cee763e816a4 61e4278f56864bf6a9f82563887786c8 c9a8be16aedc4711b4cae396c01feb96 - - 627d5bfaba3f4b1e8dce4b50b0107ba4 627d5bfaba3f4b1e8dce4b50b0107ba4] 162.253.55.234 "GET /v2.0/networks?id=cfa9d42d-105e-40b5-8161-af8b4cf42e4f HTTP/1.1" status: 200 len: 977 time: 0.0980737
2026-09-02 02:29:46.617 9 INFO neutron.db.ovn_revision_numbers_db [req-f6a47a58-19e0-4d25-b912-15b76a2505b9 req-45fe99b4-bc95-426c-aa9f-bff9b278086c 61e4278f56864bf6a9f82563887786c8 c9a8be16aedc4711b4cae396c01feb96 - - 627d5bfaba3f4b1e8dce4b50b0107ba4 627d5bfaba3f4b1e8dce4b50b0107ba4] Successfully bumped revision number for resource 228e6b47-28e4-43d2-8844-05db847632ff (type: ports) to 2
2026-09-02 02:29:46.646 10 INFO neutron.wsgi [req-b4d49466-2fab-46c3-9fef-ae3736ade55a req-ac526b06-e3c1-466a-9d1c-55cc8650f74c 61e4278f56864bf6a9f82563887786c8 c9a8be16aedc4711b4cae396c01feb96 - - 627d5bfaba3f4b1e8dce4b50b0107ba4 627d5bfaba3f4b1e8dce4b50b0107ba4] 162.253.55.234 "GET /v2.0/floatingips?fixed_ip_address=10.100.0.11&port_id=a4e635a2-a02c-430a-a63c-3569f871ee99 HTTP/1.1" status: 200 len: 1060 time: 0.0527134
2026-09-02 02:29:46.683 10 INFO neutron.wsgi [req-b4d49466-2fab-46c3-9fef-ae3736ade55a req-83544e08-b987-4796-a0fa-454ad738de48 61e4278f56864bf6a9f82563887786c8 c9a8be16aedc4711b4cae396c01feb96 - - 627d5bfaba3f4b1e8dce4b50b0107ba4 627d5bfaba3f4b1e8dce4b50b0107ba4] 162.253.55.234 "GET /v2.0/subnets?id=a0561178-bcea-49c4-bc8e-63beb87f1c91 HTTP/1.1" status: 200 len: 872 time: 0.0317342
2026-09-02 02:29:46.712 10 INFO neutron.wsgi [req-b4d49466-2fab-46c3-9fef-ae3736ade55a req-852b8cfd-8bd2-4705-a2ba-e0b0fb7c23ff 61e4278f56864bf6a9f82563887786c8 c9a8be16aedc4711b4cae396c01feb96 - - 627d5bfaba3f4b1e8dce4b50b0107ba4 627d5bfaba3f4b1e8dce4b50b0107ba4] 162.253.55.234 "GET /v2.0/ports?network_id=cfa9d42d-105e-40b5-8161-af8b4cf42e4f&device_owner=network%3Adhcp HTTP/1.1" status: 200 len: 210 time: 0.0203552
2026-09-02 02:29:46.784 10 INFO neutron.wsgi [req-b4d49466-2fab-46c3-9fef-ae3736ade55a req-d91efe9d-4b1b-43f4-bcb3-6e40066f2f0a 61e4278f56864bf6a9f82563887786c8 c9a8be16aedc4711b4cae396c01feb96 - - 627d5bfaba3f4b1e8dce4b50b0107ba4 627d5bfaba3f4b1e8dce4b50b0107ba4] 162.253.55.234 "GET /v2.0/networks/cfa9d42d-105e-40b5-8161-af8b4cf42e4f?fields=segments HTTP/1.1" status: 200 len: 212 time: 0.0620191 /var/lib/openstack/lib/python3.10/site-packages/pycadf/identifier.py:71: UserWarning: Invalid uuid: neutron. To ensure interoperability, identifiers should be a valid uuid. warnings.warn(('Invalid uuid: %s. To ensure interoperability, '
2026-09-02 02:29:46.841 9 INFO neutron.db.ovn_revision_numbers_db [req-f6a47a58-19e0-4d25-b912-15b76a2505b9 req-45fe99b4-bc95-426c-aa9f-bff9b278086c 61e4278f56864bf6a9f82563887786c8 c9a8be16aedc4711b4cae396c01feb96 - - 627d5bfaba3f4b1e8dce4b50b0107ba4 627d5bfaba3f4b1e8dce4b50b0107ba4] Successfully bumped revision number for resource 228e6b47-28e4-43d2-8844-05db847632ff (type: ports) to 2
2026-09-02 02:29:46.844 10 INFO neutron.wsgi [req-b4d49466-2fab-46c3-9fef-ae3736ade55a req-c1c3fddd-9de3-4b20-8816-051ce170db49 61e4278f56864bf6a9f82563887786c8 c9a8be16aedc4711b4cae396c01feb96 - - 627d5bfaba3f4b1e8dce4b50b0107ba4 627d5bfaba3f4b1e8dce4b50b0107ba4] 162.253.55.234 "GET /v2.0/networks/cfa9d42d-105e-40b5-8161-af8b4cf42e4f?fields=provider%3Aphysical_network&fields=provider%3Anetwork_type HTTP/1.1" status: 200 len: 277 time: 0.0538568
2026-09-02 02:29:46.860 9 INFO neutron.wsgi [req-f6a47a58-19e0-4d25-b912-15b76a2505b9 req-45fe99b4-bc95-426c-aa9f-bff9b278086c 61e4278f56864bf6a9f82563887786c8 c9a8be16aedc4711b4cae396c01feb96 - - 627d5bfaba3f4b1e8dce4b50b0107ba4 627d5bfaba3f4b1e8dce4b50b0107ba4] 162.253.55.234 "PUT /v2.0/ports/228e6b47-28e4-43d2-8844-05db847632ff HTTP/1.1" status: 200 len: 1376 time: 0.6722388
2026-09-02 02:29:46.909 9 INFO neutron.notifiers.nova [-] Nova event matching ['req-de9cd8ed-af25-4910-9169-7b5b4e51ff2e'] response: {'name': 'network-changed', 'server_uuid': 'ba23eb47-ec71-48bb-bdd1-fd09b2293328', 'tag': '228e6b47-28e4-43d2-8844-05db847632ff', 'status': 'completed', 'code': 200}
2026-09-02 02:29:46.921 10 INFO neutron.wsgi [req-5099ac15-0245-4502-b4ed-18f12d3965d1 req-a7004f52-2b47-4086-b9a0-cf6e854ffef4 a644322f496340c4a62b3ca9e9885659 c849e06416d6418c8613ecad4f391d1f - - default default] 10.0.0.161 "GET /v2.0/ports?device_id=48bf83e3-d0a0-42d3-8fc6-590bd8a954c9 HTTP/1.1" status: 200 len: 1174 time: 0.0449686
2026-09-02 02:29:46.937 9 INFO neutron.db.ovn_revision_numbers_db [None req-2d49f8a5-17b8-4e8c-8dae-68d69ea5544c e2d40b800ac14356b5a90e2b3f34a419 bbb35c0567f34044ba052b2e71596e82 - - default default] Successfully bumped revision number for resource 32169054-0808-4e1f-9697-05295992cef5 (type: security_groups) to 1
2026-09-02 02:29:46.941 9 INFO neutron.wsgi [req-f6a47a58-19e0-4d25-b912-15b76a2505b9 req-ba4bdbbf-bef2-4328-bcba-b63e2e10ba44 61e4278f56864bf6a9f82563887786c8 c9a8be16aedc4711b4cae396c01feb96 - - 627d5bfaba3f4b1e8dce4b50b0107ba4 627d5bfaba3f4b1e8dce4b50b0107ba4] 162.253.55.234 "GET /v2.0/ports?tenant_id=9959bd966b734861b609c5a0c6e4f225&device_id=ba23eb47-ec71-48bb-bdd1-fd09b2293328 HTTP/1.1" status: 200 len: 1407 time: 0.0441597
2026-09-02 02:29:46.965 10 INFO neutron.wsgi [req-5099ac15-0245-4502-b4ed-18f12d3965d1 req-248e4a06-3aff-4aa8-aee7-44c03f9d76aa a644322f496340c4a62b3ca9e9885659 c849e06416d6418c8613ecad4f391d1f - - default default] 10.0.0.161 "GET /v2.0/security-groups?id=b94254a3-77a1-4cea-8ca9-cb49c486210a&fields=id&fields=name HTTP/1.1" status: 200 len: 312 time: 0.0370607
2026-09-02 02:29:46.971 9 INFO neutron.db.ovn_revision_numbers_db [None req-2d49f8a5-17b8-4e8c-8dae-68d69ea5544c e2d40b800ac14356b5a90e2b3f34a419 bbb35c0567f34044ba052b2e71596e82 - - default default] Successfully bumped revision number for resource 0a372eb2-83d2-487f-ba6f-99c61a20d120 (type: security_group_rules) to 0
2026-09-02 02:29:46.973 9 INFO neutron.wsgi [req-f6a47a58-19e0-4d25-b912-15b76a2505b9 req-8f2a4252-448f-4d3b-a4cd-bd9e355ec972 61e4278f56864bf6a9f82563887786c8 c9a8be16aedc4711b4cae396c01feb96 - - 627d5bfaba3f4b1e8dce4b50b0107ba4 627d5bfaba3f4b1e8dce4b50b0107ba4] 162.253.55.234 "GET /v2.0/floatingips?fixed_ip_address=10.100.0.5&port_id=228e6b47-28e4-43d2-8844-05db847632ff HTTP/1.1" status: 200 len: 217 time: 0.0231681
