2026-09-02 02:29:46.993 9 INFO neutron.db.ovn_revision_numbers_db [None req-2d49f8a5-17b8-4e8c-8dae-68d69ea5544c e2d40b800ac14356b5a90e2b3f34a419 bbb35c0567f34044ba052b2e71596e82 - - default default] Successfully bumped revision number for resource 25eb0238-fcdc-4ec3-8d7f-04d9120c413c (type: security_group_rules) to 0
2026-09-02 02:29:47.003 10 INFO neutron.wsgi [req-6776ae16-c4c4-4a9b-be40-862be9f0f99b req-baf4d117-584f-424e-8273-681a0ea881a6 ab1fc7ca187c419c84a5442940b48cde 9959bd966b734861b609c5a0c6e4f225 - - default default] 10.0.0.161 "GET /v2.0/ports?device_id=ba23eb47-ec71-48bb-bdd1-fd09b2293328 HTTP/1.1" status: 200 len: 1168 time: 0.0425260
2026-09-02 02:29:47.007 9 INFO neutron.db.ovn_revision_numbers_db [None req-2d49f8a5-17b8-4e8c-8dae-68d69ea5544c e2d40b800ac14356b5a90e2b3f34a419 bbb35c0567f34044ba052b2e71596e82 - - default default] Successfully bumped revision number for resource 7933930b-7bb0-4d33-9c1c-180c122974ef (type: security_group_rules) to 0
2026-09-02 02:29:47.011 9 INFO neutron.wsgi [req-f6a47a58-19e0-4d25-b912-15b76a2505b9 req-82db9463-e70e-4125-b8ce-e818f9e5dde8 61e4278f56864bf6a9f82563887786c8 c9a8be16aedc4711b4cae396c01feb96 - - 627d5bfaba3f4b1e8dce4b50b0107ba4 627d5bfaba3f4b1e8dce4b50b0107ba4] 162.253.55.234 "GET /v2.0/subnets?id=5c6eea62-7a4f-46f5-9025-a7c0368ef4cc HTTP/1.1" status: 200 len: 869 time: 0.0322318
2026-09-02 02:29:47.026 9 INFO neutron.db.ovn_revision_numbers_db [None req-2d49f8a5-17b8-4e8c-8dae-68d69ea5544c e2d40b800ac14356b5a90e2b3f34a419 bbb35c0567f34044ba052b2e71596e82 - - default default] Successfully bumped revision number for resource ab97ee18-4213-436c-8879-904e664fbde2 (type: security_group_rules) to 0
2026-09-02 02:29:47.039 9 INFO neutron.wsgi [req-f6a47a58-19e0-4d25-b912-15b76a2505b9 req-8ff0d49e-6709-428c-b21b-bf8bacf9670c 61e4278f56864bf6a9f82563887786c8 c9a8be16aedc4711b4cae396c01feb96 - - 627d5bfaba3f4b1e8dce4b50b0107ba4 627d5bfaba3f4b1e8dce4b50b0107ba4] 162.253.55.234 "GET /v2.0/ports?network_id=08a7df69-38df-4cb0-93d6-ebc69638e7e4&device_owner=network%3Adhcp HTTP/1.1" status: 200 len: 210 time: 0.0208638
2026-09-02 02:29:47.048 9 INFO neutron.wsgi [None req-2d49f8a5-17b8-4e8c-8dae-68d69ea5544c e2d40b800ac14356b5a90e2b3f34a419 bbb35c0567f34044ba052b2e71596e82 - - default default] 10.0.0.224 "GET /v2.0/security-groups?tenant_id=52296fbcc69c435d8821bf0e56494d75&name=default HTTP/1.1" status: 200 len: 2996 time: 0.3760357
2026-09-02 02:29:47.049 10 INFO neutron.wsgi [req-6776ae16-c4c4-4a9b-be40-862be9f0f99b req-36c34f75-e9d9-40bc-995c-8ad212250363 ab1fc7ca187c419c84a5442940b48cde 9959bd966b734861b609c5a0c6e4f225 - - default default] 10.0.0.161 "GET /v2.0/security-groups?id=4e594d45-a187-4ffe-8e82-0be00c039395&fields=id&fields=name HTTP/1.1" status: 200 len: 312 time: 0.0407875
2026-09-02 02:29:47.107 9 INFO neutron.wsgi [req-f6a47a58-19e0-4d25-b912-15b76a2505b9 req-127da233-5099-433c-aec9-55e9389f2c7d 61e4278f56864bf6a9f82563887786c8 c9a8be16aedc4711b4cae396c01feb96 - - 627d5bfaba3f4b1e8dce4b50b0107ba4 627d5bfaba3f4b1e8dce4b50b0107ba4] 162.253.55.234 "GET /v2.0/networks/08a7df69-38df-4cb0-93d6-ebc69638e7e4?fields=segments HTTP/1.1" status: 200 len: 212 time: 0.0581868
2026-09-02 02:29:47.186 9 INFO neutron.wsgi [req-f6a47a58-19e0-4d25-b912-15b76a2505b9 req-f73a1a35-c613-46bc-82e5-ca5244176027 61e4278f56864bf6a9f82563887786c8 c9a8be16aedc4711b4cae396c01feb96 - - 627d5bfaba3f4b1e8dce4b50b0107ba4 627d5bfaba3f4b1e8dce4b50b0107ba4] 162.253.55.234 "GET /v2.0/networks/08a7df69-38df-4cb0-93d6-ebc69638e7e4?fields=provider%3Aphysical_network&fields=provider%3Anetwork_type HTTP/1.1" status: 200 len: 277 time: 0.0704691
2026-09-02 02:29:47.268 9 INFO neutron.wsgi [req-d7a61c78-34cc-4515-8361-36534b7bc94c req-6e8d04ce-75b0-4001-b12a-b3ab0f0da4fd 61e4278f56864bf6a9f82563887786c8 c9a8be16aedc4711b4cae396c01feb96 - - 627d5bfaba3f4b1e8dce4b50b0107ba4 627d5bfaba3f4b1e8dce4b50b0107ba4] 162.253.55.234 "GET /v2.0/ports?tenant_id=9959bd966b734861b609c5a0c6e4f225&device_id=ba23eb47-ec71-48bb-bdd1-fd09b2293328 HTTP/1.1" status: 200 len: 1407 time: 0.0424850
2026-09-02 02:29:47.271 10 INFO neutron.wsgi [req-e2cdaa0d-3eb3-4bed-893a-845ec3033b88 req-e764072b-c2ae-4e7e-ad81-92e92ef3c2e6 a644322f496340c4a62b3ca9e9885659 c849e06416d6418c8613ecad4f391d1f - - default default] 162.253.55.234 "GET /v2.0/ports?device_id=48bf83e3-d0a0-42d3-8fc6-590bd8a954c9 HTTP/1.1" status: 200 len: 1174 time: 0.0307391
2026-09-02 02:29:47.273 10 INFO neutron.wsgi [None req-4fc6cc62-caf0-4f11-bc4f-f926414fd6ae e2d40b800ac14356b5a90e2b3f34a419 bbb35c0567f34044ba052b2e71596e82 - - default default] 10.0.0.224 "DELETE /v2.0/security-groups/32169054-0808-4e1f-9697-05295992cef5 HTTP/1.1" status: 204 len: 168 time: 0.2180777
2026-09-02 02:29:47.384 9 INFO neutron.wsgi [req-d7a61c78-34cc-4515-8361-36534b7bc94c req-3de035af-ed7c-4005-ba99-860258b1a1fe 61e4278f56864bf6a9f82563887786c8 c9a8be16aedc4711b4cae396c01feb96 - - 627d5bfaba3f4b1e8dce4b50b0107ba4 627d5bfaba3f4b1e8dce4b50b0107ba4] 162.253.55.234 "GET /v2.0/networks?id=08a7df69-38df-4cb0-93d6-ebc69638e7e4 HTTP/1.1" status: 200 len: 974 time: 0.1057360
2026-09-02 02:29:47.423 9 INFO neutron.wsgi [req-d7a61c78-34cc-4515-8361-36534b7bc94c req-49163faa-e947-44e3-bf9c-dc61e05b2413 61e4278f56864bf6a9f82563887786c8 c9a8be16aedc4711b4cae396c01feb96 - - 627d5bfaba3f4b1e8dce4b50b0107ba4 627d5bfaba3f4b1e8dce4b50b0107ba4] 162.253.55.234 "GET /v2.0/floatingips?fixed_ip_address=10.100.0.5&port_id=228e6b47-28e4-43d2-8844-05db847632ff HTTP/1.1" status: 200 len: 217 time: 0.0298386
2026-09-02 02:29:47.481 9 INFO neutron.wsgi [req-d7a61c78-34cc-4515-8361-36534b7bc94c req-40df752c-dd59-4350-92b5-76eca7432ba6 61e4278f56864bf6a9f82563887786c8 c9a8be16aedc4711b4cae396c01feb96 - - 627d5bfaba3f4b1e8dce4b50b0107ba4 627d5bfaba3f4b1e8dce4b50b0107ba4] 162.253.55.234 "GET /v2.0/subnets?id=5c6eea62-7a4f-46f5-9025-a7c0368ef4cc HTTP/1.1" status: 200 len: 869 time: 0.0520606
2026-09-02 02:29:47.510 9 INFO neutron.wsgi [req-d7a61c78-34cc-4515-8361-36534b7bc94c req-ac687d44-0bd8-464b-8a0c-dfd9e4d94adb 61e4278f56864bf6a9f82563887786c8 c9a8be16aedc4711b4cae396c01feb96 - - 627d5bfaba3f4b1e8dce4b50b0107ba4 627d5bfaba3f4b1e8dce4b50b0107ba4] 162.253.55.234 "GET /v2.0/ports?network_id=08a7df69-38df-4cb0-93d6-ebc69638e7e4&device_owner=network%3Adhcp HTTP/1.1" status: 200 len: 210 time: 0.0249414
2026-09-02 02:29:47.585 9 INFO neutron.wsgi [req-d7a61c78-34cc-4515-8361-36534b7bc94c req-a163f77a-8b7d-4439-be6a-b610d91f1cfa 61e4278f56864bf6a9f82563887786c8 c9a8be16aedc4711b4cae396c01feb96 - - 627d5bfaba3f4b1e8dce4b50b0107ba4 627d5bfaba3f4b1e8dce4b50b0107ba4] 162.253.55.234 "GET /v2.0/networks/08a7df69-38df-4cb0-93d6-ebc69638e7e4?fields=segments HTTP/1.1" status: 200 len: 212 time: 0.0681906
2026-09-02 02:29:47.638 9 INFO neutron.db.ovn_revision_numbers_db [None req-df5267ba-4aec-403f-9694-93ec6a54dd33 e2d40b800ac14356b5a90e2b3f34a419 bbb35c0567f34044ba052b2e71596e82 - - default default] Successfully bumped revision number for resource 6ea8d657-3994-41c1-a072-adf01a64f484 (type: security_groups) to 1
2026-09-02 02:29:47.649 9 INFO neutron.wsgi [req-d7a61c78-34cc-4515-8361-36534b7bc94c req-71077047-b7f4-4129-955e-4ae981579b93 61e4278f56864bf6a9f82563887786c8 c9a8be16aedc4711b4cae396c01feb96 - - 627d5bfaba3f4b1e8dce4b50b0107ba4 627d5bfaba3f4b1e8dce4b50b0107ba4] 162.253.55.234 "GET /v2.0/networks/08a7df69-38df-4cb0-93d6-ebc69638e7e4?fields=provider%3Aphysical_network&fields=provider%3Anetwork_type HTTP/1.1" status: 200 len: 277 time: 0.0565703
2026-09-02 02:29:47.654 9 INFO neutron.db.ovn_revision_numbers_db [None req-df5267ba-4aec-403f-9694-93ec6a54dd33 e2d40b800ac14356b5a90e2b3f34a419 bbb35c0567f34044ba052b2e71596e82 - - default default] Successfully bumped revision number for resource 66dcb412-8348-4d61-804e-48c2ff482e0c (type: security_group_rules) to 0
2026-09-02 02:29:47.669 9 INFO neutron.db.ovn_revision_numbers_db [None req-df5267ba-4aec-403f-9694-93ec6a54dd33 e2d40b800ac14356b5a90e2b3f34a419 bbb35c0567f34044ba052b2e71596e82 - - default default] Successfully bumped revision number for resource bdc8a631-d516-4185-a53c-297eeb1edd5b (type: security_group_rules) to 0
2026-09-02 02:29:47.679 9 INFO neutron.db.ovn_revision_numbers_db [None req-df5267ba-4aec-403f-9694-93ec6a54dd33 e2d40b800ac14356b5a90e2b3f34a419 bbb35c0567f34044ba052b2e71596e82 - - default default] Successfully bumped revision number for resource c8a96f12-a25e-492a-a288-25c5f3d70f4c (type: security_group_rules) to 0
2026-09-02 02:29:47.689 9 INFO neutron.db.ovn_revision_numbers_db [None req-df5267ba-4aec-403f-9694-93ec6a54dd33 e2d40b800ac14356b5a90e2b3f34a419 bbb35c0567f34044ba052b2e71596e82 - - default default] Successfully bumped revision number for resource e8c38de8-6974-4386-b44b-0772a323184c (type: security_group_rules) to 0
2026-09-02 02:29:47.715 9 INFO neutron.wsgi [None req-df5267ba-4aec-403f-9694-93ec6a54dd33 e2d40b800ac14356b5a90e2b3f34a419 bbb35c0567f34044ba052b2e71596e82 - - default default] 10.0.0.224 "GET /v2.0/security-groups?tenant_id=ffeb7c60f1cf4b0a81bf1294ff81cdd7&name=default HTTP/1.1" status: 200 len: 2996 time: 0.2772028
2026-09-02 02:29:47.715 9 WARNING neutron.plugins.ml2.drivers.ovn.mech_driver.ovsdb.ovn_client [None req-4acd870d-c45b-4a81-9b73-b0d4d22bc6fb - - - - - -] No hosting information found for port 229ac0e6-33a6-489a-8b6c-4031e282378e: RuntimeError: No hosting information found for port 229ac0e6-33a6-489a-8b6c-4031e282378e
2026-09-02 02:29:47.737 10 INFO neutron.db.l3_db [req-e2cdaa0d-3eb3-4bed-893a-845ec3033b88 req-1938697b-fe86-4804-ab68-a2c707025e48 a644322f496340c4a62b3ca9e9885659 c849e06416d6418c8613ecad4f391d1f - - default default] Floating IP e9c8cefb-6aa7-41b6-90f3-ba861102ac8c disassociated. External IP: 10.96.250.216, port: a4e635a2-a02c-430a-a63c-3569f871ee99.
2026-09-02 02:29:47.756 9 INFO neutron.plugins.ml2.drivers.ovn.mech_driver.mech_driver [None req-4acd870d-c45b-4a81-9b73-b0d4d22bc6fb - - - - - -] OVN reports status down for port: a4e635a2-a02c-430a-a63c-3569f871ee99
2026-09-02 02:29:47.898 10 INFO neutron.wsgi [req-e2cdaa0d-3eb3-4bed-893a-845ec3033b88 req-1938697b-fe86-4804-ab68-a2c707025e48 a644322f496340c4a62b3ca9e9885659 c849e06416d6418c8613ecad4f391d1f - - default default] 162.253.55.234 "DELETE /v2.0/ports/a4e635a2-a02c-430a-a63c-3569f871ee99 HTTP/1.1" status: 204 len: 173 time: 0.6191118
2026-09-02 02:29:47.935 10 INFO neutron.wsgi [None req-1ad52025-ce58-4c60-a7ca-39688eb75b89 e2d40b800ac14356b5a90e2b3f34a419 bbb35c0567f34044ba052b2e71596e82 - - default default] 10.0.0.224 "DELETE /v2.0/security-groups/6ea8d657-3994-41c1-a072-adf01a64f484 HTTP/1.1" status: 204 len: 168 time: 0.2130966
2026-09-02 02:29:48.075 10 INFO neutron.wsgi [req-c7a19c75-f9fd-437f-85ff-63827711957e req-ea92eac4-3d46-4777-aee8-09aa22599ab1 a644322f496340c4a62b3ca9e9885659 c849e06416d6418c8613ecad4f391d1f - - default default] 10.0.0.161 "GET /v2.0/ports?device_id=48bf83e3-d0a0-42d3-8fc6-590bd8a954c9 HTTP/1.1" status: 200 len: 210 time: 0.0258746
2026-09-02 02:29:48.178 10 INFO neutron.wsgi [req-6dc06301-dc7b-48d1-90d2-fa674242f7ee req-2f24efec-7a4b-42ae-a9fc-c670337aa842 ab1fc7ca187c419c84a5442940b48cde 9959bd966b734861b609c5a0c6e4f225 - - default default] 10.0.0.161 "GET /v2.0/ports?device_id=ba23eb47-ec71-48bb-bdd1-fd09b2293328 HTTP/1.1" status: 200 len: 1168 time: 0.0379229
2026-09-02 02:29:48.237 10 INFO neutron.wsgi [req-6dc06301-dc7b-48d1-90d2-fa674242f7ee req-6b44a33c-243e-4da6-a9ca-369a170a79e5 ab1fc7ca187c419c84a5442940b48cde 9959bd966b734861b609c5a0c6e4f225 - - default default] 10.0.0.161 "GET /v2.0/security-groups?id=4e594d45-a187-4ffe-8e82-0be00c039395&fields=id&fields=name HTTP/1.1" status: 200 len: 312 time: 0.0500870
2026-09-02 02:29:48.374 9 ERROR ovsdbapp.backend.ovs_idl.command [None req-4acd870d-c45b-4a81-9b73-b0d4d22bc6fb - - - - - -] Error executing command (LspGetUpCommand): ovsdbapp.backend.ovs_idl.idlutils.RowNotFound: Cannot find Logical_Switch_Port with name=a4e635a2-a02c-430a-a63c-3569f871ee99
2026-09-02 02:29:48.374 9 ERROR ovsdbapp.backend.ovs_idl.command
Traceback (most recent call last):
2026-09-02 02:29:48.374 9 ERROR ovsdbapp.backend.ovs_idl.command
File "/var/lib/openstack/lib/python3.10/site-packages/ovsdbapp/backend/ovs_idl/command.py", line 47, in execute
2026-09-02 02:29:48.374 9 ERROR ovsdbapp.backend.ovs_idl.command self.run_idl(None)
2026-09-02 02:29:48.374 9 ERROR ovsdbapp.backend.ovs_idl.command
File "/var/lib/openstack/lib/python3.10/site-packages/ovsdbapp/schema/ovn_northbound/commands.py", line 650, in run_idl
2026-09-02 02:29:48.374 9 ERROR ovsdbapp.backend.ovs_idl.command lsp = self.api.lookup('Logical_Switch_Port', self.port)
2026-09-02 02:29:48.374 9 ERROR ovsdbapp.backend.ovs_idl.command
File "/var/lib/openstack/lib/python3.10/site-packages/ovsdbapp/backend/ovs_idl/__init__.py", line 183, in lookup
2026-09-02 02:29:48.374 9 ERROR ovsdbapp.backend.ovs_idl.command return self._lookup(table, record)
2026-09-02 02:29:48.374 9 ERROR ovsdbapp.backend.ovs_idl.command
File "/var/lib/openstack/lib/python3.10/site-packages/ovsdbapp/backend/ovs_idl/__init__.py", line 234, in _lookup
2026-09-02 02:29:48.374 9 ERROR ovsdbapp.backend.ovs_idl.command row = idlutils.row_by_value(self, rl.table, rl.column, record)
2026-09-02 02:29:48.374 9 ERROR ovsdbapp.backend.ovs_idl.command
File "/var/lib/openstack/lib/python3.10/site-packages/ovsdbapp/backend/ovs_idl/idlutils.py", line 114, in row_by_value
2026-09-02 02:29:48.374 9 ERROR ovsdbapp.backend.ovs_idl.command raise RowNotFound(table=table, col=column, match=match)
2026-09-02 02:29:48.374 9 ERROR ovsdbapp.backend.ovs_idl.command ovsdbapp.backend.ovs_idl.idlutils.RowNotFound: Cannot find Logical_Switch_Port with name=a4e635a2-a02c-430a-a63c-3569f871ee99
2026-09-02 02:29:48.374 9 ERROR ovsdbapp.backend.ovs_idl.command 
2026-09-02 02:29:48.376 9 ERROR ovsdbapp.event [None req-4acd870d-c45b-4a81-9b73-b0d4d22bc6fb - - - - - -] Unexpected exception in notify_loop: ovsdbapp.backend.ovs_idl.idlutils.RowNotFound: Cannot find Logical_Switch_Port with name=a4e635a2-a02c-430a-a63c-3569f871ee99
2026-09-02 02:29:48.376 9 ERROR ovsdbapp.event
Traceback (most recent call last):
2026-09-02 02:29:48.376 9 ERROR ovsdbapp.event
File "/var/lib/openstack/lib/python3.10/site-packages/ovsdbapp/event.py", line 177, in notify_loop
2026-09-02 02:29:48.376 9 ERROR ovsdbapp.event match.run(event, row, updates)
2026-09-02 02:29:48.376 9 ERROR ovsdbapp.event
File "/var/lib/openstack/lib/python3.10/site-packages/neutron/plugins/ml2/drivers/ovn/mech_driver/ovsdb/ovsdb_monitor.py", line 543, in run
2026-09-02 02:29:48.376 9 ERROR ovsdbapp.event self.driver.set_port_status_down(row.name)
2026-09-02 02:29:48.376 9 ERROR ovsdbapp.event
File "/var/lib/openstack/lib/python3.10/site-packages/neutron/plugins/ml2/drivers/ovn/mech_driver/mech_driver.py", line 1231, in set_port_status_down
2026-09-02 02:29:48.376 9 ERROR ovsdbapp.event self._ovn_client.update_lsp_host_info(
2026-09-02 02:29:48.376 9 ERROR ovsdbapp.event
File "/var/lib/openstack/lib/python3.10/site-packages/neutron/plugins/ml2/drivers/ovn/mech_driver/ovsdb/ovn_client.py", line 297, in update_lsp_host_info
2026-09-02 02:29:48.376 9 ERROR ovsdbapp.event port_up = self._nb_idl.lsp_get_up(db_port.id).execute(
2026-09-02 02:29:48.376 9 ERROR ovsdbapp.event
File "/var/lib/openstack/lib/python3.10/site-packages/ovsdbapp/backend/ovs_idl/command.py", line 47, in execute
2026-09-02 02:29:48.376 9 ERROR ovsdbapp.event self.run_idl(None)
2026-09-02 02:29:48.376 9 ERROR ovsdbapp.event
File "/var/lib/openstack/lib/python3.10/site-packages/ovsdbapp/schema/ovn_northbound/commands.py", line 650, in run_idl
2026-09-02 02:29:48.376 9 ERROR ovsdbapp.event lsp = self.api.lookup('Logical_Switch_Port', self.port)
2026-09-02 02:29:48.376 9 ERROR ovsdbapp.event
File "/var/lib/openstack/lib/python3.10/site-packages/ovsdbapp/backend/ovs_idl/__init__.py", line 183, in lookup
2026-09-02 02:29:48.376 9 ERROR ovsdbapp.event return self._lookup(table, record)
2026-09-02 02:29:48.376 9 ERROR ovsdbapp.event
File "/var/lib/openstack/lib/python3.10/site-packages/ovsdbapp/backend/ovs_idl/__init__.py", line 234, in _lookup
2026-09-02 02:29:48.376 9 ERROR ovsdbapp.event row = idlutils.row_by_value(self, rl.table, rl.column, record)
2026-09-02 02:29:48.376 9 ERROR ovsdbapp.event
File "/var/lib/openstack/lib/python3.10/site-packages/ovsdbapp/backend/ovs_idl/idlutils.py", line 114, in row_by_value
2026-09-02 02:29:48.376 9 ERROR ovsdbapp.event raise RowNotFound(table=table, col=column, match=match)
2026-09-02 02:29:48.376 9 ERROR ovsdbapp.event ovsdbapp.backend.ovs_idl.idlutils.RowNotFound: Cannot find Logical_Switch_Port with name=a4e635a2-a02c-430a-a63c-3569f871ee99
2026-09-02 02:29:48.376 9 ERROR ovsdbapp.event 
2026-09-02 02:29:48.379 9 INFO neutron.plugins.ml2.drivers.ovn.mech_driver.mech_driver [None req-4acd870d-c45b-4a81-9b73-b0d4d22bc6fb - - - - - -] OVN reports status up for port: 228e6b47-28e4-43d2-8844-05db847632ff
2026-09-02 02:29:48.393 9 INFO neutron.plugins.ml2.plugin [None req-4acd870d-c45b-4a81-9b73-b0d4d22bc6fb - - - - - -] Attempt 1 to provision port 228e6b47-28e4-43d2-8844-05db847632ff
2026-09-02 02:29:48.472 10 INFO neutron.notifiers.nova [-] Nova event matching ['req-d7bb694d-bba2-427a-beaf-be811347a34a'] response: {'server_uuid': '48bf83e3-d0a0-42d3-8fc6-590bd8a954c9', 'name': 'network-vif-deleted', 'tag': 'a4e635a2-a02c-430a-a63c-3569f871ee99', 'status': 'completed', 'code': 200}
2026-09-02 02:29:48.689 9 INFO neutron.db.ovn_revision_numbers_db [None req-4acd870d-c45b-4a81-9b73-b0d4d22bc6fb - - - - - -] Successfully bumped revision number for resource 228e6b47-28e4-43d2-8844-05db847632ff (type: ports) to 4
2026-09-02 02:29:48.971 9 INFO neutron.notifiers.nova [-] Nova event matching ['req-f2abd812-c061-447b-9922-328dfe184525'] response: {'server_uuid': '48bf83e3-d0a0-42d3-8fc6-590bd8a954c9', 'name': 'network-vif-plugged', 'status': 'completed', 'tag': 'a4e635a2-a02c-430a-a63c-3569f871ee99', 'code': 200}
2026-09-02 02:29:48.973 9 INFO neutron.notifiers.nova [-] Nova event matching ['req-f2abd812-c061-447b-9922-328dfe184525'] response: {'server_uuid': 'ba23eb47-ec71-48bb-bdd1-fd09b2293328', 'name': 'network-vif-plugged', 'status': 'completed', 'tag': '228e6b47-28e4-43d2-8844-05db847632ff', 'code': 200}
2026-09-02 02:29:48.973 9 INFO neutron.notifiers.nova [-] Nova event matching ['req-f2abd812-c061-447b-9922-328dfe184525'] response: {'server_uuid': 'ba23eb47-ec71-48bb-bdd1-fd09b2293328', 'name': 'network-vif-plugged', 'status': 'completed', 'tag': '228e6b47-28e4-43d2-8844-05db847632ff', 'code': 200} /var/lib/openstack/lib/python3.10/site-packages/pycadf/identifier.py:71: UserWarning: Invalid uuid: neutron. To ensure interoperability, identifiers should be a valid uuid. warnings.warn(('Invalid uuid: %s. To ensure interoperability, '
2026-09-02 02:29:49.314 9 INFO neutron.wsgi [None req-51277f1e-5eae-4955-a03c-7bb2af88848b a644322f496340c4a62b3ca9e9885659 c849e06416d6418c8613ecad4f391d1f - - default default] 10.0.0.224 "DELETE /v2.0/security-groups/b94254a3-77a1-4cea-8ca9-cb49c486210a HTTP/1.1" status: 204 len: 168 time: 0.1459301
2026-09-02 02:29:49.334 9 INFO neutron.api.v2.resource [None req-fcd73c53-77a3-4d9f-832b-268cbb5e623a a644322f496340c4a62b3ca9e9885659 c849e06416d6418c8613ecad4f391d1f - - default default] show failed (client error): The resource could not be found.
2026-09-02 02:29:49.335 9 INFO neutron.wsgi [None req-fcd73c53-77a3-4d9f-832b-268cbb5e623a a644322f496340c4a62b3ca9e9885659 c849e06416d6418c8613ecad4f391d1f - - default default] 10.0.0.224 "GET /v2.0/security-groups/b94254a3-77a1-4cea-8ca9-cb49c486210a HTTP/1.1" status: 404 len: 347 time: 0.0153401
2026-09-02 02:29:49.440 10 INFO neutron.wsgi [req-63b78f61-76da-470f-a015-9eae3e57a857 req-18388246-892c-495e-93db-3f32bac62f5f ab1fc7ca187c419c84a5442940b48cde 9959bd966b734861b609c5a0c6e4f225 - - default default] 10.0.0.161 "GET /v2.0/ports?device_id=ba23eb47-ec71-48bb-bdd1-fd09b2293328 HTTP/1.1" status: 200 len: 1170 time: 0.1312263
2026-09-02 02:29:49.493 10 INFO neutron.wsgi [req-63b78f61-76da-470f-a015-9eae3e57a857 req-5c30d41d-6981-49bd-9a9b-6c7209544042 ab1fc7ca187c419c84a5442940b48cde 9959bd966b734861b609c5a0c6e4f225 - - default default] 10.0.0.161 "GET /v2.0/security-groups?id=4e594d45-a187-4ffe-8e82-0be00c039395&fields=id&fields=name HTTP/1.1" status: 200 len: 312 time: 0.0436010
2026-09-02 02:29:49.766 10 INFO neutron.wsgi [req-f56d71c6-5d6a-4b1f-b9fd-a7e4decf64ec req-26cae514-538e-4291-8d0b-e195e087c211 ab1fc7ca187c419c84a5442940b48cde 9959bd966b734861b609c5a0c6e4f225 - - default default] 10.0.0.161 "GET /v2.0/ports?device_id=ba23eb47-ec71-48bb-bdd1-fd09b2293328 HTTP/1.1" status: 200 len: 1170 time: 0.1747849
2026-09-02 02:29:49.811 10 INFO neutron.wsgi [None req-a375d89a-4a0b-469d-a17d-7228d72192de a644322f496340c4a62b3ca9e9885659 c849e06416d6418c8613ecad4f391d1f - - default default] 10.0.0.224 "DELETE /v2.0/floatingips/e9c8cefb-6aa7-41b6-90f3-ba861102ac8c HTTP/1.1" status: 204 len: 168 time: 0.4681993
2026-09-02 02:29:50.102 9 INFO neutron.db.l3_db [None req-300aa1c8-aae4-455a-a967-f74996b59979 ab1fc7ca187c419c84a5442940b48cde 9959bd966b734861b609c5a0c6e4f225 - - default default] Floating IP a7d76e53-2ecf-41fd-8a58-3cfa00ada404 associated. External IP: 10.96.250.202, port: 228e6b47-28e4-43d2-8844-05db847632ff.
2026-09-02 02:29:50.439 9 INFO neutron.db.ovn_revision_numbers_db [None req-300aa1c8-aae4-455a-a967-f74996b59979 ab1fc7ca187c419c84a5442940b48cde 9959bd966b734861b609c5a0c6e4f225 - - default default] Successfully bumped revision number for resource a7d76e53-2ecf-41fd-8a58-3cfa00ada404 (type: floatingips) to 1
2026-09-02 02:29:50.542 9 INFO neutron.db.ovn_revision_numbers_db [None req-300aa1c8-aae4-455a-a967-f74996b59979 ab1fc7ca187c419c84a5442940b48cde 9959bd966b734861b609c5a0c6e4f225 - - default default] Successfully bumped revision number for resource a7d76e53-2ecf-41fd-8a58-3cfa00ada404 (type: floatingips) to 2
2026-09-02 02:29:50.563 9 INFO neutron.wsgi [None req-300aa1c8-aae4-455a-a967-f74996b59979 ab1fc7ca187c419c84a5442940b48cde 9959bd966b734861b609c5a0c6e4f225 - - default default] 10.0.0.224 "PUT /v2.0/floatingips/a7d76e53-2ecf-41fd-8a58-3cfa00ada404 HTTP/1.1" status: 200 len: 1049 time: 0.7839487
2026-09-02 02:29:50.662 10 INFO neutron.wsgi [req-13776f32-fd6b-4ee8-84ef-cc866eaf1860 req-1baec9c4-801b-4e7f-adb7-bacd907b7c4e ab1fc7ca187c419c84a5442940b48cde 9959bd966b734861b609c5a0c6e4f225 - - default default] 10.0.0.161 "GET /v2.0/ports?device_id=ba23eb47-ec71-48bb-bdd1-fd09b2293328 HTTP/1.1" status: 200 len: 1170 time: 0.0406849
2026-09-02 02:29:50.704 10 INFO neutron.wsgi [req-13776f32-fd6b-4ee8-84ef-cc866eaf1860 req-499042c5-9328-4c85-a08f-99943777eca6 ab1fc7ca187c419c84a5442940b48cde 9959bd966b734861b609c5a0c6e4f225 - - default default] 10.0.0.161 "GET /v2.0/security-groups?id=4e594d45-a187-4ffe-8e82-0be00c039395&fields=id&fields=name HTTP/1.1" status: 200 len: 312 time: 0.0326526
2026-09-02 02:29:50.777 10 INFO neutron.wsgi [None req-09f83872-b864-47ca-964b-cc446c3ed316 e2d40b800ac14356b5a90e2b3f34a419 bbb35c0567f34044ba052b2e71596e82 - - default default] 10.0.0.224 "PUT /v2.0/routers/2ae4a07a-3578-44da-a7ae-f0521d69eb16/remove_router_interface HTTP/1.1" status: 200 len: 503 time: 0.9608376 /var/lib/openstack/lib/python3.10/site-packages/pycadf/identifier.py:71: UserWarning: Invalid uuid: neutron. To ensure interoperability, identifiers should be a valid uuid. warnings.warn(('Invalid uuid: %s. To ensure interoperability, '
2026-09-02 02:29:50.986 9 INFO neutron.db.ovn_revision_numbers_db [None req-a157eb84-a6d5-48f5-935e-a31190f40056 e2d40b800ac14356b5a90e2b3f34a419 bbb35c0567f34044ba052b2e71596e82 - - default default] Successfully bumped revision number for resource bbe176f5-86ac-4852-94a1-a7d32f1420b4 (type: security_groups) to 1
2026-09-02 02:29:51.009 9 INFO neutron.notifiers.nova [-] Nova event matching ['req-2befa349-2574-4702-8952-91ade9772c8d'] response: {'name': 'network-changed', 'server_uuid': 'ba23eb47-ec71-48bb-bdd1-fd09b2293328', 'tag': '228e6b47-28e4-43d2-8844-05db847632ff', 'status': 'completed', 'code': 200}
2026-09-02 02:29:51.010 9 INFO neutron.db.ovn_revision_numbers_db [None req-a157eb84-a6d5-48f5-935e-a31190f40056 e2d40b800ac14356b5a90e2b3f34a419 bbb35c0567f34044ba052b2e71596e82 - - default default] Successfully bumped revision number for resource 60077d65-73da-4a0b-846a-03502f23ef38 (type: security_group_rules) to 0
2026-09-02 02:29:51.035 9 INFO neutron.db.ovn_revision_numbers_db [None req-a157eb84-a6d5-48f5-935e-a31190f40056 e2d40b800ac14356b5a90e2b3f34a419 bbb35c0567f34044ba052b2e71596e82 - - default default] Successfully bumped revision number for resource cf415ffd-ccbb-4436-9cf0-4b08664f695a (type: security_group_rules) to 0 /var/lib/openstack/lib/python3.10/site-packages/pycadf/identifier.py:71: UserWarning: Invalid uuid: neutron. To ensure interoperability, identifiers should be a valid uuid. warnings.warn(('Invalid uuid: %s. To ensure interoperability, '
2026-09-02 02:29:51.064 9 INFO neutron.db.ovn_revision_numbers_db [None req-a157eb84-a6d5-48f5-935e-a31190f40056 e2d40b800ac14356b5a90e2b3f34a419 bbb35c0567f34044ba052b2e71596e82 - - default default] Successfully bumped revision number for resource e0c9403e-a545-4431-b196-8627064e743e (type: security_group_rules) to 0
2026-09-02 02:29:51.080 9 INFO neutron.db.ovn_revision_numbers_db [None req-a157eb84-a6d5-48f5-935e-a31190f40056 e2d40b800ac14356b5a90e2b3f34a419 bbb35c0567f34044ba052b2e71596e82 - - default default] Successfully bumped revision number for resource fb0d00bf-59a1-4154-86c6-d1928cf54878 (type: security_group_rules) to 0
2026-09-02 02:29:51.109 10 INFO neutron.wsgi [req-4f3095c5-2aa8-48a9-bc8e-3a150aa4267e req-0d787c93-9149-495c-bade-0013d3a831ce 61e4278f56864bf6a9f82563887786c8 c9a8be16aedc4711b4cae396c01feb96 - - 627d5bfaba3f4b1e8dce4b50b0107ba4 627d5bfaba3f4b1e8dce4b50b0107ba4] 162.253.55.234 "GET /v2.0/ports?tenant_id=9959bd966b734861b609c5a0c6e4f225&device_id=ba23eb47-ec71-48bb-bdd1-fd09b2293328 HTTP/1.1" status: 200 len: 1409 time: 0.0684063
2026-09-02 02:29:51.117 9 INFO neutron.wsgi [None req-a157eb84-a6d5-48f5-935e-a31190f40056 e2d40b800ac14356b5a90e2b3f34a419 bbb35c0567f34044ba052b2e71596e82 - - default default] 10.0.0.224 "GET /v2.0/security-groups?tenant_id=d2de127bb3bd4d3eacc6136f795ed0fe&name=default HTTP/1.1" status: 200 len: 2996 time: 0.5197687
2026-09-02 02:29:51.141 10 INFO neutron.wsgi [req-4f33ee85-0237-4177-b2d1-a44c916fa7d6 req-ed1c0fbc-eb7c-457e-9c74-e49f5de7ed1d ab1fc7ca187c419c84a5442940b48cde 9959bd966b734861b609c5a0c6e4f225 - - default default] 10.0.0.161 "GET /v2.0/ports?device_id=ba23eb47-ec71-48bb-bdd1-fd09b2293328 HTTP/1.1" status: 200 len: 1170 time: 0.0442228
2026-09-02 02:29:51.180 10 INFO neutron.wsgi [req-4f33ee85-0237-4177-b2d1-a44c916fa7d6 req-9623fdcf-d377-4c4a-9c3a-45eeb9f12a72 ab1fc7ca187c419c84a5442940b48cde 9959bd966b734861b609c5a0c6e4f225 - - default default] 10.0.0.161 "GET /v2.0/security-groups?id=4e594d45-a187-4ffe-8e82-0be00c039395&fields=id&fields=name HTTP/1.1" status: 200 len: 312 time: 0.0350480
2026-09-02 02:29:51.281 10 INFO neutron.wsgi [req-4f3095c5-2aa8-48a9-bc8e-3a150aa4267e req-7d4e4183-4dc7-47b1-8691-db49f94c5171 61e4278f56864bf6a9f82563887786c8 c9a8be16aedc4711b4cae396c01feb96 - - 627d5bfaba3f4b1e8dce4b50b0107ba4 627d5bfaba3f4b1e8dce4b50b0107ba4] 162.253.55.234 "GET /v2.0/networks?id=08a7df69-38df-4cb0-93d6-ebc69638e7e4 HTTP/1.1" status: 200 len: 974 time: 0.0673039
2026-09-02 02:29:51.311 9 INFO neutron.plugins.ml2.drivers.ovn.mech_driver.mech_driver [None req-4acd870d-c45b-4a81-9b73-b0d4d22bc6fb - - - - - -] OVN reports status down for port: 228e6b47-28e4-43d2-8844-05db847632ff
2026-09-02 02:29:51.326 10 INFO neutron.wsgi [req-4f3095c5-2aa8-48a9-bc8e-3a150aa4267e req-d70f21b5-0568-4e31-86ab-9ed519e11a5f 61e4278f56864bf6a9f82563887786c8 c9a8be16aedc4711b4cae396c01feb96 - - 627d5bfaba3f4b1e8dce4b50b0107ba4 627d5bfaba3f4b1e8dce4b50b0107ba4] 162.253.55.234 "GET /v2.0/floatingips?fixed_ip_address=10.100.0.5&port_id=228e6b47-28e4-43d2-8844-05db847632ff HTTP/1.1" status: 200 len: 1059 time: 0.0402219
2026-09-02 02:29:51.360 10 INFO neutron.wsgi [req-4f3095c5-2aa8-48a9-bc8e-3a150aa4267e req-19893d47-4985-4e21-8c9c-1cf874f324ab 61e4278f56864bf6a9f82563887786c8 c9a8be16aedc4711b4cae396c01feb96 - - 627d5bfaba3f4b1e8dce4b50b0107ba4 627d5bfaba3f4b1e8dce4b50b0107ba4] 162.253.55.234 "GET /v2.0/subnets?id=5c6eea62-7a4f-46f5-9025-a7c0368ef4cc HTTP/1.1" status: 200 len: 869 time: 0.0284402
2026-09-02 02:29:51.388 10 INFO neutron.wsgi [req-4f3095c5-2aa8-48a9-bc8e-3a150aa4267e req-3c32cd35-923d-4ea2-8a83-ab84fe9ca97b 61e4278f56864bf6a9f82563887786c8 c9a8be16aedc4711b4cae396c01feb96 - - 627d5bfaba3f4b1e8dce4b50b0107ba4 627d5bfaba3f4b1e8dce4b50b0107ba4] 162.253.55.234 "GET /v2.0/ports?network_id=08a7df69-38df-4cb0-93d6-ebc69638e7e4&device_owner=network%3Adhcp HTTP/1.1" status: 200 len: 210 time: 0.0200675
2026-09-02 02:29:51.484 10 INFO neutron.wsgi [req-4f3095c5-2aa8-48a9-bc8e-3a150aa4267e req-9f5fefbb-3d96-49a2-90a8-26645e47d9a2 61e4278f56864bf6a9f82563887786c8 c9a8be16aedc4711b4cae396c01feb96 - - 627d5bfaba3f4b1e8dce4b50b0107ba4 627d5bfaba3f4b1e8dce4b50b0107ba4] 162.253.55.234 "GET /v2.0/networks/08a7df69-38df-4cb0-93d6-ebc69638e7e4?fields=segments HTTP/1.1" status: 200 len: 212 time: 0.0893521
2026-09-02 02:29:51.520 9 INFO neutron.wsgi [None req-c184f46e-dfef-44bd-bbfa-cfb17edd67e2 e2d40b800ac14356b5a90e2b3f34a419 bbb35c0567f34044ba052b2e71596e82 - - default default] 10.0.0.224 "DELETE /v2.0/security-groups/bbe176f5-86ac-4852-94a1-a7d32f1420b4 HTTP/1.1" status: 204 len: 168 time: 0.3966169
2026-09-02 02:29:51.551 9 INFO neutron.wsgi [None req-c9a359fe-23d5-49d2-8005-246a655bfa02 e2d40b800ac14356b5a90e2b3f34a419 bbb35c0567f34044ba052b2e71596e82 - - default default] 10.0.0.224 "DELETE /v2.0/routers/2ae4a07a-3578-44da-a7ae-f0521d69eb16 HTTP/1.1" status: 204 len: 168 time: 0.7665770
2026-09-02 02:29:51.557 10 INFO neutron.wsgi [req-4f3095c5-2aa8-48a9-bc8e-3a150aa4267e req-4d31c836-93b8-4f25-beef-fe34f1da4036 61e4278f56864bf6a9f82563887786c8 c9a8be16aedc4711b4cae396c01feb96 - - 627d5bfaba3f4b1e8dce4b50b0107ba4 627d5bfaba3f4b1e8dce4b50b0107ba4] 162.253.55.234 "GET /v2.0/networks/08a7df69-38df-4cb0-93d6-ebc69638e7e4?fields=provider%3Aphysical_network&fields=provider%3Anetwork_type HTTP/1.1" status: 200 len: 277 time: 0.0602698
2026-09-02 02:29:51.636 10 INFO neutron.wsgi [req-3b034e40-8017-4bef-be46-d72be19a3f57 req-372b355f-0711-4d9a-9731-851ac758f7fd ab1fc7ca187c419c84a5442940b48cde 9959bd966b734861b609c5a0c6e4f225 - - default default] 162.253.55.234 "GET /v2.0/ports?device_id=ba23eb47-ec71-48bb-bdd1-fd09b2293328 HTTP/1.1" status: 200 len: 1168 time: 0.0404243
2026-09-02 02:29:51.706 9 INFO neutron.db.ovn_revision_numbers_db [None req-4acd870d-c45b-4a81-9b73-b0d4d22bc6fb - - - - - -] Successfully bumped revision number for resource 228e6b47-28e4-43d2-8844-05db847632ff (type: ports) to 5
2026-09-02 02:29:51.797 10 INFO neutron.wsgi [None req-13f160bc-4fae-441b-a6ab-61a17968d230 e2d40b800ac14356b5a90e2b3f34a419 bbb35c0567f34044ba052b2e71596e82 - - default default] 10.0.0.224 "DELETE /v2.0/subnets/a0561178-bcea-49c4-bc8e-63beb87f1c91 HTTP/1.1" status: 204 len: 168 time: 0.2375681 /var/lib/openstack/lib/python3.10/site-packages/pycadf/identifier.py:71: UserWarning: Invalid uuid: neutron. To ensure interoperability, identifiers should be a valid uuid. warnings.warn(('Invalid uuid: %s. To ensure interoperability, '
2026-09-02 02:29:51.906 10 INFO neutron.db.l3_db [req-3b034e40-8017-4bef-be46-d72be19a3f57 req-f86c7064-bf1e-4dc4-8797-ec32ee68e35b ab1fc7ca187c419c84a5442940b48cde 9959bd966b734861b609c5a0c6e4f225 - - default default] Floating IP a7d76e53-2ecf-41fd-8a58-3cfa00ada404 disassociated. External IP: 10.96.250.202, port: 228e6b47-28e4-43d2-8844-05db847632ff.
2026-09-02 02:29:52.053 10 INFO neutron.wsgi [req-3b034e40-8017-4bef-be46-d72be19a3f57 req-f86c7064-bf1e-4dc4-8797-ec32ee68e35b ab1fc7ca187c419c84a5442940b48cde 9959bd966b734861b609c5a0c6e4f225 - - default default] 162.253.55.234 "DELETE /v2.0/ports/228e6b47-28e4-43d2-8844-05db847632ff HTTP/1.1" status: 204 len: 173 time: 0.4129291
2026-09-02 02:29:52.106 10 INFO neutron.notifiers.nova [-] Nova event matching ['req-f4e163ce-6513-40a5-8cee-0bd25cd65c1d'] response: {'server_uuid': 'ba23eb47-ec71-48bb-bdd1-fd09b2293328', 'name': 'network-vif-deleted', 'tag': '228e6b47-28e4-43d2-8844-05db847632ff', 'status': 'completed', 'code': 200}
2026-09-02 02:29:52.238 9 INFO neutron.services.segments.plugin [-] Segment d8c734b1-9b20-40b3-bd7b-d99fc3c1fb4e resource provider aggregate not found
2026-09-02 02:29:52.242 9 INFO neutron.services.segments.plugin [-] Segment d8c734b1-9b20-40b3-bd7b-d99fc3c1fb4e resource provider aggregate not found
2026-09-02 02:29:52.260 9 INFO neutron.services.segments.plugin [-] Segment d8c734b1-9b20-40b3-bd7b-d99fc3c1fb4e resource provider not found; error: Placement Client Error (4xx): {"errors": [{"status": 404, "title": "Not Found", "detail": "The resource could not be found.\n\n No resource provider with uuid d8c734b1-9b20-40b3-bd7b-d99fc3c1fb4e found for delete ", "request_id": "req-fa888fbe-843b-4009-ac3f-5f7dc9d8d288"}]}
2026-09-02 02:29:52.264 9 INFO neutron.services.segments.plugin [-] Segment d8c734b1-9b20-40b3-bd7b-d99fc3c1fb4e resource provider not found; error: Placement Client Error (4xx): {"errors": [{"status": 404, "title": "Not Found", "detail": "The resource could not be found.\n\n No resource provider with uuid d8c734b1-9b20-40b3-bd7b-d99fc3c1fb4e found for delete ", "request_id": "req-d0f5a3e1-c4e4-4ead-af9e-bea3a44d19cf"}]}
2026-09-02 02:29:52.295 9 INFO neutron.wsgi [None req-6782016d-14c9-4677-b102-659ecb753f92 e2d40b800ac14356b5a90e2b3f34a419 bbb35c0567f34044ba052b2e71596e82 - - default default] 10.0.0.224 "DELETE /v2.0/networks/cfa9d42d-105e-40b5-8161-af8b4cf42e4f HTTP/1.1" status: 204 len: 168 time: 0.4932182
2026-09-02 02:29:52.306 10 INFO neutron.wsgi [req-2b299b23-971a-42a3-89a1-2b1af0c201fe req-8e45c91d-84a8-4a23-8ec2-c6a00efadd4c ab1fc7ca187c419c84a5442940b48cde 9959bd966b734861b609c5a0c6e4f225 - - default default] 10.0.0.161 "GET /v2.0/ports?device_id=ba23eb47-ec71-48bb-bdd1-fd09b2293328 HTTP/1.1" status: 200 len: 210 time: 0.0242441
2026-09-02 02:29:52.494 10 INFO neutron.wsgi [None req-faa8492a-f3d1-4c2b-b401-a20de45f652f e2d40b800ac14356b5a90e2b3f34a419 bbb35c0567f34044ba052b2e71596e82 - - default default] 10.0.0.224 "GET /v2.0/security-groups?tenant_id=c849e06416d6418c8613ecad4f391d1f&name=default HTTP/1.1" status: 200 len: 2992 time: 0.0457349
2026-09-02 02:29:52.755 10 INFO neutron.wsgi [None req-98118096-7aad-40ef-902d-a4437cb9daa2 e2d40b800ac14356b5a90e2b3f34a419 bbb35c0567f34044ba052b2e71596e82 - - default default] 10.0.0.224 "DELETE /v2.0/security-groups/c19a8a4a-fdae-4540-8da5-976bc1a4ca7c HTTP/1.1" status: 204 len: 168 time: 0.2549186
2026-09-02 02:29:53.088 9 INFO neutron.notifiers.nova [-] Nova event matching ['req-1c4ce69a-b384-4c36-a5c4-e31864adba41'] response: {'server_uuid': 'ba23eb47-ec71-48bb-bdd1-fd09b2293328', 'name': 'network-vif-unplugged', 'status': 'completed', 'tag': '228e6b47-28e4-43d2-8844-05db847632ff', 'code': 200}
2026-09-02 02:29:53.088 9 INFO neutron.notifiers.nova [-] Nova event matching ['req-1c4ce69a-b384-4c36-a5c4-e31864adba41'] response: {'server_uuid': 'ba23eb47-ec71-48bb-bdd1-fd09b2293328', 'name': 'network-vif-plugged', 'status': 'completed', 'tag': '228e6b47-28e4-43d2-8844-05db847632ff', 'code': 200}
2026-09-02 02:29:53.550 10 INFO neutron.wsgi [None req-5d8bcb16-777a-4319-b0c0-22dd29552f55 ab1fc7ca187c419c84a5442940b48cde 9959bd966b734861b609c5a0c6e4f225 - - default default] 10.0.0.224 "DELETE /v2.0/security-groups/4e594d45-a187-4ffe-8e82-0be00c039395 HTTP/1.1" status: 204 len: 168 time: 0.1346357
2026-09-02 02:29:53.564 10 INFO neutron.api.v2.resource [None req-aab561db-4655-4201-8694-34c1e0c6e966 ab1fc7ca187c419c84a5442940b48cde 9959bd966b734861b609c5a0c6e4f225 - - default default] show failed (client error): The resource could not be found.
2026-09-02 02:29:53.565 10 INFO neutron.wsgi [None req-aab561db-4655-4201-8694-34c1e0c6e966 ab1fc7ca187c419c84a5442940b48cde 9959bd966b734861b609c5a0c6e4f225 - - default default] 10.0.0.224 "GET /v2.0/security-groups/4e594d45-a187-4ffe-8e82-0be00c039395 HTTP/1.1" status: 404 len: 347 time: 0.0107617
2026-09-02 02:29:53.831 10 INFO neutron.wsgi [None req-b2dc81e5-1195-42ce-a246-f3000f134dd7 ab1fc7ca187c419c84a5442940b48cde 9959bd966b734861b609c5a0c6e4f225 - - default default] 10.0.0.224 "DELETE /v2.0/floatingips/a7d76e53-2ecf-41fd-8a58-3cfa00ada404 HTTP/1.1" status: 204 len: 168 time: 0.2598612
2026-09-02 02:29:53.914 10 INFO neutron.wsgi [req-7ca12a8e-f359-47c5-a900-c723357a60aa req-25ae3915-bcf6-4f09-a1e6-c5c4ab54f174 61e4278f56864bf6a9f82563887786c8 c9a8be16aedc4711b4cae396c01feb96 - - 627d5bfaba3f4b1e8dce4b50b0107ba4 627d5bfaba3f4b1e8dce4b50b0107ba4] 10.0.0.65 "GET /v2.0/ports?device_id=21be0246-6797-422c-a9b5-6d96124e6f51 HTTP/1.1" status: 200 len: 1409 time: 0.2370872
2026-09-02 02:29:53.959 10 INFO neutron.wsgi [req-7ca12a8e-f359-47c5-a900-c723357a60aa req-d15d830f-709a-422b-8c56-7261c44cd214 61e4278f56864bf6a9f82563887786c8 c9a8be16aedc4711b4cae396c01feb96 - - 627d5bfaba3f4b1e8dce4b50b0107ba4 627d5bfaba3f4b1e8dce4b50b0107ba4] 10.0.0.65 "GET /v2.0/security-groups?id=4cdb158d-093f-4727-9572-98da4f5aa9ed&fields=id&fields=name HTTP/1.1" status: 200 len: 312 time: 0.0359571
2026-09-02 02:29:54.473 10 INFO neutron.db.ovn_revision_numbers_db [None req-76c4ff35-786b-4db1-9130-9233e9434758 e2d40b800ac14356b5a90e2b3f34a419 bbb35c0567f34044ba052b2e71596e82 - - default default] Successfully bumped revision number for resource bd514dd3-402f-445c-a18b-44e7a8e5d036 (type: security_groups) to 1
2026-09-02 02:29:54.491 10 INFO neutron.db.ovn_revision_numbers_db [None req-76c4ff35-786b-4db1-9130-9233e9434758 e2d40b800ac14356b5a90e2b3f34a419 bbb35c0567f34044ba052b2e71596e82 - - default default] Successfully bumped revision number for resource 7d4d5db4-8aca-47cb-981c-726b1507f588 (type: security_group_rules) to 0
2026-09-02 02:29:54.505 10 INFO neutron.db.ovn_revision_numbers_db [None req-76c4ff35-786b-4db1-9130-9233e9434758 e2d40b800ac14356b5a90e2b3f34a419 bbb35c0567f34044ba052b2e71596e82 - - default default] Successfully bumped revision number for resource 8acc0b6a-ba0e-4b57-afc0-22bf3e0e89d1 (type: security_group_rules) to 0
2026-09-02 02:29:54.530 10 INFO neutron.db.ovn_revision_numbers_db [None req-76c4ff35-786b-4db1-9130-9233e9434758 e2d40b800ac14356b5a90e2b3f34a419 bbb35c0567f34044ba052b2e71596e82 - - default default] Successfully bumped revision number for resource bb229b59-dd3f-4d46-a346-68ce16a26dcc (type: security_group_rules) to 0
2026-09-02 02:29:54.544 10 INFO neutron.db.ovn_revision_numbers_db [None req-76c4ff35-786b-4db1-9130-9233e9434758 e2d40b800ac14356b5a90e2b3f34a419 bbb35c0567f34044ba052b2e71596e82 - - default default] Successfully bumped revision number for resource d8508011-edbd-43aa-b7b1-11025194332e (type: security_group_rules) to 0
2026-09-02 02:29:54.578 10 INFO neutron.wsgi [None req-76c4ff35-786b-4db1-9130-9233e9434758 e2d40b800ac14356b5a90e2b3f34a419 bbb35c0567f34044ba052b2e71596e82 - - default default] 10.0.0.224 "GET /v2.0/security-groups?tenant_id=1e6cca2d38114332bb2693844cf94fe8&name=default HTTP/1.1" status: 200 len: 2996 time: 0.5650973
2026-09-02 02:29:54.853 10 INFO neutron.wsgi [None req-47ce765c-b098-4d80-81fc-b4bad93022ff e2d40b800ac14356b5a90e2b3f34a419 bbb35c0567f34044ba052b2e71596e82 - - default default] 10.0.0.224 "DELETE /v2.0/security-groups/bd514dd3-402f-445c-a18b-44e7a8e5d036 HTTP/1.1" status: 204 len: 168 time: 0.2671435
2026-09-02 02:29:55.038 10 INFO neutron.wsgi [None req-6bcd1cd2-d2be-4260-8a1d-12f336c4847e e2d40b800ac14356b5a90e2b3f34a419 bbb35c0567f34044ba052b2e71596e82 - - default default] 10.0.0.224 "PUT /v2.0/routers/59dbe0ee-61ef-4d98-981a-bd73ddc22f78/remove_router_interface HTTP/1.1" status: 200 len: 503 time: 1.2024572 /var/lib/openstack/lib/python3.10/site-packages/pycadf/identifier.py:71: UserWarning: Invalid uuid: neutron. To ensure interoperability, identifiers should be a valid uuid. warnings.warn(('Invalid uuid: %s. To ensure interoperability, '
2026-09-02 02:29:55.608 9 INFO neutron.wsgi [None req-8a41801d-8b01-4fff-9b55-574dcecf8f4d e2d40b800ac14356b5a90e2b3f34a419 bbb35c0567f34044ba052b2e71596e82 - - default default] 10.0.0.224 "DELETE /v2.0/routers/59dbe0ee-61ef-4d98-981a-bd73ddc22f78 HTTP/1.1" status: 204 len: 168 time: 0.5666742 /var/lib/openstack/lib/python3.10/site-packages/pycadf/identifier.py:71: UserWarning: Invalid uuid: neutron. To ensure interoperability, identifiers should be a valid uuid. warnings.warn(('Invalid uuid: %s. To ensure interoperability, '
2026-09-02 02:29:55.825 10 INFO neutron.wsgi [None req-04a1defb-b8a4-4281-b74c-504ee7b9b3c4 e2d40b800ac14356b5a90e2b3f34a419 bbb35c0567f34044ba052b2e71596e82 - - default default] 10.0.0.224 "DELETE /v2.0/subnets/5c6eea62-7a4f-46f5-9025-a7c0368ef4cc HTTP/1.1" status: 204 len: 168 time: 0.2105775
2026-09-02 02:29:56.174 9 INFO neutron.services.segments.plugin [-] Segment b2f3a613-cf79-48d7-997e-c15d7b4d0582 resource provider aggregate not found
2026-09-02 02:29:56.177 9 INFO neutron.services.segments.plugin [-] Segment b2f3a613-cf79-48d7-997e-c15d7b4d0582 resource provider aggregate not found
2026-09-02 02:29:56.190 9 INFO neutron.services.segments.plugin [-] Segment b2f3a613-cf79-48d7-997e-c15d7b4d0582 resource provider not found; error: Placement Client Error (4xx): {"errors": [{"status": 404, "title": "Not Found", "detail": "The resource could not be found.\n\n No resource provider with uuid b2f3a613-cf79-48d7-997e-c15d7b4d0582 found for delete ", "request_id": "req-7828695e-4ce7-48c4-9ba4-4ef3e738f592"}]}
2026-09-02 02:29:56.195 9 INFO neutron.services.segments.plugin [-] Segment b2f3a613-cf79-48d7-997e-c15d7b4d0582 resource provider not found; error: Placement Client Error (4xx): {"errors": [{"status": 404, "title": "Not Found", "detail": "The resource could not be found.\n\n No resource provider with uuid b2f3a613-cf79-48d7-997e-c15d7b4d0582 found for delete ", "request_id": "req-9d2e0342-9ce6-4ca4-9ae8-22a078063e37"}]}
2026-09-02 02:29:56.219 9 INFO neutron.wsgi [None req-21b87abf-2e1c-4ddc-94ad-a3231a7fd044 e2d40b800ac14356b5a90e2b3f34a419 bbb35c0567f34044ba052b2e71596e82 - - default default] 10.0.0.224 "DELETE /v2.0/networks/08a7df69-38df-4cb0-93d6-ebc69638e7e4 HTTP/1.1" status: 204 len: 168 time: 0.3885186
2026-09-02 02:29:56.395 9 INFO neutron.wsgi [None req-18030c02-a70e-408a-a178-86c19b3636b5 e2d40b800ac14356b5a90e2b3f34a419 bbb35c0567f34044ba052b2e71596e82 - - default default] 10.0.0.224 "GET /v2.0/security-groups?tenant_id=9959bd966b734861b609c5a0c6e4f225&name=default HTTP/1.1" status: 200 len: 2996 time: 0.0455177
2026-09-02 02:29:56.669 9 INFO neutron.wsgi [None req-f229b139-dbf1-47b5-96a5-05247b607e31 e2d40b800ac14356b5a90e2b3f34a419 bbb35c0567f34044ba052b2e71596e82 - - default default] 10.0.0.224 "DELETE /v2.0/security-groups/1f3c74d5-d8b0-43b6-81ec-2781a23dd756 HTTP/1.1" status: 204 len: 168 time: 0.2696254
2026-09-02 02:29:57.390 9 INFO neutron.db.ovn_revision_numbers_db [None req-408b29de-f41e-4179-9333-dd25d7964a92 82bfc0e719804fe5867787c318d0136a 2b492376c3d74b2c96b01dab929cabc3 - - default default] Successfully bumped revision number for resource 6ba443ab-362c-4f98-b065-01f78d6481b2 (type: security_groups) to 1
2026-09-02 02:29:57.402 9 INFO neutron.db.ovn_revision_numbers_db [None req-408b29de-f41e-4179-9333-dd25d7964a92 82bfc0e719804fe5867787c318d0136a 2b492376c3d74b2c96b01dab929cabc3 - - default default] Successfully bumped revision number for resource 04f4e169-44fb-44c7-9afd-ade6710f7c01 (type: security_group_rules) to 0
2026-09-02 02:29:57.414 9 INFO neutron.db.ovn_revision_numbers_db [None req-408b29de-f41e-4179-9333-dd25d7964a92 82bfc0e719804fe5867787c318d0136a 2b492376c3d74b2c96b01dab929cabc3 - - default default] Successfully bumped revision number for resource b64c6a64-9d0e-4a1d-b912-1866d4b559f2 (type: security_group_rules) to 0
2026-09-02 02:29:57.427 9 INFO neutron.db.ovn_revision_numbers_db [None req-408b29de-f41e-4179-9333-dd25d7964a92 82bfc0e719804fe5867787c318d0136a 2b492376c3d74b2c96b01dab929cabc3 - - default default] Successfully bumped revision number for resource c480418e-5750-4526-9ab4-a1264957450d (type: security_group_rules) to 0
2026-09-02 02:29:57.444 9 INFO neutron.db.ovn_revision_numbers_db [None req-408b29de-f41e-4179-9333-dd25d7964a92 82bfc0e719804fe5867787c318d0136a 2b492376c3d74b2c96b01dab929cabc3 - - default default] Successfully bumped revision number for resource d1f60f36-2f49-42af-a32f-e05d2eaf42b9 (type: security_group_rules) to 0
2026-09-02 02:29:57.511 9 INFO neutron.db.segments_db [None req-408b29de-f41e-4179-9333-dd25d7964a92 82bfc0e719804fe5867787c318d0136a 2b492376c3d74b2c96b01dab929cabc3 - - default default] Added segment 518ce2c4-0ec5-46f9-bab8-d7bca94eebe8 of type geneve for network cc789155-73df-4508-8db0-1508f2a424d7
2026-09-02 02:29:57.850 9 INFO neutron.db.ovn_revision_numbers_db [None req-408b29de-f41e-4179-9333-dd25d7964a92 82bfc0e719804fe5867787c318d0136a 2b492376c3d74b2c96b01dab929cabc3 - - default default] Successfully bumped revision number for resource cc789155-73df-4508-8db0-1508f2a424d7 (type: networks) to 1
2026-09-02 02:29:58.017 9 WARNING neutron.scheduler.dhcp_agent_scheduler [None req-408b29de-f41e-4179-9333-dd25d7964a92 82bfc0e719804fe5867787c318d0136a 2b492376c3d74b2c96b01dab929cabc3 - - default default] No more DHCP agents
2026-09-02 02:29:58.020 9 WARNING neutron.api.rpc.agentnotifiers.dhcp_rpc_agent_api [None req-408b29de-f41e-4179-9333-dd25d7964a92 82bfc0e719804fe5867787c318d0136a 2b492376c3d74b2c96b01dab929cabc3 - - default default] Unable to schedule network cc789155-73df-4508-8db0-1508f2a424d7: no agents available; will retry on subsequent port and subnet creation events.
2026-09-02 02:29:58.092 9 INFO neutron.db.ovn_revision_numbers_db [None req-408b29de-f41e-4179-9333-dd25d7964a92 82bfc0e719804fe5867787c318d0136a 2b492376c3d74b2c96b01dab929cabc3 - - default default] Successfully bumped revision number for resource 57bc67a3-821c-4c4b-b3b1-a7feab223e74 (type: ports) to 1
2026-09-02 02:29:58.114 9 INFO neutron.wsgi [None req-408b29de-f41e-4179-9333-dd25d7964a92 82bfc0e719804fe5867787c318d0136a 2b492376c3d74b2c96b01dab929cabc3 - - default default] 10.0.0.224 "POST /v2.0/networks HTTP/1.1" status: 201 len: 848 time: 1.1290486
2026-09-02 02:29:58.173 10 INFO neutron.db.ovn_revision_numbers_db [None req-cc10e5fc-39be-4084-a70c-76cffa0612df e2d40b800ac14356b5a90e2b3f34a419 bbb35c0567f34044ba052b2e71596e82 - - default default] Successfully bumped revision number for resource aa526ab8-d15f-4325-b185-720e449decf5 (type: security_groups) to 1
2026-09-02 02:29:58.187 10 INFO neutron.db.ovn_revision_numbers_db [None req-cc10e5fc-39be-4084-a70c-76cffa0612df e2d40b800ac14356b5a90e2b3f34a419 bbb35c0567f34044ba052b2e71596e82 - - default default] Successfully bumped revision number for resource 7ed07400-4aa5-4f13-9288-ce8f86bb78a0 (type: security_group_rules) to 0
2026-09-02 02:29:58.202 10 INFO neutron.db.ovn_revision_numbers_db [None req-cc10e5fc-39be-4084-a70c-76cffa0612df e2d40b800ac14356b5a90e2b3f34a419 bbb35c0567f34044ba052b2e71596e82 - - default default] Successfully bumped revision number for resource 95415091-a29c-4a2d-a3be-f9b51fa542cb (type: security_group_rules) to 0
2026-09-02 02:29:58.215 10 INFO neutron.db.ovn_revision_numbers_db [None req-cc10e5fc-39be-4084-a70c-76cffa0612df e2d40b800ac14356b5a90e2b3f34a419 bbb35c0567f34044ba052b2e71596e82 - - default default] Successfully bumped revision number for resource 9d127053-56a5-45ab-9c35-28b520ebbc5e (type: security_group_rules) to 0
2026-09-02 02:29:58.229 10 INFO neutron.db.ovn_revision_numbers_db [None req-cc10e5fc-39be-4084-a70c-76cffa0612df e2d40b800ac14356b5a90e2b3f34a419 bbb35c0567f34044ba052b2e71596e82 - - default default] Successfully bumped revision number for resource ce9621f2-62d4-41d9-82e2-47d35fb99ee8 (type: security_group_rules) to 0
2026-09-02 02:29:58.252 10 INFO neutron.wsgi [None req-cc10e5fc-39be-4084-a70c-76cffa0612df e2d40b800ac14356b5a90e2b3f34a419 bbb35c0567f34044ba052b2e71596e82 - - default default] 10.0.0.224 "GET /v2.0/security-groups?tenant_id=086240aabff34b13bbb65a814ea99a07&name=default HTTP/1.1" status: 200 len: 2996 time: 0.3928528
2026-09-02 02:29:58.296 9 WARNING neutron.scheduler.dhcp_agent_scheduler [None req-2c21697b-c7cc-4367-b099-44098ebb2e03 82bfc0e719804fe5867787c318d0136a 2b492376c3d74b2c96b01dab929cabc3 - - default default] No more DHCP agents
2026-09-02 02:29:58.297 9 WARNING neutron.api.rpc.agentnotifiers.dhcp_rpc_agent_api [None req-2c21697b-c7cc-4367-b099-44098ebb2e03 82bfc0e719804fe5867787c318d0136a 2b492376c3d74b2c96b01dab929cabc3 - - default default] Unable to schedule network cc789155-73df-4508-8db0-1508f2a424d7: no agents available; will retry on subsequent port and subnet creation events.
2026-09-02 02:29:58.321 9 INFO neutron.db.ovn_revision_numbers_db [None req-2c21697b-c7cc-4367-b099-44098ebb2e03 82bfc0e719804fe5867787c318d0136a 2b492376c3d74b2c96b01dab929cabc3 - - default default] Successfully bumped revision number for resource d9fcfc98-3e65-4e77-af37-1024d8a5c6bf (type: subnets) to 0
2026-09-02 02:29:58.333 9 INFO neutron.wsgi [None req-2c21697b-c7cc-4367-b099-44098ebb2e03 82bfc0e719804fe5867787c318d0136a 2b492376c3d74b2c96b01dab929cabc3 - - default default] 10.0.0.224 "POST /v2.0/subnets HTTP/1.1" status: 201 len: 802 time: 0.2139475
2026-09-02 02:29:58.409 10 INFO neutron.wsgi [None req-f587aa10-d59d-4819-9821-65884ef7b7ff e2d40b800ac14356b5a90e2b3f34a419 bbb35c0567f34044ba052b2e71596e82 - - default default] 10.0.0.224 "DELETE /v2.0/security-groups/aa526ab8-d15f-4325-b185-720e449decf5 HTTP/1.1" status: 204 len: 168 time: 0.1530046
