2026-09-02 01:55:30.645 10 INFO neutron.wsgi [-] 10.0.0.191 "GET / HTTP/1.1" status: 200 len: 245 time: 0.0012898
2026-09-02 01:55:30.646 10 INFO neutron.wsgi [-] 10.0.0.191 "GET / HTTP/1.1" status: 200 len: 245 time: 0.0009398
2026-09-02 01:55:45.646 9 INFO neutron.wsgi [-] 10.0.0.191 "GET / HTTP/1.1" status: 200 len: 245 time: 0.0024281
2026-09-02 01:55:45.647 10 INFO neutron.wsgi [-] 10.0.0.191 "GET / HTTP/1.1" status: 200 len: 245 time: 0.0029087
2026-09-02 01:56:00.645 9 INFO neutron.wsgi [-] 10.0.0.191 "GET / HTTP/1.1" status: 200 len: 245 time: 0.0011907
2026-09-02 01:56:00.647 9 INFO neutron.wsgi [-] 10.0.0.191 "GET / HTTP/1.1" status: 200 len: 245 time: 0.0012116
2026-09-02 01:56:15.646 9 INFO neutron.wsgi [-] 10.0.0.191 "GET / HTTP/1.1" status: 200 len: 245 time: 0.0022111
2026-09-02 01:56:15.647 10 INFO neutron.wsgi [-] 10.0.0.191 "GET / HTTP/1.1" status: 200 len: 245 time: 0.0028324
2026-09-02 01:56:30.646 10 INFO neutron.wsgi [-] 10.0.0.191 "GET / HTTP/1.1" status: 200 len: 245 time: 0.0016201
2026-09-02 01:56:30.648 10 INFO neutron.wsgi [-] 10.0.0.191 "GET / HTTP/1.1" status: 200 len: 245 time: 0.0011911
2026-09-02 01:56:45.646 9 INFO neutron.wsgi [-] 10.0.0.191 "GET / HTTP/1.1" status: 200 len: 245 time: 0.0022650
2026-09-02 01:56:45.649 9 INFO neutron.wsgi [-] 10.0.0.191 "GET / HTTP/1.1" status: 200 len: 245 time: 0.0023677
2026-09-02 01:57:00.646 9 INFO neutron.wsgi [-] 10.0.0.191 "GET / HTTP/1.1" status: 200 len: 245 time: 0.0023344
2026-09-02 01:57:00.646 10 INFO neutron.wsgi [-] 10.0.0.191 "GET / HTTP/1.1" status: 200 len: 245 time: 0.0022578
2026-09-02 01:57:15.646 9 INFO neutron.wsgi [-] 10.0.0.191 "GET / HTTP/1.1" status: 200 len: 245 time: 0.0021651
2026-09-02 01:57:15.650 9 INFO neutron.wsgi [-] 10.0.0.191 "GET / HTTP/1.1" status: 200 len: 245 time: 0.0023012
2026-09-02 01:57:30.646 9 INFO neutron.wsgi [-] 10.0.0.191 "GET / HTTP/1.1" status: 200 len: 245 time: 0.0023136
2026-09-02 01:57:30.647 10 INFO neutron.wsgi [-] 10.0.0.191 "GET / HTTP/1.1" status: 200 len: 245 time: 0.0026236
2026-09-02 01:57:45.647 9 INFO neutron.wsgi [-] 10.0.0.191 "GET / HTTP/1.1" status: 200 len: 245 time: 0.0023048
2026-09-02 01:57:45.648 10 INFO neutron.wsgi [-] 10.0.0.191 "GET / HTTP/1.1" status: 200 len: 245 time: 0.0034254
2026-09-02 01:58:00.647 10 INFO neutron.wsgi [-] 10.0.0.191 "GET / HTTP/1.1" status: 200 len: 245 time: 0.0024972
2026-09-02 01:58:00.649 9 INFO neutron.wsgi [-] 10.0.0.191 "GET / HTTP/1.1" status: 200 len: 245 time: 0.0037875
2026-09-02 01:58:06.053 15 INFO neutron.db.ovn_revision_numbers_db [None req-1ee22c62-57ef-4d70-9f7b-f5efc4f56d50 - - - - - -] Successfully bumped revision number for resource aff76fb2-13e5-45b7-ab3d-b22250438ee2 (type: networks) to 2
2026-09-02 01:58:06.054 15 INFO neutron.plugins.ml2.drivers.ovn.mech_driver.ovsdb.maintenance [None req-1ee22c62-57ef-4d70-9f7b-f5efc4f56d50 - - - - - -] Maintenance task: Synchronization finished (took 0.20 seconds)
2026-09-02 01:58:15.647 9 INFO neutron.wsgi [-] 10.0.0.191 "GET / HTTP/1.1" status: 200 len: 245 time: 0.0022287
2026-09-02 01:58:15.647 10 INFO neutron.wsgi [-] 10.0.0.191 "GET / HTTP/1.1" status: 200 len: 245 time: 0.0021925
2026-09-02 01:58:30.646 9 INFO neutron.wsgi [-] 10.0.0.191 "GET / HTTP/1.1" status: 200 len: 245 time: 0.0021029
2026-09-02 01:58:30.650 9 INFO neutron.wsgi [-] 10.0.0.191 "GET / HTTP/1.1" status: 200 len: 245 time: 0.0023279
2026-09-02 01:58:45.647 10 INFO neutron.wsgi [-] 10.0.0.191 "GET / HTTP/1.1" status: 200 len: 245 time: 0.0026190
2026-09-02 01:58:45.647 9 INFO neutron.wsgi [-] 10.0.0.191 "GET / HTTP/1.1" status: 200 len: 245 time: 0.0027227
2026-09-02 01:59:00.646 10 INFO neutron.wsgi [-] 10.0.0.191 "GET / HTTP/1.1" status: 200 len: 245 time: 0.0021968
2026-09-02 01:59:00.647 9 INFO neutron.wsgi [-] 10.0.0.191 "GET / HTTP/1.1" status: 200 len: 245 time: 0.0025992
2026-09-02 01:59:15.646 10 INFO neutron.wsgi [-] 10.0.0.191 "GET / HTTP/1.1" status: 200 len: 245 time: 0.0023122
2026-09-02 01:59:15.647 9 INFO neutron.wsgi [-] 10.0.0.191 "GET / HTTP/1.1" status: 200 len: 245 time: 0.0032327
2026-09-02 01:59:30.646 9 INFO neutron.wsgi [-] 10.0.0.191 "GET / HTTP/1.1" status: 200 len: 245 time: 0.0022931
2026-09-02 01:59:30.648 10 INFO neutron.wsgi [-] 10.0.0.191 "GET / HTTP/1.1" status: 200 len: 245 time: 0.0041738
2026-09-02 01:59:45.646 9 INFO neutron.wsgi [-] 10.0.0.191 "GET / HTTP/1.1" status: 200 len: 245 time: 0.0022576
2026-09-02 01:59:45.648 10 INFO neutron.wsgi [-] 10.0.0.191 "GET / HTTP/1.1" status: 200 len: 245 time: 0.0037725 /var/lib/openstack/lib/python3.10/site-packages/memcache.py:1303: SyntaxWarning: "is" with a literal. Did you mean "=="? if key is '': /var/lib/openstack/lib/python3.10/site-packages/memcache.py:1304: SyntaxWarning: "is" with a literal. Did you mean "=="? if key_extra_len is 0: /var/lib/openstack/lib/python3.10/site-packages/pycadf/identifier.py:71: UserWarning: Invalid uuid: unknown. To ensure interoperability, identifiers should be a valid uuid. warnings.warn(('Invalid uuid: %s. To ensure interoperability, '
2026-09-02 01:59:55.231 10 WARNING oslo_policy.policy [None req-4c37c42f-2f9e-4789-894c-ff15908c04b8 e2d40b800ac14356b5a90e2b3f34a419 bbb35c0567f34044ba052b2e71596e82 - - default default] Policies ['delete_port', 'update_port:allowed_address_pairs', 'update_port:allowed_address_pairs:ip_address', 'update_port:allowed_address_pairs:mac_address', 'update_port:fixed_ips', 'update_port:mac_address'] reference a rule that is not defined.
2026-09-02 01:59:55.567 10 INFO neutron.wsgi [None req-4c37c42f-2f9e-4789-894c-ff15908c04b8 e2d40b800ac14356b5a90e2b3f34a419 bbb35c0567f34044ba052b2e71596e82 - - default default] 162.253.55.234,10.0.0.191 "GET /v2.0/networks HTTP/1.1" status: 200 len: 928 time: 0.8713760
2026-09-02 01:59:55.685 10 INFO neutron.db.segments_db [None req-43dd1622-1a81-4214-b348-e33709a8c5cc e2d40b800ac14356b5a90e2b3f34a419 bbb35c0567f34044ba052b2e71596e82 - - default default] Added segment 7f88da74-6df3-446d-9b93-98b878922a71 of type geneve for network 24ec9709-833d-41d4-ac99-75e59fee3c80
2026-09-02 01:59:55.846 10 INFO neutron.plugins.ml2.drivers.ovn.mech_driver.ovsdb.extensions.qos [None req-43dd1622-1a81-4214-b348-e33709a8c5cc e2d40b800ac14356b5a90e2b3f34a419 bbb35c0567f34044ba052b2e71596e82 - - default default] Starting OVNClientQosExtension
2026-09-02 01:59:55.846 10 INFO neutron.plugins.ml2.drivers.ovn.mech_driver.ovsdb.extensions.placement [None req-43dd1622-1a81-4214-b348-e33709a8c5cc e2d40b800ac14356b5a90e2b3f34a419 bbb35c0567f34044ba052b2e71596e82 - - default default] Starting OVNClientPlacementExtension
2026-09-02 01:59:55.930 10 INFO neutron.db.ovn_revision_numbers_db [None req-43dd1622-1a81-4214-b348-e33709a8c5cc e2d40b800ac14356b5a90e2b3f34a419 bbb35c0567f34044ba052b2e71596e82 - - default default] Successfully bumped revision number for resource 24ec9709-833d-41d4-ac99-75e59fee3c80 (type: networks) to 1
2026-09-02 01:59:56.209 10 WARNING neutron.scheduler.dhcp_agent_scheduler [None req-43dd1622-1a81-4214-b348-e33709a8c5cc e2d40b800ac14356b5a90e2b3f34a419 bbb35c0567f34044ba052b2e71596e82 - - default default] No more DHCP agents
2026-09-02 01:59:56.211 10 WARNING neutron.api.rpc.agentnotifiers.dhcp_rpc_agent_api [None req-43dd1622-1a81-4214-b348-e33709a8c5cc e2d40b800ac14356b5a90e2b3f34a419 bbb35c0567f34044ba052b2e71596e82 - - default default] Unable to schedule network 24ec9709-833d-41d4-ac99-75e59fee3c80: no agents available; will retry on subsequent port and subnet creation events.
2026-09-02 01:59:56.309 10 INFO neutron.db.ovn_revision_numbers_db [None req-43dd1622-1a81-4214-b348-e33709a8c5cc e2d40b800ac14356b5a90e2b3f34a419 bbb35c0567f34044ba052b2e71596e82 - - default default] Successfully bumped revision number for resource 3d34c666-d5b3-4e84-8ce3-35c4d9dc9094 (type: ports) to 1
2026-09-02 01:59:56.329 10 INFO neutron.wsgi [None req-43dd1622-1a81-4214-b348-e33709a8c5cc e2d40b800ac14356b5a90e2b3f34a419 bbb35c0567f34044ba052b2e71596e82 - - default default] 162.253.55.234,10.0.0.191 "POST /v2.0/networks HTTP/1.1" status: 201 len: 890 time: 0.7581000
2026-09-02 01:59:57.404 10 INFO neutron.wsgi [None req-bd6f8905-a7f4-4877-b5e9-edd634432641 e2d40b800ac14356b5a90e2b3f34a419 bbb35c0567f34044ba052b2e71596e82 - - default default] 162.253.55.234,10.0.0.191 "GET /v2.0/subnets HTTP/1.1" status: 200 len: 819 time: 0.0945292
2026-09-02 01:59:57.469 10 INFO neutron.wsgi [None req-1b0c4f60-2a50-48c2-9af9-eb5eab636989 e2d40b800ac14356b5a90e2b3f34a419 bbb35c0567f34044ba052b2e71596e82 - - default default] 162.253.55.234,10.0.0.191 "GET /v2.0/networks HTTP/1.1" status: 200 len: 1615 time: 0.0580919
2026-09-02 01:59:57.643 10 WARNING neutron.scheduler.dhcp_agent_scheduler [None req-bfaead01-e80f-4998-8b31-0eae56bd2f57 e2d40b800ac14356b5a90e2b3f34a419 bbb35c0567f34044ba052b2e71596e82 - - default default] No more DHCP agents
2026-09-02 01:59:57.644 10 WARNING neutron.api.rpc.agentnotifiers.dhcp_rpc_agent_api [None req-bfaead01-e80f-4998-8b31-0eae56bd2f57 e2d40b800ac14356b5a90e2b3f34a419 bbb35c0567f34044ba052b2e71596e82 - - default default] Unable to schedule network 24ec9709-833d-41d4-ac99-75e59fee3c80: no agents available; will retry on subsequent port and subnet creation events.
2026-09-02 01:59:58.222 10 INFO neutron.db.ovn_revision_numbers_db [None req-bfaead01-e80f-4998-8b31-0eae56bd2f57 e2d40b800ac14356b5a90e2b3f34a419 bbb35c0567f34044ba052b2e71596e82 - - default default] Successfully bumped revision number for resource 3d34c666-d5b3-4e84-8ce3-35c4d9dc9094 (type: ports) to 2
2026-09-02 01:59:58.263 10 INFO neutron.db.ovn_revision_numbers_db [None req-bfaead01-e80f-4998-8b31-0eae56bd2f57 e2d40b800ac14356b5a90e2b3f34a419 bbb35c0567f34044ba052b2e71596e82 - - default default] Successfully bumped revision number for resource 63ef4b51-91aa-4244-ab39-ef7a374e1a1c (type: subnets) to 0
2026-09-02 01:59:58.277 10 INFO neutron.wsgi [None req-bfaead01-e80f-4998-8b31-0eae56bd2f57 e2d40b800ac14356b5a90e2b3f34a419 bbb35c0567f34044ba052b2e71596e82 - - default default] 162.253.55.234,10.0.0.191 "POST /v2.0/subnets HTTP/1.1" status: 201 len: 807 time: 0.8035054
2026-09-02 01:59:59.499 9 INFO neutron.wsgi [None req-c7c3e426-2c62-4bad-a817-04b4fd71f8d7 e2d40b800ac14356b5a90e2b3f34a419 bbb35c0567f34044ba052b2e71596e82 - - default default] 162.253.55.234,10.0.0.191 "GET /v2.0/security-groups?tenant_id=bbb35c0567f34044ba052b2e71596e82 HTTP/1.1" status: 200 len: 2969 time: 0.1198323
2026-09-02 01:59:59.635 9 INFO neutron.db.ovn_revision_numbers_db [None req-853e8560-7bb1-4133-8200-656702157b15 e2d40b800ac14356b5a90e2b3f34a419 bbb35c0567f34044ba052b2e71596e82 - - default default] Successfully bumped revision number for resource 3c156331-0814-4c76-b547-b3b74f2c5f72 (type: security_groups) to 1
2026-09-02 01:59:59.649 9 INFO neutron.db.ovn_revision_numbers_db [None req-853e8560-7bb1-4133-8200-656702157b15 e2d40b800ac14356b5a90e2b3f34a419 bbb35c0567f34044ba052b2e71596e82 - - default default] Successfully bumped revision number for resource 4d6e7c0e-d45e-4fc7-8d2c-49b86c2720dc (type: security_group_rules) to 0
2026-09-02 01:59:59.667 9 INFO neutron.db.ovn_revision_numbers_db [None req-853e8560-7bb1-4133-8200-656702157b15 e2d40b800ac14356b5a90e2b3f34a419 bbb35c0567f34044ba052b2e71596e82 - - default default] Successfully bumped revision number for resource d52fff78-70b8-4e87-83d8-df477cfc6022 (type: security_group_rules) to 0
2026-09-02 01:59:59.697 9 INFO neutron.wsgi [None req-853e8560-7bb1-4133-8200-656702157b15 e2d40b800ac14356b5a90e2b3f34a419 bbb35c0567f34044ba052b2e71596e82 - - default default] 162.253.55.234,10.0.0.191 "POST /v2.0/security-groups HTTP/1.1" status: 201 len: 1733 time: 0.1895797
2026-09-02 02:00:00.655 10 INFO neutron.wsgi [-] 10.0.0.191 "GET / HTTP/1.1" status: 200 len: 245 time: 0.0079932
2026-09-02 02:00:00.659 10 INFO neutron.wsgi [-] 10.0.0.191 "GET / HTTP/1.1" status: 200 len: 245 time: 0.0024507
2026-09-02 02:00:00.892 10 INFO neutron.wsgi [None req-43a1cca0-65c6-4d1b-90cb-4c31f0b6c91f e2d40b800ac14356b5a90e2b3f34a419 bbb35c0567f34044ba052b2e71596e82 - - default default] 162.253.55.234,10.0.0.191 "GET /v2.0/security-groups?tenant_id=bbb35c0567f34044ba052b2e71596e82 HTTP/1.1" status: 200 len: 4503 time: 0.1382582
2026-09-02 02:00:00.938 10 INFO neutron.wsgi [None req-7d152b71-c4e8-44e4-84e9-132d29753d05 e2d40b800ac14356b5a90e2b3f34a419 bbb35c0567f34044ba052b2e71596e82 - - default default] 162.253.55.234,10.0.0.191 "GET /v2.0/security-groups HTTP/1.1" status: 200 len: 4503 time: 0.0380316
2026-09-02 02:00:01.141 10 INFO neutron.db.ovn_revision_numbers_db [None req-36d23417-4c09-4c3d-80ea-df019967e0b6 e2d40b800ac14356b5a90e2b3f34a419 bbb35c0567f34044ba052b2e71596e82 - - default default] Successfully bumped revision number for resource c8ec5f3a-0f1e-45e0-b881-0e689e970549 (type: security_group_rules) to 0
2026-09-02 02:00:01.166 10 INFO neutron.wsgi [None req-36d23417-4c09-4c3d-80ea-df019967e0b6 e2d40b800ac14356b5a90e2b3f34a419 bbb35c0567f34044ba052b2e71596e82 - - default default] 162.253.55.234,10.0.0.191 "POST /v2.0/security-group-rules HTTP/1.1" status: 201 len: 749 time: 0.2190876
2026-09-02 02:00:01.986 10 INFO neutron.wsgi [None req-a1b0ca3a-03d6-4ff0-932d-f952b07c9e5e e2d40b800ac14356b5a90e2b3f34a419 bbb35c0567f34044ba052b2e71596e82 - - default default] 162.253.55.234,10.0.0.191 "GET /v2.0/security-groups?tenant_id=bbb35c0567f34044ba052b2e71596e82 HTTP/1.1" status: 200 len: 5085 time: 0.0912356
2026-09-02 02:00:02.046 10 INFO neutron.wsgi [None req-d2a6dcb8-cf0c-4965-91a8-4e8a9ab28d2d e2d40b800ac14356b5a90e2b3f34a419 bbb35c0567f34044ba052b2e71596e82 - - default default] 162.253.55.234,10.0.0.191 "GET /v2.0/security-groups HTTP/1.1" status: 200 len: 5085 time: 0.0501919
2026-09-02 02:00:02.226 10 INFO neutron.db.ovn_revision_numbers_db [None req-a52abf69-7ba6-4cfb-adb1-eef00f5a65c4 e2d40b800ac14356b5a90e2b3f34a419 bbb35c0567f34044ba052b2e71596e82 - - default default] Successfully bumped revision number for resource 1f1b3e46-3414-4b60-9028-cb2372f5dee6 (type: security_group_rules) to 0
2026-09-02 02:00:02.249 10 INFO neutron.wsgi [None req-a52abf69-7ba6-4cfb-adb1-eef00f5a65c4 e2d40b800ac14356b5a90e2b3f34a419 bbb35c0567f34044ba052b2e71596e82 - - default default] 162.253.55.234,10.0.0.191 "POST /v2.0/security-group-rules HTTP/1.1" status: 201 len: 751 time: 0.1933751
2026-09-02 02:00:03.246 10 INFO neutron.wsgi [None req-1f246759-8138-4442-9030-88f0a3ebbc6d e2d40b800ac14356b5a90e2b3f34a419 bbb35c0567f34044ba052b2e71596e82 - - default default] 162.253.55.234,10.0.0.191 "GET /v2.0/security-groups?tenant_id=bbb35c0567f34044ba052b2e71596e82 HTTP/1.1" status: 200 len: 5669 time: 0.1095877
2026-09-02 02:00:03.303 10 INFO neutron.wsgi [None req-47ee15df-0833-4199-9de0-336b7ed3a681 e2d40b800ac14356b5a90e2b3f34a419 bbb35c0567f34044ba052b2e71596e82 - - default default] 162.253.55.234,10.0.0.191 "GET /v2.0/security-groups HTTP/1.1" status: 200 len: 5669 time: 0.0488558
2026-09-02 02:00:03.448 10 INFO neutron.db.ovn_revision_numbers_db [None req-940d73e5-635b-4c83-ac27-628e23e78392 e2d40b800ac14356b5a90e2b3f34a419 bbb35c0567f34044ba052b2e71596e82 - - default default] Successfully bumped revision number for resource b68c74af-790a-4c25-b45f-a74d0969c347 (type: security_group_rules) to 0
2026-09-02 02:00:03.471 10 INFO neutron.wsgi [None req-940d73e5-635b-4c83-ac27-628e23e78392 e2d40b800ac14356b5a90e2b3f34a419 bbb35c0567f34044ba052b2e71596e82 - - default default] 162.253.55.234,10.0.0.191 "POST /v2.0/security-group-rules HTTP/1.1" status: 201 len: 751 time: 0.1610775
2026-09-02 02:00:04.357 9 INFO neutron.wsgi [None req-06d7ca7b-cdaa-4e57-8a2a-bfe30922535c e2d40b800ac14356b5a90e2b3f34a419 bbb35c0567f34044ba052b2e71596e82 - - default default] 162.253.55.234,10.0.0.191 "GET /v2.0/security-groups?tenant_id=bbb35c0567f34044ba052b2e71596e82 HTTP/1.1" status: 200 len: 6253 time: 0.0769691
2026-09-02 02:00:04.430 9 INFO neutron.wsgi [None req-1dd6758b-80d5-498c-9305-28f6a6878b0b e2d40b800ac14356b5a90e2b3f34a419 bbb35c0567f34044ba052b2e71596e82 - - default default] 162.253.55.234,10.0.0.191 "GET /v2.0/security-groups HTTP/1.1" status: 200 len: 6253 time: 0.0654464
2026-09-02 02:00:04.619 9 INFO neutron.db.ovn_revision_numbers_db [None req-311e5a95-2bce-428e-aacb-9edb04e8965c e2d40b800ac14356b5a90e2b3f34a419 bbb35c0567f34044ba052b2e71596e82 - - default default] Successfully bumped revision number for resource ab1b80f9-948c-410c-bee5-4a76716c2f65 (type: security_group_rules) to 0
2026-09-02 02:00:04.666 9 INFO neutron.wsgi [None req-311e5a95-2bce-428e-aacb-9edb04e8965c e2d40b800ac14356b5a90e2b3f34a419 bbb35c0567f34044ba052b2e71596e82 - - default default] 162.253.55.234,10.0.0.191 "POST /v2.0/security-group-rules HTTP/1.1" status: 201 len: 751 time: 0.2276094
2026-09-02 02:00:05.493 10 INFO neutron.wsgi [None req-308d9c2a-1835-4b46-8426-b58a42dd5130 e2d40b800ac14356b5a90e2b3f34a419 bbb35c0567f34044ba052b2e71596e82 - - default default] 162.253.55.234,10.0.0.191 "GET /v2.0/security-groups?tenant_id=bbb35c0567f34044ba052b2e71596e82 HTTP/1.1" status: 200 len: 6837 time: 0.1050332
2026-09-02 02:00:05.536 10 INFO neutron.wsgi [None req-49ad4ae6-892d-4579-8990-093bc890d4b2 e2d40b800ac14356b5a90e2b3f34a419 bbb35c0567f34044ba052b2e71596e82 - - default default] 162.253.55.234,10.0.0.191 "GET /v2.0/security-groups HTTP/1.1" status: 200 len: 6837 time: 0.0356317
2026-09-02 02:00:05.660 10 INFO neutron.db.ovn_revision_numbers_db [None req-93fbdb51-c02b-4819-9934-fef33c37b4ce e2d40b800ac14356b5a90e2b3f34a419 bbb35c0567f34044ba052b2e71596e82 - - default default] Successfully bumped revision number for resource 5891aba3-77ab-46c0-945b-696171e294c1 (type: security_group_rules) to 0
2026-09-02 02:00:05.680 10 INFO neutron.wsgi [None req-93fbdb51-c02b-4819-9934-fef33c37b4ce e2d40b800ac14356b5a90e2b3f34a419 bbb35c0567f34044ba052b2e71596e82 - - default default] 162.253.55.234,10.0.0.191 "POST /v2.0/security-group-rules HTTP/1.1" status: 201 len: 751 time: 0.1360619
2026-09-02 02:00:06.902 9 INFO neutron.wsgi [None req-5ede0473-8a3d-46c1-99c7-695ca8688269 e2d40b800ac14356b5a90e2b3f34a419 bbb35c0567f34044ba052b2e71596e82 - - default default] 162.253.55.234,10.0.0.191 "GET /v2.0/security-groups HTTP/1.1" status: 200 len: 7421 time: 0.1306434
2026-09-02 02:00:06.949 9 INFO neutron.wsgi [None req-c22e071d-a57a-4827-a804-429fb7e75dc1 e2d40b800ac14356b5a90e2b3f34a419 bbb35c0567f34044ba052b2e71596e82 - - default default] 162.253.55.234,10.0.0.191 "GET /v2.0/ports HTTP/1.1" status: 200 len: 2301 time: 0.0416152
2026-09-02 02:00:07.014 9 INFO neutron.wsgi [None req-20af4026-c0d9-47f2-a6c5-53923b2fc4f0 e2d40b800ac14356b5a90e2b3f34a419 bbb35c0567f34044ba052b2e71596e82 - - default default] 162.253.55.234,10.0.0.191 "GET /v2.0/networks HTTP/1.1" status: 200 len: 1653 time: 0.0570471
2026-09-02 02:00:07.219 9 WARNING neutron.scheduler.dhcp_agent_scheduler [None req-0f22d0ba-13a5-4d91-b9d9-5c0b59fb6424 e2d40b800ac14356b5a90e2b3f34a419 bbb35c0567f34044ba052b2e71596e82 - - default default] No more DHCP agents
2026-09-02 02:00:07.226 9 WARNING neutron.api.rpc.agentnotifiers.dhcp_rpc_agent_api [None req-0f22d0ba-13a5-4d91-b9d9-5c0b59fb6424 e2d40b800ac14356b5a90e2b3f34a419 bbb35c0567f34044ba052b2e71596e82 - - default default] Unable to schedule network 24ec9709-833d-41d4-ac99-75e59fee3c80: no agents available; will retry on subsequent port and subnet creation events.
2026-09-02 02:00:07.334 9 INFO neutron.db.ovn_revision_numbers_db [None req-0f22d0ba-13a5-4d91-b9d9-5c0b59fb6424 e2d40b800ac14356b5a90e2b3f34a419 bbb35c0567f34044ba052b2e71596e82 - - default default] Successfully bumped revision number for resource 00b63fac-c821-43ff-8a7c-818dd603d84f (type: ports) to 1
2026-09-02 02:00:07.391 9 INFO neutron.wsgi [None req-0f22d0ba-13a5-4d91-b9d9-5c0b59fb6424 e2d40b800ac14356b5a90e2b3f34a419 bbb35c0567f34044ba052b2e71596e82 - - default default] 162.253.55.234,10.0.0.191 "POST /v2.0/ports HTTP/1.1" status: 201 len: 1281 time: 0.3708286
2026-09-02 02:00:13.472 10 INFO neutron.pecan_wsgi.hooks.translation [None req-06e6b29e-982e-4b3d-a3e1-3d8508e75d19 e2d40b800ac14356b5a90e2b3f34a419 bbb35c0567f34044ba052b2e71596e82 - - default default] GET failed (client error): The resource could not be found.
2026-09-02 02:00:13.475 10 INFO neutron.wsgi [None req-06e6b29e-982e-4b3d-a3e1-3d8508e75d19 e2d40b800ac14356b5a90e2b3f34a419 bbb35c0567f34044ba052b2e71596e82 - - default default] 162.253.55.234,10.0.0.191 "GET /v2.0/ports/octavia-health-manager-port-instance HTTP/1.1" status: 404 len: 314 time: 0.0834267
2026-09-02 02:00:13.536 10 INFO neutron.wsgi [None req-752a02e8-d364-41c8-8fd2-60f3ac5982b5 e2d40b800ac14356b5a90e2b3f34a419 bbb35c0567f34044ba052b2e71596e82 - - default default] 162.253.55.234,10.0.0.191 "GET /v2.0/ports?name=octavia-health-manager-port-instance HTTP/1.1" status: 200 len: 1279 time: 0.0558493
2026-09-02 02:00:13.936 10 INFO neutron.db.ovn_revision_numbers_db [None req-3ef007b7-1e96-4933-b9d8-7c50c855491e e2d40b800ac14356b5a90e2b3f34a419 bbb35c0567f34044ba052b2e71596e82 - - default default] Successfully bumped revision number for resource 00b63fac-c821-43ff-8a7c-818dd603d84f (type: ports) to 1
2026-09-02 02:00:14.265 10 INFO neutron.db.ovn_revision_numbers_db [None req-3ef007b7-1e96-4933-b9d8-7c50c855491e e2d40b800ac14356b5a90e2b3f34a419 bbb35c0567f34044ba052b2e71596e82 - - default default] Successfully bumped revision number for resource 00b63fac-c821-43ff-8a7c-818dd603d84f (type: ports) to 2
2026-09-02 02:00:14.278 10 INFO neutron.wsgi [None req-3ef007b7-1e96-4933-b9d8-7c50c855491e e2d40b800ac14356b5a90e2b3f34a419 bbb35c0567f34044ba052b2e71596e82 - - default default] 162.253.55.234,10.0.0.191 "PUT /v2.0/ports/00b63fac-c821-43ff-8a7c-818dd603d84f HTTP/1.1" status: 200 len: 1366 time: 0.7338276 /var/lib/openstack/lib/python3.10/site-packages/pycadf/identifier.py:71: UserWarning: Invalid uuid: unknown. To ensure interoperability, identifiers should be a valid uuid. warnings.warn(('Invalid uuid: %s. To ensure interoperability, '
2026-09-02 02:00:15.649 9 INFO neutron.wsgi [-] 10.0.0.191 "GET / HTTP/1.1" status: 200 len: 245 time: 0.0042052
2026-09-02 02:00:15.653 9 INFO neutron.wsgi [-] 10.0.0.191 "GET / HTTP/1.1" status: 200 len: 245 time: 0.0028751
2026-09-02 02:00:15.676 10 INFO neutron.wsgi [None req-295fcea2-8c33-41c8-b102-79537f007bb4 e2d40b800ac14356b5a90e2b3f34a419 bbb35c0567f34044ba052b2e71596e82 - - default default] 162.253.55.234,10.0.0.191 "GET /v2.0/ports HTTP/1.1" status: 200 len: 3511 time: 0.1198714 /var/lib/openstack/lib/python3.10/site-packages/pycadf/identifier.py:71: UserWarning: Invalid uuid: unknown. To ensure interoperability, identifiers should be a valid uuid. warnings.warn(('Invalid uuid: %s. To ensure interoperability, '
2026-09-02 02:00:16.758 9 INFO neutron.wsgi [None req-73c44724-ae5f-4c68-861a-9d344d89237b e2d40b800ac14356b5a90e2b3f34a419 bbb35c0567f34044ba052b2e71596e82 - - default default] 162.253.55.234,10.0.0.191 "GET /v2.0/security-groups?tenant_id=bbb35c0567f34044ba052b2e71596e82 HTTP/1.1" status: 200 len: 7421 time: 0.1079843
2026-09-02 02:00:16.889 9 INFO neutron.db.ovn_revision_numbers_db [None req-a2d75689-1c48-4cb0-8227-a85eab451899 e2d40b800ac14356b5a90e2b3f34a419 bbb35c0567f34044ba052b2e71596e82 - - default default] Successfully bumped revision number for resource b269d3d3-0adc-4394-98d4-9bddc4b46821 (type: security_groups) to 1
2026-09-02 02:00:16.906 9 INFO neutron.db.ovn_revision_numbers_db [None req-a2d75689-1c48-4cb0-8227-a85eab451899 e2d40b800ac14356b5a90e2b3f34a419 bbb35c0567f34044ba052b2e71596e82 - - default default] Successfully bumped revision number for resource a244fb82-e5cb-4fc1-baed-5cfc608ce9f7 (type: security_group_rules) to 0
2026-09-02 02:00:16.925 9 INFO neutron.db.ovn_revision_numbers_db [None req-a2d75689-1c48-4cb0-8227-a85eab451899 e2d40b800ac14356b5a90e2b3f34a419 bbb35c0567f34044ba052b2e71596e82 - - default default] Successfully bumped revision number for resource c75da3a7-d919-41b0-b608-d167e53ee854 (type: security_group_rules) to 0
2026-09-02 02:00:16.948 9 INFO neutron.wsgi [None req-a2d75689-1c48-4cb0-8227-a85eab451899 e2d40b800ac14356b5a90e2b3f34a419 bbb35c0567f34044ba052b2e71596e82 - - default default] 162.253.55.234,10.0.0.191 "POST /v2.0/security-groups HTTP/1.1" status: 201 len: 1727 time: 0.1781507
2026-09-02 02:00:17.971 10 INFO neutron.wsgi [None req-bd3d5288-14ff-4d55-9430-1fc88cd8f9dc e2d40b800ac14356b5a90e2b3f34a419 bbb35c0567f34044ba052b2e71596e82 - - default default] 162.253.55.234,10.0.0.191 "GET /v2.0/security-groups?tenant_id=bbb35c0567f34044ba052b2e71596e82 HTTP/1.1" status: 200 len: 8949 time: 0.0966520
2026-09-02 02:00:18.057 10 INFO neutron.wsgi [None req-bc905c79-144e-465f-b7b4-438573671449 e2d40b800ac14356b5a90e2b3f34a419 bbb35c0567f34044ba052b2e71596e82 - - default default] 162.253.55.234,10.0.0.191 "GET /v2.0/security-groups HTTP/1.1" status: 200 len: 8949 time: 0.0767901
2026-09-02 02:00:18.223 10 INFO neutron.db.ovn_revision_numbers_db [None req-b7771584-47a8-4d91-b880-97071e0375ec e2d40b800ac14356b5a90e2b3f34a419 bbb35c0567f34044ba052b2e71596e82 - - default default] Successfully bumped revision number for resource ea8c609f-edfb-4a99-948c-b38d3fc330ec (type: security_group_rules) to 0
2026-09-02 02:00:18.245 10 INFO neutron.wsgi [None req-b7771584-47a8-4d91-b880-97071e0375ec e2d40b800ac14356b5a90e2b3f34a419 bbb35c0567f34044ba052b2e71596e82 - - default default] 162.253.55.234,10.0.0.191 "POST /v2.0/security-group-rules HTTP/1.1" status: 201 len: 771 time: 0.1791277
2026-09-02 02:00:19.181 10 INFO neutron.wsgi [None req-38888d7c-ff23-43cd-b058-285761c301a4 e2d40b800ac14356b5a90e2b3f34a419 bbb35c0567f34044ba052b2e71596e82 - - default default] 162.253.55.234,10.0.0.191 "GET /v2.0/security-groups?tenant_id=bbb35c0567f34044ba052b2e71596e82 HTTP/1.1" status: 200 len: 9553 time: 0.1227601
2026-09-02 02:00:19.244 10 INFO neutron.wsgi [None req-f457b00e-000a-463f-b9de-db1cd99c4368 e2d40b800ac14356b5a90e2b3f34a419 bbb35c0567f34044ba052b2e71596e82 - - default default] 162.253.55.234,10.0.0.191 "GET /v2.0/security-groups HTTP/1.1" status: 200 len: 9553 time: 0.0534821
2026-09-02 02:00:19.405 10 INFO neutron.db.ovn_revision_numbers_db [None req-ae734668-fdb0-4fb0-80e7-593ee7e1996d e2d40b800ac14356b5a90e2b3f34a419 bbb35c0567f34044ba052b2e71596e82 - - default default] Successfully bumped revision number for resource 9e30e0a9-7a03-402a-addc-a8ff5c5cae80 (type: security_group_rules) to 0
2026-09-02 02:00:19.428 10 INFO neutron.wsgi [None req-ae734668-fdb0-4fb0-80e7-593ee7e1996d e2d40b800ac14356b5a90e2b3f34a419 bbb35c0567f34044ba052b2e71596e82 - - default default] 162.253.55.234,10.0.0.191 "POST /v2.0/security-group-rules HTTP/1.1" status: 201 len: 775 time: 0.1740553
2026-09-02 02:00:30.647 9 INFO neutron.wsgi [-] 10.0.0.191 "GET / HTTP/1.1" status: 200 len: 245 time: 0.0024290
2026-09-02 02:00:30.647 10 INFO neutron.wsgi [-] 10.0.0.191 "GET / HTTP/1.1" status: 200 len: 245 time: 0.0026462
2026-09-02 02:00:45.646 10 INFO neutron.wsgi [-] 10.0.0.191 "GET / HTTP/1.1" status: 200 len: 245 time: 0.0023386
2026-09-02 02:00:45.647 9 INFO neutron.wsgi [-] 10.0.0.191 "GET / HTTP/1.1" status: 200 len: 245 time: 0.0027828
2026-09-02 02:01:00.646 10 INFO neutron.wsgi [-] 10.0.0.191 "GET / HTTP/1.1" status: 200 len: 245 time: 0.0015337
2026-09-02 02:01:00.647 9 INFO neutron.wsgi [-] 10.0.0.191 "GET / HTTP/1.1" status: 200 len: 245 time: 0.0031085
2026-09-02 02:01:15.646 9 INFO neutron.wsgi [-] 10.0.0.191 "GET / HTTP/1.1" status: 200 len: 245 time: 0.0023170
2026-09-02 02:01:15.647 10 INFO neutron.wsgi [-] 10.0.0.191 "GET / HTTP/1.1" status: 200 len: 245 time: 0.0033083
2026-09-02 02:01:23.726 9 INFO neutron.wsgi [None req-6d0b0056-7527-4e08-bde6-0b6001ef946a e2d40b800ac14356b5a90e2b3f34a419 bbb35c0567f34044ba052b2e71596e82 - - default default] 162.253.55.234,10.0.0.191 "GET /v2.0/quotas/bbb35c0567f34044ba052b2e71596e82 HTTP/1.1" status: 200 len: 362 time: 0.0171077 /var/lib/openstack/lib/python3.10/site-packages/neutron/extensions/quotasv2.py:140: UserWarning: Neutron quota engine will require "--force" parameter to set a quota limit without checking the resource usage. warnings.warn('Neutron quota engine will require "--force" '
2026-09-02 02:01:24.206 9 INFO neutron.wsgi [None req-0a4c104f-dbbd-4734-a1ff-23f122649182 e2d40b800ac14356b5a90e2b3f34a419 bbb35c0567f34044ba052b2e71596e82 - - default default] 162.253.55.234,10.0.0.191 "PUT /v2.0/quotas/bbb35c0567f34044ba052b2e71596e82 HTTP/1.1" status: 200 len: 361 time: 0.0466599
2026-09-02 02:01:24.571 9 INFO neutron.wsgi [None req-66ac693c-9dd5-46f1-ba8e-3a290239e261 e2d40b800ac14356b5a90e2b3f34a419 bbb35c0567f34044ba052b2e71596e82 - - default default] 162.253.55.234,10.0.0.191 "GET /v2.0/quotas/bbb35c0567f34044ba052b2e71596e82 HTTP/1.1" status: 200 len: 361 time: 0.0156298
2026-09-02 02:01:30.646 10 INFO neutron.wsgi [-] 10.0.0.191 "GET / HTTP/1.1" status: 200 len: 245 time: 0.0023866
2026-09-02 02:01:30.650 10 INFO neutron.wsgi [-] 10.0.0.191 "GET / HTTP/1.1" status: 200 len: 245 time: 0.0019207
2026-09-02 02:01:45.647 10 INFO neutron.wsgi [-] 10.0.0.191 "GET / HTTP/1.1" status: 200 len: 245 time: 0.0023148
2026-09-02 02:01:45.647 9 INFO neutron.wsgi [-] 10.0.0.191 "GET / HTTP/1.1" status: 200 len: 245 time: 0.0023139
2026-09-02 02:02:00.646 10 INFO neutron.wsgi [-] 10.0.0.191 "GET / HTTP/1.1" status: 200 len: 245 time: 0.0029790
2026-09-02 02:02:00.648 9 INFO neutron.wsgi [-] 10.0.0.191 "GET / HTTP/1.1" status: 200 len: 245 time: 0.0044703
2026-09-02 02:02:15.646 10 INFO neutron.wsgi [-] 10.0.0.191 "GET / HTTP/1.1" status: 200 len: 245 time: 0.0025096
2026-09-02 02:02:15.647 9 INFO neutron.wsgi [-] 10.0.0.191 "GET / HTTP/1.1" status: 200 len: 245 time: 0.0028057
2026-09-02 02:02:30.645 9 INFO neutron.wsgi [-] 10.0.0.191 "GET / HTTP/1.1" status: 200 len: 245 time: 0.0016856
2026-09-02 02:02:30.647 10 INFO neutron.wsgi [-] 10.0.0.191 "GET / HTTP/1.1" status: 200 len: 245 time: 0.0025129
2026-09-02 02:02:45.647 10 INFO neutron.wsgi [-] 10.0.0.191 "GET / HTTP/1.1" status: 200 len: 245 time: 0.0028858
2026-09-02 02:02:45.649 9 INFO neutron.wsgi [-] 10.0.0.191 "GET / HTTP/1.1" status: 200 len: 245 time: 0.0049129
2026-09-02 02:03:00.646 10 INFO neutron.wsgi [-] 10.0.0.191 "GET / HTTP/1.1" status: 200 len: 245 time: 0.0024788
2026-09-02 02:03:00.649 10 INFO neutron.wsgi [-] 10.0.0.191 "GET / HTTP/1.1" status: 200 len: 245 time: 0.0021234
2026-09-02 02:03:06.066 15 INFO neutron.db.ovn_revision_numbers_db [None req-1ee22c62-57ef-4d70-9f7b-f5efc4f56d50 - - - - - -] Successfully bumped revision number for resource 24ec9709-833d-41d4-ac99-75e59fee3c80 (type: networks) to 2
2026-09-02 02:03:06.132 15 INFO neutron.db.ovn_revision_numbers_db [None req-1ee22c62-57ef-4d70-9f7b-f5efc4f56d50 - - - - - -] Successfully bumped revision number for resource 3c156331-0814-4c76-b547-b3b74f2c5f72 (type: security_groups) to 6
2026-09-02 02:03:06.186 15 INFO neutron.db.ovn_revision_numbers_db [None req-1ee22c62-57ef-4d70-9f7b-f5efc4f56d50 - - - - - -] Successfully bumped revision number for resource b269d3d3-0adc-4394-98d4-9bddc4b46821 (type: security_groups) to 3
2026-09-02 02:03:06.382 15 INFO neutron.db.ovn_revision_numbers_db [None req-1ee22c62-57ef-4d70-9f7b-f5efc4f56d50 - - - - - -] Successfully bumped revision number for resource 00b63fac-c821-43ff-8a7c-818dd603d84f (type: ports) to 3
2026-09-02 02:03:06.383 15 INFO neutron.plugins.ml2.drivers.ovn.mech_driver.ovsdb.maintenance [None req-1ee22c62-57ef-4d70-9f7b-f5efc4f56d50 - - - - - -] Maintenance task: Synchronization finished (took 0.48 seconds)
2026-09-02 02:03:15.647 9 INFO neutron.wsgi [-] 10.0.0.191 "GET / HTTP/1.1" status: 200 len: 245 time: 0.0027623
2026-09-02 02:03:15.651 9 INFO neutron.wsgi [-] 10.0.0.191 "GET / HTTP/1.1" status: 200 len: 245 time: 0.0020998
2026-09-02 02:03:30.648 10 INFO neutron.wsgi [-] 10.0.0.191 "GET / HTTP/1.1" status: 200 len: 245 time: 0.0029488
2026-09-02 02:03:30.709 9 INFO neutron.wsgi [-] 10.0.0.191 "GET / HTTP/1.1" status: 200 len: 245 time: 0.0640829
2026-09-02 02:03:45.650 9 INFO neutron.wsgi [-] 10.0.0.191 "GET / HTTP/1.1" status: 200 len: 245 time: 0.0037956
2026-09-02 02:03:45.653 9 INFO neutron.wsgi [-] 10.0.0.191 "GET / HTTP/1.1" status: 200 len: 245 time: 0.0022428
2026-09-02 02:04:00.646 9 INFO neutron.wsgi [-] 10.0.0.191 "GET / HTTP/1.1" status: 200 len: 245 time: 0.0022154
2026-09-02 02:04:00.647 10 INFO neutron.wsgi [-] 10.0.0.191 "GET / HTTP/1.1" status: 200 len: 245 time: 0.0029778
2026-09-02 02:04:15.649 10 INFO neutron.wsgi [-] 10.0.0.191 "GET / HTTP/1.1" status: 200 len: 245 time: 0.0042291
2026-09-02 02:04:15.652 10 INFO neutron.wsgi [-] 10.0.0.191 "GET / HTTP/1.1" status: 200 len: 245 time: 0.0018599
2026-09-02 02:04:30.648 9 INFO neutron.wsgi [-] 10.0.0.191 "GET / HTTP/1.1" status: 200 len: 245 time: 0.0045085
2026-09-02 02:04:30.651 9 INFO neutron.wsgi [-] 10.0.0.191 "GET / HTTP/1.1" status: 200 len: 245 time: 0.0021813
2026-09-02 02:04:45.648 10 INFO neutron.wsgi [-] 10.0.0.191 "GET / HTTP/1.1" status: 200 len: 245 time: 0.0036407
2026-09-02 02:04:45.655 10 INFO neutron.wsgi [-] 10.0.0.191 "GET / HTTP/1.1" status: 200 len: 245 time: 0.0058005
2026-09-02 02:05:00.646 9 INFO neutron.wsgi [-] 10.0.0.191 "GET / HTTP/1.1" status: 200 len: 245 time: 0.0018878
2026-09-02 02:05:00.646 10 INFO neutron.wsgi [-] 10.0.0.191 "GET / HTTP/1.1" status: 200 len: 245 time: 0.0021651
2026-09-02 02:05:15.646 10 INFO neutron.wsgi [-] 10.0.0.191 "GET / HTTP/1.1" status: 200 len: 245 time: 0.0021667
2026-09-02 02:05:15.649 10 INFO neutron.wsgi [-] 10.0.0.191 "GET / HTTP/1.1" status: 200 len: 245 time: 0.0018544
2026-09-02 02:05:30.646 10 INFO neutron.wsgi [-] 10.0.0.191 "GET / HTTP/1.1" status: 200 len: 245 time: 0.0023117
2026-09-02 02:05:30.646 9 INFO neutron.wsgi [-] 10.0.0.191 "GET / HTTP/1.1" status: 200 len: 245 time: 0.0022728
2026-09-02 02:05:45.646 9 INFO neutron.wsgi [-] 10.0.0.191 "GET / HTTP/1.1" status: 200 len: 245 time: 0.0023615
2026-09-02 02:05:45.649 10 INFO neutron.wsgi [-] 10.0.0.191 "GET / HTTP/1.1" status: 200 len: 245 time: 0.0042799
2026-09-02 02:06:00.646 9 INFO neutron.wsgi [-] 10.0.0.191 "GET / HTTP/1.1" status: 200 len: 245 time: 0.0023937
2026-09-02 02:06:00.647 10 INFO neutron.wsgi [-] 10.0.0.191 "GET / HTTP/1.1" status: 200 len: 245 time: 0.0031507
2026-09-02 02:06:15.647 9 INFO neutron.wsgi [-] 10.0.0.191 "GET / HTTP/1.1" status: 200 len: 245 time: 0.0031190
2026-09-02 02:06:15.647 10 INFO neutron.wsgi [-] 10.0.0.191 "GET / HTTP/1.1" status: 200 len: 245 time: 0.0031424
2026-09-02 02:06:30.646 9 INFO neutron.wsgi [-] 10.0.0.191 "GET / HTTP/1.1" status: 200 len: 245 time: 0.0022011
2026-09-02 02:06:30.647 10 INFO neutron.wsgi [-] 10.0.0.191 "GET / HTTP/1.1" status: 200 len: 245 time: 0.0032892
2026-09-02 02:06:45.647 9 INFO neutron.wsgi [-] 10.0.0.191 "GET / HTTP/1.1" status: 200 len: 245 time: 0.0027194
2026-09-02 02:06:45.652 9 INFO neutron.wsgi [-] 10.0.0.191 "GET / HTTP/1.1" status: 200 len: 245 time: 0.0036294
2026-09-02 02:07:00.646 9 INFO neutron.wsgi [-] 10.0.0.191 "GET / HTTP/1.1" status: 200 len: 245 time: 0.0022850
2026-09-02 02:07:00.647 10 INFO neutron.wsgi [-] 10.0.0.191 "GET / HTTP/1.1" status: 200 len: 245 time: 0.0035617
2026-09-02 02:07:15.646 9 INFO neutron.wsgi [-] 10.0.0.191 "GET / HTTP/1.1" status: 200 len: 245 time: 0.0023651
2026-09-02 02:07:15.650 9 INFO neutron.wsgi [-] 10.0.0.191 "GET / HTTP/1.1" status: 200 len: 245 time: 0.0025518
2026-09-02 02:07:30.647 9 INFO neutron.wsgi [-] 10.0.0.191 "GET / HTTP/1.1" status: 200 len: 245 time: 0.0026059
2026-09-02 02:07:30.648 10 INFO neutron.wsgi [-] 10.0.0.191 "GET / HTTP/1.1" status: 200 len: 245 time: 0.0035865
2026-09-02 02:07:45.647 9 INFO neutron.wsgi [-] 10.0.0.191 "GET / HTTP/1.1" status: 200 len: 245 time: 0.0030334
2026-09-02 02:07:45.647 10 INFO neutron.wsgi [-] 10.0.0.191 "GET / HTTP/1.1" status: 200 len: 245 time: 0.0035388
2026-09-02 02:08:00.646 10 INFO neutron.wsgi [-] 10.0.0.191 "GET / HTTP/1.1" status: 200 len: 245 time: 0.0023365
2026-09-02 02:08:00.646 9 INFO neutron.wsgi [-] 10.0.0.191 "GET / HTTP/1.1" status: 200 len: 245 time: 0.0029685
2026-09-02 02:08:15.646 9 INFO neutron.wsgi [-] 10.0.0.191 "GET / HTTP/1.1" status: 200 len: 245 time: 0.0016732
2026-09-02 02:08:15.652 10 INFO neutron.wsgi [-] 10.0.0.191 "GET / HTTP/1.1" status: 200 len: 245 time: 0.0064428
2026-09-02 02:08:30.647 9 INFO neutron.wsgi [-] 10.0.0.191 "GET / HTTP/1.1" status: 200 len: 245 time: 0.0022619
2026-09-02 02:08:30.647 10 INFO neutron.wsgi [-] 10.0.0.191 "GET / HTTP/1.1" status: 200 len: 245 time: 0.0022912
2026-09-02 02:08:45.648 10 INFO neutron.wsgi [-] 10.0.0.191 "GET / HTTP/1.1" status: 200 len: 245 time: 0.0039492
2026-09-02 02:08:45.650 10 INFO neutron.wsgi [-] 10.0.0.191 "GET / HTTP/1.1" status: 200 len: 245 time: 0.0008540
2026-09-02 02:09:00.646 9 INFO neutron.wsgi [-] 10.0.0.191 "GET / HTTP/1.1" status: 200 len: 245 time: 0.0021858
2026-09-02 02:09:00.646 10 INFO neutron.wsgi [-] 10.0.0.191 "GET / HTTP/1.1" status: 200 len: 245 time: 0.0025015
2026-09-02 02:09:15.646 10 INFO neutron.wsgi [-] 10.0.0.191 "GET / HTTP/1.1" status: 200 len: 245 time: 0.0022068
2026-09-02 02:09:15.648 10 INFO neutron.wsgi [-] 10.0.0.191 "GET / HTTP/1.1" status: 200 len: 245 time: 0.0013475
2026-09-02 02:09:30.646 10 INFO neutron.wsgi [-] 10.0.0.191 "GET / HTTP/1.1" status: 200 len: 245 time: 0.0026860
2026-09-02 02:09:30.647 9 INFO neutron.wsgi [-] 10.0.0.191 "GET / HTTP/1.1" status: 200 len: 245 time: 0.0027931
2026-09-02 02:09:41.062 9 INFO neutron.db.ovn_revision_numbers_db [None req-3cde7601-2ac2-43eb-b38f-52fbce0dc630 e2d40b800ac14356b5a90e2b3f34a419 bbb35c0567f34044ba052b2e71596e82 - - default default] Successfully bumped revision number for resource 60b2bc9f-e92a-46d4-a935-b4c955e23f30 (type: security_groups) to 1
2026-09-02 02:09:41.075 9 INFO neutron.db.ovn_revision_numbers_db [None req-3cde7601-2ac2-43eb-b38f-52fbce0dc630 e2d40b800ac14356b5a90e2b3f34a419 bbb35c0567f34044ba052b2e71596e82 - - default default] Successfully bumped revision number for resource 6d3b020e-b40d-4c4a-b245-74cb85d15f70 (type: security_group_rules) to 0
2026-09-02 02:09:41.095 9 INFO neutron.db.ovn_revision_numbers_db [None req-3cde7601-2ac2-43eb-b38f-52fbce0dc630 e2d40b800ac14356b5a90e2b3f34a419 bbb35c0567f34044ba052b2e71596e82 - - default default] Successfully bumped revision number for resource d48d880b-0f7b-4f46-9516-d34dec9c856e (type: security_group_rules) to 0
2026-09-02 02:09:41.110 9 INFO neutron.db.ovn_revision_numbers_db [None req-3cde7601-2ac2-43eb-b38f-52fbce0dc630 e2d40b800ac14356b5a90e2b3f34a419 bbb35c0567f34044ba052b2e71596e82 - - default default] Successfully bumped revision number for resource d9c65b18-2667-41df-bff7-7864ae81b4b3 (type: security_group_rules) to 0
2026-09-02 02:09:41.132 9 INFO neutron.db.ovn_revision_numbers_db [None req-3cde7601-2ac2-43eb-b38f-52fbce0dc630 e2d40b800ac14356b5a90e2b3f34a419 bbb35c0567f34044ba052b2e71596e82 - - default default] Successfully bumped revision number for resource e6459b47-d9fc-48f0-8d28-adeda50c9c0a (type: security_group_rules) to 0
2026-09-02 02:09:41.149 9 INFO neutron.wsgi [None req-3cde7601-2ac2-43eb-b38f-52fbce0dc630 e2d40b800ac14356b5a90e2b3f34a419 bbb35c0567f34044ba052b2e71596e82 - - default default] 162.253.55.234,10.0.0.191 "GET /v2.0/security-groups?tenant_id=c9a8be16aedc4711b4cae396c01feb96 HTTP/1.1" status: 200 len: 2973 time: 0.4275253
2026-09-02 02:09:41.253 9 INFO neutron.db.ovn_revision_numbers_db [None req-e73898b1-1507-4ba0-ae60-3fbe526e0e4b e2d40b800ac14356b5a90e2b3f34a419 bbb35c0567f34044ba052b2e71596e82 - - default default] Successfully bumped revision number for resource d1c378f7-9a0c-4021-89e9-6a4cae619001 (type: security_groups) to 1
2026-09-02 02:09:41.266 9 INFO neutron.db.ovn_revision_numbers_db [None req-e73898b1-1507-4ba0-ae60-3fbe526e0e4b e2d40b800ac14356b5a90e2b3f34a419 bbb35c0567f34044ba052b2e71596e82 - - default default] Successfully bumped revision number for resource 30121dbb-1234-41fb-bfca-2e41cf121383 (type: security_group_rules) to 0
2026-09-02 02:09:41.278 9 INFO neutron.db.ovn_revision_numbers_db [None req-e73898b1-1507-4ba0-ae60-3fbe526e0e4b e2d40b800ac14356b5a90e2b3f34a419 bbb35c0567f34044ba052b2e71596e82 - - default default] Successfully bumped revision number for resource cedf440a-4d82-4f8d-98fb-09bc5f177c8b (type: security_group_rules) to 0
2026-09-02 02:09:41.295 9 INFO neutron.wsgi [None req-e73898b1-1507-4ba0-ae60-3fbe526e0e4b e2d40b800ac14356b5a90e2b3f34a419 bbb35c0567f34044ba052b2e71596e82 - - default default] 162.253.55.234,10.0.0.191 "POST /v2.0/security-groups HTTP/1.1" status: 201 len: 1741 time: 0.1374636
2026-09-02 02:09:42.395 9 INFO neutron.wsgi [None req-40486a89-df5f-4aa4-972a-7b2e1f802761 e2d40b800ac14356b5a90e2b3f34a419 bbb35c0567f34044ba052b2e71596e82 - - default default] 162.253.55.234,10.0.0.191 "GET /v2.0/security-groups?tenant_id=c9a8be16aedc4711b4cae396c01feb96 HTTP/1.1" status: 200 len: 4515 time: 0.1457622
2026-09-02 02:09:42.483 9 INFO neutron.wsgi [None req-41439e96-0114-4c6d-bb55-6fe0d32e7bd1 e2d40b800ac14356b5a90e2b3f34a419 bbb35c0567f34044ba052b2e71596e82 - - default default] 162.253.55.234,10.0.0.191 "GET /v2.0/security-groups HTTP/1.1" status: 200 len: 14480 time: 0.0767143
2026-09-02 02:09:42.673 9 INFO neutron.db.ovn_revision_numbers_db [None req-44f1ec01-de97-4ae5-9b59-79f806a28ba2 e2d40b800ac14356b5a90e2b3f34a419 bbb35c0567f34044ba052b2e71596e82 - - default default] Successfully bumped revision number for resource 4007d2a9-b758-47ba-8d95-f5e37ef6155a (type: security_group_rules) to 0
2026-09-02 02:09:42.699 9 INFO neutron.wsgi [None req-44f1ec01-de97-4ae5-9b59-79f806a28ba2 e2d40b800ac14356b5a90e2b3f34a419 bbb35c0567f34044ba052b2e71596e82 - - default default] 162.253.55.234,10.0.0.191 "POST /v2.0/security-group-rules HTTP/1.1" status: 201 len: 745 time: 0.1997349
2026-09-02 02:09:43.810 9 INFO neutron.wsgi [None req-da5dbb80-ff3e-43a3-a137-b799c1b45840 e2d40b800ac14356b5a90e2b3f34a419 bbb35c0567f34044ba052b2e71596e82 - - default default] 162.253.55.234,10.0.0.191 "GET /v2.0/security-groups?tenant_id=c9a8be16aedc4711b4cae396c01feb96 HTTP/1.1" status: 200 len: 5093 time: 0.1283691
2026-09-02 02:09:43.873 9 INFO neutron.wsgi [None req-5ebcd4ed-e969-4b1a-b304-8e24c9105a94 e2d40b800ac14356b5a90e2b3f34a419 bbb35c0567f34044ba052b2e71596e82 - - default default] 162.253.55.234,10.0.0.191 "GET /v2.0/security-groups HTTP/1.1" status: 200 len: 15058 time: 0.0530119
2026-09-02 02:09:44.106 9 INFO neutron.db.ovn_revision_numbers_db [None req-3f4954fd-836b-4d1e-bcb5-db3ecb893083 e2d40b800ac14356b5a90e2b3f34a419 bbb35c0567f34044ba052b2e71596e82 - - default default] Successfully bumped revision number for resource 18ad0eb1-ed92-4ad8-954f-8cd24e1b1420 (type: security_group_rules) to 0
2026-09-02 02:09:44.160 9 INFO neutron.wsgi [None req-3f4954fd-836b-4d1e-bcb5-db3ecb893083 e2d40b800ac14356b5a90e2b3f34a419 bbb35c0567f34044ba052b2e71596e82 - - default default] 162.253.55.234,10.0.0.191 "POST /v2.0/security-group-rules HTTP/1.1" status: 201 len: 747 time: 0.2741356
2026-09-02 02:09:45.196 9 INFO neutron.wsgi [None req-ab1cb918-a869-42da-99c4-0a6ab9017705 e2d40b800ac14356b5a90e2b3f34a419 bbb35c0567f34044ba052b2e71596e82 - - default default] 162.253.55.234,10.0.0.191 "GET /v2.0/security-groups?tenant_id=c9a8be16aedc4711b4cae396c01feb96 HTTP/1.1" status: 200 len: 5673 time: 0.1060889
2026-09-02 02:09:45.245 9 INFO neutron.wsgi [None req-16b16542-b040-4e46-aa58-cc73d51416d6 e2d40b800ac14356b5a90e2b3f34a419 bbb35c0567f34044ba052b2e71596e82 - - default default] 162.253.55.234,10.0.0.191 "GET /v2.0/security-groups HTTP/1.1" status: 200 len: 15638 time: 0.0418806
2026-09-02 02:09:45.413 9 INFO neutron.db.ovn_revision_numbers_db [None req-fd69c056-840f-45c0-827c-2966310180d8 e2d40b800ac14356b5a90e2b3f34a419 bbb35c0567f34044ba052b2e71596e82 - - default default] Successfully bumped revision number for resource c404de02-6cc9-45e7-b1f3-419417f48423 (type: security_group_rules) to 0
2026-09-02 02:09:45.439 9 INFO neutron.wsgi [None req-fd69c056-840f-45c0-827c-2966310180d8 e2d40b800ac14356b5a90e2b3f34a419 bbb35c0567f34044ba052b2e71596e82 - - default default] 162.253.55.234,10.0.0.191 "POST /v2.0/security-group-rules HTTP/1.1" status: 201 len: 749 time: 0.1852701
2026-09-02 02:09:45.646 10 INFO neutron.wsgi [-] 10.0.0.191 "GET / HTTP/1.1" status: 200 len: 245 time: 0.0019658
2026-09-02 02:09:45.649 10 INFO neutron.wsgi [-] 10.0.0.191 "GET / HTTP/1.1" status: 200 len: 245 time: 0.0025177
2026-09-02 02:09:46.558 9 INFO neutron.wsgi [None req-340f3bf7-2d3e-42b8-b90a-fd2985c243a9 e2d40b800ac14356b5a90e2b3f34a419 bbb35c0567f34044ba052b2e71596e82 - - default default] 162.253.55.234,10.0.0.191 "GET /v2.0/security-groups?tenant_id=c9a8be16aedc4711b4cae396c01feb96 HTTP/1.1" status: 200 len: 6255 time: 0.1040361
2026-09-02 02:09:46.626 9 INFO neutron.wsgi [None req-5b0c225a-f3ea-4524-860b-c5dbee6b7990 e2d40b800ac14356b5a90e2b3f34a419 bbb35c0567f34044ba052b2e71596e82 - - default default] 162.253.55.234,10.0.0.191 "GET /v2.0/security-groups HTTP/1.1" status: 200 len: 16220 time: 0.0589633
2026-09-02 02:09:47.582 9 INFO neutron.db.ovn_revision_numbers_db [None req-40d5d36e-5136-45d0-b0d5-a581f3126b00 e2d40b800ac14356b5a90e2b3f34a419 bbb35c0567f34044ba052b2e71596e82 - - default default] Successfully bumped revision number for resource 8552406f-9be1-4cfd-83e6-ec654e1ae224 (type: security_group_rules) to 0
2026-09-02 02:09:47.616 9 INFO neutron.wsgi [None req-40d5d36e-5136-45d0-b0d5-a581f3126b00 e2d40b800ac14356b5a90e2b3f34a419 bbb35c0567f34044ba052b2e71596e82 - - default default] 162.253.55.234,10.0.0.191 "POST /v2.0/security-group-rules HTTP/1.1" status: 201 len: 750 time: 0.9762619
2026-09-02 02:10:00.648 9 INFO neutron.wsgi [-] 10.0.0.191 "GET / HTTP/1.1" status: 200 len: 245 time: 0.0024440
2026-09-02 02:10:00.649 10 INFO neutron.wsgi [-] 10.0.0.191 "GET / HTTP/1.1" status: 200 len: 245 time: 0.0029883
2026-09-02 02:10:15.648 10 INFO neutron.wsgi [-] 10.0.0.191 "GET / HTTP/1.1" status: 200 len: 245 time: 0.0030279
2026-09-02 02:10:15.647 9 INFO neutron.wsgi [-] 10.0.0.191 "GET / HTTP/1.1" status: 200 len: 245 time: 0.0027971
2026-09-02 02:10:30.648 10 INFO neutron.wsgi [-] 10.0.0.191 "GET / HTTP/1.1" status: 200 len: 245 time: 0.0028334
2026-09-02 02:10:30.648 9 INFO neutron.wsgi [-] 10.0.0.191 "GET / HTTP/1.1" status: 200 len: 245 time: 0.0039010
2026-09-02 02:10:45.648 10 INFO neutron.wsgi [-] 10.0.0.191 "GET / HTTP/1.1" status: 200 len: 245 time: 0.0032587
2026-09-02 02:10:45.648 9 INFO neutron.wsgi [-] 10.0.0.191 "GET / HTTP/1.1" status: 200 len: 245 time: 0.0030181
2026-09-02 02:11:00.646 10 INFO neutron.wsgi [-] 10.0.0.191 "GET / HTTP/1.1" status: 200 len: 245 time: 0.0023146
2026-09-02 02:11:00.648 10 INFO neutron.wsgi [-] 10.0.0.191 "GET / HTTP/1.1" status: 200 len: 245 time: 0.0012202
2026-09-02 02:11:15.646 10 INFO neutron.wsgi [-] 10.0.0.191 "GET / HTTP/1.1" status: 200 len: 245 time: 0.0019355
2026-09-02 02:11:15.646 9 INFO neutron.wsgi [-] 10.0.0.191 "GET / HTTP/1.1" status: 200 len: 245 time: 0.0024068
2026-09-02 02:11:30.646 10 INFO neutron.wsgi [-] 10.0.0.191 "GET / HTTP/1.1" status: 200 len: 245 time: 0.0022812
2026-09-02 02:11:30.649 10 INFO neutron.wsgi [-] 10.0.0.191 "GET / HTTP/1.1" status: 200 len: 245 time: 0.0020487
2026-09-02 02:11:45.646 9 INFO neutron.wsgi [-] 10.0.0.191 "GET / HTTP/1.1" status: 200 len: 245 time: 0.0022192
2026-09-02 02:11:45.648 10 INFO neutron.wsgi [-] 10.0.0.191 "GET / HTTP/1.1" status: 200 len: 245 time: 0.0026081
2026-09-02 02:12:00.645 10 INFO neutron.wsgi [-] 10.0.0.191 "GET / HTTP/1.1" status: 200 len: 245 time: 0.0020230
2026-09-02 02:12:00.645 9 INFO neutron.wsgi [-] 10.0.0.191 "GET / HTTP/1.1" status: 200 len: 245 time: 0.0021954 /var/lib/openstack/lib/python3.10/site-packages/pycadf/identifier.py:71: UserWarning: Invalid uuid: neutron. To ensure interoperability, identifiers should be a valid uuid. warnings.warn(('Invalid uuid: %s. To ensure interoperability, '
2026-09-02 02:12:03.425 9 INFO neutron.wsgi [None req-6ded8f41-fe25-47f9-b0f1-59e4641d9ecd f2abb43d005743119637c1f726b41ff5 c9a8be16aedc4711b4cae396c01feb96 - - 627d5bfaba3f4b1e8dce4b50b0107ba4 627d5bfaba3f4b1e8dce4b50b0107ba4] 162.253.55.234 "GET /v2.0/networks?tenant_id=c9a8be16aedc4711b4cae396c01feb96&shared=False HTTP/1.1" status: 200 len: 213 time: 0.1674893
2026-09-02 02:12:03.557 9 INFO neutron.db.segments_db [None req-7bd83576-e22e-4d53-90fb-874f9f5084ef f2abb43d005743119637c1f726b41ff5 c9a8be16aedc4711b4cae396c01feb96 - - 627d5bfaba3f4b1e8dce4b50b0107ba4 627d5bfaba3f4b1e8dce4b50b0107ba4] Added segment 5848b35c-6612-4a79-8682-5cb3bb4e6539 of type geneve for network 6b7d88ff-9a43-49c1-9dc3-db0bb85a69e0
2026-09-02 02:12:03.804 9 INFO neutron.db.ovn_revision_numbers_db [None req-7bd83576-e22e-4d53-90fb-874f9f5084ef f2abb43d005743119637c1f726b41ff5 c9a8be16aedc4711b4cae396c01feb96 - - 627d5bfaba3f4b1e8dce4b50b0107ba4 627d5bfaba3f4b1e8dce4b50b0107ba4] Successfully bumped revision number for resource 6b7d88ff-9a43-49c1-9dc3-db0bb85a69e0 (type: networks) to 1
2026-09-02 02:12:03.957 9 WARNING neutron.scheduler.dhcp_agent_scheduler [None req-7bd83576-e22e-4d53-90fb-874f9f5084ef f2abb43d005743119637c1f726b41ff5 c9a8be16aedc4711b4cae396c01feb96 - - 627d5bfaba3f4b1e8dce4b50b0107ba4 627d5bfaba3f4b1e8dce4b50b0107ba4] No more DHCP agents
2026-09-02 02:12:03.959 9 WARNING neutron.api.rpc.agentnotifiers.dhcp_rpc_agent_api [None req-7bd83576-e22e-4d53-90fb-874f9f5084ef f2abb43d005743119637c1f726b41ff5 c9a8be16aedc4711b4cae396c01feb96 - - 627d5bfaba3f4b1e8dce4b50b0107ba4 627d5bfaba3f4b1e8dce4b50b0107ba4] Unable to schedule network 6b7d88ff-9a43-49c1-9dc3-db0bb85a69e0: no agents available; will retry on subsequent port and subnet creation events.
