2026-09-02 02:30:06.039 10 INFO neutron.db.ovn_revision_numbers_db [None req-67f123c2-0390-438c-addf-9a5bc45adbd1 82bfc0e719804fe5867787c318d0136a 2b492376c3d74b2c96b01dab929cabc3 - - default default] Successfully bumped revision number for resource 7f28496b-d638-4ae8-a868-f3427dfda642 (type: floatingips) to 2
2026-09-02 02:30:06.076 10 INFO neutron.db.ovn_revision_numbers_db [None req-24cd1f6f-f074-4cfa-ab13-22bf5f3ce304 e2d40b800ac14356b5a90e2b3f34a419 bbb35c0567f34044ba052b2e71596e82 - - default default] Successfully bumped revision number for resource fd41721c-880a-4fd2-a2a7-d04bed36ed92 (type: security_groups) to 1
2026-09-02 02:30:06.111 10 INFO neutron.db.ovn_revision_numbers_db [None req-24cd1f6f-f074-4cfa-ab13-22bf5f3ce304 e2d40b800ac14356b5a90e2b3f34a419 bbb35c0567f34044ba052b2e71596e82 - - default default] Successfully bumped revision number for resource 28dd0e79-d64c-4fb2-b7dc-fa6f2382818c (type: security_group_rules) to 0
2026-09-02 02:30:06.128 10 INFO neutron.wsgi [None req-67f123c2-0390-438c-addf-9a5bc45adbd1 82bfc0e719804fe5867787c318d0136a 2b492376c3d74b2c96b01dab929cabc3 - - default default] 10.0.0.224 "PUT /v2.0/floatingips/7f28496b-d638-4ae8-a868-f3427dfda642 HTTP/1.1" status: 200 len: 748 time: 0.2791400
2026-09-02 02:30:06.138 10 INFO neutron.db.ovn_revision_numbers_db [None req-24cd1f6f-f074-4cfa-ab13-22bf5f3ce304 e2d40b800ac14356b5a90e2b3f34a419 bbb35c0567f34044ba052b2e71596e82 - - default default] Successfully bumped revision number for resource 4c21f98a-8183-407b-8176-e05b8f83dfc8 (type: security_group_rules) to 0
2026-09-02 02:30:06.167 10 INFO neutron.db.ovn_revision_numbers_db [None req-24cd1f6f-f074-4cfa-ab13-22bf5f3ce304 e2d40b800ac14356b5a90e2b3f34a419 bbb35c0567f34044ba052b2e71596e82 - - default default] Successfully bumped revision number for resource 8b3777d5-1460-496f-83c4-bea7b11c636c (type: security_group_rules) to 0
2026-09-02 02:30:06.174 9 INFO neutron.db.ovn_revision_numbers_db [None req-33dc8129-974d-4c19-8720-fa24364bdfcc 5ccd3f10745140ff93a75daeb963dd6c 40be2bdfa4514c868ab0c2210e983e52 - - default default] Successfully bumped revision number for resource f5268c48-83a9-4060-acba-699ce59e62db (type: floatingips) to 0
2026-09-02 02:30:06.186 9 INFO neutron.wsgi [None req-33dc8129-974d-4c19-8720-fa24364bdfcc 5ccd3f10745140ff93a75daeb963dd6c 40be2bdfa4514c868ab0c2210e983e52 - - default default] 10.0.0.224 "POST /v2.0/floatingips HTTP/1.1" status: 201 len: 751 time: 0.6665778
2026-09-02 02:30:06.191 10 INFO neutron.db.ovn_revision_numbers_db [None req-24cd1f6f-f074-4cfa-ab13-22bf5f3ce304 e2d40b800ac14356b5a90e2b3f34a419 bbb35c0567f34044ba052b2e71596e82 - - default default] Successfully bumped revision number for resource 946509ed-75bb-4353-8e15-fe432df279bd (type: security_group_rules) to 0
2026-09-02 02:30:06.221 10 INFO neutron.wsgi [None req-24cd1f6f-f074-4cfa-ab13-22bf5f3ce304 e2d40b800ac14356b5a90e2b3f34a419 bbb35c0567f34044ba052b2e71596e82 - - default default] 10.0.0.224 "GET /v2.0/security-groups?tenant_id=f91b21eb5c394faf811644518d5040fc&name=default HTTP/1.1" status: 200 len: 2996 time: 0.3058324
2026-09-02 02:30:06.453 10 INFO neutron.wsgi [None req-5490e7af-bc93-40cf-b2b5-ed121f1a1201 e2d40b800ac14356b5a90e2b3f34a419 bbb35c0567f34044ba052b2e71596e82 - - default default] 10.0.0.224 "DELETE /v2.0/security-groups/fd41721c-880a-4fd2-a2a7-d04bed36ed92 HTTP/1.1" status: 204 len: 168 time: 0.2279172
2026-09-02 02:30:06.462 10 INFO neutron.wsgi [None req-38411cb3-56a5-4337-8ff8-445768c9fb35 82bfc0e719804fe5867787c318d0136a 2b492376c3d74b2c96b01dab929cabc3 - - default default] 10.0.0.224 "DELETE /v2.0/floatingips/7f28496b-d638-4ae8-a868-f3427dfda642 HTTP/1.1" status: 204 len: 168 time: 0.3280118
2026-09-02 02:30:06.776 10 INFO neutron.wsgi [req-b745b5a3-feb8-476d-98a4-cfac5561ae82 req-2b02fd1c-96d0-457e-bee2-065cdaa868fd 5ccd3f10745140ff93a75daeb963dd6c 40be2bdfa4514c868ab0c2210e983e52 - - default default] 10.0.0.161 "GET /v2.0/security-groups?name=tempest-securitygroup--1874552803&fields=id&tenant_id=40be2bdfa4514c868ab0c2210e983e52 HTTP/1.1" status: 200 len: 267 time: 0.0522506
2026-09-02 02:30:06.895 10 INFO neutron.wsgi [req-b745b5a3-feb8-476d-98a4-cfac5561ae82 req-eb64f867-be9d-45aa-bd57-c0f158339c2e 5ccd3f10745140ff93a75daeb963dd6c 40be2bdfa4514c868ab0c2210e983e52 - - default default] 10.0.0.161 "GET /v2.0/networks?id=b34cfebd-416c-4dfe-a908-d06bfc97d491 HTTP/1.1" status: 200 len: 875 time: 0.1095767
2026-09-02 02:30:06.924 10 INFO neutron.wsgi [req-b745b5a3-feb8-476d-98a4-cfac5561ae82 req-c6e673e6-d136-412d-a986-95e6394e4131 5ccd3f10745140ff93a75daeb963dd6c 40be2bdfa4514c868ab0c2210e983e52 - - default default] 10.0.0.161 "GET /v2.0/quotas/40be2bdfa4514c868ab0c2210e983e52 HTTP/1.1" status: 200 len: 386 time: 0.0197330
2026-09-02 02:30:06.957 10 INFO neutron.wsgi [None req-875cd1cd-2d6f-4e49-8d12-f4a6ae9ec4e4 c9f6846dab874417a1cd223ee7ad0ad7 e4d5206ecaab46eca62f724645a2fd82 - - default default] 10.0.0.224 "DELETE /v2.0/security-groups/4cdb158d-093f-4727-9572-98da4f5aa9ed HTTP/1.1" status: 204 len: 168 time: 0.2184515
2026-09-02 02:30:06.980 9 INFO neutron.api.v2.resource [None req-734437c7-3ddf-4679-8854-6cecb0d7ea04 c9f6846dab874417a1cd223ee7ad0ad7 e4d5206ecaab46eca62f724645a2fd82 - - default default] show failed (client error): The resource could not be found.
2026-09-02 02:30:06.983 9 INFO neutron.wsgi [None req-734437c7-3ddf-4679-8854-6cecb0d7ea04 c9f6846dab874417a1cd223ee7ad0ad7 e4d5206ecaab46eca62f724645a2fd82 - - default default] 10.0.0.224 "GET /v2.0/security-groups/4cdb158d-093f-4727-9572-98da4f5aa9ed HTTP/1.1" status: 404 len: 347 time: 0.0205445
2026-09-02 02:30:07.034 10 WARNING neutron.scheduler.dhcp_agent_scheduler [None req-9e877834-7533-474f-9e7e-a41d9da300b0 82bfc0e719804fe5867787c318d0136a 2b492376c3d74b2c96b01dab929cabc3 - - default default] No more DHCP agents
2026-09-02 02:30:07.038 10 WARNING neutron.api.rpc.agentnotifiers.dhcp_rpc_agent_api [None req-9e877834-7533-474f-9e7e-a41d9da300b0 82bfc0e719804fe5867787c318d0136a 2b492376c3d74b2c96b01dab929cabc3 - - default default] Unable to schedule network aff76fb2-13e5-45b7-ab3d-b22250438ee2: no agents available; will retry on subsequent port and subnet creation events.
2026-09-02 02:30:07.060 10 INFO neutron.wsgi [req-b745b5a3-feb8-476d-98a4-cfac5561ae82 req-4eaee8b3-fa6a-48ee-adba-9338849c3e84 5ccd3f10745140ff93a75daeb963dd6c 40be2bdfa4514c868ab0c2210e983e52 - - default default] 10.0.0.161 "GET /v2.0/ports?tenant_id=40be2bdfa4514c868ab0c2210e983e52&fields=id HTTP/1.1" status: 200 len: 302 time: 0.1266420
2026-09-02 02:30:07.153 10 INFO neutron.wsgi [req-b745b5a3-feb8-476d-98a4-cfac5561ae82 req-5d460fc4-66df-44e5-826f-dfc8831d8e29 61e4278f56864bf6a9f82563887786c8 c9a8be16aedc4711b4cae396c01feb96 - - 627d5bfaba3f4b1e8dce4b50b0107ba4 627d5bfaba3f4b1e8dce4b50b0107ba4] 10.0.0.161 "GET /v2.0/networks/b34cfebd-416c-4dfe-a908-d06bfc97d491?fields=segments HTTP/1.1" status: 200 len: 212 time: 0.0745361
2026-09-02 02:30:07.235 10 INFO neutron.wsgi [req-b745b5a3-feb8-476d-98a4-cfac5561ae82 req-120c765a-a57c-4568-a0ba-bda006adf5fb 61e4278f56864bf6a9f82563887786c8 c9a8be16aedc4711b4cae396c01feb96 - - 627d5bfaba3f4b1e8dce4b50b0107ba4 627d5bfaba3f4b1e8dce4b50b0107ba4] 10.0.0.161 "GET /v2.0/networks/b34cfebd-416c-4dfe-a908-d06bfc97d491?fields=provider%3Aphysical_network&fields=provider%3Anetwork_type HTTP/1.1" status: 200 len: 277 time: 0.0729952
2026-09-02 02:30:07.396 9 INFO neutron.wsgi [None req-a6d7c3bd-8c42-40f5-9b31-e97e34f7588f c9f6846dab874417a1cd223ee7ad0ad7 e4d5206ecaab46eca62f724645a2fd82 - - default default] 10.0.0.224 "DELETE /v2.0/floatingips/b8071af3-a9e2-4cc9-9ca0-5535eee66c24 HTTP/1.1" status: 204 len: 168 time: 0.4060600
2026-09-02 02:30:07.418 10 INFO neutron.wsgi [req-87a8cfc9-3204-4032-801f-f1befa6d56f0 req-e1c58876-2c20-450f-a948-fa48e15b851b 5ccd3f10745140ff93a75daeb963dd6c 40be2bdfa4514c868ab0c2210e983e52 - - default default] 10.0.0.161 "GET /v2.0/ports?device_id=ba69386b-0cc9-4eaa-b4f8-410ab4335655 HTTP/1.1" status: 200 len: 210 time: 0.0246117
2026-09-02 02:30:07.450 10 INFO neutron.db.l3_db [None req-9e877834-7533-474f-9e7e-a41d9da300b0 82bfc0e719804fe5867787c318d0136a 2b492376c3d74b2c96b01dab929cabc3 - - default default] Floating IP 0aed01a2-4c3d-489b-9207-45d3c0e45356 associated. External IP: 10.96.250.217, port: 9debd62b-0ec9-443e-876c-9baf39f1d34d.
2026-09-02 02:30:07.647 10 INFO neutron.db.ovn_revision_numbers_db [None req-9e877834-7533-474f-9e7e-a41d9da300b0 82bfc0e719804fe5867787c318d0136a 2b492376c3d74b2c96b01dab929cabc3 - - default default] Successfully bumped revision number for resource 0aed01a2-4c3d-489b-9207-45d3c0e45356 (type: floatingips) to 0
2026-09-02 02:30:07.760 10 INFO neutron.db.ovn_revision_numbers_db [None req-9e877834-7533-474f-9e7e-a41d9da300b0 82bfc0e719804fe5867787c318d0136a 2b492376c3d74b2c96b01dab929cabc3 - - default default] Successfully bumped revision number for resource 0aed01a2-4c3d-489b-9207-45d3c0e45356 (type: floatingips) to 1
2026-09-02 02:30:07.802 10 INFO neutron.wsgi [None req-9e877834-7533-474f-9e7e-a41d9da300b0 82bfc0e719804fe5867787c318d0136a 2b492376c3d74b2c96b01dab929cabc3 - - default default] 10.0.0.224 "POST /v2.0/floatingips HTTP/1.1" status: 201 len: 1040 time: 1.3320436
2026-09-02 02:30:07.875 9 INFO neutron.wsgi [None req-9cc16f3f-c6d4-4a8a-bb2d-225aa3e93863 82bfc0e719804fe5867787c318d0136a 2b492376c3d74b2c96b01dab929cabc3 - - default default] 10.0.0.224 "GET /v2.0/floatingips/0aed01a2-4c3d-489b-9207-45d3c0e45356 HTTP/1.1" status: 200 len: 1037 time: 0.0646760
2026-09-02 02:30:07.970 9 INFO neutron.wsgi [None req-8b90011c-c631-49ec-978e-6f59bece83dd 82bfc0e719804fe5867787c318d0136a 2b492376c3d74b2c96b01dab929cabc3 - - default default] 10.0.0.224 "GET /v2.0/floatingips HTTP/1.1" status: 200 len: 1040 time: 0.0863497
2026-09-02 02:30:08.199 9 INFO neutron.wsgi [req-b745b5a3-feb8-476d-98a4-cfac5561ae82 req-51ea7da6-d4cb-46c0-9afa-2e034994561e 5ccd3f10745140ff93a75daeb963dd6c 40be2bdfa4514c868ab0c2210e983e52 - - default default] 162.253.55.234 "GET /v2.0/networks?id=b34cfebd-416c-4dfe-a908-d06bfc97d491 HTTP/1.1" status: 200 len: 875 time: 0.0890379
2026-09-02 02:30:08.285 9 INFO neutron.wsgi [req-b745b5a3-feb8-476d-98a4-cfac5561ae82 req-9e2d4ce9-609f-4fd4-bfd4-9cb9acd4f3e4 5ccd3f10745140ff93a75daeb963dd6c 40be2bdfa4514c868ab0c2210e983e52 - - default default] 162.253.55.234 "GET /v2.0/security-groups?fields=id&fields=name&tenant_id=40be2bdfa4514c868ab0c2210e983e52 HTTP/1.1" status: 200 len: 380 time: 0.0782464
2026-09-02 02:30:08.308 9 INFO neutron.db.l3_db [None req-27d80024-7abe-4fbd-bd71-cac2818fa179 82bfc0e719804fe5867787c318d0136a 2b492376c3d74b2c96b01dab929cabc3 - - default default] Floating IP 0aed01a2-4c3d-489b-9207-45d3c0e45356 associated. External IP: 10.96.250.217, port: 9debd62b-0ec9-443e-876c-9baf39f1d34d.
2026-09-02 02:30:08.528 10 INFO neutron.wsgi [req-2178f5b4-4501-4af1-9033-cefba41092b5 req-0bcf3d9a-515d-4cd1-8267-cc0fa6ace771 5ccd3f10745140ff93a75daeb963dd6c 40be2bdfa4514c868ab0c2210e983e52 - - default default] 10.0.0.161 "GET /v2.0/ports?device_id=ba69386b-0cc9-4eaa-b4f8-410ab4335655 HTTP/1.1" status: 200 len: 210 time: 0.0378966
2026-09-02 02:30:08.596 9 INFO neutron.db.ovn_revision_numbers_db [None req-27d80024-7abe-4fbd-bd71-cac2818fa179 82bfc0e719804fe5867787c318d0136a 2b492376c3d74b2c96b01dab929cabc3 - - default default] Successfully bumped revision number for resource 0aed01a2-4c3d-489b-9207-45d3c0e45356 (type: floatingips) to 2
2026-09-02 02:30:08.709 9 INFO neutron.db.ovn_revision_numbers_db [None req-27d80024-7abe-4fbd-bd71-cac2818fa179 82bfc0e719804fe5867787c318d0136a 2b492376c3d74b2c96b01dab929cabc3 - - default default] Successfully bumped revision number for resource 0aed01a2-4c3d-489b-9207-45d3c0e45356 (type: floatingips) to 2
2026-09-02 02:30:08.739 9 WARNING neutron.scheduler.dhcp_agent_scheduler [req-b745b5a3-feb8-476d-98a4-cfac5561ae82 req-42c399f5-c474-4b9d-9fbe-49d17e34bd2b 5ccd3f10745140ff93a75daeb963dd6c 40be2bdfa4514c868ab0c2210e983e52 - - default default] No more DHCP agents
2026-09-02 02:30:08.741 9 WARNING neutron.api.rpc.agentnotifiers.dhcp_rpc_agent_api [req-b745b5a3-feb8-476d-98a4-cfac5561ae82 req-42c399f5-c474-4b9d-9fbe-49d17e34bd2b 5ccd3f10745140ff93a75daeb963dd6c 40be2bdfa4514c868ab0c2210e983e52 - - default default] Unable to schedule network b34cfebd-416c-4dfe-a908-d06bfc97d491: no agents available; will retry on subsequent port and subnet creation events.
2026-09-02 02:30:08.765 10 INFO neutron.wsgi [None req-d20c0c59-f562-4938-9343-58eea1c19e45 e2d40b800ac14356b5a90e2b3f34a419 bbb35c0567f34044ba052b2e71596e82 - - default default] 10.0.0.224 "PUT /v2.0/routers/91ea2223-e460-42b0-ae75-d81b725d8bdf/remove_router_interface HTTP/1.1" status: 200 len: 503 time: 1.2760775
2026-09-02 02:30:08.772 9 INFO neutron.wsgi [None req-27d80024-7abe-4fbd-bd71-cac2818fa179 82bfc0e719804fe5867787c318d0136a 2b492376c3d74b2c96b01dab929cabc3 - - default default] 10.0.0.224 "PUT /v2.0/floatingips/0aed01a2-4c3d-489b-9207-45d3c0e45356 HTTP/1.1" status: 200 len: 1037 time: 0.7949631 /var/lib/openstack/lib/python3.10/site-packages/pycadf/identifier.py:71: UserWarning: Invalid uuid: neutron. To ensure interoperability, identifiers should be a valid uuid. warnings.warn(('Invalid uuid: %s. To ensure interoperability, ' /var/lib/openstack/lib/python3.10/site-packages/pycadf/identifier.py:71: UserWarning: Invalid uuid: neutron. To ensure interoperability, identifiers should be a valid uuid. warnings.warn(('Invalid uuid: %s. To ensure interoperability, '
2026-09-02 02:30:08.929 9 INFO neutron.db.l3_db [None req-b75bc2e2-9291-4faa-bf3c-bb954ee96b2b 82bfc0e719804fe5867787c318d0136a 2b492376c3d74b2c96b01dab929cabc3 - - default default] Floating IP 0aed01a2-4c3d-489b-9207-45d3c0e45356 disassociated. External IP: 10.96.250.217, port: 97434dc6-bf11-4598-844d-ea47ec7ab129.
2026-09-02 02:30:08.958 9 INFO neutron.db.ovn_revision_numbers_db [None req-b75bc2e2-9291-4faa-bf3c-bb954ee96b2b 82bfc0e719804fe5867787c318d0136a 2b492376c3d74b2c96b01dab929cabc3 - - default default] Successfully bumped revision number for resource 0aed01a2-4c3d-489b-9207-45d3c0e45356 (type: floatingips) to 3
2026-09-02 02:30:08.959 9 INFO neutron.db.ovn_revision_numbers_db [req-b745b5a3-feb8-476d-98a4-cfac5561ae82 req-42c399f5-c474-4b9d-9fbe-49d17e34bd2b 5ccd3f10745140ff93a75daeb963dd6c 40be2bdfa4514c868ab0c2210e983e52 - - default default] Successfully bumped revision number for resource f826e56b-5250-43f1-86f2-40d06807c71d (type: ports) to 1
2026-09-02 02:30:09.228 9 INFO neutron.wsgi [req-b745b5a3-feb8-476d-98a4-cfac5561ae82 req-42c399f5-c474-4b9d-9fbe-49d17e34bd2b 5ccd3f10745140ff93a75daeb963dd6c 40be2bdfa4514c868ab0c2210e983e52 - - default default] 162.253.55.234 "POST /v2.0/ports HTTP/1.1" status: 201 len: 1158 time: 0.9248815
2026-09-02 02:30:09.256 9 INFO neutron.wsgi [None req-b75bc2e2-9291-4faa-bf3c-bb954ee96b2b 82bfc0e719804fe5867787c318d0136a 2b492376c3d74b2c96b01dab929cabc3 - - default default] 10.0.0.224 "PUT /v2.0/floatingips/0aed01a2-4c3d-489b-9207-45d3c0e45356 HTTP/1.1" status: 200 len: 748 time: 0.4789832 /var/lib/openstack/lib/python3.10/site-packages/pycadf/identifier.py:71: UserWarning: Invalid uuid: neutron. To ensure interoperability, identifiers should be a valid uuid. warnings.warn(('Invalid uuid: %s. To ensure interoperability, '
2026-09-02 02:30:09.673 9 INFO neutron.wsgi [None req-61bb1714-42e9-4262-87f1-0a9859e28722 82bfc0e719804fe5867787c318d0136a 2b492376c3d74b2c96b01dab929cabc3 - - default default] 10.0.0.224 "DELETE /v2.0/floatingips/0aed01a2-4c3d-489b-9207-45d3c0e45356 HTTP/1.1" status: 204 len: 168 time: 0.4123669
2026-09-02 02:30:09.676 10 INFO neutron.wsgi [req-15765f20-69f0-4a62-9e2a-003898ad8453 req-f6ad2879-ab14-41fa-85aa-5f8c13be9a97 5ccd3f10745140ff93a75daeb963dd6c 40be2bdfa4514c868ab0c2210e983e52 - - default default] 10.0.0.161 "GET /v2.0/ports?device_id=ba69386b-0cc9-4eaa-b4f8-410ab4335655 HTTP/1.1" status: 200 len: 1168 time: 0.0503113 /var/lib/openstack/lib/python3.10/site-packages/pycadf/identifier.py:71: UserWarning: Invalid uuid: neutron. To ensure interoperability, identifiers should be a valid uuid. warnings.warn(('Invalid uuid: %s. To ensure interoperability, '
2026-09-02 02:30:09.689 9 INFO neutron.db.ovn_revision_numbers_db [req-b745b5a3-feb8-476d-98a4-cfac5561ae82 req-807d851c-c38a-43ff-92ea-b58c0ea29914 61e4278f56864bf6a9f82563887786c8 c9a8be16aedc4711b4cae396c01feb96 - - 627d5bfaba3f4b1e8dce4b50b0107ba4 627d5bfaba3f4b1e8dce4b50b0107ba4] Successfully bumped revision number for resource f826e56b-5250-43f1-86f2-40d06807c71d (type: ports) to 2
2026-09-02 02:30:09.701 9 INFO neutron.api.v2.resource [None req-a4f0b339-ff21-43e2-9982-fbf899949c0e 82bfc0e719804fe5867787c318d0136a 2b492376c3d74b2c96b01dab929cabc3 - - default default] delete failed (client error): The resource could not be found.
2026-09-02 02:30:09.702 9 INFO neutron.wsgi [None req-a4f0b339-ff21-43e2-9982-fbf899949c0e 82bfc0e719804fe5867787c318d0136a 2b492376c3d74b2c96b01dab929cabc3 - - default default] 10.0.0.224 "DELETE /v2.0/floatingips/0aed01a2-4c3d-489b-9207-45d3c0e45356 HTTP/1.1" status: 404 len: 345 time: 0.0185013
2026-09-02 02:30:09.723 10 INFO neutron.wsgi [None req-2f8bfc78-5944-4a2b-8583-b095cc3db843 e2d40b800ac14356b5a90e2b3f34a419 bbb35c0567f34044ba052b2e71596e82 - - default default] 10.0.0.224 "DELETE /v2.0/routers/91ea2223-e460-42b0-ae75-d81b725d8bdf HTTP/1.1" status: 204 len: 168 time: 0.9527071
2026-09-02 02:30:09.732 10 INFO neutron.wsgi [req-15765f20-69f0-4a62-9e2a-003898ad8453 req-809edc00-25aa-4f5a-b68a-2c4309609779 5ccd3f10745140ff93a75daeb963dd6c 40be2bdfa4514c868ab0c2210e983e52 - - default default] 10.0.0.161 "GET /v2.0/security-groups?id=7fade763-efdc-4e34-91b6-7c6c74656779&fields=id&fields=name HTTP/1.1" status: 200 len: 313 time: 0.0446148
2026-09-02 02:30:10.012 9 INFO neutron.db.ovn_revision_numbers_db [req-b745b5a3-feb8-476d-98a4-cfac5561ae82 req-807d851c-c38a-43ff-92ea-b58c0ea29914 61e4278f56864bf6a9f82563887786c8 c9a8be16aedc4711b4cae396c01feb96 - - 627d5bfaba3f4b1e8dce4b50b0107ba4 627d5bfaba3f4b1e8dce4b50b0107ba4] Successfully bumped revision number for resource f826e56b-5250-43f1-86f2-40d06807c71d (type: ports) to 2
2026-09-02 02:30:10.028 9 INFO neutron.wsgi [req-b745b5a3-feb8-476d-98a4-cfac5561ae82 req-807d851c-c38a-43ff-92ea-b58c0ea29914 61e4278f56864bf6a9f82563887786c8 c9a8be16aedc4711b4cae396c01feb96 - - 627d5bfaba3f4b1e8dce4b50b0107ba4 627d5bfaba3f4b1e8dce4b50b0107ba4] 162.253.55.234 "PUT /v2.0/ports/f826e56b-5250-43f1-86f2-40d06807c71d HTTP/1.1" status: 200 len: 1376 time: 0.7894764
2026-09-02 02:30:10.043 9 INFO neutron.wsgi [None req-1f3c4c65-7dec-467f-b91a-6a62ed942279 e2d40b800ac14356b5a90e2b3f34a419 bbb35c0567f34044ba052b2e71596e82 - - default default] 10.0.0.224 "DELETE /v2.0/subnets/bb5c5148-b0de-4e95-90f1-776e3517d61e HTTP/1.1" status: 204 len: 168 time: 0.3140244 /var/lib/openstack/lib/python3.10/site-packages/pycadf/identifier.py:71: UserWarning: Invalid uuid: neutron. To ensure interoperability, identifiers should be a valid uuid. warnings.warn(('Invalid uuid: %s. To ensure interoperability, '
2026-09-02 02:30:10.060 9 INFO neutron.notifiers.nova [-] Nova event matching ['req-763c72a7-deb8-48d1-9c7f-b9df7d79e35d'] response: {'name': 'network-changed', 'server_uuid': 'ba69386b-0cc9-4eaa-b4f8-410ab4335655', 'tag': 'f826e56b-5250-43f1-86f2-40d06807c71d', 'status': 'completed', 'code': 200}
2026-09-02 02:30:10.081 10 INFO neutron.wsgi [None req-f294a783-4b39-42c9-9f39-e951df3fcc0b 82bfc0e719804fe5867787c318d0136a 2b492376c3d74b2c96b01dab929cabc3 - - default default] 10.0.0.224 "DELETE /v2.0/ports/97434dc6-bf11-4598-844d-ea47ec7ab129 HTTP/1.1" status: 204 len: 168 time: 0.3626688
2026-09-02 02:30:10.100 9 INFO neutron.wsgi [req-b745b5a3-feb8-476d-98a4-cfac5561ae82 req-a8961f46-b45a-446a-b749-e889bc333a0d 61e4278f56864bf6a9f82563887786c8 c9a8be16aedc4711b4cae396c01feb96 - - 627d5bfaba3f4b1e8dce4b50b0107ba4 627d5bfaba3f4b1e8dce4b50b0107ba4] 162.253.55.234 "GET /v2.0/ports?tenant_id=40be2bdfa4514c868ab0c2210e983e52&device_id=ba69386b-0cc9-4eaa-b4f8-410ab4335655 HTTP/1.1" status: 200 len: 1407 time: 0.0394363
2026-09-02 02:30:10.139 9 INFO neutron.wsgi [req-b745b5a3-feb8-476d-98a4-cfac5561ae82 req-3848c96e-491f-4127-a6c4-af00129430ee 61e4278f56864bf6a9f82563887786c8 c9a8be16aedc4711b4cae396c01feb96 - - 627d5bfaba3f4b1e8dce4b50b0107ba4 627d5bfaba3f4b1e8dce4b50b0107ba4] 162.253.55.234 "GET /v2.0/floatingips?fixed_ip_address=10.100.0.9&port_id=f826e56b-5250-43f1-86f2-40d06807c71d HTTP/1.1" status: 200 len: 217 time: 0.0308437
2026-09-02 02:30:10.184 9 INFO neutron.wsgi [req-b745b5a3-feb8-476d-98a4-cfac5561ae82 req-2a01af56-eb4f-4ceb-b259-6e147958e153 61e4278f56864bf6a9f82563887786c8 c9a8be16aedc4711b4cae396c01feb96 - - 627d5bfaba3f4b1e8dce4b50b0107ba4 627d5bfaba3f4b1e8dce4b50b0107ba4] 162.253.55.234 "GET /v2.0/subnets?id=3cc8b253-c83d-4698-8965-4ef266316182 HTTP/1.1" status: 200 len: 869 time: 0.0388579
2026-09-02 02:30:10.220 9 INFO neutron.wsgi [req-b745b5a3-feb8-476d-98a4-cfac5561ae82 req-36303166-6890-422e-8476-6b870554db0b 61e4278f56864bf6a9f82563887786c8 c9a8be16aedc4711b4cae396c01feb96 - - 627d5bfaba3f4b1e8dce4b50b0107ba4 627d5bfaba3f4b1e8dce4b50b0107ba4] 162.253.55.234 "GET /v2.0/ports?network_id=b34cfebd-416c-4dfe-a908-d06bfc97d491&device_owner=network%3Adhcp HTTP/1.1" status: 200 len: 210 time: 0.0263355
2026-09-02 02:30:10.302 9 INFO neutron.wsgi [req-b745b5a3-feb8-476d-98a4-cfac5561ae82 req-1229a700-b1ce-4ff7-967f-0d4e11623e3c 61e4278f56864bf6a9f82563887786c8 c9a8be16aedc4711b4cae396c01feb96 - - 627d5bfaba3f4b1e8dce4b50b0107ba4 627d5bfaba3f4b1e8dce4b50b0107ba4] 162.253.55.234 "GET /v2.0/networks/b34cfebd-416c-4dfe-a908-d06bfc97d491?fields=segments HTTP/1.1" status: 200 len: 212 time: 0.0736933
2026-09-02 02:30:10.375 9 INFO neutron.wsgi [req-b745b5a3-feb8-476d-98a4-cfac5561ae82 req-5a4df884-eac8-428a-8a2d-86d22326367e 61e4278f56864bf6a9f82563887786c8 c9a8be16aedc4711b4cae396c01feb96 - - 627d5bfaba3f4b1e8dce4b50b0107ba4 627d5bfaba3f4b1e8dce4b50b0107ba4] 162.253.55.234 "GET /v2.0/networks/b34cfebd-416c-4dfe-a908-d06bfc97d491?fields=provider%3Aphysical_network&fields=provider%3Anetwork_type HTTP/1.1" status: 200 len: 277 time: 0.0671790
2026-09-02 02:30:10.401 10 INFO neutron.wsgi [None req-47676d96-f13a-4e7b-a635-8fff59ce3767 82bfc0e719804fe5867787c318d0136a 2b492376c3d74b2c96b01dab929cabc3 - - default default] 10.0.0.224 "DELETE /v2.0/ports/9debd62b-0ec9-443e-876c-9baf39f1d34d HTTP/1.1" status: 204 len: 168 time: 0.3172007
2026-09-02 02:30:10.479 9 INFO neutron.wsgi [req-76cae2f9-2926-468c-9aee-e735f87a0d3b req-21dcb123-37e6-4283-a147-58b7d1cc1d6a 61e4278f56864bf6a9f82563887786c8 c9a8be16aedc4711b4cae396c01feb96 - - 627d5bfaba3f4b1e8dce4b50b0107ba4 627d5bfaba3f4b1e8dce4b50b0107ba4] 162.253.55.234 "GET /v2.0/ports?tenant_id=40be2bdfa4514c868ab0c2210e983e52&device_id=ba69386b-0cc9-4eaa-b4f8-410ab4335655 HTTP/1.1" status: 200 len: 1407 time: 0.0500681
2026-09-02 02:30:10.521 10 INFO neutron.wsgi [None req-74c33269-0be3-46bb-91b7-e89ce97057e4 82bfc0e719804fe5867787c318d0136a 2b492376c3d74b2c96b01dab929cabc3 - - default default] 10.0.0.224 "GET /v2.0/ports?device_id=89ab4cd8-c899-4789-9c0d-7c606a03e7bf HTTP/1.1" status: 200 len: 1140 time: 0.1145029
2026-09-02 02:30:10.540 9 INFO neutron.services.segments.plugin [-] Segment 31b77823-9d3a-49e3-9e35-cd8546dd3913 resource provider aggregate not found
2026-09-02 02:30:10.545 9 INFO neutron.services.segments.plugin [-] Segment 31b77823-9d3a-49e3-9e35-cd8546dd3913 resource provider aggregate not found
2026-09-02 02:30:10.560 9 INFO neutron.services.segments.plugin [-] Segment 31b77823-9d3a-49e3-9e35-cd8546dd3913 resource provider not found; error: Placement Client Error (4xx): {"errors": [{"status": 404, "title": "Not Found", "detail": "The resource could not be found.\n\n No resource provider with uuid 31b77823-9d3a-49e3-9e35-cd8546dd3913 found for delete ", "request_id": "req-dcd892c9-4832-4cfd-879d-ec7b5155d04a"}]}
2026-09-02 02:30:10.572 9 INFO neutron.services.segments.plugin [-] Segment 31b77823-9d3a-49e3-9e35-cd8546dd3913 resource provider not found; error: Placement Client Error (4xx): {"errors": [{"status": 404, "title": "Not Found", "detail": "The resource could not be found.\n\n No resource provider with uuid 31b77823-9d3a-49e3-9e35-cd8546dd3913 found for delete ", "request_id": "req-2d6ee784-d827-4a51-a09f-206051ea09dd"}]}
2026-09-02 02:30:10.612 9 INFO neutron.wsgi [req-76cae2f9-2926-468c-9aee-e735f87a0d3b req-7d0753f6-f0c9-444b-b5ae-1df3fa538be2 61e4278f56864bf6a9f82563887786c8 c9a8be16aedc4711b4cae396c01feb96 - - 627d5bfaba3f4b1e8dce4b50b0107ba4 627d5bfaba3f4b1e8dce4b50b0107ba4] 162.253.55.234 "GET /v2.0/networks?id=b34cfebd-416c-4dfe-a908-d06bfc97d491 HTTP/1.1" status: 200 len: 974 time: 0.1054223
2026-09-02 02:30:10.616 9 INFO neutron.wsgi [None req-f3f7c99a-8b23-4261-b9ec-b777f7fade98 e2d40b800ac14356b5a90e2b3f34a419 bbb35c0567f34044ba052b2e71596e82 - - default default] 10.0.0.224 "DELETE /v2.0/networks/98b07d62-a2ad-41a6-a778-d0e8c9b1163d HTTP/1.1" status: 204 len: 168 time: 0.5650668
2026-09-02 02:30:10.631 10 INFO neutron.plugins.ml2.drivers.ovn.mech_driver.mech_driver [None req-165acdd8-e648-40d2-be1f-4bf5c4de2412 - - - - - -] OVN reports status up for port: f826e56b-5250-43f1-86f2-40d06807c71d
2026-09-02 02:30:10.653 9 INFO neutron.wsgi [req-76cae2f9-2926-468c-9aee-e735f87a0d3b req-02b67bce-dc4b-4fc0-8395-ec5cff797418 61e4278f56864bf6a9f82563887786c8 c9a8be16aedc4711b4cae396c01feb96 - - 627d5bfaba3f4b1e8dce4b50b0107ba4 627d5bfaba3f4b1e8dce4b50b0107ba4] 162.253.55.234 "GET /v2.0/floatingips?fixed_ip_address=10.100.0.9&port_id=f826e56b-5250-43f1-86f2-40d06807c71d HTTP/1.1" status: 200 len: 217 time: 0.0312562
2026-09-02 02:30:10.657 10 INFO neutron.plugins.ml2.plugin [None req-165acdd8-e648-40d2-be1f-4bf5c4de2412 - - - - - -] Attempt 1 to provision port f826e56b-5250-43f1-86f2-40d06807c71d
2026-09-02 02:30:10.680 9 WARNING neutron.plugins.ml2.drivers.ovn.mech_driver.ovsdb.ovn_client [None req-4acd870d-c45b-4a81-9b73-b0d4d22bc6fb - - - - - -] No hosting information found for port b0b548c4-d472-42d0-b5a9-e804a7c9d89f: RuntimeError: No hosting information found for port b0b548c4-d472-42d0-b5a9-e804a7c9d89f
2026-09-02 02:30:10.681 9 INFO neutron.plugins.ml2.drivers.ovn.mech_driver.mech_driver [None req-4acd870d-c45b-4a81-9b73-b0d4d22bc6fb - - - - - -] OVN reports status up for port: 8cdd2ef9-c510-4216-b354-377bb0ac63fc
2026-09-02 02:30:10.690 9 INFO neutron.plugins.ml2.plugin [None req-4acd870d-c45b-4a81-9b73-b0d4d22bc6fb - - - - - -] Attempt 1 to provision port 8cdd2ef9-c510-4216-b354-377bb0ac63fc
2026-09-02 02:30:10.715 9 INFO neutron.wsgi [req-76cae2f9-2926-468c-9aee-e735f87a0d3b req-06cb960f-02f1-4ee5-8f9f-fe251ab1b5cb 61e4278f56864bf6a9f82563887786c8 c9a8be16aedc4711b4cae396c01feb96 - - 627d5bfaba3f4b1e8dce4b50b0107ba4 627d5bfaba3f4b1e8dce4b50b0107ba4] 162.253.55.234 "GET /v2.0/subnets?id=3cc8b253-c83d-4698-8965-4ef266316182 HTTP/1.1" status: 200 len: 869 time: 0.0565541
2026-09-02 02:30:10.746 9 INFO neutron.wsgi [req-76cae2f9-2926-468c-9aee-e735f87a0d3b req-fd611c18-83d5-4972-b1bc-ecd1292b435d 61e4278f56864bf6a9f82563887786c8 c9a8be16aedc4711b4cae396c01feb96 - - 627d5bfaba3f4b1e8dce4b50b0107ba4 627d5bfaba3f4b1e8dce4b50b0107ba4] 162.253.55.234 "GET /v2.0/ports?network_id=b34cfebd-416c-4dfe-a908-d06bfc97d491&device_owner=network%3Adhcp HTTP/1.1" status: 200 len: 210 time: 0.0234511
2026-09-02 02:30:10.833 9 INFO neutron.wsgi [req-76cae2f9-2926-468c-9aee-e735f87a0d3b req-763fea32-9f1e-400b-834d-95b89aa36a92 61e4278f56864bf6a9f82563887786c8 c9a8be16aedc4711b4cae396c01feb96 - - 627d5bfaba3f4b1e8dce4b50b0107ba4 627d5bfaba3f4b1e8dce4b50b0107ba4] 162.253.55.234 "GET /v2.0/networks/b34cfebd-416c-4dfe-a908-d06bfc97d491?fields=segments HTTP/1.1" status: 200 len: 212 time: 0.0786719
2026-09-02 02:30:10.849 10 INFO neutron.notifiers.nova [-] Nova event matching ['req-150acb68-a19f-4601-b9fc-a92cdb4f004a'] response: {'server_uuid': 'ba69386b-0cc9-4eaa-b4f8-410ab4335655', 'name': 'network-vif-plugged', 'status': 'completed', 'tag': 'f826e56b-5250-43f1-86f2-40d06807c71d', 'code': 200}
2026-09-02 02:30:10.891 10 INFO neutron.wsgi [req-4d258613-68df-4067-b89f-2ae2edd5134e req-95ba83c2-30db-4b4a-9d42-8b60369a37f3 5ccd3f10745140ff93a75daeb963dd6c 40be2bdfa4514c868ab0c2210e983e52 - - default default] 10.0.0.161 "GET /v2.0/ports?device_id=ba69386b-0cc9-4eaa-b4f8-410ab4335655 HTTP/1.1" status: 200 len: 1170 time: 0.0535450
2026-09-02 02:30:10.920 9 INFO neutron.wsgi [req-76cae2f9-2926-468c-9aee-e735f87a0d3b req-7c3c623c-f8b9-41f8-971b-8d5d2c1fb8c4 61e4278f56864bf6a9f82563887786c8 c9a8be16aedc4711b4cae396c01feb96 - - 627d5bfaba3f4b1e8dce4b50b0107ba4 627d5bfaba3f4b1e8dce4b50b0107ba4] 162.253.55.234 "GET /v2.0/networks/b34cfebd-416c-4dfe-a908-d06bfc97d491?fields=provider%3Aphysical_network&fields=provider%3Anetwork_type HTTP/1.1" status: 200 len: 277 time: 0.0747979
2026-09-02 02:30:10.922 9 INFO neutron.wsgi [None req-1e772cde-fa6e-4b2c-8a20-8bcc2c07ac9e e2d40b800ac14356b5a90e2b3f34a419 bbb35c0567f34044ba052b2e71596e82 - - default default] 10.0.0.224 "GET /v2.0/security-groups?tenant_id=e4d5206ecaab46eca62f724645a2fd82&name=default HTTP/1.1" status: 200 len: 2992 time: 0.0580966
2026-09-02 02:30:10.969 10 INFO neutron.wsgi [req-4d258613-68df-4067-b89f-2ae2edd5134e req-2fbd779e-2166-444e-a577-6a4631d03a0b 5ccd3f10745140ff93a75daeb963dd6c 40be2bdfa4514c868ab0c2210e983e52 - - default default] 10.0.0.161 "GET /v2.0/security-groups?id=7fade763-efdc-4e34-91b6-7c6c74656779&fields=id&fields=name HTTP/1.1" status: 200 len: 313 time: 0.0710878
2026-09-02 02:30:11.050 9 INFO neutron.db.ovn_revision_numbers_db [None req-4acd870d-c45b-4a81-9b73-b0d4d22bc6fb - - - - - -] Successfully bumped revision number for resource 8cdd2ef9-c510-4216-b354-377bb0ac63fc (type: ports) to 2
2026-09-02 02:30:11.100 10 INFO neutron.db.ovn_revision_numbers_db [None req-165acdd8-e648-40d2-be1f-4bf5c4de2412 - - - - - -] Successfully bumped revision number for resource f826e56b-5250-43f1-86f2-40d06807c71d (type: ports) to 4
2026-09-02 02:30:11.211 9 INFO neutron.db.ovn_revision_numbers_db [None req-4acd870d-c45b-4a81-9b73-b0d4d22bc6fb - - - - - -] Successfully bumped revision number for resource 8cdd2ef9-c510-4216-b354-377bb0ac63fc (type: router_ports) to 2
2026-09-02 02:30:11.232 9 INFO neutron.wsgi [None req-de380d8f-da8e-4c75-9b7c-7222e4289578 e2d40b800ac14356b5a90e2b3f34a419 bbb35c0567f34044ba052b2e71596e82 - - default default] 10.0.0.224 "DELETE /v2.0/security-groups/e3b6b00b-3c59-47f5-9f1b-84bfa9db5305 HTTP/1.1" status: 204 len: 168 time: 0.3033073
2026-09-02 02:30:11.240 9 INFO neutron.db.ovn_revision_numbers_db [None req-789bfed8-1c4e-4b4d-bddc-b1be36827dbb e2d40b800ac14356b5a90e2b3f34a419 bbb35c0567f34044ba052b2e71596e82 - - default default] Successfully bumped revision number for resource 2b6e5967-a226-4ca7-aae0-14f81c194597 (type: security_groups) to 1
2026-09-02 02:30:11.255 9 INFO neutron.db.ovn_revision_numbers_db [None req-789bfed8-1c4e-4b4d-bddc-b1be36827dbb e2d40b800ac14356b5a90e2b3f34a419 bbb35c0567f34044ba052b2e71596e82 - - default default] Successfully bumped revision number for resource a20b6a06-5302-45a4-b0c0-875d0a551f21 (type: security_group_rules) to 0
2026-09-02 02:30:11.275 9 INFO neutron.db.ovn_revision_numbers_db [None req-789bfed8-1c4e-4b4d-bddc-b1be36827dbb e2d40b800ac14356b5a90e2b3f34a419 bbb35c0567f34044ba052b2e71596e82 - - default default] Successfully bumped revision number for resource b3253c5d-d319-4b2a-99d8-482a24a69ddc (type: security_group_rules) to 0
2026-09-02 02:30:11.291 9 INFO neutron.db.ovn_revision_numbers_db [None req-789bfed8-1c4e-4b4d-bddc-b1be36827dbb e2d40b800ac14356b5a90e2b3f34a419 bbb35c0567f34044ba052b2e71596e82 - - default default] Successfully bumped revision number for resource b8aca9a1-5602-4441-ac43-719279669687 (type: security_group_rules) to 0
2026-09-02 02:30:11.302 9 INFO neutron.db.ovn_revision_numbers_db [None req-789bfed8-1c4e-4b4d-bddc-b1be36827dbb e2d40b800ac14356b5a90e2b3f34a419 bbb35c0567f34044ba052b2e71596e82 - - default default] Successfully bumped revision number for resource c031cb19-9aca-4ac1-b9b8-7364bb16108a (type: security_group_rules) to 0
2026-09-02 02:30:11.329 9 INFO neutron.wsgi [None req-789bfed8-1c4e-4b4d-bddc-b1be36827dbb e2d40b800ac14356b5a90e2b3f34a419 bbb35c0567f34044ba052b2e71596e82 - - default default] 10.0.0.224 "GET /v2.0/security-groups?tenant_id=a31e932bbec74ad19917a07aea5f9a1e&name=default HTTP/1.1" status: 200 len: 2996 time: 0.5318127
2026-09-02 02:30:11.548 10 INFO neutron.wsgi [None req-53a76977-ef4b-490d-b171-b0e48bd227b9 82bfc0e719804fe5867787c318d0136a 2b492376c3d74b2c96b01dab929cabc3 - - default default] 10.0.0.224 "PUT /v2.0/routers/89ab4cd8-c899-4789-9c0d-7c606a03e7bf/remove_router_interface HTTP/1.1" status: 200 len: 503 time: 1.0216217 /var/lib/openstack/lib/python3.10/site-packages/pycadf/identifier.py:71: UserWarning: Invalid uuid: neutron. To ensure interoperability, identifiers should be a valid uuid. warnings.warn(('Invalid uuid: %s. To ensure interoperability, '
2026-09-02 02:30:11.624 9 INFO neutron.wsgi [None req-c7d8c2ff-9294-48c5-9050-abfa504b7302 e2d40b800ac14356b5a90e2b3f34a419 bbb35c0567f34044ba052b2e71596e82 - - default default] 10.0.0.224 "DELETE /v2.0/security-groups/2b6e5967-a226-4ca7-aae0-14f81c194597 HTTP/1.1" status: 204 len: 168 time: 0.2899778
2026-09-02 02:30:11.916 9 INFO neutron.db.ovn_revision_numbers_db [None req-289bd764-47ec-433f-96f9-cee7495165ab e2d40b800ac14356b5a90e2b3f34a419 bbb35c0567f34044ba052b2e71596e82 - - default default] Successfully bumped revision number for resource 629c4ad4-8727-4fcb-81c3-28136a28eb4d (type: security_groups) to 1
2026-09-02 02:30:11.931 9 INFO neutron.db.ovn_revision_numbers_db [None req-289bd764-47ec-433f-96f9-cee7495165ab e2d40b800ac14356b5a90e2b3f34a419 bbb35c0567f34044ba052b2e71596e82 - - default default] Successfully bumped revision number for resource 16027b0b-8ba0-4a8f-88af-905db826522c (type: security_group_rules) to 0
2026-09-02 02:30:11.951 9 INFO neutron.db.ovn_revision_numbers_db [None req-289bd764-47ec-433f-96f9-cee7495165ab e2d40b800ac14356b5a90e2b3f34a419 bbb35c0567f34044ba052b2e71596e82 - - default default] Successfully bumped revision number for resource 2b8a768f-f665-42dc-81f1-62715ab1e1da (type: security_group_rules) to 0
2026-09-02 02:30:11.966 9 INFO neutron.db.ovn_revision_numbers_db [None req-289bd764-47ec-433f-96f9-cee7495165ab e2d40b800ac14356b5a90e2b3f34a419 bbb35c0567f34044ba052b2e71596e82 - - default default] Successfully bumped revision number for resource 8f003953-017c-4cb4-82d2-96b80d21a150 (type: security_group_rules) to 0
2026-09-02 02:30:11.981 9 INFO neutron.db.ovn_revision_numbers_db [None req-289bd764-47ec-433f-96f9-cee7495165ab e2d40b800ac14356b5a90e2b3f34a419 bbb35c0567f34044ba052b2e71596e82 - - default default] Successfully bumped revision number for resource eb63ba19-f571-4b3f-9617-b9835719f97f (type: security_group_rules) to 0
2026-09-02 02:30:12.009 9 INFO neutron.wsgi [None req-289bd764-47ec-433f-96f9-cee7495165ab e2d40b800ac14356b5a90e2b3f34a419 bbb35c0567f34044ba052b2e71596e82 - - default default] 10.0.0.224 "GET /v2.0/security-groups?tenant_id=586aa241c9bb4e1082e583d3d445e80f&name=default HTTP/1.1" status: 200 len: 2996 time: 0.2196643
2026-09-02 02:30:12.121 10 INFO neutron.wsgi [None req-f4dfcba1-5cda-4384-bef2-5f018d217685 82bfc0e719804fe5867787c318d0136a 2b492376c3d74b2c96b01dab929cabc3 - - default default] 10.0.0.224 "DELETE /v2.0/routers/89ab4cd8-c899-4789-9c0d-7c606a03e7bf HTTP/1.1" status: 204 len: 168 time: 0.5610797
2026-09-02 02:30:12.176 10 INFO neutron.wsgi [req-18ff3d19-d2b2-4987-a043-f6a9eb2002cc req-7900f00d-426f-406d-8cbc-cd4beaab5c03 5ccd3f10745140ff93a75daeb963dd6c 40be2bdfa4514c868ab0c2210e983e52 - - default default] 10.0.0.161 "GET /v2.0/ports?device_id=ba69386b-0cc9-4eaa-b4f8-410ab4335655 HTTP/1.1" status: 200 len: 1170 time: 0.1212716
2026-09-02 02:30:12.223 10 INFO neutron.wsgi [req-18ff3d19-d2b2-4987-a043-f6a9eb2002cc req-43fe95db-a45a-4f49-952e-636588485e38 5ccd3f10745140ff93a75daeb963dd6c 40be2bdfa4514c868ab0c2210e983e52 - - default default] 10.0.0.161 "GET /v2.0/security-groups?id=7fade763-efdc-4e34-91b6-7c6c74656779&fields=id&fields=name HTTP/1.1" status: 200 len: 313 time: 0.0397224
2026-09-02 02:30:12.231 9 INFO neutron.wsgi [None req-97d7826c-e099-48ba-80d1-8030e20b8a76 e2d40b800ac14356b5a90e2b3f34a419 bbb35c0567f34044ba052b2e71596e82 - - default default] 10.0.0.224 "DELETE /v2.0/security-groups/629c4ad4-8727-4fcb-81c3-28136a28eb4d HTTP/1.1" status: 204 len: 168 time: 0.2143242
2026-09-02 02:30:12.324 10 INFO neutron.wsgi [None req-2f279b2d-628f-4563-8e59-794e820cf811 82bfc0e719804fe5867787c318d0136a 2b492376c3d74b2c96b01dab929cabc3 - - default default] 10.0.0.224 "DELETE /v2.0/subnets/d9fcfc98-3e65-4e77-af37-1024d8a5c6bf HTTP/1.1" status: 204 len: 168 time: 0.1955068
2026-09-02 02:30:12.372 10 INFO neutron.wsgi [req-9a6263e2-1e56-4d1e-8aeb-8f55fc8ca0ab req-aac0b80f-2103-4f87-a648-51c7cd8b16ce 5ccd3f10745140ff93a75daeb963dd6c 40be2bdfa4514c868ab0c2210e983e52 - - default default] 10.0.0.161 "GET /v2.0/ports?device_id=ba69386b-0cc9-4eaa-b4f8-410ab4335655 HTTP/1.1" status: 200 len: 1170 time: 0.0438862
2026-09-02 02:30:12.751 9 INFO neutron.services.segments.plugin [-] Segment 518ce2c4-0ec5-46f9-bab8-d7bca94eebe8 resource provider aggregate not found
2026-09-02 02:30:12.777 9 INFO neutron.services.segments.plugin [-] Segment 518ce2c4-0ec5-46f9-bab8-d7bca94eebe8 resource provider aggregate not found
2026-09-02 02:30:12.855 9 INFO neutron.services.segments.plugin [-] Segment 518ce2c4-0ec5-46f9-bab8-d7bca94eebe8 resource provider not found; error: Placement Client Error (4xx): {"errors": [{"status": 404, "title": "Not Found", "detail": "The resource could not be found.\n\n No resource provider with uuid 518ce2c4-0ec5-46f9-bab8-d7bca94eebe8 found for delete ", "request_id": "req-c8913606-42f2-4236-9160-b567c525d673"}]}
2026-09-02 02:30:12.863 9 INFO neutron.services.segments.plugin [-] Segment 518ce2c4-0ec5-46f9-bab8-d7bca94eebe8 resource provider not found; error: Placement Client Error (4xx): {"errors": [{"status": 404, "title": "Not Found", "detail": "The resource could not be found.\n\n No resource provider with uuid 518ce2c4-0ec5-46f9-bab8-d7bca94eebe8 found for delete ", "request_id": "req-24fa083d-329f-407c-9cc9-30eb3207fd4a"}]}
2026-09-02 02:30:12.880 9 INFO neutron.wsgi [None req-e0da1ff4-7d33-4572-80e3-0862ab651db6 82bfc0e719804fe5867787c318d0136a 2b492376c3d74b2c96b01dab929cabc3 - - default default] 10.0.0.224 "DELETE /v2.0/networks/cc789155-73df-4508-8db0-1508f2a424d7 HTTP/1.1" status: 204 len: 168 time: 0.5513070
2026-09-02 02:30:12.884 10 INFO neutron.notifiers.nova [-] Nova event matching ['req-25707f09-8d2e-450c-af51-201c969715e5'] response: {'server_uuid': 'ba69386b-0cc9-4eaa-b4f8-410ab4335655', 'name': 'network-vif-plugged', 'status': 'completed', 'tag': 'f826e56b-5250-43f1-86f2-40d06807c71d', 'code': 200}
2026-09-02 02:30:12.897 10 INFO neutron.db.l3_db [None req-7c8ed022-214b-42cd-bd0b-96f5c8d1b589 5ccd3f10745140ff93a75daeb963dd6c 40be2bdfa4514c868ab0c2210e983e52 - - default default] Floating IP f5268c48-83a9-4060-acba-699ce59e62db associated. External IP: 10.96.250.216, port: f826e56b-5250-43f1-86f2-40d06807c71d.
2026-09-02 02:30:13.072 10 INFO neutron.db.ovn_revision_numbers_db [None req-7c8ed022-214b-42cd-bd0b-96f5c8d1b589 5ccd3f10745140ff93a75daeb963dd6c 40be2bdfa4514c868ab0c2210e983e52 - - default default] Successfully bumped revision number for resource f5268c48-83a9-4060-acba-699ce59e62db (type: floatingips) to 1
2026-09-02 02:30:13.213 10 INFO neutron.db.ovn_revision_numbers_db [None req-7c8ed022-214b-42cd-bd0b-96f5c8d1b589 5ccd3f10745140ff93a75daeb963dd6c 40be2bdfa4514c868ab0c2210e983e52 - - default default] Successfully bumped revision number for resource f5268c48-83a9-4060-acba-699ce59e62db (type: floatingips) to 2
2026-09-02 02:30:13.237 10 INFO neutron.wsgi [None req-7c8ed022-214b-42cd-bd0b-96f5c8d1b589 5ccd3f10745140ff93a75daeb963dd6c 40be2bdfa4514c868ab0c2210e983e52 - - default default] 10.0.0.224 "PUT /v2.0/floatingips/f5268c48-83a9-4060-acba-699ce59e62db HTTP/1.1" status: 200 len: 1049 time: 0.8559277
2026-09-02 02:30:13.497 10 INFO neutron.wsgi [None req-dbd40c52-26a5-43f0-8910-5904c7fd94e0 e2d40b800ac14356b5a90e2b3f34a419 bbb35c0567f34044ba052b2e71596e82 - - default default] 10.0.0.224 "GET /v2.0/security-groups?tenant_id=2b492376c3d74b2c96b01dab929cabc3&name=default HTTP/1.1" status: 200 len: 2996 time: 0.1033783
2026-09-02 02:30:13.574 10 INFO neutron.db.ovn_revision_numbers_db [None req-0b94aa77-3e49-4276-89b9-66c7ffe6f8af e2d40b800ac14356b5a90e2b3f34a419 bbb35c0567f34044ba052b2e71596e82 - - default default] Successfully bumped revision number for resource cb49a328-d869-48bd-ac27-1033de3e0da1 (type: security_groups) to 1
2026-09-02 02:30:13.592 10 INFO neutron.db.ovn_revision_numbers_db [None req-0b94aa77-3e49-4276-89b9-66c7ffe6f8af e2d40b800ac14356b5a90e2b3f34a419 bbb35c0567f34044ba052b2e71596e82 - - default default] Successfully bumped revision number for resource 146bcd3d-23b4-455f-8634-1728e53feb8d (type: security_group_rules) to 0
2026-09-02 02:30:13.610 10 INFO neutron.db.ovn_revision_numbers_db [None req-0b94aa77-3e49-4276-89b9-66c7ffe6f8af e2d40b800ac14356b5a90e2b3f34a419 bbb35c0567f34044ba052b2e71596e82 - - default default] Successfully bumped revision number for resource 5ce546ce-3906-43f8-aabb-ae4f76455e39 (type: security_group_rules) to 0
2026-09-02 02:30:13.632 10 INFO neutron.db.ovn_revision_numbers_db [None req-0b94aa77-3e49-4276-89b9-66c7ffe6f8af e2d40b800ac14356b5a90e2b3f34a419 bbb35c0567f34044ba052b2e71596e82 - - default default] Successfully bumped revision number for resource 8fc013c2-3548-4882-be92-3271e7b9b615 (type: security_group_rules) to 0
2026-09-02 02:30:13.645 10 INFO neutron.db.ovn_revision_numbers_db [None req-0b94aa77-3e49-4276-89b9-66c7ffe6f8af e2d40b800ac14356b5a90e2b3f34a419 bbb35c0567f34044ba052b2e71596e82 - - default default] Successfully bumped revision number for resource f1bc8f25-a217-48d3-abd1-ad5554409970 (type: security_group_rules) to 0
2026-09-02 02:30:13.715 10 INFO neutron.db.segments_db [None req-0b94aa77-3e49-4276-89b9-66c7ffe6f8af e2d40b800ac14356b5a90e2b3f34a419 bbb35c0567f34044ba052b2e71596e82 - - default default] Added segment 6d3da5e9-3d4d-4426-9fca-e7f8429bad78 of type geneve for network 2593d4af-9d45-4a8f-8ae0-4586bcd2259b
2026-09-02 02:30:13.795 9 INFO neutron.wsgi [None req-bc8ab09a-a5d7-4bf7-a010-d0b43dcd9c87 e2d40b800ac14356b5a90e2b3f34a419 bbb35c0567f34044ba052b2e71596e82 - - default default] 10.0.0.224 "DELETE /v2.0/security-groups/6ba443ab-362c-4f98-b065-01f78d6481b2 HTTP/1.1" status: 204 len: 168 time: 0.2925217
2026-09-02 02:30:13.850 10 INFO neutron.db.ovn_revision_numbers_db [None req-0b94aa77-3e49-4276-89b9-66c7ffe6f8af e2d40b800ac14356b5a90e2b3f34a419 bbb35c0567f34044ba052b2e71596e82 - - default default] Successfully bumped revision number for resource 2593d4af-9d45-4a8f-8ae0-4586bcd2259b (type: networks) to 1
2026-09-02 02:30:13.986 10 WARNING neutron.scheduler.dhcp_agent_scheduler [None req-0b94aa77-3e49-4276-89b9-66c7ffe6f8af e2d40b800ac14356b5a90e2b3f34a419 bbb35c0567f34044ba052b2e71596e82 - - default default] No more DHCP agents
2026-09-02 02:30:13.989 10 WARNING neutron.api.rpc.agentnotifiers.dhcp_rpc_agent_api [None req-0b94aa77-3e49-4276-89b9-66c7ffe6f8af e2d40b800ac14356b5a90e2b3f34a419 bbb35c0567f34044ba052b2e71596e82 - - default default] Unable to schedule network 2593d4af-9d45-4a8f-8ae0-4586bcd2259b: no agents available; will retry on subsequent port and subnet creation events.
2026-09-02 02:30:14.109 10 INFO neutron.db.ovn_revision_numbers_db [None req-0b94aa77-3e49-4276-89b9-66c7ffe6f8af e2d40b800ac14356b5a90e2b3f34a419 bbb35c0567f34044ba052b2e71596e82 - - default default] Successfully bumped revision number for resource 1db646de-d5c0-4b3c-a4d8-7db3fcff2dde (type: ports) to 1
2026-09-02 02:30:14.153 10 INFO neutron.wsgi [None req-0b94aa77-3e49-4276-89b9-66c7ffe6f8af e2d40b800ac14356b5a90e2b3f34a419 bbb35c0567f34044ba052b2e71596e82 - - default default] 10.0.0.224 "POST /v2.0/networks HTTP/1.1" status: 201 len: 939 time: 0.9098132
2026-09-02 02:30:14.327 10 WARNING neutron.scheduler.dhcp_agent_scheduler [None req-b94ac8e5-e7b6-49ff-81b3-fd2ae4602266 e2d40b800ac14356b5a90e2b3f34a419 bbb35c0567f34044ba052b2e71596e82 - - default default] No more DHCP agents
2026-09-02 02:30:14.331 10 WARNING neutron.api.rpc.agentnotifiers.dhcp_rpc_agent_api [None req-b94ac8e5-e7b6-49ff-81b3-fd2ae4602266 e2d40b800ac14356b5a90e2b3f34a419 bbb35c0567f34044ba052b2e71596e82 - - default default] Unable to schedule network 2593d4af-9d45-4a8f-8ae0-4586bcd2259b: no agents available; will retry on subsequent port and subnet creation events.
2026-09-02 02:30:14.824 10 INFO neutron.db.ovn_revision_numbers_db [None req-b94ac8e5-e7b6-49ff-81b3-fd2ae4602266 e2d40b800ac14356b5a90e2b3f34a419 bbb35c0567f34044ba052b2e71596e82 - - default default] Successfully bumped revision number for resource 1db646de-d5c0-4b3c-a4d8-7db3fcff2dde (type: ports) to 2
2026-09-02 02:30:14.850 10 INFO neutron.db.ovn_revision_numbers_db [None req-b94ac8e5-e7b6-49ff-81b3-fd2ae4602266 e2d40b800ac14356b5a90e2b3f34a419 bbb35c0567f34044ba052b2e71596e82 - - default default] Successfully bumped revision number for resource 79d84a2a-299d-42cd-b736-30f7b69d0051 (type: subnets) to 0
2026-09-02 02:30:14.863 10 INFO neutron.wsgi [None req-b94ac8e5-e7b6-49ff-81b3-fd2ae4602266 e2d40b800ac14356b5a90e2b3f34a419 bbb35c0567f34044ba052b2e71596e82 - - default default] 10.0.0.224 "POST /v2.0/subnets HTTP/1.1" status: 201 len: 860 time: 0.6993954
2026-09-02 02:30:14.917 10 INFO neutron.notifiers.nova [-] Nova event matching ['req-94e5cb3f-2568-4325-b8b5-c2edf8640320'] response: {'name': 'network-changed', 'server_uuid': 'ba69386b-0cc9-4eaa-b4f8-410ab4335655', 'tag': 'f826e56b-5250-43f1-86f2-40d06807c71d', 'status': 'completed', 'code': 200}
2026-09-02 02:30:14.986 9 INFO neutron.wsgi [req-bf10c18a-1b50-44b1-b667-0707cf48a3e1 req-d3e30226-8871-4aae-9cc8-3c550b9666a9 61e4278f56864bf6a9f82563887786c8 c9a8be16aedc4711b4cae396c01feb96 - - 627d5bfaba3f4b1e8dce4b50b0107ba4 627d5bfaba3f4b1e8dce4b50b0107ba4] 162.253.55.234 "GET /v2.0/ports?tenant_id=40be2bdfa4514c868ab0c2210e983e52&device_id=ba69386b-0cc9-4eaa-b4f8-410ab4335655 HTTP/1.1" status: 200 len: 1409 time: 0.0320349
2026-09-02 02:30:15.070 9 INFO neutron.wsgi [req-bf10c18a-1b50-44b1-b667-0707cf48a3e1 req-95c72cc4-a38e-42ec-bac6-b46584b862c5 61e4278f56864bf6a9f82563887786c8 c9a8be16aedc4711b4cae396c01feb96 - - 627d5bfaba3f4b1e8dce4b50b0107ba4 627d5bfaba3f4b1e8dce4b50b0107ba4] 162.253.55.234 "GET /v2.0/networks?id=b34cfebd-416c-4dfe-a908-d06bfc97d491 HTTP/1.1" status: 200 len: 974 time: 0.0780575
2026-09-02 02:30:15.106 9 INFO neutron.wsgi [req-bf10c18a-1b50-44b1-b667-0707cf48a3e1 req-9c67008c-098b-446b-a635-a97fee871010 61e4278f56864bf6a9f82563887786c8 c9a8be16aedc4711b4cae396c01feb96 - - 627d5bfaba3f4b1e8dce4b50b0107ba4 627d5bfaba3f4b1e8dce4b50b0107ba4] 162.253.55.234 "GET /v2.0/floatingips?fixed_ip_address=10.100.0.9&port_id=f826e56b-5250-43f1-86f2-40d06807c71d HTTP/1.1" status: 200 len: 1059 time: 0.0337157
2026-09-02 02:30:15.139 9 INFO neutron.wsgi [req-bf10c18a-1b50-44b1-b667-0707cf48a3e1 req-812ac2af-3df8-4d09-a844-2c1e937ae828 61e4278f56864bf6a9f82563887786c8 c9a8be16aedc4711b4cae396c01feb96 - - 627d5bfaba3f4b1e8dce4b50b0107ba4 627d5bfaba3f4b1e8dce4b50b0107ba4] 162.253.55.234 "GET /v2.0/subnets?id=3cc8b253-c83d-4698-8965-4ef266316182 HTTP/1.1" status: 200 len: 869 time: 0.0290172
2026-09-02 02:30:15.166 9 INFO neutron.wsgi [req-bf10c18a-1b50-44b1-b667-0707cf48a3e1 req-7dd5a766-2c89-451c-8da7-0c3459cdbd73 61e4278f56864bf6a9f82563887786c8 c9a8be16aedc4711b4cae396c01feb96 - - 627d5bfaba3f4b1e8dce4b50b0107ba4 627d5bfaba3f4b1e8dce4b50b0107ba4] 162.253.55.234 "GET /v2.0/ports?network_id=b34cfebd-416c-4dfe-a908-d06bfc97d491&device_owner=network%3Adhcp HTTP/1.1" status: 200 len: 210 time: 0.0229425
2026-09-02 02:30:15.234 9 INFO neutron.wsgi [req-bf10c18a-1b50-44b1-b667-0707cf48a3e1 req-35351fc6-4d82-486f-8463-e2f60c919d2b 61e4278f56864bf6a9f82563887786c8 c9a8be16aedc4711b4cae396c01feb96 - - 627d5bfaba3f4b1e8dce4b50b0107ba4 627d5bfaba3f4b1e8dce4b50b0107ba4] 162.253.55.234 "GET /v2.0/networks/b34cfebd-416c-4dfe-a908-d06bfc97d491?fields=segments HTTP/1.1" status: 200 len: 212 time: 0.0623248
2026-09-02 02:30:15.290 9 INFO neutron.wsgi [req-bf10c18a-1b50-44b1-b667-0707cf48a3e1 req-191dfbf9-f84d-457c-8b69-8981bcd08f75 61e4278f56864bf6a9f82563887786c8 c9a8be16aedc4711b4cae396c01feb96 - - 627d5bfaba3f4b1e8dce4b50b0107ba4 627d5bfaba3f4b1e8dce4b50b0107ba4] 162.253.55.234 "GET /v2.0/networks/b34cfebd-416c-4dfe-a908-d06bfc97d491?fields=provider%3Aphysical_network&fields=provider%3Anetwork_type HTTP/1.1" status: 200 len: 277 time: 0.0474651
2026-09-02 02:30:15.350 10 WARNING neutron.scheduler.dhcp_agent_scheduler [None req-1fec2a4c-eb7c-450c-a6ee-d32095b03386 e2d40b800ac14356b5a90e2b3f34a419 bbb35c0567f34044ba052b2e71596e82 - - default default] No more DHCP agents
2026-09-02 02:30:15.352 10 WARNING neutron.api.rpc.agentnotifiers.dhcp_rpc_agent_api [None req-1fec2a4c-eb7c-450c-a6ee-d32095b03386 e2d40b800ac14356b5a90e2b3f34a419 bbb35c0567f34044ba052b2e71596e82 - - default default] Unable to schedule network aff76fb2-13e5-45b7-ab3d-b22250438ee2: no agents available; will retry on subsequent port and subnet creation events.
2026-09-02 02:30:15.510 10 INFO neutron.db.ovn_revision_numbers_db [None req-1fec2a4c-eb7c-450c-a6ee-d32095b03386 e2d40b800ac14356b5a90e2b3f34a419 bbb35c0567f34044ba052b2e71596e82 - - default default] Successfully bumped revision number for resource 2bc31ae6-3891-4cbc-874b-0c65459e6987 (type: ports) to 1
2026-09-02 02:30:15.645 10 INFO neutron.wsgi [-] 10.0.0.191 "GET / HTTP/1.1" status: 200 len: 245 time: 0.0011859
2026-09-02 02:30:15.646 9 INFO neutron.wsgi [-] 10.0.0.191 "GET / HTTP/1.1" status: 200 len: 245 time: 0.0023699
