2026-09-02 02:32:13.801 10 WARNING neutron.api.rpc.agentnotifiers.dhcp_rpc_agent_api [None req-16426f4d-adb0-4ac2-9144-046f3fd45f52 c6572334e54f407a87fd2583f73467e0 dc21361dd64e4fe7bb482e4e70d8bf74 - - default default] Unable to schedule network 53b6c04c-3a67-4850-9b96-050e22a092b5: no agents available; will retry on subsequent port and subnet creation events.
2026-09-02 02:32:13.895 10 INFO neutron.db.ovn_revision_numbers_db [None req-16426f4d-adb0-4ac2-9144-046f3fd45f52 c6572334e54f407a87fd2583f73467e0 dc21361dd64e4fe7bb482e4e70d8bf74 - - default default] Successfully bumped revision number for resource cece73b6-ec4a-4a7a-9b54-68d2eda3c8bd (type: ports) to 1
2026-09-02 02:32:13.946 10 INFO neutron.wsgi [None req-16426f4d-adb0-4ac2-9144-046f3fd45f52 c6572334e54f407a87fd2583f73467e0 dc21361dd64e4fe7bb482e4e70d8bf74 - - default default] 10.0.0.224 "POST /v2.0/networks HTTP/1.1" status: 201 len: 830 time: 1.7453766
2026-09-02 02:32:13.964 9 INFO neutron.db.ovn_revision_numbers_db [None req-bb015d89-cdb1-4692-a151-929a077c7fd6 e2d40b800ac14356b5a90e2b3f34a419 bbb35c0567f34044ba052b2e71596e82 - - default default] Successfully bumped revision number for resource 71de37cc-abcb-40ac-9893-3e6048635fc0 (type: ports) to 1
2026-09-02 02:32:14.342 10 WARNING neutron.scheduler.dhcp_agent_scheduler [None req-f15682d1-61ee-40ef-b6fc-764b4b8eeeec c6572334e54f407a87fd2583f73467e0 dc21361dd64e4fe7bb482e4e70d8bf74 - - default default] No more DHCP agents
2026-09-02 02:32:14.345 10 WARNING neutron.api.rpc.agentnotifiers.dhcp_rpc_agent_api [None req-f15682d1-61ee-40ef-b6fc-764b4b8eeeec c6572334e54f407a87fd2583f73467e0 dc21361dd64e4fe7bb482e4e70d8bf74 - - default default] Unable to schedule network 53b6c04c-3a67-4850-9b96-050e22a092b5: no agents available; will retry on subsequent port and subnet creation events.
2026-09-02 02:32:14.469 10 INFO neutron.db.ovn_revision_numbers_db [None req-f15682d1-61ee-40ef-b6fc-764b4b8eeeec c6572334e54f407a87fd2583f73467e0 dc21361dd64e4fe7bb482e4e70d8bf74 - - default default] Successfully bumped revision number for resource c684f3f8-9333-46a6-9a16-c520f6fc71c9 (type: ports) to 1
2026-09-02 02:32:14.522 10 INFO neutron.wsgi [None req-f15682d1-61ee-40ef-b6fc-764b4b8eeeec c6572334e54f407a87fd2583f73467e0 dc21361dd64e4fe7bb482e4e70d8bf74 - - default default] 10.0.0.224 "POST /v2.0/ports HTTP/1.1" status: 201 len: 942 time: 0.5709972 /var/lib/openstack/lib/python3.10/site-packages/pycadf/identifier.py:71: UserWarning: Invalid uuid: neutron. To ensure interoperability, identifiers should be a valid uuid. warnings.warn(('Invalid uuid: %s. To ensure interoperability, '
2026-09-02 02:32:14.557 9 INFO neutron.plugins.ml2.drivers.ovn.mech_driver.ovsdb.ovsdb_monitor [None req-8c42231a-7d51-4b51-bbbb-8b08426455f9 - - - - - -] Router 0a9c8dcc-c2f9-41c5-8f04-8bff1ef4a020 is bound to host instance
2026-09-02 02:32:14.559 10 INFO neutron.plugins.ml2.drivers.ovn.mech_driver.mech_driver [None req-165acdd8-e648-40d2-be1f-4bf5c4de2412 - - - - - -] OVN reports status up for port: 71de37cc-abcb-40ac-9893-3e6048635fc0
2026-09-02 02:32:14.572 10 INFO neutron.plugins.ml2.plugin [None req-165acdd8-e648-40d2-be1f-4bf5c4de2412 - - - - - -] Attempt 1 to provision port 71de37cc-abcb-40ac-9893-3e6048635fc0
2026-09-02 02:32:14.631 9 INFO neutron.db.ovn_revision_numbers_db [None req-bb015d89-cdb1-4692-a151-929a077c7fd6 e2d40b800ac14356b5a90e2b3f34a419 bbb35c0567f34044ba052b2e71596e82 - - default default] Successfully bumped revision number for resource 71de37cc-abcb-40ac-9893-3e6048635fc0 (type: router_ports) to 1
2026-09-02 02:32:14.744 9 INFO neutron.db.ovn_revision_numbers_db [None req-bb015d89-cdb1-4692-a151-929a077c7fd6 e2d40b800ac14356b5a90e2b3f34a419 bbb35c0567f34044ba052b2e71596e82 - - default default] Successfully bumped revision number for resource 0a9c8dcc-c2f9-41c5-8f04-8bff1ef4a020 (type: routers) to 2
2026-09-02 02:32:14.793 9 INFO neutron.wsgi [None req-bb015d89-cdb1-4692-a151-929a077c7fd6 e2d40b800ac14356b5a90e2b3f34a419 bbb35c0567f34044ba052b2e71596e82 - - default default] 10.0.0.224 "POST /v2.0/routers HTTP/1.1" status: 201 len: 873 time: 1.6097624
2026-09-02 02:32:14.965 10 INFO neutron.wsgi [None req-ff0cf736-eff0-46dc-8164-139d4c766e11 c6572334e54f407a87fd2583f73467e0 dc21361dd64e4fe7bb482e4e70d8bf74 - - default default] 10.0.0.224 "POST /v2.0/trunks HTTP/1.1" status: 201 len: 608 time: 0.4345534
2026-09-02 02:32:15.051 10 INFO neutron.wsgi [None req-3245eaae-fb93-4ccd-86e0-e647e87cb06b c6572334e54f407a87fd2583f73467e0 dc21361dd64e4fe7bb482e4e70d8bf74 - - default default] 10.0.0.224 "PUT /v2.0/trunks/3bd4571e-80b9-4672-8a12-aa6a10c9c883/tags HTTP/1.1" status: 200 len: 218 time: 0.0727794
2026-09-02 02:32:15.092 10 INFO neutron.wsgi [None req-0722824a-da4a-483a-8830-91063aeabd92 c6572334e54f407a87fd2583f73467e0 dc21361dd64e4fe7bb482e4e70d8bf74 - - default default] 10.0.0.224 "GET /v2.0/trunks/3bd4571e-80b9-4672-8a12-aa6a10c9c883/tags HTTP/1.1" status: 200 len: 218 time: 0.0356922
2026-09-02 02:32:15.195 10 INFO neutron.wsgi [None req-f9dae1a1-a110-4a5c-be85-63dd62b64a16 c6572334e54f407a87fd2583f73467e0 dc21361dd64e4fe7bb482e4e70d8bf74 - - default default] 10.0.0.224 "PUT /v2.0/trunks/3bd4571e-80b9-4672-8a12-aa6a10c9c883/tags/green HTTP/1.1" status: 201 len: 201 time: 0.0975688
2026-09-02 02:32:15.219 10 INFO neutron.wsgi [None req-6a0c6f4f-8bff-40fb-af13-4791b4396971 c6572334e54f407a87fd2583f73467e0 dc21361dd64e4fe7bb482e4e70d8bf74 - - default default] 10.0.0.224 "GET /v2.0/trunks/3bd4571e-80b9-4672-8a12-aa6a10c9c883/tags HTTP/1.1" status: 200 len: 227 time: 0.0179009
2026-09-02 02:32:15.242 9 INFO neutron.wsgi [None req-76db80a6-09c0-4e81-b52c-cb0fb47c980e c6572334e54f407a87fd2583f73467e0 dc21361dd64e4fe7bb482e4e70d8bf74 - - default default] 10.0.0.224 "PUT /v2.0/trunks/3bd4571e-80b9-4672-8a12-aa6a10c9c883/tags/red HTTP/1.1" status: 201 len: 201 time: 0.0175576
2026-09-02 02:32:15.268 10 INFO neutron.wsgi [None req-099b5755-d579-412b-ba9a-bdc56ab2d7f5 c6572334e54f407a87fd2583f73467e0 dc21361dd64e4fe7bb482e4e70d8bf74 - - default default] 10.0.0.224 "GET /v2.0/trunks/3bd4571e-80b9-4672-8a12-aa6a10c9c883/tags HTTP/1.1" status: 200 len: 227 time: 0.0208905
2026-09-02 02:32:15.312 9 INFO neutron.wsgi [None req-22c5060e-2a37-4dac-800e-0cb6c4c24a2a c6572334e54f407a87fd2583f73467e0 dc21361dd64e4fe7bb482e4e70d8bf74 - - default default] 10.0.0.224 "PUT /v2.0/trunks/3bd4571e-80b9-4672-8a12-aa6a10c9c883/tags/black.or.white HTTP/1.1" status: 201 len: 201 time: 0.0404704
2026-09-02 02:32:15.330 9 INFO neutron.db.ovn_revision_numbers_db [None req-8c42231a-7d51-4b51-bbbb-8b08426455f9 - - - - - -] Successfully bumped revision number for resource 71de37cc-abcb-40ac-9893-3e6048635fc0 (type: ports) to 1
2026-09-02 02:32:15.349 10 INFO neutron.wsgi [None req-f5469d3f-db47-4c82-be43-50a4df4c0270 c6572334e54f407a87fd2583f73467e0 dc21361dd64e4fe7bb482e4e70d8bf74 - - default default] 10.0.0.224 "GET /v2.0/trunks/3bd4571e-80b9-4672-8a12-aa6a10c9c883/tags HTTP/1.1" status: 200 len: 245 time: 0.0314174
2026-09-02 02:32:15.416 10 INFO neutron.wsgi [None req-4431b1be-89be-4558-894f-8f82132e8e1c c6572334e54f407a87fd2583f73467e0 dc21361dd64e4fe7bb482e4e70d8bf74 - - default default] 10.0.0.224 "PUT /v2.0/trunks/3bd4571e-80b9-4672-8a12-aa6a10c9c883/tags HTTP/1.1" status: 200 len: 230 time: 0.0616653
2026-09-02 02:32:15.437 10 INFO neutron.wsgi [None req-674c1795-8125-443a-b779-52b37a89ffed c6572334e54f407a87fd2583f73467e0 dc21361dd64e4fe7bb482e4e70d8bf74 - - default default] 10.0.0.224 "GET /v2.0/trunks/3bd4571e-80b9-4672-8a12-aa6a10c9c883/tags HTTP/1.1" status: 200 len: 230 time: 0.0155075
2026-09-02 02:32:15.455 10 WARNING neutron.scheduler.dhcp_agent_scheduler [None req-8eb64128-f832-454c-a0df-91013553df88 e2d40b800ac14356b5a90e2b3f34a419 bbb35c0567f34044ba052b2e71596e82 - - default default] No more DHCP agents
2026-09-02 02:32:15.457 10 WARNING neutron.api.rpc.agentnotifiers.dhcp_rpc_agent_api [None req-8eb64128-f832-454c-a0df-91013553df88 e2d40b800ac14356b5a90e2b3f34a419 bbb35c0567f34044ba052b2e71596e82 - - default default] Unable to schedule network 0069fdf4-04e2-4a84-86a9-46d48095b293: no agents available; will retry on subsequent port and subnet creation events.
2026-09-02 02:32:15.466 9 INFO neutron.wsgi [None req-0da7ff75-a1e0-4dc5-b23b-86ed78550127 c6572334e54f407a87fd2583f73467e0 dc21361dd64e4fe7bb482e4e70d8bf74 - - default default] 10.0.0.224 "GET /v2.0/trunks/3bd4571e-80b9-4672-8a12-aa6a10c9c883/tags/red HTTP/1.1" status: 204 len: 168 time: 0.0236311
2026-09-02 02:32:15.491 9 INFO neutron.api.v2.resource [None req-eccb1005-0afa-4406-9ec0-7aa0d22ee3fc c6572334e54f407a87fd2583f73467e0 dc21361dd64e4fe7bb482e4e70d8bf74 - - default default] show failed (client error): The resource could not be found.
2026-09-02 02:32:15.492 9 INFO neutron.wsgi [None req-eccb1005-0afa-4406-9ec0-7aa0d22ee3fc c6572334e54f407a87fd2583f73467e0 dc21361dd64e4fe7bb482e4e70d8bf74 - - default default] 10.0.0.224 "GET /v2.0/trunks/3bd4571e-80b9-4672-8a12-aa6a10c9c883/tags/green HTTP/1.1" status: 404 len: 299 time: 0.0224080
2026-09-02 02:32:15.583 10 INFO neutron.wsgi [None req-877cc29c-8301-478f-ae12-728f1d7a56b8 c6572334e54f407a87fd2583f73467e0 dc21361dd64e4fe7bb482e4e70d8bf74 - - default default] 10.0.0.224 "DELETE /v2.0/trunks/3bd4571e-80b9-4672-8a12-aa6a10c9c883/tags/red HTTP/1.1" status: 204 len: 168 time: 0.0779474
2026-09-02 02:32:15.621 10 INFO neutron.wsgi [None req-ca01455e-1879-49be-a941-c041a5c88240 c6572334e54f407a87fd2583f73467e0 dc21361dd64e4fe7bb482e4e70d8bf74 - - default default] 10.0.0.224 "GET /v2.0/trunks/3bd4571e-80b9-4672-8a12-aa6a10c9c883/tags HTTP/1.1" status: 200 len: 223 time: 0.0334659
2026-09-02 02:32:15.634 9 INFO neutron.db.ovn_revision_numbers_db [None req-8c42231a-7d51-4b51-bbbb-8b08426455f9 - - - - - -] Successfully bumped revision number for resource 71de37cc-abcb-40ac-9893-3e6048635fc0 (type: router_ports) to 3
2026-09-02 02:32:15.645 10 INFO neutron.wsgi [-] 10.0.0.191 "GET / HTTP/1.1" status: 200 len: 245 time: 0.0014420
2026-09-02 02:32:15.647 10 INFO neutron.wsgi [-] 10.0.0.191 "GET / HTTP/1.1" status: 200 len: 245 time: 0.0009954
2026-09-02 02:32:15.676 9 INFO neutron.api.v2.resource [None req-0bf761ad-f7ef-44ad-a62b-64231e8f5741 c6572334e54f407a87fd2583f73467e0 dc21361dd64e4fe7bb482e4e70d8bf74 - - default default] delete failed (client error): The resource could not be found.
2026-09-02 02:32:15.677 9 INFO neutron.wsgi [None req-0bf761ad-f7ef-44ad-a62b-64231e8f5741 c6572334e54f407a87fd2583f73467e0 dc21361dd64e4fe7bb482e4e70d8bf74 - - default default] 10.0.0.224 "DELETE /v2.0/trunks/3bd4571e-80b9-4672-8a12-aa6a10c9c883/tags/green HTTP/1.1" status: 404 len: 299 time: 0.0518222
2026-09-02 02:32:15.750 10 INFO neutron.db.ovn_revision_numbers_db [None req-8eb64128-f832-454c-a0df-91013553df88 e2d40b800ac14356b5a90e2b3f34a419 bbb35c0567f34044ba052b2e71596e82 - - default default] Successfully bumped revision number for resource 10ad5261-4904-480d-962a-b64b8960332d (type: ports) to 1
2026-09-02 02:32:15.760 9 INFO neutron.wsgi [None req-2d5962f9-147d-42fd-8f02-df47f2131ebf c6572334e54f407a87fd2583f73467e0 dc21361dd64e4fe7bb482e4e70d8bf74 - - default default] 10.0.0.224 "DELETE /v2.0/trunks/3bd4571e-80b9-4672-8a12-aa6a10c9c883/tags HTTP/1.1" status: 204 len: 168 time: 0.0778935
2026-09-02 02:32:15.785 9 INFO neutron.wsgi [None req-7b5c2d14-1ac6-48e2-8782-d4b9731b8022 c6572334e54f407a87fd2583f73467e0 dc21361dd64e4fe7bb482e4e70d8bf74 - - default default] 10.0.0.224 "GET /v2.0/trunks/3bd4571e-80b9-4672-8a12-aa6a10c9c883/tags HTTP/1.1" status: 200 len: 205 time: 0.0212560
2026-09-02 02:32:15.825 9 INFO neutron.wsgi [None req-c1c6f660-dc94-4c4d-8581-5a0361234a64 c6572334e54f407a87fd2583f73467e0 dc21361dd64e4fe7bb482e4e70d8bf74 - - default default] 10.0.0.224 "GET /v2.0/trunks/3bd4571e-80b9-4672-8a12-aa6a10c9c883 HTTP/1.1" status: 200 len: 603 time: 0.0256295
2026-09-02 02:32:15.880 9 INFO neutron.db.ovn_revision_numbers_db [None req-8c42231a-7d51-4b51-bbbb-8b08426455f9 - - - - - -] Successfully bumped revision number for resource 71de37cc-abcb-40ac-9893-3e6048635fc0 (type: ports) to 2
2026-09-02 02:32:16.002 10 INFO neutron.wsgi [None req-2a0e1bd4-8727-470a-bb68-f18bbfc13895 c6572334e54f407a87fd2583f73467e0 dc21361dd64e4fe7bb482e4e70d8bf74 - - default default] 10.0.0.224 "GET /v2.0/ports/c684f3f8-9333-46a6-9a16-c520f6fc71c9 HTTP/1.1" status: 200 len: 1020 time: 0.1724927
2026-09-02 02:32:16.175 9 INFO neutron.wsgi [None req-3208b04d-922f-4a11-bdca-870ef764466c c6572334e54f407a87fd2583f73467e0 dc21361dd64e4fe7bb482e4e70d8bf74 - - default default] 10.0.0.224 "DELETE /v2.0/trunks/3bd4571e-80b9-4672-8a12-aa6a10c9c883 HTTP/1.1" status: 204 len: 168 time: 0.1665092
2026-09-02 02:32:16.331 9 INFO neutron.db.ovn_revision_numbers_db [None req-8c42231a-7d51-4b51-bbbb-8b08426455f9 - - - - - -] Successfully bumped revision number for resource 71de37cc-abcb-40ac-9893-3e6048635fc0 (type: ports) to 4
2026-09-02 02:32:16.444 10 INFO neutron.db.ovn_revision_numbers_db [None req-8eb64128-f832-454c-a0df-91013553df88 e2d40b800ac14356b5a90e2b3f34a419 bbb35c0567f34044ba052b2e71596e82 - - default default] Successfully bumped revision number for resource 10ad5261-4904-480d-962a-b64b8960332d (type: router_ports) to 1
2026-09-02 02:32:16.519 9 INFO neutron.plugins.ml2.drivers.ovn.mech_driver.mech_driver [None req-4acd870d-c45b-4a81-9b73-b0d4d22bc6fb - - - - - -] OVN reports status down for port: f08ada37-e7a3-4951-9ce0-aa5319ef612c
2026-09-02 02:32:16.545 10 INFO neutron.wsgi [req-19027193-8c9d-4090-827f-9f5c575390b0 req-0f611939-9c4a-4752-873a-b461933d4d38 bd40139a79104c69809f2e31f42b5769 012a3367e58e4dc4849dff170779e7fd - - default default] 10.0.0.161 "GET /v2.0/ports?device_id=189829b1-844d-4e0a-854e-f2f3952dd579 HTTP/1.1" status: 200 len: 1170 time: 0.1487932
2026-09-02 02:32:16.607 9 INFO neutron.wsgi [None req-f9926ea6-6c59-4367-bf4e-80878dd79db2 c6572334e54f407a87fd2583f73467e0 dc21361dd64e4fe7bb482e4e70d8bf74 - - default default] 10.0.0.224 "DELETE /v2.0/ports/c684f3f8-9333-46a6-9a16-c520f6fc71c9 HTTP/1.1" status: 204 len: 168 time: 0.4217224
2026-09-02 02:32:16.616 10 INFO neutron.wsgi [req-19027193-8c9d-4090-827f-9f5c575390b0 req-45bd0fc7-cee3-44ee-9ac9-1bb6731ecafc bd40139a79104c69809f2e31f42b5769 012a3367e58e4dc4849dff170779e7fd - - default default] 10.0.0.161 "GET /v2.0/security-groups?id=928dd14d-a841-4579-812d-1825c970fc11&fields=id&fields=name HTTP/1.1" status: 200 len: 313 time: 0.0584254
2026-09-02 02:32:16.698 10 INFO neutron.db.ovn_revision_numbers_db [None req-8eb64128-f832-454c-a0df-91013553df88 e2d40b800ac14356b5a90e2b3f34a419 bbb35c0567f34044ba052b2e71596e82 - - default default] Successfully bumped revision number for resource 10ad5261-4904-480d-962a-b64b8960332d (type: ports) to 1
2026-09-02 02:32:16.729 10 INFO neutron.plugins.ml2.drivers.ovn.mech_driver.mech_driver [None req-165acdd8-e648-40d2-be1f-4bf5c4de2412 - - - - - -] OVN reports status up for port: 10ad5261-4904-480d-962a-b64b8960332d
2026-09-02 02:32:16.743 9 INFO neutron.notifiers.nova [-] Nova event matching ['req-7649f222-7608-47d3-baa1-f4fe7f5a3833'] response: {'server_uuid': '189829b1-844d-4e0a-854e-f2f3952dd579', 'name': 'network-vif-unplugged', 'status': 'completed', 'tag': 'f08ada37-e7a3-4951-9ce0-aa5319ef612c', 'code': 200}
2026-09-02 02:32:16.760 9 INFO neutron.db.ovn_revision_numbers_db [None req-8c42231a-7d51-4b51-bbbb-8b08426455f9 - - - - - -] Successfully bumped revision number for resource 71de37cc-abcb-40ac-9893-3e6048635fc0 (type: router_ports) to 4
2026-09-02 02:32:16.765 10 INFO neutron.plugins.ml2.plugin [None req-165acdd8-e648-40d2-be1f-4bf5c4de2412 - - - - - -] Attempt 1 to provision port 10ad5261-4904-480d-962a-b64b8960332d
2026-09-02 02:32:16.827 10 WARNING neutron.scheduler.dhcp_agent_scheduler [None req-8eb64128-f832-454c-a0df-91013553df88 e2d40b800ac14356b5a90e2b3f34a419 bbb35c0567f34044ba052b2e71596e82 - - default default] No more DHCP agents
2026-09-02 02:32:16.831 10 WARNING neutron.api.rpc.agentnotifiers.dhcp_rpc_agent_api [None req-8eb64128-f832-454c-a0df-91013553df88 e2d40b800ac14356b5a90e2b3f34a419 bbb35c0567f34044ba052b2e71596e82 - - default default] Unable to schedule network 0069fdf4-04e2-4a84-86a9-46d48095b293: no agents available; will retry on subsequent port and subnet creation events.
2026-09-02 02:32:16.885 9 INFO neutron.wsgi [req-bb81c668-9089-4d75-a506-9d5b6439a228 req-3b35027e-35b1-4361-af34-a13ff890892c bd40139a79104c69809f2e31f42b5769 012a3367e58e4dc4849dff170779e7fd - - default default] 162.253.55.234 "GET /v2.0/ports?device_id=189829b1-844d-4e0a-854e-f2f3952dd579 HTTP/1.1" status: 200 len: 1168 time: 0.1209064
2026-09-02 02:32:17.073 9 INFO neutron.db.ovn_revision_numbers_db [None req-4acd870d-c45b-4a81-9b73-b0d4d22bc6fb - - - - - -] Successfully bumped revision number for resource f08ada37-e7a3-4951-9ce0-aa5319ef612c (type: ports) to 5
2026-09-02 02:32:17.167 10 INFO neutron.services.segments.plugin [-] Segment 716fa6ac-5dca-4a6b-b462-5de560626a6e resource provider aggregate not found
2026-09-02 02:32:17.172 10 INFO neutron.services.segments.plugin [-] Segment 716fa6ac-5dca-4a6b-b462-5de560626a6e resource provider aggregate not found
2026-09-02 02:32:17.200 10 INFO neutron.services.segments.plugin [-] Segment 716fa6ac-5dca-4a6b-b462-5de560626a6e resource provider not found; error: Placement Client Error (4xx): {"errors": [{"status": 404, "title": "Not Found", "detail": "The resource could not be found.\n\n No resource provider with uuid 716fa6ac-5dca-4a6b-b462-5de560626a6e found for delete ", "request_id": "req-d0089ceb-a80a-44b7-ad51-3adbe7577355"}]}
2026-09-02 02:32:17.200 10 INFO neutron.services.segments.plugin [-] Segment 716fa6ac-5dca-4a6b-b462-5de560626a6e resource provider not found; error: Placement Client Error (4xx): {"errors": [{"status": 404, "title": "Not Found", "detail": "The resource could not be found.\n\n No resource provider with uuid 716fa6ac-5dca-4a6b-b462-5de560626a6e found for delete ", "request_id": "req-0b5c50d2-fd48-458d-8905-4de62284911a"}]}
2026-09-02 02:32:17.327 9 INFO neutron.db.l3_db [req-bb81c668-9089-4d75-a506-9d5b6439a228 req-853ace0e-9582-48d5-ae84-de94bb62a888 bd40139a79104c69809f2e31f42b5769 012a3367e58e4dc4849dff170779e7fd - - default default] Floating IP 4b7d329c-5af7-4e58-9f2c-0d45112e2953 disassociated. External IP: 10.96.250.214, port: f08ada37-e7a3-4951-9ce0-aa5319ef612c.
2026-09-02 02:32:17.474 10 INFO neutron.db.ovn_revision_numbers_db [None req-165acdd8-e648-40d2-be1f-4bf5c4de2412 - - - - - -] Successfully bumped revision number for resource 10ad5261-4904-480d-962a-b64b8960332d (type: ports) to 2
2026-09-02 02:32:17.480 10 INFO neutron.wsgi [None req-1a438deb-9a98-4dfe-b828-25b38ad6be08 c6572334e54f407a87fd2583f73467e0 dc21361dd64e4fe7bb482e4e70d8bf74 - - default default] 10.0.0.224 "DELETE /v2.0/networks/53b6c04c-3a67-4850-9b96-050e22a092b5 HTTP/1.1" status: 204 len: 168 time: 0.8666401
2026-09-02 02:32:17.614 9 INFO neutron.wsgi [req-bb81c668-9089-4d75-a506-9d5b6439a228 req-853ace0e-9582-48d5-ae84-de94bb62a888 bd40139a79104c69809f2e31f42b5769 012a3367e58e4dc4849dff170779e7fd - - default default] 162.253.55.234 "DELETE /v2.0/ports/f08ada37-e7a3-4951-9ce0-aa5319ef612c HTTP/1.1" status: 204 len: 173 time: 0.7221169
2026-09-02 02:32:17.710 10 INFO neutron.db.ovn_revision_numbers_db [None req-165acdd8-e648-40d2-be1f-4bf5c4de2412 - - - - - -] Successfully bumped revision number for resource 10ad5261-4904-480d-962a-b64b8960332d (type: router_ports) to 2
2026-09-02 02:32:17.735 10 INFO neutron.wsgi [req-2126bde2-69b3-402b-92f2-a6699a57e1a7 req-2e6be80c-2931-419c-bd34-39fd9665181c bd40139a79104c69809f2e31f42b5769 012a3367e58e4dc4849dff170779e7fd - - default default] 10.0.0.161 "GET /v2.0/ports?device_id=189829b1-844d-4e0a-854e-f2f3952dd579 HTTP/1.1" status: 200 len: 210 time: 0.0240812
2026-09-02 02:32:17.737 10 INFO neutron.db.ovn_revision_numbers_db [None req-8eb64128-f832-454c-a0df-91013553df88 e2d40b800ac14356b5a90e2b3f34a419 bbb35c0567f34044ba052b2e71596e82 - - default default] Successfully bumped revision number for resource 10ad5261-4904-480d-962a-b64b8960332d (type: router_ports) to 1
2026-09-02 02:32:17.739 10 INFO neutron.wsgi [None req-8eb64128-f832-454c-a0df-91013553df88 e2d40b800ac14356b5a90e2b3f34a419 bbb35c0567f34044ba052b2e71596e82 - - default default] 10.0.0.224 "PUT /v2.0/routers/0a9c8dcc-c2f9-41c5-8f04-8bff1ef4a020/add_router_interface HTTP/1.1" status: 200 len: 503 time: 2.9385824
2026-09-02 02:32:18.797 9 INFO neutron.notifiers.nova [-] Nova event matching ['req-1614ac3e-f448-42c5-869a-955eb061e596'] response: {'server_uuid': '189829b1-844d-4e0a-854e-f2f3952dd579', 'name': 'network-vif-plugged', 'status': 'completed', 'tag': 'f08ada37-e7a3-4951-9ce0-aa5319ef612c', 'code': 200}
2026-09-02 02:32:18.797 9 INFO neutron.notifiers.nova [-] Nova event matching ['req-1614ac3e-f448-42c5-869a-955eb061e596'] response: {'server_uuid': '189829b1-844d-4e0a-854e-f2f3952dd579', 'name': 'network-vif-deleted', 'tag': 'f08ada37-e7a3-4951-9ce0-aa5319ef612c', 'status': 'completed', 'code': 200} /var/lib/openstack/lib/python3.10/site-packages/pycadf/identifier.py:71: UserWarning: Invalid uuid: neutron. To ensure interoperability, identifiers should be a valid uuid. warnings.warn(('Invalid uuid: %s. To ensure interoperability, '
2026-09-02 02:32:19.012 10 INFO neutron.db.ovn_revision_numbers_db [None req-c7e4aca6-b206-48c5-bb39-d48e793c1e81 e2d40b800ac14356b5a90e2b3f34a419 bbb35c0567f34044ba052b2e71596e82 - - default default] Successfully bumped revision number for resource 540c0b96-ce13-4c9b-95a0-93a329dab5da (type: security_groups) to 1
2026-09-02 02:32:19.038 10 INFO neutron.db.ovn_revision_numbers_db [None req-c7e4aca6-b206-48c5-bb39-d48e793c1e81 e2d40b800ac14356b5a90e2b3f34a419 bbb35c0567f34044ba052b2e71596e82 - - default default] Successfully bumped revision number for resource 66a38200-bf92-447f-9014-75f7964c9c61 (type: security_group_rules) to 0
2026-09-02 02:32:19.040 9 INFO neutron.wsgi [None req-3a1cca52-2dec-40d0-b92b-fde337ab8362 bd40139a79104c69809f2e31f42b5769 012a3367e58e4dc4849dff170779e7fd - - default default] 10.0.0.224 "DELETE /v2.0/security-groups/928dd14d-a841-4579-812d-1825c970fc11 HTTP/1.1" status: 204 len: 168 time: 0.2271681
2026-09-02 02:32:19.081 10 INFO neutron.db.ovn_revision_numbers_db [None req-c7e4aca6-b206-48c5-bb39-d48e793c1e81 e2d40b800ac14356b5a90e2b3f34a419 bbb35c0567f34044ba052b2e71596e82 - - default default] Successfully bumped revision number for resource abc9e8c2-71cd-425d-b8ea-be93f89e4fbb (type: security_group_rules) to 0
2026-09-02 02:32:19.112 10 INFO neutron.db.ovn_revision_numbers_db [None req-c7e4aca6-b206-48c5-bb39-d48e793c1e81 e2d40b800ac14356b5a90e2b3f34a419 bbb35c0567f34044ba052b2e71596e82 - - default default] Successfully bumped revision number for resource f3e65707-2746-4a57-b7d7-cc364c670b37 (type: security_group_rules) to 0
2026-09-02 02:32:19.142 10 INFO neutron.db.ovn_revision_numbers_db [None req-c7e4aca6-b206-48c5-bb39-d48e793c1e81 e2d40b800ac14356b5a90e2b3f34a419 bbb35c0567f34044ba052b2e71596e82 - - default default] Successfully bumped revision number for resource fbefdf4c-8dd3-4b94-882e-7697e265e7b5 (type: security_group_rules) to 0
2026-09-02 02:32:19.168 10 INFO neutron.wsgi [None req-c7e4aca6-b206-48c5-bb39-d48e793c1e81 e2d40b800ac14356b5a90e2b3f34a419 bbb35c0567f34044ba052b2e71596e82 - - default default] 10.0.0.224 "GET /v2.0/security-groups?tenant_id=8a8264a0bfb447da99565fd469637b34&name=default HTTP/1.1" status: 200 len: 2996 time: 0.6045604
2026-09-02 02:32:19.553 9 INFO neutron.wsgi [None req-697ecb81-58df-4a76-afc0-11a8b061e03b bd40139a79104c69809f2e31f42b5769 012a3367e58e4dc4849dff170779e7fd - - default default] 10.0.0.224 "DELETE /v2.0/floatingips/4b7d329c-5af7-4e58-9f2c-0d45112e2953 HTTP/1.1" status: 204 len: 168 time: 0.4574630
2026-09-02 02:32:19.633 10 INFO neutron.wsgi [None req-420a6126-4628-4c93-8b83-26bf55c605b6 e2d40b800ac14356b5a90e2b3f34a419 bbb35c0567f34044ba052b2e71596e82 - - default default] 10.0.0.224 "DELETE /v2.0/security-groups/540c0b96-ce13-4c9b-95a0-93a329dab5da HTTP/1.1" status: 204 len: 168 time: 0.4599805
2026-09-02 02:32:19.686 9 INFO neutron.db.ovn_revision_numbers_db [None req-36743cd0-4248-4e64-b622-a004d97b03d1 e2d40b800ac14356b5a90e2b3f34a419 bbb35c0567f34044ba052b2e71596e82 - - default default] Successfully bumped revision number for resource a3afe383-fb06-4e5f-ac84-c5959303f3e2 (type: security_groups) to 1
2026-09-02 02:32:19.772 9 INFO neutron.db.ovn_revision_numbers_db [None req-36743cd0-4248-4e64-b622-a004d97b03d1 e2d40b800ac14356b5a90e2b3f34a419 bbb35c0567f34044ba052b2e71596e82 - - default default] Successfully bumped revision number for resource 1be920a8-2db0-4309-b616-90a4d44336f6 (type: security_group_rules) to 0
2026-09-02 02:32:19.844 9 INFO neutron.db.ovn_revision_numbers_db [None req-36743cd0-4248-4e64-b622-a004d97b03d1 e2d40b800ac14356b5a90e2b3f34a419 bbb35c0567f34044ba052b2e71596e82 - - default default] Successfully bumped revision number for resource 63f87e10-f894-4799-b00c-52eafa0db136 (type: security_group_rules) to 0
2026-09-02 02:32:19.874 9 INFO neutron.db.ovn_revision_numbers_db [None req-36743cd0-4248-4e64-b622-a004d97b03d1 e2d40b800ac14356b5a90e2b3f34a419 bbb35c0567f34044ba052b2e71596e82 - - default default] Successfully bumped revision number for resource 88d490f3-8b0f-482a-994a-2ff693085f46 (type: security_group_rules) to 0
2026-09-02 02:32:19.922 9 INFO neutron.db.ovn_revision_numbers_db [None req-36743cd0-4248-4e64-b622-a004d97b03d1 e2d40b800ac14356b5a90e2b3f34a419 bbb35c0567f34044ba052b2e71596e82 - - default default] Successfully bumped revision number for resource ce4dba55-0ac2-49d6-a921-ca1f5be86896 (type: security_group_rules) to 0
2026-09-02 02:32:19.922 10 INFO neutron.wsgi [req-05659bfa-1fb3-4d81-bb5a-aaf730b7d937 req-b6ea4fdb-e142-4ec3-a5b9-a65a435df4c7 bd40139a79104c69809f2e31f42b5769 012a3367e58e4dc4849dff170779e7fd - - default default] 10.0.0.161 "GET /v2.0/ports?device_id=37c7fc1a-e72c-4676-9a46-8a01b77e44fd HTTP/1.1" status: 200 len: 1170 time: 0.0676987
2026-09-02 02:32:19.986 9 INFO neutron.db.segments_db [None req-36743cd0-4248-4e64-b622-a004d97b03d1 e2d40b800ac14356b5a90e2b3f34a419 bbb35c0567f34044ba052b2e71596e82 - - default default] Added segment 50d76908-2782-4f18-a2ca-fea754788418 of type geneve for network 4ee7725c-5369-4ccd-8abc-9c193f01c843
2026-09-02 02:32:19.998 10 INFO neutron.wsgi [req-05659bfa-1fb3-4d81-bb5a-aaf730b7d937 req-4d0790de-c718-446b-aa5c-ab03e1c8a31e bd40139a79104c69809f2e31f42b5769 012a3367e58e4dc4849dff170779e7fd - - default default] 10.0.0.161 "GET /v2.0/security-groups?id=e6979e8a-cf4d-43ec-862e-477391d43bad&fields=id&fields=name HTTP/1.1" status: 200 len: 313 time: 0.0687969
2026-09-02 02:32:20.057 10 INFO neutron.wsgi [None req-ae0c0365-7341-4091-a8ec-3cbeb1ae1df0 e2d40b800ac14356b5a90e2b3f34a419 bbb35c0567f34044ba052b2e71596e82 - - default default] 10.0.0.224 "GET /v2.0/security-groups?tenant_id=dc21361dd64e4fe7bb482e4e70d8bf74&name=default HTTP/1.1" status: 200 len: 2996 time: 0.0515633
2026-09-02 02:32:20.218 9 INFO neutron.db.ovn_revision_numbers_db [None req-36743cd0-4248-4e64-b622-a004d97b03d1 e2d40b800ac14356b5a90e2b3f34a419 bbb35c0567f34044ba052b2e71596e82 - - default default] Successfully bumped revision number for resource 4ee7725c-5369-4ccd-8abc-9c193f01c843 (type: networks) to 1
2026-09-02 02:32:20.305 9 INFO neutron.wsgi [req-7a601ee7-6145-4ee9-aef0-5c92887fce92 req-cffac491-b086-4566-b024-1466d6aee7ce bd40139a79104c69809f2e31f42b5769 012a3367e58e4dc4849dff170779e7fd - - default default] 162.253.55.234 "GET /v2.0/ports?device_id=37c7fc1a-e72c-4676-9a46-8a01b77e44fd HTTP/1.1" status: 200 len: 1170 time: 0.0372081
2026-09-02 02:32:20.463 10 INFO neutron.wsgi [None req-10138ae0-780c-4be0-94e7-6b45b308d49e e2d40b800ac14356b5a90e2b3f34a419 bbb35c0567f34044ba052b2e71596e82 - - default default] 10.0.0.224 "DELETE /v2.0/security-groups/cefa7412-896e-487a-847d-cb34abdef8f4 HTTP/1.1" status: 204 len: 168 time: 0.3949571
2026-09-02 02:32:20.528 9 WARNING neutron.scheduler.dhcp_agent_scheduler [None req-36743cd0-4248-4e64-b622-a004d97b03d1 e2d40b800ac14356b5a90e2b3f34a419 bbb35c0567f34044ba052b2e71596e82 - - default default] No more DHCP agents
2026-09-02 02:32:20.535 9 WARNING neutron.api.rpc.agentnotifiers.dhcp_rpc_agent_api [None req-36743cd0-4248-4e64-b622-a004d97b03d1 e2d40b800ac14356b5a90e2b3f34a419 bbb35c0567f34044ba052b2e71596e82 - - default default] Unable to schedule network 4ee7725c-5369-4ccd-8abc-9c193f01c843: no agents available; will retry on subsequent port and subnet creation events.
2026-09-02 02:32:20.661 9 INFO neutron.db.ovn_revision_numbers_db [None req-36743cd0-4248-4e64-b622-a004d97b03d1 e2d40b800ac14356b5a90e2b3f34a419 bbb35c0567f34044ba052b2e71596e82 - - default default] Successfully bumped revision number for resource a8bdb781-a234-4169-bcf0-a25d04829296 (type: ports) to 1
2026-09-02 02:32:20.958 9 INFO neutron.wsgi [None req-36743cd0-4248-4e64-b622-a004d97b03d1 e2d40b800ac14356b5a90e2b3f34a419 bbb35c0567f34044ba052b2e71596e82 - - default default] 10.0.0.224 "POST /v2.0/networks HTTP/1.1" status: 201 len: 943 time: 1.7276807
2026-09-02 02:32:21.010 9 INFO neutron.wsgi [req-7a601ee7-6145-4ee9-aef0-5c92887fce92 req-87101c7c-d7a5-4a01-84f3-937647654f83 bd40139a79104c69809f2e31f42b5769 012a3367e58e4dc4849dff170779e7fd - - default default] 162.253.55.234 "DELETE /v2.0/ports/6ba33de4-fe25-48e1-a442-63583203d7f3 HTTP/1.1" status: 204 len: 173 time: 0.6971092
2026-09-02 02:32:21.069 9 INFO neutron.notifiers.nova [-] Nova event matching ['req-516bbe0d-dc07-4178-9bd7-72b0961b5f6f'] response: {'server_uuid': '37c7fc1a-e72c-4676-9a46-8a01b77e44fd', 'name': 'network-vif-deleted', 'tag': '6ba33de4-fe25-48e1-a442-63583203d7f3', 'status': 'completed', 'code': 200}
2026-09-02 02:32:21.135 10 INFO neutron.wsgi [req-4fa4f0c6-7920-436f-b47f-fe96f375259b req-62f46a95-2da8-4bbf-b2fa-5c35a0bee5ec bd40139a79104c69809f2e31f42b5769 012a3367e58e4dc4849dff170779e7fd - - default default] 10.0.0.161 "GET /v2.0/ports?device_id=37c7fc1a-e72c-4676-9a46-8a01b77e44fd HTTP/1.1" status: 200 len: 210 time: 0.0288734
2026-09-02 02:32:21.192 9 WARNING neutron.scheduler.dhcp_agent_scheduler [None req-5cc0504a-8a68-4d62-85bc-0f0db857db49 e2d40b800ac14356b5a90e2b3f34a419 bbb35c0567f34044ba052b2e71596e82 - - default default] No more DHCP agents
2026-09-02 02:32:21.194 9 WARNING neutron.api.rpc.agentnotifiers.dhcp_rpc_agent_api [None req-5cc0504a-8a68-4d62-85bc-0f0db857db49 e2d40b800ac14356b5a90e2b3f34a419 bbb35c0567f34044ba052b2e71596e82 - - default default] Unable to schedule network 4ee7725c-5369-4ccd-8abc-9c193f01c843: no agents available; will retry on subsequent port and subnet creation events.
2026-09-02 02:32:21.679 9 INFO neutron.db.ovn_revision_numbers_db [None req-5cc0504a-8a68-4d62-85bc-0f0db857db49 e2d40b800ac14356b5a90e2b3f34a419 bbb35c0567f34044ba052b2e71596e82 - - default default] Successfully bumped revision number for resource a8bdb781-a234-4169-bcf0-a25d04829296 (type: ports) to 2
2026-09-02 02:32:21.746 9 INFO neutron.db.ovn_revision_numbers_db [None req-5cc0504a-8a68-4d62-85bc-0f0db857db49 e2d40b800ac14356b5a90e2b3f34a419 bbb35c0567f34044ba052b2e71596e82 - - default default] Successfully bumped revision number for resource 845fe3e1-db48-4c22-aadc-e61e33ee87f0 (type: subnets) to 0
2026-09-02 02:32:21.802 9 INFO neutron.wsgi [None req-5cc0504a-8a68-4d62-85bc-0f0db857db49 e2d40b800ac14356b5a90e2b3f34a419 bbb35c0567f34044ba052b2e71596e82 - - default default] 10.0.0.224 "POST /v2.0/subnets HTTP/1.1" status: 201 len: 863 time: 0.8401721
2026-09-02 02:32:22.457 9 INFO neutron.wsgi [None req-388afc8e-983c-4b79-bd90-593ec16f7af1 bd40139a79104c69809f2e31f42b5769 012a3367e58e4dc4849dff170779e7fd - - default default] 10.0.0.224 "DELETE /v2.0/security-groups/e6979e8a-cf4d-43ec-862e-477391d43bad HTTP/1.1" status: 204 len: 168 time: 0.2337155
2026-09-02 02:32:22.589 10 WARNING neutron.scheduler.dhcp_agent_scheduler [None req-1500e77f-3eec-42db-9536-962361d5a9a6 e2d40b800ac14356b5a90e2b3f34a419 bbb35c0567f34044ba052b2e71596e82 - - default default] No more DHCP agents
2026-09-02 02:32:22.592 10 WARNING neutron.api.rpc.agentnotifiers.dhcp_rpc_agent_api [None req-1500e77f-3eec-42db-9536-962361d5a9a6 e2d40b800ac14356b5a90e2b3f34a419 bbb35c0567f34044ba052b2e71596e82 - - default default] Unable to schedule network aff76fb2-13e5-45b7-ab3d-b22250438ee2: no agents available; will retry on subsequent port and subnet creation events.
2026-09-02 02:32:22.740 10 INFO neutron.db.ovn_revision_numbers_db [None req-1500e77f-3eec-42db-9536-962361d5a9a6 e2d40b800ac14356b5a90e2b3f34a419 bbb35c0567f34044ba052b2e71596e82 - - default default] Successfully bumped revision number for resource e309495b-cfc5-41b0-b4b2-85a6b2a5a0b1 (type: ports) to 1
2026-09-02 02:32:23.352 9 INFO neutron.plugins.ml2.drivers.ovn.mech_driver.mech_driver [None req-4acd870d-c45b-4a81-9b73-b0d4d22bc6fb - - - - - -] OVN reports status up for port: e309495b-cfc5-41b0-b4b2-85a6b2a5a0b1
2026-09-02 02:32:23.367 9 INFO neutron.plugins.ml2.drivers.ovn.mech_driver.ovsdb.ovsdb_monitor [None req-8c42231a-7d51-4b51-bbbb-8b08426455f9 - - - - - -] Router a581d980-1598-4418-ad89-e22df801b8cc is bound to host instance
2026-09-02 02:32:23.370 9 INFO neutron.plugins.ml2.plugin [None req-4acd870d-c45b-4a81-9b73-b0d4d22bc6fb - - - - - -] Attempt 1 to provision port e309495b-cfc5-41b0-b4b2-85a6b2a5a0b1
2026-09-02 02:32:23.411 10 WARNING neutron.plugins.ml2.drivers.ovn.mech_driver.ovsdb.ovn_client [None req-165acdd8-e648-40d2-be1f-4bf5c4de2412 - - - - - -] No hosting information found for port 10ad5261-4904-480d-962a-b64b8960332d: RuntimeError: No hosting information found for port 10ad5261-4904-480d-962a-b64b8960332d
2026-09-02 02:32:23.412 10 INFO neutron.plugins.ml2.drivers.ovn.mech_driver.mech_driver [None req-165acdd8-e648-40d2-be1f-4bf5c4de2412 - - - - - -] OVN reports status down for port: 6ba33de4-fe25-48e1-a442-63583203d7f3
2026-09-02 02:32:23.430 10 INFO neutron.db.ovn_revision_numbers_db [None req-1500e77f-3eec-42db-9536-962361d5a9a6 e2d40b800ac14356b5a90e2b3f34a419 bbb35c0567f34044ba052b2e71596e82 - - default default] Successfully bumped revision number for resource e309495b-cfc5-41b0-b4b2-85a6b2a5a0b1 (type: router_ports) to 1
2026-09-02 02:32:23.520 9 INFO neutron.wsgi [None req-c5264a68-839e-49e3-936b-509b93b40274 bd40139a79104c69809f2e31f42b5769 012a3367e58e4dc4849dff170779e7fd - - default default] 10.0.0.224 "PUT /v2.0/routers/c5491967-4452-4133-a106-f9ace42dd1f9/remove_router_interface HTTP/1.1" status: 200 len: 503 time: 1.0141792
2026-09-02 02:32:23.536 10 INFO neutron.db.ovn_revision_numbers_db [None req-1500e77f-3eec-42db-9536-962361d5a9a6 e2d40b800ac14356b5a90e2b3f34a419 bbb35c0567f34044ba052b2e71596e82 - - default default] Successfully bumped revision number for resource a581d980-1598-4418-ad89-e22df801b8cc (type: routers) to 2
2026-09-02 02:32:23.593 10 INFO neutron.wsgi [None req-1500e77f-3eec-42db-9536-962361d5a9a6 e2d40b800ac14356b5a90e2b3f34a419 bbb35c0567f34044ba052b2e71596e82 - - default default] 10.0.0.224 "POST /v2.0/routers HTTP/1.1" status: 201 len: 874 time: 1.7845092
2026-09-02 02:32:23.820 10 INFO neutron.wsgi [None req-59f0b829-068b-4472-83c2-58c3f17fdbec bd40139a79104c69809f2e31f42b5769 012a3367e58e4dc4849dff170779e7fd - - default default] 10.0.0.224 "DELETE /v2.0/subnets/5ea6c8b9-f440-4212-a6d2-946e98030f51 HTTP/1.1" status: 204 len: 168 time: 0.2947710
2026-09-02 02:32:23.917 9 INFO neutron.db.ovn_revision_numbers_db [None req-8c42231a-7d51-4b51-bbbb-8b08426455f9 - - - - - -] Successfully bumped revision number for resource e309495b-cfc5-41b0-b4b2-85a6b2a5a0b1 (type: ports) to 1
2026-09-02 02:32:24.150 9 INFO neutron.db.ovn_revision_numbers_db [None req-8c42231a-7d51-4b51-bbbb-8b08426455f9 - - - - - -] Successfully bumped revision number for resource e309495b-cfc5-41b0-b4b2-85a6b2a5a0b1 (type: router_ports) to 3
2026-09-02 02:32:24.265 9 INFO neutron.db.ovn_revision_numbers_db [None req-8c42231a-7d51-4b51-bbbb-8b08426455f9 - - - - - -] Successfully bumped revision number for resource e309495b-cfc5-41b0-b4b2-85a6b2a5a0b1 (type: ports) to 2
2026-09-02 02:32:24.426 10 WARNING neutron.scheduler.dhcp_agent_scheduler [None req-5547c9c4-ec9f-434b-9130-3a72baa392ea e2d40b800ac14356b5a90e2b3f34a419 bbb35c0567f34044ba052b2e71596e82 - - default default] No more DHCP agents
2026-09-02 02:32:24.432 10 WARNING neutron.api.rpc.agentnotifiers.dhcp_rpc_agent_api [None req-5547c9c4-ec9f-434b-9130-3a72baa392ea e2d40b800ac14356b5a90e2b3f34a419 bbb35c0567f34044ba052b2e71596e82 - - default default] Unable to schedule network 4ee7725c-5369-4ccd-8abc-9c193f01c843: no agents available; will retry on subsequent port and subnet creation events.
2026-09-02 02:32:24.518 9 INFO neutron.db.ovn_revision_numbers_db [None req-8c42231a-7d51-4b51-bbbb-8b08426455f9 - - - - - -] Successfully bumped revision number for resource e309495b-cfc5-41b0-b4b2-85a6b2a5a0b1 (type: ports) to 4
2026-09-02 02:32:24.645 10 INFO neutron.db.ovn_revision_numbers_db [None req-5547c9c4-ec9f-434b-9130-3a72baa392ea e2d40b800ac14356b5a90e2b3f34a419 bbb35c0567f34044ba052b2e71596e82 - - default default] Successfully bumped revision number for resource 42d00dce-07a5-40fd-8002-aba1674f5bb0 (type: ports) to 1
2026-09-02 02:32:24.710 9 INFO neutron.db.ovn_revision_numbers_db [None req-8c42231a-7d51-4b51-bbbb-8b08426455f9 - - - - - -] Successfully bumped revision number for resource e309495b-cfc5-41b0-b4b2-85a6b2a5a0b1 (type: router_ports) to 4
2026-09-02 02:32:24.864 10 INFO neutron.wsgi [None req-da66c9cf-9578-409d-b1cc-7044105befc0 bd40139a79104c69809f2e31f42b5769 012a3367e58e4dc4849dff170779e7fd - - default default] 10.0.0.224 "DELETE /v2.0/routers/c5491967-4452-4133-a106-f9ace42dd1f9 HTTP/1.1" status: 204 len: 168 time: 1.0401185 /var/lib/openstack/lib/python3.10/site-packages/pycadf/identifier.py:71: UserWarning: Invalid uuid: neutron. To ensure interoperability, identifiers should be a valid uuid. warnings.warn(('Invalid uuid: %s. To ensure interoperability, '
2026-09-02 02:32:25.224 10 INFO neutron.db.ovn_revision_numbers_db [None req-5547c9c4-ec9f-434b-9130-3a72baa392ea e2d40b800ac14356b5a90e2b3f34a419 bbb35c0567f34044ba052b2e71596e82 - - default default] Successfully bumped revision number for resource 42d00dce-07a5-40fd-8002-aba1674f5bb0 (type: router_ports) to 1
2026-09-02 02:32:25.281 9 INFO neutron.services.segments.plugin [-] Segment f560c46a-03e8-4d07-8440-d470dda3f632 resource provider aggregate not found
2026-09-02 02:32:25.287 9 INFO neutron.services.segments.plugin [-] Segment f560c46a-03e8-4d07-8440-d470dda3f632 resource provider aggregate not found
2026-09-02 02:32:25.305 9 INFO neutron.services.segments.plugin [-] Segment f560c46a-03e8-4d07-8440-d470dda3f632 resource provider not found; error: Placement Client Error (4xx): {"errors": [{"status": 404, "title": "Not Found", "detail": "The resource could not be found.\n\n No resource provider with uuid f560c46a-03e8-4d07-8440-d470dda3f632 found for delete ", "request_id": "req-b40ef934-0c40-41d2-bb22-51783710d2d2"}]}
2026-09-02 02:32:25.306 9 INFO neutron.services.segments.plugin [-] Segment f560c46a-03e8-4d07-8440-d470dda3f632 resource provider not found; error: Placement Client Error (4xx): {"errors": [{"status": 404, "title": "Not Found", "detail": "The resource could not be found.\n\n No resource provider with uuid f560c46a-03e8-4d07-8440-d470dda3f632 found for delete ", "request_id": "req-57432afb-8c4b-4fe1-938b-d63c9b7d7aa1"}]}
2026-09-02 02:32:25.328 9 INFO neutron.wsgi [None req-d680939f-ac50-4c5b-99aa-22d21002c7e0 bd40139a79104c69809f2e31f42b5769 012a3367e58e4dc4849dff170779e7fd - - default default] 10.0.0.224 "DELETE /v2.0/networks/fd865b16-5787-4dc0-8776-4a596196856d HTTP/1.1" status: 204 len: 168 time: 0.4544425
2026-09-02 02:32:25.368 10 INFO neutron.db.ovn_revision_numbers_db [None req-5547c9c4-ec9f-434b-9130-3a72baa392ea e2d40b800ac14356b5a90e2b3f34a419 bbb35c0567f34044ba052b2e71596e82 - - default default] Successfully bumped revision number for resource 42d00dce-07a5-40fd-8002-aba1674f5bb0 (type: ports) to 1
2026-09-02 02:32:25.453 10 WARNING neutron.scheduler.dhcp_agent_scheduler [None req-5547c9c4-ec9f-434b-9130-3a72baa392ea e2d40b800ac14356b5a90e2b3f34a419 bbb35c0567f34044ba052b2e71596e82 - - default default] No more DHCP agents
2026-09-02 02:32:25.455 10 WARNING neutron.api.rpc.agentnotifiers.dhcp_rpc_agent_api [None req-5547c9c4-ec9f-434b-9130-3a72baa392ea e2d40b800ac14356b5a90e2b3f34a419 bbb35c0567f34044ba052b2e71596e82 - - default default] Unable to schedule network 4ee7725c-5369-4ccd-8abc-9c193f01c843: no agents available; will retry on subsequent port and subnet creation events.
2026-09-02 02:32:25.541 9 INFO neutron.plugins.ml2.drivers.ovn.mech_driver.mech_driver [None req-4acd870d-c45b-4a81-9b73-b0d4d22bc6fb - - - - - -] OVN reports status up for port: 42d00dce-07a5-40fd-8002-aba1674f5bb0
2026-09-02 02:32:25.546 9 INFO neutron.plugins.ml2.plugin [None req-4acd870d-c45b-4a81-9b73-b0d4d22bc6fb - - - - - -] Attempt 1 to provision port 42d00dce-07a5-40fd-8002-aba1674f5bb0
2026-09-02 02:32:25.799 9 INFO neutron.db.ovn_revision_numbers_db [None req-4acd870d-c45b-4a81-9b73-b0d4d22bc6fb - - - - - -] Successfully bumped revision number for resource 42d00dce-07a5-40fd-8002-aba1674f5bb0 (type: ports) to 2
2026-09-02 02:32:25.913 9 INFO neutron.db.ovn_revision_numbers_db [None req-4acd870d-c45b-4a81-9b73-b0d4d22bc6fb - - - - - -] Successfully bumped revision number for resource 42d00dce-07a5-40fd-8002-aba1674f5bb0 (type: router_ports) to 2
2026-09-02 02:32:26.199 10 INFO neutron.wsgi [None req-5547c9c4-ec9f-434b-9130-3a72baa392ea e2d40b800ac14356b5a90e2b3f34a419 bbb35c0567f34044ba052b2e71596e82 - - default default] 10.0.0.224 "PUT /v2.0/routers/a581d980-1598-4418-ad89-e22df801b8cc/add_router_interface HTTP/1.1" status: 200 len: 503 time: 2.6014783
2026-09-02 02:32:26.460 9 INFO neutron.db.ovn_revision_numbers_db [None req-6ddc17b3-1f2a-45a1-8c80-703d70e8c0c6 e2d40b800ac14356b5a90e2b3f34a419 bbb35c0567f34044ba052b2e71596e82 - - default default] Successfully bumped revision number for resource b8ae0f7d-1884-42b0-ba19-3fa51b9a08f2 (type: security_groups) to 1
2026-09-02 02:32:26.473 9 INFO neutron.db.ovn_revision_numbers_db [None req-6ddc17b3-1f2a-45a1-8c80-703d70e8c0c6 e2d40b800ac14356b5a90e2b3f34a419 bbb35c0567f34044ba052b2e71596e82 - - default default] Successfully bumped revision number for resource 2d678853-166c-46d4-a8d2-ea978ec13c2a (type: security_group_rules) to 0
2026-09-02 02:32:26.493 9 INFO neutron.db.ovn_revision_numbers_db [None req-6ddc17b3-1f2a-45a1-8c80-703d70e8c0c6 e2d40b800ac14356b5a90e2b3f34a419 bbb35c0567f34044ba052b2e71596e82 - - default default] Successfully bumped revision number for resource 62908f13-fc10-42f8-82d4-0275c895821e (type: security_group_rules) to 0
2026-09-02 02:32:26.514 9 INFO neutron.db.ovn_revision_numbers_db [None req-6ddc17b3-1f2a-45a1-8c80-703d70e8c0c6 e2d40b800ac14356b5a90e2b3f34a419 bbb35c0567f34044ba052b2e71596e82 - - default default] Successfully bumped revision number for resource 9f12b3cd-b746-4f79-bc66-0a6773054561 (type: security_group_rules) to 0
2026-09-02 02:32:26.532 9 INFO neutron.db.ovn_revision_numbers_db [None req-6ddc17b3-1f2a-45a1-8c80-703d70e8c0c6 e2d40b800ac14356b5a90e2b3f34a419 bbb35c0567f34044ba052b2e71596e82 - - default default] Successfully bumped revision number for resource f7b74a7a-fd41-47ca-b8dc-fbb0dee2fe49 (type: security_group_rules) to 0
2026-09-02 02:32:26.565 9 INFO neutron.wsgi [None req-6ddc17b3-1f2a-45a1-8c80-703d70e8c0c6 e2d40b800ac14356b5a90e2b3f34a419 bbb35c0567f34044ba052b2e71596e82 - - default default] 10.0.0.224 "GET /v2.0/security-groups?tenant_id=26371059f8374a3db12690a26370ff2b&name=default HTTP/1.1" status: 200 len: 2996 time: 0.4668195
2026-09-02 02:32:26.799 9 INFO neutron.wsgi [None req-843a86d0-201b-4ddf-9f7e-858f4b9c068b e2d40b800ac14356b5a90e2b3f34a419 bbb35c0567f34044ba052b2e71596e82 - - default default] 10.0.0.224 "DELETE /v2.0/security-groups/b8ae0f7d-1884-42b0-ba19-3fa51b9a08f2 HTTP/1.1" status: 204 len: 168 time: 0.2293866
2026-09-02 02:32:26.903 10 INFO neutron.db.ovn_revision_numbers_db [None req-7a002691-7762-41d3-9e9a-d3a545968450 195f214bd2fe437f812b4550ffcbe8f9 3a0f5e8283de46159cb67cc8ecae0b6c - - default default] Successfully bumped revision number for resource 40d231dd-0ce6-4574-a254-61b47bbe8b82 (type: security_groups) to 1
2026-09-02 02:32:26.916 10 INFO neutron.db.ovn_revision_numbers_db [None req-7a002691-7762-41d3-9e9a-d3a545968450 195f214bd2fe437f812b4550ffcbe8f9 3a0f5e8283de46159cb67cc8ecae0b6c - - default default] Successfully bumped revision number for resource 06dbd971-bd94-4295-a903-66e97cdb1bea (type: security_group_rules) to 0
2026-09-02 02:32:26.930 10 INFO neutron.db.ovn_revision_numbers_db [None req-7a002691-7762-41d3-9e9a-d3a545968450 195f214bd2fe437f812b4550ffcbe8f9 3a0f5e8283de46159cb67cc8ecae0b6c - - default default] Successfully bumped revision number for resource 65c44324-6cc3-4dfb-987c-025b32ea4f33 (type: security_group_rules) to 0
2026-09-02 02:32:26.952 10 INFO neutron.wsgi [None req-7a002691-7762-41d3-9e9a-d3a545968450 195f214bd2fe437f812b4550ffcbe8f9 3a0f5e8283de46159cb67cc8ecae0b6c - - default default] 10.0.0.224 "POST /v2.0/security-groups HTTP/1.1" status: 201 len: 1809 time: 0.1393116
2026-09-02 02:32:26.968 9 INFO neutron.wsgi [None req-9a10c1a1-dfcc-4da1-bac7-35db1b2199ce e2d40b800ac14356b5a90e2b3f34a419 bbb35c0567f34044ba052b2e71596e82 - - default default] 10.0.0.224 "GET /v2.0/security-groups?tenant_id=012a3367e58e4dc4849dff170779e7fd&name=default HTTP/1.1" status: 200 len: 2996 time: 0.0471330
2026-09-02 02:32:27.149 10 INFO neutron.db.ovn_revision_numbers_db [None req-30b9ea9d-9cfa-4dd7-a9e0-be54c270b362 195f214bd2fe437f812b4550ffcbe8f9 3a0f5e8283de46159cb67cc8ecae0b6c - - default default] Successfully bumped revision number for resource ac0cfa6f-a4b8-400b-a316-dc190780b7db (type: security_group_rules) to 0
2026-09-02 02:32:27.187 10 INFO neutron.wsgi [None req-30b9ea9d-9cfa-4dd7-a9e0-be54c270b362 195f214bd2fe437f812b4550ffcbe8f9 3a0f5e8283de46159cb67cc8ecae0b6c - - default default] 10.0.0.224 "POST /v2.0/security-group-rules HTTP/1.1" status: 201 len: 764 time: 0.2291875
2026-09-02 02:32:27.254 9 INFO neutron.wsgi [None req-348bab02-3761-423d-b26e-3d714a2b4e90 e2d40b800ac14356b5a90e2b3f34a419 bbb35c0567f34044ba052b2e71596e82 - - default default] 10.0.0.224 "DELETE /v2.0/security-groups/6775c96a-2a41-4a53-9e50-be7fb3584907 HTTP/1.1" status: 204 len: 168 time: 0.2805605
2026-09-02 02:32:27.316 10 INFO neutron.db.ovn_revision_numbers_db [None req-c6d2f0ed-dc1c-4aa8-8283-c40f132c4f14 195f214bd2fe437f812b4550ffcbe8f9 3a0f5e8283de46159cb67cc8ecae0b6c - - default default] Successfully bumped revision number for resource 4d4a63cb-9ae7-4d42-9cd2-91a321b232d5 (type: security_group_rules) to 0
2026-09-02 02:32:27.345 10 INFO neutron.wsgi [None req-c6d2f0ed-dc1c-4aa8-8283-c40f132c4f14 195f214bd2fe437f812b4550ffcbe8f9 3a0f5e8283de46159cb67cc8ecae0b6c - - default default] 10.0.0.224 "POST /v2.0/security-group-rules HTTP/1.1" status: 201 len: 763 time: 0.1516135
2026-09-02 02:32:27.449 10 INFO neutron.db.ovn_revision_numbers_db [None req-843a9b9b-198c-44a2-9967-1dc49590e114 195f214bd2fe437f812b4550ffcbe8f9 3a0f5e8283de46159cb67cc8ecae0b6c - - default default] Successfully bumped revision number for resource b6100772-0a77-4b8e-a0e5-298d86ff646d (type: security_group_rules) to 0
2026-09-02 02:32:27.471 10 INFO neutron.wsgi [None req-843a9b9b-198c-44a2-9967-1dc49590e114 195f214bd2fe437f812b4550ffcbe8f9 3a0f5e8283de46159cb67cc8ecae0b6c - - default default] 10.0.0.224 "POST /v2.0/security-group-rules HTTP/1.1" status: 201 len: 769 time: 0.1208928
2026-09-02 02:32:27.632 9 INFO neutron.db.ovn_revision_numbers_db [None req-92321609-f221-4279-99a7-4f788a4d39d6 195f214bd2fe437f812b4550ffcbe8f9 3a0f5e8283de46159cb67cc8ecae0b6c - - default default] Successfully bumped revision number for resource 5f3ccce4-a2ae-4fc6-b0da-3f615608d5d5 (type: security_group_rules) to 0
2026-09-02 02:32:27.658 9 INFO neutron.wsgi [None req-92321609-f221-4279-99a7-4f788a4d39d6 195f214bd2fe437f812b4550ffcbe8f9 3a0f5e8283de46159cb67cc8ecae0b6c - - default default] 10.0.0.224 "POST /v2.0/security-group-rules HTTP/1.1" status: 201 len: 768 time: 0.1818011
2026-09-02 02:32:27.686 9 INFO neutron.db.securitygroups_db [None req-6226a9d4-0551-4699-b7a9-f75d8bb40a9b 195f214bd2fe437f812b4550ffcbe8f9 3a0f5e8283de46159cb67cc8ecae0b6c - - default default] Project 3a0f5e8283de46159cb67cc8ecae0b6c added a security group rule with legacy IPv6 ICMP protocol name icmp, ipv6-icmp should be used instead. It was automatically converted.
2026-09-02 02:32:27.825 9 INFO neutron.db.ovn_revision_numbers_db [None req-6226a9d4-0551-4699-b7a9-f75d8bb40a9b 195f214bd2fe437f812b4550ffcbe8f9 3a0f5e8283de46159cb67cc8ecae0b6c - - default default] Successfully bumped revision number for resource 82497af7-e14a-4ba2-bf27-01712ccc659d (type: security_group_rules) to 0
2026-09-02 02:32:27.860 9 INFO neutron.wsgi [None req-6226a9d4-0551-4699-b7a9-f75d8bb40a9b 195f214bd2fe437f812b4550ffcbe8f9 3a0f5e8283de46159cb67cc8ecae0b6c - - default default] 10.0.0.224 "POST /v2.0/security-group-rules HTTP/1.1" status: 201 len: 774 time: 0.1981723
2026-09-02 02:32:27.888 9 INFO neutron.db.securitygroups_db [None req-aea49d77-d3d2-45ae-b711-ca6b9d266768 195f214bd2fe437f812b4550ffcbe8f9 3a0f5e8283de46159cb67cc8ecae0b6c - - default default] Project 3a0f5e8283de46159cb67cc8ecae0b6c added a security group rule with legacy IPv6 ICMP protocol name icmp, ipv6-icmp should be used instead. It was automatically converted.
2026-09-02 02:32:27.985 9 INFO neutron.db.ovn_revision_numbers_db [None req-aea49d77-d3d2-45ae-b711-ca6b9d266768 195f214bd2fe437f812b4550ffcbe8f9 3a0f5e8283de46159cb67cc8ecae0b6c - - default default] Successfully bumped revision number for resource 04957b06-77e1-4e9a-9ce3-5fa2768608e1 (type: security_group_rules) to 0
