2026-09-02 02:30:49.933 10 INFO neutron.notifiers.nova [-] Nova event matching ['req-c95515c3-ba4c-4dc4-a2f1-4bc47888b88d'] response: {'server_uuid': 'ba69386b-0cc9-4eaa-b4f8-410ab4335655', 'name': 'network-vif-unplugged', 'status': 'completed', 'tag': 'f826e56b-5250-43f1-86f2-40d06807c71d', 'code': 200}
2026-09-02 02:30:49.957 10 INFO neutron.wsgi [req-18f400dd-3cf6-44d1-9946-8577f1e62e24 req-73da602f-c53a-4e4e-8faa-8c6d38f4809a 866064ce6b1b4701a414aebf15eaf016 00029667c1c241f98eddf1acbd03f969 - - default default] 10.0.0.161 "GET /v2.0/security-groups?id=34932a0f-6ea4-4961-b25d-375d0013752e&fields=id&fields=name HTTP/1.1" status: 200 len: 286 time: 0.0944712
2026-09-02 02:30:50.188 10 INFO neutron.wsgi [None req-abd6f3c3-86b1-4b63-abc3-59f6bd63570a e2d40b800ac14356b5a90e2b3f34a419 bbb35c0567f34044ba052b2e71596e82 - - default default] 10.0.0.224 "DELETE /v2.0/security-groups/78f07477-a2d9-476b-9c8e-10b8fc4b67ff HTTP/1.1" status: 204 len: 168 time: 0.7213259
2026-09-02 02:30:50.264 9 INFO neutron.db.l3_db [req-05c71b4d-a8b9-49b5-b923-4faef69ed91e req-dea973bd-04ad-4500-aed5-d0ed47ed55b9 5ccd3f10745140ff93a75daeb963dd6c 40be2bdfa4514c868ab0c2210e983e52 - - default default] Floating IP f5268c48-83a9-4060-acba-699ce59e62db disassociated. External IP: 10.96.250.216, port: f826e56b-5250-43f1-86f2-40d06807c71d.
2026-09-02 02:30:50.293 10 INFO neutron.db.ovn_revision_numbers_db [None req-165acdd8-e648-40d2-be1f-4bf5c4de2412 - - - - - -] Successfully bumped revision number for resource f826e56b-5250-43f1-86f2-40d06807c71d (type: ports) to 7 /var/lib/openstack/lib/python3.10/site-packages/pycadf/identifier.py:71: UserWarning: Invalid uuid: neutron. To ensure interoperability, identifiers should be a valid uuid. warnings.warn(('Invalid uuid: %s. To ensure interoperability, '
2026-09-02 02:30:50.427 10 INFO neutron.wsgi [req-b37985b2-7957-47b9-840f-f515c1651736 req-b14a6939-04bb-4d8e-a0e9-dd5ef025ee15 866064ce6b1b4701a414aebf15eaf016 00029667c1c241f98eddf1acbd03f969 - - default default] 10.0.0.161 "GET /v2.0/ports?device_id=2baebb22-ccfc-4216-96d8-3d41f2cdb566 HTTP/1.1" status: 200 len: 1170 time: 0.0503318
2026-09-02 02:30:50.445 9 INFO neutron.wsgi [req-05c71b4d-a8b9-49b5-b923-4faef69ed91e req-dea973bd-04ad-4500-aed5-d0ed47ed55b9 5ccd3f10745140ff93a75daeb963dd6c 40be2bdfa4514c868ab0c2210e983e52 - - default default] 162.253.55.234 "DELETE /v2.0/ports/f826e56b-5250-43f1-86f2-40d06807c71d HTTP/1.1" status: 204 len: 173 time: 0.5668278
2026-09-02 02:30:50.451 10 INFO neutron.db.ovn_revision_numbers_db [None req-f65d6778-e804-40e1-8411-96078a537a68 478b057fb4cd4c10b8e7ecddd6539a61 22af4c1627e84d5994cad30bd237bef8 - - default default] Successfully bumped revision number for resource e4c541e2-8f22-4504-afc2-11c751095599 (type: router_ports) to 1
2026-09-02 02:30:50.478 10 INFO neutron.wsgi [req-b37985b2-7957-47b9-840f-f515c1651736 req-77759495-c4da-4cc8-8dbb-124ef3fd6268 866064ce6b1b4701a414aebf15eaf016 00029667c1c241f98eddf1acbd03f969 - - default default] 10.0.0.161 "GET /v2.0/security-groups?id=34932a0f-6ea4-4961-b25d-375d0013752e&fields=id&fields=name HTTP/1.1" status: 200 len: 286 time: 0.0445459
2026-09-02 02:30:50.634 10 INFO neutron.wsgi [req-cd620c7f-57d0-4306-a559-7cfd5968e1cf req-13177028-7f39-4166-9fde-aa8b2baefc5e 5ccd3f10745140ff93a75daeb963dd6c 40be2bdfa4514c868ab0c2210e983e52 - - default default] 10.0.0.161 "GET /v2.0/ports?device_id=ba69386b-0cc9-4eaa-b4f8-410ab4335655 HTTP/1.1" status: 200 len: 210 time: 0.0156476
2026-09-02 02:30:50.640 10 INFO neutron.db.ovn_revision_numbers_db [None req-f65d6778-e804-40e1-8411-96078a537a68 478b057fb4cd4c10b8e7ecddd6539a61 22af4c1627e84d5994cad30bd237bef8 - - default default] Successfully bumped revision number for resource e4c541e2-8f22-4504-afc2-11c751095599 (type: ports) to 1
2026-09-02 02:30:50.712 10 WARNING neutron.scheduler.dhcp_agent_scheduler [None req-f65d6778-e804-40e1-8411-96078a537a68 478b057fb4cd4c10b8e7ecddd6539a61 22af4c1627e84d5994cad30bd237bef8 - - default default] No more DHCP agents
2026-09-02 02:30:50.713 10 WARNING neutron.api.rpc.agentnotifiers.dhcp_rpc_agent_api [None req-f65d6778-e804-40e1-8411-96078a537a68 478b057fb4cd4c10b8e7ecddd6539a61 22af4c1627e84d5994cad30bd237bef8 - - default default] Unable to schedule network 78cea1b6-3ee3-4516-afb7-9d9af1d65e1f: no agents available; will retry on subsequent port and subnet creation events.
2026-09-02 02:30:50.833 9 INFO neutron.wsgi [req-4355717c-7b43-47ac-b6b4-deec5d995987 req-28ba4aab-4ef7-48eb-be0b-ec23cc27149a 866064ce6b1b4701a414aebf15eaf016 00029667c1c241f98eddf1acbd03f969 - - default default] 162.253.55.234 "GET /v2.0/ports?device_id=2baebb22-ccfc-4216-96d8-3d41f2cdb566 HTTP/1.1" status: 200 len: 1170 time: 0.1288042
2026-09-02 02:30:50.866 10 INFO neutron.db.ovn_revision_numbers_db [None req-f65d6778-e804-40e1-8411-96078a537a68 478b057fb4cd4c10b8e7ecddd6539a61 22af4c1627e84d5994cad30bd237bef8 - - default default] Successfully bumped revision number for resource e4c541e2-8f22-4504-afc2-11c751095599 (type: router_ports) to 1
2026-09-02 02:30:50.868 10 INFO neutron.wsgi [None req-f65d6778-e804-40e1-8411-96078a537a68 478b057fb4cd4c10b8e7ecddd6539a61 22af4c1627e84d5994cad30bd237bef8 - - default default] 10.0.0.224 "PUT /v2.0/routers/8a177c89-a4d7-4fab-b0f3-50ab821ed579/add_router_interface HTTP/1.1" status: 200 len: 503 time: 2.2977254
2026-09-02 02:30:50.897 10 INFO neutron.wsgi [None req-93053c51-6604-4017-b4f0-1632b8ea8bd4 478b057fb4cd4c10b8e7ecddd6539a61 22af4c1627e84d5994cad30bd237bef8 - - default default] 10.0.0.224 "GET /v2.0/ports/e4c541e2-8f22-4504-afc2-11c751095599 HTTP/1.1" status: 200 len: 1135 time: 0.0247409
2026-09-02 02:30:50.927 10 INFO neutron.wsgi [None req-cab24abe-20af-4d6c-8ef7-c210938de887 478b057fb4cd4c10b8e7ecddd6539a61 22af4c1627e84d5994cad30bd237bef8 - - default default] 10.0.0.224 "GET /v2.0/ports/e4c541e2-8f22-4504-afc2-11c751095599 HTTP/1.1" status: 200 len: 1135 time: 0.0256755
2026-09-02 02:30:51.098 9 INFO neutron.wsgi [req-4355717c-7b43-47ac-b6b4-deec5d995987 req-f0a88e8c-8bff-457e-b133-435df80cbb9b 866064ce6b1b4701a414aebf15eaf016 00029667c1c241f98eddf1acbd03f969 - - default default] 162.253.55.234 "DELETE /v2.0/ports/3776bd7a-7e34-47a6-bdef-b63e40a7473b HTTP/1.1" status: 204 len: 173 time: 0.2580240
2026-09-02 02:30:51.183 9 INFO neutron.notifiers.nova [-] Nova event matching ['req-46a30e87-5682-41cf-8d39-6ffea76ba949'] response: {'server_uuid': 'ba69386b-0cc9-4eaa-b4f8-410ab4335655', 'name': 'network-vif-deleted', 'tag': 'f826e56b-5250-43f1-86f2-40d06807c71d', 'status': 'completed', 'code': 200}
2026-09-02 02:30:51.183 9 INFO neutron.notifiers.nova [-] Nova event matching ['req-46a30e87-5682-41cf-8d39-6ffea76ba949'] response: {'server_uuid': '2baebb22-ccfc-4216-96d8-3d41f2cdb566', 'name': 'network-vif-deleted', 'tag': '3776bd7a-7e34-47a6-bdef-b63e40a7473b', 'status': 'completed', 'code': 200}
2026-09-02 02:30:51.866 10 INFO neutron.wsgi [None req-9bebb1c3-fa20-4aee-925d-f3dcbf227acb 5ccd3f10745140ff93a75daeb963dd6c 40be2bdfa4514c868ab0c2210e983e52 - - default default] 10.0.0.224 "DELETE /v2.0/security-groups/7fade763-efdc-4e34-91b6-7c6c74656779 HTTP/1.1" status: 204 len: 168 time: 0.1375716
2026-09-02 02:30:51.879 10 INFO neutron.api.v2.resource [None req-e3657038-544a-45bb-aeed-b348df7b0320 5ccd3f10745140ff93a75daeb963dd6c 40be2bdfa4514c868ab0c2210e983e52 - - default default] show failed (client error): The resource could not be found.
2026-09-02 02:30:51.881 10 INFO neutron.wsgi [None req-e3657038-544a-45bb-aeed-b348df7b0320 5ccd3f10745140ff93a75daeb963dd6c 40be2bdfa4514c868ab0c2210e983e52 - - default default] 10.0.0.224 "GET /v2.0/security-groups/7fade763-efdc-4e34-91b6-7c6c74656779 HTTP/1.1" status: 404 len: 347 time: 0.0101054
2026-09-02 02:30:51.984 10 INFO neutron.notifiers.nova [-] Nova event matching ['req-772f479a-feda-49fa-8174-f58ea5c28ad6'] response: {'server_uuid': 'ba69386b-0cc9-4eaa-b4f8-410ab4335655', 'name': 'network-vif-plugged', 'status': 'completed', 'tag': 'f826e56b-5250-43f1-86f2-40d06807c71d', 'code': 200}
2026-09-02 02:30:52.026 10 INFO neutron.wsgi [None req-200e0969-26ac-40de-a6a7-f61a484629fa 478b057fb4cd4c10b8e7ecddd6539a61 22af4c1627e84d5994cad30bd237bef8 - - default default] 10.0.0.224 "GET /v2.0/ports/e4c541e2-8f22-4504-afc2-11c751095599 HTTP/1.1" status: 200 len: 1135 time: 0.0937822
2026-09-02 02:30:52.267 10 INFO neutron.wsgi [None req-2af7beac-9f06-491f-b633-3ab6bc64a2f8 5ccd3f10745140ff93a75daeb963dd6c 40be2bdfa4514c868ab0c2210e983e52 - - default default] 10.0.0.224 "DELETE /v2.0/floatingips/f5268c48-83a9-4060-acba-699ce59e62db HTTP/1.1" status: 204 len: 168 time: 0.3827128
2026-09-02 02:30:52.456 9 INFO neutron.wsgi [None req-fd7575ad-6c21-4039-a920-6b9e7e1663f0 e2d40b800ac14356b5a90e2b3f34a419 bbb35c0567f34044ba052b2e71596e82 - - default default] 10.0.0.224 "PUT /v2.0/routers/b4cb3349-4f42-4edd-83e4-e8fa8a34b156/remove_router_interface HTTP/1.1" status: 200 len: 503 time: 0.9164004
2026-09-02 02:30:53.069 10 INFO neutron.wsgi [None req-c540aaf9-1448-4c37-a02a-c588f23d08fe e2d40b800ac14356b5a90e2b3f34a419 bbb35c0567f34044ba052b2e71596e82 - - default default] 10.0.0.224 "DELETE /v2.0/routers/b4cb3349-4f42-4edd-83e4-e8fa8a34b156 HTTP/1.1" status: 204 len: 168 time: 0.6074393
2026-09-02 02:30:53.091 10 INFO neutron.wsgi [None req-227ab653-766b-4dce-8e20-a13993a3e1c3 478b057fb4cd4c10b8e7ecddd6539a61 22af4c1627e84d5994cad30bd237bef8 - - default default] 10.0.0.224 "GET /v2.0/ports/e4c541e2-8f22-4504-afc2-11c751095599 HTTP/1.1" status: 200 len: 1135 time: 0.0579121
2026-09-02 02:30:53.265 10 INFO neutron.wsgi [None req-e8fc2b04-10d1-4aaf-8178-6fe7f56f2955 e2d40b800ac14356b5a90e2b3f34a419 bbb35c0567f34044ba052b2e71596e82 - - default default] 10.0.0.224 "DELETE /v2.0/subnets/74ad605c-a7af-46cb-b012-d34f2f49b659 HTTP/1.1" status: 204 len: 168 time: 0.1873741
2026-09-02 02:30:53.378 9 WARNING neutron.plugins.ml2.drivers.ovn.mech_driver.ovsdb.ovn_client [None req-4acd870d-c45b-4a81-9b73-b0d4d22bc6fb - - - - - -] No hosting information found for port 7a55a6aa-e325-4f04-9328-cf6a80ac9a70: RuntimeError: No hosting information found for port 7a55a6aa-e325-4f04-9328-cf6a80ac9a70
2026-09-02 02:30:53.405 9 INFO neutron.plugins.ml2.drivers.ovn.mech_driver.mech_driver [None req-4acd870d-c45b-4a81-9b73-b0d4d22bc6fb - - - - - -] OVN reports status up for port: e4c541e2-8f22-4504-afc2-11c751095599
2026-09-02 02:30:53.417 9 INFO neutron.plugins.ml2.plugin [None req-4acd870d-c45b-4a81-9b73-b0d4d22bc6fb - - - - - -] Attempt 1 to provision port e4c541e2-8f22-4504-afc2-11c751095599
2026-09-02 02:30:53.537 9 INFO neutron.wsgi [None req-4bcb772e-ce9f-4693-b7c3-4b16f2540c84 e2d40b800ac14356b5a90e2b3f34a419 bbb35c0567f34044ba052b2e71596e82 - - default default] 10.0.0.224 "PUT /v2.0/routers/10c9d410-d043-4576-baf3-71b8256626c7/remove_router_interface HTTP/1.1" status: 200 len: 503 time: 1.2603621
2026-09-02 02:30:53.649 10 INFO neutron.services.segments.plugin [-] Segment fd9f12de-cdef-461e-8657-530dd9ec4c1c resource provider aggregate not found
2026-09-02 02:30:53.656 10 INFO neutron.services.segments.plugin [-] Segment fd9f12de-cdef-461e-8657-530dd9ec4c1c resource provider aggregate not found
2026-09-02 02:30:53.680 10 INFO neutron.services.segments.plugin [-] Segment fd9f12de-cdef-461e-8657-530dd9ec4c1c resource provider not found; error: Placement Client Error (4xx): {"errors": [{"status": 404, "title": "Not Found", "detail": "The resource could not be found.\n\n No resource provider with uuid fd9f12de-cdef-461e-8657-530dd9ec4c1c found for delete ", "request_id": "req-6e8b04d8-8c49-4970-b20e-4698af3025d2"}]}
2026-09-02 02:30:53.682 10 INFO neutron.services.segments.plugin [-] Segment fd9f12de-cdef-461e-8657-530dd9ec4c1c resource provider not found; error: Placement Client Error (4xx): {"errors": [{"status": 404, "title": "Not Found", "detail": "The resource could not be found.\n\n No resource provider with uuid fd9f12de-cdef-461e-8657-530dd9ec4c1c found for delete ", "request_id": "req-3909bc16-cfd5-4202-874f-484bc9e88d97"}]}
2026-09-02 02:30:53.703 9 INFO neutron.db.ovn_revision_numbers_db [None req-4acd870d-c45b-4a81-9b73-b0d4d22bc6fb - - - - - -] Successfully bumped revision number for resource e4c541e2-8f22-4504-afc2-11c751095599 (type: ports) to 2
2026-09-02 02:30:53.711 10 INFO neutron.wsgi [None req-cf925d74-f5b2-4b8b-acda-b839884e742e e2d40b800ac14356b5a90e2b3f34a419 bbb35c0567f34044ba052b2e71596e82 - - default default] 10.0.0.224 "DELETE /v2.0/networks/9be843ab-b417-478f-b786-cdbba584219d HTTP/1.1" status: 204 len: 168 time: 0.4369276
2026-09-02 02:30:53.796 9 INFO neutron.db.ovn_revision_numbers_db [None req-4acd870d-c45b-4a81-9b73-b0d4d22bc6fb - - - - - -] Successfully bumped revision number for resource e4c541e2-8f22-4504-afc2-11c751095599 (type: router_ports) to 2
2026-09-02 02:30:53.908 10 INFO neutron.wsgi [None req-34e3fb8c-6616-4635-b57e-2b277573d2bc e2d40b800ac14356b5a90e2b3f34a419 bbb35c0567f34044ba052b2e71596e82 - - default default] 10.0.0.224 "GET /v2.0/security-groups?tenant_id=00029667c1c241f98eddf1acbd03f969&name=default HTTP/1.1" status: 200 len: 2996 time: 0.0552750
2026-09-02 02:30:54.138 10 INFO neutron.wsgi [None req-79ee7fdf-2d64-4d77-b551-25d100a8dd1c 478b057fb4cd4c10b8e7ecddd6539a61 22af4c1627e84d5994cad30bd237bef8 - - default default] 10.0.0.224 "GET /v2.0/ports/e4c541e2-8f22-4504-afc2-11c751095599 HTTP/1.1" status: 200 len: 1137 time: 0.0404768 /var/lib/openstack/lib/python3.10/site-packages/pycadf/identifier.py:71: UserWarning: Invalid uuid: neutron. To ensure interoperability, identifiers should be a valid uuid. warnings.warn(('Invalid uuid: %s. To ensure interoperability, '
2026-09-02 02:30:54.269 10 INFO neutron.wsgi [None req-39fafedc-4e56-47cc-a9c3-11c9786bdbfd e2d40b800ac14356b5a90e2b3f34a419 bbb35c0567f34044ba052b2e71596e82 - - default default] 10.0.0.224 "DELETE /v2.0/routers/10c9d410-d043-4576-baf3-71b8256626c7 HTTP/1.1" status: 204 len: 168 time: 0.7282751
2026-09-02 02:30:54.272 10 INFO neutron.wsgi [None req-03c26acb-877b-48e6-984b-fb0e3358a63b e2d40b800ac14356b5a90e2b3f34a419 bbb35c0567f34044ba052b2e71596e82 - - default default] 10.0.0.224 "DELETE /v2.0/security-groups/34932a0f-6ea4-4961-b25d-375d0013752e HTTP/1.1" status: 204 len: 168 time: 0.3595011
2026-09-02 02:30:54.337 9 INFO neutron.db.ovn_revision_numbers_db [None req-429c1ae3-a3e1-4141-805a-41eb5a4f319e e2d40b800ac14356b5a90e2b3f34a419 bbb35c0567f34044ba052b2e71596e82 - - default default] Successfully bumped revision number for resource f48a610c-5af4-477b-8fab-8ad5cf3555b9 (type: security_groups) to 1
2026-09-02 02:30:54.354 9 INFO neutron.db.ovn_revision_numbers_db [None req-429c1ae3-a3e1-4141-805a-41eb5a4f319e e2d40b800ac14356b5a90e2b3f34a419 bbb35c0567f34044ba052b2e71596e82 - - default default] Successfully bumped revision number for resource 2629c3f9-b49d-40e8-b2ec-6b4c88936c37 (type: security_group_rules) to 0
2026-09-02 02:30:54.373 9 INFO neutron.db.ovn_revision_numbers_db [None req-429c1ae3-a3e1-4141-805a-41eb5a4f319e e2d40b800ac14356b5a90e2b3f34a419 bbb35c0567f34044ba052b2e71596e82 - - default default] Successfully bumped revision number for resource 66fb47b5-b3e6-4d98-a162-ba7739b5f02d (type: security_group_rules) to 0
2026-09-02 02:30:54.398 9 INFO neutron.db.ovn_revision_numbers_db [None req-429c1ae3-a3e1-4141-805a-41eb5a4f319e e2d40b800ac14356b5a90e2b3f34a419 bbb35c0567f34044ba052b2e71596e82 - - default default] Successfully bumped revision number for resource 791e5cd2-e903-4858-b6e5-34eae0b906d8 (type: security_group_rules) to 0
2026-09-02 02:30:54.415 9 INFO neutron.db.ovn_revision_numbers_db [None req-429c1ae3-a3e1-4141-805a-41eb5a4f319e e2d40b800ac14356b5a90e2b3f34a419 bbb35c0567f34044ba052b2e71596e82 - - default default] Successfully bumped revision number for resource 882e8e86-a7f8-42be-841c-d378ed4e3025 (type: security_group_rules) to 0
2026-09-02 02:30:54.450 9 INFO neutron.wsgi [None req-429c1ae3-a3e1-4141-805a-41eb5a4f319e e2d40b800ac14356b5a90e2b3f34a419 bbb35c0567f34044ba052b2e71596e82 - - default default] 10.0.0.224 "GET /v2.0/security-groups?tenant_id=78f4407bde6a466889ba243a681bff14&name=default HTTP/1.1" status: 200 len: 2996 time: 0.4829097
2026-09-02 02:30:54.640 10 INFO neutron.wsgi [None req-6afb449f-20bc-4cd2-8061-3fdd301e58cb e2d40b800ac14356b5a90e2b3f34a419 bbb35c0567f34044ba052b2e71596e82 - - default default] 10.0.0.224 "DELETE /v2.0/subnets/3cc8b253-c83d-4698-8965-4ef266316182 HTTP/1.1" status: 204 len: 168 time: 0.3661819
2026-09-02 02:30:54.685 9 INFO neutron.wsgi [None req-78c75c3e-0bfe-493c-b169-b7eb5fd25486 e2d40b800ac14356b5a90e2b3f34a419 bbb35c0567f34044ba052b2e71596e82 - - default default] 10.0.0.224 "DELETE /v2.0/security-groups/f48a610c-5af4-477b-8fab-8ad5cf3555b9 HTTP/1.1" status: 204 len: 168 time: 0.2312303
2026-09-02 02:30:54.780 9 INFO neutron.wsgi [None req-78ff0623-761e-423c-93f3-966dacb21e8b 478b057fb4cd4c10b8e7ecddd6539a61 22af4c1627e84d5994cad30bd237bef8 - - default default] 10.0.0.224 "PUT /v2.0/routers/8a177c89-a4d7-4fab-b0f3-50ab821ed579/remove_router_interface HTTP/1.1" status: 200 len: 503 time: 0.6352863
2026-09-02 02:30:54.875 10 INFO neutron.wsgi [None req-078b4bd6-011c-45cf-8fc9-de88dcc3354d 478b057fb4cd4c10b8e7ecddd6539a61 22af4c1627e84d5994cad30bd237bef8 - - default default] 10.0.0.224 "GET /v2.0/ports/7a55a6aa-e325-4f04-9328-cf6a80ac9a70 HTTP/1.1" status: 200 len: 1137 time: 0.0910261 /var/lib/openstack/lib/python3.10/site-packages/pycadf/identifier.py:71: UserWarning: Invalid uuid: neutron. To ensure interoperability, identifiers should be a valid uuid. warnings.warn(('Invalid uuid: %s. To ensure interoperability, '
2026-09-02 02:30:55.053 10 INFO neutron.wsgi [None req-123f7f3e-4316-477a-8cc1-b50a82fe8ee1 e2d40b800ac14356b5a90e2b3f34a419 bbb35c0567f34044ba052b2e71596e82 - - default default] 10.0.0.224 "DELETE /v2.0/networks/b34cfebd-416c-4dfe-a908-d06bfc97d491 HTTP/1.1" status: 204 len: 168 time: 0.4054296
2026-09-02 02:30:55.348 10 INFO neutron.wsgi [None req-bec44d9e-5b66-4ddc-af65-e349fec7cbb6 e2d40b800ac14356b5a90e2b3f34a419 bbb35c0567f34044ba052b2e71596e82 - - default default] 10.0.0.224 "GET /v2.0/security-groups?tenant_id=40be2bdfa4514c868ab0c2210e983e52&name=default HTTP/1.1" status: 200 len: 2996 time: 0.0594368
2026-09-02 02:30:55.550 9 INFO neutron.wsgi [None req-df1ce7ab-4c2b-466f-b21b-3375022a7b42 478b057fb4cd4c10b8e7ecddd6539a61 22af4c1627e84d5994cad30bd237bef8 - - default default] 10.0.0.224 "PUT /v2.0/routers/8a177c89-a4d7-4fab-b0f3-50ab821ed579/remove_router_interface HTTP/1.1" status: 200 len: 503 time: 0.6685355
2026-09-02 02:30:55.584 10 INFO neutron.wsgi [None req-3dff5545-3cd3-4892-a15c-67d9f46e04e2 478b057fb4cd4c10b8e7ecddd6539a61 22af4c1627e84d5994cad30bd237bef8 - - default default] 10.0.0.224 "GET /v2.0/ports?device_id=8a177c89-a4d7-4fab-b0f3-50ab821ed579 HTTP/1.1" status: 200 len: 205 time: 0.0225356 /var/lib/openstack/lib/python3.10/site-packages/pycadf/identifier.py:71: UserWarning: Invalid uuid: neutron. To ensure interoperability, identifiers should be a valid uuid. warnings.warn(('Invalid uuid: %s. To ensure interoperability, '
2026-09-02 02:30:55.603 10 INFO neutron.wsgi [None req-a39009c8-ff3a-4d23-9993-8f0866f17141 e2d40b800ac14356b5a90e2b3f34a419 bbb35c0567f34044ba052b2e71596e82 - - default default] 10.0.0.224 "DELETE /v2.0/security-groups/87963462-d744-42e9-bf31-4b2c71013810 HTTP/1.1" status: 204 len: 168 time: 0.2494161
2026-09-02 02:30:55.713 10 INFO neutron.services.segments.plugin [-] Segment 3e55c919-d5c5-4053-a491-df8731b0ee04 resource provider aggregate not found
2026-09-02 02:30:55.722 10 INFO neutron.services.segments.plugin [-] Segment 3e55c919-d5c5-4053-a491-df8731b0ee04 resource provider aggregate not found
2026-09-02 02:30:55.744 10 INFO neutron.services.segments.plugin [-] Segment 3e55c919-d5c5-4053-a491-df8731b0ee04 resource provider not found; error: Placement Client Error (4xx): {"errors": [{"status": 404, "title": "Not Found", "detail": "The resource could not be found.\n\n No resource provider with uuid 3e55c919-d5c5-4053-a491-df8731b0ee04 found for delete ", "request_id": "req-38850274-8d65-416a-a0db-5f0129f366a9"}]}
2026-09-02 02:30:55.749 10 INFO neutron.services.segments.plugin [-] Segment 3e55c919-d5c5-4053-a491-df8731b0ee04 resource provider not found; error: Placement Client Error (4xx): {"errors": [{"status": 404, "title": "Not Found", "detail": "The resource could not be found.\n\n No resource provider with uuid 3e55c919-d5c5-4053-a491-df8731b0ee04 found for delete ", "request_id": "req-627f2a6b-f2fa-458a-9796-b5d6ea282808"}]}
2026-09-02 02:30:55.855 9 INFO neutron.wsgi [None req-92803988-9aca-44ec-ad3e-bc4790393edd 478b057fb4cd4c10b8e7ecddd6539a61 22af4c1627e84d5994cad30bd237bef8 - - default default] 10.0.0.224 "DELETE /v2.0/routers/8a177c89-a4d7-4fab-b0f3-50ab821ed579 HTTP/1.1" status: 204 len: 168 time: 0.2629938
2026-09-02 02:30:56.092 10 INFO neutron.wsgi [None req-76d4bf59-c7c1-4098-be1a-62ebfbebf9f3 478b057fb4cd4c10b8e7ecddd6539a61 22af4c1627e84d5994cad30bd237bef8 - - default default] 10.0.0.224 "DELETE /v2.0/subnets/e726e82d-680c-486c-be61-49b65fbcad51 HTTP/1.1" status: 204 len: 168 time: 0.2323871
2026-09-02 02:30:56.334 9 INFO neutron.wsgi [None req-3bde060a-32fd-4b56-acbb-414e18bd09e7 478b057fb4cd4c10b8e7ecddd6539a61 22af4c1627e84d5994cad30bd237bef8 - - default default] 10.0.0.224 "DELETE /v2.0/subnets/2516f39e-584d-4dbc-82e6-3daa7509f227 HTTP/1.1" status: 204 len: 168 time: 0.2354865
2026-09-02 02:30:56.745 10 INFO neutron.wsgi [None req-dae03f07-6e42-4128-9cb5-6878a39b6388 478b057fb4cd4c10b8e7ecddd6539a61 22af4c1627e84d5994cad30bd237bef8 - - default default] 10.0.0.224 "DELETE /v2.0/networks/78cea1b6-3ee3-4516-afb7-9d9af1d65e1f HTTP/1.1" status: 204 len: 168 time: 0.4050410
2026-09-02 02:30:57.145 9 INFO neutron.services.segments.plugin [-] Segment b0a06525-3303-4071-b4b1-31af51d28457 resource provider aggregate not found
2026-09-02 02:30:57.157 9 INFO neutron.services.segments.plugin [-] Segment b0a06525-3303-4071-b4b1-31af51d28457 resource provider aggregate not found
2026-09-02 02:30:57.182 9 INFO neutron.services.segments.plugin [-] Segment b0a06525-3303-4071-b4b1-31af51d28457 resource provider not found; error: Placement Client Error (4xx): {"errors": [{"status": 404, "title": "Not Found", "detail": "The resource could not be found.\n\n No resource provider with uuid b0a06525-3303-4071-b4b1-31af51d28457 found for delete ", "request_id": "req-07fb6a8d-ec37-419a-99d8-b796f7c6ae26"}]}
2026-09-02 02:30:57.185 9 INFO neutron.services.segments.plugin [-] Segment b0a06525-3303-4071-b4b1-31af51d28457 resource provider not found; error: Placement Client Error (4xx): {"errors": [{"status": 404, "title": "Not Found", "detail": "The resource could not be found.\n\n No resource provider with uuid b0a06525-3303-4071-b4b1-31af51d28457 found for delete ", "request_id": "req-31971ee8-19da-4dc1-8e56-0ee3742d366f"}]}
2026-09-02 02:30:57.239 9 INFO neutron.wsgi [None req-e5497198-9521-4974-ac26-09209b713f72 478b057fb4cd4c10b8e7ecddd6539a61 22af4c1627e84d5994cad30bd237bef8 - - default default] 10.0.0.224 "DELETE /v2.0/networks/59401b61-3ed8-481b-9783-f7ff36cfb613 HTTP/1.1" status: 204 len: 168 time: 0.4898851
2026-09-02 02:30:57.355 9 INFO neutron.db.segments_db [None req-dbb27f15-a2cf-41a4-9ae4-898b6db27aa5 478b057fb4cd4c10b8e7ecddd6539a61 22af4c1627e84d5994cad30bd237bef8 - - default default] Added segment f4e51a1f-e851-4e3a-a687-2c82e9bb8298 of type geneve for network 4206b9f7-5248-4583-bf75-821212bca669
2026-09-02 02:30:57.479 9 INFO neutron.db.ovn_revision_numbers_db [None req-dbb27f15-a2cf-41a4-9ae4-898b6db27aa5 478b057fb4cd4c10b8e7ecddd6539a61 22af4c1627e84d5994cad30bd237bef8 - - default default] Successfully bumped revision number for resource 4206b9f7-5248-4583-bf75-821212bca669 (type: networks) to 1
2026-09-02 02:30:57.627 9 WARNING neutron.scheduler.dhcp_agent_scheduler [None req-dbb27f15-a2cf-41a4-9ae4-898b6db27aa5 478b057fb4cd4c10b8e7ecddd6539a61 22af4c1627e84d5994cad30bd237bef8 - - default default] No more DHCP agents
2026-09-02 02:30:57.629 9 WARNING neutron.api.rpc.agentnotifiers.dhcp_rpc_agent_api [None req-dbb27f15-a2cf-41a4-9ae4-898b6db27aa5 478b057fb4cd4c10b8e7ecddd6539a61 22af4c1627e84d5994cad30bd237bef8 - - default default] Unable to schedule network 4206b9f7-5248-4583-bf75-821212bca669: no agents available; will retry on subsequent port and subnet creation events.
2026-09-02 02:30:57.694 9 INFO neutron.db.ovn_revision_numbers_db [None req-dbb27f15-a2cf-41a4-9ae4-898b6db27aa5 478b057fb4cd4c10b8e7ecddd6539a61 22af4c1627e84d5994cad30bd237bef8 - - default default] Successfully bumped revision number for resource 654abbb3-e54e-44f1-b9df-16621ee45d65 (type: ports) to 1
2026-09-02 02:30:57.721 9 INFO neutron.wsgi [None req-dbb27f15-a2cf-41a4-9ae4-898b6db27aa5 478b057fb4cd4c10b8e7ecddd6539a61 22af4c1627e84d5994cad30bd237bef8 - - default default] 10.0.0.224 "POST /v2.0/networks HTTP/1.1" status: 201 len: 828 time: 0.4671638
2026-09-02 02:30:57.764 10 INFO neutron.services.segments.plugin [-] Segment 85793331-736e-43fe-943e-a091857d78a8 resource provider aggregate not found
2026-09-02 02:30:57.794 10 INFO neutron.services.segments.plugin [-] Segment 85793331-736e-43fe-943e-a091857d78a8 resource provider not found; error: Placement Client Error (4xx): {"errors": [{"status": 404, "title": "Not Found", "detail": "The resource could not be found.\n\n No resource provider with uuid 85793331-736e-43fe-943e-a091857d78a8 found for delete ", "request_id": "req-e098b52e-ba78-481f-ae35-e76905e38370"}]}
2026-09-02 02:30:57.797 10 INFO neutron.services.segments.plugin [-] Segment 85793331-736e-43fe-943e-a091857d78a8 resource provider aggregate not found
2026-09-02 02:30:57.826 10 INFO neutron.services.segments.plugin [-] Segment 85793331-736e-43fe-943e-a091857d78a8 resource provider not found; error: Placement Client Error (4xx): {"errors": [{"status": 404, "title": "Not Found", "detail": "The resource could not be found.\n\n No resource provider with uuid 85793331-736e-43fe-943e-a091857d78a8 found for delete ", "request_id": "req-cc6844ec-379d-40e9-b3a0-0bd4df18e83e"}]}
2026-09-02 02:30:57.963 9 WARNING neutron.scheduler.dhcp_agent_scheduler [None req-9dcab3a5-fe35-4efb-904f-09bb11df2a33 478b057fb4cd4c10b8e7ecddd6539a61 22af4c1627e84d5994cad30bd237bef8 - - default default] No more DHCP agents
2026-09-02 02:30:57.965 9 WARNING neutron.api.rpc.agentnotifiers.dhcp_rpc_agent_api [None req-9dcab3a5-fe35-4efb-904f-09bb11df2a33 478b057fb4cd4c10b8e7ecddd6539a61 22af4c1627e84d5994cad30bd237bef8 - - default default] Unable to schedule network 4206b9f7-5248-4583-bf75-821212bca669: no agents available; will retry on subsequent port and subnet creation events.
2026-09-02 02:30:58.532 9 WARNING neutron.plugins.ml2.drivers.ovn.mech_driver.ovsdb.ovn_client [None req-4acd870d-c45b-4a81-9b73-b0d4d22bc6fb - - - - - -] No port found with ID e4c541e2-8f22-4504-afc2-11c751095599: RuntimeError: No port found with ID e4c541e2-8f22-4504-afc2-11c751095599
2026-09-02 02:30:58.533 9 INFO neutron.plugins.ml2.drivers.ovn.mech_driver.mech_driver [None req-4acd870d-c45b-4a81-9b73-b0d4d22bc6fb - - - - - -] OVN reports status down for port: 3776bd7a-7e34-47a6-bdef-b63e40a7473b
2026-09-02 02:30:58.660 9 INFO neutron.db.ovn_revision_numbers_db [None req-9dcab3a5-fe35-4efb-904f-09bb11df2a33 478b057fb4cd4c10b8e7ecddd6539a61 22af4c1627e84d5994cad30bd237bef8 - - default default] Successfully bumped revision number for resource 654abbb3-e54e-44f1-b9df-16621ee45d65 (type: ports) to 2
2026-09-02 02:30:58.699 9 INFO neutron.db.ovn_revision_numbers_db [None req-9dcab3a5-fe35-4efb-904f-09bb11df2a33 478b057fb4cd4c10b8e7ecddd6539a61 22af4c1627e84d5994cad30bd237bef8 - - default default] Successfully bumped revision number for resource b1c5c404-bd33-4c52-8fb6-c75fabdb7e5c (type: subnets) to 0
2026-09-02 02:30:58.715 9 INFO neutron.wsgi [None req-9dcab3a5-fe35-4efb-904f-09bb11df2a33 478b057fb4cd4c10b8e7ecddd6539a61 22af4c1627e84d5994cad30bd237bef8 - - default default] 10.0.0.224 "POST /v2.0/subnets HTTP/1.1" status: 201 len: 801 time: 0.9743879
2026-09-02 02:30:58.904 9 INFO neutron.db.ovn_revision_numbers_db [None req-aeab4ce6-a88a-4dbf-8319-ae26c6e6e642 478b057fb4cd4c10b8e7ecddd6539a61 22af4c1627e84d5994cad30bd237bef8 - - default default] Successfully bumped revision number for resource 9468f279-d84a-4a32-8ddc-599ec48b6e60 (type: routers) to 1
2026-09-02 02:30:58.917 9 INFO neutron.wsgi [None req-aeab4ce6-a88a-4dbf-8319-ae26c6e6e642 478b057fb4cd4c10b8e7ecddd6539a61 22af4c1627e84d5994cad30bd237bef8 - - default default] 10.0.0.224 "POST /v2.0/routers HTTP/1.1" status: 201 len: 687 time: 0.1952312
2026-09-02 02:30:59.334 10 WARNING neutron.scheduler.dhcp_agent_scheduler [None req-06ea1b08-f1e6-4481-af87-252203d7df8b 478b057fb4cd4c10b8e7ecddd6539a61 22af4c1627e84d5994cad30bd237bef8 - - default default] No more DHCP agents
2026-09-02 02:30:59.337 10 WARNING neutron.api.rpc.agentnotifiers.dhcp_rpc_agent_api [None req-06ea1b08-f1e6-4481-af87-252203d7df8b 478b057fb4cd4c10b8e7ecddd6539a61 22af4c1627e84d5994cad30bd237bef8 - - default default] Unable to schedule network 4206b9f7-5248-4583-bf75-821212bca669: no agents available; will retry on subsequent port and subnet creation events.
2026-09-02 02:30:59.479 10 INFO neutron.db.ovn_revision_numbers_db [None req-06ea1b08-f1e6-4481-af87-252203d7df8b 478b057fb4cd4c10b8e7ecddd6539a61 22af4c1627e84d5994cad30bd237bef8 - - default default] Successfully bumped revision number for resource 142684b6-da7b-4e52-b092-2fe73063594f (type: ports) to 1
2026-09-02 02:30:59.509 10 INFO neutron.wsgi [None req-06ea1b08-f1e6-4481-af87-252203d7df8b 478b057fb4cd4c10b8e7ecddd6539a61 22af4c1627e84d5994cad30bd237bef8 - - default default] 10.0.0.224 "POST /v2.0/ports HTTP/1.1" status: 201 len: 1151 time: 0.5867765 /var/lib/openstack/lib/python3.10/site-packages/pycadf/identifier.py:71: UserWarning: Invalid uuid: neutron. To ensure interoperability, identifiers should be a valid uuid. warnings.warn(('Invalid uuid: %s. To ensure interoperability, '
2026-09-02 02:30:59.886 9 INFO neutron.plugins.ml2.drivers.ovn.mech_driver.mech_driver [None req-4acd870d-c45b-4a81-9b73-b0d4d22bc6fb - - - - - -] OVN reports status up for port: 142684b6-da7b-4e52-b092-2fe73063594f
2026-09-02 02:30:59.897 9 INFO neutron.plugins.ml2.plugin [None req-4acd870d-c45b-4a81-9b73-b0d4d22bc6fb - - - - - -] Attempt 1 to provision port 142684b6-da7b-4e52-b092-2fe73063594f
2026-09-02 02:30:59.911 10 INFO neutron.db.ovn_revision_numbers_db [None req-2859291e-b7ee-47c2-bda8-c11ff5f73dcc 478b057fb4cd4c10b8e7ecddd6539a61 22af4c1627e84d5994cad30bd237bef8 - - default default] Successfully bumped revision number for resource 142684b6-da7b-4e52-b092-2fe73063594f (type: router_ports) to 2
2026-09-02 02:31:00.132 10 INFO neutron.db.ovn_revision_numbers_db [None req-2859291e-b7ee-47c2-bda8-c11ff5f73dcc 478b057fb4cd4c10b8e7ecddd6539a61 22af4c1627e84d5994cad30bd237bef8 - - default default] Successfully bumped revision number for resource 142684b6-da7b-4e52-b092-2fe73063594f (type: ports) to 2
2026-09-02 02:31:00.233 9 INFO neutron.db.ovn_revision_numbers_db [None req-4acd870d-c45b-4a81-9b73-b0d4d22bc6fb - - - - - -] Successfully bumped revision number for resource 142684b6-da7b-4e52-b092-2fe73063594f (type: ports) to 3
2026-09-02 02:31:00.418 9 INFO neutron.db.ovn_revision_numbers_db [None req-4acd870d-c45b-4a81-9b73-b0d4d22bc6fb - - - - - -] Successfully bumped revision number for resource 142684b6-da7b-4e52-b092-2fe73063594f (type: router_ports) to 3
2026-09-02 02:31:00.625 10 INFO neutron.db.ovn_revision_numbers_db [None req-2859291e-b7ee-47c2-bda8-c11ff5f73dcc 478b057fb4cd4c10b8e7ecddd6539a61 22af4c1627e84d5994cad30bd237bef8 - - default default] Successfully bumped revision number for resource 142684b6-da7b-4e52-b092-2fe73063594f (type: ports) to 3
2026-09-02 02:31:00.646 9 INFO neutron.wsgi [-] 10.0.0.191 "GET / HTTP/1.1" status: 200 len: 245 time: 0.0018415
2026-09-02 02:31:00.648 9 INFO neutron.wsgi [-] 10.0.0.191 "GET / HTTP/1.1" status: 200 len: 245 time: 0.0013988
2026-09-02 02:31:00.673 10 WARNING neutron.scheduler.dhcp_agent_scheduler [None req-2859291e-b7ee-47c2-bda8-c11ff5f73dcc 478b057fb4cd4c10b8e7ecddd6539a61 22af4c1627e84d5994cad30bd237bef8 - - default default] No more DHCP agents
2026-09-02 02:31:00.674 10 WARNING neutron.api.rpc.agentnotifiers.dhcp_rpc_agent_api [None req-2859291e-b7ee-47c2-bda8-c11ff5f73dcc 478b057fb4cd4c10b8e7ecddd6539a61 22af4c1627e84d5994cad30bd237bef8 - - default default] Unable to schedule network 4206b9f7-5248-4583-bf75-821212bca669: no agents available; will retry on subsequent port and subnet creation events. /var/lib/openstack/lib/python3.10/site-packages/pycadf/identifier.py:71: UserWarning: Invalid uuid: neutron. To ensure interoperability, identifiers should be a valid uuid. warnings.warn(('Invalid uuid: %s. To ensure interoperability, '
2026-09-02 02:31:00.880 10 INFO neutron.db.ovn_revision_numbers_db [None req-2859291e-b7ee-47c2-bda8-c11ff5f73dcc 478b057fb4cd4c10b8e7ecddd6539a61 22af4c1627e84d5994cad30bd237bef8 - - default default] Successfully bumped revision number for resource 142684b6-da7b-4e52-b092-2fe73063594f (type: router_ports) to 3
2026-09-02 02:31:00.884 10 INFO neutron.wsgi [None req-2859291e-b7ee-47c2-bda8-c11ff5f73dcc 478b057fb4cd4c10b8e7ecddd6539a61 22af4c1627e84d5994cad30bd237bef8 - - default default] 10.0.0.224 "PUT /v2.0/routers/9468f279-d84a-4a32-8ddc-599ec48b6e60/add_router_interface HTTP/1.1" status: 200 len: 503 time: 1.3688304 /var/lib/openstack/lib/python3.10/site-packages/pycadf/identifier.py:71: UserWarning: Invalid uuid: neutron. To ensure interoperability, identifiers should be a valid uuid. warnings.warn(('Invalid uuid: %s. To ensure interoperability, '
2026-09-02 02:31:00.935 9 INFO neutron.db.ovn_revision_numbers_db [None req-baf445d5-4738-447f-93e8-7bc24b1b1008 e2d40b800ac14356b5a90e2b3f34a419 bbb35c0567f34044ba052b2e71596e82 - - default default] Successfully bumped revision number for resource 8903f8c0-6169-4964-b8a3-0500b2305053 (type: security_groups) to 1
2026-09-02 02:31:00.948 9 INFO neutron.db.ovn_revision_numbers_db [None req-baf445d5-4738-447f-93e8-7bc24b1b1008 e2d40b800ac14356b5a90e2b3f34a419 bbb35c0567f34044ba052b2e71596e82 - - default default] Successfully bumped revision number for resource 4bceae8e-a47c-4d7f-9d3c-71dbc16a714b (type: security_group_rules) to 0
2026-09-02 02:31:00.960 9 INFO neutron.db.ovn_revision_numbers_db [None req-baf445d5-4738-447f-93e8-7bc24b1b1008 e2d40b800ac14356b5a90e2b3f34a419 bbb35c0567f34044ba052b2e71596e82 - - default default] Successfully bumped revision number for resource 9657a68c-4248-460b-89c1-5a273d357ee8 (type: security_group_rules) to 0
2026-09-02 02:31:00.984 10 INFO neutron.wsgi [None req-28061f07-518d-4df7-be56-381e8c3c25d9 478b057fb4cd4c10b8e7ecddd6539a61 22af4c1627e84d5994cad30bd237bef8 - - default default] 10.0.0.224 "GET /v2.0/ports/142684b6-da7b-4e52-b092-2fe73063594f HTTP/1.1" status: 200 len: 1209 time: 0.0954864
2026-09-02 02:31:00.985 9 INFO neutron.db.ovn_revision_numbers_db [None req-baf445d5-4738-447f-93e8-7bc24b1b1008 e2d40b800ac14356b5a90e2b3f34a419 bbb35c0567f34044ba052b2e71596e82 - - default default] Successfully bumped revision number for resource 9cbab822-0dea-4aa2-a7a4-86e94873ef9b (type: security_group_rules) to 0
2026-09-02 02:31:01.000 9 INFO neutron.db.ovn_revision_numbers_db [None req-baf445d5-4738-447f-93e8-7bc24b1b1008 e2d40b800ac14356b5a90e2b3f34a419 bbb35c0567f34044ba052b2e71596e82 - - default default] Successfully bumped revision number for resource f947ec03-0c86-4478-8e91-8b0f2b63bc01 (type: security_group_rules) to 0
2026-09-02 02:31:01.023 9 INFO neutron.wsgi [None req-baf445d5-4738-447f-93e8-7bc24b1b1008 e2d40b800ac14356b5a90e2b3f34a419 bbb35c0567f34044ba052b2e71596e82 - - default default] 10.0.0.224 "GET /v2.0/security-groups?tenant_id=0756372428c7421bb458ece0e0e66ef7&name=default HTTP/1.1" status: 200 len: 2996 time: 0.4115205
2026-09-02 02:31:01.207 9 INFO neutron.wsgi [None req-c823360c-d418-4ecc-865c-ba2f7a030795 e2d40b800ac14356b5a90e2b3f34a419 bbb35c0567f34044ba052b2e71596e82 - - default default] 10.0.0.224 "DELETE /v2.0/security-groups/8903f8c0-6169-4964-b8a3-0500b2305053 HTTP/1.1" status: 204 len: 168 time: 0.1765792
2026-09-02 02:31:01.561 9 INFO neutron.db.ovn_revision_numbers_db [None req-896867b0-4df8-489f-a99f-99892c9ba001 e2d40b800ac14356b5a90e2b3f34a419 bbb35c0567f34044ba052b2e71596e82 - - default default] Successfully bumped revision number for resource 4f9d6dad-4b3b-43dc-8804-8199a04a1253 (type: security_groups) to 1
2026-09-02 02:31:01.580 9 INFO neutron.db.ovn_revision_numbers_db [None req-896867b0-4df8-489f-a99f-99892c9ba001 e2d40b800ac14356b5a90e2b3f34a419 bbb35c0567f34044ba052b2e71596e82 - - default default] Successfully bumped revision number for resource 0fef1ec4-b88e-4912-855b-1c31f4578dc8 (type: security_group_rules) to 0
2026-09-02 02:31:01.596 9 INFO neutron.db.ovn_revision_numbers_db [None req-896867b0-4df8-489f-a99f-99892c9ba001 e2d40b800ac14356b5a90e2b3f34a419 bbb35c0567f34044ba052b2e71596e82 - - default default] Successfully bumped revision number for resource 11c61cbf-e0bd-407d-8e0e-412f1ff947be (type: security_group_rules) to 0
2026-09-02 02:31:01.614 9 INFO neutron.db.ovn_revision_numbers_db [None req-896867b0-4df8-489f-a99f-99892c9ba001 e2d40b800ac14356b5a90e2b3f34a419 bbb35c0567f34044ba052b2e71596e82 - - default default] Successfully bumped revision number for resource 912a7b1f-fbfc-4a90-82be-4d98d3ff4c31 (type: security_group_rules) to 0
2026-09-02 02:31:01.632 9 INFO neutron.db.ovn_revision_numbers_db [None req-896867b0-4df8-489f-a99f-99892c9ba001 e2d40b800ac14356b5a90e2b3f34a419 bbb35c0567f34044ba052b2e71596e82 - - default default] Successfully bumped revision number for resource c13fa8df-48b9-4d97-a0fc-d0082be89633 (type: security_group_rules) to 0
2026-09-02 02:31:01.657 9 INFO neutron.wsgi [None req-896867b0-4df8-489f-a99f-99892c9ba001 e2d40b800ac14356b5a90e2b3f34a419 bbb35c0567f34044ba052b2e71596e82 - - default default] 10.0.0.224 "GET /v2.0/security-groups?tenant_id=df478cf6f4d1429aad9a2347bb467b9a&name=default HTTP/1.1" status: 200 len: 2996 time: 0.2313356
2026-09-02 02:31:01.862 9 INFO neutron.wsgi [None req-51cafc92-1f1f-4fe4-bf77-f6d9e0627092 e2d40b800ac14356b5a90e2b3f34a419 bbb35c0567f34044ba052b2e71596e82 - - default default] 10.0.0.224 "DELETE /v2.0/security-groups/4f9d6dad-4b3b-43dc-8804-8199a04a1253 HTTP/1.1" status: 204 len: 168 time: 0.1995070
2026-09-02 02:31:02.009 10 INFO neutron.wsgi [None req-25fc42fd-85b7-41f5-a4f5-18bae944914f 478b057fb4cd4c10b8e7ecddd6539a61 22af4c1627e84d5994cad30bd237bef8 - - default default] 10.0.0.224 "PUT /v2.0/routers/9468f279-d84a-4a32-8ddc-599ec48b6e60/remove_router_interface HTTP/1.1" status: 200 len: 503 time: 1.0201766
2026-09-02 02:31:02.126 9 INFO neutron.api.v2.resource [None req-8ae59255-6ece-4dd0-a91a-ce8b3c502955 478b057fb4cd4c10b8e7ecddd6539a61 22af4c1627e84d5994cad30bd237bef8 - - default default] remove_router_interface failed (client error): The resource could not be found.
2026-09-02 02:31:02.127 9 INFO neutron.wsgi [None req-8ae59255-6ece-4dd0-a91a-ce8b3c502955 478b057fb4cd4c10b8e7ecddd6539a61 22af4c1627e84d5994cad30bd237bef8 - - default default] 10.0.0.224 "PUT /v2.0/routers/9468f279-d84a-4a32-8ddc-599ec48b6e60/remove_router_interface HTTP/1.1" status: 404 len: 398 time: 0.1116717
2026-09-02 02:31:02.162 9 INFO neutron.wsgi [None req-fe34c6aa-a3ca-4e73-9022-cab541404faf 478b057fb4cd4c10b8e7ecddd6539a61 22af4c1627e84d5994cad30bd237bef8 - - default default] 10.0.0.224 "GET /v2.0/ports?device_id=9468f279-d84a-4a32-8ddc-599ec48b6e60 HTTP/1.1" status: 200 len: 205 time: 0.0284748
2026-09-02 02:31:02.381 9 INFO neutron.wsgi [None req-a50889de-038b-4309-a202-2bee4428f507 478b057fb4cd4c10b8e7ecddd6539a61 22af4c1627e84d5994cad30bd237bef8 - - default default] 10.0.0.224 "DELETE /v2.0/routers/9468f279-d84a-4a32-8ddc-599ec48b6e60 HTTP/1.1" status: 204 len: 168 time: 0.2143219
2026-09-02 02:31:02.630 9 INFO neutron.wsgi [None req-53bef555-bbb4-4000-b0df-939c6f004952 478b057fb4cd4c10b8e7ecddd6539a61 22af4c1627e84d5994cad30bd237bef8 - - default default] 10.0.0.224 "DELETE /v2.0/subnets/b1c5c404-bd33-4c52-8fb6-c75fabdb7e5c HTTP/1.1" status: 204 len: 168 time: 0.2443585
2026-09-02 02:31:03.003 9 INFO neutron.services.segments.plugin [-] Segment f4e51a1f-e851-4e3a-a687-2c82e9bb8298 resource provider aggregate not found
2026-09-02 02:31:03.008 9 INFO neutron.services.segments.plugin [-] Segment f4e51a1f-e851-4e3a-a687-2c82e9bb8298 resource provider aggregate not found
2026-09-02 02:31:03.024 9 INFO neutron.services.segments.plugin [-] Segment f4e51a1f-e851-4e3a-a687-2c82e9bb8298 resource provider not found; error: Placement Client Error (4xx): {"errors": [{"status": 404, "title": "Not Found", "detail": "The resource could not be found.\n\n No resource provider with uuid f4e51a1f-e851-4e3a-a687-2c82e9bb8298 found for delete ", "request_id": "req-93984e2c-2b46-4a18-8121-6d5269576a4a"}]}
2026-09-02 02:31:03.040 9 INFO neutron.services.segments.plugin [-] Segment f4e51a1f-e851-4e3a-a687-2c82e9bb8298 resource provider not found; error: Placement Client Error (4xx): {"errors": [{"status": 404, "title": "Not Found", "detail": "The resource could not be found.\n\n No resource provider with uuid f4e51a1f-e851-4e3a-a687-2c82e9bb8298 found for delete ", "request_id": "req-aee26089-3261-4b27-bc98-d5609ce83de3"}]}
2026-09-02 02:31:03.067 9 INFO neutron.wsgi [None req-b500dffa-2778-4ea7-a642-5e4c7e3ae726 478b057fb4cd4c10b8e7ecddd6539a61 22af4c1627e84d5994cad30bd237bef8 - - default default] 10.0.0.224 "DELETE /v2.0/networks/4206b9f7-5248-4583-bf75-821212bca669 HTTP/1.1" status: 204 len: 168 time: 0.4317122
2026-09-02 02:31:03.176 9 INFO neutron.db.segments_db [None req-14aa8b20-441e-451c-81aa-7f04bd554eaa 478b057fb4cd4c10b8e7ecddd6539a61 22af4c1627e84d5994cad30bd237bef8 - - default default] Added segment c1cb1c5a-d7f9-4afb-8c7b-aaf07eb10159 of type geneve for network 6b7c9aa3-02a4-4b2a-85a2-e73f3d356856
2026-09-02 02:31:03.312 9 INFO neutron.db.ovn_revision_numbers_db [None req-14aa8b20-441e-451c-81aa-7f04bd554eaa 478b057fb4cd4c10b8e7ecddd6539a61 22af4c1627e84d5994cad30bd237bef8 - - default default] Successfully bumped revision number for resource 6b7c9aa3-02a4-4b2a-85a2-e73f3d356856 (type: networks) to 1 /var/lib/openstack/lib/python3.10/site-packages/pycadf/identifier.py:71: UserWarning: Invalid uuid: neutron. To ensure interoperability, identifiers should be a valid uuid. warnings.warn(('Invalid uuid: %s. To ensure interoperability, '
2026-09-02 02:31:03.476 9 WARNING neutron.scheduler.dhcp_agent_scheduler [None req-14aa8b20-441e-451c-81aa-7f04bd554eaa 478b057fb4cd4c10b8e7ecddd6539a61 22af4c1627e84d5994cad30bd237bef8 - - default default] No more DHCP agents
2026-09-02 02:31:03.479 9 WARNING neutron.api.rpc.agentnotifiers.dhcp_rpc_agent_api [None req-14aa8b20-441e-451c-81aa-7f04bd554eaa 478b057fb4cd4c10b8e7ecddd6539a61 22af4c1627e84d5994cad30bd237bef8 - - default default] Unable to schedule network 6b7c9aa3-02a4-4b2a-85a2-e73f3d356856: no agents available; will retry on subsequent port and subnet creation events.
2026-09-02 02:31:03.583 10 INFO neutron.db.ovn_revision_numbers_db [None req-565ca3c2-b48d-4523-b6a9-e8c921c6804a e2d40b800ac14356b5a90e2b3f34a419 bbb35c0567f34044ba052b2e71596e82 - - default default] Successfully bumped revision number for resource b69976f3-239e-4de6-84a6-2f112b164762 (type: security_groups) to 1
2026-09-02 02:31:03.589 9 INFO neutron.db.ovn_revision_numbers_db [None req-14aa8b20-441e-451c-81aa-7f04bd554eaa 478b057fb4cd4c10b8e7ecddd6539a61 22af4c1627e84d5994cad30bd237bef8 - - default default] Successfully bumped revision number for resource 2ceebeb6-6503-48aa-9155-b2ef6fec3dd0 (type: ports) to 1
2026-09-02 02:31:03.607 10 INFO neutron.db.ovn_revision_numbers_db [None req-565ca3c2-b48d-4523-b6a9-e8c921c6804a e2d40b800ac14356b5a90e2b3f34a419 bbb35c0567f34044ba052b2e71596e82 - - default default] Successfully bumped revision number for resource 2b81b87e-669d-43f3-a7a9-bc83b91f3823 (type: security_group_rules) to 0
2026-09-02 02:31:03.627 10 INFO neutron.db.ovn_revision_numbers_db [None req-565ca3c2-b48d-4523-b6a9-e8c921c6804a e2d40b800ac14356b5a90e2b3f34a419 bbb35c0567f34044ba052b2e71596e82 - - default default] Successfully bumped revision number for resource 2cc9af1c-7dc9-4975-b840-247dfe06bf42 (type: security_group_rules) to 0
2026-09-02 02:31:03.628 9 INFO neutron.wsgi [None req-14aa8b20-441e-451c-81aa-7f04bd554eaa 478b057fb4cd4c10b8e7ecddd6539a61 22af4c1627e84d5994cad30bd237bef8 - - default default] 10.0.0.224 "POST /v2.0/networks HTTP/1.1" status: 201 len: 828 time: 0.5505290
2026-09-02 02:31:03.645 10 INFO neutron.db.ovn_revision_numbers_db [None req-565ca3c2-b48d-4523-b6a9-e8c921c6804a e2d40b800ac14356b5a90e2b3f34a419 bbb35c0567f34044ba052b2e71596e82 - - default default] Successfully bumped revision number for resource da955325-ffb6-4f92-ad0b-864dca0b39b8 (type: security_group_rules) to 0
2026-09-02 02:31:03.665 10 INFO neutron.db.ovn_revision_numbers_db [None req-565ca3c2-b48d-4523-b6a9-e8c921c6804a e2d40b800ac14356b5a90e2b3f34a419 bbb35c0567f34044ba052b2e71596e82 - - default default] Successfully bumped revision number for resource eb2b562a-9f7b-4478-9793-13cf26bc484c (type: security_group_rules) to 0
2026-09-02 02:31:03.692 10 INFO neutron.wsgi [None req-565ca3c2-b48d-4523-b6a9-e8c921c6804a e2d40b800ac14356b5a90e2b3f34a419 bbb35c0567f34044ba052b2e71596e82 - - default default] 10.0.0.224 "GET /v2.0/security-groups?tenant_id=d2d6496377a74ebc8da70e837ce1026f&name=default HTTP/1.1" status: 200 len: 2996 time: 0.4539621
2026-09-02 02:31:03.849 9 WARNING neutron.scheduler.dhcp_agent_scheduler [None req-b31b6dd2-6422-4d43-954c-bb33d4ae8d19 478b057fb4cd4c10b8e7ecddd6539a61 22af4c1627e84d5994cad30bd237bef8 - - default default] No more DHCP agents
2026-09-02 02:31:03.851 9 WARNING neutron.api.rpc.agentnotifiers.dhcp_rpc_agent_api [None req-b31b6dd2-6422-4d43-954c-bb33d4ae8d19 478b057fb4cd4c10b8e7ecddd6539a61 22af4c1627e84d5994cad30bd237bef8 - - default default] Unable to schedule network 6b7c9aa3-02a4-4b2a-85a2-e73f3d356856: no agents available; will retry on subsequent port and subnet creation events.
2026-09-02 02:31:03.851 10 INFO neutron.wsgi [None req-e4548076-c0c6-45b8-af8d-dee9302d063d e2d40b800ac14356b5a90e2b3f34a419 bbb35c0567f34044ba052b2e71596e82 - - default default] 10.0.0.224 "DELETE /v2.0/security-groups/b69976f3-239e-4de6-84a6-2f112b164762 HTTP/1.1" status: 204 len: 168 time: 0.1543016
2026-09-02 02:31:04.160 9 INFO neutron.db.ovn_revision_numbers_db [None req-2ea1986c-7ede-4ac5-801d-b41c652bd393 e2d40b800ac14356b5a90e2b3f34a419 bbb35c0567f34044ba052b2e71596e82 - - default default] Successfully bumped revision number for resource 0137ac0c-263d-4470-a929-fb3dd797e5ee (type: security_groups) to 1
2026-09-02 02:31:04.187 9 INFO neutron.db.ovn_revision_numbers_db [None req-2ea1986c-7ede-4ac5-801d-b41c652bd393 e2d40b800ac14356b5a90e2b3f34a419 bbb35c0567f34044ba052b2e71596e82 - - default default] Successfully bumped revision number for resource 26309a6c-64e9-4acb-b6d9-8e16a5e97f6d (type: security_group_rules) to 0
2026-09-02 02:31:04.217 9 INFO neutron.db.ovn_revision_numbers_db [None req-2ea1986c-7ede-4ac5-801d-b41c652bd393 e2d40b800ac14356b5a90e2b3f34a419 bbb35c0567f34044ba052b2e71596e82 - - default default] Successfully bumped revision number for resource c0ccfcd2-890b-4bb1-8c1f-1f2a99f57cc2 (type: security_group_rules) to 0
2026-09-02 02:31:04.231 9 INFO neutron.db.ovn_revision_numbers_db [None req-2ea1986c-7ede-4ac5-801d-b41c652bd393 e2d40b800ac14356b5a90e2b3f34a419 bbb35c0567f34044ba052b2e71596e82 - - default default] Successfully bumped revision number for resource daf72c59-c17e-41d3-8f8c-0c95dbc3fc94 (type: security_group_rules) to 0
2026-09-02 02:31:04.244 9 INFO neutron.db.ovn_revision_numbers_db [None req-2ea1986c-7ede-4ac5-801d-b41c652bd393 e2d40b800ac14356b5a90e2b3f34a419 bbb35c0567f34044ba052b2e71596e82 - - default default] Successfully bumped revision number for resource deaee54f-6f0a-4070-a07b-3cc10a06a5f9 (type: security_group_rules) to 0
2026-09-02 02:31:04.270 9 INFO neutron.wsgi [None req-2ea1986c-7ede-4ac5-801d-b41c652bd393 e2d40b800ac14356b5a90e2b3f34a419 bbb35c0567f34044ba052b2e71596e82 - - default default] 10.0.0.224 "GET /v2.0/security-groups?tenant_id=446e7232241545aa934404617180a2ab&name=default HTTP/1.1" status: 200 len: 2996 time: 0.2597785
2026-09-02 02:31:04.377 9 INFO neutron.db.ovn_revision_numbers_db [None req-b31b6dd2-6422-4d43-954c-bb33d4ae8d19 478b057fb4cd4c10b8e7ecddd6539a61 22af4c1627e84d5994cad30bd237bef8 - - default default] Successfully bumped revision number for resource 2ceebeb6-6503-48aa-9155-b2ef6fec3dd0 (type: ports) to 2
2026-09-02 02:31:04.415 9 INFO neutron.db.ovn_revision_numbers_db [None req-b31b6dd2-6422-4d43-954c-bb33d4ae8d19 478b057fb4cd4c10b8e7ecddd6539a61 22af4c1627e84d5994cad30bd237bef8 - - default default] Successfully bumped revision number for resource 11e07369-8ad4-4c00-af88-6201a37ad572 (type: subnets) to 0
2026-09-02 02:31:04.432 9 INFO neutron.wsgi [None req-b31b6dd2-6422-4d43-954c-bb33d4ae8d19 478b057fb4cd4c10b8e7ecddd6539a61 22af4c1627e84d5994cad30bd237bef8 - - default default] 10.0.0.224 "POST /v2.0/subnets HTTP/1.1" status: 201 len: 801 time: 0.7989106
2026-09-02 02:31:04.641 10 INFO neutron.db.ovn_revision_numbers_db [None req-3c27b624-3255-4a82-b5ae-76526c9a9651 478b057fb4cd4c10b8e7ecddd6539a61 22af4c1627e84d5994cad30bd237bef8 - - default default] Successfully bumped revision number for resource 7cc2d360-c3a2-401a-87c0-f8b7e996ccac (type: routers) to 1
2026-09-02 02:31:04.653 10 INFO neutron.wsgi [None req-3c27b624-3255-4a82-b5ae-76526c9a9651 478b057fb4cd4c10b8e7ecddd6539a61 22af4c1627e84d5994cad30bd237bef8 - - default default] 10.0.0.224 "POST /v2.0/routers HTTP/1.1" status: 201 len: 687 time: 0.2155263
