May 09 07:24:28.347025 np0000172993 neutron-periodic-workers[105028]: DEBUG cotyledon.oslo_config_glue [-] network_log.local_output_log_base = None {{(pid=105028) log_opt_values /opt/stack/data/venv/lib/python3.12/site-packages/oslo_config/cfg.py:3006}}
May 09 07:24:28.347072 np0000172993 neutron-periodic-workers[105028]: DEBUG cotyledon.oslo_config_glue [-] network_log.rate_limit = 100 {{(pid=105028) log_opt_values /opt/stack/data/venv/lib/python3.12/site-packages/oslo_config/cfg.py:3006}}
May 09 07:24:28.347132 np0000172993 neutron-periodic-workers[105028]: DEBUG cotyledon.oslo_config_glue [-] database.asyncio_connection = **** {{(pid=105028) log_opt_values /opt/stack/data/venv/lib/python3.12/site-packages/oslo_config/cfg.py:3006}}
May 09 07:24:28.347183 np0000172993 neutron-periodic-workers[105028]: DEBUG cotyledon.oslo_config_glue [-] database.asyncio_slave_connection = **** {{(pid=105028) log_opt_values /opt/stack/data/venv/lib/python3.12/site-packages/oslo_config/cfg.py:3006}}
May 09 07:24:28.347236 np0000172993 neutron-periodic-workers[105028]: DEBUG cotyledon.oslo_config_glue [-] database.backend = sqlalchemy {{(pid=105028) log_opt_values /opt/stack/data/venv/lib/python3.12/site-packages/oslo_config/cfg.py:3006}}
May 09 07:24:28.347284 np0000172993 neutron-periodic-workers[105028]: DEBUG cotyledon.oslo_config_glue [-] database.connection = **** {{(pid=105028) log_opt_values /opt/stack/data/venv/lib/python3.12/site-packages/oslo_config/cfg.py:3006}}
May 09 07:24:28.347349 np0000172993 neutron-periodic-workers[105028]: DEBUG cotyledon.oslo_config_glue [-] database.connection_debug = 0 {{(pid=105028) log_opt_values /opt/stack/data/venv/lib/python3.12/site-packages/oslo_config/cfg.py:3006}}
May 09 07:24:28.347399 np0000172993 neutron-periodic-workers[105028]: DEBUG cotyledon.oslo_config_glue [-] database.connection_parameters = {{(pid=105028) log_opt_values /opt/stack/data/venv/lib/python3.12/site-packages/oslo_config/cfg.py:3006}}
May 09 07:24:28.347472 np0000172993 neutron-periodic-workers[105028]: DEBUG cotyledon.oslo_config_glue [-] database.connection_recycle_time = 3600 {{(pid=105028) log_opt_values /opt/stack/data/venv/lib/python3.12/site-packages/oslo_config/cfg.py:3006}}
May 09 07:24:28.347521 np0000172993 neutron-periodic-workers[105028]: DEBUG cotyledon.oslo_config_glue [-] database.connection_trace = False {{(pid=105028) log_opt_values /opt/stack/data/venv/lib/python3.12/site-packages/oslo_config/cfg.py:3006}}
May 09 07:24:28.347571 np0000172993 neutron-periodic-workers[105028]: DEBUG cotyledon.oslo_config_glue [-] database.db_inc_retry_interval = True {{(pid=105028) log_opt_values /opt/stack/data/venv/lib/python3.12/site-packages/oslo_config/cfg.py:3006}}
May 09 07:24:28.347571 np0000172993 neutron-periodic-workers[105028]: DEBUG cotyledon.oslo_config_glue [-] database.db_max_retries = 20 {{(pid=105028) log_opt_values /opt/stack/data/venv/lib/python3.12/site-packages/oslo_config/cfg.py:3006}}
May 09 07:24:28.347636 np0000172993 neutron-periodic-workers[105028]: DEBUG cotyledon.oslo_config_glue [-] database.db_max_retry_interval = 10 {{(pid=105028) log_opt_values /opt/stack/data/venv/lib/python3.12/site-packages/oslo_config/cfg.py:3006}}
May 09 07:24:28.347667 np0000172993 neutron-periodic-workers[105028]: DEBUG cotyledon.oslo_config_glue [-] database.db_retry_interval = 1 {{(pid=105028) log_opt_values /opt/stack/data/venv/lib/python3.12/site-packages/oslo_config/cfg.py:3006}}
May 09 07:24:28.347697 np0000172993 neutron-periodic-workers[105028]: DEBUG cotyledon.oslo_config_glue [-] database.max_overflow = 50 {{(pid=105028) log_opt_values /opt/stack/data/venv/lib/python3.12/site-packages/oslo_config/cfg.py:3006}}
May 09 07:24:28.347728 np0000172993 neutron-periodic-workers[105028]: DEBUG cotyledon.oslo_config_glue [-] database.max_pool_size = 5 {{(pid=105028) log_opt_values /opt/stack/data/venv/lib/python3.12/site-packages/oslo_config/cfg.py:3006}}
May 09 07:24:28.347757 np0000172993 neutron-periodic-workers[105028]: DEBUG cotyledon.oslo_config_glue [-] database.max_retries = 10 {{(pid=105028) log_opt_values /opt/stack/data/venv/lib/python3.12/site-packages/oslo_config/cfg.py:3006}}
May 09 07:24:28.347806 np0000172993 neutron-periodic-workers[105028]: DEBUG cotyledon.oslo_config_glue [-] database.mysql_sql_mode = TRADITIONAL {{(pid=105028) log_opt_values /opt/stack/data/venv/lib/python3.12/site-packages/oslo_config/cfg.py:3006}}
May 09 07:24:28.347850 np0000172993 neutron-periodic-workers[105028]: DEBUG cotyledon.oslo_config_glue [-] database.mysql_wsrep_sync_wait = None {{(pid=105028) log_opt_values /opt/stack/data/venv/lib/python3.12/site-packages/oslo_config/cfg.py:3006}}
May 09 07:24:28.347882 np0000172993 neutron-periodic-workers[105028]: DEBUG cotyledon.oslo_config_glue [-] database.pool_timeout = None {{(pid=105028) log_opt_values /opt/stack/data/venv/lib/python3.12/site-packages/oslo_config/cfg.py:3006}}
May 09 07:24:28.347922 np0000172993 neutron-periodic-workers[105028]: DEBUG cotyledon.oslo_config_glue [-] database.retry_interval = 10 {{(pid=105028) log_opt_values /opt/stack/data/venv/lib/python3.12/site-packages/oslo_config/cfg.py:3006}}
May 09 07:24:28.347977 np0000172993 neutron-periodic-workers[105028]: DEBUG cotyledon.oslo_config_glue [-] database.slave_connection = **** {{(pid=105028) log_opt_values /opt/stack/data/venv/lib/python3.12/site-packages/oslo_config/cfg.py:3006}}
May 09 07:24:28.348021 np0000172993 neutron-periodic-workers[105028]: DEBUG cotyledon.oslo_config_glue [-] database.sqlite_synchronous = True {{(pid=105028) log_opt_values /opt/stack/data/venv/lib/python3.12/site-packages/oslo_config/cfg.py:3006}}
May 09 07:24:28.348083 np0000172993 neutron-periodic-workers[105028]: DEBUG cotyledon.oslo_config_glue [-] database.synchronous_reader = True {{(pid=105028) log_opt_values /opt/stack/data/venv/lib/python3.12/site-packages/oslo_config/cfg.py:3006}}
May 09 07:24:28.348133 np0000172993 neutron-periodic-workers[105028]: DEBUG cotyledon.oslo_config_glue [-] database.use_db_reconnect = False {{(pid=105028) log_opt_values /opt/stack/data/venv/lib/python3.12/site-packages/oslo_config/cfg.py:3006}}
May 09 07:24:28.348213 np0000172993 neutron-periodic-workers[105028]: DEBUG cotyledon.oslo_config_glue [-] ovn.bfd_min_rx = 1000 {{(pid=105028) log_opt_values /opt/stack/data/venv/lib/python3.12/site-packages/oslo_config/cfg.py:3006}}
May 09 07:24:28.348262 np0000172993 neutron-periodic-workers[105028]: DEBUG cotyledon.oslo_config_glue [-] ovn.bfd_min_tx = 100 {{(pid=105028) log_opt_values /opt/stack/data/venv/lib/python3.12/site-packages/oslo_config/cfg.py:3006}}
May 09 07:24:28.348304 np0000172993 neutron-periodic-workers[105028]: DEBUG cotyledon.oslo_config_glue [-] ovn.bfd_mult = 3 {{(pid=105028) log_opt_values /opt/stack/data/venv/lib/python3.12/site-packages/oslo_config/cfg.py:3006}}
May 09 07:24:28.348353 np0000172993 neutron-periodic-workers[105028]: DEBUG cotyledon.oslo_config_glue [-] ovn.broadcast_arps_to_all_routers = True {{(pid=105028) log_opt_values /opt/stack/data/venv/lib/python3.12/site-packages/oslo_config/cfg.py:3006}}
May 09 07:24:28.348402 np0000172993 neutron-periodic-workers[105028]: DEBUG cotyledon.oslo_config_glue [-] ovn.dhcp_default_lease_time = 43200 {{(pid=105028) log_opt_values /opt/stack/data/venv/lib/python3.12/site-packages/oslo_config/cfg.py:3006}}
May 09 07:24:28.348448 np0000172993 neutron-periodic-workers[105028]: DEBUG cotyledon.oslo_config_glue [-] ovn.disable_ovn_dhcp_for_baremetal_ports = False {{(pid=105028) log_opt_values /opt/stack/data/venv/lib/python3.12/site-packages/oslo_config/cfg.py:3006}}
May 09 07:24:28.348476 np0000172993 neutron-periodic-workers[105028]: DEBUG cotyledon.oslo_config_glue [-] ovn.dns_records_ovn_owned = False {{(pid=105028) log_opt_values /opt/stack/data/venv/lib/python3.12/site-packages/oslo_config/cfg.py:3006}}
May 09 07:24:28.348523 np0000172993 neutron-periodic-workers[105028]: DEBUG cotyledon.oslo_config_glue [-] ovn.dns_servers = [] {{(pid=105028) log_opt_values /opt/stack/data/venv/lib/python3.12/site-packages/oslo_config/cfg.py:3006}}
May 09 07:24:28.348559 np0000172993 neutron-periodic-workers[105028]: DEBUG cotyledon.oslo_config_glue [-] ovn.enable_distributed_floating_ip = False {{(pid=105028) log_opt_values /opt/stack/data/venv/lib/python3.12/site-packages/oslo_config/cfg.py:3006}}
May 09 07:24:28.348606 np0000172993 neutron-periodic-workers[105028]: DEBUG cotyledon.oslo_config_glue [-] ovn.fdb_age_threshold = 300 {{(pid=105028) log_opt_values /opt/stack/data/venv/lib/python3.12/site-packages/oslo_config/cfg.py:3006}}
May 09 07:24:28.348639 np0000172993 neutron-periodic-workers[105028]: DEBUG cotyledon.oslo_config_glue [-] ovn.ha_failover_strategy = normal {{(pid=105028) log_opt_values /opt/stack/data/venv/lib/python3.12/site-packages/oslo_config/cfg.py:3006}}
May 09 07:24:28.348681 np0000172993 neutron-periodic-workers[105028]: DEBUG cotyledon.oslo_config_glue [-] ovn.live_migration_activation_strategy = rarp {{(pid=105028) log_opt_values /opt/stack/data/venv/lib/python3.12/site-packages/oslo_config/cfg.py:3006}}
May 09 07:24:28.348718 np0000172993 neutron-periodic-workers[105028]: DEBUG cotyledon.oslo_config_glue [-] ovn.localnet_learn_fdb = False {{(pid=105028) log_opt_values /opt/stack/data/venv/lib/python3.12/site-packages/oslo_config/cfg.py:3006}}
May 09 07:24:28.348749 np0000172993 neutron-periodic-workers[105028]: DEBUG cotyledon.oslo_config_glue [-] ovn.mac_binding_age_threshold = 300 {{(pid=105028) log_opt_values /opt/stack/data/venv/lib/python3.12/site-packages/oslo_config/cfg.py:3006}}
May 09 07:24:28.348797 np0000172993 neutron-periodic-workers[105028]: DEBUG cotyledon.oslo_config_glue [-] ovn.neutron_sync_mode = log {{(pid=105028) log_opt_values /opt/stack/data/venv/lib/python3.12/site-packages/oslo_config/cfg.py:3006}}
May 09 07:24:28.348848 np0000172993 neutron-periodic-workers[105028]: DEBUG cotyledon.oslo_config_glue [-] ovn.ovn_dhcp4_global_options = {} {{(pid=105028) log_opt_values /opt/stack/data/venv/lib/python3.12/site-packages/oslo_config/cfg.py:3006}}
May 09 07:24:28.348886 np0000172993 neutron-periodic-workers[105028]: DEBUG cotyledon.oslo_config_glue [-] ovn.ovn_dhcp6_global_options = {} {{(pid=105028) log_opt_values /opt/stack/data/venv/lib/python3.12/site-packages/oslo_config/cfg.py:3006}}
May 09 07:24:28.348918 np0000172993 neutron-periodic-workers[105028]: DEBUG cotyledon.oslo_config_glue [-] ovn.ovn_l3_scheduler = leastloaded {{(pid=105028) log_opt_values /opt/stack/data/venv/lib/python3.12/site-packages/oslo_config/cfg.py:3006}}
May 09 07:24:28.348975 np0000172993 neutron-periodic-workers[105028]: DEBUG cotyledon.oslo_config_glue [-] ovn.ovn_metadata_enabled = True {{(pid=105028) log_opt_values /opt/stack/data/venv/lib/python3.12/site-packages/oslo_config/cfg.py:3006}}
May 09 07:24:28.349015 np0000172993 neutron-periodic-workers[105028]: DEBUG cotyledon.oslo_config_glue [-] ovn.ovn_nb_ca_cert = /opt/stack/data/CA/int-ca/ca-chain.pem {{(pid=105028) log_opt_values /opt/stack/data/venv/lib/python3.12/site-packages/oslo_config/cfg.py:3006}}
May 09 07:24:28.349074 np0000172993 neutron-periodic-workers[105028]: DEBUG cotyledon.oslo_config_glue [-] ovn.ovn_nb_certificate = /opt/stack/data/CA/int-ca/devstack-cert.crt {{(pid=105028) log_opt_values /opt/stack/data/venv/lib/python3.12/site-packages/oslo_config/cfg.py:3006}}
May 09 07:24:28.349127 np0000172993 neutron-periodic-workers[105028]: DEBUG cotyledon.oslo_config_glue [-] ovn.ovn_nb_connection = ['ssl:199.204.45.70:6641'] {{(pid=105028) log_opt_values /opt/stack/data/venv/lib/python3.12/site-packages/oslo_config/cfg.py:3006}}
May 09 07:24:28.349174 np0000172993 neutron-periodic-workers[105028]: DEBUG cotyledon.oslo_config_glue [-] ovn.ovn_nb_private_key = /opt/stack/data/CA/int-ca/private/devstack-cert.key {{(pid=105028) log_opt_values /opt/stack/data/venv/lib/python3.12/site-packages/oslo_config/cfg.py:3006}}
May 09 07:24:28.349206 np0000172993 neutron-periodic-workers[105028]: DEBUG cotyledon.oslo_config_glue [-] ovn.ovn_router_indirect_snat = False {{(pid=105028) log_opt_values /opt/stack/data/venv/lib/python3.12/site-packages/oslo_config/cfg.py:3006}}
May 09 07:24:28.349252 np0000172993 neutron-periodic-workers[105028]: DEBUG cotyledon.oslo_config_glue [-] ovn.ovn_sb_ca_cert = /opt/stack/data/CA/int-ca/ca-chain.pem {{(pid=105028) log_opt_values /opt/stack/data/venv/lib/python3.12/site-packages/oslo_config/cfg.py:3006}}
May 09 07:24:28.349293 np0000172993 neutron-periodic-workers[105028]: DEBUG cotyledon.oslo_config_glue [-] ovn.ovn_sb_certificate = /opt/stack/data/CA/int-ca/devstack-cert.crt {{(pid=105028) log_opt_values /opt/stack/data/venv/lib/python3.12/site-packages/oslo_config/cfg.py:3006}}
May 09 07:24:28.349362 np0000172993 neutron-periodic-workers[105028]: DEBUG cotyledon.oslo_config_glue [-] ovn.ovn_sb_connection = ['ssl:199.204.45.70:6642'] {{(pid=105028) log_opt_values /opt/stack/data/venv/lib/python3.12/site-packages/oslo_config/cfg.py:3006}}
May 09 07:24:28.349401 np0000172993 neutron-periodic-workers[105028]: DEBUG cotyledon.oslo_config_glue [-] ovn.ovn_sb_private_key = /opt/stack/data/CA/int-ca/private/devstack-cert.key {{(pid=105028) log_opt_values /opt/stack/data/venv/lib/python3.12/site-packages/oslo_config/cfg.py:3006}}
May 09 07:24:28.349445 np0000172993 neutron-periodic-workers[105028]: DEBUG cotyledon.oslo_config_glue [-] ovn.ovs_create_tap = False {{(pid=105028) log_opt_values /opt/stack/data/venv/lib/python3.12/site-packages/oslo_config/cfg.py:3006}}
May 09 07:24:28.349476 np0000172993 neutron-periodic-workers[105028]: DEBUG cotyledon.oslo_config_glue [-] ovn.ovsdb_connection_timeout = 180 {{(pid=105028) log_opt_values /opt/stack/data/venv/lib/python3.12/site-packages/oslo_config/cfg.py:3006}}
May 09 07:24:28.349524 np0000172993 neutron-periodic-workers[105028]: DEBUG cotyledon.oslo_config_glue [-] ovn.ovsdb_log_level = INFO {{(pid=105028) log_opt_values /opt/stack/data/venv/lib/python3.12/site-packages/oslo_config/cfg.py:3006}}
May 09 07:24:28.349562 np0000172993 neutron-periodic-workers[105028]: DEBUG cotyledon.oslo_config_glue [-] ovn.ovsdb_probe_interval = 60000 {{(pid=105028) log_opt_values /opt/stack/data/venv/lib/python3.12/site-packages/oslo_config/cfg.py:3006}}
May 09 07:24:28.349595 np0000172993 neutron-periodic-workers[105028]: DEBUG cotyledon.oslo_config_glue [-] ovn.ovsdb_retry_max_interval = 180 {{(pid=105028) log_opt_values /opt/stack/data/venv/lib/python3.12/site-packages/oslo_config/cfg.py:3006}}
May 09 07:24:28.349646 np0000172993 neutron-periodic-workers[105028]: DEBUG cotyledon.oslo_config_glue [-] ovn.stateless_nat_enabled = False {{(pid=105028) log_opt_values /opt/stack/data/venv/lib/python3.12/site-packages/oslo_config/cfg.py:3006}}
May 09 07:24:28.349687 np0000172993 neutron-periodic-workers[105028]: DEBUG cotyledon.oslo_config_glue [-] ovn.vhost_sock_dir = /var/run/openvswitch {{(pid=105028) log_opt_values /opt/stack/data/venv/lib/python3.12/site-packages/oslo_config/cfg.py:3006}}
May 09 07:24:28.349739 np0000172993 neutron-periodic-workers[105028]: DEBUG cotyledon.oslo_config_glue [-] OVS.bridge_mac_table_size = 50000 {{(pid=105028) log_opt_values /opt/stack/data/venv/lib/python3.12/site-packages/oslo_config/cfg.py:3006}}
May 09 07:24:28.349787 np0000172993 neutron-periodic-workers[105028]: DEBUG cotyledon.oslo_config_glue [-] OVS.igmp_flood = False {{(pid=105028) log_opt_values /opt/stack/data/venv/lib/python3.12/site-packages/oslo_config/cfg.py:3006}}
May 09 07:24:28.349835 np0000172993 neutron-periodic-workers[105028]: DEBUG cotyledon.oslo_config_glue [-] OVS.igmp_flood_reports = True {{(pid=105028) log_opt_values /opt/stack/data/venv/lib/python3.12/site-packages/oslo_config/cfg.py:3006}}
May 09 07:24:28.349883 np0000172993 neutron-periodic-workers[105028]: DEBUG cotyledon.oslo_config_glue [-] OVS.igmp_flood_unregistered = False {{(pid=105028) log_opt_values /opt/stack/data/venv/lib/python3.12/site-packages/oslo_config/cfg.py:3006}}
May 09 07:24:28.349930 np0000172993 neutron-periodic-workers[105028]: DEBUG cotyledon.oslo_config_glue [-] OVS.igmp_snooping_enable = False {{(pid=105028) log_opt_values /opt/stack/data/venv/lib/python3.12/site-packages/oslo_config/cfg.py:3006}}
May 09 07:24:28.349967 np0000172993 neutron-periodic-workers[105028]: DEBUG cotyledon.oslo_config_glue [-] OVS.ovsdb_timeout = 10 {{(pid=105028) log_opt_values /opt/stack/data/venv/lib/python3.12/site-packages/oslo_config/cfg.py:3006}}
May 09 07:24:28.350022 np0000172993 neutron-periodic-workers[105028]: DEBUG cotyledon.oslo_config_glue [-] ovn_nb_global.fdb_removal_limit = 0 {{(pid=105028) log_opt_values /opt/stack/data/venv/lib/python3.12/site-packages/oslo_config/cfg.py:3006}}
May 09 07:24:28.350071 np0000172993 neutron-periodic-workers[105028]: DEBUG cotyledon.oslo_config_glue [-] ovn_nb_global.ignore_lsp_down = False {{(pid=105028) log_opt_values /opt/stack/data/venv/lib/python3.12/site-packages/oslo_config/cfg.py:3006}}
May 09 07:24:28.350107 np0000172993 neutron-periodic-workers[105028]: DEBUG cotyledon.oslo_config_glue [-] ovn_nb_global.mac_binding_removal_limit = 0 {{(pid=105028) log_opt_values /opt/stack/data/venv/lib/python3.12/site-packages/oslo_config/cfg.py:3006}}
May 09 07:24:28.350152 np0000172993 neutron-periodic-workers[105028]: DEBUG cotyledon.oslo_config_glue [-] ******************************************************************************** {{(pid=105028) log_opt_values /opt/stack/data/venv/lib/python3.12/site-packages/oslo_config/cfg.py:3013}}
May 09 07:24:28.350339 np0000172993 neutron-periodic-workers[105028]: DEBUG cotyledon._service_worker [-] Run service ServiceWrapper(0) [105028] {{(pid=105028) wait_forever /opt/stack/data/venv/lib/python3.12/site-packages/cotyledon/_service_worker.py:218}}
May 09 07:24:38.004808 np0000172993 neutron-periodic-workers[104246]: DEBUG dbcounter [-] [104246] Writing DB stats neutron:SELECT=4 {{(pid=104246) stat_writer /opt/stack/data/venv/lib/python3.12/site-packages/dbcounter.py:115}}
May 09 07:25:17.328605 np0000172993 neutron-periodic-workers[105013]: DEBUG oslo_db.sqlalchemy.engines [None req-cb7921fd-f1f4-4ca4-afb3-549eeacb310a None None] Parent process 104246 forked (105013) with an open database connection, which is being discarded and recreated. {{(pid=105013) checkout /opt/stack/data/venv/lib/python3.12/site-packages/oslo_db/sqlalchemy/engines.py:402}}
May 09 07:25:17.334762 np0000172993 neutron-periodic-workers[105013]: DEBUG dbcounter [-] [105013] Writer thread running {{(pid=105013) stat_writer /opt/stack/data/venv/lib/python3.12/site-packages/dbcounter.py:102}}
May 09 07:25:17.342562 np0000172993 neutron-periodic-workers[105013]: DEBUG oslo.service.backend._threading.loopingcall [None req-cb7921fd-f1f4-4ca4-afb3-549eeacb310a None None] Fixed interval looping call 'neutron.plugins.ml2.plugin.DhcpAgentSchedulerDbMixin.remove_networks_from_down_agents' sleeping for 36.98 seconds {{(pid=105013) _run_loop /opt/stack/data/venv/lib/python3.12/site-packages/oslo_service/backend/_threading/loopingcall.py:125}}
May 09 07:25:27.344710 np0000172993 neutron-periodic-workers[105013]: DEBUG dbcounter [-] [105013] Writing DB stats neutron:SELECT=3 {{(pid=105013) stat_writer /opt/stack/data/venv/lib/python3.12/site-packages/dbcounter.py:115}}
May 09 07:25:35.361573 np0000172993 neutron-periodic-workers[105021]: DEBUG dbcounter [-] [105021] Writer thread running {{(pid=105021) stat_writer /opt/stack/data/venv/lib/python3.12/site-packages/dbcounter.py:102}}
May 09 07:25:35.364412 np0000172993 neutron-periodic-workers[105021]: DEBUG neutron.db.agents_db [None req-a180f9a2-da77-4818-ba09-bb7a78ddb1f4 None None] Agent healthcheck: found 0 active agents {{(pid=105021) agent_health_check /opt/stack/neutron/neutron/db/agents_db.py:322}}
May 09 07:25:35.364563 np0000172993 neutron-periodic-workers[105021]: DEBUG oslo.service.backend._threading.loopingcall [None req-a180f9a2-da77-4818-ba09-bb7a78ddb1f4 None None] Fixed interval looping call 'neutron.plugins.ml2.plugin.AgentDbMixin.agent_health_check' sleeping for 36.98 seconds {{(pid=105021) _run_loop /opt/stack/data/venv/lib/python3.12/site-packages/oslo_service/backend/_threading/loopingcall.py:125}}
May 09 07:25:45.362660 np0000172993 neutron-periodic-workers[105021]: DEBUG dbcounter [-] [105021] Writing DB stats neutron:SELECT=1 {{(pid=105021) stat_writer /opt/stack/data/venv/lib/python3.12/site-packages/dbcounter.py:115}}
May 09 07:25:54.774894 np0000172993 neutron-periodic-workers[105013]: DEBUG oslo.service.backend._threading.loopingcall [None req-cb7921fd-f1f4-4ca4-afb3-549eeacb310a None None] Fixed interval looping call 'neutron.plugins.ml2.plugin.DhcpAgentSchedulerDbMixin.remove_networks_from_down_agents' sleeping for 36.55 seconds {{(pid=105013) _run_loop /opt/stack/data/venv/lib/python3.12/site-packages/oslo_service/backend/_threading/loopingcall.py:125}}
May 09 07:26:04.743465 np0000172993 neutron-periodic-workers[105013]: DEBUG dbcounter [-] [105013] Writing DB stats neutron:SELECT=3 {{(pid=105013) stat_writer /opt/stack/data/venv/lib/python3.12/site-packages/dbcounter.py:115}}
May 09 07:26:12.350298 np0000172993 neutron-periodic-workers[105021]: DEBUG neutron.db.agents_db [None req-a180f9a2-da77-4818-ba09-bb7a78ddb1f4 None None] Agent healthcheck: found 0 active agents {{(pid=105021) agent_health_check /opt/stack/neutron/neutron/db/agents_db.py:322}}
May 09 07:26:12.350962 np0000172993 neutron-periodic-workers[105021]: DEBUG oslo.service.backend._threading.loopingcall [None req-a180f9a2-da77-4818-ba09-bb7a78ddb1f4 None None] Fixed interval looping call 'neutron.plugins.ml2.plugin.AgentDbMixin.agent_health_check' sleeping for 36.99 seconds {{(pid=105021) _run_loop /opt/stack/data/venv/lib/python3.12/site-packages/oslo_service/backend/_threading/loopingcall.py:125}}
May 09 07:26:22.348532 np0000172993 neutron-periodic-workers[105021]: DEBUG dbcounter [-] [105021] Writing DB stats neutron:SELECT=1 {{(pid=105021) stat_writer /opt/stack/data/venv/lib/python3.12/site-packages/dbcounter.py:115}}
May 09 07:26:28.363532 np0000172993 neutron-periodic-workers[105028]: DEBUG dbcounter [-] [105028] Writer thread running {{(pid=105028) stat_writer /opt/stack/data/venv/lib/python3.12/site-packages/dbcounter.py:102}}
May 09 07:26:28.365791 np0000172993 neutron-periodic-workers[105028]: DEBUG oslo.service.backend._threading.loopingcall [None req-dbbcd856-aa07-4814-9c68-e0fef34f0f95 None None] Fixed interval looping call 'neutron.db.quota.driver_nolock.DbQuotaNoLockDriver._remove_expired_reservations' sleeping for 119.99 seconds {{(pid=105028) _run_loop /opt/stack/data/venv/lib/python3.12/site-packages/oslo_service/backend/_threading/loopingcall.py:125}}
May 09 07:26:31.334714 np0000172993 neutron-periodic-workers[105013]: DEBUG oslo.service.backend._threading.loopingcall [None req-cb7921fd-f1f4-4ca4-afb3-549eeacb310a None None] Fixed interval looping call 'neutron.plugins.ml2.plugin.DhcpAgentSchedulerDbMixin.remove_networks_from_down_agents' sleeping for 36.99 seconds {{(pid=105013) _run_loop /opt/stack/data/venv/lib/python3.12/site-packages/oslo_service/backend/_threading/loopingcall.py:125}}
May 09 07:26:38.364454 np0000172993 neutron-periodic-workers[105028]: DEBUG dbcounter [-] [105028] Writing DB stats neutron:DELETE=1 {{(pid=105028) stat_writer /opt/stack/data/venv/lib/python3.12/site-packages/dbcounter.py:115}}
May 09 07:26:41.333482 np0000172993 neutron-periodic-workers[105013]: DEBUG dbcounter [-] [105013] Writing DB stats neutron:SELECT=3 {{(pid=105013) stat_writer /opt/stack/data/venv/lib/python3.12/site-packages/dbcounter.py:115}}
May 09 07:26:49.344457 np0000172993 neutron-periodic-workers[105021]: DEBUG neutron.db.agents_db [None req-a180f9a2-da77-4818-ba09-bb7a78ddb1f4 None None] Agent healthcheck: found 0 active agents {{(pid=105021) agent_health_check /opt/stack/neutron/neutron/db/agents_db.py:322}}
May 09 07:26:49.344859 np0000172993 neutron-periodic-workers[105021]: DEBUG oslo.service.backend._threading.loopingcall [None req-a180f9a2-da77-4818-ba09-bb7a78ddb1f4 None None] Fixed interval looping call 'neutron.plugins.ml2.plugin.AgentDbMixin.agent_health_check' sleeping for 37.00 seconds {{(pid=105021) _run_loop /opt/stack/data/venv/lib/python3.12/site-packages/oslo_service/backend/_threading/loopingcall.py:125}}
May 09 07:26:59.343490 np0000172993 neutron-periodic-workers[105021]: DEBUG dbcounter [-] [105021] Writing DB stats neutron:SELECT=1 {{(pid=105021) stat_writer /opt/stack/data/venv/lib/python3.12/site-packages/dbcounter.py:115}}
May 09 07:27:08.334059 np0000172993 neutron-periodic-workers[105013]: DEBUG oslo.service.backend._threading.loopingcall [None req-cb7921fd-f1f4-4ca4-afb3-549eeacb310a None None] Fixed interval looping call 'neutron.plugins.ml2.plugin.DhcpAgentSchedulerDbMixin.remove_networks_from_down_agents' sleeping for 36.99 seconds {{(pid=105013) _run_loop /opt/stack/data/venv/lib/python3.12/site-packages/oslo_service/backend/_threading/loopingcall.py:125}}
May 09 07:27:18.332567 np0000172993 neutron-periodic-workers[105013]: DEBUG dbcounter [-] [105013] Writing DB stats neutron:SELECT=3 {{(pid=105013) stat_writer /opt/stack/data/venv/lib/python3.12/site-packages/dbcounter.py:115}}
May 09 07:27:26.350670 np0000172993 neutron-periodic-workers[105021]: DEBUG neutron.db.agents_db [None req-a180f9a2-da77-4818-ba09-bb7a78ddb1f4 None None] Agent healthcheck: found 0 active agents {{(pid=105021) agent_health_check /opt/stack/neutron/neutron/db/agents_db.py:322}}
May 09 07:27:26.350670 np0000172993 neutron-periodic-workers[105021]: DEBUG oslo.service.backend._threading.loopingcall [None req-a180f9a2-da77-4818-ba09-bb7a78ddb1f4 None None] Fixed interval looping call 'neutron.plugins.ml2.plugin.AgentDbMixin.agent_health_check' sleeping for 36.99 seconds {{(pid=105021) _run_loop /opt/stack/data/venv/lib/python3.12/site-packages/oslo_service/backend/_threading/loopingcall.py:125}}
May 09 07:27:36.348489 np0000172993 neutron-periodic-workers[105021]: DEBUG dbcounter [-] [105021] Writing DB stats neutron:SELECT=1 {{(pid=105021) stat_writer /opt/stack/data/venv/lib/python3.12/site-packages/dbcounter.py:115}}
May 09 07:27:45.333283 np0000172993 neutron-periodic-workers[105013]: DEBUG oslo.service.backend._threading.loopingcall [None req-cb7921fd-f1f4-4ca4-afb3-549eeacb310a None None] Fixed interval looping call 'neutron.plugins.ml2.plugin.DhcpAgentSchedulerDbMixin.remove_networks_from_down_agents' sleeping for 36.99 seconds {{(pid=105013) _run_loop /opt/stack/data/venv/lib/python3.12/site-packages/oslo_service/backend/_threading/loopingcall.py:125}}
May 09 07:27:55.332145 np0000172993 neutron-periodic-workers[105013]: DEBUG dbcounter [-] [105013] Writing DB stats neutron:SELECT=3 {{(pid=105013) stat_writer /opt/stack/data/venv/lib/python3.12/site-packages/dbcounter.py:115}}
May 09 07:28:03.346034 np0000172993 neutron-periodic-workers[105021]: DEBUG neutron.db.agents_db [None req-a180f9a2-da77-4818-ba09-bb7a78ddb1f4 None None] Agent healthcheck: found 0 active agents {{(pid=105021) agent_health_check /opt/stack/neutron/neutron/db/agents_db.py:322}}
May 09 07:28:03.346794 np0000172993 neutron-periodic-workers[105021]: DEBUG oslo.service.backend._threading.loopingcall [None req-a180f9a2-da77-4818-ba09-bb7a78ddb1f4 None None] Fixed interval looping call 'neutron.plugins.ml2.plugin.AgentDbMixin.agent_health_check' sleeping for 36.99 seconds {{(pid=105021) _run_loop /opt/stack/data/venv/lib/python3.12/site-packages/oslo_service/backend/_threading/loopingcall.py:125}}
May 09 07:28:06.335889 np0000172993 neutron-periodic-workers[105006]: DEBUG dbcounter [-] [105006] Writer thread running {{(pid=105006) stat_writer /opt/stack/data/venv/lib/python3.12/site-packages/dbcounter.py:102}}
May 09 07:28:06.347417 np0000172993 neutron-periodic-workers[105006]: DEBUG oslo.service.backend._threading.loopingcall [None req-168702d3-b174-4ea6-be30-a0ef42146ed6 None None] Fixed interval looping call 'neutron.services.ovn_l3.plugin.L3_NAT_dbonly_mixin._clean_garbage' sleeping for 299.96 seconds {{(pid=105006) _run_loop /opt/stack/data/venv/lib/python3.12/site-packages/oslo_service/backend/_threading/loopingcall.py:125}}
May 09 07:28:13.344459 np0000172993 neutron-periodic-workers[105021]: DEBUG dbcounter [-] [105021] Writing DB stats neutron:SELECT=1 {{(pid=105021) stat_writer /opt/stack/data/venv/lib/python3.12/site-packages/dbcounter.py:115}}
May 09 07:28:16.336611 np0000172993 neutron-periodic-workers[105006]: DEBUG dbcounter [-] [105006] Writing DB stats neutron:SELECT=1 {{(pid=105006) stat_writer /opt/stack/data/venv/lib/python3.12/site-packages/dbcounter.py:115}}
May 09 07:28:22.333535 np0000172993 neutron-periodic-workers[105013]: DEBUG oslo.service.backend._threading.loopingcall [None req-cb7921fd-f1f4-4ca4-afb3-549eeacb310a None None] Fixed interval looping call 'neutron.plugins.ml2.plugin.DhcpAgentSchedulerDbMixin.remove_networks_from_down_agents' sleeping for 36.99 seconds {{(pid=105013) _run_loop /opt/stack/data/venv/lib/python3.12/site-packages/oslo_service/backend/_threading/loopingcall.py:125}}
May 09 07:28:28.360971 np0000172993 neutron-periodic-workers[105028]: DEBUG oslo.service.backend._threading.loopingcall [None req-dbbcd856-aa07-4814-9c68-e0fef34f0f95 None None] Fixed interval looping call 'neutron.db.quota.driver_nolock.DbQuotaNoLockDriver._remove_expired_reservations' sleeping for 120.00 seconds {{(pid=105028) _run_loop /opt/stack/data/venv/lib/python3.12/site-packages/oslo_service/backend/_threading/loopingcall.py:125}}
May 09 07:28:32.332540 np0000172993 neutron-periodic-workers[105013]: DEBUG dbcounter [-] [105013] Writing DB stats neutron:SELECT=3 {{(pid=105013) stat_writer /opt/stack/data/venv/lib/python3.12/site-packages/dbcounter.py:115}}
May 09 07:28:38.359583 np0000172993 neutron-periodic-workers[105028]: DEBUG dbcounter [-] [105028] Writing DB stats neutron:DELETE=1 {{(pid=105028) stat_writer /opt/stack/data/venv/lib/python3.12/site-packages/dbcounter.py:115}}
May 09 07:28:40.341515 np0000172993 neutron-periodic-workers[105021]: DEBUG neutron.db.agents_db [None req-a180f9a2-da77-4818-ba09-bb7a78ddb1f4 None None] Agent healthcheck: found 0 active agents {{(pid=105021) agent_health_check /opt/stack/neutron/neutron/db/agents_db.py:322}}
May 09 07:28:40.341515 np0000172993 neutron-periodic-workers[105021]: DEBUG oslo.service.backend._threading.loopingcall [None req-a180f9a2-da77-4818-ba09-bb7a78ddb1f4 None None] Fixed interval looping call 'neutron.plugins.ml2.plugin.AgentDbMixin.agent_health_check' sleeping for 37.00 seconds {{(pid=105021) _run_loop /opt/stack/data/venv/lib/python3.12/site-packages/oslo_service/backend/_threading/loopingcall.py:125}}
May 09 07:28:50.339742 np0000172993 neutron-periodic-workers[105021]: DEBUG dbcounter [-] [105021] Writing DB stats neutron:SELECT=1 {{(pid=105021) stat_writer /opt/stack/data/venv/lib/python3.12/site-packages/dbcounter.py:115}}
May 09 07:28:59.341382 np0000172993 neutron-periodic-workers[105013]: DEBUG oslo.service.backend._threading.loopingcall [None req-cb7921fd-f1f4-4ca4-afb3-549eeacb310a None None] Fixed interval looping call 'neutron.plugins.ml2.plugin.DhcpAgentSchedulerDbMixin.remove_networks_from_down_agents' sleeping for 36.98 seconds {{(pid=105013) _run_loop /opt/stack/data/venv/lib/python3.12/site-packages/oslo_service/backend/_threading/loopingcall.py:125}}
May 09 07:29:09.340003 np0000172993 neutron-periodic-workers[105013]: DEBUG dbcounter [-] [105013] Writing DB stats neutron:SELECT=3 {{(pid=105013) stat_writer /opt/stack/data/venv/lib/python3.12/site-packages/dbcounter.py:115}}
May 09 07:29:17.346927 np0000172993 neutron-periodic-workers[105021]: DEBUG neutron.db.agents_db [None req-a180f9a2-da77-4818-ba09-bb7a78ddb1f4 None None] Agent healthcheck: found 0 active agents {{(pid=105021) agent_health_check /opt/stack/neutron/neutron/db/agents_db.py:322}}
May 09 07:29:17.346927 np0000172993 neutron-periodic-workers[105021]: DEBUG oslo.service.backend._threading.loopingcall [None req-a180f9a2-da77-4818-ba09-bb7a78ddb1f4 None None] Fixed interval looping call 'neutron.plugins.ml2.plugin.AgentDbMixin.agent_health_check' sleeping for 36.99 seconds {{(pid=105021) _run_loop /opt/stack/data/venv/lib/python3.12/site-packages/oslo_service/backend/_threading/loopingcall.py:125}}
May 09 07:29:27.345596 np0000172993 neutron-periodic-workers[105021]: DEBUG dbcounter [-] [105021] Writing DB stats neutron:SELECT=1 {{(pid=105021) stat_writer /opt/stack/data/venv/lib/python3.12/site-packages/dbcounter.py:115}}
May 09 07:29:36.333012 np0000172993 neutron-periodic-workers[105013]: DEBUG oslo.service.backend._threading.loopingcall [None req-cb7921fd-f1f4-4ca4-afb3-549eeacb310a None None] Fixed interval looping call 'neutron.plugins.ml2.plugin.DhcpAgentSchedulerDbMixin.remove_networks_from_down_agents' sleeping for 36.99 seconds {{(pid=105013) _run_loop /opt/stack/data/venv/lib/python3.12/site-packages/oslo_service/backend/_threading/loopingcall.py:125}}
May 09 07:29:46.331895 np0000172993 neutron-periodic-workers[105013]: DEBUG dbcounter [-] [105013] Writing DB stats neutron:SELECT=3 {{(pid=105013) stat_writer /opt/stack/data/venv/lib/python3.12/site-packages/dbcounter.py:115}}
May 09 07:29:54.342553 np0000172993 neutron-periodic-workers[105021]: DEBUG neutron.db.agents_db [None req-a180f9a2-da77-4818-ba09-bb7a78ddb1f4 None None] Agent healthcheck: found 0 active agents {{(pid=105021) agent_health_check /opt/stack/neutron/neutron/db/agents_db.py:322}}
May 09 07:29:54.343227 np0000172993 neutron-periodic-workers[105021]: DEBUG oslo.service.backend._threading.loopingcall [None req-a180f9a2-da77-4818-ba09-bb7a78ddb1f4 None None] Fixed interval looping call 'neutron.plugins.ml2.plugin.AgentDbMixin.agent_health_check' sleeping for 36.99 seconds {{(pid=105021) _run_loop /opt/stack/data/venv/lib/python3.12/site-packages/oslo_service/backend/_threading/loopingcall.py:125}}
May 09 07:30:04.340878 np0000172993 neutron-periodic-workers[105021]: DEBUG dbcounter [-] [105021] Writing DB stats neutron:SELECT=1 {{(pid=105021) stat_writer /opt/stack/data/venv/lib/python3.12/site-packages/dbcounter.py:115}}
May 09 07:30:13.331481 np0000172993 neutron-periodic-workers[105013]: DEBUG oslo.service.backend._threading.loopingcall [None req-cb7921fd-f1f4-4ca4-afb3-549eeacb310a None None] Fixed interval looping call 'neutron.plugins.ml2.plugin.DhcpAgentSchedulerDbMixin.remove_networks_from_down_agents' sleeping for 36.99 seconds {{(pid=105013) _run_loop /opt/stack/data/venv/lib/python3.12/site-packages/oslo_service/backend/_threading/loopingcall.py:125}}
May 09 07:30:23.330356 np0000172993 neutron-periodic-workers[105013]: DEBUG dbcounter [-] [105013] Writing DB stats neutron:SELECT=3 {{(pid=105013) stat_writer /opt/stack/data/venv/lib/python3.12/site-packages/dbcounter.py:115}}
May 09 07:30:28.365913 np0000172993 neutron-periodic-workers[105028]: DEBUG oslo.service.backend._threading.loopingcall [None req-dbbcd856-aa07-4814-9c68-e0fef34f0f95 None None] Fixed interval looping call 'neutron.db.quota.driver_nolock.DbQuotaNoLockDriver._remove_expired_reservations' sleeping for 120.00 seconds {{(pid=105028) _run_loop /opt/stack/data/venv/lib/python3.12/site-packages/oslo_service/backend/_threading/loopingcall.py:125}}
May 09 07:30:31.338362 np0000172993 neutron-periodic-workers[105021]: DEBUG neutron.db.agents_db [None req-a180f9a2-da77-4818-ba09-bb7a78ddb1f4 None None] Agent healthcheck: found 0 active agents {{(pid=105021) agent_health_check /opt/stack/neutron/neutron/db/agents_db.py:322}}
May 09 07:30:31.338921 np0000172993 neutron-periodic-workers[105021]: DEBUG oslo.service.backend._threading.loopingcall [None req-a180f9a2-da77-4818-ba09-bb7a78ddb1f4 None None] Fixed interval looping call 'neutron.plugins.ml2.plugin.AgentDbMixin.agent_health_check' sleeping for 36.99 seconds {{(pid=105021) _run_loop /opt/stack/data/venv/lib/python3.12/site-packages/oslo_service/backend/_threading/loopingcall.py:125}}
May 09 07:30:38.364763 np0000172993 neutron-periodic-workers[105028]: DEBUG dbcounter [-] [105028] Writing DB stats neutron:DELETE=1 {{(pid=105028) stat_writer /opt/stack/data/venv/lib/python3.12/site-packages/dbcounter.py:115}}
May 09 07:30:41.337161 np0000172993 neutron-periodic-workers[105021]: DEBUG dbcounter [-] [105021] Writing DB stats neutron:SELECT=1 {{(pid=105021) stat_writer /opt/stack/data/venv/lib/python3.12/site-packages/dbcounter.py:115}}
May 09 07:30:50.329251 np0000172993 neutron-periodic-workers[105013]: DEBUG oslo.service.backend._threading.loopingcall [None req-cb7921fd-f1f4-4ca4-afb3-549eeacb310a None None] Fixed interval looping call 'neutron.plugins.ml2.plugin.DhcpAgentSchedulerDbMixin.remove_networks_from_down_agents' sleeping for 36.99 seconds {{(pid=105013) _run_loop /opt/stack/data/venv/lib/python3.12/site-packages/oslo_service/backend/_threading/loopingcall.py:125}}
May 09 07:31:00.328302 np0000172993 neutron-periodic-workers[105013]: DEBUG dbcounter [-] [105013] Writing DB stats neutron:SELECT=3 {{(pid=105013) stat_writer /opt/stack/data/venv/lib/python3.12/site-packages/dbcounter.py:115}}
May 09 07:31:08.336392 np0000172993 neutron-periodic-workers[105021]: DEBUG neutron.db.agents_db [None req-a180f9a2-da77-4818-ba09-bb7a78ddb1f4 None None] Agent healthcheck: found 0 active agents {{(pid=105021) agent_health_check /opt/stack/neutron/neutron/db/agents_db.py:322}}
May 09 07:31:08.337099 np0000172993 neutron-periodic-workers[105021]: DEBUG oslo.service.backend._threading.loopingcall [None req-a180f9a2-da77-4818-ba09-bb7a78ddb1f4 None None] Fixed interval looping call 'neutron.plugins.ml2.plugin.AgentDbMixin.agent_health_check' sleeping for 36.99 seconds {{(pid=105021) _run_loop /opt/stack/data/venv/lib/python3.12/site-packages/oslo_service/backend/_threading/loopingcall.py:125}}
May 09 07:31:18.334648 np0000172993 neutron-periodic-workers[105021]: DEBUG dbcounter [-] [105021] Writing DB stats neutron:SELECT=1 {{(pid=105021) stat_writer /opt/stack/data/venv/lib/python3.12/site-packages/dbcounter.py:115}}
May 09 07:31:27.328393 np0000172993 neutron-periodic-workers[105013]: DEBUG oslo.service.backend._threading.loopingcall [None req-cb7921fd-f1f4-4ca4-afb3-549eeacb310a None None] Fixed interval looping call 'neutron.plugins.ml2.plugin.DhcpAgentSchedulerDbMixin.remove_networks_from_down_agents' sleeping for 36.99 seconds {{(pid=105013) _run_loop /opt/stack/data/venv/lib/python3.12/site-packages/oslo_service/backend/_threading/loopingcall.py:125}}
May 09 07:31:37.327505 np0000172993 neutron-periodic-workers[105013]: DEBUG dbcounter [-] [105013] Writing DB stats neutron:SELECT=3 {{(pid=105013) stat_writer /opt/stack/data/venv/lib/python3.12/site-packages/dbcounter.py:115}}
May 09 07:31:45.332995 np0000172993 neutron-periodic-workers[105021]: DEBUG neutron.db.agents_db [None req-a180f9a2-da77-4818-ba09-bb7a78ddb1f4 None None] Agent healthcheck: found 0 active agents {{(pid=105021) agent_health_check /opt/stack/neutron/neutron/db/agents_db.py:322}}
May 09 07:31:45.333420 np0000172993 neutron-periodic-workers[105021]: DEBUG oslo.service.backend._threading.loopingcall [None req-a180f9a2-da77-4818-ba09-bb7a78ddb1f4 None None] Fixed interval looping call 'neutron.plugins.ml2.plugin.AgentDbMixin.agent_health_check' sleeping for 36.99 seconds {{(pid=105021) _run_loop /opt/stack/data/venv/lib/python3.12/site-packages/oslo_service/backend/_threading/loopingcall.py:125}}
May 09 07:31:55.332455 np0000172993 neutron-periodic-workers[105021]: DEBUG dbcounter [-] [105021] Writing DB stats neutron:SELECT=1 {{(pid=105021) stat_writer /opt/stack/data/venv/lib/python3.12/site-packages/dbcounter.py:115}}
May 09 07:32:04.328856 np0000172993 neutron-periodic-workers[105013]: DEBUG oslo.service.backend._threading.loopingcall [None req-cb7921fd-f1f4-4ca4-afb3-549eeacb310a None None] Fixed interval looping call 'neutron.plugins.ml2.plugin.DhcpAgentSchedulerDbMixin.remove_networks_from_down_agents' sleeping for 36.99 seconds {{(pid=105013) _run_loop /opt/stack/data/venv/lib/python3.12/site-packages/oslo_service/backend/_threading/loopingcall.py:125}}
May 09 07:32:14.327122 np0000172993 neutron-periodic-workers[105013]: DEBUG dbcounter [-] [105013] Writing DB stats neutron:SELECT=3 {{(pid=105013) stat_writer /opt/stack/data/venv/lib/python3.12/site-packages/dbcounter.py:115}}
May 09 07:32:22.331548 np0000172993 neutron-periodic-workers[105021]: DEBUG neutron.db.agents_db [None req-a180f9a2-da77-4818-ba09-bb7a78ddb1f4 None None] Agent healthcheck: found 0 active agents {{(pid=105021) agent_health_check /opt/stack/neutron/neutron/db/agents_db.py:322}}
May 09 07:32:22.332166 np0000172993 neutron-periodic-workers[105021]: DEBUG oslo.service.backend._threading.loopingcall [None req-a180f9a2-da77-4818-ba09-bb7a78ddb1f4 None None] Fixed interval looping call 'neutron.plugins.ml2.plugin.AgentDbMixin.agent_health_check' sleeping for 36.99 seconds {{(pid=105021) _run_loop /opt/stack/data/venv/lib/python3.12/site-packages/oslo_service/backend/_threading/loopingcall.py:125}}
May 09 07:32:28.371534 np0000172993 neutron-periodic-workers[105028]: DEBUG oslo.service.backend._threading.loopingcall [None req-dbbcd856-aa07-4814-9c68-e0fef34f0f95 None None] Fixed interval looping call 'neutron.db.quota.driver_nolock.DbQuotaNoLockDriver._remove_expired_reservations' sleeping for 119.99 seconds {{(pid=105028) _run_loop /opt/stack/data/venv/lib/python3.12/site-packages/oslo_service/backend/_threading/loopingcall.py:125}}
May 09 07:32:32.327880 np0000172993 neutron-periodic-workers[105021]: DEBUG dbcounter [-] [105021] Writing DB stats neutron:SELECT=1 {{(pid=105021) stat_writer /opt/stack/data/venv/lib/python3.12/site-packages/dbcounter.py:115}}
May 09 07:32:38.370286 np0000172993 neutron-periodic-workers[105028]: DEBUG dbcounter [-] [105028] Writing DB stats neutron:DELETE=1 {{(pid=105028) stat_writer /opt/stack/data/venv/lib/python3.12/site-packages/dbcounter.py:115}}
May 09 07:32:41.328317 np0000172993 neutron-periodic-workers[105013]: DEBUG oslo.service.backend._threading.loopingcall [None req-cb7921fd-f1f4-4ca4-afb3-549eeacb310a None None] Fixed interval looping call 'neutron.plugins.ml2.plugin.DhcpAgentSchedulerDbMixin.remove_networks_from_down_agents' sleeping for 36.99 seconds {{(pid=105013) _run_loop /opt/stack/data/venv/lib/python3.12/site-packages/oslo_service/backend/_threading/loopingcall.py:125}}
May 09 07:32:51.327501 np0000172993 neutron-periodic-workers[105013]: DEBUG dbcounter [-] [105013] Writing DB stats neutron:SELECT=3 {{(pid=105013) stat_writer /opt/stack/data/venv/lib/python3.12/site-packages/dbcounter.py:115}}
May 09 07:32:59.327792 np0000172993 neutron-periodic-workers[105021]: DEBUG neutron.db.agents_db [None req-a180f9a2-da77-4818-ba09-bb7a78ddb1f4 None None] Agent healthcheck: found 0 active agents {{(pid=105021) agent_health_check /opt/stack/neutron/neutron/db/agents_db.py:322}}
May 09 07:32:59.328650 np0000172993 neutron-periodic-workers[105021]: DEBUG oslo.service.backend._threading.loopingcall [None req-a180f9a2-da77-4818-ba09-bb7a78ddb1f4 None None] Fixed interval looping call 'neutron.plugins.ml2.plugin.AgentDbMixin.agent_health_check' sleeping for 36.99 seconds {{(pid=105021) _run_loop /opt/stack/data/venv/lib/python3.12/site-packages/oslo_service/backend/_threading/loopingcall.py:125}}
May 09 07:33:06.315650 np0000172993 neutron-periodic-workers[105006]: DEBUG oslo.service.backend._threading.loopingcall [None req-168702d3-b174-4ea6-be30-a0ef42146ed6 None None] Fixed interval looping call 'neutron.services.ovn_l3.plugin.L3_NAT_dbonly_mixin._clean_garbage' sleeping for 299.99 seconds {{(pid=105006) _run_loop /opt/stack/data/venv/lib/python3.12/site-packages/oslo_service/backend/_threading/loopingcall.py:125}}
May 09 07:33:09.325814 np0000172993 neutron-periodic-workers[105021]: DEBUG dbcounter [-] [105021] Writing DB stats neutron:SELECT=1 {{(pid=105021) stat_writer /opt/stack/data/venv/lib/python3.12/site-packages/dbcounter.py:115}}
May 09 07:33:16.310505 np0000172993 neutron-periodic-workers[105006]: DEBUG dbcounter [-] [105006] Writing DB stats neutron:SELECT=1 {{(pid=105006) stat_writer /opt/stack/data/venv/lib/python3.12/site-packages/dbcounter.py:115}}
May 09 07:33:18.329583 np0000172993 neutron-periodic-workers[105013]: DEBUG oslo.service.backend._threading.loopingcall [None req-cb7921fd-f1f4-4ca4-afb3-549eeacb310a None None] Fixed interval looping call 'neutron.plugins.ml2.plugin.DhcpAgentSchedulerDbMixin.remove_networks_from_down_agents' sleeping for 36.99 seconds {{(pid=105013) _run_loop /opt/stack/data/venv/lib/python3.12/site-packages/oslo_service/backend/_threading/loopingcall.py:125}}
May 09 07:33:28.328363 np0000172993 neutron-periodic-workers[105013]: DEBUG dbcounter [-] [105013] Writing DB stats neutron:SELECT=3 {{(pid=105013) stat_writer /opt/stack/data/venv/lib/python3.12/site-packages/dbcounter.py:115}}
May 09 07:33:36.345187 np0000172993 neutron-periodic-workers[105021]: DEBUG neutron.db.agents_db [None req-a180f9a2-da77-4818-ba09-bb7a78ddb1f4 None None] Agent healthcheck: found 0 active agents {{(pid=105021) agent_health_check /opt/stack/neutron/neutron/db/agents_db.py:322}}
May 09 07:33:36.346290 np0000172993 neutron-periodic-workers[105021]: DEBUG oslo.service.backend._threading.loopingcall [None req-a180f9a2-da77-4818-ba09-bb7a78ddb1f4 None None] Fixed interval looping call 'neutron.plugins.ml2.plugin.AgentDbMixin.agent_health_check' sleeping for 36.97 seconds {{(pid=105021) _run_loop /opt/stack/data/venv/lib/python3.12/site-packages/oslo_service/backend/_threading/loopingcall.py:125}}
May 09 07:33:46.321517 np0000172993 neutron-periodic-workers[105021]: DEBUG dbcounter [-] [105021] Writing DB stats neutron:SELECT=1 {{(pid=105021) stat_writer /opt/stack/data/venv/lib/python3.12/site-packages/dbcounter.py:115}}
May 09 07:33:55.326599 np0000172993 neutron-periodic-workers[105013]: DEBUG oslo.service.backend._threading.loopingcall [None req-cb7921fd-f1f4-4ca4-afb3-549eeacb310a None None] Fixed interval looping call 'neutron.plugins.ml2.plugin.DhcpAgentSchedulerDbMixin.remove_networks_from_down_agents' sleeping for 36.99 seconds {{(pid=105013) _run_loop /opt/stack/data/venv/lib/python3.12/site-packages/oslo_service/backend/_threading/loopingcall.py:125}}
May 09 07:34:05.325812 np0000172993 neutron-periodic-workers[105013]: DEBUG dbcounter [-] [105013] Writing DB stats neutron:SELECT=3 {{(pid=105013) stat_writer /opt/stack/data/venv/lib/python3.12/site-packages/dbcounter.py:115}}
May 09 07:34:13.319362 np0000172993 neutron-periodic-workers[105021]: DEBUG neutron.db.agents_db [None req-a180f9a2-da77-4818-ba09-bb7a78ddb1f4 None None] Agent healthcheck: found 0 active agents {{(pid=105021) agent_health_check /opt/stack/neutron/neutron/db/agents_db.py:322}}
May 09 07:34:13.320064 np0000172993 neutron-periodic-workers[105021]: DEBUG oslo.service.backend._threading.loopingcall [None req-a180f9a2-da77-4818-ba09-bb7a78ddb1f4 None None] Fixed interval looping call 'neutron.plugins.ml2.plugin.AgentDbMixin.agent_health_check' sleeping for 37.00 seconds {{(pid=105021) _run_loop /opt/stack/data/venv/lib/python3.12/site-packages/oslo_service/backend/_threading/loopingcall.py:125}}
May 09 07:34:23.318294 np0000172993 neutron-periodic-workers[105021]: DEBUG dbcounter [-] [105021] Writing DB stats neutron:SELECT=1 {{(pid=105021) stat_writer /opt/stack/data/venv/lib/python3.12/site-packages/dbcounter.py:115}}
May 09 07:34:28.371995 np0000172993 neutron-periodic-workers[105028]: DEBUG oslo.service.backend._threading.loopingcall [None req-dbbcd856-aa07-4814-9c68-e0fef34f0f95 None None] Fixed interval looping call 'neutron.db.quota.driver_nolock.DbQuotaNoLockDriver._remove_expired_reservations' sleeping for 119.99 seconds {{(pid=105028) _run_loop /opt/stack/data/venv/lib/python3.12/site-packages/oslo_service/backend/_threading/loopingcall.py:125}}
May 09 07:34:32.329610 np0000172993 neutron-periodic-workers[105013]: DEBUG oslo.service.backend._threading.loopingcall [None req-cb7921fd-f1f4-4ca4-afb3-549eeacb310a None None] Fixed interval looping call 'neutron.plugins.ml2.plugin.DhcpAgentSchedulerDbMixin.remove_networks_from_down_agents' sleeping for 36.99 seconds {{(pid=105013) _run_loop /opt/stack/data/venv/lib/python3.12/site-packages/oslo_service/backend/_threading/loopingcall.py:125}}
May 09 07:34:38.368486 np0000172993 neutron-periodic-workers[105028]: DEBUG dbcounter [-] [105028] Writing DB stats neutron:DELETE=1 {{(pid=105028) stat_writer /opt/stack/data/venv/lib/python3.12/site-packages/dbcounter.py:115}}
May 09 07:34:42.326618 np0000172993 neutron-periodic-workers[105013]: DEBUG dbcounter [-] [105013] Writing DB stats neutron:SELECT=3 {{(pid=105013) stat_writer /opt/stack/data/venv/lib/python3.12/site-packages/dbcounter.py:115}}
May 09 07:34:50.325695 np0000172993 neutron-periodic-workers[105021]: DEBUG neutron.db.agents_db [None req-a180f9a2-da77-4818-ba09-bb7a78ddb1f4 None None] Agent healthcheck: found 0 active agents {{(pid=105021) agent_health_check /opt/stack/neutron/neutron/db/agents_db.py:322}}
May 09 07:34:50.326316 np0000172993 neutron-periodic-workers[105021]: DEBUG oslo.service.backend._threading.loopingcall [None req-a180f9a2-da77-4818-ba09-bb7a78ddb1f4 None None] Fixed interval looping call 'neutron.plugins.ml2.plugin.AgentDbMixin.agent_health_check' sleeping for 36.99 seconds {{(pid=105021) _run_loop /opt/stack/data/venv/lib/python3.12/site-packages/oslo_service/backend/_threading/loopingcall.py:125}}
May 09 07:35:00.323754 np0000172993 neutron-periodic-workers[105021]: DEBUG dbcounter [-] [105021] Writing DB stats neutron:SELECT=1 {{(pid=105021) stat_writer /opt/stack/data/venv/lib/python3.12/site-packages/dbcounter.py:115}}
