Jul 18 22:27:52.399579 np0000185857 devstack@neutron-api.service[101476]: DEBUG ovsdbapp.backend.ovs_idl.event [None req-79e0ac2c-6472-4ac5-b895-31530dfb9b96 None None] Matched UPDATE: ChassisAgentWriteEvent(events=('create', 'update'), table='Chassis_Private', conditions=None, old_conditions=None), priority=20 to row=Chassis_Private(uuid=839d2958-cfea-46e3-8191-f26366fda808, chassis=73e809ae-32f8-46da-938a-751255107794, external_ids={'neutron:ovn-bridge': 'br-int', 'neutron:ovn-neutron-agent-id': '74ca8c0f-6148-5ba3-82cc-4de8f35707cb', 'neutron:ovn-neutron-agent-sb-cfg': '2'}, name='4d9f9746-65b3-482f-86d7-475c281856b8', nb_cfg=3, nb_cfg_timestamp=1784413672392) old=Chassis_Private(uuid=839d2958-cfea-46e3-8191-f26366fda808, nb_cfg=2, nb_cfg_timestamp=1784413585454) {{(pid=101476) matches /opt/stack/data/venv/lib/python3.12/site-packages/ovsdbapp/backend/ovs_idl/event.py:55}}
Jul 18 22:27:52.399791 np0000185857 devstack@neutron-api.service[101475]: DEBUG ovsdbapp.backend.ovs_idl.event [None req-adda42c7-670c-4698-afd2-c263f9d6bf8f None None] Matched UPDATE: ChassisAgentWriteEvent(events=('create', 'update'), table='Chassis_Private', conditions=None, old_conditions=None), priority=20 to row=Chassis_Private(uuid=839d2958-cfea-46e3-8191-f26366fda808, chassis=73e809ae-32f8-46da-938a-751255107794, external_ids={'neutron:ovn-bridge': 'br-int', 'neutron:ovn-neutron-agent-id': '74ca8c0f-6148-5ba3-82cc-4de8f35707cb', 'neutron:ovn-neutron-agent-sb-cfg': '2'}, name='4d9f9746-65b3-482f-86d7-475c281856b8', nb_cfg=3, nb_cfg_timestamp=1784413672392) old=Chassis_Private(uuid=839d2958-cfea-46e3-8191-f26366fda808, nb_cfg=2, nb_cfg_timestamp=1784413585454) {{(pid=101475) matches /opt/stack/data/venv/lib/python3.12/site-packages/ovsdbapp/backend/ovs_idl/event.py:55}}
Jul 18 22:27:52.401714 np0000185857 devstack@neutron-api.service[101477]: DEBUG ovsdbapp.backend.ovs_idl.event [None req-5586972f-b018-4a2f-a9dd-729007241b15 None None] Matched UPDATE: ChassisAgentWriteEvent(events=('create', 'update'), table='Chassis_Private', conditions=None, old_conditions=None), priority=20 to row=Chassis_Private(uuid=839d2958-cfea-46e3-8191-f26366fda808, chassis=73e809ae-32f8-46da-938a-751255107794, external_ids={'neutron:ovn-bridge': 'br-int', 'neutron:ovn-neutron-agent-id': '74ca8c0f-6148-5ba3-82cc-4de8f35707cb', 'neutron:ovn-neutron-agent-sb-cfg': '2'}, name='4d9f9746-65b3-482f-86d7-475c281856b8', nb_cfg=3, nb_cfg_timestamp=1784413672392) old=Chassis_Private(uuid=839d2958-cfea-46e3-8191-f26366fda808, nb_cfg=2, nb_cfg_timestamp=1784413585454) {{(pid=101477) matches /opt/stack/data/venv/lib/python3.12/site-packages/ovsdbapp/backend/ovs_idl/event.py:55}}
Jul 18 22:27:52.402367 np0000185857 devstack@neutron-api.service[101476]: DEBUG neutron.plugins.ml2.drivers.ovn.mech_driver.ovsdb.ovsdb_monitor [None req-d1c51894-f4bb-417b-bba2-536a1dae3890 None None] Hash Ring: Node 703e0209ec5b559988dbe5a74cc45360 (host: np0000185857) handling event "update" for row dbba3d91-c5b8-41b4-a600-756f8a913061 (table: NB_Global) {{(pid=101476) notify /opt/stack/neutron/neutron/plugins/ml2/drivers/ovn/mech_driver/ovsdb/ovsdb_monitor.py:1009}}
Jul 18 22:27:52.403032 np0000185857 devstack@neutron-api.service[101478]: DEBUG ovsdbapp.backend.ovs_idl.event [-] Matched UPDATE: ChassisAgentWriteEvent(events=('create', 'update'), table='Chassis_Private', conditions=None, old_conditions=None), priority=20 to row=Chassis_Private(uuid=839d2958-cfea-46e3-8191-f26366fda808, chassis=73e809ae-32f8-46da-938a-751255107794, external_ids={'neutron:ovn-bridge': 'br-int', 'neutron:ovn-neutron-agent-id': '74ca8c0f-6148-5ba3-82cc-4de8f35707cb', 'neutron:ovn-neutron-agent-sb-cfg': '2'}, name='4d9f9746-65b3-482f-86d7-475c281856b8', nb_cfg=3, nb_cfg_timestamp=1784413672392) old=Chassis_Private(uuid=839d2958-cfea-46e3-8191-f26366fda808, nb_cfg=2, nb_cfg_timestamp=1784413585454) {{(pid=101478) matches /opt/stack/data/venv/lib/python3.12/site-packages/ovsdbapp/backend/ovs_idl/event.py:55}}
Jul 18 22:27:52.403543 np0000185857 devstack@neutron-api.service[101476]: DEBUG neutron.plugins.ml2.drivers.ovn.mech_driver.ovsdb.ovsdb_monitor [None req-d1c51894-f4bb-417b-bba2-536a1dae3890 None None] Touching Hash Ring node "703e0209ec5b559988dbe5a74cc45360" from IDL notify handler {{(pid=101476) notify /opt/stack/neutron/neutron/plugins/ml2/drivers/ovn/mech_driver/ovsdb/ovsdb_monitor.py:1001}}
Jul 18 22:27:52.406009 np0000185857 devstack@neutron-api.service[101476]: DEBUG neutron.common.ovn.hash_ring_manager [None req-79e0ac2c-6472-4ac5-b895-31530dfb9b96 None None] Hash Ring loaded. 4 active nodes. 0 offline nodes {{(pid=101476) _load_hash_ring /opt/stack/neutron/neutron/common/ovn/hash_ring_manager.py:110}}
Jul 18 22:27:52.407219 np0000185857 devstack@neutron-api.service[101476]: DEBUG neutron.plugins.ml2.drivers.ovn.mech_driver.ovsdb.ovsdb_monitor [None req-d1c51894-f4bb-417b-bba2-536a1dae3890 None None] Hash Ring: Node 703e0209ec5b559988dbe5a74cc45360 (host: np0000185857) handling event "update" for row dbba3d91-c5b8-41b4-a600-756f8a913061 (table: NB_Global) {{(pid=101476) notify /opt/stack/neutron/neutron/plugins/ml2/drivers/ovn/mech_driver/ovsdb/ovsdb_monitor.py:1009}}
Jul 18 22:27:52.408008 np0000185857 devstack@neutron-api.service[101476]: DEBUG neutron.plugins.ml2.drivers.ovn.mech_driver.ovsdb.ovsdb_monitor [None req-d1c51894-f4bb-417b-bba2-536a1dae3890 None None] Touching Hash Ring node "703e0209ec5b559988dbe5a74cc45360" from IDL notify handler {{(pid=101476) notify /opt/stack/neutron/neutron/plugins/ml2/drivers/ovn/mech_driver/ovsdb/ovsdb_monitor.py:1001}}
Jul 18 22:27:52.409614 np0000185857 devstack@neutron-api.service[101476]: DEBUG neutron.plugins.ml2.drivers.ovn.mech_driver.ovsdb.ovsdb_monitor [None req-d1c51894-f4bb-417b-bba2-536a1dae3890 None None] Hash Ring: Node 703e0209ec5b559988dbe5a74cc45360 (host: np0000185857) handling event "update" for row dbba3d91-c5b8-41b4-a600-756f8a913061 (table: NB_Global) {{(pid=101476) notify /opt/stack/neutron/neutron/plugins/ml2/drivers/ovn/mech_driver/ovsdb/ovsdb_monitor.py:1009}}
Jul 18 22:27:52.410216 np0000185857 devstack@neutron-api.service[101477]: DEBUG neutron.common.ovn.hash_ring_manager [None req-5586972f-b018-4a2f-a9dd-729007241b15 None None] Hash Ring loaded. 4 active nodes. 0 offline nodes {{(pid=101477) _load_hash_ring /opt/stack/neutron/neutron/common/ovn/hash_ring_manager.py:110}}
Jul 18 22:27:52.410652 np0000185857 devstack@neutron-api.service[101476]: DEBUG neutron.plugins.ml2.drivers.ovn.mech_driver.ovsdb.ovsdb_monitor [None req-d1c51894-f4bb-417b-bba2-536a1dae3890 None None] Touching Hash Ring node "703e0209ec5b559988dbe5a74cc45360" from IDL notify handler {{(pid=101476) notify /opt/stack/neutron/neutron/plugins/ml2/drivers/ovn/mech_driver/ovsdb/ovsdb_monitor.py:1001}}
Jul 18 22:27:52.411189 np0000185857 devstack@neutron-api.service[101475]: DEBUG neutron.common.ovn.hash_ring_manager [None req-adda42c7-670c-4698-afd2-c263f9d6bf8f None None] Hash Ring loaded. 4 active nodes. 0 offline nodes {{(pid=101475) _load_hash_ring /opt/stack/neutron/neutron/common/ovn/hash_ring_manager.py:110}}
Jul 18 22:27:52.411363 np0000185857 devstack@neutron-api.service[101475]: DEBUG neutron.plugins.ml2.drivers.ovn.mech_driver.ovsdb.ovsdb_monitor [None req-adda42c7-670c-4698-afd2-c263f9d6bf8f None None] Hash Ring: Node b521eeb7145a5300820ffbc71a10934e (host: np0000185857) handling event "update" for row 839d2958-cfea-46e3-8191-f26366fda808 (table: Chassis_Private) {{(pid=101475) notify /opt/stack/neutron/neutron/plugins/ml2/drivers/ovn/mech_driver/ovsdb/ovsdb_monitor.py:1009}}
Jul 18 22:27:52.412757 np0000185857 devstack@neutron-api.service[101476]: DEBUG neutron.plugins.ml2.drivers.ovn.mech_driver.ovsdb.ovsdb_monitor [None req-d1c51894-f4bb-417b-bba2-536a1dae3890 None None] Hash Ring: Node 703e0209ec5b559988dbe5a74cc45360 (host: np0000185857) handling event "update" for row dbba3d91-c5b8-41b4-a600-756f8a913061 (table: NB_Global) {{(pid=101476) notify /opt/stack/neutron/neutron/plugins/ml2/drivers/ovn/mech_driver/ovsdb/ovsdb_monitor.py:1009}}
Jul 18 22:27:52.413441 np0000185857 devstack@neutron-api.service[101478]: DEBUG neutron.common.ovn.hash_ring_manager [-] Hash Ring loaded. 4 active nodes. 0 offline nodes {{(pid=101478) _load_hash_ring /opt/stack/neutron/neutron/common/ovn/hash_ring_manager.py:110}}
Jul 18 22:27:52.445442 np0000185857 devstack@neutron-api.service[101478]: DEBUG neutron.plugins.ml2.drivers.helpers [None req-384fdf2d-f9ed-4adf-b824-0850f6b281cc admin admin] geneve segment allocate from pool success with {'geneve_vni': 26105} {{(pid=101478) allocate_partially_specified_segment /opt/stack/neutron/neutron/plugins/ml2/drivers/helpers.py:142}}
Jul 18 22:27:52.454575 np0000185857 devstack@neutron-api.service[101478]: DEBUG neutron_lib.callbacks.manager [None req-384fdf2d-f9ed-4adf-b824-0850f6b281cc admin admin] Publish callbacks ['neutron.services.segments.db._add_segment_host_mapping_for_segment-8353928144616', 'neutron.plugins.ml2.plugin.Ml2Plugin._handle_segment_change-264684'] for segment (32ede3a0-d1df-4178-a7a3-b3382cdf627f), precommit_create {{(pid=101478) _notify_loop /opt/stack/data/venv/lib/python3.12/site-packages/neutron_lib/callbacks/manager.py:184}}
Jul 18 22:27:52.454926 np0000185857 devstack@neutron-api.service[101478]: INFO neutron.db.segments_db [None req-384fdf2d-f9ed-4adf-b824-0850f6b281cc admin admin] Added segment 32ede3a0-d1df-4178-a7a3-b3382cdf627f of type geneve for network 437038da-78fa-4be0-8ab1-fc6329ed9abd
Jul 18 22:27:52.471816 np0000185857 devstack@neutron-api.service[101478]: DEBUG neutron_lib.callbacks.manager [None req-384fdf2d-f9ed-4adf-b824-0850f6b281cc admin admin] Publish callbacks ['neutron.services.auto_allocate.db._ensure_external_network_default_value_callback-8353926807826'] for network (437038da-78fa-4be0-8ab1-fc6329ed9abd), precommit_create {{(pid=101478) _notify_loop /opt/stack/data/venv/lib/python3.12/site-packages/neutron_lib/callbacks/manager.py:184}}
Jul 18 22:27:52.484131 np0000185857 devstack@neutron-api.service[101478]: DEBUG neutron.plugins.ml2.drivers.ovn.mech_driver.mech_driver [None req-384fdf2d-f9ed-4adf-b824-0850f6b281cc admin admin] Validating network segment with type geneve, segmentation ID 26105, physical network None {{(pid=101478) _validate_network_segments /opt/stack/neutron/neutron/plugins/ml2/drivers/ovn/mech_driver/mech_driver.py:646}}
Jul 18 22:27:52.484263 np0000185857 devstack@neutron-api.service[101478]: DEBUG neutron.db.ovn_revision_numbers_db [None req-384fdf2d-f9ed-4adf-b824-0850f6b281cc admin admin] create_initial_revision uuid=437038da-78fa-4be0-8ab1-fc6329ed9abd, type=networks, rev=-1 {{(pid=101478) create_initial_revision /opt/stack/neutron/neutron/db/ovn_revision_numbers_db.py:98}}
Jul 18 22:27:52.495376 np0000185857 devstack@neutron-api.service[101478]: DEBUG neutron_lib.callbacks.manager [None req-384fdf2d-f9ed-4adf-b824-0850f6b281cc admin admin] Publish callbacks ['neutron.plugins.ml2.ovo_rpc._ObjectChangeHandler.handle_event-3714400'] for network (437038da-78fa-4be0-8ab1-fc6329ed9abd), after_create {{(pid=101478) _notify_loop /opt/stack/data/venv/lib/python3.12/site-packages/neutron_lib/callbacks/manager.py:184}}
Jul 18 22:27:52.513537 np0000185857 devstack@neutron-api.service[101478]: DEBUG neutron.api.rpc.handlers.resources_rpc [None req-384fdf2d-f9ed-4adf-b824-0850f6b281cc admin admin] Pushing event updated for resources: {'Network': ['ID=437038da-78fa-4be0-8ab1-fc6329ed9abd,revision_number=1']} {{(pid=101478) push /opt/stack/neutron/neutron/api/rpc/handlers/resources_rpc.py:237}}
Jul 18 22:27:52.520620 np0000185857 devstack@neutron-api.service[101478]: DEBUG ovsdbapp.backend.ovs_idl.transaction [None req-e9eace74-fc44-4b65-8f9e-27e2c8a21dc6 None None] Running txn n=1 command(idx=0): AddNetworkCommand(_result=None, network_uuid=437038da-78fa-4be0-8ab1-fc6329ed9abd, may_exist=True, columns={'external_ids': {'neutron:network_name': 'admin_net', 'neutron:mtu': '1372', 'neutron:revision_number': '1', 'neutron:availability_zone_hints': '', 'neutron:provnet-network-type': 'geneve'}, 'other_config': {'mcast_snoop': 'false', 'mcast_flood_unregistered': 'false', 'vlan-passthru': 'false'}}) {{(pid=101478) do_commit /opt/stack/data/venv/lib/python3.12/site-packages/ovsdbapp/backend/ovs_idl/transaction.py:89}}
Jul 18 22:27:52.528261 np0000185857 devstack@neutron-api.service[101475]: DEBUG neutron.plugins.ml2.drivers.ovn.mech_driver.ovsdb.ovsdb_monitor [None req-17f36774-aeae-4049-8f7b-2e90a2d84e2b None None] Touching Hash Ring node "b521eeb7145a5300820ffbc71a10934e" from IDL notify handler {{(pid=101475) notify /opt/stack/neutron/neutron/plugins/ml2/drivers/ovn/mech_driver/ovsdb/ovsdb_monitor.py:1001}}
Jul 18 22:27:52.536931 np0000185857 devstack@neutron-api.service[101476]: DEBUG neutron.plugins.ml2.drivers.ovn.mech_driver.ovsdb.ovsdb_monitor [None req-79e0ac2c-6472-4ac5-b895-31530dfb9b96 None None] Hash Ring: Node 703e0209ec5b559988dbe5a74cc45360 (host: np0000185857) handling event "create" for row 18f42062-72a8-42ea-85c0-208c6a60d5d9 (table: Datapath_Binding) {{(pid=101476) notify /opt/stack/neutron/neutron/plugins/ml2/drivers/ovn/mech_driver/ovsdb/ovsdb_monitor.py:1009}}
Jul 18 22:27:52.539934 np0000185857 devstack@neutron-api.service[101475]: DEBUG neutron.plugins.ml2.drivers.ovn.mech_driver.ovsdb.ovsdb_monitor [None req-17f36774-aeae-4049-8f7b-2e90a2d84e2b None None] Hash Ring: Node b521eeb7145a5300820ffbc71a10934e (host: np0000185857) handling event "create" for row 437038da-78fa-4be0-8ab1-fc6329ed9abd (table: Logical_Switch) {{(pid=101475) notify /opt/stack/neutron/neutron/plugins/ml2/drivers/ovn/mech_driver/ovsdb/ovsdb_monitor.py:1009}}
Jul 18 22:27:52.547607 np0000185857 devstack@neutron-api.service[101478]: INFO neutron.db.ovn_revision_numbers_db [None req-384fdf2d-f9ed-4adf-b824-0850f6b281cc admin admin] Successfully bumped revision number for resource 437038da-78fa-4be0-8ab1-fc6329ed9abd (type: networks) to 1
Jul 18 22:27:52.563635 np0000185857 devstack@neutron-api.service[101478]: DEBUG neutron_lib.callbacks.manager [None req-384fdf2d-f9ed-4adf-b824-0850f6b281cc admin admin] Publish callbacks ['neutron.plugins.ml2.plugin.SecurityGroupDbMixin._ensure_default_security_group_handler-55346'] for port (None), before_create {{(pid=101478) _notify_loop /opt/stack/data/venv/lib/python3.12/site-packages/neutron_lib/callbacks/manager.py:184}}
Jul 18 22:27:52.624710 np0000185857 devstack@neutron-api.service[101478]: DEBUG neutron_lib.callbacks.manager [None req-384fdf2d-f9ed-4adf-b824-0850f6b281cc admin admin] Publish callbacks ['neutron.plugins.ml2.drivers.ovn.mech_driver.mech_driver.OVNMechanismDriver._validate_allowed_address_pairs-192083'] for allowed_address_pair (915486bf-d0b5-404b-8ff0-2696da926835), before_create {{(pid=101478) _notify_loop /opt/stack/data/venv/lib/python3.12/site-packages/neutron_lib/callbacks/manager.py:184}}
Jul 18 22:27:52.625182 np0000185857 devstack@neutron-api.service[101478]: DEBUG neutron_lib.callbacks.manager [None req-384fdf2d-f9ed-4adf-b824-0850f6b281cc admin admin] Publish callbacks [] for port (915486bf-d0b5-404b-8ff0-2696da926835), precommit_create {{(pid=101478) _notify_loop /opt/stack/data/venv/lib/python3.12/site-packages/neutron_lib/callbacks/manager.py:184}}
Jul 18 22:27:52.625327 np0000185857 devstack@neutron-api.service[101478]: DEBUG neutron.plugins.ml2.drivers.ovn.mech_driver.mech_driver [None req-384fdf2d-f9ed-4adf-b824-0850f6b281cc admin admin] No provisioning block for port 915486bf-d0b5-404b-8ff0-2696da926835 since it does not have a host {{(pid=101478) _is_port_provisioning_required /opt/stack/neutron/neutron/plugins/ml2/drivers/ovn/mech_driver/mech_driver.py:899}}
Jul 18 22:27:52.625435 np0000185857 devstack@neutron-api.service[101478]: DEBUG neutron.db.ovn_revision_numbers_db [None req-384fdf2d-f9ed-4adf-b824-0850f6b281cc admin admin] create_initial_revision uuid=915486bf-d0b5-404b-8ff0-2696da926835, type=ports, rev=-1 {{(pid=101478) create_initial_revision /opt/stack/neutron/neutron/db/ovn_revision_numbers_db.py:98}}
Jul 18 22:27:52.654440 np0000185857 devstack@neutron-api.service[101478]: DEBUG neutron_lib.callbacks.manager [None req-384fdf2d-f9ed-4adf-b824-0850f6b281cc admin admin] Publish callbacks ['neutron.plugins.ml2.ovo_rpc._ObjectChangeHandler.handle_event-3714677'] for port (915486bf-d0b5-404b-8ff0-2696da926835), after_create {{(pid=101478) _notify_loop /opt/stack/data/venv/lib/python3.12/site-packages/neutron_lib/callbacks/manager.py:184}}
Jul 18 22:27:52.686830 np0000185857 devstack@neutron-api.service[101478]: DEBUG neutron.api.rpc.handlers.resources_rpc [None req-384fdf2d-f9ed-4adf-b824-0850f6b281cc admin admin] Pushing event updated for resources: {'Port': ['ID=915486bf-d0b5-404b-8ff0-2696da926835,revision_number=1']} {{(pid=101478) push /opt/stack/neutron/neutron/api/rpc/handlers/resources_rpc.py:237}}
Jul 18 22:27:52.692722 np0000185857 devstack@neutron-api.service[101478]: DEBUG neutron.plugins.ml2.drivers.ovn.mech_driver.ovsdb.commands [None req-384fdf2d-f9ed-4adf-b824-0850f6b281cc admin admin] Converting tag [] to a tag_request {{(pid=101478) _tag_column_to_tag_request /opt/stack/neutron/neutron/plugins/ml2/drivers/ovn/mech_driver/ovsdb/commands.py:205}}
Jul 18 22:27:52.693457 np0000185857 devstack@neutron-api.service[101478]: DEBUG ovsdbapp.backend.ovs_idl.transaction [None req-e9eace74-fc44-4b65-8f9e-27e2c8a21dc6 None None] Running txn n=1 command(idx=0): AddLSwitchPortCommand(_result=None, lport=915486bf-d0b5-404b-8ff0-2696da926835, lswitch=neutron-437038da-78fa-4be0-8ab1-fc6329ed9abd, may_exist=True, network_uuid=437038da-78fa-4be0-8ab1-fc6329ed9abd, columns={'addresses': ['fa:16:3e:7d:8c:ca'], 'external_ids': {'neutron:port_name': '', 'neutron:device_id': 'ovnmeta-437038da-78fa-4be0-8ab1-fc6329ed9abd', 'neutron:project_id': 'cb7ed3d531b840dbbf61f55bc8f7f4bf', 'neutron:cidrs': '', 'neutron:device_owner': 'network:distributed', 'neutron:subnet_pool_addr_scope4': '', 'neutron:subnet_pool_addr_scope6': '', 'neutron:network_name': 'neutron-437038da-78fa-4be0-8ab1-fc6329ed9abd', 'neutron:security_group_ids': '', 'neutron:revision_number': '1', 'neutron:vnic_type': 'normal', 'neutron:port_capabilities': '', 'neutron:mtu': '1372'}, 'parent_name': [], 'enabled': True, 'options': {}, 'type': 'localport', 'port_security': [], 'dhcpv4_options': [], 'dhcpv6_options': [], 'tag_request': []}) {{(pid=101478) do_commit /opt/stack/data/venv/lib/python3.12/site-packages/ovsdbapp/backend/ovs_idl/transaction.py:89}}
Jul 18 22:27:52.694558 np0000185857 devstack@neutron-api.service[101478]: DEBUG ovsdbapp.backend.ovs_idl.transaction [None req-e9eace74-fc44-4b65-8f9e-27e2c8a21dc6 None None] Running txn n=1 command(idx=1): QoSDelCommand(_result=None, switch=neutron-437038da-78fa-4be0-8ab1-fc6329ed9abd, conditions=[('direction', '=', 'to-lport'), ('priority', '=', 2002), ('match', '=', 'outport == "915486bf-d0b5-404b-8ff0-2696da926835"')], if_exists=True) {{(pid=101478) do_commit /opt/stack/data/venv/lib/python3.12/site-packages/ovsdbapp/backend/ovs_idl/transaction.py:89}}
Jul 18 22:27:52.694753 np0000185857 devstack@neutron-api.service[101478]: DEBUG ovsdbapp.backend.ovs_idl.transaction [None req-e9eace74-fc44-4b65-8f9e-27e2c8a21dc6 None None] Running txn n=1 command(idx=2): QoSDelCommand(_result=None, switch=neutron-437038da-78fa-4be0-8ab1-fc6329ed9abd, conditions=[('direction', '=', 'from-lport'), ('priority', '=', 2002), ('match', '=', 'inport == "915486bf-d0b5-404b-8ff0-2696da926835"')], if_exists=True) {{(pid=101478) do_commit /opt/stack/data/venv/lib/python3.12/site-packages/ovsdbapp/backend/ovs_idl/transaction.py:89}}
Jul 18 22:27:52.755720 np0000185857 devstack@neutron-api.service[101475]: DEBUG neutron.plugins.ml2.drivers.ovn.mech_driver.ovsdb.ovsdb_monitor [None req-17f36774-aeae-4049-8f7b-2e90a2d84e2b None None] Touching Hash Ring node "b521eeb7145a5300820ffbc71a10934e" from IDL notify handler {{(pid=101475) notify /opt/stack/neutron/neutron/plugins/ml2/drivers/ovn/mech_driver/ovsdb/ovsdb_monitor.py:1001}}
Jul 18 22:27:52.764274 np0000185857 devstack@neutron-api.service[101475]: DEBUG neutron.plugins.ml2.drivers.ovn.mech_driver.ovsdb.ovsdb_monitor [None req-17f36774-aeae-4049-8f7b-2e90a2d84e2b None None] Hash Ring: Node b521eeb7145a5300820ffbc71a10934e (host: np0000185857) handling event "update" for row 437038da-78fa-4be0-8ab1-fc6329ed9abd (table: Logical_Switch) {{(pid=101475) notify /opt/stack/neutron/neutron/plugins/ml2/drivers/ovn/mech_driver/ovsdb/ovsdb_monitor.py:1009}}
Jul 18 22:27:52.765356 np0000185857 devstack@neutron-api.service[101475]: DEBUG neutron.plugins.ml2.drivers.ovn.mech_driver.ovsdb.ovsdb_monitor [None req-17f36774-aeae-4049-8f7b-2e90a2d84e2b None None] Touching Hash Ring node "b521eeb7145a5300820ffbc71a10934e" from IDL notify handler {{(pid=101475) notify /opt/stack/neutron/neutron/plugins/ml2/drivers/ovn/mech_driver/ovsdb/ovsdb_monitor.py:1001}}
Jul 18 22:27:52.768395 np0000185857 devstack@neutron-api.service[101475]: DEBUG neutron.plugins.ml2.drivers.ovn.mech_driver.ovsdb.ovsdb_monitor [None req-17f36774-aeae-4049-8f7b-2e90a2d84e2b None None] Hash Ring: Node b521eeb7145a5300820ffbc71a10934e (host: np0000185857) handling event "create" for row 2de4a770-cf0d-41b1-bc5b-419f2e70b2e1 (table: Logical_Switch_Port) {{(pid=101475) notify /opt/stack/neutron/neutron/plugins/ml2/drivers/ovn/mech_driver/ovsdb/ovsdb_monitor.py:1009}}
Jul 18 22:27:52.770081 np0000185857 devstack@neutron-api.service[101475]: DEBUG ovsdbapp.backend.ovs_idl.event [None req-17f36774-aeae-4049-8f7b-2e90a2d84e2b None None] Matched CREATE: LogicalSwitchPortCreateEvent(events=('create',), table='Logical_Switch_Port', conditions=[], old_conditions=None), priority=20 to row=Logical_Switch_Port(uuid=2de4a770-cf0d-41b1-bc5b-419f2e70b2e1, addresses=['fa:16:3e:7d:8c:ca'], dhcpv4_options=[], dhcpv6_options=[], dynamic_addresses=[], enabled=True, external_ids={'neutron:cidrs': '', 'neutron:device_id': 'ovnmeta-437038da-78fa-4be0-8ab1-fc6329ed9abd', 'neutron:device_owner': 'network:distributed', 'neutron:mtu': '1372', 'neutron:network_name': 'neutron-437038da-78fa-4be0-8ab1-fc6329ed9abd', 'neutron:port_capabilities': '', 'neutron:port_name': '', 'neutron:project_id': 'cb7ed3d531b840dbbf61f55bc8f7f4bf', 'neutron:revision_number': '1', 'neutron:security_group_ids': '', 'neutron:subnet_pool_addr_scope4': '', 'neutron:subnet_pool_addr_scope6': '', 'neutron:vnic_type': 'normal'}, ha_chassis_group=[], mirror_rules=[], name='915486bf-d0b5-404b-8ff0-2696da926835', options={}, parent_name=[], port_security=[], tag=[], tag_request=[], type='localport', up=[]) old= {{(pid=101475) matches /opt/stack/data/venv/lib/python3.12/site-packages/ovsdbapp/backend/ovs_idl/event.py:55}}
Jul 18 22:27:52.770947 np0000185857 devstack@neutron-api.service[101478]: DEBUG neutron.plugins.ml2.drivers.ovn.mech_driver.ovsdb.ovsdb_monitor [-] Hash Ring: Node 524bc46b40df53939a13dd0b67d338bb (host: np0000185857) handling event "create" for row 8a85cc28-904a-4e3c-90ea-911cd2f538ea (table: Port_Binding) {{(pid=101478) notify /opt/stack/neutron/neutron/plugins/ml2/drivers/ovn/mech_driver/ovsdb/ovsdb_monitor.py:1009}}
Jul 18 22:27:52.771007 np0000185857 devstack@neutron-api.service[101475]: INFO neutron.plugins.ml2.drivers.ovn.mech_driver.mech_driver [None req-75b85210-c46a-4935-bf4b-95e8a0468ebf None None] OVN reports status down for port: 915486bf-d0b5-404b-8ff0-2696da926835
Jul 18 22:27:52.772945 np0000185857 devstack@neutron-api.service[101475]: DEBUG neutron.plugins.ml2.drivers.ovn.mech_driver.ovsdb.ovsdb_monitor [None req-17f36774-aeae-4049-8f7b-2e90a2d84e2b None None] Touching Hash Ring node "b521eeb7145a5300820ffbc71a10934e" from IDL notify handler {{(pid=101475) notify /opt/stack/neutron/neutron/plugins/ml2/drivers/ovn/mech_driver/ovsdb/ovsdb_monitor.py:1001}}
Jul 18 22:27:52.776113 np0000185857 devstack@neutron-api.service[101475]: DEBUG neutron.plugins.ml2.drivers.ovn.mech_driver.ovsdb.ovsdb_monitor [None req-17f36774-aeae-4049-8f7b-2e90a2d84e2b None None] Hash Ring: Node b521eeb7145a5300820ffbc71a10934e (host: np0000185857) handling event "update" for row 2de4a770-cf0d-41b1-bc5b-419f2e70b2e1 (table: Logical_Switch_Port) {{(pid=101475) notify /opt/stack/neutron/neutron/plugins/ml2/drivers/ovn/mech_driver/ovsdb/ovsdb_monitor.py:1009}}
Jul 18 22:27:52.791322 np0000185857 devstack@neutron-api.service[101478]: INFO neutron.db.ovn_revision_numbers_db [None req-384fdf2d-f9ed-4adf-b824-0850f6b281cc admin admin] Successfully bumped revision number for resource 915486bf-d0b5-404b-8ff0-2696da926835 (type: ports) to 1
Jul 18 22:27:52.798602 np0000185857 devstack@neutron-api.service[101478]: DEBUG neutron.pecan_wsgi.hooks.policy_enforcement [None req-384fdf2d-f9ed-4adf-b824-0850f6b281cc admin admin] Attributes excluded by policy engine: ['standard_attr_id'] {{(pid=101478) _exclude_attributes_by_policy /opt/stack/neutron/neutron/pecan_wsgi/hooks/policy_enforcement.py:259}}
Jul 18 22:27:52.799043 np0000185857 devstack@neutron-api.service[101478]: DEBUG neutron_lib.callbacks.manager [None req-384fdf2d-f9ed-4adf-b824-0850f6b281cc admin admin] Publish callbacks [] for network (None), before_response {{(pid=101478) _notify_loop /opt/stack/data/venv/lib/python3.12/site-packages/neutron_lib/callbacks/manager.py:184}}
Jul 18 22:27:52.802903 np0000185857 devstack@neutron-api.service[101475]: DEBUG neutron.db.provisioning_blocks [None req-75b85210-c46a-4935-bf4b-95e8a0468ebf None None] Transition to ACTIVE for port object 915486bf-d0b5-404b-8ff0-2696da926835 will not be triggered until provisioned by entity L2. {{(pid=101475) add_provisioning_component /opt/stack/neutron/neutron/db/provisioning_blocks.py:74}}
Jul 18 22:27:52.811513 np0000185857 devstack@neutron-api.service[101478]: [pid: 101478|app: 0|req: 23/93] 199.204.45.248 () {68 vars in 1358 bytes} [Sat Jul 18 22:27:52 2026] POST /networking/v2.0/networks => generated 683 bytes in 641 msecs (HTTP/1.1 201) 4 headers in 162 bytes (1 switches on core 0)
Jul 18 22:27:52.827568 np0000185857 devstack@neutron-api.service[101475]: DEBUG neutron.plugins.ml2.plugin [None req-75b85210-c46a-4935-bf4b-95e8a0468ebf None None] Current status of the port 915486bf-d0b5-404b-8ff0-2696da926835 is: DOWN; New status is: DOWN {{(pid=101475) _update_individual_port_db_status /opt/stack/neutron/neutron/plugins/ml2/plugin.py:2473}}
Jul 18 22:27:52.828790 np0000185857 devstack@neutron-api.service[101475]: DEBUG ovsdbapp.backend.ovs_idl.transaction [None req-17f36774-aeae-4049-8f7b-2e90a2d84e2b None None] Running txn n=1 command(idx=0): DbRemoveCommand(_result=None, table=Logical_Switch_Port, record=915486bf-d0b5-404b-8ff0-2696da926835, column=external_ids, values=('neutron:host_id',), keyvalues={}, if_exists=True) {{(pid=101475) do_commit /opt/stack/data/venv/lib/python3.12/site-packages/ovsdbapp/backend/ovs_idl/transaction.py:89}}
Jul 18 22:27:53.021127 np0000185857 devstack@neutron-api.service[101475]: INFO neutron.pecan_wsgi.hooks.translation [None req-22599b6b-00fe-463d-9b01-004d78d1ddec admin admin] GET failed (client error): The resource could not be found.
Jul 18 22:27:53.021853 np0000185857 devstack@neutron-api.service[101475]: [pid: 101475|app: 0|req: 25/94] 199.204.45.248 () {64 vars in 1334 bytes} [Sat Jul 18 22:27:53 2026] GET /networking/v2.0/networks/admin_net => generated 111 bytes in 12 msecs (HTTP/1.1 404) 4 headers in 164 bytes (1 switches on core 0)
Jul 18 22:27:53.067701 np0000185857 devstack@neutron-api.service[101476]: DEBUG neutron.pecan_wsgi.hooks.policy_enforcement [None req-0e5e4c15-2eee-4a0f-be48-222e0009da10 admin admin] Attributes excluded by policy engine: ['standard_attr_id'] {{(pid=101476) _exclude_attributes_by_policy /opt/stack/neutron/neutron/pecan_wsgi/hooks/policy_enforcement.py:259}}
Jul 18 22:27:53.068608 np0000185857 devstack@neutron-api.service[101476]: [pid: 101476|app: 0|req: 24/95] 199.204.45.248 () {64 vars in 1346 bytes} [Sat Jul 18 22:27:53 2026] GET /networking/v2.0/networks?name=admin_net => generated 667 bytes in 37 msecs (HTTP/1.1 200) 4 headers in 157 bytes (1 switches on core 0)
Jul 18 22:27:53.299624 np0000185857 devstack@neutron-api.service[101477]: INFO neutron.pecan_wsgi.hooks.translation [None req-f50b9ce1-5b7a-45b0-b799-6c052df91bb3 admin admin] GET failed (client error): The resource could not be found.
Jul 18 22:27:53.300161 np0000185857 devstack@neutron-api.service[101477]: [pid: 101477|app: 0|req: 24/96] 199.204.45.248 () {64 vars in 1340 bytes} [Sat Jul 18 22:27:53 2026] GET /networking/v2.0/subnets/admin_subnet => generated 112 bytes in 9 msecs (HTTP/1.1 404) 4 headers in 164 bytes (1 switches on core 0)
Jul 18 22:27:53.333099 np0000185857 devstack@neutron-api.service[101478]: [pid: 101478|app: 0|req: 24/97] 199.204.45.248 () {64 vars in 1349 bytes} [Sat Jul 18 22:27:53 2026] GET /networking/v2.0/subnets?name=admin_subnet => generated 14 bytes in 25 msecs (HTTP/1.1 200) 4 headers in 156 bytes (1 switches on core 0)
Jul 18 22:27:53.587511 np0000185857 devstack@neutron-api.service[101475]: DEBUG neutron.pecan_wsgi.hooks.policy_enforcement [None req-b696af6b-1f9b-4c5a-965a-0cea0b58af57 admin admin] Attributes excluded by policy engine: ['standard_attr_id'] {{(pid=101475) _exclude_attributes_by_policy /opt/stack/neutron/neutron/pecan_wsgi/hooks/policy_enforcement.py:259}}
Jul 18 22:27:53.588793 np0000185857 devstack@neutron-api.service[101475]: [pid: 101475|app: 0|req: 26/98] 199.204.45.248 () {64 vars in 1415 bytes} [Sat Jul 18 22:27:53 2026] GET /networking/v2.0/networks/437038da-78fa-4be0-8ab1-fc6329ed9abd => generated 664 bytes in 26 msecs (HTTP/1.1 200) 4 headers in 157 bytes (1 switches on core 0)
Jul 18 22:27:53.608356 np0000185857 devstack@neutron-api.service[101476]: DEBUG neutron.api.v2.base [None req-f2cf1323-d97e-42c6-9766-3cc6bc0f207f admin admin] Request body: {'subnet': {'project_id': 'cb7ed3d531b840dbbf61f55bc8f7f4bf', 'name': 'admin_subnet', 'gateway_ip': None, 'cidr': '10.2.5.0/24', 'network_id': '437038da-78fa-4be0-8ab1-fc6329ed9abd', 'ip_version': 4}} {{(pid=101476) prepare_request_body /opt/stack/neutron/neutron/api/v2/base.py:727}}
Jul 18 22:27:53.625643 np0000185857 devstack@neutron-api.service[101476]: DEBUG neutron.pecan_wsgi.hooks.quota_enforcement [None req-f2cf1323-d97e-42c6-9766-3cc6bc0f207f admin admin] Made reservation on behalf of cb7ed3d531b840dbbf61f55bc8f7f4bf for: {'subnet': 1} {{(pid=101476) before /opt/stack/neutron/neutron/pecan_wsgi/hooks/quota_enforcement.py:66}}
Jul 18 22:27:53.628602 np0000185857 devstack@neutron-api.service[101476]: DEBUG neutron_lib.callbacks.manager [None req-f2cf1323-d97e-42c6-9766-3cc6bc0f207f admin admin] Publish callbacks [] for subnet (None), before_create {{(pid=101476) _notify_loop /opt/stack/data/venv/lib/python3.12/site-packages/neutron_lib/callbacks/manager.py:184}}
Jul 18 22:27:53.694820 np0000185857 devstack@neutron-api.service[101476]: DEBUG neutron.db.ovn_revision_numbers_db [None req-f2cf1323-d97e-42c6-9766-3cc6bc0f207f admin admin] create_initial_revision uuid=60369c94-406e-4c33-b864-c10f72f527f6, type=subnets, rev=-1 {{(pid=101476) create_initial_revision /opt/stack/neutron/neutron/db/ovn_revision_numbers_db.py:98}}
Jul 18 22:27:53.702824 np0000185857 devstack@neutron-api.service[101476]: DEBUG neutron_lib.callbacks.manager [None req-f2cf1323-d97e-42c6-9766-3cc6bc0f207f admin admin] Publish callbacks ['neutron.plugins.ml2.ovo_rpc._ObjectChangeHandler.handle_event-3710945'] for subnet (60369c94-406e-4c33-b864-c10f72f527f6), after_create {{(pid=101476) _notify_loop /opt/stack/data/venv/lib/python3.12/site-packages/neutron_lib/callbacks/manager.py:184}}
Jul 18 22:27:53.719330 np0000185857 devstack@neutron-api.service[101476]: DEBUG neutron.api.rpc.handlers.resources_rpc [None req-f2cf1323-d97e-42c6-9766-3cc6bc0f207f admin admin] Pushing event updated for resources: {'Subnet': ['ID=60369c94-406e-4c33-b864-c10f72f527f6,revision_number=0']} {{(pid=101476) push /opt/stack/neutron/neutron/api/rpc/handlers/resources_rpc.py:237}}
Jul 18 22:27:53.725516 np0000185857 devstack@neutron-api.service[101476]: DEBUG neutron.api.rpc.callbacks.version_manager [None req-f2cf1323-d97e-42c6-9766-3cc6bc0f207f admin admin] Tracked resource versions report:
Jul 18 22:27:53.725516 np0000185857 devstack@neutron-api.service[101476]: pushed versions:
Jul 18 22:27:53.725516 np0000185857 devstack@neutron-api.service[101476]: { 'AddressGroup': {'1.2'},
Jul 18 22:27:53.725516 np0000185857 devstack@neutron-api.service[101476]: 'Agent': {'1.1'},
Jul 18 22:27:53.725516 np0000185857 devstack@neutron-api.service[101476]: 'ConntrackHelper': {'1.0'},
Jul 18 22:27:53.725516 np0000185857 devstack@neutron-api.service[101476]: 'LocalIPAssociation': {'1.0'},
Jul 18 22:27:53.725516 np0000185857 devstack@neutron-api.service[101476]: 'Log': {'1.0'},
Jul 18 22:27:53.725516 np0000185857 devstack@neutron-api.service[101476]: 'NDPProxy': {'1.0'},
Jul 18 22:27:53.725516 np0000185857 devstack@neutron-api.service[101476]: 'Network': {'1.3'},
Jul 18 22:27:53.725516 np0000185857 devstack@neutron-api.service[101476]: 'Port': {'1.11'},
Jul 18 22:27:53.725516 np0000185857 devstack@neutron-api.service[101476]: 'PortForwarding': {'1.3'},
Jul 18 22:27:53.725516 np0000185857 devstack@neutron-api.service[101476]: 'QosPolicy': {'1.10'},
Jul 18 22:27:53.725516 np0000185857 devstack@neutron-api.service[101476]: 'SecurityGroup': {'1.6'},
Jul 18 22:27:53.725516 np0000185857 devstack@neutron-api.service[101476]: 'SecurityGroupRule': {'1.3'},
Jul 18 22:27:53.725516 np0000185857 devstack@neutron-api.service[101476]: 'SubPort': {'1.0'},
Jul 18 22:27:53.725516 np0000185857 devstack@neutron-api.service[101476]: 'Subnet': {'1.2'},
Jul 18 22:27:53.725516 np0000185857 devstack@neutron-api.service[101476]: 'Trunk': {'1.1'}}
Jul 18 22:27:53.725516 np0000185857 devstack@neutron-api.service[101476]: consumer versions:
Jul 18 22:27:53.725516 np0000185857 devstack@neutron-api.service[101476]: { OVN Controller Gateway agent@np0000185857: {},
Jul 18 22:27:53.725516 np0000185857 devstack@neutron-api.service[101476]: OVN Neutron agent@np0000185857: {}}
Jul 18 22:27:53.725516 np0000185857 devstack@neutron-api.service[101476]: {{(pid=101476) report /opt/stack/neutron/neutron/api/rpc/callbacks/version_manager.py:183}}
Jul 18 22:27:53.776538 np0000185857 devstack@neutron-api.service[101476]: DEBUG neutron_lib.callbacks.manager [None req-f2cf1323-d97e-42c6-9766-3cc6bc0f207f admin admin] Publish callbacks ['neutron.plugins.ml2.plugin.SecurityGroupDbMixin._ensure_default_security_group_handler-32119221', 'neutron.services.ovn_l3.plugin.OVNL3RouterPlugin._port_update-8353926497684', 'neutron.db.l3_db.L3_NAT_dbonly_mixin._prevent_internal_ip_change_for_fip-8353928007100'] for port (915486bf-d0b5-404b-8ff0-2696da926835), before_update {{(pid=101476) _notify_loop /opt/stack/data/venv/lib/python3.12/site-packages/neutron_lib/callbacks/manager.py:184}}
Jul 18 22:27:53.862362 np0000185857 devstack@neutron-api.service[101476]: DEBUG neutron.db.db_base_plugin_common [None req-f2cf1323-d97e-42c6-9766-3cc6bc0f207f admin admin] Allocated IP 10.2.5.1 (437038da-78fa-4be0-8ab1-fc6329ed9abd/60369c94-406e-4c33-b864-c10f72f527f6/915486bf-d0b5-404b-8ff0-2696da926835) {{(pid=101476) _store_ip_allocation /opt/stack/neutron/neutron/db/db_base_plugin_common.py:131}}
Jul 18 22:27:53.920030 np0000185857 devstack@neutron-api.service[101476]: DEBUG neutron_lib.callbacks.manager [None req-f2cf1323-d97e-42c6-9766-3cc6bc0f207f admin admin] Publish callbacks [] for port (915486bf-d0b5-404b-8ff0-2696da926835), precommit_update {{(pid=101476) _notify_loop /opt/stack/data/venv/lib/python3.12/site-packages/neutron_lib/callbacks/manager.py:184}}
Jul 18 22:27:53.920183 np0000185857 devstack@neutron-api.service[101476]: DEBUG neutron.plugins.ml2.drivers.ovn.mech_driver.mech_driver [None req-f2cf1323-d97e-42c6-9766-3cc6bc0f207f admin admin] No provisioning block for port 915486bf-d0b5-404b-8ff0-2696da926835 since it does not have a host {{(pid=101476) _is_port_provisioning_required /opt/stack/neutron/neutron/plugins/ml2/drivers/ovn/mech_driver/mech_driver.py:899}}
Jul 18 22:27:53.932098 np0000185857 devstack@neutron-api.service[101476]: DEBUG neutron_lib.callbacks.manager [None req-f2cf1323-d97e-42c6-9766-3cc6bc0f207f admin admin] Publish callbacks ['neutron.plugins.ml2.ovo_rpc._ObjectChangeHandler.handle_event-3710567', 'neutron.services.ovn_l3.plugin.OVNL3RouterPlugin._port_update-8353926497684'] for port (915486bf-d0b5-404b-8ff0-2696da926835), after_update {{(pid=101476) _notify_loop /opt/stack/data/venv/lib/python3.12/site-packages/neutron_lib/callbacks/manager.py:184}}
Jul 18 22:27:53.966712 np0000185857 devstack@neutron-api.service[101476]: DEBUG neutron.api.rpc.handlers.resources_rpc [None req-f2cf1323-d97e-42c6-9766-3cc6bc0f207f admin admin] Pushing event updated for resources: {'Port': ['ID=915486bf-d0b5-404b-8ff0-2696da926835,revision_number=2']} {{(pid=101476) push /opt/stack/neutron/neutron/api/rpc/handlers/resources_rpc.py:237}}
Jul 18 22:27:54.071022 np0000185857 devstack@neutron-api.service[101476]: DEBUG neutron.plugins.ml2.drivers.ovn.mech_driver.ovsdb.commands [None req-f2cf1323-d97e-42c6-9766-3cc6bc0f207f admin admin] Converting tag [] to a tag_request {{(pid=101476) _tag_column_to_tag_request /opt/stack/neutron/neutron/plugins/ml2/drivers/ovn/mech_driver/ovsdb/commands.py:205}}
Jul 18 22:27:54.072282 np0000185857 devstack@neutron-api.service[101476]: DEBUG ovsdbapp.backend.ovs_idl.transaction [None req-d1c51894-f4bb-417b-bba2-536a1dae3890 None None] Running txn n=1 command(idx=0): CheckRevisionNumberCommand(_result=None, name=915486bf-d0b5-404b-8ff0-2696da926835, resource={'id': '915486bf-d0b5-404b-8ff0-2696da926835', 'name': '', 'network_id': '437038da-78fa-4be0-8ab1-fc6329ed9abd', 'project_id': 'cb7ed3d531b840dbbf61f55bc8f7f4bf', 'mac_address': 'fa:16:3e:7d:8c:ca', 'admin_state_up': True, 'status': 'DOWN', 'device_id': 'ovnmeta-437038da-78fa-4be0-8ab1-fc6329ed9abd', 'device_owner': 'network:distributed', 'standard_attr_id': 44, 'fixed_ips': [{'subnet_id': '60369c94-406e-4c33-b864-c10f72f527f6', 'ip_address': '10.2.5.1'}], 'allowed_address_pairs': [], 'extra_dhcp_opts': [], 'security_groups': [], 'description': '', 'binding:vnic_type': 'normal', 'binding:profile': {}, 'binding:host_id': '', 'binding:vif_type': 'unbound', 'binding:vif_details': {}, 'port_security_enabled': False, 'tags': [], 'created_at': '2026-07-18T22:27:52Z', 'updated_at': '2026-07-18T22:27:53Z', 'revision_number': 2, 'tenant_id': 'cb7ed3d531b840dbbf61f55bc8f7f4bf', 'network': {'id': '437038da-78fa-4be0-8ab1-fc6329ed9abd', 'name': 'admin_net', 'tenant_id': 'cb7ed3d531b840dbbf61f55bc8f7f4bf', 'project_id': 'cb7ed3d531b840dbbf61f55bc8f7f4bf', 'admin_state_up': True, 'mtu': 1372, 'status': 'ACTIVE', 'subnets': ['60369c94-406e-4c33-b864-c10f72f527f6'], 'standard_attr_id': 42, 'shared': False, 'availability_zone_hints': [], 'availability_zones': [], 'ipv4_address_scope': None, 'ipv6_address_scope': None, 'router:external': False, 'qinq': False, 'vlan_transparent': False, 'description': '', 'port_security_enabled': True, 'tags': [], 'created_at': '2026-07-18T22:27:52Z', 'updated_at': '2026-07-18T22:27:53Z', 'revision_number': 2, 'provider:network_type': 'geneve', 'provider:physical_network': None, 'provider:segmentation_id': 26105}}, resource_type=ports, if_exists=True) {{(pid=101476) do_commit /opt/stack/data/venv/lib/python3.12/site-packages/ovsdbapp/backend/ovs_idl/transaction.py:89}}
Jul 18 22:27:54.073037 np0000185857 devstack@neutron-api.service[101476]: DEBUG ovsdbapp.backend.ovs_idl.transaction [None req-d1c51894-f4bb-417b-bba2-536a1dae3890 None None] Running txn n=1 command(idx=1): AddDHCPOptionsCommand(_result=None, columns={'cidr': '10.2.5.0/24', 'options': {'server_id': '10.2.5.1', 'lease_time': '43200', 'mtu': '1372', 'server_mac': 'fa:16:3e:83:4c:eb', 'dns_server': '{127.0.0.53}', 'classless_static_route': '{169.254.169.254/32,10.2.5.1}'}, 'external_ids': {'subnet_id': '60369c94-406e-4c33-b864-c10f72f527f6', 'neutron:network_id': '437038da-78fa-4be0-8ab1-fc6329ed9abd', 'neutron:revision_number': '0'}}, may_exist=True, subnet_id=60369c94-406e-4c33-b864-c10f72f527f6, port_id=None, new_insert=False) {{(pid=101476) do_commit /opt/stack/data/venv/lib/python3.12/site-packages/ovsdbapp/backend/ovs_idl/transaction.py:89}}
Jul 18 22:27:54.073706 np0000185857 devstack@neutron-api.service[101476]: DEBUG ovsdbapp.backend.ovs_idl.transaction [None req-d1c51894-f4bb-417b-bba2-536a1dae3890 None None] Running txn n=1 command(idx=2): SetLSwitchPortCommand(_result=None, lport=915486bf-d0b5-404b-8ff0-2696da926835, external_ids_update=None, columns={'external_ids': {'neutron:port_name': '', 'neutron:device_id': 'ovnmeta-437038da-78fa-4be0-8ab1-fc6329ed9abd', 'neutron:project_id': 'cb7ed3d531b840dbbf61f55bc8f7f4bf', 'neutron:cidrs': '10.2.5.1/24', 'neutron:device_owner': 'network:distributed', 'neutron:subnet_pool_addr_scope4': '', 'neutron:subnet_pool_addr_scope6': '', 'neutron:network_name': 'neutron-437038da-78fa-4be0-8ab1-fc6329ed9abd', 'neutron:security_group_ids': '', 'neutron:revision_number': '2', 'neutron:vnic_type': 'normal', 'neutron:port_capabilities': '', 'neutron:mtu': '1372'}, 'parent_name': [], 'options': {}, 'enabled': True, 'port_security': [], 'dhcpv4_options': [], 'dhcpv6_options': [], 'type': 'localport', 'addresses': ['fa:16:3e:7d:8c:ca 10.2.5.1'], 'ha_chassis_group': [], 'tag_request': []}, if_exists=False) {{(pid=101476) do_commit /opt/stack/data/venv/lib/python3.12/site-packages/ovsdbapp/backend/ovs_idl/transaction.py:89}}
Jul 18 22:27:54.075142 np0000185857 devstack@neutron-api.service[101476]: DEBUG ovsdbapp.backend.ovs_idl.transaction [None req-d1c51894-f4bb-417b-bba2-536a1dae3890 None None] Running txn n=1 command(idx=3): PgDelPortCommand(_result=None, port_group=neutron_pg_drop, lsp=['915486bf-d0b5-404b-8ff0-2696da926835'], if_exists=False) {{(pid=101476) do_commit /opt/stack/data/venv/lib/python3.12/site-packages/ovsdbapp/backend/ovs_idl/transaction.py:89}}
Jul 18 22:27:54.132246 np0000185857 devstack@neutron-api.service[101475]: DEBUG neutron.plugins.ml2.drivers.ovn.mech_driver.ovsdb.ovsdb_monitor [None req-17f36774-aeae-4049-8f7b-2e90a2d84e2b None None] Touching Hash Ring node "b521eeb7145a5300820ffbc71a10934e" from IDL notify handler {{(pid=101475) notify /opt/stack/neutron/neutron/plugins/ml2/drivers/ovn/mech_driver/ovsdb/ovsdb_monitor.py:1001}}
Jul 18 22:27:54.138217 np0000185857 devstack@neutron-api.service[101478]: DEBUG neutron.plugins.ml2.drivers.ovn.mech_driver.ovsdb.ovsdb_monitor [-] Hash Ring: Node 524bc46b40df53939a13dd0b67d338bb (host: np0000185857) handling event "update" for row 8a85cc28-904a-4e3c-90ea-911cd2f538ea (table: Port_Binding) {{(pid=101478) notify /opt/stack/neutron/neutron/plugins/ml2/drivers/ovn/mech_driver/ovsdb/ovsdb_monitor.py:1009}}
Jul 18 22:27:54.144977 np0000185857 devstack@neutron-api.service[101475]: DEBUG neutron.plugins.ml2.drivers.ovn.mech_driver.ovsdb.ovsdb_monitor [None req-17f36774-aeae-4049-8f7b-2e90a2d84e2b None None] Hash Ring: Node b521eeb7145a5300820ffbc71a10934e (host: np0000185857) handling event "create" for row ea8164a2-de3a-44c5-a5e8-e0996dd979ee (table: DHCP_Options) {{(pid=101475) notify /opt/stack/neutron/neutron/plugins/ml2/drivers/ovn/mech_driver/ovsdb/ovsdb_monitor.py:1009}}
Jul 18 22:27:54.146393 np0000185857 devstack@neutron-api.service[101475]: DEBUG neutron.plugins.ml2.drivers.ovn.mech_driver.ovsdb.ovsdb_monitor [None req-17f36774-aeae-4049-8f7b-2e90a2d84e2b None None] Touching Hash Ring node "b521eeb7145a5300820ffbc71a10934e" from IDL notify handler {{(pid=101475) notify /opt/stack/neutron/neutron/plugins/ml2/drivers/ovn/mech_driver/ovsdb/ovsdb_monitor.py:1001}}
Jul 18 22:27:54.150172 np0000185857 devstack@neutron-api.service[101475]: DEBUG neutron.plugins.ml2.drivers.ovn.mech_driver.ovsdb.ovsdb_monitor [None req-17f36774-aeae-4049-8f7b-2e90a2d84e2b None None] Hash Ring: Node b521eeb7145a5300820ffbc71a10934e (host: np0000185857) handling event "update" for row 2de4a770-cf0d-41b1-bc5b-419f2e70b2e1 (table: Logical_Switch_Port) {{(pid=101475) notify /opt/stack/neutron/neutron/plugins/ml2/drivers/ovn/mech_driver/ovsdb/ovsdb_monitor.py:1009}}
Jul 18 22:27:54.159545 np0000185857 devstack@neutron-api.service[101476]: INFO neutron.db.ovn_revision_numbers_db [None req-f2cf1323-d97e-42c6-9766-3cc6bc0f207f admin admin] Successfully bumped revision number for resource 915486bf-d0b5-404b-8ff0-2696da926835 (type: ports) to 2
Jul 18 22:27:54.169350 np0000185857 devstack@neutron-api.service[101476]: DEBUG neutron.plugins.ml2.plugin [None req-f2cf1323-d97e-42c6-9766-3cc6bc0f207f admin admin] In _notify_port_updated(), no bound segment for port 915486bf-d0b5-404b-8ff0-2696da926835 on network 437038da-78fa-4be0-8ab1-fc6329ed9abd {{(pid=101476) _notify_port_updated /opt/stack/neutron/neutron/plugins/ml2/plugin.py:1041}}
Jul 18 22:27:54.188872 np0000185857 devstack@neutron-api.service[101476]: INFO neutron.db.ovn_revision_numbers_db [None req-f2cf1323-d97e-42c6-9766-3cc6bc0f207f admin admin] Successfully bumped revision number for resource 60369c94-406e-4c33-b864-c10f72f527f6 (type: subnets) to 0
Jul 18 22:27:54.190546 np0000185857 devstack@neutron-api.service[101476]: DEBUG neutron.pecan_wsgi.hooks.policy_enforcement [None req-f2cf1323-d97e-42c6-9766-3cc6bc0f207f admin admin] Attributes excluded by policy engine: ['standard_attr_id', 'shared', 'network'] {{(pid=101476) _exclude_attributes_by_policy /opt/stack/neutron/neutron/pecan_wsgi/hooks/policy_enforcement.py:259}}
Jul 18 22:27:54.190904 np0000185857 devstack@neutron-api.service[101476]: DEBUG neutron_lib.callbacks.manager [None req-f2cf1323-d97e-42c6-9766-3cc6bc0f207f admin admin] Publish callbacks [] for subnet (None), before_response {{(pid=101476) _notify_loop /opt/stack/data/venv/lib/python3.12/site-packages/neutron_lib/callbacks/manager.py:184}}
Jul 18 22:27:54.204546 np0000185857 devstack@neutron-api.service[101476]: [pid: 101476|app: 0|req: 25/99] 199.204.45.248 () {68 vars in 1355 bytes} [Sat Jul 18 22:27:53 2026] POST /networking/v2.0/subnets => generated 625 bytes in 601 msecs (HTTP/1.1 201) 4 headers in 162 bytes (1 switches on core 0)
Jul 18 22:27:54.414187 np0000185857 devstack@neutron-api.service[101477]: INFO neutron.pecan_wsgi.hooks.translation [None req-67ecaef2-21c0-4c9a-ad3c-402069ce87de admin admin] GET failed (client error): The resource could not be found.
Jul 18 22:27:54.414765 np0000185857 devstack@neutron-api.service[101477]: [pid: 101477|app: 0|req: 25/100] 199.204.45.248 () {64 vars in 1340 bytes} [Sat Jul 18 22:27:54 2026] GET /networking/v2.0/subnets/admin_subnet => generated 112 bytes in 10 msecs (HTTP/1.1 404) 4 headers in 164 bytes (1 switches on core 0)
Jul 18 22:27:54.444411 np0000185857 devstack@neutron-api.service[101478]: DEBUG neutron.pecan_wsgi.hooks.policy_enforcement [None req-55632d87-494c-4805-80cf-b3e10cee79a6 admin admin] Attributes excluded by policy engine: ['standard_attr_id', 'shared'] {{(pid=101478) _exclude_attributes_by_policy /opt/stack/neutron/neutron/pecan_wsgi/hooks/policy_enforcement.py:259}}
Jul 18 22:27:54.446027 np0000185857 devstack@neutron-api.service[101478]: [pid: 101478|app: 0|req: 25/101] 199.204.45.248 () {64 vars in 1349 bytes} [Sat Jul 18 22:27:54 2026] GET /networking/v2.0/subnets?name=admin_subnet => generated 628 bytes in 23 msecs (HTTP/1.1 200) 4 headers in 157 bytes (1 switches on core 0)
Jul 18 22:27:59.112299 np0000185857 devstack@neutron-api.service[101475]: [pid: 101475|app: 0|req: 27/102] 199.204.45.248 () {64 vars in 1369 bytes} [Sat Jul 18 22:27:59 2026] GET /networking/v2.0/ports?device_id=manila-admin-share&binding%3Ahost_id=np0000185857 => generated 12 bytes in 78 msecs (HTTP/1.1 200) 4 headers in 156 bytes (1 switches on core 0)
Jul 18 22:27:59.155298 np0000185857 devstack@neutron-api.service[101476]: DEBUG neutron.api.wsgi [None req-581ddd04-e42e-4f89-b5e3-cd0fd71cf90c service manila] Missing Content-Type {{(pid=101476) get_content_type /opt/stack/neutron/neutron/api/wsgi.py:80}}
Jul 18 22:27:59.156327 np0000185857 devstack@neutron-api.service[101476]: DEBUG neutron.api.wsgi [None req-581ddd04-e42e-4f89-b5e3-cd0fd71cf90c service manila] https://199.204.45.248/networking/v2.0/extensions returned with HTTP 200 {{(pid=101476) __call__ /opt/stack/neutron/neutron/api/wsgi.py:540}}
Jul 18 22:27:59.157096 np0000185857 devstack@neutron-api.service[101476]: [pid: 101476|app: 0|req: 26/103] 199.204.45.248 () {64 vars in 1265 bytes} [Sat Jul 18 22:27:59 2026] GET /networking/v2.0/extensions => generated 16171 bytes in 5 msecs (HTTP/1.1 200) 4 headers in 159 bytes (1 switches on core 0)
Jul 18 22:27:59.197968 np0000185857 devstack@neutron-api.service[101477]: DEBUG neutron.api.v2.base [None req-a73ff9d1-d8fb-42f9-846c-ab20834a94f4 service manila] Request body: {'port': {'network_id': '437038da-78fa-4be0-8ab1-fc6329ed9abd', 'admin_state_up': True, 'tenant_id': 'cb7ed3d531b840dbbf61f55bc8f7f4bf', 'port_security_enabled': False, 'binding:host_id': 'np0000185857', 'fixed_ips': [{'subnet_id': '60369c94-406e-4c33-b864-c10f72f527f6'}], 'device_owner': 'manila:share', 'device_id': 'manila-admin-share'}} {{(pid=101477) prepare_request_body /opt/stack/neutron/neutron/api/v2/base.py:727}}
Jul 18 22:27:59.215325 np0000185857 devstack@neutron-api.service[101477]: DEBUG neutron.pecan_wsgi.hooks.quota_enforcement [None req-a73ff9d1-d8fb-42f9-846c-ab20834a94f4 service manila] Made reservation on behalf of cb7ed3d531b840dbbf61f55bc8f7f4bf for: {'port': 1} {{(pid=101477) before /opt/stack/neutron/neutron/pecan_wsgi/hooks/quota_enforcement.py:66}}
Jul 18 22:27:59.219853 np0000185857 devstack@neutron-api.service[101477]: DEBUG neutron_lib.callbacks.manager [None req-a73ff9d1-d8fb-42f9-846c-ab20834a94f4 service manila] Publish callbacks ['neutron.plugins.ml2.plugin.SecurityGroupDbMixin._ensure_default_security_group_handler-388589'] for port (None), before_create {{(pid=101477) _notify_loop /opt/stack/data/venv/lib/python3.12/site-packages/neutron_lib/callbacks/manager.py:184}}
