+ COMMAND=start + start + for KEYSTONE_WSGI_SCRIPT in keystone-wsgi-public ++ type -p keystone-wsgi-public + cp -a /var/lib/openstack/bin/keystone-wsgi-public /var/www/cgi-bin/keystone/ + '[' -f /etc/apache2/envvars ']' + source /etc/apache2/envvars ++ unset HOME ++ '[' '' '!=' '' ']' ++ SUFFIX= ++ export APACHE_RUN_USER=www-data ++ APACHE_RUN_USER=www-data ++ export APACHE_RUN_GROUP=www-data ++ APACHE_RUN_GROUP=www-data ++ export APACHE_PID_FILE=/var/run/apache2/apache2.pid ++ APACHE_PID_FILE=/var/run/apache2/apache2.pid ++ export APACHE_RUN_DIR=/var/run/apache2 ++ APACHE_RUN_DIR=/var/run/apache2 ++ export APACHE_LOCK_DIR=/var/lock/apache2 ++ APACHE_LOCK_DIR=/var/lock/apache2 ++ export APACHE_LOG_DIR=/var/log/apache2 ++ APACHE_LOG_DIR=/var/log/apache2 ++ export LANG=C ++ LANG=C ++ export LANG + '[' -f /var/run/apache2/apache2.pid ']' + exec apache2 -DFOREGROUND AH00558: apache2: Could not reliably determine the server's fully qualified domain name, using 10.0.0.125. Set the 'ServerName' directive globally to suppress this message AH00558: apache2: Could not reliably determine the server's fully qualified domain name, using 10.0.0.125. Set the 'ServerName' directive globally to suppress this message
[Wed Aug 26 09:13:37.471956 2026] [mpm_event:notice] [pid 1:tid 140075054331776] AH00489: Apache/2.4.58 (Ubuntu) mod_wsgi/5.0.0 Python/3.12 configured -- resuming normal operations
[Wed Aug 26 09:13:37.472128 2026] [core:notice] [pid 1:tid 140075054331776] AH00094: Command line: 'apache2 -D FOREGROUND'
[Wed Aug 26 09:14:34.635319 2026] [wsgi:error] [pid 12:tid 140074417559232] /var/lib/openstack/lib/python3.12/site-packages/oslo_utils/importutils.py:77: EventletDeprecationWarning:
[Wed Aug 26 09:14:34.635359 2026] [wsgi:error] [pid 12:tid 140074417559232] Eventlet is deprecated. It is currently being maintained in bugfix mode, and
[Wed Aug 26 09:14:34.635361 2026] [wsgi:error] [pid 12:tid 140074417559232] we strongly recommend against using it for new projects.
[Wed Aug 26 09:14:34.635362 2026] [wsgi:error] [pid 12:tid 140074417559232]
[Wed Aug 26 09:14:34.635363 2026] [wsgi:error] [pid 12:tid 140074417559232] If you are already using Eventlet, we recommend migrating to a different
[Wed Aug 26 09:14:34.635364 2026] [wsgi:error] [pid 12:tid 140074417559232] framework. For more detail see
[Wed Aug 26 09:14:34.635366 2026] [wsgi:error] [pid 12:tid 140074417559232] https://eventlet.readthedocs.io/en/latest/asyncio/migration.html
[Wed Aug 26 09:14:34.635367 2026] [wsgi:error] [pid 12:tid 140074417559232]
[Wed Aug 26 09:14:34.635368 2026] [wsgi:error] [pid 12:tid 140074417559232] __import__(import_str)
[Wed Aug 26 09:14:34.642767 2026] [wsgi:error] [pid 9:tid 140074417559232] /var/lib/openstack/lib/python3.12/site-packages/oslo_utils/importutils.py:77: EventletDeprecationWarning:
[Wed Aug 26 09:14:34.642817 2026] [wsgi:error] [pid 9:tid 140074417559232] Eventlet is deprecated. It is currently being maintained in bugfix mode, and
[Wed Aug 26 09:14:34.642819 2026] [wsgi:error] [pid 9:tid 140074417559232] we strongly recommend against using it for new projects.
[Wed Aug 26 09:14:34.642820 2026] [wsgi:error] [pid 9:tid 140074417559232]
[Wed Aug 26 09:14:34.642821 2026] [wsgi:error] [pid 9:tid 140074417559232] If you are already using Eventlet, we recommend migrating to a different
[Wed Aug 26 09:14:34.642822 2026] [wsgi:error] [pid 9:tid 140074417559232] framework. For more detail see
[Wed Aug 26 09:14:34.642823 2026] [wsgi:error] [pid 9:tid 140074417559232] https://eventlet.readthedocs.io/en/latest/asyncio/migration.html
[Wed Aug 26 09:14:34.642824 2026] [wsgi:error] [pid 9:tid 140074417559232]
[Wed Aug 26 09:14:34.642825 2026] [wsgi:error] [pid 9:tid 140074417559232] __import__(import_str) 10.0.0.9 - - [26/Aug/2026:09:14:33 +0000] "GET /v3/ HTTP/1.1" 200 250 10.0.0.9 - - [26/Aug/2026:09:14:33 +0000] "GET /v3/ HTTP/1.1" 200 250
[Wed Aug 26 09:14:40.403124 2026] [wsgi:error] [pid 11:tid 140074417559232] /var/lib/openstack/lib/python3.12/site-packages/oslo_utils/importutils.py:77: EventletDeprecationWarning:
[Wed Aug 26 09:14:40.403182 2026] [wsgi:error] [pid 11:tid 140074417559232] Eventlet is deprecated. It is currently being maintained in bugfix mode, and
[Wed Aug 26 09:14:40.403185 2026] [wsgi:error] [pid 11:tid 140074417559232] we strongly recommend against using it for new projects.
[Wed Aug 26 09:14:40.403187 2026] [wsgi:error] [pid 11:tid 140074417559232]
[Wed Aug 26 09:14:40.403188 2026] [wsgi:error] [pid 11:tid 140074417559232] If you are already using Eventlet, we recommend migrating to a different
[Wed Aug 26 09:14:40.403190 2026] [wsgi:error] [pid 11:tid 140074417559232] framework. For more detail see
[Wed Aug 26 09:14:40.403192 2026] [wsgi:error] [pid 11:tid 140074417559232] https://eventlet.readthedocs.io/en/latest/asyncio/migration.html
[Wed Aug 26 09:14:40.403194 2026] [wsgi:error] [pid 11:tid 140074417559232]
[Wed Aug 26 09:14:40.403195 2026] [wsgi:error] [pid 11:tid 140074417559232] __import__(import_str) 10.0.0.9 - - [26/Aug/2026:09:14:39 +0000] "GET /v3/ HTTP/1.1" 200 250
[Wed Aug 26 09:14:48.244856 2026] [wsgi:error] [pid 10:tid 140074417559232] /var/lib/openstack/lib/python3.12/site-packages/oslo_utils/importutils.py:77: EventletDeprecationWarning:
[Wed Aug 26 09:14:48.244911 2026] [wsgi:error] [pid 10:tid 140074417559232] Eventlet is deprecated. It is currently being maintained in bugfix mode, and
[Wed Aug 26 09:14:48.244913 2026] [wsgi:error] [pid 10:tid 140074417559232] we strongly recommend against using it for new projects.
[Wed Aug 26 09:14:48.244914 2026] [wsgi:error] [pid 10:tid 140074417559232]
[Wed Aug 26 09:14:48.244915 2026] [wsgi:error] [pid 10:tid 140074417559232] If you are already using Eventlet, we recommend migrating to a different
[Wed Aug 26 09:14:48.244917 2026] [wsgi:error] [pid 10:tid 140074417559232] framework. For more detail see
[Wed Aug 26 09:14:48.244918 2026] [wsgi:error] [pid 10:tid 140074417559232] https://eventlet.readthedocs.io/en/latest/asyncio/migration.html
[Wed Aug 26 09:14:48.244919 2026] [wsgi:error] [pid 10:tid 140074417559232]
[Wed Aug 26 09:14:48.244920 2026] [wsgi:error] [pid 10:tid 140074417559232] __import__(import_str) 10.0.0.41 - - [26/Aug/2026:09:14:47 +0000] "GET / HTTP/1.1" 300 295
[Wed Aug 26 09:14:53.021217 2026] [wsgi:error] [pid 12:tid 140074417559232] [remote 10.0.0.41:58310] 2026-08-26 09:14:53.013 12 WARNING keystone.identity.core [None req-927b8d13-c566-49a6-9119-e4b5e9cc0e89 - - - - - -] Invalid domain name (atmosphere) found in config file name: keystone.exception.DomainNotFound: Could not find domain: atmosphere.
[Wed Aug 26 09:14:53.093137 2026] [wsgi:error] [pid 12:tid 140074417559232] [remote 10.0.0.41:58310] 2026-08-26 09:14:53.092 12 WARNING keystone.common.password_hashing [None req-927b8d13-c566-49a6-9119-e4b5e9cc0e89 - - - - - -] Truncating password to algorithm specific maximum length 72 characters.
[Wed Aug 26 09:14:53.413263 2026] [wsgi:error] [pid 12:tid 140074417559232] [remote 10.0.0.41:58310] 2026-08-26 09:14:53.413 12 WARNING keystone.common.fernet_utils [None req-927b8d13-c566-49a6-9119-e4b5e9cc0e89 - - - - - -] key_repository is world readable: /etc/keystone/fernet-keys/ 10.0.0.41 - - [26/Aug/2026:09:14:52 +0000] "POST /v3/auth/tokens HTTP/1.1" 201 1360
[Wed Aug 26 09:14:53.781751 2026] [wsgi:error] [pid 9:tid 140074417559232] [remote 10.0.0.41:58310] 2026-08-26 09:14:53.779 9 WARNING keystone.identity.core [None req-f20ec43d-da53-458a-8b8c-37029c25b453 - - - - - -] Invalid domain name (atmosphere) found in config file name: keystone.exception.DomainNotFound: Could not find domain: atmosphere. 10.0.0.41 - - [26/Aug/2026:09:14:53 +0000] "POST /v3/domains HTTP/1.1" 201 261 10.0.0.212 - - [26/Aug/2026:09:15:05 +0000] "GET / HTTP/1.1" 300 295
[Wed Aug 26 09:15:05.946674 2026] [wsgi:error] [pid 10:tid 140074417559232] [remote 10.0.0.212:57686] 2026-08-26 09:15:05.946 10 WARNING keystone.common.password_hashing [None req-a07def32-007a-49b6-a778-f1fa6c123f08 - - - - - -] Truncating password to algorithm specific maximum length 72 characters.
[Wed Aug 26 09:15:06.225780 2026] [wsgi:error] [pid 10:tid 140074417559232] [remote 10.0.0.212:57686] 2026-08-26 09:15:06.225 10 WARNING keystone.common.fernet_utils [None req-a07def32-007a-49b6-a778-f1fa6c123f08 - - - - - -] key_repository is world readable: /etc/keystone/fernet-keys/ 10.0.0.212 - - [26/Aug/2026:09:15:05 +0000] "POST /v3/auth/tokens HTTP/1.1" 201 1360 10.0.0.212 - - [26/Aug/2026:09:15:06 +0000] "GET /v3/roles/admin HTTP/1.1" 404 83
[Wed Aug 26 09:15:06.488505 2026] [wsgi:error] [pid 9:tid 140074417559232] [remote 10.0.0.212:57686] 2026-08-26 09:15:06.488 9 WARNING keystone.common.rbac_enforcer.enforcer [None req-2d535643-1945-4cc5-b29e-b940da632540 3554ac60d3be42ccb00deac1ce900646 38d83f1ff8c84f2ea332ee524abd6b0a - - default default] Deprecated policy rules found. Use oslopolicy-policy-generator and oslopolicy-policy-upgrade to detect and resolve deprecated policies in your configuration. 10.0.0.212 - - [26/Aug/2026:09:15:06 +0000] "GET /v3/roles?name=admin HTTP/1.1" 200 389
[Wed Aug 26 09:15:06.968225 2026] [wsgi:error] [pid 11:tid 140074417559232] [remote 10.0.0.212:57686] 2026-08-26 09:15:06.967 11 WARNING keystone.common.rbac_enforcer.enforcer [None req-d6961887-4b11-4794-89e9-306297688fb0 3554ac60d3be42ccb00deac1ce900646 38d83f1ff8c84f2ea332ee524abd6b0a - - default default] Deprecated policy rules found. Use oslopolicy-policy-generator and oslopolicy-policy-upgrade to detect and resolve deprecated policies in your configuration. 10.0.0.212 - - [26/Aug/2026:09:15:06 +0000] "GET /v3/users/admin-RegionOne HTTP/1.1" 404 93
[Wed Aug 26 09:15:07.108192 2026] [wsgi:error] [pid 10:tid 140074417559232] [remote 10.0.0.212:57686] 2026-08-26 09:15:07.107 10 WARNING keystone.common.rbac_enforcer.enforcer [None req-3c0cec92-171a-454e-b4f0-aaf9064c8cea 3554ac60d3be42ccb00deac1ce900646 38d83f1ff8c84f2ea332ee524abd6b0a - - default default] Deprecated policy rules found. Use oslopolicy-policy-generator and oslopolicy-policy-upgrade to detect and resolve deprecated policies in your configuration. 10.0.0.212 - - [26/Aug/2026:09:15:06 +0000] "GET /v3/users?name=admin-RegionOne HTTP/1.1" 200 422
[Wed Aug 26 09:15:07.431089 2026] [wsgi:error] [pid 12:tid 140074417559232] [remote 10.0.0.212:57686] 2026-08-26 09:15:07.430 12 WARNING keystone.common.rbac_enforcer.enforcer [None req-ef5c8019-94f1-49db-aab7-e188d5c164ec 3554ac60d3be42ccb00deac1ce900646 38d83f1ff8c84f2ea332ee524abd6b0a - - default default] Deprecated policy rules found. Use oslopolicy-policy-generator and oslopolicy-policy-upgrade to detect and resolve deprecated policies in your configuration. 10.0.0.212 - - [26/Aug/2026:09:15:07 +0000] "GET /v3/domains/default HTTP/1.1" 200 224 10.0.0.212 - - [26/Aug/2026:09:15:07 +0000] "PUT /v3/domains/default/users/3554ac60d3be42ccb00deac1ce900646/roles/631d76ff029d4c0b9b3f0c9a9e62d502 HTTP/1.1" 204 - 10.0.0.9 - - [26/Aug/2026:09:15:18 +0000] "GET / HTTP/1.1" 300 281 10.0.0.9 - - [26/Aug/2026:09:15:19 +0000] "GET /v3 HTTP/1.1" 200 266
[Wed Aug 26 09:15:19.853896 2026] [wsgi:error] [pid 12:tid 140074417559232] [remote 10.0.0.9:53586] 2026-08-26 09:15:19.853 12 WARNING keystone.common.password_hashing [None req-964b5b89-c542-42fa-84e3-04c9c1312b64 - - - - - -] Truncating password to algorithm specific maximum length 72 characters.
[Wed Aug 26 09:15:20.158425 2026] [wsgi:error] [pid 12:tid 140074417559232] [remote 10.0.0.9:53586] 2026-08-26 09:15:20.158 12 WARNING keystone.common.fernet_utils [None req-964b5b89-c542-42fa-84e3-04c9c1312b64 - - - - - -] key_repository is world readable: /etc/keystone/fernet-keys/ 10.0.0.9 - - [26/Aug/2026:09:15:19 +0000] "POST /v3/auth/tokens HTTP/1.1" 201 1360 10.0.0.9 - - [26/Aug/2026:09:15:20 +0000] "GET / HTTP/1.1" 300 281 10.0.0.9 - - [26/Aug/2026:09:15:20 +0000] "GET /v3/domains/atmosphere HTTP/1.1" 404 90 10.0.0.9 - - [26/Aug/2026:09:15:20 +0000] "GET /v3/domains?name=atmosphere HTTP/1.1" 200 370 10.0.0.9 - - [26/Aug/2026:09:15:20 +0000] "GET /v3/domains/9fd7ff29dc0b48e085c82aceac74689d HTTP/1.1" 200 247 10.0.0.9 - - [26/Aug/2026:09:15:21 +0000] "GET /v3 HTTP/1.1" 200 266
[Wed Aug 26 09:15:21.380590 2026] [wsgi:error] [pid 11:tid 140074417559232] [remote 10.0.0.9:53586] 2026-08-26 09:15:21.379 11 WARNING keystone.common.password_hashing [None req-50e6f019-2928-4e84-8ca7-3283c9361197 - - - - - -] Truncating password to algorithm specific maximum length 72 characters.
[Wed Aug 26 09:15:21.655087 2026] [wsgi:error] [pid 11:tid 140074417559232] [remote 10.0.0.9:53586] 2026-08-26 09:15:21.654 11 WARNING keystone.common.fernet_utils [None req-50e6f019-2928-4e84-8ca7-3283c9361197 - - - - - -] key_repository is world readable: /etc/keystone/fernet-keys/ 10.0.0.9 - - [26/Aug/2026:09:15:21 +0000] "POST /v3/auth/tokens HTTP/1.1" 201 1360 10.0.0.9 - - [26/Aug/2026:09:15:21 +0000] "GET / HTTP/1.1" 300 281 10.0.0.9 - - [26/Aug/2026:09:15:21 +0000] "GET /v3/OS-FEDERATION/identity_providers/atmosphere HTTP/1.1" 404 101 10.0.0.9 - - [26/Aug/2026:09:15:21 +0000] "GET /v3/OS-FEDERATION/identity_providers HTTP/1.1" 200 156 10.0.0.9 - - [26/Aug/2026:09:15:21 +0000] "PUT /v3/OS-FEDERATION/identity_providers/atmosphere HTTP/1.1" 201 342 10.0.0.9 - - [26/Aug/2026:09:15:22 +0000] "GET /v3 HTTP/1.1" 200 266
[Wed Aug 26 09:15:22.472110 2026] [wsgi:error] [pid 12:tid 140074417559232] [remote 10.0.0.9:53584] 2026-08-26 09:15:22.471 12 WARNING keystone.common.password_hashing [None req-5d91a9bd-cfd9-4eac-922f-cd8ff0b324c3 - - - - - -] Truncating password to algorithm specific maximum length 72 characters.
[Wed Aug 26 09:15:22.757151 2026] [wsgi:error] [pid 12:tid 140074417559232] [remote 10.0.0.9:53584] 2026-08-26 09:15:22.757 12 WARNING keystone.common.fernet_utils [None req-5d91a9bd-cfd9-4eac-922f-cd8ff0b324c3 - - - - - -] key_repository is world readable: /etc/keystone/fernet-keys/ 10.0.0.9 - - [26/Aug/2026:09:15:22 +0000] "POST /v3/auth/tokens HTTP/1.1" 201 1360 10.0.0.9 - - [26/Aug/2026:09:15:22 +0000] "GET / HTTP/1.1" 300 281 10.0.0.9 - - [26/Aug/2026:09:15:22 +0000] "GET /v3/OS-FEDERATION/mappings/atmosphere-openid HTTP/1.1" 404 98 10.0.0.9 - - [26/Aug/2026:09:15:22 +0000] "GET /v3/OS-FEDERATION/mappings HTTP/1.1" 200 136 10.0.0.9 - - [26/Aug/2026:09:15:22 +0000] "PUT /v3/OS-FEDERATION/mappings/atmosphere-openid HTTP/1.1" 201 357 10.0.0.9 - - [26/Aug/2026:09:15:23 +0000] "GET /v3 HTTP/1.1" 200 266
[Wed Aug 26 09:15:23.529611 2026] [wsgi:error] [pid 11:tid 140074417559232] [remote 10.0.0.9:53586] 2026-08-26 09:15:23.529 11 WARNING keystone.common.password_hashing [None req-e27229ef-45e4-49b3-8e17-e54b9a2c2843 - - - - - -] Truncating password to algorithm specific maximum length 72 characters.
[Wed Aug 26 09:15:23.814794 2026] [wsgi:error] [pid 11:tid 140074417559232] [remote 10.0.0.9:53586] 2026-08-26 09:15:23.814 11 WARNING keystone.common.fernet_utils [None req-e27229ef-45e4-49b3-8e17-e54b9a2c2843 - - - - - -] key_repository is world readable: /etc/keystone/fernet-keys/ 10.0.0.9 - - [26/Aug/2026:09:15:23 +0000] "POST /v3/auth/tokens HTTP/1.1" 201 1360 10.0.0.9 - - [26/Aug/2026:09:15:23 +0000] "GET / HTTP/1.1" 300 281 10.0.0.9 - - [26/Aug/2026:09:15:23 +0000] "GET /v3/OS-FEDERATION/identity_providers/atmosphere/protocols/openid?idp_id=atmosphere HTTP/1.1" 404 131 10.0.0.9 - - [26/Aug/2026:09:15:23 +0000] "GET /v3/OS-FEDERATION/identity_providers/atmosphere/protocols HTTP/1.1" 200 168 10.0.0.9 - - [26/Aug/2026:09:15:23 +0000] "PUT /v3/OS-FEDERATION/identity_providers/atmosphere/protocols/openid HTTP/1.1" 201 224 10.0.0.9 - - [26/Aug/2026:09:15:33 +0000] "GET /v3/ HTTP/1.1" 200 250 10.0.0.9 - - [26/Aug/2026:09:15:33 +0000] "GET /v3/ HTTP/1.1" 200 250 10.0.0.9 - - [26/Aug/2026:09:16:33 +0000] "GET /v3/ HTTP/1.1" 200 250 10.0.0.9 - - [26/Aug/2026:09:16:33 +0000] "GET /v3/ HTTP/1.1" 200 250 10.0.0.186 - - [26/Aug/2026:09:16:48 +0000] "GET / HTTP/1.1" 300 295
[Wed Aug 26 09:16:48.477374 2026] [wsgi:error] [pid 12:tid 140074417559232] [remote 10.0.0.186:48142] 2026-08-26 09:16:48.477 12 WARNING keystone.common.password_hashing [None req-b50f6f8b-413b-48df-9407-418f91a25384 - - - - - -] Truncating password to algorithm specific maximum length 72 characters.
[Wed Aug 26 09:16:48.766215 2026] [wsgi:error] [pid 12:tid 140074417559232] [remote 10.0.0.186:48142] 2026-08-26 09:16:48.766 12 WARNING keystone.common.fernet_utils [None req-b50f6f8b-413b-48df-9407-418f91a25384 - - - - - -] key_repository is world readable: /etc/keystone/fernet-keys/ 10.0.0.186 - - [26/Aug/2026:09:16:48 +0000] "POST /v3/auth/tokens HTTP/1.1" 201 1360 10.0.0.186 - - [26/Aug/2026:09:16:48 +0000] "GET /v3/services HTTP/1.1" 200 355 10.0.0.186 - - [26/Aug/2026:09:16:52 +0000] "GET / HTTP/1.1" 300 295
[Wed Aug 26 09:16:52.455966 2026] [wsgi:error] [pid 10:tid 140074417559232] [remote 10.0.0.186:48148] 2026-08-26 09:16:52.455 10 WARNING keystone.common.password_hashing [None req-0623bc59-4f68-4c39-8fce-cc9df96ad2b8 - - - - - -] Truncating password to algorithm specific maximum length 72 characters.
[Wed Aug 26 09:16:52.732149 2026] [wsgi:error] [pid 10:tid 140074417559232] [remote 10.0.0.186:48148] 2026-08-26 09:16:52.731 10 WARNING keystone.common.fernet_utils [None req-0623bc59-4f68-4c39-8fce-cc9df96ad2b8 - - - - - -] key_repository is world readable: /etc/keystone/fernet-keys/ 10.0.0.186 - - [26/Aug/2026:09:16:52 +0000] "POST /v3/auth/tokens HTTP/1.1" 201 1360 10.0.0.186 - - [26/Aug/2026:09:16:52 +0000] "GET /v3/services HTTP/1.1" 200 355 10.0.0.186 - - [26/Aug/2026:09:16:56 +0000] "GET / HTTP/1.1" 300 295
[Wed Aug 26 09:16:56.518576 2026] [wsgi:error] [pid 11:tid 140074417559232] [remote 10.0.0.186:50170] 2026-08-26 09:16:56.518 11 WARNING keystone.common.password_hashing [None req-de693239-9c3b-455e-a99e-66762a6017f2 - - - - - -] Truncating password to algorithm specific maximum length 72 characters.
[Wed Aug 26 09:16:56.809338 2026] [wsgi:error] [pid 11:tid 140074417559232] [remote 10.0.0.186:50170] 2026-08-26 09:16:56.809 11 WARNING keystone.common.fernet_utils [None req-de693239-9c3b-455e-a99e-66762a6017f2 - - - - - -] key_repository is world readable: /etc/keystone/fernet-keys/ 10.0.0.186 - - [26/Aug/2026:09:16:56 +0000] "POST /v3/auth/tokens HTTP/1.1" 201 1360 10.0.0.186 - - [26/Aug/2026:09:16:56 +0000] "GET /v3/services HTTP/1.1" 200 355 10.0.0.186 - - [26/Aug/2026:09:17:00 +0000] "GET / HTTP/1.1" 300 295
[Wed Aug 26 09:17:00.518737 2026] [wsgi:error] [pid 9:tid 140074417559232] [remote 10.0.0.186:50180] 2026-08-26 09:17:00.518 9 WARNING keystone.common.password_hashing [None req-c054b0ec-006b-488c-885a-e409ed1a042f - - - - - -] Truncating password to algorithm specific maximum length 72 characters.
[Wed Aug 26 09:17:00.791565 2026] [wsgi:error] [pid 9:tid 140074417559232] [remote 10.0.0.186:50180] 2026-08-26 09:17:00.791 9 WARNING keystone.common.fernet_utils [None req-c054b0ec-006b-488c-885a-e409ed1a042f - - - - - -] key_repository is world readable: /etc/keystone/fernet-keys/ 10.0.0.186 - - [26/Aug/2026:09:17:00 +0000] "POST /v3/auth/tokens HTTP/1.1" 201 1360 10.0.0.186 - - [26/Aug/2026:09:17:00 +0000] "POST /v3/services HTTP/1.1" 201 296 10.0.0.30 - - [26/Aug/2026:09:17:12 +0000] "GET / HTTP/1.1" 300 295
[Wed Aug 26 09:17:12.857746 2026] [wsgi:error] [pid 12:tid 140074417559232] [remote 10.0.0.30:46512] 2026-08-26 09:17:12.857 12 WARNING keystone.common.password_hashing [None req-f5804b50-ac6d-4862-885d-049d2b20beb9 - - - - - -] Truncating password to algorithm specific maximum length 72 characters. 10.0.0.30 - - [26/Aug/2026:09:17:13 +0000] "GET / HTTP/1.1" 300 295
[Wed Aug 26 09:17:13.028585 2026] [wsgi:error] [pid 11:tid 140074417559232] [remote 10.0.0.30:46518] 2026-08-26 09:17:13.028 11 WARNING keystone.common.password_hashing [None req-db343ef8-dff4-460d-8008-ad9cf54a3d1f - - - - - -] Truncating password to algorithm specific maximum length 72 characters. 10.0.0.30 - - [26/Aug/2026:09:17:13 +0000] "GET / HTTP/1.1" 300 295
[Wed Aug 26 09:17:13.147952 2026] [wsgi:error] [pid 12:tid 140074417559232] [remote 10.0.0.30:46512] 2026-08-26 09:17:13.147 12 WARNING keystone.common.fernet_utils [None req-f5804b50-ac6d-4862-885d-049d2b20beb9 - - - - - -] key_repository is world readable: /etc/keystone/fernet-keys/ 10.0.0.30 - - [26/Aug/2026:09:17:12 +0000] "POST /v3/auth/tokens HTTP/1.1" 201 1464
[Wed Aug 26 09:17:13.164086 2026] [wsgi:error] [pid 9:tid 140074417559232] [remote 10.0.0.30:46526] 2026-08-26 09:17:13.163 9 WARNING keystone.common.password_hashing [None req-f7172f5a-6867-4bb6-94dc-1718011edb7e - - - - - -] Truncating password to algorithm specific maximum length 72 characters. 10.0.0.30 - - [26/Aug/2026:09:17:13 +0000] "GET /v3/services HTTP/1.1" 200 639
[Wed Aug 26 09:17:13.317754 2026] [wsgi:error] [pid 11:tid 140074417559232] [remote 10.0.0.30:46518] 2026-08-26 09:17:13.317 11 WARNING keystone.common.fernet_utils [None req-db343ef8-dff4-460d-8008-ad9cf54a3d1f - - - - - -] key_repository is world readable: /etc/keystone/fernet-keys/ 10.0.0.30 - - [26/Aug/2026:09:17:13 +0000] "POST /v3/auth/tokens HTTP/1.1" 201 1464
[Wed Aug 26 09:17:13.451789 2026] [wsgi:error] [pid 9:tid 140074417559232] [remote 10.0.0.30:46526] 2026-08-26 09:17:13.451 9 WARNING keystone.common.fernet_utils [None req-f7172f5a-6867-4bb6-94dc-1718011edb7e - - - - - -] key_repository is world readable: /etc/keystone/fernet-keys/ 10.0.0.30 - - [26/Aug/2026:09:17:13 +0000] "GET /v3/services HTTP/1.1" 200 639 10.0.0.30 - - [26/Aug/2026:09:17:13 +0000] "POST /v3/auth/tokens HTTP/1.1" 201 1464 10.0.0.30 - - [26/Aug/2026:09:17:13 +0000] "GET /v3/services HTTP/1.1" 200 639 10.0.0.30 - - [26/Aug/2026:09:17:14 +0000] "GET / HTTP/1.1" 300 295
[Wed Aug 26 09:17:14.900745 2026] [wsgi:error] [pid 12:tid 140074417559232] [remote 10.0.0.30:44934] 2026-08-26 09:17:14.900 12 WARNING keystone.common.password_hashing [None req-bc4a985f-924f-4973-a365-b3d23a55f2b7 - - - - - -] Truncating password to algorithm specific maximum length 72 characters. 10.0.0.30 - - [26/Aug/2026:09:17:14 +0000] "GET / HTTP/1.1" 300 295
[Wed Aug 26 09:17:14.999485 2026] [wsgi:error] [pid 10:tid 140074417559232] [remote 10.0.0.30:44946] 2026-08-26 09:17:14.999 10 WARNING keystone.common.password_hashing [None req-c721bf4a-11a2-4978-9583-4067cfe8434f - - - - - -] Truncating password to algorithm specific maximum length 72 characters. 10.0.0.30 - - [26/Aug/2026:09:17:15 +0000] "GET / HTTP/1.1" 300 295
[Wed Aug 26 09:17:15.116303 2026] [wsgi:error] [pid 9:tid 140074417559232] [remote 10.0.0.30:44960] 2026-08-26 09:17:15.115 9 WARNING keystone.common.password_hashing [None req-a871031d-d632-4cd9-9efd-5ad2acbd977f - - - - - -] Truncating password to algorithm specific maximum length 72 characters.
[Wed Aug 26 09:17:15.184942 2026] [wsgi:error] [pid 12:tid 140074417559232] [remote 10.0.0.30:44934] 2026-08-26 09:17:15.184 12 WARNING keystone.common.fernet_utils [None req-bc4a985f-924f-4973-a365-b3d23a55f2b7 - - - - - -] key_repository is world readable: /etc/keystone/fernet-keys/ 10.0.0.30 - - [26/Aug/2026:09:17:14 +0000] "POST /v3/auth/tokens HTTP/1.1" 201 1464
[Wed Aug 26 09:17:15.293494 2026] [wsgi:error] [pid 10:tid 140074417559232] [remote 10.0.0.30:44946] 2026-08-26 09:17:15.293 10 WARNING keystone.common.fernet_utils [None req-c721bf4a-11a2-4978-9583-4067cfe8434f - - - - - -] key_repository is world readable: /etc/keystone/fernet-keys/ 10.0.0.30 - - [26/Aug/2026:09:17:14 +0000] "POST /v3/auth/tokens HTTP/1.1" 201 1464 10.0.0.30 - - [26/Aug/2026:09:17:15 +0000] "GET /v3/endpoints HTTP/1.1" 200 1227 10.0.0.30 - - [26/Aug/2026:09:17:15 +0000] "GET /v3/services/a85b6caa7f6745a58faa21f3620f843d HTTP/1.1" 200 233 10.0.0.30 - - [26/Aug/2026:09:17:15 +0000] "GET /v3/services/a85b6caa7f6745a58faa21f3620f843d HTTP/1.1" 200 233 10.0.0.30 - - [26/Aug/2026:09:17:15 +0000] "GET /v3/services/a85b6caa7f6745a58faa21f3620f843d HTTP/1.1" 200 233
[Wed Aug 26 09:17:15.409584 2026] [wsgi:error] [pid 9:tid 140074417559232] [remote 10.0.0.30:44960] 2026-08-26 09:17:15.409 9 WARNING keystone.common.fernet_utils [None req-a871031d-d632-4cd9-9efd-5ad2acbd977f - - - - - -] key_repository is world readable: /etc/keystone/fernet-keys/ 10.0.0.30 - - [26/Aug/2026:09:17:15 +0000] "POST /v3/auth/tokens HTTP/1.1" 201 1464 10.0.0.30 - - [26/Aug/2026:09:17:15 +0000] "GET /v3/endpoints HTTP/1.1" 200 1227 10.0.0.30 - - [26/Aug/2026:09:17:15 +0000] "GET /v3/services/a85b6caa7f6745a58faa21f3620f843d HTTP/1.1" 200 233 10.0.0.30 - - [26/Aug/2026:09:17:15 +0000] "GET /v3/services/a85b6caa7f6745a58faa21f3620f843d HTTP/1.1" 200 233 10.0.0.30 - - [26/Aug/2026:09:17:15 +0000] "GET /v3/services/a85b6caa7f6745a58faa21f3620f843d HTTP/1.1" 200 233 10.0.0.30 - - [26/Aug/2026:09:17:15 +0000] "GET /v3/endpoints HTTP/1.1" 200 1227 10.0.0.30 - - [26/Aug/2026:09:17:15 +0000] "GET /v3/services/a85b6caa7f6745a58faa21f3620f843d HTTP/1.1" 200 233 10.0.0.30 - - [26/Aug/2026:09:17:15 +0000] "GET /v3/services/a85b6caa7f6745a58faa21f3620f843d HTTP/1.1" 200 233 10.0.0.30 - - [26/Aug/2026:09:17:15 +0000] "GET /v3/services/a85b6caa7f6745a58faa21f3620f843d HTTP/1.1" 200 233 10.0.0.30 - - [26/Aug/2026:09:17:16 +0000] "GET / HTTP/1.1" 300 295
[Wed Aug 26 09:17:16.716461 2026] [wsgi:error] [pid 10:tid 140074417559232] [remote 10.0.0.30:44968] 2026-08-26 09:17:16.716 10 WARNING keystone.common.password_hashing [None req-b184c9f6-615f-49d7-a303-688ea25c1152 - - - - - -] Truncating password to algorithm specific maximum length 72 characters. 10.0.0.30 - - [26/Aug/2026:09:17:16 +0000] "GET / HTTP/1.1" 300 295
[Wed Aug 26 09:17:16.939437 2026] [wsgi:error] [pid 9:tid 140074417559232] [remote 10.0.0.30:44978] 2026-08-26 09:17:16.939 9 WARNING keystone.common.password_hashing [None req-f7380dfd-a2aa-4b2b-8c58-8fc98d58fdcb - - - - - -] Truncating password to algorithm specific maximum length 72 characters.
[Wed Aug 26 09:17:16.995417 2026] [wsgi:error] [pid 10:tid 140074417559232] [remote 10.0.0.30:44968] 2026-08-26 09:17:16.995 10 WARNING keystone.common.fernet_utils [None req-b184c9f6-615f-49d7-a303-688ea25c1152 - - - - - -] key_repository is world readable: /etc/keystone/fernet-keys/ 10.0.0.30 - - [26/Aug/2026:09:17:16 +0000] "POST /v3/auth/tokens HTTP/1.1" 201 1464 10.0.0.30 - - [26/Aug/2026:09:17:17 +0000] "GET / HTTP/1.1" 300 295
[Wed Aug 26 09:17:17.100863 2026] [wsgi:error] [pid 11:tid 140074417559232] [remote 10.0.0.30:44994] 2026-08-26 09:17:17.100 11 WARNING keystone.common.password_hashing [None req-3b735065-8cac-44cc-8eeb-eb7b1b1a2b72 - - - - - -] Truncating password to algorithm specific maximum length 72 characters. 10.0.0.30 - - [26/Aug/2026:09:17:17 +0000] "GET /v3/services/1663b5222b93493c9f4687465d29fb60 HTTP/1.1" 200 296 10.0.0.30 - - [26/Aug/2026:09:17:17 +0000] "GET /v3/regions/RegionOne HTTP/1.1" 200 173
[Wed Aug 26 09:17:17.228708 2026] [wsgi:error] [pid 9:tid 140074417559232] [remote 10.0.0.30:44978] 2026-08-26 09:17:17.228 9 WARNING keystone.common.fernet_utils [None req-f7380dfd-a2aa-4b2b-8c58-8fc98d58fdcb - - - - - -] key_repository is world readable: /etc/keystone/fernet-keys/ 10.0.0.30 - - [26/Aug/2026:09:17:16 +0000] "POST /v3/auth/tokens HTTP/1.1" 201 1464 10.0.0.30 - - [26/Aug/2026:09:17:17 +0000] "POST /v3/endpoints HTTP/1.1" 201 380 10.0.0.30 - - [26/Aug/2026:09:17:17 +0000] "GET /v3/services/1663b5222b93493c9f4687465d29fb60 HTTP/1.1" 200 296 10.0.0.30 - - [26/Aug/2026:09:17:17 +0000] "GET /v3/regions/RegionOne HTTP/1.1" 200 173
[Wed Aug 26 09:17:17.387872 2026] [wsgi:error] [pid 11:tid 140074417559232] [remote 10.0.0.30:44994] 2026-08-26 09:17:17.387 11 WARNING keystone.common.fernet_utils [None req-3b735065-8cac-44cc-8eeb-eb7b1b1a2b72 - - - - - -] key_repository is world readable: /etc/keystone/fernet-keys/ 10.0.0.30 - - [26/Aug/2026:09:17:17 +0000] "POST /v3/auth/tokens HTTP/1.1" 201 1641 10.0.0.30 - - [26/Aug/2026:09:17:17 +0000] "POST /v3/endpoints HTTP/1.1" 201 383 10.0.0.30 - - [26/Aug/2026:09:17:17 +0000] "GET /v3/services/1663b5222b93493c9f4687465d29fb60 HTTP/1.1" 200 296 10.0.0.30 - - [26/Aug/2026:09:17:17 +0000] "GET /v3/regions/RegionOne HTTP/1.1" 200 173 10.0.0.30 - - [26/Aug/2026:09:17:17 +0000] "POST /v3/endpoints HTTP/1.1" 201 370 10.0.0.30 - - [26/Aug/2026:09:17:18 +0000] "GET / HTTP/1.1" 300 295
[Wed Aug 26 09:17:18.851897 2026] [wsgi:error] [pid 12:tid 140074417559232] [remote 10.0.0.30:45004] 2026-08-26 09:17:18.851 12 WARNING keystone.common.password_hashing [None req-cd3c1da8-8ecd-4f85-8269-e71ad4590257 - - - - - -] Truncating password to algorithm specific maximum length 72 characters. 10.0.0.30 - - [26/Aug/2026:09:17:18 +0000] "GET / HTTP/1.1" 300 295
[Wed Aug 26 09:17:18.925200 2026] [wsgi:error] [pid 11:tid 140074417559232] [remote 10.0.0.30:45018] 2026-08-26 09:17:18.924 11 WARNING keystone.common.password_hashing [None req-64fce2d6-a229-49a2-9fdd-8ce6062039bb - - - - - -] Truncating password to algorithm specific maximum length 72 characters. 10.0.0.30 - - [26/Aug/2026:09:17:19 +0000] "GET / HTTP/1.1" 300 295
[Wed Aug 26 09:17:19.097815 2026] [wsgi:error] [pid 9:tid 140074417559232] [remote 10.0.0.30:45026] 2026-08-26 09:17:19.097 9 WARNING keystone.common.password_hashing [None req-0b24efc7-bc3d-4384-a73b-3a82672b2eae - - - - - -] Truncating password to algorithm specific maximum length 72 characters.
[Wed Aug 26 09:17:19.167140 2026] [wsgi:error] [pid 12:tid 140074417559232] [remote 10.0.0.30:45004] 2026-08-26 09:17:19.166 12 WARNING keystone.common.fernet_utils [None req-cd3c1da8-8ecd-4f85-8269-e71ad4590257 - - - - - -] key_repository is world readable: /etc/keystone/fernet-keys/ 10.0.0.30 - - [26/Aug/2026:09:17:18 +0000] "POST /v3/auth/tokens HTTP/1.1" 201 1992
[Wed Aug 26 09:17:19.226273 2026] [wsgi:error] [pid 11:tid 140074417559232] [remote 10.0.0.30:45018] 2026-08-26 09:17:19.225 11 WARNING keystone.common.fernet_utils [None req-64fce2d6-a229-49a2-9fdd-8ce6062039bb - - - - - -] key_repository is world readable: /etc/keystone/fernet-keys/ 10.0.0.30 - - [26/Aug/2026:09:17:18 +0000] "POST /v3/auth/tokens HTTP/1.1" 201 1992 10.0.0.30 - - [26/Aug/2026:09:17:19 +0000] "GET /v3/endpoints/9050f22ee00e42c2a72615e6ded83ec0 HTTP/1.1" 200 380 10.0.0.30 - - [26/Aug/2026:09:17:19 +0000] "GET /v3/services/1663b5222b93493c9f4687465d29fb60 HTTP/1.1" 200 296 10.0.0.30 - - [26/Aug/2026:09:17:19 +0000] "GET /v3/endpoints/d7d0a543f037429fa8c007e14c50333c HTTP/1.1" 200 383 10.0.0.30 - - [26/Aug/2026:09:17:19 +0000] "GET /v3/services/1663b5222b93493c9f4687465d29fb60 HTTP/1.1" 200 296
[Wed Aug 26 09:17:19.398631 2026] [wsgi:error] [pid 9:tid 140074417559232] [remote 10.0.0.30:45026] 2026-08-26 09:17:19.398 9 WARNING keystone.common.fernet_utils [None req-0b24efc7-bc3d-4384-a73b-3a82672b2eae - - - - - -] key_repository is world readable: /etc/keystone/fernet-keys/ 10.0.0.30 - - [26/Aug/2026:09:17:19 +0000] "POST /v3/auth/tokens HTTP/1.1" 201 1992 10.0.0.30 - - [26/Aug/2026:09:17:19 +0000] "GET /v3/endpoints/bbfb4d1042464cd488c1a6f69acda488 HTTP/1.1" 200 370 10.0.0.30 - - [26/Aug/2026:09:17:19 +0000] "GET /v3/services/1663b5222b93493c9f4687465d29fb60 HTTP/1.1" 200 296 10.0.0.88 - - [26/Aug/2026:09:17:32 +0000] "GET / HTTP/1.1" 300 295
[Wed Aug 26 09:17:32.127857 2026] [wsgi:error] [pid 9:tid 140074417559232] [remote 10.0.0.88:44444] 2026-08-26 09:17:32.127 9 WARNING keystone.common.password_hashing [None req-6e70dc39-ed30-4e90-a337-45a261fe05e3 - - - - - -] Truncating password to algorithm specific maximum length 72 characters.
[Wed Aug 26 09:17:32.410094 2026] [wsgi:error] [pid 9:tid 140074417559232] [remote 10.0.0.88:44444] 2026-08-26 09:17:32.409 9 WARNING keystone.common.fernet_utils [None req-6e70dc39-ed30-4e90-a337-45a261fe05e3 - - - - - -] key_repository is world readable: /etc/keystone/fernet-keys/ 10.0.0.88 - - [26/Aug/2026:09:17:32 +0000] "POST /v3/auth/tokens HTTP/1.1" 201 1992 10.0.0.88 - - [26/Aug/2026:09:17:32 +0000] "POST /v3/domains HTTP/1.1" 201 284 10.0.0.9 - - [26/Aug/2026:09:17:33 +0000] "GET /v3/ HTTP/1.1" 200 250 10.0.0.9 - - [26/Aug/2026:09:17:33 +0000] "GET /v3/ HTTP/1.1" 200 250 10.0.0.88 - - [26/Aug/2026:09:17:34 +0000] "GET / HTTP/1.1" 300 295
[Wed Aug 26 09:17:34.255427 2026] [wsgi:error] [pid 12:tid 140074417559232] [remote 10.0.0.88:52994] 2026-08-26 09:17:34.255 12 WARNING keystone.common.password_hashing [None req-f7b88e22-3511-4bce-afc2-623bfeee1fbb - - - - - -] Truncating password to algorithm specific maximum length 72 characters.
[Wed Aug 26 09:17:34.529234 2026] [wsgi:error] [pid 12:tid 140074417559232] [remote 10.0.0.88:52994] 2026-08-26 09:17:34.529 12 WARNING keystone.common.fernet_utils [None req-f7b88e22-3511-4bce-afc2-623bfeee1fbb - - - - - -] key_repository is world readable: /etc/keystone/fernet-keys/ 10.0.0.88 - - [26/Aug/2026:09:17:34 +0000] "POST /v3/auth/tokens HTTP/1.1" 201 1992
[Wed Aug 26 09:17:34.714984 2026] [wsgi:error] [pid 10:tid 140074417559232] [remote 10.0.0.88:52994] 2026-08-26 09:17:34.701 10 ERROR keystone.server.flask.application [None req-b526bf0c-0140-44db-9416-ed4e0d1b2c6c 3554ac60d3be42ccb00deac1ce900646 38d83f1ff8c84f2ea332ee524abd6b0a - - default default] Conflict occurred attempting to store project - it is not permitted to have two projects acting as domains with the same name: service.: keystone.exception.Conflict: Conflict occurred attempting to store project - it is not permitted to have two projects acting as domains with the same name: service.
[Wed Aug 26 09:17:34.715007 2026] [wsgi:error] [pid 10:tid 140074417559232] [remote 10.0.0.88:52994] 2026-08-26 09:17:34.701 10 ERROR keystone.server.flask.application
Traceback (most recent call last):
[Wed Aug 26 09:17:34.715009 2026] [wsgi:error] [pid 10:tid 140074417559232] [remote 10.0.0.88:52994] 2026-08-26 09:17:34.701 10 ERROR keystone.server.flask.application
File "/var/lib/openstack/lib/python3.12/site-packages/sqlalchemy/engine/base.py", line 1969, in _exec_single_context
[Wed Aug 26 09:17:34.715011 2026] [wsgi:error] [pid 10:tid 140074417559232] [remote 10.0.0.88:52994] 2026-08-26 09:17:34.701 10 ERROR keystone.server.flask.application self.dialect.do_execute(
[Wed Aug 26 09:17:34.715012 2026] [wsgi:error] [pid 10:tid 140074417559232] [remote 10.0.0.88:52994] 2026-08-26 09:17:34.701 10 ERROR keystone.server.flask.application
File "/var/lib/openstack/lib/python3.12/site-packages/sqlalchemy/engine/default.py", line 952, in do_execute
[Wed Aug 26 09:17:34.715014 2026] [wsgi:error] [pid 10:tid 140074417559232] [remote 10.0.0.88:52994] 2026-08-26 09:17:34.701 10 ERROR keystone.server.flask.application cursor.execute(statement, parameters)
[Wed Aug 26 09:17:34.715016 2026] [wsgi:error] [pid 10:tid 140074417559232] [remote 10.0.0.88:52994] 2026-08-26 09:17:34.701 10 ERROR keystone.server.flask.application
File "/var/lib/openstack/lib/python3.12/site-packages/pymysql/cursors.py", line 159, in execute
[Wed Aug 26 09:17:34.715017 2026] [wsgi:error] [pid 10:tid 140074417559232] [remote 10.0.0.88:52994] 2026-08-26 09:17:34.701 10 ERROR keystone.server.flask.application result = self._query(query)
[Wed Aug 26 09:17:34.715018 2026] [wsgi:error] [pid 10:tid 140074417559232] [remote 10.0.0.88:52994] 2026-08-26 09:17:34.701 10 ERROR keystone.server.flask.application ^^^^^^^^^^^^^^^^^^
[Wed Aug 26 09:17:34.715020 2026] [wsgi:error] [pid 10:tid 140074417559232] [remote 10.0.0.88:52994] 2026-08-26 09:17:34.701 10 ERROR keystone.server.flask.application
File "/var/lib/openstack/lib/python3.12/site-packages/pymysql/cursors.py", line 330, in _query
[Wed Aug 26 09:17:34.715022 2026] [wsgi:error] [pid 10:tid 140074417559232] [remote 10.0.0.88:52994] 2026-08-26 09:17:34.701 10 ERROR keystone.server.flask.application conn.query(q)
[Wed Aug 26 09:17:34.715023 2026] [wsgi:error] [pid 10:tid 140074417559232] [remote 10.0.0.88:52994] 2026-08-26 09:17:34.701 10 ERROR keystone.server.flask.application
File "/var/lib/openstack/lib/python3.12/site-packages/pymysql/connections.py", line 582, in query
[Wed Aug 26 09:17:34.715024 2026] [wsgi:error] [pid 10:tid 140074417559232] [remote 10.0.0.88:52994] 2026-08-26 09:17:34.701 10 ERROR keystone.server.flask.application self._affected_rows = self._read_query_result(unbuffered=unbuffered)
[Wed Aug 26 09:17:34.715026 2026] [wsgi:error] [pid 10:tid 140074417559232] [remote 10.0.0.88:52994] 2026-08-26 09:17:34.701 10 ERROR keystone.server.flask.application ^^^^^^^^^^^^^^^^^^^^^^^^^^^^^^^^^^^^^^^^^^^^^^
[Wed Aug 26 09:17:34.715027 2026] [wsgi:error] [pid 10:tid 140074417559232] [remote 10.0.0.88:52994] 2026-08-26 09:17:34.701 10 ERROR keystone.server.flask.application
File "/var/lib/openstack/lib/python3.12/site-packages/pymysql/connections.py", line 847, in _read_query_result
[Wed Aug 26 09:17:34.715029 2026] [wsgi:error] [pid 10:tid 140074417559232] [remote 10.0.0.88:52994] 2026-08-26 09:17:34.701 10 ERROR keystone.server.flask.application result.read()
[Wed Aug 26 09:17:34.715032 2026] [wsgi:error] [pid 10:tid 140074417559232] [remote 10.0.0.88:52994] 2026-08-26 09:17:34.701 10 ERROR keystone.server.flask.application
File "/var/lib/openstack/lib/python3.12/site-packages/pymysql/connections.py", line 1245, in read
[Wed Aug 26 09:17:34.715033 2026] [wsgi:error] [pid 10:tid 140074417559232] [remote 10.0.0.88:52994] 2026-08-26 09:17:34.701 10 ERROR keystone.server.flask.application first_packet = self.connection._read_packet()
[Wed Aug 26 09:17:34.715035 2026] [wsgi:error] [pid 10:tid 140074417559232] [remote 10.0.0.88:52994] 2026-08-26 09:17:34.701 10 ERROR keystone.server.flask.application ^^^^^^^^^^^^^^^^^^^^^^^^^^^^^^
[Wed Aug 26 09:17:34.715036 2026] [wsgi:error] [pid 10:tid 140074417559232] [remote 10.0.0.88:52994] 2026-08-26 09:17:34.701 10 ERROR keystone.server.flask.application
File "/var/lib/openstack/lib/python3.12/site-packages/pymysql/connections.py", line 803, in _read_packet
[Wed Aug 26 09:17:34.715037 2026] [wsgi:error] [pid 10:tid 140074417559232] [remote 10.0.0.88:52994] 2026-08-26 09:17:34.701 10 ERROR keystone.server.flask.application packet.raise_for_error()
[Wed Aug 26 09:17:34.715039 2026] [wsgi:error] [pid 10:tid 140074417559232] [remote 10.0.0.88:52994] 2026-08-26 09:17:34.701 10 ERROR keystone.server.flask.application
File "/var/lib/openstack/lib/python3.12/site-packages/pymysql/protocol.py", line 219, in raise_for_error
[Wed Aug 26 09:17:34.715040 2026] [wsgi:error] [pid 10:tid 140074417559232] [remote 10.0.0.88:52994] 2026-08-26 09:17:34.701 10 ERROR keystone.server.flask.application err.raise_mysql_exception(self._data)
[Wed Aug 26 09:17:34.715041 2026] [wsgi:error] [pid 10:tid 140074417559232] [remote 10.0.0.88:52994] 2026-08-26 09:17:34.701 10 ERROR keystone.server.flask.application
File "/var/lib/openstack/lib/python3.12/site-packages/pymysql/err.py", line 154, in raise_mysql_exception
[Wed Aug 26 09:17:34.715043 2026] [wsgi:error] [pid 10:tid 140074417559232] [remote 10.0.0.88:52994] 2026-08-26 09:17:34.701 10 ERROR keystone.server.flask.application raise errorclass(errno, errval, sqlstate=sqlstate)
[Wed Aug 26 09:17:34.715056 2026] [wsgi:error] [pid 10:tid 140074417559232] [remote 10.0.0.88:52994] 2026-08-26 09:17:34.701 10 ERROR keystone.server.flask.application pymysql.err.IntegrityError: (1062, "Duplicate entry '<>-service' for key 'project.ixu_project_name_domain_id'")
[Wed Aug 26 09:17:34.715058 2026] [wsgi:error] [pid 10:tid 140074417559232] [remote 10.0.0.88:52994] 2026-08-26 09:17:34.701 10 ERROR keystone.server.flask.application
[Wed Aug 26 09:17:34.715059 2026] [wsgi:error] [pid 10:tid 140074417559232] [remote 10.0.0.88:52994] 2026-08-26 09:17:34.701 10 ERROR keystone.server.flask.application The above exception was the direct cause of the following exception:
[Wed Aug 26 09:17:34.715060 2026] [wsgi:error] [pid 10:tid 140074417559232] [remote 10.0.0.88:52994] 2026-08-26 09:17:34.701 10 ERROR keystone.server.flask.application
[Wed Aug 26 09:17:34.715062 2026] [wsgi:error] [pid 10:tid 140074417559232] [remote 10.0.0.88:52994] 2026-08-26 09:17:34.701 10 ERROR keystone.server.flask.application
Traceback (most recent call last):
[Wed Aug 26 09:17:34.715063 2026] [wsgi:error] [pid 10:tid 140074417559232] [remote 10.0.0.88:52994] 2026-08-26 09:17:34.701 10 ERROR keystone.server.flask.application
File "/var/lib/openstack/lib/python3.12/site-packages/keystone/common/sql/core.py", line 575, in wrapper
[Wed Aug 26 09:17:34.715064 2026] [wsgi:error] [pid 10:tid 140074417559232] [remote 10.0.0.88:52994] 2026-08-26 09:17:34.701 10 ERROR keystone.server.flask.application return method(*args, **kwargs)
[Wed Aug 26 09:17:34.715066 2026] [wsgi:error] [pid 10:tid 140074417559232] [remote 10.0.0.88:52994] 2026-08-26 09:17:34.701 10 ERROR keystone.server.flask.application ^^^^^^^^^^^^^^^^^^^^^^^
[Wed Aug 26 09:17:34.715067 2026] [wsgi:error] [pid 10:tid 140074417559232] [remote 10.0.0.88:52994] 2026-08-26 09:17:34.701 10 ERROR keystone.server.flask.application
File "/var/lib/openstack/lib/python3.12/site-packages/keystone/resource/backends/sql.py", line 278, in create_project
[Wed Aug 26 09:17:34.715069 2026] [wsgi:error] [pid 10:tid 140074417559232] [remote 10.0.0.88:52994] 2026-08-26 09:17:34.701 10 ERROR keystone.server.flask.application with sql.session_for_write() as session:
[Wed Aug 26 09:17:34.715070 2026] [wsgi:error] [pid 10:tid 140074417559232] [remote 10.0.0.88:52994] 2026-08-26 09:17:34.701 10 ERROR keystone.server.flask.application
File "/usr/lib/python3.12/contextlib.py", line 144, in __exit__
[Wed Aug 26 09:17:34.715071 2026] [wsgi:error] [pid 10:tid 140074417559232] [remote 10.0.0.88:52994] 2026-08-26 09:17:34.701 10 ERROR keystone.server.flask.application next(self.gen)
[Wed Aug 26 09:17:34.715073 2026] [wsgi:error] [pid 10:tid 140074417559232] [remote 10.0.0.88:52994] 2026-08-26 09:17:34.701 10 ERROR keystone.server.flask.application
File "/var/lib/openstack/lib/python3.12/site-packages/oslo_db/sqlalchemy/enginefacade.py", line 1175, in _transaction_scope
[Wed Aug 26 09:17:34.715074 2026] [wsgi:error] [pid 10:tid 140074417559232] [remote 10.0.0.88:52994] 2026-08-26 09:17:34.701 10 ERROR keystone.server.flask.application with current._produce_block(
[Wed Aug 26 09:17:34.715075 2026] [wsgi:error] [pid 10:tid 140074417559232] [remote 10.0.0.88:52994] 2026-08-26 09:17:34.701 10 ERROR keystone.server.flask.application
File "/usr/lib/python3.12/contextlib.py", line 144, in __exit__
[Wed Aug 26 09:17:34.715077 2026] [wsgi:error] [pid 10:tid 140074417559232] [remote 10.0.0.88:52994] 2026-08-26 09:17:34.701 10 ERROR keystone.server.flask.application next(self.gen)
[Wed Aug 26 09:17:34.715078 2026] [wsgi:error] [pid 10:tid 140074417559232] [remote 10.0.0.88:52994] 2026-08-26 09:17:34.701 10 ERROR keystone.server.flask.application
File "/var/lib/openstack/lib/python3.12/site-packages/oslo_db/sqlalchemy/enginefacade.py", line 837, in _session
[Wed Aug 26 09:17:34.715080 2026] [wsgi:error] [pid 10:tid 140074417559232] [remote 10.0.0.88:52994] 2026-08-26 09:17:34.701 10 ERROR keystone.server.flask.application with excutils.save_and_reraise_exception():
[Wed Aug 26 09:17:34.715081 2026] [wsgi:error] [pid 10:tid 140074417559232] [remote 10.0.0.88:52994] 2026-08-26 09:17:34.701 10 ERROR keystone.server.flask.application
File "/var/lib/openstack/lib/python3.12/site-packages/oslo_utils/excutils.py", line 266, in __exit__
[Wed Aug 26 09:17:34.715083 2026] [wsgi:error] [pid 10:tid 140074417559232] [remote 10.0.0.88:52994] 2026-08-26 09:17:34.701 10 ERROR keystone.server.flask.application self.force_reraise()
[Wed Aug 26 09:17:34.715084 2026] [wsgi:error] [pid 10:tid 140074417559232] [remote 10.0.0.88:52994] 2026-08-26 09:17:34.701 10 ERROR keystone.server.flask.application
File "/var/lib/openstack/lib/python3.12/site-packages/oslo_utils/excutils.py", line 232, in force_reraise
[Wed Aug 26 09:17:34.715086 2026] [wsgi:error] [pid 10:tid 140074417559232] [remote 10.0.0.88:52994] 2026-08-26 09:17:34.701 10 ERROR keystone.server.flask.application raise self.value
[Wed Aug 26 09:17:34.715087 2026] [wsgi:error] [pid 10:tid 140074417559232] [remote 10.0.0.88:52994] 2026-08-26 09:17:34.701 10 ERROR keystone.server.flask.application
File "/var/lib/openstack/lib/python3.12/site-packages/oslo_db/sqlalchemy/enginefacade.py", line 835, in _session
[Wed Aug 26 09:17:34.715089 2026] [wsgi:error] [pid 10:tid 140074417559232] [remote 10.0.0.88:52994] 2026-08-26 09:17:34.701 10 ERROR keystone.server.flask.application self._end_session_transaction(self.session)
[Wed Aug 26 09:17:34.715091 2026] [wsgi:error] [pid 10:tid 140074417559232] [remote 10.0.0.88:52994] 2026-08-26 09:17:34.701 10 ERROR keystone.server.flask.application
File "/var/lib/openstack/lib/python3.12/site-packages/oslo_db/sqlalchemy/enginefacade.py", line 748, in _end_session_transaction
[Wed Aug 26 09:17:34.715093 2026] [wsgi:error] [pid 10:tid 140074417559232] [remote 10.0.0.88:52994] 2026-08-26 09:17:34.701 10 ERROR keystone.server.flask.application session.commit()
[Wed Aug 26 09:17:34.715095 2026] [wsgi:error] [pid 10:tid 140074417559232] [remote 10.0.0.88:52994] 2026-08-26 09:17:34.701 10 ERROR keystone.server.flask.application
File "/var/lib/openstack/lib/python3.12/site-packages/sqlalchemy/orm/session.py", line 2034, in commit
[Wed Aug 26 09:17:34.715097 2026] [wsgi:error] [pid 10:tid 140074417559232] [remote 10.0.0.88:52994] 2026-08-26 09:17:34.701 10 ERROR keystone.server.flask.application trans.commit(_to_root=True)
[Wed Aug 26 09:17:34.715099 2026] [wsgi:error] [pid 10:tid 140074417559232] [remote 10.0.0.88:52994] 2026-08-26 09:17:34.701 10 ERROR keystone.server.flask.application File "", line 2, in commit
[Wed Aug 26 09:17:34.715101 2026] [wsgi:error] [pid 10:tid 140074417559232] [remote 10.0.0.88:52994] 2026-08-26 09:17:34.701 10 ERROR keystone.server.flask.application
File "/var/lib/openstack/lib/python3.12/site-packages/sqlalchemy/orm/state_changes.py", line 137, in _go
[Wed Aug 26 09:17:34.715103 2026] [wsgi:error] [pid 10:tid 140074417559232] [remote 10.0.0.88:52994] 2026-08-26 09:17:34.701 10 ERROR keystone.server.flask.application ret_value = fn(self, *arg, **kw)
[Wed Aug 26 09:17:34.715105 2026] [wsgi:error] [pid 10:tid 140074417559232] [remote 10.0.0.88:52994] 2026-08-26 09:17:34.701 10 ERROR keystone.server.flask.application ^^^^^^^^^^^^^^^^^^^^
[Wed Aug 26 09:17:34.715107 2026] [wsgi:error] [pid 10:tid 140074417559232] [remote 10.0.0.88:52994] 2026-08-26 09:17:34.701 10 ERROR keystone.server.flask.application
File "/var/lib/openstack/lib/python3.12/site-packages/sqlalchemy/orm/session.py", line 1315, in commit
[Wed Aug 26 09:17:34.715109 2026] [wsgi:error] [pid 10:tid 140074417559232] [remote 10.0.0.88:52994] 2026-08-26 09:17:34.701 10 ERROR keystone.server.flask.application self._prepare_impl()
[Wed Aug 26 09:17:34.715111 2026] [wsgi:error] [pid 10:tid 140074417559232] [remote 10.0.0.88:52994] 2026-08-26 09:17:34.701 10 ERROR keystone.server.flask.application File "", line 2, in _prepare_impl
[Wed Aug 26 09:17:34.715113 2026] [wsgi:error] [pid 10:tid 140074417559232] [remote 10.0.0.88:52994] 2026-08-26 09:17:34.701 10 ERROR keystone.server.flask.application
File "/var/lib/openstack/lib/python3.12/site-packages/sqlalchemy/orm/state_changes.py", line 137, in _go
[Wed Aug 26 09:17:34.715116 2026] [wsgi:error] [pid 10:tid 140074417559232] [remote 10.0.0.88:52994] 2026-08-26 09:17:34.701 10 ERROR keystone.server.flask.application ret_value = fn(self, *arg, **kw)
[Wed Aug 26 09:17:34.715118 2026] [wsgi:error] [pid 10:tid 140074417559232] [remote 10.0.0.88:52994] 2026-08-26 09:17:34.701 10 ERROR keystone.server.flask.application ^^^^^^^^^^^^^^^^^^^^
[Wed Aug 26 09:17:34.715120 2026] [wsgi:error] [pid 10:tid 140074417559232] [remote 10.0.0.88:52994] 2026-08-26 09:17:34.701 10 ERROR keystone.server.flask.application
File "/var/lib/openstack/lib/python3.12/site-packages/sqlalchemy/orm/session.py", line 1290, in _prepare_impl
[Wed Aug 26 09:17:34.715122 2026] [wsgi:error] [pid 10:tid 140074417559232] [remote 10.0.0.88:52994] 2026-08-26 09:17:34.701 10 ERROR keystone.server.flask.application self.session.flush()
[Wed Aug 26 09:17:34.715124 2026] [wsgi:error] [pid 10:tid 140074417559232] [remote 10.0.0.88:52994] 2026-08-26 09:17:34.701 10 ERROR keystone.server.flask.application
File "/var/lib/openstack/lib/python3.12/site-packages/sqlalchemy/orm/session.py", line 4352, in flush
[Wed Aug 26 09:17:34.715126 2026] [wsgi:error] [pid 10:tid 140074417559232] [remote 10.0.0.88:52994] 2026-08-26 09:17:34.701 10 ERROR keystone.server.flask.application self._flush(objects)
[Wed Aug 26 09:17:34.715128 2026] [wsgi:error] [pid 10:tid 140074417559232] [remote 10.0.0.88:52994] 2026-08-26 09:17:34.701 10 ERROR keystone.server.flask.application
File "/var/lib/openstack/lib/python3.12/site-packages/sqlalchemy/orm/session.py", line 4487, in _flush
[Wed Aug 26 09:17:34.715130 2026] [wsgi:error] [pid 10:tid 140074417559232] [remote 10.0.0.88:52994] 2026-08-26 09:17:34.701 10 ERROR keystone.server.flask.application with util.safe_reraise():
[Wed Aug 26 09:17:34.715132 2026] [wsgi:error] [pid 10:tid 140074417559232] [remote 10.0.0.88:52994] 2026-08-26 09:17:34.701 10 ERROR keystone.server.flask.application
File "/var/lib/openstack/lib/python3.12/site-packages/sqlalchemy/util/langhelpers.py", line 122, in __exit__
[Wed Aug 26 09:17:34.715135 2026] [wsgi:error] [pid 10:tid 140074417559232] [remote 10.0.0.88:52994] 2026-08-26 09:17:34.701 10 ERROR keystone.server.flask.application raise exc_value.with_traceback(exc_tb)
[Wed Aug 26 09:17:34.715136 2026] [wsgi:error] [pid 10:tid 140074417559232] [remote 10.0.0.88:52994] 2026-08-26 09:17:34.701 10 ERROR keystone.server.flask.application
File "/var/lib/openstack/lib/python3.12/site-packages/sqlalchemy/orm/session.py", line 4448, in _flush
[Wed Aug 26 09:17:34.715139 2026] [wsgi:error] [pid 10:tid 140074417559232] [remote 10.0.0.88:52994] 2026-08-26 09:17:34.701 10 ERROR keystone.server.flask.application flush_context.execute()
[Wed Aug 26 09:17:34.715141 2026] [wsgi:error] [pid 10:tid 140074417559232] [remote 10.0.0.88:52994] 2026-08-26 09:17:34.701 10 ERROR keystone.server.flask.application
File "/var/lib/openstack/lib/python3.12/site-packages/sqlalchemy/orm/unitofwork.py", line 465, in execute
