2026-05-01 02:11:52.989 8 INFO placement.requestlog [req-8c9f3d4a-3b26-4c7c-951c-84f25f5d1967 req-4396ae01-e10c-4875-afac-5430f33b00b1 639a44f0b7a24af798846c29122db486 23442e39504e4de287e0a068f14fb9bd - - 9f41d6805f5a45dfa7d4481534f8f332 9f41d6805f5a45dfa7d4481534f8f332] 199.204.45.153 "GET /allocations/5e5c3c84-71ab-4707-994f-c8b935dad6f8" status: 200 len: 258 microversion: 1.28 [pid: 8|app: 0|req: 522/1037] 199.204.45.153 () {34 vars in 863 bytes} [Fri May 1 02:11:52 2026] GET /allocations/5e5c3c84-71ab-4707-994f-c8b935dad6f8 => generated 258 bytes in 15 msecs (HTTP/1.1 200) 8 headers in 296 bytes (1 switches on core 0)
2026-05-01 02:11:58.521 7 INFO placement.requestlog [req-687cbece-8b55-4e5b-b965-899a4ef56cf3 req-938374d8-361a-4868-b9a8-78805063b480 639a44f0b7a24af798846c29122db486 23442e39504e4de287e0a068f14fb9bd - - 9f41d6805f5a45dfa7d4481534f8f332 9f41d6805f5a45dfa7d4481534f8f332] 199.204.45.153 "GET /resource_providers/7dce8998-1bea-4bf0-81a7-3b64c4ec37e4/allocations" status: 200 len: 353 microversion: 1.0 [pid: 7|app: 0|req: 516/1038] 199.204.45.153 () {32 vars in 857 bytes} [Fri May 1 02:11:58 2026] GET /resource_providers/7dce8998-1bea-4bf0-81a7-3b64c4ec37e4/allocations => generated 353 bytes in 17 msecs (HTTP/1.1 200) 6 headers in 224 bytes (1 switches on core 0)
2026-05-01 02:11:58.548 8 INFO placement.requestlog [req-687cbece-8b55-4e5b-b965-899a4ef56cf3 req-ad623797-e5f8-4b0d-a2f0-48d83bf95cc5 639a44f0b7a24af798846c29122db486 23442e39504e4de287e0a068f14fb9bd - - 9f41d6805f5a45dfa7d4481534f8f332 9f41d6805f5a45dfa7d4481534f8f332] 199.204.45.153 "GET /resource_providers/7dce8998-1bea-4bf0-81a7-3b64c4ec37e4/allocations" status: 200 len: 353 microversion: 1.0 [pid: 8|app: 0|req: 523/1039] 199.204.45.153 () {32 vars in 857 bytes} [Fri May 1 02:11:58 2026] GET /resource_providers/7dce8998-1bea-4bf0-81a7-3b64c4ec37e4/allocations => generated 353 bytes in 19 msecs (HTTP/1.1 200) 6 headers in 224 bytes (1 switches on core 0)
2026-05-01 02:11:58.570 7 INFO placement.requestlog [req-687cbece-8b55-4e5b-b965-899a4ef56cf3 req-6cd08d0a-7d75-40e2-9a5e-b59ed7b43941 639a44f0b7a24af798846c29122db486 23442e39504e4de287e0a068f14fb9bd - - 9f41d6805f5a45dfa7d4481534f8f332 9f41d6805f5a45dfa7d4481534f8f332] 199.204.45.153 "GET /allocations/19127d65-68eb-4894-9e86-9e5b5f7d6017" status: 200 len: 258 microversion: 1.28 [pid: 7|app: 0|req: 517/1040] 199.204.45.153 () {34 vars in 863 bytes} [Fri May 1 02:11:58 2026] GET /allocations/19127d65-68eb-4894-9e86-9e5b5f7d6017 => generated 258 bytes in 15 msecs (HTTP/1.1 200) 8 headers in 296 bytes (1 switches on core 0)
2026-05-01 02:11:58.598 8 INFO placement.requestlog [req-687cbece-8b55-4e5b-b965-899a4ef56cf3 req-1dea12b5-33e8-47cb-bb16-073e9920e766 639a44f0b7a24af798846c29122db486 23442e39504e4de287e0a068f14fb9bd - - 9f41d6805f5a45dfa7d4481534f8f332 9f41d6805f5a45dfa7d4481534f8f332] 199.204.45.153 "GET /allocations/190e242e-281a-448e-b46f-4bc1f8d2dc87" status: 200 len: 258 microversion: 1.28 [pid: 8|app: 0|req: 524/1041] 199.204.45.153 () {34 vars in 863 bytes} [Fri May 1 02:11:58 2026] GET /allocations/190e242e-281a-448e-b46f-4bc1f8d2dc87 => generated 258 bytes in 20 msecs (HTTP/1.1 200) 8 headers in 296 bytes (1 switches on core 0)
2026-05-01 02:11:58.643 7 INFO placement.requestlog [req-687cbece-8b55-4e5b-b965-899a4ef56cf3 req-657d3d05-cdac-4575-9586-2faf1ea79d9f 639a44f0b7a24af798846c29122db486 23442e39504e4de287e0a068f14fb9bd - - 9f41d6805f5a45dfa7d4481534f8f332 9f41d6805f5a45dfa7d4481534f8f332] 199.204.45.153 "GET /allocations/5e5c3c84-71ab-4707-994f-c8b935dad6f8" status: 200 len: 258 microversion: 1.28 [pid: 7|app: 0|req: 518/1042] 199.204.45.153 () {34 vars in 863 bytes} [Fri May 1 02:11:58 2026] GET /allocations/5e5c3c84-71ab-4707-994f-c8b935dad6f8 => generated 258 bytes in 36 msecs (HTTP/1.1 200) 8 headers in 296 bytes (1 switches on core 0)
2026-05-01 02:12:00.382 8 INFO placement.requestlog [None req-d8b0742d-5a73-4600-b954-fa41df9f83a3 - - - - - -] 10.0.0.39 "GET /" status: 200 len: 136 microversion: 1.0
2026-05-01 02:12:00.382 7 INFO placement.requestlog [None req-34c596b9-1826-40b0-bc7c-af47f3161b99 - - - - - -] 10.0.0.39 "GET /" status: 200 len: 136 microversion: 1.0
2026-05-01 02:12:10.382 8 INFO placement.requestlog [None req-207d5a7f-7188-45df-a10f-0ab6d47624ea - - - - - -] 10.0.0.39 "GET /" status: 200 len: 136 microversion: 1.0
2026-05-01 02:12:10.382 7 INFO placement.requestlog [None req-56df4521-d841-454c-bd26-6a295a7d9cb4 - - - - - -] 10.0.0.39 "GET /" status: 200 len: 136 microversion: 1.0
2026-05-01 02:12:11.188 8 INFO placement.requestlog [req-29a12886-2166-4835-89bd-5ccc0ebc8717 req-89775738-87cb-4049-a8da-5d61ca6e24b7 639a44f0b7a24af798846c29122db486 23442e39504e4de287e0a068f14fb9bd - - 9f41d6805f5a45dfa7d4481534f8f332 9f41d6805f5a45dfa7d4481534f8f332] 10.0.0.174 "GET /allocation_candidates?limit=1000&resources=DISK_GB%3A1%2CMEMORY_MB%3A512%2CVCPU%3A1&root_required=%21COMPUTE_STATUS_DISABLED" status: 200 len: 2220 microversion: 1.36 [pid: 8|app: 0|req: 527/1047] 10.0.0.174 () {34 vars in 1012 bytes} [Fri May 1 02:12:11 2026] GET /allocation_candidates?limit=1000&resources=DISK_GB%3A1%2CMEMORY_MB%3A512%2CVCPU%3A1&root_required=%21COMPUTE_STATUS_DISABLED => generated 2220 bytes in 50 msecs (HTTP/1.1 200) 8 headers in 297 bytes (1 switches on core 0)
2026-05-01 02:12:11.218 7 INFO placement.requestlog [req-29a12886-2166-4835-89bd-5ccc0ebc8717 req-f0fa94c1-d93a-4aa4-869c-e0fee6ee57e5 639a44f0b7a24af798846c29122db486 23442e39504e4de287e0a068f14fb9bd - - 9f41d6805f5a45dfa7d4481534f8f332 9f41d6805f5a45dfa7d4481534f8f332] 10.0.0.174 "GET /allocations/98ed9629-da61-4e6b-a6c8-b4ea1a4532ea" status: 200 len: 19 microversion: 1.28 [pid: 7|app: 0|req: 521/1048] 10.0.0.174 () {34 vars in 861 bytes} [Fri May 1 02:12:11 2026] GET /allocations/98ed9629-da61-4e6b-a6c8-b4ea1a4532ea => generated 19 bytes in 9 msecs (HTTP/1.1 200) 8 headers in 295 bytes (1 switches on core 0)
2026-05-01 02:12:11.242 7 INFO placement.requestlog [req-21393e53-75bb-485c-873f-3dd7aeb47ab6 req-032f8750-4131-4a8e-9896-7709bebb9b0a 639a44f0b7a24af798846c29122db486 23442e39504e4de287e0a068f14fb9bd - - 9f41d6805f5a45dfa7d4481534f8f332 9f41d6805f5a45dfa7d4481534f8f332] 199.204.45.153 "GET /resource_providers/7dce8998-1bea-4bf0-81a7-3b64c4ec37e4/allocations" status: 200 len: 353 microversion: 1.0 [pid: 7|app: 0|req: 522/1049] 199.204.45.153 () {32 vars in 857 bytes} [Fri May 1 02:12:11 2026] GET /resource_providers/7dce8998-1bea-4bf0-81a7-3b64c4ec37e4/allocations => generated 353 bytes in 19 msecs (HTTP/1.1 200) 6 headers in 224 bytes (1 switches on core 0)
2026-05-01 02:12:11.259 7 INFO placement.requestlog [req-21393e53-75bb-485c-873f-3dd7aeb47ab6 req-0a6f7188-7e80-4b37-bf1f-a3960053cd1a 639a44f0b7a24af798846c29122db486 23442e39504e4de287e0a068f14fb9bd - - 9f41d6805f5a45dfa7d4481534f8f332 9f41d6805f5a45dfa7d4481534f8f332] 199.204.45.153 "GET /allocations/19127d65-68eb-4894-9e86-9e5b5f7d6017" status: 200 len: 258 microversion: 1.28 [pid: 7|app: 0|req: 523/1050] 199.204.45.153 () {34 vars in 863 bytes} [Fri May 1 02:12:11 2026] GET /allocations/19127d65-68eb-4894-9e86-9e5b5f7d6017 => generated 258 bytes in 12 msecs (HTTP/1.1 200) 8 headers in 296 bytes (1 switches on core 0)
2026-05-01 02:12:11.277 7 INFO placement.requestlog [req-21393e53-75bb-485c-873f-3dd7aeb47ab6 req-751389c3-f446-4b9f-a1e9-0d3f04c363a9 639a44f0b7a24af798846c29122db486 23442e39504e4de287e0a068f14fb9bd - - 9f41d6805f5a45dfa7d4481534f8f332 9f41d6805f5a45dfa7d4481534f8f332] 199.204.45.153 "GET /allocations/190e242e-281a-448e-b46f-4bc1f8d2dc87" status: 200 len: 258 microversion: 1.28 [pid: 7|app: 0|req: 524/1051] 199.204.45.153 () {34 vars in 863 bytes} [Fri May 1 02:12:11 2026] GET /allocations/190e242e-281a-448e-b46f-4bc1f8d2dc87 => generated 258 bytes in 11 msecs (HTTP/1.1 200) 8 headers in 296 bytes (1 switches on core 0)
2026-05-01 02:12:11.289 8 INFO placement.requestlog [req-29a12886-2166-4835-89bd-5ccc0ebc8717 req-2225e232-f7ab-4884-acab-032d7258166a 639a44f0b7a24af798846c29122db486 23442e39504e4de287e0a068f14fb9bd - - 9f41d6805f5a45dfa7d4481534f8f332 9f41d6805f5a45dfa7d4481534f8f332] 10.0.0.174 "PUT /allocations/98ed9629-da61-4e6b-a6c8-b4ea1a4532ea" status: 204 len: 0 microversion: 1.36 [pid: 8|app: 0|req: 528/1052] 10.0.0.174 () {38 vars in 914 bytes} [Fri May 1 02:12:11 2026] PUT /allocations/98ed9629-da61-4e6b-a6c8-b4ea1a4532ea => generated 0 bytes in 67 msecs (HTTP/1.1 204) 5 headers in 199 bytes (1 switches on core 0)
2026-05-01 02:12:11.297 7 INFO placement.requestlog [req-21393e53-75bb-485c-873f-3dd7aeb47ab6 req-cde5ef2a-b119-49a3-93dd-bfeea523e8af 639a44f0b7a24af798846c29122db486 23442e39504e4de287e0a068f14fb9bd - - 9f41d6805f5a45dfa7d4481534f8f332 9f41d6805f5a45dfa7d4481534f8f332] 199.204.45.153 "GET /allocations/5e5c3c84-71ab-4707-994f-c8b935dad6f8" status: 200 len: 258 microversion: 1.28 [pid: 7|app: 0|req: 525/1053] 199.204.45.153 () {34 vars in 863 bytes} [Fri May 1 02:12:11 2026] GET /allocations/5e5c3c84-71ab-4707-994f-c8b935dad6f8 => generated 258 bytes in 11 msecs (HTTP/1.1 200) 8 headers in 296 bytes (1 switches on core 0)
2026-05-01 02:12:11.399 8 INFO placement.requestlog [req-21393e53-75bb-485c-873f-3dd7aeb47ab6 req-4645b89e-a1fa-4a92-981b-d63f345fcfa9 639a44f0b7a24af798846c29122db486 23442e39504e4de287e0a068f14fb9bd - - 9f41d6805f5a45dfa7d4481534f8f332 9f41d6805f5a45dfa7d4481534f8f332] 199.204.45.153 "DELETE /allocations/5e5c3c84-71ab-4707-994f-c8b935dad6f8" status: 204 len: 0 microversion: 1.0 [pid: 8|app: 0|req: 529/1054] 199.204.45.153 () {34 vars in 841 bytes} [Fri May 1 02:12:11 2026] DELETE /allocations/5e5c3c84-71ab-4707-994f-c8b935dad6f8 => generated 0 bytes in 29 msecs (HTTP/1.1 204) 5 headers in 198 bytes (1 switches on core 0)
2026-05-01 02:12:11.566 7 INFO placement.requestlog [req-29a12886-2166-4835-89bd-5ccc0ebc8717 req-3014fecb-83cf-465c-8c84-e15ef511a033 639a44f0b7a24af798846c29122db486 23442e39504e4de287e0a068f14fb9bd - - 9f41d6805f5a45dfa7d4481534f8f332 9f41d6805f5a45dfa7d4481534f8f332] 199.204.45.153 "GET /allocations/98ed9629-da61-4e6b-a6c8-b4ea1a4532ea" status: 200 len: 258 microversion: 1.28 [pid: 7|app: 0|req: 526/1055] 199.204.45.153 () {34 vars in 863 bytes} [Fri May 1 02:12:11 2026] GET /allocations/98ed9629-da61-4e6b-a6c8-b4ea1a4532ea => generated 258 bytes in 14 msecs (HTTP/1.1 200) 8 headers in 296 bytes (1 switches on core 0)
2026-05-01 02:12:11.672 8 INFO placement.requestlog [req-29a12886-2166-4835-89bd-5ccc0ebc8717 req-f52b3a28-d4b2-4c62-aef1-9f9f85d0a166 639a44f0b7a24af798846c29122db486 23442e39504e4de287e0a068f14fb9bd - - 9f41d6805f5a45dfa7d4481534f8f332 9f41d6805f5a45dfa7d4481534f8f332] 199.204.45.153 "GET /resource_providers/7dce8998-1bea-4bf0-81a7-3b64c4ec37e4/allocations" status: 200 len: 353 microversion: 1.0 [pid: 8|app: 0|req: 530/1056] 199.204.45.153 () {32 vars in 857 bytes} [Fri May 1 02:12:11 2026] GET /resource_providers/7dce8998-1bea-4bf0-81a7-3b64c4ec37e4/allocations => generated 353 bytes in 21 msecs (HTTP/1.1 200) 6 headers in 224 bytes (1 switches on core 0)
2026-05-01 02:12:11.693 7 INFO placement.requestlog [req-29a12886-2166-4835-89bd-5ccc0ebc8717 req-f93543b7-fcdc-4b59-a437-64911a3f2540 639a44f0b7a24af798846c29122db486 23442e39504e4de287e0a068f14fb9bd - - 9f41d6805f5a45dfa7d4481534f8f332 9f41d6805f5a45dfa7d4481534f8f332] 199.204.45.153 "GET /allocations/19127d65-68eb-4894-9e86-9e5b5f7d6017" status: 200 len: 258 microversion: 1.28 [pid: 7|app: 0|req: 527/1057] 199.204.45.153 () {34 vars in 863 bytes} [Fri May 1 02:12:11 2026] GET /allocations/19127d65-68eb-4894-9e86-9e5b5f7d6017 => generated 258 bytes in 15 msecs (HTTP/1.1 200) 8 headers in 296 bytes (1 switches on core 0)
2026-05-01 02:12:11.716 8 INFO placement.requestlog [req-29a12886-2166-4835-89bd-5ccc0ebc8717 req-1f0cd351-8edd-4758-b747-6cc1770f4350 639a44f0b7a24af798846c29122db486 23442e39504e4de287e0a068f14fb9bd - - 9f41d6805f5a45dfa7d4481534f8f332 9f41d6805f5a45dfa7d4481534f8f332] 199.204.45.153 "GET /allocations/98ed9629-da61-4e6b-a6c8-b4ea1a4532ea" status: 200 len: 258 microversion: 1.28 [pid: 8|app: 0|req: 531/1058] 199.204.45.153 () {34 vars in 863 bytes} [Fri May 1 02:12:11 2026] GET /allocations/98ed9629-da61-4e6b-a6c8-b4ea1a4532ea => generated 258 bytes in 14 msecs (HTTP/1.1 200) 8 headers in 296 bytes (1 switches on core 0)
2026-05-01 02:12:11.747 7 INFO placement.requestlog [req-29a12886-2166-4835-89bd-5ccc0ebc8717 req-0102f966-fb6d-4333-931c-64b822090d57 639a44f0b7a24af798846c29122db486 23442e39504e4de287e0a068f14fb9bd - - 9f41d6805f5a45dfa7d4481534f8f332 9f41d6805f5a45dfa7d4481534f8f332] 199.204.45.153 "GET /allocations/190e242e-281a-448e-b46f-4bc1f8d2dc87" status: 200 len: 258 microversion: 1.28 [pid: 7|app: 0|req: 528/1059] 199.204.45.153 () {34 vars in 863 bytes} [Fri May 1 02:12:11 2026] GET /allocations/190e242e-281a-448e-b46f-4bc1f8d2dc87 => generated 258 bytes in 16 msecs (HTTP/1.1 200) 8 headers in 296 bytes (1 switches on core 0)
2026-05-01 02:12:15.369 8 INFO placement.requestlog [req-ba068313-cb08-4953-bcd3-1d182303301d req-c5e44b5a-e49c-4c1d-bf66-93594b88aa80 639a44f0b7a24af798846c29122db486 23442e39504e4de287e0a068f14fb9bd - - 9f41d6805f5a45dfa7d4481534f8f332 9f41d6805f5a45dfa7d4481534f8f332] 10.0.0.174 "GET /allocation_candidates?limit=1000&resources=MEMORY_MB%3A2048%2CVCPU%3A2&root_required=%21COMPUTE_STATUS_DISABLED" status: 200 len: 2207 microversion: 1.36 [pid: 8|app: 0|req: 532/1060] 10.0.0.174 () {34 vars in 986 bytes} [Fri May 1 02:12:15 2026] GET /allocation_candidates?limit=1000&resources=MEMORY_MB%3A2048%2CVCPU%3A2&root_required=%21COMPUTE_STATUS_DISABLED => generated 2207 bytes in 45 msecs (HTTP/1.1 200) 8 headers in 297 bytes (1 switches on core 0)
2026-05-01 02:12:15.410 7 INFO placement.requestlog [req-ba068313-cb08-4953-bcd3-1d182303301d req-55c114c9-ead2-4847-961c-6306fd26fe4a 639a44f0b7a24af798846c29122db486 23442e39504e4de287e0a068f14fb9bd - - 9f41d6805f5a45dfa7d4481534f8f332 9f41d6805f5a45dfa7d4481534f8f332] 10.0.0.174 "GET /allocations/e2d7a049-d0fa-4e7f-b700-5b6b76e8eef3" status: 200 len: 19 microversion: 1.28 [pid: 7|app: 0|req: 529/1061] 10.0.0.174 () {34 vars in 861 bytes} [Fri May 1 02:12:15 2026] GET /allocations/e2d7a049-d0fa-4e7f-b700-5b6b76e8eef3 => generated 19 bytes in 18 msecs (HTTP/1.1 200) 8 headers in 295 bytes (1 switches on core 0)
2026-05-01 02:12:15.484 8 INFO placement.requestlog [req-ba068313-cb08-4953-bcd3-1d182303301d req-05014f4a-ccdc-47f1-953a-4c378ef1adf3 639a44f0b7a24af798846c29122db486 23442e39504e4de287e0a068f14fb9bd - - 9f41d6805f5a45dfa7d4481534f8f332 9f41d6805f5a45dfa7d4481534f8f332] 10.0.0.174 "PUT /allocations/e2d7a049-d0fa-4e7f-b700-5b6b76e8eef3" status: 204 len: 0 microversion: 1.36 [pid: 8|app: 0|req: 533/1062] 10.0.0.174 () {38 vars in 914 bytes} [Fri May 1 02:12:15 2026] PUT /allocations/e2d7a049-d0fa-4e7f-b700-5b6b76e8eef3 => generated 0 bytes in 64 msecs (HTTP/1.1 204) 5 headers in 199 bytes (1 switches on core 0)
2026-05-01 02:12:15.817 7 INFO placement.requestlog [req-ba068313-cb08-4953-bcd3-1d182303301d req-d1a36cfe-a03a-4405-8793-6316bd38f59e 639a44f0b7a24af798846c29122db486 23442e39504e4de287e0a068f14fb9bd - - 9f41d6805f5a45dfa7d4481534f8f332 9f41d6805f5a45dfa7d4481534f8f332] 199.204.45.153 "GET /allocations/e2d7a049-d0fa-4e7f-b700-5b6b76e8eef3" status: 200 len: 245 microversion: 1.28 [pid: 7|app: 0|req: 530/1063] 199.204.45.153 () {34 vars in 863 bytes} [Fri May 1 02:12:15 2026] GET /allocations/e2d7a049-d0fa-4e7f-b700-5b6b76e8eef3 => generated 245 bytes in 24 msecs (HTTP/1.1 200) 8 headers in 296 bytes (1 switches on core 0)
2026-05-01 02:12:15.954 8 INFO placement.requestlog [req-ba068313-cb08-4953-bcd3-1d182303301d req-a274d58c-734e-46f0-946d-a82bbcbc1956 639a44f0b7a24af798846c29122db486 23442e39504e4de287e0a068f14fb9bd - - 9f41d6805f5a45dfa7d4481534f8f332 9f41d6805f5a45dfa7d4481534f8f332] 199.204.45.153 "GET /resource_providers/7dce8998-1bea-4bf0-81a7-3b64c4ec37e4/allocations" status: 200 len: 440 microversion: 1.0 [pid: 8|app: 0|req: 534/1064] 199.204.45.153 () {32 vars in 857 bytes} [Fri May 1 02:12:15 2026] GET /resource_providers/7dce8998-1bea-4bf0-81a7-3b64c4ec37e4/allocations => generated 440 bytes in 25 msecs (HTTP/1.1 200) 6 headers in 224 bytes (1 switches on core 0)
2026-05-01 02:12:15.991 7 INFO placement.requestlog [req-ba068313-cb08-4953-bcd3-1d182303301d req-55fb70a6-5e84-4541-adc0-103956a53eed 639a44f0b7a24af798846c29122db486 23442e39504e4de287e0a068f14fb9bd - - 9f41d6805f5a45dfa7d4481534f8f332 9f41d6805f5a45dfa7d4481534f8f332] 199.204.45.153 "GET /allocations/19127d65-68eb-4894-9e86-9e5b5f7d6017" status: 200 len: 258 microversion: 1.28 [pid: 7|app: 0|req: 531/1065] 199.204.45.153 () {34 vars in 863 bytes} [Fri May 1 02:12:15 2026] GET /allocations/19127d65-68eb-4894-9e86-9e5b5f7d6017 => generated 258 bytes in 29 msecs (HTTP/1.1 200) 8 headers in 296 bytes (1 switches on core 0)
2026-05-01 02:12:16.025 8 INFO placement.requestlog [req-ba068313-cb08-4953-bcd3-1d182303301d req-f95e9439-290c-4918-8cb7-d717eb8019d7 639a44f0b7a24af798846c29122db486 23442e39504e4de287e0a068f14fb9bd - - 9f41d6805f5a45dfa7d4481534f8f332 9f41d6805f5a45dfa7d4481534f8f332] 199.204.45.153 "GET /allocations/98ed9629-da61-4e6b-a6c8-b4ea1a4532ea" status: 200 len: 258 microversion: 1.28 [pid: 8|app: 0|req: 535/1066] 199.204.45.153 () {34 vars in 863 bytes} [Fri May 1 02:12:16 2026] GET /allocations/98ed9629-da61-4e6b-a6c8-b4ea1a4532ea => generated 258 bytes in 23 msecs (HTTP/1.1 200) 8 headers in 296 bytes (1 switches on core 0)
2026-05-01 02:12:16.054 7 INFO placement.requestlog [req-ba068313-cb08-4953-bcd3-1d182303301d req-bed1b044-c83f-4956-834a-414071621cd1 639a44f0b7a24af798846c29122db486 23442e39504e4de287e0a068f14fb9bd - - 9f41d6805f5a45dfa7d4481534f8f332 9f41d6805f5a45dfa7d4481534f8f332] 199.204.45.153 "GET /allocations/190e242e-281a-448e-b46f-4bc1f8d2dc87" status: 200 len: 258 microversion: 1.28 [pid: 7|app: 0|req: 532/1067] 199.204.45.153 () {34 vars in 863 bytes} [Fri May 1 02:12:16 2026] GET /allocations/190e242e-281a-448e-b46f-4bc1f8d2dc87 => generated 258 bytes in 21 msecs (HTTP/1.1 200) 8 headers in 296 bytes (1 switches on core 0)
2026-05-01 02:12:16.079 8 INFO placement.requestlog [req-ba068313-cb08-4953-bcd3-1d182303301d req-33ee98c2-c875-4ddc-93a1-2853e18115f2 639a44f0b7a24af798846c29122db486 23442e39504e4de287e0a068f14fb9bd - - 9f41d6805f5a45dfa7d4481534f8f332 9f41d6805f5a45dfa7d4481534f8f332] 199.204.45.153 "GET /allocations/e2d7a049-d0fa-4e7f-b700-5b6b76e8eef3" status: 200 len: 245 microversion: 1.28 [pid: 8|app: 0|req: 536/1068] 199.204.45.153 () {34 vars in 863 bytes} [Fri May 1 02:12:16 2026] GET /allocations/e2d7a049-d0fa-4e7f-b700-5b6b76e8eef3 => generated 245 bytes in 16 msecs (HTTP/1.1 200) 8 headers in 296 bytes (1 switches on core 0)
2026-05-01 02:12:17.757 7 INFO placement.requestlog [None req-aa139141-e84b-4c10-9648-243ba0e39304 17cb0e44d2604b28af102fd36c7d1ca6 23442e39504e4de287e0a068f14fb9bd - - 9f41d6805f5a45dfa7d4481534f8f332 9f41d6805f5a45dfa7d4481534f8f332] 10.0.0.8 "GET /resource_providers/f360ff5f-2e09-46e2-b99d-796939896688/aggregates" status: 404 len: 235 microversion: 1.1 [pid: 7|app: 0|req: 533/1069] 10.0.0.8 () {32 vars in 814 bytes} [Fri May 1 02:12:17 2026] GET /resource_providers/f360ff5f-2e09-46e2-b99d-796939896688/aggregates => generated 235 bytes in 8 msecs (HTTP/1.1 404) 5 headers in 202 bytes (1 switches on core 0)
2026-05-01 02:12:17.775 8 INFO placement.requestlog [None req-5da80ba7-bb32-4e26-92db-ca7aaa9d6731 17cb0e44d2604b28af102fd36c7d1ca6 23442e39504e4de287e0a068f14fb9bd - - 9f41d6805f5a45dfa7d4481534f8f332 9f41d6805f5a45dfa7d4481534f8f332] 10.0.0.8 "GET /resource_providers/f360ff5f-2e09-46e2-b99d-796939896688/aggregates" status: 404 len: 235 microversion: 1.1 [pid: 8|app: 0|req: 537/1070] 10.0.0.8 () {32 vars in 814 bytes} [Fri May 1 02:12:17 2026] GET /resource_providers/f360ff5f-2e09-46e2-b99d-796939896688/aggregates => generated 235 bytes in 24 msecs (HTTP/1.1 404) 5 headers in 202 bytes (1 switches on core 0)
2026-05-01 02:12:17.781 7 INFO placement.requestlog [None req-d1ed7539-00e0-4123-81c5-8a32d2591466 17cb0e44d2604b28af102fd36c7d1ca6 23442e39504e4de287e0a068f14fb9bd - - 9f41d6805f5a45dfa7d4481534f8f332 9f41d6805f5a45dfa7d4481534f8f332] 10.0.0.8 "DELETE /resource_providers/f360ff5f-2e09-46e2-b99d-796939896688" status: 404 len: 246 microversion: 1.1 [pid: 7|app: 0|req: 534/1071] 10.0.0.8 () {34 vars in 814 bytes} [Fri May 1 02:12:17 2026] DELETE /resource_providers/f360ff5f-2e09-46e2-b99d-796939896688 => generated 246 bytes in 15 msecs (HTTP/1.1 404) 6 headers in 231 bytes (1 switches on core 0)
2026-05-01 02:12:17.811 8 INFO placement.requestlog [None req-d0d51e9c-94bf-4668-9d77-eb21412d9f4c 17cb0e44d2604b28af102fd36c7d1ca6 23442e39504e4de287e0a068f14fb9bd - - 9f41d6805f5a45dfa7d4481534f8f332 9f41d6805f5a45dfa7d4481534f8f332] 10.0.0.8 "DELETE /resource_providers/f360ff5f-2e09-46e2-b99d-796939896688" status: 404 len: 246 microversion: 1.1 [pid: 8|app: 0|req: 538/1072] 10.0.0.8 () {34 vars in 814 bytes} [Fri May 1 02:12:17 2026] DELETE /resource_providers/f360ff5f-2e09-46e2-b99d-796939896688 => generated 246 bytes in 16 msecs (HTTP/1.1 404) 6 headers in 231 bytes (1 switches on core 0)
2026-05-01 02:12:19.824 7 INFO placement.requestlog [None req-dfb3a0b9-de84-4db7-81b7-2aace05d7c64 17cb0e44d2604b28af102fd36c7d1ca6 23442e39504e4de287e0a068f14fb9bd - - 9f41d6805f5a45dfa7d4481534f8f332 9f41d6805f5a45dfa7d4481534f8f332] 10.0.0.8 "GET /resource_providers/79110865-d485-49f0-8374-181c1e05813f/aggregates" status: 404 len: 235 microversion: 1.1 [pid: 7|app: 0|req: 535/1073] 10.0.0.8 () {32 vars in 814 bytes} [Fri May 1 02:12:19 2026] GET /resource_providers/79110865-d485-49f0-8374-181c1e05813f/aggregates => generated 235 bytes in 14 msecs (HTTP/1.1 404) 5 headers in 202 bytes (1 switches on core 0)
2026-05-01 02:12:19.838 8 INFO placement.requestlog [None req-56a66110-bd7f-4a58-a986-ad35da4e3a5f 17cb0e44d2604b28af102fd36c7d1ca6 23442e39504e4de287e0a068f14fb9bd - - 9f41d6805f5a45dfa7d4481534f8f332 9f41d6805f5a45dfa7d4481534f8f332] 10.0.0.8 "GET /resource_providers/79110865-d485-49f0-8374-181c1e05813f/aggregates" status: 404 len: 235 microversion: 1.1 [pid: 8|app: 0|req: 539/1074] 10.0.0.8 () {32 vars in 814 bytes} [Fri May 1 02:12:19 2026] GET /resource_providers/79110865-d485-49f0-8374-181c1e05813f/aggregates => generated 235 bytes in 9 msecs (HTTP/1.1 404) 5 headers in 202 bytes (1 switches on core 0)
2026-05-01 02:12:19.842 7 INFO placement.requestlog [None req-39d2d887-3776-4d43-8557-1693a9202d44 17cb0e44d2604b28af102fd36c7d1ca6 23442e39504e4de287e0a068f14fb9bd - - 9f41d6805f5a45dfa7d4481534f8f332 9f41d6805f5a45dfa7d4481534f8f332] 10.0.0.8 "DELETE /resource_providers/79110865-d485-49f0-8374-181c1e05813f" status: 404 len: 246 microversion: 1.1 [pid: 7|app: 0|req: 536/1075] 10.0.0.8 () {34 vars in 814 bytes} [Fri May 1 02:12:19 2026] DELETE /resource_providers/79110865-d485-49f0-8374-181c1e05813f => generated 246 bytes in 9 msecs (HTTP/1.1 404) 6 headers in 231 bytes (1 switches on core 0)
2026-05-01 02:12:19.851 8 INFO placement.requestlog [None req-b7a6a1ca-001d-4129-af2c-ac0d14886939 17cb0e44d2604b28af102fd36c7d1ca6 23442e39504e4de287e0a068f14fb9bd - - 9f41d6805f5a45dfa7d4481534f8f332 9f41d6805f5a45dfa7d4481534f8f332] 10.0.0.8 "DELETE /resource_providers/79110865-d485-49f0-8374-181c1e05813f" status: 404 len: 246 microversion: 1.1 [pid: 8|app: 0|req: 540/1076] 10.0.0.8 () {34 vars in 814 bytes} [Fri May 1 02:12:19 2026] DELETE /resource_providers/79110865-d485-49f0-8374-181c1e05813f => generated 246 bytes in 9 msecs (HTTP/1.1 404) 6 headers in 231 bytes (1 switches on core 0)
2026-05-01 02:12:20.382 7 INFO placement.requestlog [None req-89ba5639-44e1-4f78-93d7-3c2f948c4a49 - - - - - -] 10.0.0.39 "GET /" status: 200 len: 136 microversion: 1.0
2026-05-01 02:12:20.382 8 INFO placement.requestlog [None req-98426534-cd6f-4e41-9065-698100a6ffb6 - - - - - -] 10.0.0.39 "GET /" status: 200 len: 136 microversion: 1.0
2026-05-01 02:12:21.356 8 INFO placement.requestlog [None req-aaa1f052-1a68-40b9-bf84-3d40bc6a685a 17cb0e44d2604b28af102fd36c7d1ca6 23442e39504e4de287e0a068f14fb9bd - - 9f41d6805f5a45dfa7d4481534f8f332 9f41d6805f5a45dfa7d4481534f8f332] 10.0.0.8 "GET /resource_providers/08023c97-188e-4f52-9e89-3c7bea098d19/aggregates" status: 404 len: 235 microversion: 1.1
2026-05-01 02:12:21.356 7 INFO placement.requestlog [None req-c8fbe593-e01a-4ba6-a5c9-eae8c92d6f18 17cb0e44d2604b28af102fd36c7d1ca6 23442e39504e4de287e0a068f14fb9bd - - 9f41d6805f5a45dfa7d4481534f8f332 9f41d6805f5a45dfa7d4481534f8f332] 10.0.0.8 "GET /resource_providers/08023c97-188e-4f52-9e89-3c7bea098d19/aggregates" status: 404 len: 235 microversion: 1.1 [pid: 8|app: 0|req: 542/1079] 10.0.0.8 () {32 vars in 814 bytes} [Fri May 1 02:12:21 2026] GET /resource_providers/08023c97-188e-4f52-9e89-3c7bea098d19/aggregates => generated 235 bytes in 12 msecs (HTTP/1.1 404) 5 headers in 202 bytes (1 switches on core 0) [pid: 7|app: 0|req: 538/1080] 10.0.0.8 () {32 vars in 814 bytes} [Fri May 1 02:12:21 2026] GET /resource_providers/08023c97-188e-4f52-9e89-3c7bea098d19/aggregates => generated 235 bytes in 13 msecs (HTTP/1.1 404) 5 headers in 202 bytes (1 switches on core 0)
2026-05-01 02:12:21.382 7 INFO placement.requestlog [None req-79993817-4390-4999-b63b-057781e76cf2 17cb0e44d2604b28af102fd36c7d1ca6 23442e39504e4de287e0a068f14fb9bd - - 9f41d6805f5a45dfa7d4481534f8f332 9f41d6805f5a45dfa7d4481534f8f332] 10.0.0.8 "DELETE /resource_providers/08023c97-188e-4f52-9e89-3c7bea098d19" status: 404 len: 246 microversion: 1.1 [pid: 7|app: 0|req: 539/1081] 10.0.0.8 () {34 vars in 814 bytes} [Fri May 1 02:12:21 2026] DELETE /resource_providers/08023c97-188e-4f52-9e89-3c7bea098d19 => generated 246 bytes in 10 msecs (HTTP/1.1 404) 6 headers in 231 bytes (1 switches on core 0)
2026-05-01 02:12:21.382 8 INFO placement.requestlog [None req-10ea1b27-6699-445f-97b1-8706f6a98bca 17cb0e44d2604b28af102fd36c7d1ca6 23442e39504e4de287e0a068f14fb9bd - - 9f41d6805f5a45dfa7d4481534f8f332 9f41d6805f5a45dfa7d4481534f8f332] 10.0.0.8 "DELETE /resource_providers/08023c97-188e-4f52-9e89-3c7bea098d19" status: 404 len: 246 microversion: 1.1 [pid: 8|app: 0|req: 543/1082] 10.0.0.8 () {34 vars in 814 bytes} [Fri May 1 02:12:21 2026] DELETE /resource_providers/08023c97-188e-4f52-9e89-3c7bea098d19 => generated 246 bytes in 11 msecs (HTTP/1.1 404) 6 headers in 231 bytes (1 switches on core 0)
2026-05-01 02:12:26.171 8 INFO placement.requestlog [None req-864da68c-ad9f-4ab7-8858-fc6a320b9bf7 17cb0e44d2604b28af102fd36c7d1ca6 23442e39504e4de287e0a068f14fb9bd - - 9f41d6805f5a45dfa7d4481534f8f332 9f41d6805f5a45dfa7d4481534f8f332] 10.0.0.8 "GET /resource_providers/5ee61b79-d9ee-4229-97c9-c45322943813/aggregates" status: 404 len: 235 microversion: 1.1 [pid: 8|app: 0|req: 544/1083] 10.0.0.8 () {32 vars in 814 bytes} [Fri May 1 02:12:26 2026] GET /resource_providers/5ee61b79-d9ee-4229-97c9-c45322943813/aggregates => generated 235 bytes in 10 msecs (HTTP/1.1 404) 5 headers in 202 bytes (1 switches on core 0)
2026-05-01 02:12:26.174 7 INFO placement.requestlog [None req-f6c5642b-9aef-4a2b-b0ec-4c8fbd748407 17cb0e44d2604b28af102fd36c7d1ca6 23442e39504e4de287e0a068f14fb9bd - - 9f41d6805f5a45dfa7d4481534f8f332 9f41d6805f5a45dfa7d4481534f8f332] 10.0.0.8 "GET /resource_providers/5ee61b79-d9ee-4229-97c9-c45322943813/aggregates" status: 404 len: 235 microversion: 1.1 [pid: 7|app: 0|req: 540/1084] 10.0.0.8 () {32 vars in 814 bytes} [Fri May 1 02:12:26 2026] GET /resource_providers/5ee61b79-d9ee-4229-97c9-c45322943813/aggregates => generated 235 bytes in 19 msecs (HTTP/1.1 404) 5 headers in 202 bytes (1 switches on core 0)
2026-05-01 02:12:26.198 7 INFO placement.requestlog [None req-a3c4742d-beae-47b4-99fc-d97ebc9687c9 17cb0e44d2604b28af102fd36c7d1ca6 23442e39504e4de287e0a068f14fb9bd - - 9f41d6805f5a45dfa7d4481534f8f332 9f41d6805f5a45dfa7d4481534f8f332] 10.0.0.8 "DELETE /resource_providers/5ee61b79-d9ee-4229-97c9-c45322943813" status: 404 len: 246 microversion: 1.1
2026-05-01 02:12:26.198 8 INFO placement.requestlog [None req-8dd177aa-13fc-47b4-ac4f-6424ae3ed648 17cb0e44d2604b28af102fd36c7d1ca6 23442e39504e4de287e0a068f14fb9bd - - 9f41d6805f5a45dfa7d4481534f8f332 9f41d6805f5a45dfa7d4481534f8f332] 10.0.0.8 "DELETE /resource_providers/5ee61b79-d9ee-4229-97c9-c45322943813" status: 404 len: 246 microversion: 1.1 [pid: 8|app: 0|req: 545/1085] 10.0.0.8 () {34 vars in 814 bytes} [Fri May 1 02:12:26 2026] DELETE /resource_providers/5ee61b79-d9ee-4229-97c9-c45322943813 => generated 246 bytes in 11 msecs (HTTP/1.1 404) 6 headers in 231 bytes (1 switches on core 0) [pid: 7|app: 0|req: 541/1086] 10.0.0.8 () {34 vars in 814 bytes} [Fri May 1 02:12:26 2026] DELETE /resource_providers/5ee61b79-d9ee-4229-97c9-c45322943813 => generated 246 bytes in 11 msecs (HTTP/1.1 404) 6 headers in 231 bytes (1 switches on core 0)
2026-05-01 02:12:30.382 8 INFO placement.requestlog [None req-7798cf8e-7a1c-4da0-b4b9-61b41e5831b5 - - - - - -] 10.0.0.39 "GET /" status: 200 len: 136 microversion: 1.0
2026-05-01 02:12:30.383 7 INFO placement.requestlog [None req-8cf09d72-de10-4744-ae3c-769e43e90ad9 - - - - - -] 10.0.0.39 "GET /" status: 200 len: 136 microversion: 1.0
2026-05-01 02:12:36.128 8 INFO placement.requestlog [req-d84df2cb-67ba-4cff-a334-7ebe7c1ded2f req-0b2eb5d6-a154-4341-81f6-9a6a35a8ad17 639a44f0b7a24af798846c29122db486 23442e39504e4de287e0a068f14fb9bd - - 9f41d6805f5a45dfa7d4481534f8f332 9f41d6805f5a45dfa7d4481534f8f332] 10.0.0.174 "GET /allocation_candidates?limit=1000&resources=DISK_GB%3A1%2CMEMORY_MB%3A512%2CVCPU%3A1&root_required=%21COMPUTE_STATUS_DISABLED" status: 200 len: 2220 microversion: 1.36 [pid: 8|app: 0|req: 547/1089] 10.0.0.174 () {34 vars in 1012 bytes} [Fri May 1 02:12:36 2026] GET /allocation_candidates?limit=1000&resources=DISK_GB%3A1%2CMEMORY_MB%3A512%2CVCPU%3A1&root_required=%21COMPUTE_STATUS_DISABLED => generated 2220 bytes in 114 msecs (HTTP/1.1 200) 8 headers in 297 bytes (1 switches on core 0)
2026-05-01 02:12:36.160 7 INFO placement.requestlog [req-d84df2cb-67ba-4cff-a334-7ebe7c1ded2f req-fb9016c4-c4e0-459c-be0f-e15f2e4715a8 639a44f0b7a24af798846c29122db486 23442e39504e4de287e0a068f14fb9bd - - 9f41d6805f5a45dfa7d4481534f8f332 9f41d6805f5a45dfa7d4481534f8f332] 10.0.0.174 "GET /allocations/001eb12c-dc41-4c1e-86aa-be0d00e5315e" status: 200 len: 19 microversion: 1.28 [pid: 7|app: 0|req: 543/1090] 10.0.0.174 () {34 vars in 861 bytes} [Fri May 1 02:12:36 2026] GET /allocations/001eb12c-dc41-4c1e-86aa-be0d00e5315e => generated 19 bytes in 13 msecs (HTTP/1.1 200) 8 headers in 295 bytes (1 switches on core 0)
2026-05-01 02:12:36.233 8 INFO placement.requestlog [req-d84df2cb-67ba-4cff-a334-7ebe7c1ded2f req-bf3cc258-64ee-465e-b321-e46277795179 639a44f0b7a24af798846c29122db486 23442e39504e4de287e0a068f14fb9bd - - 9f41d6805f5a45dfa7d4481534f8f332 9f41d6805f5a45dfa7d4481534f8f332] 10.0.0.174 "PUT /allocations/001eb12c-dc41-4c1e-86aa-be0d00e5315e" status: 204 len: 0 microversion: 1.36 [pid: 8|app: 0|req: 548/1091] 10.0.0.174 () {38 vars in 914 bytes} [Fri May 1 02:12:36 2026] PUT /allocations/001eb12c-dc41-4c1e-86aa-be0d00e5315e => generated 0 bytes in 68 msecs (HTTP/1.1 204) 5 headers in 199 bytes (1 switches on core 0)
2026-05-01 02:12:36.504 7 INFO placement.requestlog [req-d84df2cb-67ba-4cff-a334-7ebe7c1ded2f req-4e7009b1-598a-47d7-bda8-0cabde240e94 639a44f0b7a24af798846c29122db486 23442e39504e4de287e0a068f14fb9bd - - 9f41d6805f5a45dfa7d4481534f8f332 9f41d6805f5a45dfa7d4481534f8f332] 199.204.45.153 "GET /allocations/001eb12c-dc41-4c1e-86aa-be0d00e5315e" status: 200 len: 258 microversion: 1.28 [pid: 7|app: 0|req: 544/1092] 199.204.45.153 () {34 vars in 863 bytes} [Fri May 1 02:12:36 2026] GET /allocations/001eb12c-dc41-4c1e-86aa-be0d00e5315e => generated 258 bytes in 13 msecs (HTTP/1.1 200) 8 headers in 296 bytes (1 switches on core 0)
2026-05-01 02:12:36.651 8 INFO placement.requestlog [req-d84df2cb-67ba-4cff-a334-7ebe7c1ded2f req-4063c18a-d66c-451d-ac72-485c533b9c86 639a44f0b7a24af798846c29122db486 23442e39504e4de287e0a068f14fb9bd - - 9f41d6805f5a45dfa7d4481534f8f332 9f41d6805f5a45dfa7d4481534f8f332] 199.204.45.153 "GET /resource_providers/7dce8998-1bea-4bf0-81a7-3b64c4ec37e4/allocations" status: 200 len: 540 microversion: 1.0 [pid: 8|app: 0|req: 549/1093] 199.204.45.153 () {32 vars in 857 bytes} [Fri May 1 02:12:36 2026] GET /resource_providers/7dce8998-1bea-4bf0-81a7-3b64c4ec37e4/allocations => generated 540 bytes in 20 msecs (HTTP/1.1 200) 6 headers in 224 bytes (1 switches on core 0)
2026-05-01 02:12:36.672 7 INFO placement.requestlog [req-d84df2cb-67ba-4cff-a334-7ebe7c1ded2f req-44f5cb78-f39c-4366-8018-29b85ce59b4e 639a44f0b7a24af798846c29122db486 23442e39504e4de287e0a068f14fb9bd - - 9f41d6805f5a45dfa7d4481534f8f332 9f41d6805f5a45dfa7d4481534f8f332] 199.204.45.153 "GET /allocations/190e242e-281a-448e-b46f-4bc1f8d2dc87" status: 200 len: 258 microversion: 1.28 [pid: 7|app: 0|req: 545/1094] 199.204.45.153 () {34 vars in 863 bytes} [Fri May 1 02:12:36 2026] GET /allocations/190e242e-281a-448e-b46f-4bc1f8d2dc87 => generated 258 bytes in 14 msecs (HTTP/1.1 200) 8 headers in 296 bytes (1 switches on core 0)
2026-05-01 02:12:36.690 8 INFO placement.requestlog [req-d84df2cb-67ba-4cff-a334-7ebe7c1ded2f req-52ad0143-c6df-4184-bc4b-8d25e7839bde 639a44f0b7a24af798846c29122db486 23442e39504e4de287e0a068f14fb9bd - - 9f41d6805f5a45dfa7d4481534f8f332 9f41d6805f5a45dfa7d4481534f8f332] 199.204.45.153 "GET /allocations/e2d7a049-d0fa-4e7f-b700-5b6b76e8eef3" status: 200 len: 245 microversion: 1.28 [pid: 8|app: 0|req: 550/1095] 199.204.45.153 () {34 vars in 863 bytes} [Fri May 1 02:12:36 2026] GET /allocations/e2d7a049-d0fa-4e7f-b700-5b6b76e8eef3 => generated 245 bytes in 12 msecs (HTTP/1.1 200) 8 headers in 296 bytes (1 switches on core 0)
2026-05-01 02:12:36.716 7 INFO placement.requestlog [req-d84df2cb-67ba-4cff-a334-7ebe7c1ded2f req-d7fa6889-7ace-47fd-ace9-54b07aad71d2 639a44f0b7a24af798846c29122db486 23442e39504e4de287e0a068f14fb9bd - - 9f41d6805f5a45dfa7d4481534f8f332 9f41d6805f5a45dfa7d4481534f8f332] 199.204.45.153 "GET /allocations/19127d65-68eb-4894-9e86-9e5b5f7d6017" status: 200 len: 258 microversion: 1.28 [pid: 7|app: 0|req: 546/1096] 199.204.45.153 () {34 vars in 863 bytes} [Fri May 1 02:12:36 2026] GET /allocations/19127d65-68eb-4894-9e86-9e5b5f7d6017 => generated 258 bytes in 15 msecs (HTTP/1.1 200) 8 headers in 296 bytes (1 switches on core 0)
2026-05-01 02:12:36.742 8 INFO placement.requestlog [req-d84df2cb-67ba-4cff-a334-7ebe7c1ded2f req-43329468-ee80-422e-a5f3-53c703c01080 639a44f0b7a24af798846c29122db486 23442e39504e4de287e0a068f14fb9bd - - 9f41d6805f5a45dfa7d4481534f8f332 9f41d6805f5a45dfa7d4481534f8f332] 199.204.45.153 "GET /allocations/98ed9629-da61-4e6b-a6c8-b4ea1a4532ea" status: 200 len: 258 microversion: 1.28 [pid: 8|app: 0|req: 551/1097] 199.204.45.153 () {34 vars in 863 bytes} [Fri May 1 02:12:36 2026] GET /allocations/98ed9629-da61-4e6b-a6c8-b4ea1a4532ea => generated 258 bytes in 18 msecs (HTTP/1.1 200) 8 headers in 296 bytes (1 switches on core 0)
2026-05-01 02:12:36.766 7 INFO placement.requestlog [req-d84df2cb-67ba-4cff-a334-7ebe7c1ded2f req-b14147a9-ee40-45cc-816d-7e43f7b7be32 639a44f0b7a24af798846c29122db486 23442e39504e4de287e0a068f14fb9bd - - 9f41d6805f5a45dfa7d4481534f8f332 9f41d6805f5a45dfa7d4481534f8f332] 199.204.45.153 "GET /allocations/001eb12c-dc41-4c1e-86aa-be0d00e5315e" status: 200 len: 258 microversion: 1.28 [pid: 7|app: 0|req: 547/1098] 199.204.45.153 () {34 vars in 863 bytes} [Fri May 1 02:12:36 2026] GET /allocations/001eb12c-dc41-4c1e-86aa-be0d00e5315e => generated 258 bytes in 15 msecs (HTTP/1.1 200) 8 headers in 296 bytes (1 switches on core 0)
2026-05-01 02:12:40.382 8 INFO placement.requestlog [None req-c422a262-5137-481e-a3aa-c9f2391d5960 - - - - - -] 10.0.0.39 "GET /" status: 200 len: 136 microversion: 1.0
2026-05-01 02:12:40.382 7 INFO placement.requestlog [None req-8229e88d-5a39-42ad-a371-4d54a7137c0e - - - - - -] 10.0.0.39 "GET /" status: 200 len: 136 microversion: 1.0
2026-05-01 02:12:50.382 7 INFO placement.requestlog [None req-9ef8b9c4-2ca7-4a80-bde5-b284589380db - - - - - -] 10.0.0.39 "GET /" status: 200 len: 136 microversion: 1.0
2026-05-01 02:12:50.383 8 INFO placement.requestlog [None req-a5ac2367-1e2a-46d7-8a40-0ae9843afdd2 - - - - - -] 10.0.0.39 "GET /" status: 200 len: 136 microversion: 1.0
2026-05-01 02:12:54.923 7 INFO placement.requestlog [req-493d93ad-9150-4f0e-8736-3ed8dd682fc9 req-9ef50d4e-a10a-4d0e-8293-585b60ee66c3 639a44f0b7a24af798846c29122db486 23442e39504e4de287e0a068f14fb9bd - - 9f41d6805f5a45dfa7d4481534f8f332 9f41d6805f5a45dfa7d4481534f8f332] 199.204.45.153 "GET /resource_providers/7dce8998-1bea-4bf0-81a7-3b64c4ec37e4/allocations" status: 200 len: 540 microversion: 1.0 [pid: 7|app: 0|req: 550/1103] 199.204.45.153 () {32 vars in 857 bytes} [Fri May 1 02:12:54 2026] GET /resource_providers/7dce8998-1bea-4bf0-81a7-3b64c4ec37e4/allocations => generated 540 bytes in 32 msecs (HTTP/1.1 200) 6 headers in 224 bytes (1 switches on core 0)
2026-05-01 02:12:54.952 8 INFO placement.requestlog [req-493d93ad-9150-4f0e-8736-3ed8dd682fc9 req-1fe7982d-6d13-4cf8-9562-fe85eb4b5908 639a44f0b7a24af798846c29122db486 23442e39504e4de287e0a068f14fb9bd - - 9f41d6805f5a45dfa7d4481534f8f332 9f41d6805f5a45dfa7d4481534f8f332] 199.204.45.153 "GET /allocations/190e242e-281a-448e-b46f-4bc1f8d2dc87" status: 200 len: 258 microversion: 1.28 [pid: 8|app: 0|req: 554/1104] 199.204.45.153 () {34 vars in 863 bytes} [Fri May 1 02:12:54 2026] GET /allocations/190e242e-281a-448e-b46f-4bc1f8d2dc87 => generated 258 bytes in 21 msecs (HTTP/1.1 200) 8 headers in 296 bytes (1 switches on core 0)
2026-05-01 02:12:54.976 7 INFO placement.requestlog [req-493d93ad-9150-4f0e-8736-3ed8dd682fc9 req-dddfdd86-d1a4-45f7-a9fb-e2efa7a1408a 639a44f0b7a24af798846c29122db486 23442e39504e4de287e0a068f14fb9bd - - 9f41d6805f5a45dfa7d4481534f8f332 9f41d6805f5a45dfa7d4481534f8f332] 199.204.45.153 "GET /allocations/e2d7a049-d0fa-4e7f-b700-5b6b76e8eef3" status: 200 len: 245 microversion: 1.28 [pid: 7|app: 0|req: 551/1105] 199.204.45.153 () {34 vars in 863 bytes} [Fri May 1 02:12:54 2026] GET /allocations/e2d7a049-d0fa-4e7f-b700-5b6b76e8eef3 => generated 245 bytes in 16 msecs (HTTP/1.1 200) 8 headers in 296 bytes (1 switches on core 0)
2026-05-01 02:12:54.997 8 INFO placement.requestlog [req-493d93ad-9150-4f0e-8736-3ed8dd682fc9 req-f9eb49c6-4675-4507-b209-f641e9feb5b0 639a44f0b7a24af798846c29122db486 23442e39504e4de287e0a068f14fb9bd - - 9f41d6805f5a45dfa7d4481534f8f332 9f41d6805f5a45dfa7d4481534f8f332] 199.204.45.153 "GET /allocations/19127d65-68eb-4894-9e86-9e5b5f7d6017" status: 200 len: 258 microversion: 1.28 [pid: 8|app: 0|req: 555/1106] 199.204.45.153 () {34 vars in 863 bytes} [Fri May 1 02:12:54 2026] GET /allocations/19127d65-68eb-4894-9e86-9e5b5f7d6017 => generated 258 bytes in 14 msecs (HTTP/1.1 200) 8 headers in 296 bytes (1 switches on core 0)
2026-05-01 02:12:55.015 7 INFO placement.requestlog [req-493d93ad-9150-4f0e-8736-3ed8dd682fc9 req-fb12d99f-8aec-48bc-a65e-ec1f7664a349 639a44f0b7a24af798846c29122db486 23442e39504e4de287e0a068f14fb9bd - - 9f41d6805f5a45dfa7d4481534f8f332 9f41d6805f5a45dfa7d4481534f8f332] 199.204.45.153 "GET /allocations/98ed9629-da61-4e6b-a6c8-b4ea1a4532ea" status: 200 len: 258 microversion: 1.28 [pid: 7|app: 0|req: 552/1107] 199.204.45.153 () {34 vars in 863 bytes} [Fri May 1 02:12:55 2026] GET /allocations/98ed9629-da61-4e6b-a6c8-b4ea1a4532ea => generated 258 bytes in 14 msecs (HTTP/1.1 200) 8 headers in 296 bytes (1 switches on core 0)
2026-05-01 02:12:55.036 8 INFO placement.requestlog [req-493d93ad-9150-4f0e-8736-3ed8dd682fc9 req-c7a78bb2-30aa-4ac0-a12b-77f1351d031e 639a44f0b7a24af798846c29122db486 23442e39504e4de287e0a068f14fb9bd - - 9f41d6805f5a45dfa7d4481534f8f332 9f41d6805f5a45dfa7d4481534f8f332] 199.204.45.153 "GET /allocations/001eb12c-dc41-4c1e-86aa-be0d00e5315e" status: 200 len: 258 microversion: 1.28 [pid: 8|app: 0|req: 556/1108] 199.204.45.153 () {34 vars in 863 bytes} [Fri May 1 02:12:55 2026] GET /allocations/001eb12c-dc41-4c1e-86aa-be0d00e5315e => generated 258 bytes in 14 msecs (HTTP/1.1 200) 8 headers in 296 bytes (1 switches on core 0)
2026-05-01 02:12:55.128 7 INFO placement.requestlog [req-493d93ad-9150-4f0e-8736-3ed8dd682fc9 req-4e3a9b9b-c0c1-4634-bfbd-42101506e9d7 639a44f0b7a24af798846c29122db486 23442e39504e4de287e0a068f14fb9bd - - 9f41d6805f5a45dfa7d4481534f8f332 9f41d6805f5a45dfa7d4481534f8f332] 199.204.45.153 "DELETE /allocations/001eb12c-dc41-4c1e-86aa-be0d00e5315e" status: 204 len: 0 microversion: 1.0 [pid: 7|app: 0|req: 553/1109] 199.204.45.153 () {34 vars in 841 bytes} [Fri May 1 02:12:55 2026] DELETE /allocations/001eb12c-dc41-4c1e-86aa-be0d00e5315e => generated 0 bytes in 28 msecs (HTTP/1.1 204) 5 headers in 198 bytes (1 switches on core 0)
2026-05-01 02:12:57.462 8 INFO placement.requestlog [req-057c0377-38f2-4cbd-97e9-49e4d7252753 req-4ad3b602-c2ba-4aaf-8e50-1e0dfd48b6db 639a44f0b7a24af798846c29122db486 23442e39504e4de287e0a068f14fb9bd - - 9f41d6805f5a45dfa7d4481534f8f332 9f41d6805f5a45dfa7d4481534f8f332] 199.204.45.153 "GET /resource_providers/7dce8998-1bea-4bf0-81a7-3b64c4ec37e4/allocations" status: 200 len: 440 microversion: 1.0 [pid: 8|app: 0|req: 557/1110] 199.204.45.153 () {32 vars in 857 bytes} [Fri May 1 02:12:57 2026] GET /resource_providers/7dce8998-1bea-4bf0-81a7-3b64c4ec37e4/allocations => generated 440 bytes in 23 msecs (HTTP/1.1 200) 6 headers in 224 bytes (1 switches on core 0)
2026-05-01 02:12:57.479 7 INFO placement.requestlog [req-057c0377-38f2-4cbd-97e9-49e4d7252753 req-9c952f8e-5bd0-49f1-a280-7e16f0426579 639a44f0b7a24af798846c29122db486 23442e39504e4de287e0a068f14fb9bd - - 9f41d6805f5a45dfa7d4481534f8f332 9f41d6805f5a45dfa7d4481534f8f332] 199.204.45.153 "GET /allocations/19127d65-68eb-4894-9e86-9e5b5f7d6017" status: 200 len: 258 microversion: 1.28 [pid: 7|app: 0|req: 554/1111] 199.204.45.153 () {34 vars in 863 bytes} [Fri May 1 02:12:57 2026] GET /allocations/19127d65-68eb-4894-9e86-9e5b5f7d6017 => generated 258 bytes in 12 msecs (HTTP/1.1 200) 8 headers in 296 bytes (1 switches on core 0)
2026-05-01 02:12:57.510 8 INFO placement.requestlog [req-057c0377-38f2-4cbd-97e9-49e4d7252753 req-fc77cc63-d09d-4c8a-83f6-9ad77832f5fb 639a44f0b7a24af798846c29122db486 23442e39504e4de287e0a068f14fb9bd - - 9f41d6805f5a45dfa7d4481534f8f332 9f41d6805f5a45dfa7d4481534f8f332] 199.204.45.153 "GET /allocations/98ed9629-da61-4e6b-a6c8-b4ea1a4532ea" status: 200 len: 258 microversion: 1.28 [pid: 8|app: 0|req: 558/1112] 199.204.45.153 () {34 vars in 863 bytes} [Fri May 1 02:12:57 2026] GET /allocations/98ed9629-da61-4e6b-a6c8-b4ea1a4532ea => generated 258 bytes in 23 msecs (HTTP/1.1 200) 8 headers in 296 bytes (1 switches on core 0)
2026-05-01 02:12:57.530 7 INFO placement.requestlog [req-057c0377-38f2-4cbd-97e9-49e4d7252753 req-3819f5aa-ecd0-434b-b8ad-2f332c0ee6d1 639a44f0b7a24af798846c29122db486 23442e39504e4de287e0a068f14fb9bd - - 9f41d6805f5a45dfa7d4481534f8f332 9f41d6805f5a45dfa7d4481534f8f332] 199.204.45.153 "GET /allocations/190e242e-281a-448e-b46f-4bc1f8d2dc87" status: 200 len: 258 microversion: 1.28 [pid: 7|app: 0|req: 555/1113] 199.204.45.153 () {34 vars in 863 bytes} [Fri May 1 02:12:57 2026] GET /allocations/190e242e-281a-448e-b46f-4bc1f8d2dc87 => generated 258 bytes in 14 msecs (HTTP/1.1 200) 8 headers in 296 bytes (1 switches on core 0)
2026-05-01 02:12:57.559 8 INFO placement.requestlog [req-057c0377-38f2-4cbd-97e9-49e4d7252753 req-50fd9b02-6bb0-4b83-b39d-b65af2ff4b91 639a44f0b7a24af798846c29122db486 23442e39504e4de287e0a068f14fb9bd - - 9f41d6805f5a45dfa7d4481534f8f332 9f41d6805f5a45dfa7d4481534f8f332] 199.204.45.153 "GET /allocations/e2d7a049-d0fa-4e7f-b700-5b6b76e8eef3" status: 200 len: 245 microversion: 1.28 [pid: 8|app: 0|req: 559/1114] 199.204.45.153 () {34 vars in 863 bytes} [Fri May 1 02:12:57 2026] GET /allocations/e2d7a049-d0fa-4e7f-b700-5b6b76e8eef3 => generated 245 bytes in 22 msecs (HTTP/1.1 200) 8 headers in 296 bytes (1 switches on core 0)
2026-05-01 02:12:57.651 7 INFO placement.requestlog [req-057c0377-38f2-4cbd-97e9-49e4d7252753 req-e3362a0e-7dd8-4971-9e14-f4ca6abc9f74 639a44f0b7a24af798846c29122db486 23442e39504e4de287e0a068f14fb9bd - - 9f41d6805f5a45dfa7d4481534f8f332 9f41d6805f5a45dfa7d4481534f8f332] 199.204.45.153 "DELETE /allocations/98ed9629-da61-4e6b-a6c8-b4ea1a4532ea" status: 204 len: 0 microversion: 1.0 [pid: 7|app: 0|req: 556/1115] 199.204.45.153 () {34 vars in 841 bytes} [Fri May 1 02:12:57 2026] DELETE /allocations/98ed9629-da61-4e6b-a6c8-b4ea1a4532ea => generated 0 bytes in 26 msecs (HTTP/1.1 204) 5 headers in 198 bytes (1 switches on core 0)
2026-05-01 02:12:58.440 8 INFO placement.requestlog [req-856afd8f-e973-4a43-8de1-730c820f79d7 req-a63310bd-865f-49d4-b229-c0862e103294 639a44f0b7a24af798846c29122db486 23442e39504e4de287e0a068f14fb9bd - - 9f41d6805f5a45dfa7d4481534f8f332 9f41d6805f5a45dfa7d4481534f8f332] 199.204.45.153 "GET /resource_providers/7dce8998-1bea-4bf0-81a7-3b64c4ec37e4/allocations" status: 200 len: 340 microversion: 1.0 [pid: 8|app: 0|req: 560/1116] 199.204.45.153 () {32 vars in 857 bytes} [Fri May 1 02:12:58 2026] GET /resource_providers/7dce8998-1bea-4bf0-81a7-3b64c4ec37e4/allocations => generated 340 bytes in 19 msecs (HTTP/1.1 200) 6 headers in 224 bytes (1 switches on core 0)
2026-05-01 02:12:58.467 7 INFO placement.requestlog [req-856afd8f-e973-4a43-8de1-730c820f79d7 req-becb8e35-f839-4415-aa78-2bdb3c5264d5 639a44f0b7a24af798846c29122db486 23442e39504e4de287e0a068f14fb9bd - - 9f41d6805f5a45dfa7d4481534f8f332 9f41d6805f5a45dfa7d4481534f8f332] 199.204.45.153 "GET /resource_providers/7dce8998-1bea-4bf0-81a7-3b64c4ec37e4/allocations" status: 200 len: 340 microversion: 1.0 [pid: 7|app: 0|req: 557/1117] 199.204.45.153 () {32 vars in 857 bytes} [Fri May 1 02:12:58 2026] GET /resource_providers/7dce8998-1bea-4bf0-81a7-3b64c4ec37e4/allocations => generated 340 bytes in 18 msecs (HTTP/1.1 200) 6 headers in 224 bytes (1 switches on core 0)
2026-05-01 02:12:58.484 8 INFO placement.requestlog [req-856afd8f-e973-4a43-8de1-730c820f79d7 req-69a3821d-d3b9-4f12-9d13-9206c00d915f 639a44f0b7a24af798846c29122db486 23442e39504e4de287e0a068f14fb9bd - - 9f41d6805f5a45dfa7d4481534f8f332 9f41d6805f5a45dfa7d4481534f8f332] 199.204.45.153 "GET /allocations/19127d65-68eb-4894-9e86-9e5b5f7d6017" status: 200 len: 258 microversion: 1.28 [pid: 8|app: 0|req: 561/1118] 199.204.45.153 () {34 vars in 863 bytes} [Fri May 1 02:12:58 2026] GET /allocations/19127d65-68eb-4894-9e86-9e5b5f7d6017 => generated 258 bytes in 12 msecs (HTTP/1.1 200) 8 headers in 296 bytes (1 switches on core 0)
2026-05-01 02:12:58.502 7 INFO placement.requestlog [req-856afd8f-e973-4a43-8de1-730c820f79d7 req-804434bb-7aaa-4ac1-ac88-c0ee9373dab9 639a44f0b7a24af798846c29122db486 23442e39504e4de287e0a068f14fb9bd - - 9f41d6805f5a45dfa7d4481534f8f332 9f41d6805f5a45dfa7d4481534f8f332] 199.204.45.153 "GET /allocations/190e242e-281a-448e-b46f-4bc1f8d2dc87" status: 200 len: 258 microversion: 1.28 [pid: 7|app: 0|req: 558/1119] 199.204.45.153 () {34 vars in 863 bytes} [Fri May 1 02:12:58 2026] GET /allocations/190e242e-281a-448e-b46f-4bc1f8d2dc87 => generated 258 bytes in 11 msecs (HTTP/1.1 200) 8 headers in 296 bytes (1 switches on core 0)
2026-05-01 02:12:58.526 8 INFO placement.requestlog [req-856afd8f-e973-4a43-8de1-730c820f79d7 req-8f799116-4133-4cd8-9d27-bdea2d1706d2 639a44f0b7a24af798846c29122db486 23442e39504e4de287e0a068f14fb9bd - - 9f41d6805f5a45dfa7d4481534f8f332 9f41d6805f5a45dfa7d4481534f8f332] 199.204.45.153 "GET /allocations/e2d7a049-d0fa-4e7f-b700-5b6b76e8eef3" status: 200 len: 245 microversion: 1.28 [pid: 8|app: 0|req: 562/1120] 199.204.45.153 () {34 vars in 863 bytes} [Fri May 1 02:12:58 2026] GET /allocations/e2d7a049-d0fa-4e7f-b700-5b6b76e8eef3 => generated 245 bytes in 15 msecs (HTTP/1.1 200) 8 headers in 296 bytes (1 switches on core 0)
2026-05-01 02:12:59.017 7 INFO placement.requestlog [None req-0bd0173d-e9b6-4885-9c61-6b1236e75c1e 17cb0e44d2604b28af102fd36c7d1ca6 23442e39504e4de287e0a068f14fb9bd - - 9f41d6805f5a45dfa7d4481534f8f332 9f41d6805f5a45dfa7d4481534f8f332] 10.0.0.8 "GET /resource_providers/1195ec99-bc49-4fa3-9f5b-d3fba9159240/aggregates" status: 404 len: 235 microversion: 1.1 [pid: 7|app: 0|req: 559/1121] 10.0.0.8 () {32 vars in 814 bytes} [Fri May 1 02:12:59 2026] GET /resource_providers/1195ec99-bc49-4fa3-9f5b-d3fba9159240/aggregates => generated 235 bytes in 8 msecs (HTTP/1.1 404) 5 headers in 202 bytes (1 switches on core 0)
2026-05-01 02:12:59.019 8 INFO placement.requestlog [None req-a042e908-6919-426d-a1bb-6817b5b7076f 17cb0e44d2604b28af102fd36c7d1ca6 23442e39504e4de287e0a068f14fb9bd - - 9f41d6805f5a45dfa7d4481534f8f332 9f41d6805f5a45dfa7d4481534f8f332] 10.0.0.8 "GET /resource_providers/1195ec99-bc49-4fa3-9f5b-d3fba9159240/aggregates" status: 404 len: 235 microversion: 1.1 [pid: 8|app: 0|req: 563/1122] 10.0.0.8 () {32 vars in 814 bytes} [Fri May 1 02:12:59 2026] GET /resource_providers/1195ec99-bc49-4fa3-9f5b-d3fba9159240/aggregates => generated 235 bytes in 10 msecs (HTTP/1.1 404) 5 headers in 202 bytes (1 switches on core 0)
2026-05-01 02:12:59.034 7 INFO placement.requestlog [None req-8ef3165a-7962-4674-bf86-f205ccc9874a 17cb0e44d2604b28af102fd36c7d1ca6 23442e39504e4de287e0a068f14fb9bd - - 9f41d6805f5a45dfa7d4481534f8f332 9f41d6805f5a45dfa7d4481534f8f332] 10.0.0.8 "DELETE /resource_providers/1195ec99-bc49-4fa3-9f5b-d3fba9159240" status: 404 len: 246 microversion: 1.1 [pid: 7|app: 0|req: 560/1123] 10.0.0.8 () {34 vars in 814 bytes} [Fri May 1 02:12:59 2026] DELETE /resource_providers/1195ec99-bc49-4fa3-9f5b-d3fba9159240 => generated 246 bytes in 9 msecs (HTTP/1.1 404) 6 headers in 231 bytes (1 switches on core 0)
