172.18.0.2 - - [31/Mar/2026:22:31:55 +0000] "GET /networking/v2.0/networks?name=k8s-clusterapi-cluster-magnum-system-kube-e6tfk HTTP/1.1" 200 3490 "-" "cluster-api-provider-openstack/v0.12.4 gophercloud/v2.7.0"
172.18.0.2 - - [31/Mar/2026:22:31:55 +0000] "GET /networking/v2.0/ports?name=kube-e6tfk-6n5jm-f8gnz-0&network_id=e8ed9739-9e70-4d28-ba66-1529637ba796 HTTP/1.1" 200 2857 "-" "cluster-api-provider-openstack/v0.12.4 gophercloud/v2.7.0"
172.18.0.2 - - [31/Mar/2026:22:31:55 +0000] "GET /networking/v2.0/subnets?cidr=192.168.24.0%2F24&network_id=e8ed9739-9e70-4d28-ba66-1529637ba796 HTTP/1.1" 200 3614 "-" "cluster-api-provider-openstack/v0.12.4 gophercloud/v2.7.0"
172.18.0.2 - - [31/Mar/2026:22:31:55 +0000] "GET /networking/v2.0/ports?name=kube-e6tfk-6n5jm-f8gnz-0&network_id=e8ed9739-9e70-4d28-ba66-1529637ba796 HTTP/1.1" 200 2857 "-" "cluster-api-provider-openstack/v0.12.4 gophercloud/v2.7.0"
172.18.0.2 - - [31/Mar/2026:22:31:55 +0000] "GET /networking/v2.0/routers/266c23c1-62d9-4144-addd-e03a40c9ebb7 HTTP/1.1" 200 4061 "-" "cluster-api-provider-openstack/v0.12.4 gophercloud/v2.7.0"
172.18.0.2 - - [31/Mar/2026:22:31:56 +0000] "GET /networking/v2.0/ports?device_id=266c23c1-62d9-4144-addd-e03a40c9ebb7 HTTP/1.1" 200 3569 "-" "cluster-api-provider-openstack/v0.12.4 gophercloud/v2.7.0"
172.18.0.2 - - [31/Mar/2026:22:31:56 +0000] "GET /networking/v2.0/security-groups?name=k8s-cluster-magnum-system-kube-e6tfk-secgroup-bastion HTTP/1.1" 200 2868 "-" "cluster-api-provider-openstack/v0.12.4 gophercloud/v2.7.0"
172.18.0.2 - - [31/Mar/2026:22:31:56 +0000] "GET /networking/v2.0/security-groups?name=k8s-cluster-magnum-system-kube-e6tfk-secgroup-worker HTTP/1.1" 200 11151 "-" "cluster-api-provider-openstack/v0.12.4 gophercloud/v2.7.0"
172.18.0.2 - - [31/Mar/2026:22:31:55 +0000] "POST /networking/v2.0/ports HTTP/1.1" 201 3632 "-" "cluster-api-provider-openstack/v0.12.4 gophercloud/v2.7.0"
172.18.0.2 - - [31/Mar/2026:22:31:56 +0000] "GET /compute/v2.1/ HTTP/1.1" 200 3432 "-" "cluster-api-provider-openstack/v0.12.4 gophercloud/v2.7.0"
172.18.0.2 - - [31/Mar/2026:22:31:56 +0000] "GET /networking/v2.0/security-groups?name=k8s-cluster-magnum-system-kube-e6tfk-secgroup-controlplane HTTP/1.1" 200 7754 "-" "cluster-api-provider-openstack/v0.12.4 gophercloud/v2.7.0"
172.18.0.2 - - [31/Mar/2026:22:31:56 +0000] "GET /compute/v2.1/servers/detail?name=%5Ekube-e6tfk-6n5jm-f8gnz%24 HTTP/1.1" 200 3055 "-" "cluster-api-provider-openstack/v0.12.4 gophercloud/v2.7.0"
172.18.0.2 - - [31/Mar/2026:22:31:56 +0000] "GET /compute/v2.1/ HTTP/1.1" 200 3432 "-" "cluster-api-provider-openstack/v0.12.4 gophercloud/v2.7.0"
172.18.0.2 - - [31/Mar/2026:22:31:56 +0000] "GET /networking/v2.0/floatingips?floating_ip_address=172.24.5.240 HTTP/1.1" 200 3757 "-" "cluster-api-provider-openstack/v0.12.4 gophercloud/v2.7.0"
162.253.55.110 - - [31/Mar/2026:22:31:56 +0000] "GET /image HTTP/1.1" 300 4285 "-" "uwsgi keystoneauth1/5.13.1 python-requests/2.32.5 CPython/3.12.3"
162.253.55.110 - - [31/Mar/2026:22:31:56 +0000] "GET /identity HTTP/1.1" 300 3232 "-" "nova/33.1.0.dev29 keystonemiddleware.auth_token/12.0.0 keystoneauth1/5.13.1 python-requests/2.32.5 CPython/3.12.3"
172.18.0.2 - - [31/Mar/2026:22:31:56 +0000] "GET /compute/v2.1/ HTTP/1.1" 200 3432 "-" "cluster-api-provider-openstack/v0.12.4 gophercloud/v2.7.0"
162.253.55.110 - - [31/Mar/2026:22:31:56 +0000] "POST /identity/v3/auth/tokens HTTP/1.1" 201 8105 "-" "nova/33.1.0.dev29 keystonemiddleware.auth_token/12.0.0 keystoneauth1/5.13.1 python-requests/2.32.5 CPython/3.12.3"
172.18.0.2 - - [31/Mar/2026:22:31:56 +0000] "GET /compute/v2.1/os-availability-zone HTTP/1.1" 200 3137 "-" "cluster-api-provider-openstack/v0.12.4 gophercloud/v2.7.0"
162.253.55.110 - - [31/Mar/2026:22:31:56 +0000] "GET /identity HTTP/1.1" 300 3232 "-" "uwsgi keystoneauth1/5.13.1 python-requests/2.32.5 CPython/3.12.3"
162.253.55.110 - - [31/Mar/2026:22:31:56 +0000] "POST /identity/v3/auth/tokens HTTP/1.1" 201 8105 "-" "uwsgi keystoneauth1/5.13.1 python-requests/2.32.5 CPython/3.12.3"
162.253.55.110 - - [31/Mar/2026:22:31:56 +0000] "GET /identity HTTP/1.1" 300 3232 "-" "glance/32.1.0.dev11 keystonemiddleware.auth_token/12.0.0 keystoneauth1/5.13.1 python-requests/2.32.5 CPython/3.12.3"
162.253.55.110 - - [31/Mar/2026:22:31:56 +0000] "POST /identity/v3/auth/tokens HTTP/1.1" 201 8107 "-" "glance/32.1.0.dev11 keystonemiddleware.auth_token/12.0.0 keystoneauth1/5.13.1 python-requests/2.32.5 CPython/3.12.3"
162.253.55.110 - - [31/Mar/2026:22:31:56 +0000] "GET /identity/v3/auth/tokens HTTP/1.1" 200 8100 "-" "python-keystoneclient"
162.253.55.110 - - [31/Mar/2026:22:31:56 +0000] "GET /image/v2/images/cd4c5730-82e9-49c0-84b0-a55c53fdd8b7 HTTP/1.1" 200 3870 "-" "python-glanceclient"
162.253.55.110 - - [31/Mar/2026:22:31:57 +0000] "GET /image/v2/schemas/image HTTP/1.1" 200 8961 "-" "python-glanceclient"
162.253.55.110 - - [31/Mar/2026:22:31:57 +0000] "GET /networking/v2.0/ports/c912bbba-574f-4c4a-a9bb-b38f8bdeccb0 HTTP/1.1" 200 3658 "-" "python-neutronclient"
162.253.55.110 - - [31/Mar/2026:22:31:57 +0000] "GET /identity HTTP/1.1" 300 3232 "-" "uwsgi keystoneauth1/5.13.1 python-requests/2.32.5 CPython/3.12.3"
162.253.55.110 - - [31/Mar/2026:22:31:57 +0000] "POST /identity/v3/auth/tokens HTTP/1.1" 201 8105 "-" "uwsgi keystoneauth1/5.13.1 python-requests/2.32.5 CPython/3.12.3"
162.253.55.110 - - [31/Mar/2026:22:31:57 +0000] "GET /identity/v3/auth/tokens?allow_expired=1 HTTP/1.1" 200 8100 "-" "python-keystoneclient"
162.253.55.110 - - [31/Mar/2026:22:31:57 +0000] "GET /networking/v2.0/extensions HTTP/1.1" 200 18131 "-" "python-neutronclient"
162.253.55.110 - - [31/Mar/2026:22:31:57 +0000] "GET /networking/v2.0/ports/c912bbba-574f-4c4a-a9bb-b38f8bdeccb0?fields=binding%3Avnic_type&fields=binding%3Aprofile&fields=network_id&fields=resource_request&fields=numa_affinity_policy&fields=device_profile HTTP/1.1" 200 2989 "-" "python-neutronclient"
162.253.55.110 - - [31/Mar/2026:22:31:57 +0000] "GET /networking/v2.0/networks/e8ed9739-9e70-4d28-ba66-1529637ba796?fields=segments HTTP/1.1" 200 2890 "-" "python-neutronclient"
162.253.55.110 - - [31/Mar/2026:22:31:57 +0000] "GET /networking/v2.0/networks/e8ed9739-9e70-4d28-ba66-1529637ba796?fields=provider%3Aphysical_network&fields=provider%3Anetwork_type HTTP/1.1" 200 2955 "-" "python-neutronclient"
162.253.55.110 - - [31/Mar/2026:22:31:57 +0000] "GET /networking/v2.0/ports/c912bbba-574f-4c4a-a9bb-b38f8bdeccb0 HTTP/1.1" 200 3658 "-" "python-neutronclient"
172.18.0.2 - - [31/Mar/2026:22:31:56 +0000] "POST /compute/v2.1/servers HTTP/1.1" 202 3527 "-" "cluster-api-provider-openstack/v0.12.4 gophercloud/v2.7.0"
162.253.55.110 - - [31/Mar/2026:22:31:58 +0000] "GET /identity HTTP/1.1" 300 3232 "-" "nova-scheduler keystoneauth1/5.13.1 python-requests/2.32.5 CPython/3.12.3"
162.253.55.110 - - [31/Mar/2026:22:31:58 +0000] "POST /identity/v3/auth/tokens HTTP/1.1" 201 8105 "-" "nova-scheduler keystoneauth1/5.13.1 python-requests/2.32.5 CPython/3.12.3"
172.18.0.2 - - [31/Mar/2026:22:31:58 +0000] "GET /networking/v2.0/ports?id=c912bbba-574f-4c4a-a9bb-b38f8bdeccb0&name=kube-e6tfk-6n5jm-f8gnz-0&network_id=e8ed9739-9e70-4d28-ba66-1529637ba796 HTTP/1.1" 200 3630 "-" "cluster-api-provider-openstack/v0.12.4 gophercloud/v2.7.0"
172.18.0.2 - - [31/Mar/2026:22:31:58 +0000] "GET /compute/v2.1/ HTTP/1.1" 200 3432 "-" "cluster-api-provider-openstack/v0.12.4 gophercloud/v2.7.0"
162.253.55.110 - - [31/Mar/2026:22:31:58 +0000] "GET /identity/v3/auth/tokens HTTP/1.1" 200 8100 "-" "python-keystoneclient"
162.253.55.110 - - [31/Mar/2026:22:31:58 +0000] "GET /identity HTTP/1.1" 300 3232 "-" "nova/33.1.0.dev29 keystonemiddleware.auth_token/12.0.0 keystoneauth1/5.13.1 python-requests/2.32.5 CPython/3.12.3"
162.253.55.110 - - [31/Mar/2026:22:31:58 +0000] "POST /identity/v3/auth/tokens HTTP/1.1" 201 8105 "-" "nova/33.1.0.dev29 keystonemiddleware.auth_token/12.0.0 keystoneauth1/5.13.1 python-requests/2.32.5 CPython/3.12.3"
162.253.55.110 - - [31/Mar/2026:22:31:58 +0000] "GET /identity HTTP/1.1" 300 3232 "-" "uwsgi keystoneauth1/5.13.1 python-requests/2.32.5 CPython/3.12.3"
162.253.55.110 - - [31/Mar/2026:22:31:58 +0000] "GET /networking/v2.0/ports/c912bbba-574f-4c4a-a9bb-b38f8bdeccb0 HTTP/1.1" 200 3658 "-" "python-neutronclient"
162.253.55.110 - - [31/Mar/2026:22:31:58 +0000] "POST /identity/v3/auth/tokens HTTP/1.1" 201 8105 "-" "uwsgi keystoneauth1/5.13.1 python-requests/2.32.5 CPython/3.12.3"
162.253.55.110 - - [31/Mar/2026:22:31:58 +0000] "GET /identity HTTP/1.1" 300 3232 "-" "placement/unknown keystonemiddleware.auth_token/12.0.0 keystoneauth1/5.13.1 python-requests/2.32.5 CPython/3.12.3"
162.253.55.110 - - [31/Mar/2026:22:31:58 +0000] "GET /identity/v3/auth/tokens HTTP/1.1" 200 8100 "-" "python-keystoneclient"
162.253.55.110 - - [31/Mar/2026:22:31:58 +0000] "GET /networking/v2.0/ports?device_id=725b3b36-38ea-4b67-8f26-b7c98d246f32 HTTP/1.1" 200 2888 "-" "python-neutronclient"
172.18.0.2 - - [31/Mar/2026:22:31:58 +0000] "GET /compute/v2.1/servers/725b3b36-38ea-4b67-8f26-b7c98d246f32 HTTP/1.1" 200 4298 "-" "cluster-api-provider-openstack/v0.12.4 gophercloud/v2.7.0"
162.253.55.110 - - [31/Mar/2026:22:31:58 +0000] "POST /identity/v3/auth/tokens HTTP/1.1" 201 8110 "-" "placement/unknown keystonemiddleware.auth_token/12.0.0 keystoneauth1/5.13.1 python-requests/2.32.5 CPython/3.12.3"
162.253.55.110 - - [31/Mar/2026:22:31:58 +0000] "GET /identity/v3/auth/tokens HTTP/1.1" 200 8100 "-" "python-keystoneclient"
172.18.0.2 - - [31/Mar/2026:22:31:58 +0000] "GET /networking/v2.0/ports?id=c912bbba-574f-4c4a-a9bb-b38f8bdeccb0&name=kube-e6tfk-6n5jm-f8gnz-0&network_id=e8ed9739-9e70-4d28-ba66-1529637ba796 HTTP/1.1" 200 3630 "-" "cluster-api-provider-openstack/v0.12.4 gophercloud/v2.7.0"
162.253.55.110 - - [31/Mar/2026:22:31:58 +0000] "GET /placement/allocation_candidates?resources=DISK_GB%3A80%2CMEMORY_MB%3A8192%2CVCPU%3A4&root_required=%21COMPUTE_STATUS_DISABLED HTTP/1.1" 200 5547 "-" "nova-scheduler keystoneauth1/5.13.1 python-requests/2.32.5 CPython/3.12.3"
172.18.0.2 - - [31/Mar/2026:22:31:58 +0000] "GET /compute/v2.1/ HTTP/1.1" 200 3432 "-" "cluster-api-provider-openstack/v0.12.4 gophercloud/v2.7.0"
162.253.55.110 - - [31/Mar/2026:22:31:58 +0000] "GET /networking/v2.0/ports?device_id=725b3b36-38ea-4b67-8f26-b7c98d246f32 HTTP/1.1" 200 2888 "-" "python-neutronclient"
162.253.55.110 - - [31/Mar/2026:22:31:58 +0000] "GET /placement/allocations/725b3b36-38ea-4b67-8f26-b7c98d246f32 HTTP/1.1" 200 3034 "-" "nova-scheduler keystoneauth1/5.13.1 python-requests/2.32.5 CPython/3.12.3"
172.18.0.2 - - [31/Mar/2026:22:31:58 +0000] "GET /compute/v2.1/servers/725b3b36-38ea-4b67-8f26-b7c98d246f32 HTTP/1.1" 200 4298 "-" "cluster-api-provider-openstack/v0.12.4 gophercloud/v2.7.0"
162.253.55.110 - - [31/Mar/2026:22:31:59 +0000] "GET /identity HTTP/1.1" 300 3232 "-" "openstacksdk/4.10.0 keystoneauth1/5.13.1 python-requests/2.32.5 CPython/3.12.3"
162.253.55.110 - - [31/Mar/2026:22:31:58 +0000] "PUT /placement/allocations/725b3b36-38ea-4b67-8f26-b7c98d246f32 HTTP/1.1" 204 2900 "-" "nova-scheduler keystoneauth1/5.13.1 python-requests/2.32.5 CPython/3.12.3"
162.253.55.110 - - [31/Mar/2026:22:31:59 +0000] "POST /identity/v3/auth/tokens HTTP/1.1" 201 8058 "-" "openstacksdk/4.10.0 keystoneauth1/5.13.1 python-requests/2.32.5 CPython/3.12.3"
162.253.55.110 - - [31/Mar/2026:22:31:59 +0000] "GET /identity/v3/auth/tokens HTTP/1.1" 200 8053 "-" "python-keystoneclient"
162.253.55.110 - - [31/Mar/2026:22:31:59 +0000] "POST /identity/v3/auth/tokens HTTP/1.1" 201 7632 "-" "uwsgi keystoneauth1/5.13.1 python-requests/2.32.5 CPython/3.12.3"
162.253.55.110 - - [31/Mar/2026:22:31:59 +0000] "POST /identity/v3/auth/tokens HTTP/1.1" 201 7632 "-" "uwsgi keystoneauth1/5.13.1 python-requests/2.32.5 CPython/3.12.3"
162.253.55.110 - - [31/Mar/2026:22:31:59 +0000] "POST /identity/v3/auth/tokens HTTP/1.1" 201 7632 "-" "uwsgi keystoneauth1/5.13.1 python-requests/2.32.5 CPython/3.12.3"
162.253.55.110 - - [31/Mar/2026:22:31:59 +0000] "GET /container-infra/v1/clusters/k8s-cluster HTTP/1.1" 200 4726 "-" "python-urllib3/2.6.3"
162.253.55.110 - - [31/Mar/2026:22:32:01 +0000] "GET /placement/allocations/725b3b36-38ea-4b67-8f26-b7c98d246f32 HTTP/1.1" 200 3275 "-" "nova-compute keystoneauth1/5.13.1 python-requests/2.32.5 CPython/3.12.3"
162.253.55.110 - - [31/Mar/2026:22:32:02 +0000] "GET /placement/resource_providers/f0e3e068-5b10-4f9e-8f05-19a9e0b9817c/allocations HTTP/1.1" 200 3098 "-" "nova-compute keystoneauth1/5.13.1 python-requests/2.32.5 CPython/3.12.3"
162.253.55.110 - - [31/Mar/2026:22:32:02 +0000] "GET /placement/allocations/725b3b36-38ea-4b67-8f26-b7c98d246f32 HTTP/1.1" 200 3275 "-" "nova-compute keystoneauth1/5.13.1 python-requests/2.32.5 CPython/3.12.3"
162.253.55.110 - - [31/Mar/2026:22:32:03 +0000] "GET /identity HTTP/1.1" 300 3232 "-" "nova-compute keystoneauth1/5.13.1 python-requests/2.32.5 CPython/3.12.3"
162.253.55.110 - - [31/Mar/2026:22:32:04 +0000] "POST /identity/v3/auth/tokens HTTP/1.1" 201 8105 "-" "nova-compute keystoneauth1/5.13.1 python-requests/2.32.5 CPython/3.12.3"
162.253.55.110 - - [31/Mar/2026:22:32:04 +0000] "POST /identity/v3/auth/tokens HTTP/1.1" 201 8105 "-" "nova-compute keystoneauth1/5.13.1 python-requests/2.32.5 CPython/3.12.3"
162.253.55.110 - - [31/Mar/2026:22:32:04 +0000] "GET /identity/v3/auth/tokens HTTP/1.1" 200 8100 "-" "python-keystoneclient"
162.253.55.110 - - [31/Mar/2026:22:32:04 +0000] "GET /identity/v3/auth/tokens?allow_expired=1 HTTP/1.1" 200 8100 "-" "python-keystoneclient"
162.253.55.110 - - [31/Mar/2026:22:32:04 +0000] "GET /networking/v2.0/ports/c912bbba-574f-4c4a-a9bb-b38f8bdeccb0 HTTP/1.1" 200 3754 "-" "python-neutronclient"
162.253.55.110 - - [31/Mar/2026:22:32:04 +0000] "GET /networking/v2.0/networks?id=e8ed9739-9e70-4d28-ba66-1529637ba796 HTTP/1.1" 200 3521 "-" "python-neutronclient"
162.253.55.110 - - [31/Mar/2026:22:32:04 +0000] "GET /networking/v2.0/extensions HTTP/1.1" 200 18131 "-" "python-neutronclient"
162.253.55.110 - - [31/Mar/2026:22:32:04 +0000] "PUT /networking/v2.0/ports/c912bbba-574f-4c4a-a9bb-b38f8bdeccb0 HTTP/1.1" 200 3948 "-" "python-neutronclient"
162.253.55.110 - - [31/Mar/2026:22:32:05 +0000] "GET /identity HTTP/1.1" 300 3232 "-" "uwsgi keystoneauth1/5.13.1 python-requests/2.32.5 CPython/3.12.3"
162.253.55.110 - - [31/Mar/2026:22:32:05 +0000] "POST /identity/v3/auth/tokens HTTP/1.1" 201 8105 "-" "uwsgi keystoneauth1/5.13.1 python-requests/2.32.5 CPython/3.12.3"
162.253.55.110 - - [31/Mar/2026:22:32:05 +0000] "GET /identity HTTP/1.1" 300 3232 "-" "nova/33.1.0.dev29 keystonemiddleware.auth_token/12.0.0 keystoneauth1/5.13.1 python-requests/2.32.5 CPython/3.12.3"
162.253.55.110 - - [31/Mar/2026:22:32:05 +0000] "POST /identity/v3/auth/tokens HTTP/1.1" 201 8105 "-" "nova/33.1.0.dev29 keystonemiddleware.auth_token/12.0.0 keystoneauth1/5.13.1 python-requests/2.32.5 CPython/3.12.3"
162.253.55.110 - - [31/Mar/2026:22:32:05 +0000] "GET /identity/v3/auth/tokens HTTP/1.1" 200 8100 "-" "python-keystoneclient"
162.253.55.110 - - [31/Mar/2026:22:32:05 +0000] "POST /compute/v2.1/os-server-external-events HTTP/1.1" 200 3249 "-" "python-novaclient"
162.253.55.110 - - [31/Mar/2026:22:32:06 +0000] "GET /identity HTTP/1.1" 300 3232 "-" "openstacksdk/4.10.0 keystoneauth1/5.13.1 python-requests/2.32.5 CPython/3.12.3"
162.253.55.110 - - [31/Mar/2026:22:32:06 +0000] "POST /identity/v3/auth/tokens HTTP/1.1" 201 8058 "-" "openstacksdk/4.10.0 keystoneauth1/5.13.1 python-requests/2.32.5 CPython/3.12.3"
162.253.55.110 - - [31/Mar/2026:22:32:06 +0000] "GET /networking/v2.0/ports?tenant_id=afe890867fe94760b551cf767b9eff8e&device_id=725b3b36-38ea-4b67-8f26-b7c98d246f32 HTTP/1.1" 200 3951 "-" "python-neutronclient"
162.253.55.110 - - [31/Mar/2026:22:32:06 +0000] "GET /networking/v2.0/networks?tenant_id=afe890867fe94760b551cf767b9eff8e&shared=False HTTP/1.1" 200 3620 "-" "python-neutronclient"
162.253.55.110 - - [31/Mar/2026:22:32:06 +0000] "GET /networking/v2.0/networks?shared=True HTTP/1.1" 200 2891 "-" "python-neutronclient"
162.253.55.110 - - [31/Mar/2026:22:32:06 +0000] "GET /identity/v3/auth/tokens HTTP/1.1" 200 8053 "-" "python-keystoneclient"
162.253.55.110 - - [31/Mar/2026:22:32:06 +0000] "POST /identity/v3/auth/tokens HTTP/1.1" 201 7632 "-" "uwsgi keystoneauth1/5.13.1 python-requests/2.32.5 CPython/3.12.3"
162.253.55.110 - - [31/Mar/2026:22:32:06 +0000] "POST /identity/v3/auth/tokens HTTP/1.1" 201 7632 "-" "uwsgi keystoneauth1/5.13.1 python-requests/2.32.5 CPython/3.12.3"
162.253.55.110 - - [31/Mar/2026:22:32:06 +0000] "POST /identity/v3/auth/tokens HTTP/1.1" 201 7632 "-" "uwsgi keystoneauth1/5.13.1 python-requests/2.32.5 CPython/3.12.3"
162.253.55.110 - - [31/Mar/2026:22:32:06 +0000] "GET /container-infra/v1/clusters/k8s-cluster HTTP/1.1" 200 4726 "-" "python-urllib3/2.6.3"
162.253.55.110 - - [31/Mar/2026:22:32:06 +0000] "GET /image/v2/images/cd4c5730-82e9-49c0-84b0-a55c53fdd8b7 HTTP/1.1" 200 3870 "-" "python-glanceclient"
162.253.55.110 - - [31/Mar/2026:22:32:07 +0000] "GET /networking/v2.0/ports?tenant_id=afe890867fe94760b551cf767b9eff8e&device_id=725b3b36-38ea-4b67-8f26-b7c98d246f32 HTTP/1.1" 200 3951 "-" "python-neutronclient"
162.253.55.110 - - [31/Mar/2026:22:32:07 +0000] "GET /networking/v2.0/floatingips?fixed_ip_address=192.168.24.246&port_id=c912bbba-574f-4c4a-a9bb-b38f8bdeccb0 HTTP/1.1" 200 2895 "-" "python-neutronclient"
162.253.55.110 - - [31/Mar/2026:22:32:07 +0000] "GET /networking/v2.0/subnets?id=1a41a387-dc2e-44bd-9396-a1a6efebe0c5 HTTP/1.1" 200 3645 "-" "python-neutronclient"
162.253.55.110 - - [31/Mar/2026:22:32:07 +0000] "GET /networking/v2.0/ports?network_id=e8ed9739-9e70-4d28-ba66-1529637ba796&device_owner=network%3Adhcp HTTP/1.1" 200 2888 "-" "python-neutronclient"
162.253.55.110 - - [31/Mar/2026:22:32:07 +0000] "GET /networking/v2.0/networks/e8ed9739-9e70-4d28-ba66-1529637ba796?fields=segments HTTP/1.1" 200 2890 "-" "python-neutronclient"
162.253.55.110 - - [31/Mar/2026:22:32:07 +0000] "GET /networking/v2.0/networks/e8ed9739-9e70-4d28-ba66-1529637ba796?fields=provider%3Aphysical_network&fields=provider%3Anetwork_type HTTP/1.1" 200 2955 "-" "python-neutronclient"
172.18.0.2 - - [31/Mar/2026:22:32:08 +0000] "GET /networking/v2.0/ports?id=c912bbba-574f-4c4a-a9bb-b38f8bdeccb0&name=kube-e6tfk-6n5jm-f8gnz-0&network_id=e8ed9739-9e70-4d28-ba66-1529637ba796 HTTP/1.1" 200 3678 "-" "cluster-api-provider-openstack/v0.12.4 gophercloud/v2.7.0"
172.18.0.2 - - [31/Mar/2026:22:32:08 +0000] "GET /compute/v2.1/ HTTP/1.1" 200 3432 "-" "cluster-api-provider-openstack/v0.12.4 gophercloud/v2.7.0"
162.253.55.110 - - [31/Mar/2026:22:32:08 +0000] "GET /identity HTTP/1.1" 300 3232 "-" "uwsgi keystoneauth1/5.13.1 python-requests/2.32.5 CPython/3.12.3"
162.253.55.110 - - [31/Mar/2026:22:32:08 +0000] "POST /identity/v3/auth/tokens HTTP/1.1" 201 8105 "-" "uwsgi keystoneauth1/5.13.1 python-requests/2.32.5 CPython/3.12.3"
162.253.55.110 - - [31/Mar/2026:22:32:08 +0000] "GET /identity/v3/auth/tokens HTTP/1.1" 200 8100 "-" "python-keystoneclient"
162.253.55.110 - - [31/Mar/2026:22:32:08 +0000] "GET /networking/v2.0/ports?device_id=725b3b36-38ea-4b67-8f26-b7c98d246f32 HTTP/1.1" 200 3709 "-" "python-neutronclient"
162.253.55.110 - - [31/Mar/2026:22:32:08 +0000] "GET /networking/v2.0/security-groups?id=c5f9d611-d5ee-44e2-aca8-8edb943b74bb&fields=id&fields=name HTTP/1.1" 200 3016 "-" "python-neutronclient"
172.18.0.2 - - [31/Mar/2026:22:32:08 +0000] "GET /compute/v2.1/servers/725b3b36-38ea-4b67-8f26-b7c98d246f32 HTTP/1.1" 200 4445 "-" "cluster-api-provider-openstack/v0.12.4 gophercloud/v2.7.0"
162.253.55.110 - - [31/Mar/2026:22:32:12 +0000] "GET /identity HTTP/1.1" 300 3232 "-" "openstacksdk/4.10.0 keystoneauth1/5.13.1 python-requests/2.32.5 CPython/3.12.3"
162.253.55.110 - - [31/Mar/2026:22:32:12 +0000] "POST /identity/v3/auth/tokens HTTP/1.1" 201 8058 "-" "openstacksdk/4.10.0 keystoneauth1/5.13.1 python-requests/2.32.5 CPython/3.12.3"
162.253.55.110 - - [31/Mar/2026:22:32:13 +0000] "GET /identity/v3/auth/tokens HTTP/1.1" 200 8053 "-" "python-keystoneclient"
162.253.55.110 - - [31/Mar/2026:22:32:13 +0000] "POST /identity/v3/auth/tokens HTTP/1.1" 201 7632 "-" "uwsgi keystoneauth1/5.13.1 python-requests/2.32.5 CPython/3.12.3"
162.253.55.110 - - [31/Mar/2026:22:32:13 +0000] "POST /identity/v3/auth/tokens HTTP/1.1" 201 7632 "-" "uwsgi keystoneauth1/5.13.1 python-requests/2.32.5 CPython/3.12.3"
162.253.55.110 - - [31/Mar/2026:22:32:06 +0000] "GET /image/v2/images/cd4c5730-82e9-49c0-84b0-a55c53fdd8b7/file HTTP/1.1" 200 908505973 "-" "python-glanceclient"
162.253.55.110 - - [31/Mar/2026:22:32:13 +0000] "POST /identity/v3/auth/tokens HTTP/1.1" 201 7632 "-" "uwsgi keystoneauth1/5.13.1 python-requests/2.32.5 CPython/3.12.3"
162.253.55.110 - - [31/Mar/2026:22:32:13 +0000] "GET /container-infra/v1/clusters/k8s-cluster HTTP/1.1" 200 4726 "-" "python-urllib3/2.6.3"
162.253.55.110 - - [31/Mar/2026:22:32:19 +0000] "GET /identity HTTP/1.1" 300 3232 "-" "openstacksdk/4.10.0 keystoneauth1/5.13.1 python-requests/2.32.5 CPython/3.12.3"
162.253.55.110 - - [31/Mar/2026:22:32:19 +0000] "POST /identity/v3/auth/tokens HTTP/1.1" 201 8058 "-" "openstacksdk/4.10.0 keystoneauth1/5.13.1 python-requests/2.32.5 CPython/3.12.3"
172.18.0.2 - - [31/Mar/2026:22:32:19 +0000] "GET /networking/v2.0/ports?id=c912bbba-574f-4c4a-a9bb-b38f8bdeccb0&name=kube-e6tfk-6n5jm-f8gnz-0&network_id=e8ed9739-9e70-4d28-ba66-1529637ba796 HTTP/1.1" 200 3678 "-" "cluster-api-provider-openstack/v0.12.4 gophercloud/v2.7.0"
172.18.0.2 - - [31/Mar/2026:22:32:20 +0000] "GET /compute/v2.1/ HTTP/1.1" 200 3432 "-" "cluster-api-provider-openstack/v0.12.4 gophercloud/v2.7.0"
162.253.55.110 - - [31/Mar/2026:22:32:20 +0000] "GET /identity/v3/auth/tokens HTTP/1.1" 200 8053 "-" "python-keystoneclient"
162.253.55.110 - - [31/Mar/2026:22:32:20 +0000] "POST /identity/v3/auth/tokens HTTP/1.1" 201 7632 "-" "uwsgi keystoneauth1/5.13.1 python-requests/2.32.5 CPython/3.12.3"
162.253.55.110 - - [31/Mar/2026:22:32:20 +0000] "GET /identity HTTP/1.1" 300 3232 "-" "uwsgi keystoneauth1/5.13.1 python-requests/2.32.5 CPython/3.12.3"
162.253.55.110 - - [31/Mar/2026:22:32:20 +0000] "POST /identity/v3/auth/tokens HTTP/1.1" 201 7632 "-" "uwsgi keystoneauth1/5.13.1 python-requests/2.32.5 CPython/3.12.3"
162.253.55.110 - - [31/Mar/2026:22:32:20 +0000] "POST /identity/v3/auth/tokens HTTP/1.1" 201 7632 "-" "uwsgi keystoneauth1/5.13.1 python-requests/2.32.5 CPython/3.12.3"
162.253.55.110 - - [31/Mar/2026:22:32:20 +0000] "GET /container-infra/v1/clusters/k8s-cluster HTTP/1.1" 200 4726 "-" "python-urllib3/2.6.3"
162.253.55.110 - - [31/Mar/2026:22:32:20 +0000] "POST /identity/v3/auth/tokens HTTP/1.1" 201 8105 "-" "uwsgi keystoneauth1/5.13.1 python-requests/2.32.5 CPython/3.12.3"
162.253.55.110 - - [31/Mar/2026:22:32:20 +0000] "GET /identity/v3/auth/tokens HTTP/1.1" 200 8100 "-" "python-keystoneclient"
162.253.55.110 - - [31/Mar/2026:22:32:20 +0000] "GET /networking/v2.0/ports?device_id=725b3b36-38ea-4b67-8f26-b7c98d246f32 HTTP/1.1" 200 3709 "-" "python-neutronclient"
162.253.55.110 - - [31/Mar/2026:22:32:20 +0000] "GET /networking/v2.0/security-groups?id=c5f9d611-d5ee-44e2-aca8-8edb943b74bb&fields=id&fields=name HTTP/1.1" 200 3016 "-" "python-neutronclient"
172.18.0.2 - - [31/Mar/2026:22:32:20 +0000] "GET /compute/v2.1/servers/725b3b36-38ea-4b67-8f26-b7c98d246f32 HTTP/1.1" 200 4445 "-" "cluster-api-provider-openstack/v0.12.4 gophercloud/v2.7.0"
162.253.55.110 - - [31/Mar/2026:22:32:26 +0000] "GET /identity HTTP/1.1" 300 3232 "-" "openstacksdk/4.10.0 keystoneauth1/5.13.1 python-requests/2.32.5 CPython/3.12.3"
162.253.55.110 - - [31/Mar/2026:22:32:23 +0000] "GET /image/v2/images/cd4c5730-82e9-49c0-84b0-a55c53fdd8b7 HTTP/1.1" 200 3870 "-" "python-glanceclient"
162.253.55.110 - - [31/Mar/2026:22:32:26 +0000] "POST /identity/v3/auth/tokens HTTP/1.1" 201 8058 "-" "openstacksdk/4.10.0 keystoneauth1/5.13.1 python-requests/2.32.5 CPython/3.12.3"
162.253.55.110 - - [31/Mar/2026:22:32:29 +0000] "GET /image/v2/schemas/image HTTP/1.1" 200 8961 "-" "python-glanceclient"
162.253.55.110 - - [31/Mar/2026:22:32:30 +0000] "GET /identity/v3/auth/tokens HTTP/1.1" 200 8053 "-" "python-keystoneclient"
162.253.55.110 - - [31/Mar/2026:22:32:31 +0000] "POST /identity/v3/auth/tokens HTTP/1.1" 201 7632 "-" "uwsgi keystoneauth1/5.13.1 python-requests/2.32.5 CPython/3.12.3"
162.253.55.110 - - [31/Mar/2026:22:32:31 +0000] "POST /identity/v3/auth/tokens HTTP/1.1" 201 7632 "-" "uwsgi keystoneauth1/5.13.1 python-requests/2.32.5 CPython/3.12.3"
162.253.55.110 - - [31/Mar/2026:22:32:31 +0000] "POST /identity/v3/auth/tokens HTTP/1.1" 201 7632 "-" "uwsgi keystoneauth1/5.13.1 python-requests/2.32.5 CPython/3.12.3"
162.253.55.110 - - [31/Mar/2026:22:32:30 +0000] "GET /container-infra/v1/clusters/k8s-cluster HTTP/1.1" 200 4726 "-" "python-urllib3/2.6.3"
172.18.0.2 - - [31/Mar/2026:22:32:31 +0000] "GET /networking/v2.0/ports?id=c912bbba-574f-4c4a-a9bb-b38f8bdeccb0&name=kube-e6tfk-6n5jm-f8gnz-0&network_id=e8ed9739-9e70-4d28-ba66-1529637ba796 HTTP/1.1" 200 3678 "-" "cluster-api-provider-openstack/v0.12.4 gophercloud/v2.7.0"
172.18.0.2 - - [31/Mar/2026:22:32:31 +0000] "GET /compute/v2.1/ HTTP/1.1" 200 3432 "-" "cluster-api-provider-openstack/v0.12.4 gophercloud/v2.7.0"
162.253.55.110 - - [31/Mar/2026:22:32:31 +0000] "GET /networking/v2.0/ports?device_id=725b3b36-38ea-4b67-8f26-b7c98d246f32 HTTP/1.1" 200 3709 "-" "python-neutronclient"
162.253.55.110 - - [31/Mar/2026:22:32:31 +0000] "GET /networking/v2.0/security-groups?id=c5f9d611-d5ee-44e2-aca8-8edb943b74bb&fields=id&fields=name HTTP/1.1" 200 3016 "-" "python-neutronclient"
172.18.0.2 - - [31/Mar/2026:22:32:31 +0000] "GET /compute/v2.1/servers/725b3b36-38ea-4b67-8f26-b7c98d246f32 HTTP/1.1" 200 4445 "-" "cluster-api-provider-openstack/v0.12.4 gophercloud/v2.7.0"
162.253.55.110 - - [31/Mar/2026:22:32:37 +0000] "GET /identity HTTP/1.1" 300 3232 "-" "openstacksdk/4.10.0 keystoneauth1/5.13.1 python-requests/2.32.5 CPython/3.12.3"
162.253.55.110 - - [31/Mar/2026:22:32:37 +0000] "POST /identity/v3/auth/tokens HTTP/1.1" 201 8058 "-" "openstacksdk/4.10.0 keystoneauth1/5.13.1 python-requests/2.32.5 CPython/3.12.3"
162.253.55.110 - - [31/Mar/2026:22:32:37 +0000] "GET /identity/v3/auth/tokens HTTP/1.1" 200 8053 "-" "python-keystoneclient"
162.253.55.110 - - [31/Mar/2026:22:32:37 +0000] "POST /identity/v3/auth/tokens HTTP/1.1" 201 7632 "-" "uwsgi keystoneauth1/5.13.1 python-requests/2.32.5 CPython/3.12.3"
162.253.55.110 - - [31/Mar/2026:22:32:38 +0000] "POST /identity/v3/auth/tokens HTTP/1.1" 201 7632 "-" "uwsgi keystoneauth1/5.13.1 python-requests/2.32.5 CPython/3.12.3"
162.253.55.110 - - [31/Mar/2026:22:32:38 +0000] "POST /identity/v3/auth/tokens HTTP/1.1" 201 7632 "-" "uwsgi keystoneauth1/5.13.1 python-requests/2.32.5 CPython/3.12.3"
162.253.55.110 - - [31/Mar/2026:22:32:37 +0000] "GET /container-infra/v1/clusters/k8s-cluster HTTP/1.1" 200 4726 "-" "python-urllib3/2.6.3"
172.18.0.2 - - [31/Mar/2026:22:32:41 +0000] "GET /networking/v2.0/ports?id=c912bbba-574f-4c4a-a9bb-b38f8bdeccb0&name=kube-e6tfk-6n5jm-f8gnz-0&network_id=e8ed9739-9e70-4d28-ba66-1529637ba796 HTTP/1.1" 200 3678 "-" "cluster-api-provider-openstack/v0.12.4 gophercloud/v2.7.0"
172.18.0.2 - - [31/Mar/2026:22:32:41 +0000] "GET /compute/v2.1/ HTTP/1.1" 200 3432 "-" "cluster-api-provider-openstack/v0.12.4 gophercloud/v2.7.0"
162.253.55.110 - - [31/Mar/2026:22:32:42 +0000] "GET /networking/v2.0/ports?device_id=725b3b36-38ea-4b67-8f26-b7c98d246f32 HTTP/1.1" 200 3709 "-" "python-neutronclient"
162.253.55.110 - - [31/Mar/2026:22:32:42 +0000] "GET /networking/v2.0/security-groups?id=c5f9d611-d5ee-44e2-aca8-8edb943b74bb&fields=id&fields=name HTTP/1.1" 200 3016 "-" "python-neutronclient"
172.18.0.2 - - [31/Mar/2026:22:32:41 +0000] "GET /compute/v2.1/servers/725b3b36-38ea-4b67-8f26-b7c98d246f32 HTTP/1.1" 200 4445 "-" "cluster-api-provider-openstack/v0.12.4 gophercloud/v2.7.0"
162.253.55.110 - - [31/Mar/2026:22:32:44 +0000] "GET /identity HTTP/1.1" 300 3232 "-" "openstacksdk/4.10.0 keystoneauth1/5.13.1 python-requests/2.32.5 CPython/3.12.3"
162.253.55.110 - - [31/Mar/2026:22:32:44 +0000] "POST /identity/v3/auth/tokens HTTP/1.1" 201 8058 "-" "openstacksdk/4.10.0 keystoneauth1/5.13.1 python-requests/2.32.5 CPython/3.12.3"
162.253.55.110 - - [31/Mar/2026:22:32:44 +0000] "GET /identity/v3/auth/tokens HTTP/1.1" 200 8053 "-" "python-keystoneclient"
162.253.55.110 - - [31/Mar/2026:22:32:44 +0000] "POST /identity/v3/auth/tokens HTTP/1.1" 201 7632 "-" "uwsgi keystoneauth1/5.13.1 python-requests/2.32.5 CPython/3.12.3"
162.253.55.110 - - [31/Mar/2026:22:32:45 +0000] "POST /identity/v3/auth/tokens HTTP/1.1" 201 7632 "-" "uwsgi keystoneauth1/5.13.1 python-requests/2.32.5 CPython/3.12.3"
162.253.55.110 - - [31/Mar/2026:22:32:45 +0000] "POST /identity/v3/auth/tokens HTTP/1.1" 201 7632 "-" "uwsgi keystoneauth1/5.13.1 python-requests/2.32.5 CPython/3.12.3"
162.253.55.110 - - [31/Mar/2026:22:32:44 +0000] "GET /container-infra/v1/clusters/k8s-cluster HTTP/1.1" 200 4891 "-" "python-urllib3/2.6.3"
162.253.55.110 - - [31/Mar/2026:22:32:51 +0000] "GET /identity HTTP/1.1" 300 3232 "-" "openstacksdk/4.10.0 keystoneauth1/5.13.1 python-requests/2.32.5 CPython/3.12.3"
162.253.55.110 - - [31/Mar/2026:22:32:51 +0000] "POST /identity/v3/auth/tokens HTTP/1.1" 201 8058 "-" "openstacksdk/4.10.0 keystoneauth1/5.13.1 python-requests/2.32.5 CPython/3.12.3"
162.253.55.110 - - [31/Mar/2026:22:32:51 +0000] "GET /identity/v3/auth/tokens HTTP/1.1" 200 8053 "-" "python-keystoneclient"
162.253.55.110 - - [31/Mar/2026:22:32:51 +0000] "POST /identity/v3/auth/tokens HTTP/1.1" 201 7632 "-" "uwsgi keystoneauth1/5.13.1 python-requests/2.32.5 CPython/3.12.3"
162.253.55.110 - - [31/Mar/2026:22:32:51 +0000] "POST /identity/v3/auth/tokens HTTP/1.1" 201 7632 "-" "uwsgi keystoneauth1/5.13.1 python-requests/2.32.5 CPython/3.12.3"
162.253.55.110 - - [31/Mar/2026:22:32:51 +0000] "POST /identity/v3/auth/tokens HTTP/1.1" 201 7632 "-" "uwsgi keystoneauth1/5.13.1 python-requests/2.32.5 CPython/3.12.3"
162.253.55.110 - - [31/Mar/2026:22:32:51 +0000] "GET /container-infra/v1/clusters/k8s-cluster HTTP/1.1" 200 4891 "-" "python-urllib3/2.6.3"
172.18.0.2 - - [31/Mar/2026:22:32:52 +0000] "GET /networking/v2.0/ports?id=c912bbba-574f-4c4a-a9bb-b38f8bdeccb0&name=kube-e6tfk-6n5jm-f8gnz-0&network_id=e8ed9739-9e70-4d28-ba66-1529637ba796 HTTP/1.1" 200 3678 "-" "cluster-api-provider-openstack/v0.12.4 gophercloud/v2.7.0"
172.18.0.2 - - [31/Mar/2026:22:32:52 +0000] "GET /compute/v2.1/ HTTP/1.1" 200 3432 "-" "cluster-api-provider-openstack/v0.12.4 gophercloud/v2.7.0"
162.253.55.110 - - [31/Mar/2026:22:32:52 +0000] "GET /networking/v2.0/ports?device_id=725b3b36-38ea-4b67-8f26-b7c98d246f32 HTTP/1.1" 200 3709 "-" "python-neutronclient"
162.253.55.110 - - [31/Mar/2026:22:32:52 +0000] "GET /networking/v2.0/security-groups?id=c5f9d611-d5ee-44e2-aca8-8edb943b74bb&fields=id&fields=name HTTP/1.1" 200 3016 "-" "python-neutronclient"
172.18.0.2 - - [31/Mar/2026:22:32:52 +0000] "GET /compute/v2.1/servers/725b3b36-38ea-4b67-8f26-b7c98d246f32 HTTP/1.1" 200 4445 "-" "cluster-api-provider-openstack/v0.12.4 gophercloud/v2.7.0"
162.253.55.110 - - [31/Mar/2026:22:32:52 +0000] "GET /identity HTTP/1.1" 300 3232 "-" "placement/unknown keystonemiddleware.auth_token/12.0.0 keystoneauth1/5.13.1 python-requests/2.32.5 CPython/3.12.3"
162.253.55.110 - - [31/Mar/2026:22:32:52 +0000] "POST /identity/v3/auth/tokens HTTP/1.1" 201 8110 "-" "placement/unknown keystonemiddleware.auth_token/12.0.0 keystoneauth1/5.13.1 python-requests/2.32.5 CPython/3.12.3"
162.253.55.110 - - [31/Mar/2026:22:32:52 +0000] "GET /identity/v3/auth/tokens HTTP/1.1" 200 8100 "-" "python-keystoneclient"
162.253.55.110 - - [31/Mar/2026:22:32:52 +0000] "GET /placement/resource_providers/f0e3e068-5b10-4f9e-8f05-19a9e0b9817c/allocations HTTP/1.1" 200 3098 "-" "nova-compute keystoneauth1/5.13.1 python-requests/2.32.5 CPython/3.12.3"
162.253.55.110 - - [31/Mar/2026:22:32:52 +0000] "GET /placement/resource_providers?in_tree=f0e3e068-5b10-4f9e-8f05-19a9e0b9817c HTTP/1.1" 200 3816 "-" "nova-compute keystoneauth1/5.13.1 python-requests/2.32.5 CPython/3.12.3"
162.253.55.110 - - [31/Mar/2026:22:32:52 +0000] "GET /placement/resource_providers/f0e3e068-5b10-4f9e-8f05-19a9e0b9817c/inventories HTTP/1.1" 200 3344 "-" "nova-compute keystoneauth1/5.13.1 python-requests/2.32.5 CPython/3.12.3"
162.253.55.110 - - [31/Mar/2026:22:32:52 +0000] "GET /placement/resource_providers/f0e3e068-5b10-4f9e-8f05-19a9e0b9817c/aggregates HTTP/1.1" 200 3068 "-" "nova-compute keystoneauth1/5.13.1 python-requests/2.32.5 CPython/3.12.3"
162.253.55.110 - - [31/Mar/2026:22:32:52 +0000] "GET /placement/resource_providers/f0e3e068-5b10-4f9e-8f05-19a9e0b9817c/traits HTTP/1.1" 200 5008 "-" "nova-compute keystoneauth1/5.13.1 python-requests/2.32.5 CPython/3.12.3"
162.253.55.110 - - [31/Mar/2026:22:32:53 +0000] "GET /placement/resource_providers/f0e3e068-5b10-4f9e-8f05-19a9e0b9817c/allocations HTTP/1.1" 200 3098 "-" "nova-compute keystoneauth1/5.13.1 python-requests/2.32.5 CPython/3.12.3"
162.253.55.110 - - [31/Mar/2026:22:32:53 +0000] "GET /placement/allocations/725b3b36-38ea-4b67-8f26-b7c98d246f32 HTTP/1.1" 200 3275 "-" "nova-compute keystoneauth1/5.13.1 python-requests/2.32.5 CPython/3.12.3"
162.253.55.110 - - [31/Mar/2026:22:32:58 +0000] "GET /identity HTTP/1.1" 300 3232 "-" "openstacksdk/4.10.0 keystoneauth1/5.13.1 python-requests/2.32.5 CPython/3.12.3"
162.253.55.110 - - [31/Mar/2026:22:32:58 +0000] "POST /identity/v3/auth/tokens HTTP/1.1" 201 8058 "-" "openstacksdk/4.10.0 keystoneauth1/5.13.1 python-requests/2.32.5 CPython/3.12.3"
162.253.55.110 - - [31/Mar/2026:22:32:58 +0000] "GET /identity/v3/auth/tokens HTTP/1.1" 200 8053 "-" "python-keystoneclient"
162.253.55.110 - - [31/Mar/2026:22:32:58 +0000] "POST /identity/v3/auth/tokens HTTP/1.1" 201 7632 "-" "uwsgi keystoneauth1/5.13.1 python-requests/2.32.5 CPython/3.12.3"
162.253.55.110 - - [31/Mar/2026:22:32:58 +0000] "POST /identity/v3/auth/tokens HTTP/1.1" 201 7632 "-" "uwsgi keystoneauth1/5.13.1 python-requests/2.32.5 CPython/3.12.3"
162.253.55.110 - - [31/Mar/2026:22:32:58 +0000] "POST /identity/v3/auth/tokens HTTP/1.1" 201 7632 "-" "uwsgi keystoneauth1/5.13.1 python-requests/2.32.5 CPython/3.12.3"
162.253.55.110 - - [31/Mar/2026:22:32:58 +0000] "GET /container-infra/v1/clusters/k8s-cluster HTTP/1.1" 200 4891 "-" "python-urllib3/2.6.3"
172.18.0.2 - - [31/Mar/2026:22:33:02 +0000] "GET /networking/v2.0/ports?id=c912bbba-574f-4c4a-a9bb-b38f8bdeccb0&name=kube-e6tfk-6n5jm-f8gnz-0&network_id=e8ed9739-9e70-4d28-ba66-1529637ba796 HTTP/1.1" 200 3678 "-" "cluster-api-provider-openstack/v0.12.4 gophercloud/v2.7.0"
172.18.0.2 - - [31/Mar/2026:22:33:02 +0000] "GET /compute/v2.1/ HTTP/1.1" 200 3432 "-" "cluster-api-provider-openstack/v0.12.4 gophercloud/v2.7.0"
162.253.55.110 - - [31/Mar/2026:22:33:02 +0000] "GET /networking/v2.0/ports?device_id=725b3b36-38ea-4b67-8f26-b7c98d246f32 HTTP/1.1" 200 3709 "-" "python-neutronclient"
162.253.55.110 - - [31/Mar/2026:22:33:02 +0000] "GET /networking/v2.0/security-groups?id=c5f9d611-d5ee-44e2-aca8-8edb943b74bb&fields=id&fields=name HTTP/1.1" 200 3016 "-" "python-neutronclient"
172.18.0.2 - - [31/Mar/2026:22:33:02 +0000] "GET /compute/v2.1/servers/725b3b36-38ea-4b67-8f26-b7c98d246f32 HTTP/1.1" 200 4445 "-" "cluster-api-provider-openstack/v0.12.4 gophercloud/v2.7.0"
162.253.55.110 - - [31/Mar/2026:22:33:05 +0000] "GET /identity HTTP/1.1" 300 3232 "-" "openstacksdk/4.10.0 keystoneauth1/5.13.1 python-requests/2.32.5 CPython/3.12.3"
162.253.55.110 - - [31/Mar/2026:22:33:05 +0000] "POST /identity/v3/auth/tokens HTTP/1.1" 201 8058 "-" "openstacksdk/4.10.0 keystoneauth1/5.13.1 python-requests/2.32.5 CPython/3.12.3"
162.253.55.110 - - [31/Mar/2026:22:33:05 +0000] "GET /identity/v3/auth/tokens HTTP/1.1" 200 8053 "-" "python-keystoneclient"
162.253.55.110 - - [31/Mar/2026:22:33:05 +0000] "POST /identity/v3/auth/tokens HTTP/1.1" 201 7632 "-" "uwsgi keystoneauth1/5.13.1 python-requests/2.32.5 CPython/3.12.3"
162.253.55.110 - - [31/Mar/2026:22:33:05 +0000] "POST /identity/v3/auth/tokens HTTP/1.1" 201 7632 "-" "uwsgi keystoneauth1/5.13.1 python-requests/2.32.5 CPython/3.12.3"
162.253.55.110 - - [31/Mar/2026:22:33:05 +0000] "POST /identity/v3/auth/tokens HTTP/1.1" 201 7632 "-" "uwsgi keystoneauth1/5.13.1 python-requests/2.32.5 CPython/3.12.3"
162.253.55.110 - - [31/Mar/2026:22:33:05 +0000] "GET /container-infra/v1/clusters/k8s-cluster HTTP/1.1" 200 4891 "-" "python-urllib3/2.6.3"
162.253.55.110 - - [31/Mar/2026:22:33:12 +0000] "GET /identity HTTP/1.1" 300 3232 "-" "openstacksdk/4.10.0 keystoneauth1/5.13.1 python-requests/2.32.5 CPython/3.12.3"
162.253.55.110 - - [31/Mar/2026:22:33:12 +0000] "POST /identity/v3/auth/tokens HTTP/1.1" 201 8058 "-" "openstacksdk/4.10.0 keystoneauth1/5.13.1 python-requests/2.32.5 CPython/3.12.3"
162.253.55.110 - - [31/Mar/2026:22:33:12 +0000] "GET /identity/v3/auth/tokens HTTP/1.1" 200 8053 "-" "python-keystoneclient"
162.253.55.110 - - [31/Mar/2026:22:33:12 +0000] "POST /identity/v3/auth/tokens HTTP/1.1" 201 7632 "-" "uwsgi keystoneauth1/5.13.1 python-requests/2.32.5 CPython/3.12.3"
162.253.55.110 - - [31/Mar/2026:22:33:12 +0000] "POST /identity/v3/auth/tokens HTTP/1.1" 201 7632 "-" "uwsgi keystoneauth1/5.13.1 python-requests/2.32.5 CPython/3.12.3"
162.253.55.110 - - [31/Mar/2026:22:33:12 +0000] "POST /identity/v3/auth/tokens HTTP/1.1" 201 7632 "-" "uwsgi keystoneauth1/5.13.1 python-requests/2.32.5 CPython/3.12.3"
162.253.55.110 - - [31/Mar/2026:22:33:12 +0000] "GET /container-infra/v1/clusters/k8s-cluster HTTP/1.1" 200 4891 "-" "python-urllib3/2.6.3"
172.18.0.2 - - [31/Mar/2026:22:33:13 +0000] "GET /networking/v2.0/ports?id=c912bbba-574f-4c4a-a9bb-b38f8bdeccb0&name=kube-e6tfk-6n5jm-f8gnz-0&network_id=e8ed9739-9e70-4d28-ba66-1529637ba796 HTTP/1.1" 200 3678 "-" "cluster-api-provider-openstack/v0.12.4 gophercloud/v2.7.0"
172.18.0.2 - - [31/Mar/2026:22:33:13 +0000] "GET /compute/v2.1/ HTTP/1.1" 200 3432 "-" "cluster-api-provider-openstack/v0.12.4 gophercloud/v2.7.0"
162.253.55.110 - - [31/Mar/2026:22:33:13 +0000] "GET /networking/v2.0/ports?device_id=725b3b36-38ea-4b67-8f26-b7c98d246f32 HTTP/1.1" 200 3709 "-" "python-neutronclient"
162.253.55.110 - - [31/Mar/2026:22:33:13 +0000] "GET /networking/v2.0/security-groups?id=c5f9d611-d5ee-44e2-aca8-8edb943b74bb&fields=id&fields=name HTTP/1.1" 200 3016 "-" "python-neutronclient"
172.18.0.2 - - [31/Mar/2026:22:33:13 +0000] "GET /compute/v2.1/servers/725b3b36-38ea-4b67-8f26-b7c98d246f32 HTTP/1.1" 200 4445 "-" "cluster-api-provider-openstack/v0.12.4 gophercloud/v2.7.0"
162.253.55.110 - - [31/Mar/2026:22:33:19 +0000] "GET /identity HTTP/1.1" 300 3232 "-" "openstacksdk/4.10.0 keystoneauth1/5.13.1 python-requests/2.32.5 CPython/3.12.3"
162.253.55.110 - - [31/Mar/2026:22:33:19 +0000] "POST /identity/v3/auth/tokens HTTP/1.1" 201 8058 "-" "openstacksdk/4.10.0 keystoneauth1/5.13.1 python-requests/2.32.5 CPython/3.12.3"
162.253.55.110 - - [31/Mar/2026:22:33:19 +0000] "GET /identity/v3/auth/tokens HTTP/1.1" 200 8053 "-" "python-keystoneclient"
162.253.55.110 - - [31/Mar/2026:22:33:19 +0000] "POST /identity/v3/auth/tokens HTTP/1.1" 201 7632 "-" "uwsgi keystoneauth1/5.13.1 python-requests/2.32.5 CPython/3.12.3"
162.253.55.110 - - [31/Mar/2026:22:33:19 +0000] "POST /identity/v3/auth/tokens HTTP/1.1" 201 7632 "-" "uwsgi keystoneauth1/5.13.1 python-requests/2.32.5 CPython/3.12.3"
162.253.55.110 - - [31/Mar/2026:22:33:19 +0000] "POST /identity/v3/auth/tokens HTTP/1.1" 201 7632 "-" "uwsgi keystoneauth1/5.13.1 python-requests/2.32.5 CPython/3.12.3"
162.253.55.110 - - [31/Mar/2026:22:33:19 +0000] "GET /container-infra/v1/clusters/k8s-cluster HTTP/1.1" 200 4891 "-" "python-urllib3/2.6.3"
172.18.0.2 - - [31/Mar/2026:22:33:23 +0000] "GET /networking/v2.0/ports?id=c912bbba-574f-4c4a-a9bb-b38f8bdeccb0&name=kube-e6tfk-6n5jm-f8gnz-0&network_id=e8ed9739-9e70-4d28-ba66-1529637ba796 HTTP/1.1" 200 3678 "-" "cluster-api-provider-openstack/v0.12.4 gophercloud/v2.7.0"
172.18.0.2 - - [31/Mar/2026:22:33:23 +0000] "GET /compute/v2.1/ HTTP/1.1" 200 3432 "-" "cluster-api-provider-openstack/v0.12.4 gophercloud/v2.7.0"
162.253.55.110 - - [31/Mar/2026:22:33:23 +0000] "GET /networking/v2.0/ports?device_id=725b3b36-38ea-4b67-8f26-b7c98d246f32 HTTP/1.1" 200 3709 "-" "python-neutronclient"
162.253.55.110 - - [31/Mar/2026:22:33:23 +0000] "GET /networking/v2.0/security-groups?id=c5f9d611-d5ee-44e2-aca8-8edb943b74bb&fields=id&fields=name HTTP/1.1" 200 3016 "-" "python-neutronclient"
172.18.0.2 - - [31/Mar/2026:22:33:23 +0000] "GET /compute/v2.1/servers/725b3b36-38ea-4b67-8f26-b7c98d246f32 HTTP/1.1" 200 4445 "-" "cluster-api-provider-openstack/v0.12.4 gophercloud/v2.7.0"
162.253.55.110 - - [31/Mar/2026:22:33:25 +0000] "GET /identity HTTP/1.1" 300 3232 "-" "openstacksdk/4.10.0 keystoneauth1/5.13.1 python-requests/2.32.5 CPython/3.12.3"
162.253.55.110 - - [31/Mar/2026:22:33:26 +0000] "POST /identity/v3/auth/tokens HTTP/1.1" 201 8058 "-" "openstacksdk/4.10.0 keystoneauth1/5.13.1 python-requests/2.32.5 CPython/3.12.3"
162.253.55.110 - - [31/Mar/2026:22:33:26 +0000] "GET /identity/v3/auth/tokens HTTP/1.1" 200 8053 "-" "python-keystoneclient"
162.253.55.110 - - [31/Mar/2026:22:33:26 +0000] "POST /identity/v3/auth/tokens HTTP/1.1" 201 7632 "-" "uwsgi keystoneauth1/5.13.1 python-requests/2.32.5 CPython/3.12.3"
162.253.55.110 - - [31/Mar/2026:22:33:26 +0000] "POST /identity/v3/auth/tokens HTTP/1.1" 201 7632 "-" "uwsgi keystoneauth1/5.13.1 python-requests/2.32.5 CPython/3.12.3"
162.253.55.110 - - [31/Mar/2026:22:33:26 +0000] "POST /identity/v3/auth/tokens HTTP/1.1" 201 7632 "-" "uwsgi keystoneauth1/5.13.1 python-requests/2.32.5 CPython/3.12.3"
162.253.55.110 - - [31/Mar/2026:22:33:26 +0000] "GET /container-infra/v1/clusters/k8s-cluster HTTP/1.1" 200 4891 "-" "python-urllib3/2.6.3"
162.253.55.110 - - [31/Mar/2026:22:33:32 +0000] "GET /identity HTTP/1.1" 300 3232 "-" "openstacksdk/4.10.0 keystoneauth1/5.13.1 python-requests/2.32.5 CPython/3.12.3"
162.253.55.110 - - [31/Mar/2026:22:33:32 +0000] "POST /identity/v3/auth/tokens HTTP/1.1" 201 8058 "-" "openstacksdk/4.10.0 keystoneauth1/5.13.1 python-requests/2.32.5 CPython/3.12.3"
162.253.55.110 - - [31/Mar/2026:22:33:33 +0000] "GET /identity/v3/auth/tokens HTTP/1.1" 200 8053 "-" "python-keystoneclient"
162.253.55.110 - - [31/Mar/2026:22:33:33 +0000] "POST /identity/v3/auth/tokens HTTP/1.1" 201 7632 "-" "uwsgi keystoneauth1/5.13.1 python-requests/2.32.5 CPython/3.12.3"
162.253.55.110 - - [31/Mar/2026:22:33:33 +0000] "POST /identity/v3/auth/tokens HTTP/1.1" 201 7632 "-" "uwsgi keystoneauth1/5.13.1 python-requests/2.32.5 CPython/3.12.3"
162.253.55.110 - - [31/Mar/2026:22:33:33 +0000] "POST /identity/v3/auth/tokens HTTP/1.1" 201 7632 "-" "uwsgi keystoneauth1/5.13.1 python-requests/2.32.5 CPython/3.12.3"
162.253.55.110 - - [31/Mar/2026:22:33:33 +0000] "GET /container-infra/v1/clusters/k8s-cluster HTTP/1.1" 200 4891 "-" "python-urllib3/2.6.3"
172.18.0.2 - - [31/Mar/2026:22:33:33 +0000] "GET /networking/v2.0/ports?id=c912bbba-574f-4c4a-a9bb-b38f8bdeccb0&name=kube-e6tfk-6n5jm-f8gnz-0&network_id=e8ed9739-9e70-4d28-ba66-1529637ba796 HTTP/1.1" 200 3678 "-" "cluster-api-provider-openstack/v0.12.4 gophercloud/v2.7.0"
172.18.0.2 - - [31/Mar/2026:22:33:33 +0000] "GET /compute/v2.1/ HTTP/1.1" 200 3432 "-" "cluster-api-provider-openstack/v0.12.4 gophercloud/v2.7.0"
162.253.55.110 - - [31/Mar/2026:22:33:34 +0000] "GET /networking/v2.0/ports?device_id=725b3b36-38ea-4b67-8f26-b7c98d246f32 HTTP/1.1" 200 3709 "-" "python-neutronclient"
162.253.55.110 - - [31/Mar/2026:22:33:34 +0000] "GET /networking/v2.0/security-groups?id=c5f9d611-d5ee-44e2-aca8-8edb943b74bb&fields=id&fields=name HTTP/1.1" 200 3016 "-" "python-neutronclient"
172.18.0.2 - - [31/Mar/2026:22:33:33 +0000] "GET /compute/v2.1/servers/725b3b36-38ea-4b67-8f26-b7c98d246f32 HTTP/1.1" 200 4445 "-" "cluster-api-provider-openstack/v0.12.4 gophercloud/v2.7.0"
162.253.55.110 - - [31/Mar/2026:22:33:34 +0000] "GET /identity HTTP/1.1" 300 3232 "-" "uwsgi keystoneauth1/5.13.1 python-requests/2.32.5 CPython/3.12.3"
162.253.55.110 - - [31/Mar/2026:22:33:34 +0000] "POST /identity/v3/auth/tokens HTTP/1.1" 201 8105 "-" "uwsgi keystoneauth1/5.13.1 python-requests/2.32.5 CPython/3.12.3"
162.253.55.110 - - [31/Mar/2026:22:33:34 +0000] "GET /identity/v3/auth/tokens HTTP/1.1" 200 8100 "-" "python-keystoneclient"
162.253.55.110 - - [31/Mar/2026:22:33:34 +0000] "POST /compute/v2.1/os-server-external-events HTTP/1.1" 200 3253 "-" "python-novaclient"
162.253.55.110 - - [31/Mar/2026:22:33:37 +0000] "POST /compute/v2.1/os-server-external-events HTTP/1.1" 200 3253 "-" "python-novaclient"
162.253.55.110 - - [31/Mar/2026:22:33:39 +0000] "GET /identity HTTP/1.1" 300 3232 "-" "openstacksdk/4.10.0 keystoneauth1/5.13.1 python-requests/2.32.5 CPython/3.12.3"
162.253.55.110 - - [31/Mar/2026:22:33:39 +0000] "POST /identity/v3/auth/tokens HTTP/1.1" 201 8058 "-" "openstacksdk/4.10.0 keystoneauth1/5.13.1 python-requests/2.32.5 CPython/3.12.3"
162.253.55.110 - - [31/Mar/2026:22:33:39 +0000] "GET /identity/v3/auth/tokens HTTP/1.1" 200 8053 "-" "python-keystoneclient"
162.253.55.110 - - [31/Mar/2026:22:33:39 +0000] "POST /identity/v3/auth/tokens HTTP/1.1" 201 7632 "-" "uwsgi keystoneauth1/5.13.1 python-requests/2.32.5 CPython/3.12.3"
162.253.55.110 - - [31/Mar/2026:22:33:40 +0000] "POST /identity/v3/auth/tokens HTTP/1.1" 201 7632 "-" "uwsgi keystoneauth1/5.13.1 python-requests/2.32.5 CPython/3.12.3"
162.253.55.110 - - [31/Mar/2026:22:33:40 +0000] "POST /identity/v3/auth/tokens HTTP/1.1" 201 7632 "-" "uwsgi keystoneauth1/5.13.1 python-requests/2.32.5 CPython/3.12.3"
162.253.55.110 - - [31/Mar/2026:22:33:39 +0000] "GET /container-infra/v1/clusters/k8s-cluster HTTP/1.1" 200 4891 "-" "python-urllib3/2.6.3"
172.18.0.2 - - [31/Mar/2026:22:33:44 +0000] "GET /networking/v2.0/ports?id=c912bbba-574f-4c4a-a9bb-b38f8bdeccb0&name=kube-e6tfk-6n5jm-f8gnz-0&network_id=e8ed9739-9e70-4d28-ba66-1529637ba796 HTTP/1.1" 200 3680 "-" "cluster-api-provider-openstack/v0.12.4 gophercloud/v2.7.0"
172.18.0.2 - - [31/Mar/2026:22:33:44 +0000] "GET /compute/v2.1/ HTTP/1.1" 200 3432 "-" "cluster-api-provider-openstack/v0.12.4 gophercloud/v2.7.0"
162.253.55.110 - - [31/Mar/2026:22:33:44 +0000] "GET /networking/v2.0/ports?device_id=725b3b36-38ea-4b67-8f26-b7c98d246f32 HTTP/1.1" 200 3711 "-" "python-neutronclient"
162.253.55.110 - - [31/Mar/2026:22:33:44 +0000] "GET /networking/v2.0/security-groups?id=c5f9d611-d5ee-44e2-aca8-8edb943b74bb&fields=id&fields=name HTTP/1.1" 200 3016 "-" "python-neutronclient"
172.18.0.2 - - [31/Mar/2026:22:33:44 +0000] "GET /compute/v2.1/servers/725b3b36-38ea-4b67-8f26-b7c98d246f32 HTTP/1.1" 200 4631 "-" "cluster-api-provider-openstack/v0.12.4 gophercloud/v2.7.0"
172.18.0.2 - - [31/Mar/2026:22:33:44 +0000] "GET /compute/v2.1/ HTTP/1.1" 200 3432 "-" "cluster-api-provider-openstack/v0.12.4 gophercloud/v2.7.0"
172.18.0.2 - - [31/Mar/2026:22:33:44 +0000] "GET /networking/v2.0/ports?id=c912bbba-574f-4c4a-a9bb-b38f8bdeccb0&name=kube-e6tfk-6n5jm-f8gnz-0&network_id=e8ed9739-9e70-4d28-ba66-1529637ba796 HTTP/1.1" 200 3680 "-" "cluster-api-provider-openstack/v0.12.4 gophercloud/v2.7.0"
172.18.0.2 - - [31/Mar/2026:22:33:44 +0000] "GET /compute/v2.1/ HTTP/1.1" 200 3432 "-" "cluster-api-provider-openstack/v0.12.4 gophercloud/v2.7.0"
162.253.55.110 - - [31/Mar/2026:22:33:44 +0000] "GET /networking/v2.0/ports?device_id=725b3b36-38ea-4b67-8f26-b7c98d246f32 HTTP/1.1" 200 3711 "-" "python-neutronclient"
162.253.55.110 - - [31/Mar/2026:22:33:44 +0000] "GET /networking/v2.0/ports?device_id=725b3b36-38ea-4b67-8f26-b7c98d246f32 HTTP/1.1" 200 3711 "-" "python-neutronclient"
162.253.55.110 - - [31/Mar/2026:22:33:44 +0000] "GET /networking/v2.0/security-groups?id=c5f9d611-d5ee-44e2-aca8-8edb943b74bb&fields=id&fields=name HTTP/1.1" 200 3016 "-" "python-neutronclient"
172.18.0.2 - - [31/Mar/2026:22:33:44 +0000] "GET /compute/v2.1/servers/725b3b36-38ea-4b67-8f26-b7c98d246f32 HTTP/1.1" 200 4631 "-" "cluster-api-provider-openstack/v0.12.4 gophercloud/v2.7.0"
162.253.55.110 - - [31/Mar/2026:22:33:44 +0000] "GET /networking/v2.0/security-groups?id=c5f9d611-d5ee-44e2-aca8-8edb943b74bb&fields=id&fields=name HTTP/1.1" 200 3016 "-" "python-neutronclient"
172.18.0.2 - - [31/Mar/2026:22:33:44 +0000] "GET /compute/v2.1/servers/725b3b36-38ea-4b67-8f26-b7c98d246f32 HTTP/1.1" 200 4631 "-" "cluster-api-provider-openstack/v0.12.4 gophercloud/v2.7.0"
162.253.55.110 - - [31/Mar/2026:22:33:45 +0000] "GET /identity HTTP/1.1" 300 3232 "-" "uwsgi keystoneauth1/5.13.1 python-requests/2.32.5 CPython/3.12.3"
162.253.55.110 - - [31/Mar/2026:22:33:45 +0000] "POST /identity/v3/auth/tokens HTTP/1.1" 201 8041 "-" "uwsgi keystoneauth1/5.13.1 python-requests/2.32.5 CPython/3.12.3"
162.253.55.110 - - [31/Mar/2026:22:33:45 +0000] "GET /identity/v3/auth/tokens HTTP/1.1" 200 8036 "-" "python-keystoneclient"
162.253.55.110 - - [31/Mar/2026:22:33:45 +0000] "GET /networking/v2.0/subnets/1a41a387-dc2e-44bd-9396-a1a6efebe0c5 HTTP/1.1" 200 3642 "-" "uwsgi keystoneauth1/5.13.1 python-requests/2.32.5 CPython/3.12.3"
162.253.55.110 - - [31/Mar/2026:22:33:45 +0000] "GET /networking/v2.0/subnets/1a41a387-dc2e-44bd-9396-a1a6efebe0c5 HTTP/1.1" 200 3642 "-" "uwsgi keystoneauth1/5.13.1 python-requests/2.32.5 CPython/3.12.3"
162.253.55.110 - - [31/Mar/2026:22:33:45 +0000] "GET /networking/v2.0/subnets/1a41a387-dc2e-44bd-9396-a1a6efebe0c5 HTTP/1.1" 200 3642 "-" "uwsgi keystoneauth1/5.13.1 python-requests/2.32.5 CPython/3.12.3"
162.253.55.110 - - [31/Mar/2026:22:33:45 +0000] "GET /networking/v2.0/subnets/1a41a387-dc2e-44bd-9396-a1a6efebe0c5 HTTP/1.1" 200 3642 "-" "uwsgi keystoneauth1/5.13.1 python-requests/2.32.5 CPython/3.12.3"
162.253.55.110 - - [31/Mar/2026:22:33:46 +0000] "GET /networking/v2.0/ports/ovn-lb-hm-1a41a387-dc2e-44bd-9396-a1a6efebe0c5?network_id=e8ed9739-9e70-4d28-ba66-1529637ba796 HTTP/1.1" 404 3026 "-" "uwsgi keystoneauth1/5.13.1 python-requests/2.32.5 CPython/3.12.3"
