+ COMMAND=start + start + for KEYSTONE_WSGI_SCRIPT in keystone-wsgi-public ++ type -p keystone-wsgi-public + cp -a /var/lib/openstack/bin/keystone-wsgi-public /var/www/cgi-bin/keystone/ + '[' -f /etc/apache2/envvars ']' + source /etc/apache2/envvars ++ unset HOME ++ '[' '' '!=' '' ']' ++ SUFFIX= ++ export APACHE_RUN_USER=www-data ++ APACHE_RUN_USER=www-data ++ export APACHE_RUN_GROUP=www-data ++ APACHE_RUN_GROUP=www-data ++ export APACHE_PID_FILE=/var/run/apache2/apache2.pid ++ APACHE_PID_FILE=/var/run/apache2/apache2.pid ++ export APACHE_RUN_DIR=/var/run/apache2 ++ APACHE_RUN_DIR=/var/run/apache2 ++ export APACHE_LOCK_DIR=/var/lock/apache2 ++ APACHE_LOCK_DIR=/var/lock/apache2 ++ export APACHE_LOG_DIR=/var/log/apache2 ++ APACHE_LOG_DIR=/var/log/apache2 ++ export LANG=C ++ LANG=C ++ export LANG + '[' -f /var/run/apache2/apache2.pid ']' + exec apache2 -DFOREGROUND AH00558: apache2: Could not reliably determine the server's fully qualified domain name, using 10.0.0.18. Set the 'ServerName' directive globally to suppress this message AH00558: apache2: Could not reliably determine the server's fully qualified domain name, using 10.0.0.18. Set the 'ServerName' directive globally to suppress this message
[Tue May 26 05:56:25.094879 2026] [mpm_event:notice] [pid 1:tid 139929299101568] AH00489: Apache/2.4.58 (Ubuntu) mod_wsgi/5.0.0 Python/3.12 configured -- resuming normal operations
[Tue May 26 05:56:25.095026 2026] [core:notice] [pid 1:tid 139929299101568] AH00094: Command line: 'apache2 -D FOREGROUND'
[Tue May 26 05:57:28.716600 2026] [wsgi:error] [pid 10:tid 139928662329024] /var/lib/openstack/lib/python3.12/site-packages/oslo_utils/importutils.py:77: EventletDeprecationWarning:
[Tue May 26 05:57:28.716640 2026] [wsgi:error] [pid 10:tid 139928662329024] Eventlet is deprecated. It is currently being maintained in bugfix mode, and
[Tue May 26 05:57:28.716642 2026] [wsgi:error] [pid 10:tid 139928662329024] we strongly recommend against using it for new projects.
[Tue May 26 05:57:28.716643 2026] [wsgi:error] [pid 10:tid 139928662329024]
[Tue May 26 05:57:28.716644 2026] [wsgi:error] [pid 10:tid 139928662329024] If you are already using Eventlet, we recommend migrating to a different
[Tue May 26 05:57:28.716646 2026] [wsgi:error] [pid 10:tid 139928662329024] framework. For more detail see
[Tue May 26 05:57:28.716647 2026] [wsgi:error] [pid 10:tid 139928662329024] https://eventlet.readthedocs.io/en/latest/asyncio/migration.html
[Tue May 26 05:57:28.716648 2026] [wsgi:error] [pid 10:tid 139928662329024]
[Tue May 26 05:57:28.716649 2026] [wsgi:error] [pid 10:tid 139928662329024] __import__(import_str)
[Tue May 26 05:57:28.721898 2026] [wsgi:error] [pid 12:tid 139928662329024] /var/lib/openstack/lib/python3.12/site-packages/oslo_utils/importutils.py:77: EventletDeprecationWarning:
[Tue May 26 05:57:28.721963 2026] [wsgi:error] [pid 12:tid 139928662329024] Eventlet is deprecated. It is currently being maintained in bugfix mode, and
[Tue May 26 05:57:28.721965 2026] [wsgi:error] [pid 12:tid 139928662329024] we strongly recommend against using it for new projects.
[Tue May 26 05:57:28.721966 2026] [wsgi:error] [pid 12:tid 139928662329024]
[Tue May 26 05:57:28.721968 2026] [wsgi:error] [pid 12:tid 139928662329024] If you are already using Eventlet, we recommend migrating to a different
[Tue May 26 05:57:28.721969 2026] [wsgi:error] [pid 12:tid 139928662329024] framework. For more detail see
[Tue May 26 05:57:28.721970 2026] [wsgi:error] [pid 12:tid 139928662329024] https://eventlet.readthedocs.io/en/latest/asyncio/migration.html
[Tue May 26 05:57:28.721971 2026] [wsgi:error] [pid 12:tid 139928662329024]
[Tue May 26 05:57:28.721972 2026] [wsgi:error] [pid 12:tid 139928662329024] __import__(import_str) 10.0.0.2 - - [26/May/2026:05:57:27 +0000] "GET /v3/ HTTP/1.1" 200 249 10.0.0.2 - - [26/May/2026:05:57:27 +0000] "GET /v3/ HTTP/1.1" 200 249
[Tue May 26 05:57:40.768217 2026] [wsgi:error] [pid 9:tid 139928662329024] /var/lib/openstack/lib/python3.12/site-packages/oslo_utils/importutils.py:77: EventletDeprecationWarning:
[Tue May 26 05:57:40.768274 2026] [wsgi:error] [pid 9:tid 139928662329024] Eventlet is deprecated. It is currently being maintained in bugfix mode, and
[Tue May 26 05:57:40.768276 2026] [wsgi:error] [pid 9:tid 139928662329024] we strongly recommend against using it for new projects.
[Tue May 26 05:57:40.768277 2026] [wsgi:error] [pid 9:tid 139928662329024]
[Tue May 26 05:57:40.768278 2026] [wsgi:error] [pid 9:tid 139928662329024] If you are already using Eventlet, we recommend migrating to a different
[Tue May 26 05:57:40.768279 2026] [wsgi:error] [pid 9:tid 139928662329024] framework. For more detail see
[Tue May 26 05:57:40.768281 2026] [wsgi:error] [pid 9:tid 139928662329024] https://eventlet.readthedocs.io/en/latest/asyncio/migration.html
[Tue May 26 05:57:40.768282 2026] [wsgi:error] [pid 9:tid 139928662329024]
[Tue May 26 05:57:40.768283 2026] [wsgi:error] [pid 9:tid 139928662329024] __import__(import_str) 10.0.0.40 - - [26/May/2026:05:57:39 +0000] "GET / HTTP/1.1" 300 295
[Tue May 26 05:57:45.925369 2026] [wsgi:error] [pid 11:tid 139928662329024] /var/lib/openstack/lib/python3.12/site-packages/oslo_utils/importutils.py:77: EventletDeprecationWarning:
[Tue May 26 05:57:45.925407 2026] [wsgi:error] [pid 11:tid 139928662329024] Eventlet is deprecated. It is currently being maintained in bugfix mode, and
[Tue May 26 05:57:45.925408 2026] [wsgi:error] [pid 11:tid 139928662329024] we strongly recommend against using it for new projects.
[Tue May 26 05:57:45.925410 2026] [wsgi:error] [pid 11:tid 139928662329024]
[Tue May 26 05:57:45.925411 2026] [wsgi:error] [pid 11:tid 139928662329024] If you are already using Eventlet, we recommend migrating to a different
[Tue May 26 05:57:45.925412 2026] [wsgi:error] [pid 11:tid 139928662329024] framework. For more detail see
[Tue May 26 05:57:45.925413 2026] [wsgi:error] [pid 11:tid 139928662329024] https://eventlet.readthedocs.io/en/latest/asyncio/migration.html
[Tue May 26 05:57:45.925414 2026] [wsgi:error] [pid 11:tid 139928662329024]
[Tue May 26 05:57:45.925415 2026] [wsgi:error] [pid 11:tid 139928662329024] __import__(import_str)
[Tue May 26 05:57:50.479519 2026] [wsgi:error] [pid 11:tid 139928662329024] [remote 10.0.0.40:33262] 2026-05-26 05:57:50.476 11 WARNING keystone.identity.core [None req-f3fa7330-fc78-4e2c-b86c-13f9eb0b5aec - - - - - -] Invalid domain name (atmosphere) found in config file name: keystone.exception.DomainNotFound: Could not find domain: atmosphere.
[Tue May 26 05:57:50.524444 2026] [wsgi:error] [pid 11:tid 139928662329024] [remote 10.0.0.40:33262] 2026-05-26 05:57:50.524 11 WARNING keystone.common.password_hashing [None req-f3fa7330-fc78-4e2c-b86c-13f9eb0b5aec - - - - - -] Truncating password to algorithm specific maximum length 72 characters.
[Tue May 26 05:57:50.799335 2026] [wsgi:error] [pid 11:tid 139928662329024] [remote 10.0.0.40:33262] 2026-05-26 05:57:50.799 11 WARNING keystone.common.fernet_utils [None req-f3fa7330-fc78-4e2c-b86c-13f9eb0b5aec - - - - - -] key_repository is world readable: /etc/keystone/fernet-keys/ 10.0.0.40 - - [26/May/2026:05:57:45 +0000] "POST /v3/auth/tokens HTTP/1.1" 201 1360
[Tue May 26 05:57:51.124439 2026] [wsgi:error] [pid 10:tid 139928662329024] [remote 10.0.0.40:33262] 2026-05-26 05:57:51.121 10 WARNING keystone.identity.core [None req-5fc128df-588a-4c4d-9a61-3b97e0a22eea - - - - - -] Invalid domain name (atmosphere) found in config file name: keystone.exception.DomainNotFound: Could not find domain: atmosphere. 10.0.0.40 - - [26/May/2026:05:57:50 +0000] "POST /v3/domains HTTP/1.1" 201 261 10.0.0.116 - - [26/May/2026:05:58:01 +0000] "GET / HTTP/1.1" 300 295
[Tue May 26 05:58:02.230378 2026] [wsgi:error] [pid 9:tid 139928662329024] [remote 10.0.0.116:49342] 2026-05-26 05:58:02.229 9 WARNING keystone.common.password_hashing [None req-8ec479b4-1542-4425-9edb-21bb9a9ab85e - - - - - -] Truncating password to algorithm specific maximum length 72 characters.
[Tue May 26 05:58:02.498954 2026] [wsgi:error] [pid 9:tid 139928662329024] [remote 10.0.0.116:49342] 2026-05-26 05:58:02.498 9 WARNING keystone.common.fernet_utils [None req-8ec479b4-1542-4425-9edb-21bb9a9ab85e - - - - - -] key_repository is world readable: /etc/keystone/fernet-keys/ 10.0.0.116 - - [26/May/2026:05:58:01 +0000] "POST /v3/auth/tokens HTTP/1.1" 201 1360 10.0.0.116 - - [26/May/2026:05:58:02 +0000] "GET /v3/roles/admin HTTP/1.1" 404 83
[Tue May 26 05:58:02.698446 2026] [wsgi:error] [pid 10:tid 139928662329024] [remote 10.0.0.116:49342] 2026-05-26 05:58:02.698 10 WARNING keystone.common.rbac_enforcer.enforcer [None req-992fff8a-5562-423d-b012-b41e9808146d 9c78ad6c057644abb303f4843875244c c32b345d5c964908ba02d57394a073c0 - - default default] Deprecated policy rules found. Use oslopolicy-policy-generator and oslopolicy-policy-upgrade to detect and resolve deprecated policies in your configuration. 10.0.0.116 - - [26/May/2026:05:58:02 +0000] "GET /v3/roles?name=admin HTTP/1.1" 200 389
[Tue May 26 05:58:03.029010 2026] [wsgi:error] [pid 12:tid 139928662329024] [remote 10.0.0.116:49342] 2026-05-26 05:58:03.028 12 WARNING keystone.common.rbac_enforcer.enforcer [None req-628704cb-210b-46fc-b2f5-c0da96bbec98 9c78ad6c057644abb303f4843875244c c32b345d5c964908ba02d57394a073c0 - - default default] Deprecated policy rules found. Use oslopolicy-policy-generator and oslopolicy-policy-upgrade to detect and resolve deprecated policies in your configuration. 10.0.0.116 - - [26/May/2026:05:58:02 +0000] "GET /v3/users/admin-RegionOne HTTP/1.1" 404 93
[Tue May 26 05:58:03.174151 2026] [wsgi:error] [pid 9:tid 139928662329024] [remote 10.0.0.116:49342] 2026-05-26 05:58:03.173 9 WARNING keystone.common.rbac_enforcer.enforcer [None req-1d34e34c-b655-4d5b-912c-1e42079412be 9c78ad6c057644abb303f4843875244c c32b345d5c964908ba02d57394a073c0 - - default default] Deprecated policy rules found. Use oslopolicy-policy-generator and oslopolicy-policy-upgrade to detect and resolve deprecated policies in your configuration. 10.0.0.116 - - [26/May/2026:05:58:03 +0000] "GET /v3/users?name=admin-RegionOne HTTP/1.1" 200 422
[Tue May 26 05:58:03.358114 2026] [wsgi:error] [pid 11:tid 139928662329024] [remote 10.0.0.116:49342] 2026-05-26 05:58:03.357 11 WARNING keystone.common.rbac_enforcer.enforcer [None req-d11eef84-0488-4ee6-bec7-dba1ec3c1be3 9c78ad6c057644abb303f4843875244c c32b345d5c964908ba02d57394a073c0 - - default default] Deprecated policy rules found. Use oslopolicy-policy-generator and oslopolicy-policy-upgrade to detect and resolve deprecated policies in your configuration. 10.0.0.116 - - [26/May/2026:05:58:03 +0000] "GET /v3/domains/default HTTP/1.1" 200 224 10.0.0.116 - - [26/May/2026:05:58:03 +0000] "PUT /v3/domains/default/users/9c78ad6c057644abb303f4843875244c/roles/efe59fdf85b34a7082042f3e2efd1f05 HTTP/1.1" 204 - 10.0.0.2 - - [26/May/2026:05:58:13 +0000] "GET / HTTP/1.1" 300 281 10.0.0.2 - - [26/May/2026:05:58:14 +0000] "GET /v3 HTTP/1.1" 200 266
[Tue May 26 05:58:14.975942 2026] [wsgi:error] [pid 11:tid 139928662329024] [remote 10.0.0.2:47234] 2026-05-26 05:58:14.975 11 WARNING keystone.common.password_hashing [None req-c9bacf17-1dff-4f3d-a256-8b3da0493bed - - - - - -] Truncating password to algorithm specific maximum length 72 characters.
[Tue May 26 05:58:15.264207 2026] [wsgi:error] [pid 11:tid 139928662329024] [remote 10.0.0.2:47234] 2026-05-26 05:58:15.263 11 WARNING keystone.common.fernet_utils [None req-c9bacf17-1dff-4f3d-a256-8b3da0493bed - - - - - -] key_repository is world readable: /etc/keystone/fernet-keys/ 10.0.0.2 - - [26/May/2026:05:58:14 +0000] "POST /v3/auth/tokens HTTP/1.1" 201 1360 10.0.0.2 - - [26/May/2026:05:58:15 +0000] "GET / HTTP/1.1" 300 281 10.0.0.2 - - [26/May/2026:05:58:15 +0000] "GET /v3/domains/atmosphere HTTP/1.1" 404 90 10.0.0.2 - - [26/May/2026:05:58:15 +0000] "GET /v3/domains?name=atmosphere HTTP/1.1" 200 370 10.0.0.2 - - [26/May/2026:05:58:15 +0000] "GET /v3/domains/eb613904f2fe4ab99c122bee0b0b6b29 HTTP/1.1" 200 247 10.0.0.2 - - [26/May/2026:05:58:16 +0000] "GET /v3 HTTP/1.1" 200 266
[Tue May 26 05:58:16.407787 2026] [wsgi:error] [pid 12:tid 139928662329024] [remote 10.0.0.2:47218] 2026-05-26 05:58:16.407 12 WARNING keystone.common.password_hashing [None req-eb66811b-f897-4faf-bc49-fc6534e1b3d6 - - - - - -] Truncating password to algorithm specific maximum length 72 characters.
[Tue May 26 05:58:16.679217 2026] [wsgi:error] [pid 12:tid 139928662329024] [remote 10.0.0.2:47218] 2026-05-26 05:58:16.679 12 WARNING keystone.common.fernet_utils [None req-eb66811b-f897-4faf-bc49-fc6534e1b3d6 - - - - - -] key_repository is world readable: /etc/keystone/fernet-keys/ 10.0.0.2 - - [26/May/2026:05:58:16 +0000] "POST /v3/auth/tokens HTTP/1.1" 201 1360 10.0.0.2 - - [26/May/2026:05:58:16 +0000] "GET / HTTP/1.1" 300 281 10.0.0.2 - - [26/May/2026:05:58:16 +0000] "GET /v3/OS-FEDERATION/identity_providers/atmosphere HTTP/1.1" 404 101 10.0.0.2 - - [26/May/2026:05:58:16 +0000] "GET /v3/OS-FEDERATION/identity_providers HTTP/1.1" 200 156 10.0.0.2 - - [26/May/2026:05:58:16 +0000] "PUT /v3/OS-FEDERATION/identity_providers/atmosphere HTTP/1.1" 201 342 10.0.0.2 - - [26/May/2026:05:58:17 +0000] "GET /v3 HTTP/1.1" 200 266
[Tue May 26 05:58:17.500503 2026] [wsgi:error] [pid 11:tid 139928662329024] [remote 10.0.0.2:47218] 2026-05-26 05:58:17.500 11 WARNING keystone.common.password_hashing [None req-85d0ff54-0f78-4e00-a4cc-545b44709efb - - - - - -] Truncating password to algorithm specific maximum length 72 characters.
[Tue May 26 05:58:17.788294 2026] [wsgi:error] [pid 11:tid 139928662329024] [remote 10.0.0.2:47218] 2026-05-26 05:58:17.788 11 WARNING keystone.common.fernet_utils [None req-85d0ff54-0f78-4e00-a4cc-545b44709efb - - - - - -] key_repository is world readable: /etc/keystone/fernet-keys/ 10.0.0.2 - - [26/May/2026:05:58:17 +0000] "POST /v3/auth/tokens HTTP/1.1" 201 1360 10.0.0.2 - - [26/May/2026:05:58:17 +0000] "GET / HTTP/1.1" 300 281 10.0.0.2 - - [26/May/2026:05:58:17 +0000] "GET /v3/OS-FEDERATION/mappings/atmosphere-openid HTTP/1.1" 404 98 10.0.0.2 - - [26/May/2026:05:58:17 +0000] "GET /v3/OS-FEDERATION/mappings HTTP/1.1" 200 136 10.0.0.2 - - [26/May/2026:05:58:17 +0000] "PUT /v3/OS-FEDERATION/mappings/atmosphere-openid HTTP/1.1" 201 357 10.0.0.2 - - [26/May/2026:05:58:18 +0000] "GET /v3 HTTP/1.1" 200 266
[Tue May 26 05:58:18.701692 2026] [wsgi:error] [pid 12:tid 139928662329024] [remote 10.0.0.2:47234] 2026-05-26 05:58:18.701 12 WARNING keystone.common.password_hashing [None req-9d6dced5-cff2-4d63-bc50-1cef9bf237cf - - - - - -] Truncating password to algorithm specific maximum length 72 characters.
[Tue May 26 05:58:18.969550 2026] [wsgi:error] [pid 12:tid 139928662329024] [remote 10.0.0.2:47234] 2026-05-26 05:58:18.969 12 WARNING keystone.common.fernet_utils [None req-9d6dced5-cff2-4d63-bc50-1cef9bf237cf - - - - - -] key_repository is world readable: /etc/keystone/fernet-keys/ 10.0.0.2 - - [26/May/2026:05:58:18 +0000] "POST /v3/auth/tokens HTTP/1.1" 201 1360 10.0.0.2 - - [26/May/2026:05:58:18 +0000] "GET / HTTP/1.1" 300 281 10.0.0.2 - - [26/May/2026:05:58:18 +0000] "GET /v3/OS-FEDERATION/identity_providers/atmosphere/protocols/openid?idp_id=atmosphere HTTP/1.1" 404 131 10.0.0.2 - - [26/May/2026:05:58:19 +0000] "GET /v3/OS-FEDERATION/identity_providers/atmosphere/protocols HTTP/1.1" 200 168 10.0.0.2 - - [26/May/2026:05:58:19 +0000] "PUT /v3/OS-FEDERATION/identity_providers/atmosphere/protocols/openid HTTP/1.1" 201 224 10.0.0.2 - - [26/May/2026:05:58:27 +0000] "GET /v3/ HTTP/1.1" 200 249 10.0.0.2 - - [26/May/2026:05:58:27 +0000] "GET /v3/ HTTP/1.1" 200 249 10.0.0.2 - - [26/May/2026:05:59:27 +0000] "GET /v3/ HTTP/1.1" 200 249 10.0.0.2 - - [26/May/2026:05:59:27 +0000] "GET /v3/ HTTP/1.1" 200 249 10.0.0.182 - - [26/May/2026:05:59:36 +0000] "GET / HTTP/1.1" 300 295
[Tue May 26 05:59:36.872352 2026] [wsgi:error] [pid 9:tid 139928662329024] [remote 10.0.0.182:50872] 2026-05-26 05:59:36.872 9 WARNING keystone.common.password_hashing [None req-cc49a255-5251-4368-bcfe-9c5b68eba59b - - - - - -] Truncating password to algorithm specific maximum length 72 characters.
[Tue May 26 05:59:37.152273 2026] [wsgi:error] [pid 9:tid 139928662329024] [remote 10.0.0.182:50872] 2026-05-26 05:59:37.152 9 WARNING keystone.common.fernet_utils [None req-cc49a255-5251-4368-bcfe-9c5b68eba59b - - - - - -] key_repository is world readable: /etc/keystone/fernet-keys/ 10.0.0.182 - - [26/May/2026:05:59:36 +0000] "POST /v3/auth/tokens HTTP/1.1" 201 1360 10.0.0.182 - - [26/May/2026:05:59:37 +0000] "GET /v3/services HTTP/1.1" 200 355 10.0.0.182 - - [26/May/2026:05:59:40 +0000] "GET / HTTP/1.1" 300 295
[Tue May 26 05:59:40.724412 2026] [wsgi:error] [pid 11:tid 139928662329024] [remote 10.0.0.182:49718] 2026-05-26 05:59:40.724 11 WARNING keystone.common.password_hashing [None req-daae3c76-fe44-40c9-a13c-9210894b1239 - - - - - -] Truncating password to algorithm specific maximum length 72 characters.
[Tue May 26 05:59:40.992394 2026] [wsgi:error] [pid 11:tid 139928662329024] [remote 10.0.0.182:49718] 2026-05-26 05:59:40.992 11 WARNING keystone.common.fernet_utils [None req-daae3c76-fe44-40c9-a13c-9210894b1239 - - - - - -] key_repository is world readable: /etc/keystone/fernet-keys/ 10.0.0.182 - - [26/May/2026:05:59:40 +0000] "POST /v3/auth/tokens HTTP/1.1" 201 1360 10.0.0.182 - - [26/May/2026:05:59:41 +0000] "GET /v3/services HTTP/1.1" 200 355 10.0.0.182 - - [26/May/2026:05:59:44 +0000] "GET / HTTP/1.1" 300 295
[Tue May 26 05:59:44.633015 2026] [wsgi:error] [pid 10:tid 139928662329024] [remote 10.0.0.182:49724] 2026-05-26 05:59:44.632 10 WARNING keystone.common.password_hashing [None req-0b0815cb-bef4-4cf1-912a-3f9be2895eb4 - - - - - -] Truncating password to algorithm specific maximum length 72 characters.
[Tue May 26 05:59:44.904598 2026] [wsgi:error] [pid 10:tid 139928662329024] [remote 10.0.0.182:49724] 2026-05-26 05:59:44.904 10 WARNING keystone.common.fernet_utils [None req-0b0815cb-bef4-4cf1-912a-3f9be2895eb4 - - - - - -] key_repository is world readable: /etc/keystone/fernet-keys/ 10.0.0.182 - - [26/May/2026:05:59:44 +0000] "POST /v3/auth/tokens HTTP/1.1" 201 1360 10.0.0.182 - - [26/May/2026:05:59:45 +0000] "GET /v3/services HTTP/1.1" 200 355 10.0.0.182 - - [26/May/2026:05:59:48 +0000] "GET / HTTP/1.1" 300 295
[Tue May 26 05:59:48.446061 2026] [wsgi:error] [pid 12:tid 139928662329024] [remote 10.0.0.182:34954] 2026-05-26 05:59:48.445 12 WARNING keystone.common.password_hashing [None req-28504d89-308c-4bdf-b2b1-4f06bda263b3 - - - - - -] Truncating password to algorithm specific maximum length 72 characters.
[Tue May 26 05:59:48.720985 2026] [wsgi:error] [pid 12:tid 139928662329024] [remote 10.0.0.182:34954] 2026-05-26 05:59:48.720 12 WARNING keystone.common.fernet_utils [None req-28504d89-308c-4bdf-b2b1-4f06bda263b3 - - - - - -] key_repository is world readable: /etc/keystone/fernet-keys/ 10.0.0.182 - - [26/May/2026:05:59:48 +0000] "POST /v3/auth/tokens HTTP/1.1" 201 1360 10.0.0.182 - - [26/May/2026:05:59:48 +0000] "POST /v3/services HTTP/1.1" 201 296 10.0.0.246 - - [26/May/2026:05:59:59 +0000] "GET / HTTP/1.1" 300 295
[Tue May 26 05:59:59.303252 2026] [wsgi:error] [pid 9:tid 139928662329024] [remote 10.0.0.246:45220] 2026-05-26 05:59:59.303 9 WARNING keystone.common.password_hashing [None req-02ea19a0-acdd-4610-a22d-f38c7c786a9d - - - - - -] Truncating password to algorithm specific maximum length 72 characters. 10.0.0.246 - - [26/May/2026:05:59:59 +0000] "GET / HTTP/1.1" 300 295 10.0.0.246 - - [26/May/2026:05:59:59 +0000] "GET / HTTP/1.1" 300 295
[Tue May 26 05:59:59.327698 2026] [wsgi:error] [pid 10:tid 139928662329024] [remote 10.0.0.246:45224] 2026-05-26 05:59:59.327 10 WARNING keystone.common.password_hashing [None req-ef6dce4f-0bc0-415a-9bdb-29a63ed4fc62 - - - - - -] Truncating password to algorithm specific maximum length 72 characters.
[Tue May 26 05:59:59.337484 2026] [wsgi:error] [pid 12:tid 139928662329024] [remote 10.0.0.246:45240] 2026-05-26 05:59:59.337 12 WARNING keystone.common.password_hashing [None req-ba75809d-f7a9-4756-a1cc-487c0dd8f701 - - - - - -] Truncating password to algorithm specific maximum length 72 characters.
[Tue May 26 05:59:59.578842 2026] [wsgi:error] [pid 9:tid 139928662329024] [remote 10.0.0.246:45220] 2026-05-26 05:59:59.578 9 WARNING keystone.common.fernet_utils [None req-02ea19a0-acdd-4610-a22d-f38c7c786a9d - - - - - -] key_repository is world readable: /etc/keystone/fernet-keys/ 10.0.0.246 - - [26/May/2026:05:59:59 +0000] "POST /v3/auth/tokens HTTP/1.1" 201 1464
[Tue May 26 05:59:59.604125 2026] [wsgi:error] [pid 12:tid 139928662329024] [remote 10.0.0.246:45240] 2026-05-26 05:59:59.603 12 WARNING keystone.common.fernet_utils [None req-ba75809d-f7a9-4756-a1cc-487c0dd8f701 - - - - - -] key_repository is world readable: /etc/keystone/fernet-keys/ 10.0.0.246 - - [26/May/2026:05:59:59 +0000] "POST /v3/auth/tokens HTTP/1.1" 201 1464
[Tue May 26 05:59:59.614703 2026] [wsgi:error] [pid 10:tid 139928662329024] [remote 10.0.0.246:45224] 2026-05-26 05:59:59.614 10 WARNING keystone.common.fernet_utils [None req-ef6dce4f-0bc0-415a-9bdb-29a63ed4fc62 - - - - - -] key_repository is world readable: /etc/keystone/fernet-keys/ 10.0.0.246 - - [26/May/2026:05:59:59 +0000] "POST /v3/auth/tokens HTTP/1.1" 201 1464 10.0.0.246 - - [26/May/2026:05:59:59 +0000] "GET /v3/services HTTP/1.1" 200 639 10.0.0.246 - - [26/May/2026:05:59:59 +0000] "GET /v3/services HTTP/1.1" 200 639 10.0.0.246 - - [26/May/2026:05:59:59 +0000] "GET /v3/services HTTP/1.1" 200 639 10.0.0.246 - - [26/May/2026:06:00:01 +0000] "GET / HTTP/1.1" 300 295
[Tue May 26 06:00:01.161549 2026] [wsgi:error] [pid 11:tid 139928662329024] [remote 10.0.0.246:45246] 2026-05-26 06:00:01.161 11 WARNING keystone.common.password_hashing [None req-2951d758-d2fa-4c16-acac-f8d4bc11de27 - - - - - -] Truncating password to algorithm specific maximum length 72 characters. 10.0.0.246 - - [26/May/2026:06:00:01 +0000] "GET / HTTP/1.1" 300 295
[Tue May 26 06:00:01.223681 2026] [wsgi:error] [pid 12:tid 139928662329024] [remote 10.0.0.246:45262] 2026-05-26 06:00:01.223 12 WARNING keystone.common.password_hashing [None req-25699908-e367-4410-8a3d-bf1f75a50cd2 - - - - - -] Truncating password to algorithm specific maximum length 72 characters. 10.0.0.246 - - [26/May/2026:06:00:01 +0000] "GET / HTTP/1.1" 300 295
[Tue May 26 06:00:01.255422 2026] [wsgi:error] [pid 9:tid 139928662329024] [remote 10.0.0.246:45274] 2026-05-26 06:00:01.255 9 WARNING keystone.common.password_hashing [None req-e85e6f8d-2106-4238-8d01-c8c3f74f6070 - - - - - -] Truncating password to algorithm specific maximum length 72 characters.
[Tue May 26 06:00:01.445149 2026] [wsgi:error] [pid 11:tid 139928662329024] [remote 10.0.0.246:45246] 2026-05-26 06:00:01.445 11 WARNING keystone.common.fernet_utils [None req-2951d758-d2fa-4c16-acac-f8d4bc11de27 - - - - - -] key_repository is world readable: /etc/keystone/fernet-keys/ 10.0.0.246 - - [26/May/2026:06:00:01 +0000] "POST /v3/auth/tokens HTTP/1.1" 201 1464
[Tue May 26 06:00:01.492942 2026] [wsgi:error] [pid 12:tid 139928662329024] [remote 10.0.0.246:45262] 2026-05-26 06:00:01.492 12 WARNING keystone.common.fernet_utils [None req-25699908-e367-4410-8a3d-bf1f75a50cd2 - - - - - -] key_repository is world readable: /etc/keystone/fernet-keys/ 10.0.0.246 - - [26/May/2026:06:00:01 +0000] "POST /v3/auth/tokens HTTP/1.1" 201 1464
[Tue May 26 06:00:01.538492 2026] [wsgi:error] [pid 9:tid 139928662329024] [remote 10.0.0.246:45274] 2026-05-26 06:00:01.538 9 WARNING keystone.common.fernet_utils [None req-e85e6f8d-2106-4238-8d01-c8c3f74f6070 - - - - - -] key_repository is world readable: /etc/keystone/fernet-keys/ 10.0.0.246 - - [26/May/2026:06:00:01 +0000] "POST /v3/auth/tokens HTTP/1.1" 201 1464 10.0.0.246 - - [26/May/2026:06:00:01 +0000] "GET /v3/endpoints HTTP/1.1" 200 1227 10.0.0.246 - - [26/May/2026:06:00:01 +0000] "GET /v3/services/bd78d922bee946648a666e1de5e7c619 HTTP/1.1" 200 233 10.0.0.246 - - [26/May/2026:06:00:01 +0000] "GET /v3/endpoints HTTP/1.1" 200 1227 10.0.0.246 - - [26/May/2026:06:00:01 +0000] "GET /v3/services/bd78d922bee946648a666e1de5e7c619 HTTP/1.1" 200 233 10.0.0.246 - - [26/May/2026:06:00:01 +0000] "GET /v3/services/bd78d922bee946648a666e1de5e7c619 HTTP/1.1" 200 233 10.0.0.246 - - [26/May/2026:06:00:01 +0000] "GET /v3/services/bd78d922bee946648a666e1de5e7c619 HTTP/1.1" 200 233 10.0.0.246 - - [26/May/2026:06:00:01 +0000] "GET /v3/services/bd78d922bee946648a666e1de5e7c619 HTTP/1.1" 200 233 10.0.0.246 - - [26/May/2026:06:00:01 +0000] "GET /v3/services/bd78d922bee946648a666e1de5e7c619 HTTP/1.1" 200 233 10.0.0.246 - - [26/May/2026:06:00:01 +0000] "GET /v3/endpoints HTTP/1.1" 200 1227 10.0.0.246 - - [26/May/2026:06:00:01 +0000] "GET /v3/services/bd78d922bee946648a666e1de5e7c619 HTTP/1.1" 200 233 10.0.0.246 - - [26/May/2026:06:00:01 +0000] "GET /v3/services/bd78d922bee946648a666e1de5e7c619 HTTP/1.1" 200 233 10.0.0.246 - - [26/May/2026:06:00:01 +0000] "GET /v3/services/bd78d922bee946648a666e1de5e7c619 HTTP/1.1" 200 233 10.0.0.246 - - [26/May/2026:06:00:02 +0000] "GET / HTTP/1.1" 300 295
[Tue May 26 06:00:02.947369 2026] [wsgi:error] [pid 12:tid 139928662329024] [remote 10.0.0.246:45290] 2026-05-26 06:00:02.947 12 WARNING keystone.common.password_hashing [None req-3c770053-ac12-4fd6-b62a-7032a6b820ab - - - - - -] Truncating password to algorithm specific maximum length 72 characters. 10.0.0.246 - - [26/May/2026:06:00:03 +0000] "GET / HTTP/1.1" 300 295
[Tue May 26 06:00:03.063243 2026] [wsgi:error] [pid 10:tid 139928662329024] [remote 10.0.0.246:45294] 2026-05-26 06:00:03.063 10 WARNING keystone.common.password_hashing [None req-dca6e86e-1b30-4f0e-a7f5-ac5ee53d6fab - - - - - -] Truncating password to algorithm specific maximum length 72 characters.
[Tue May 26 06:00:03.218118 2026] [wsgi:error] [pid 12:tid 139928662329024] [remote 10.0.0.246:45290] 2026-05-26 06:00:03.217 12 WARNING keystone.common.fernet_utils [None req-3c770053-ac12-4fd6-b62a-7032a6b820ab - - - - - -] key_repository is world readable: /etc/keystone/fernet-keys/ 10.0.0.246 - - [26/May/2026:06:00:02 +0000] "POST /v3/auth/tokens HTTP/1.1" 201 1464 10.0.0.246 - - [26/May/2026:06:00:03 +0000] "GET / HTTP/1.1" 300 295
[Tue May 26 06:00:03.244567 2026] [wsgi:error] [pid 11:tid 139928662329024] [remote 10.0.0.246:45308] 2026-05-26 06:00:03.244 11 WARNING keystone.common.password_hashing [None req-6880a186-41e6-49bb-a4a4-2fb0b10837b6 - - - - - -] Truncating password to algorithm specific maximum length 72 characters. 10.0.0.246 - - [26/May/2026:06:00:03 +0000] "GET /v3/services/36f33c346ee3457f8e3b6e2325b38b35 HTTP/1.1" 200 296
[Tue May 26 06:00:03.344059 2026] [wsgi:error] [pid 10:tid 139928662329024] [remote 10.0.0.246:45294] 2026-05-26 06:00:03.343 10 WARNING keystone.common.fernet_utils [None req-dca6e86e-1b30-4f0e-a7f5-ac5ee53d6fab - - - - - -] key_repository is world readable: /etc/keystone/fernet-keys/ 10.0.0.246 - - [26/May/2026:06:00:03 +0000] "POST /v3/auth/tokens HTTP/1.1" 201 1464 10.0.0.246 - - [26/May/2026:06:00:03 +0000] "GET /v3/regions/RegionOne HTTP/1.1" 200 173 10.0.0.246 - - [26/May/2026:06:00:03 +0000] "GET /v3/services/36f33c346ee3457f8e3b6e2325b38b35 HTTP/1.1" 200 296 10.0.0.246 - - [26/May/2026:06:00:03 +0000] "GET /v3/regions/RegionOne HTTP/1.1" 200 173 10.0.0.246 - - [26/May/2026:06:00:03 +0000] "POST /v3/endpoints HTTP/1.1" 201 370
[Tue May 26 06:00:03.519003 2026] [wsgi:error] [pid 11:tid 139928662329024] [remote 10.0.0.246:45308] 2026-05-26 06:00:03.518 11 WARNING keystone.common.fernet_utils [None req-6880a186-41e6-49bb-a4a4-2fb0b10837b6 - - - - - -] key_repository is world readable: /etc/keystone/fernet-keys/ 10.0.0.246 - - [26/May/2026:06:00:03 +0000] "POST /v3/endpoints HTTP/1.1" 201 380 10.0.0.246 - - [26/May/2026:06:00:03 +0000] "POST /v3/auth/tokens HTTP/1.1" 201 1810 10.0.0.246 - - [26/May/2026:06:00:03 +0000] "GET /v3/services/36f33c346ee3457f8e3b6e2325b38b35 HTTP/1.1" 200 296 10.0.0.246 - - [26/May/2026:06:00:03 +0000] "GET /v3/regions/RegionOne HTTP/1.1" 200 173 10.0.0.246 - - [26/May/2026:06:00:03 +0000] "POST /v3/endpoints HTTP/1.1" 201 383 10.0.0.246 - - [26/May/2026:06:00:04 +0000] "GET / HTTP/1.1" 300 295
[Tue May 26 06:00:04.777996 2026] [wsgi:error] [pid 9:tid 139928662329024] [remote 10.0.0.246:45318] 2026-05-26 06:00:04.777 9 WARNING keystone.common.password_hashing [None req-2924a0d5-2547-46f0-afdc-d0862cdade0b - - - - - -] Truncating password to algorithm specific maximum length 72 characters. 10.0.0.246 - - [26/May/2026:06:00:04 +0000] "GET / HTTP/1.1" 300 295
[Tue May 26 06:00:04.837985 2026] [wsgi:error] [pid 12:tid 139928662329024] [remote 10.0.0.246:45326] 2026-05-26 06:00:04.837 12 WARNING keystone.common.password_hashing [None req-d3c27a5a-fea9-440e-8039-581450ebbf03 - - - - - -] Truncating password to algorithm specific maximum length 72 characters. 10.0.0.246 - - [26/May/2026:06:00:05 +0000] "GET / HTTP/1.1" 300 295
[Tue May 26 06:00:05.040115 2026] [wsgi:error] [pid 10:tid 139928662329024] [remote 10.0.0.246:45328] 2026-05-26 06:00:05.039 10 WARNING keystone.common.password_hashing [None req-e6b0d57b-c9b9-4dd9-b7b9-dab0551a6c3e - - - - - -] Truncating password to algorithm specific maximum length 72 characters.
[Tue May 26 06:00:05.057005 2026] [wsgi:error] [pid 9:tid 139928662329024] [remote 10.0.0.246:45318] 2026-05-26 06:00:05.056 9 WARNING keystone.common.fernet_utils [None req-2924a0d5-2547-46f0-afdc-d0862cdade0b - - - - - -] key_repository is world readable: /etc/keystone/fernet-keys/ 10.0.0.246 - - [26/May/2026:06:00:04 +0000] "POST /v3/auth/tokens HTTP/1.1" 201 1992
[Tue May 26 06:00:05.120152 2026] [wsgi:error] [pid 12:tid 139928662329024] [remote 10.0.0.246:45326] 2026-05-26 06:00:05.119 12 WARNING keystone.common.fernet_utils [None req-d3c27a5a-fea9-440e-8039-581450ebbf03 - - - - - -] key_repository is world readable: /etc/keystone/fernet-keys/ 10.0.0.246 - - [26/May/2026:06:00:04 +0000] "POST /v3/auth/tokens HTTP/1.1" 201 1992 10.0.0.246 - - [26/May/2026:06:00:05 +0000] "GET /v3/endpoints/eb0c794211294fd6916f6d39eb4f3294 HTTP/1.1" 200 370 10.0.0.246 - - [26/May/2026:06:00:05 +0000] "GET /v3/services/36f33c346ee3457f8e3b6e2325b38b35 HTTP/1.1" 200 296 10.0.0.246 - - [26/May/2026:06:00:05 +0000] "GET /v3/endpoints/9ca4bccc615c441a8e97af175d36c24f HTTP/1.1" 200 380 10.0.0.246 - - [26/May/2026:06:00:05 +0000] "GET /v3/services/36f33c346ee3457f8e3b6e2325b38b35 HTTP/1.1" 200 296
[Tue May 26 06:00:05.312962 2026] [wsgi:error] [pid 10:tid 139928662329024] [remote 10.0.0.246:45328] 2026-05-26 06:00:05.312 10 WARNING keystone.common.fernet_utils [None req-e6b0d57b-c9b9-4dd9-b7b9-dab0551a6c3e - - - - - -] key_repository is world readable: /etc/keystone/fernet-keys/ 10.0.0.246 - - [26/May/2026:06:00:05 +0000] "POST /v3/auth/tokens HTTP/1.1" 201 1992 10.0.0.246 - - [26/May/2026:06:00:05 +0000] "GET /v3/endpoints/271c8a2011dd4487922b6718219f0e27 HTTP/1.1" 200 383 10.0.0.246 - - [26/May/2026:06:00:05 +0000] "GET /v3/services/36f33c346ee3457f8e3b6e2325b38b35 HTTP/1.1" 200 296 10.0.0.10 - - [26/May/2026:06:00:16 +0000] "GET / HTTP/1.1" 300 295
[Tue May 26 06:00:16.331805 2026] [wsgi:error] [pid 10:tid 139928662329024] [remote 10.0.0.10:46844] 2026-05-26 06:00:16.331 10 WARNING keystone.common.password_hashing [None req-c1ca3a52-d7bd-4dc4-82bd-2bf2f402ee0e - - - - - -] Truncating password to algorithm specific maximum length 72 characters.
[Tue May 26 06:00:16.620597 2026] [wsgi:error] [pid 10:tid 139928662329024] [remote 10.0.0.10:46844] 2026-05-26 06:00:16.620 10 WARNING keystone.common.fernet_utils [None req-c1ca3a52-d7bd-4dc4-82bd-2bf2f402ee0e - - - - - -] key_repository is world readable: /etc/keystone/fernet-keys/ 10.0.0.10 - - [26/May/2026:06:00:16 +0000] "POST /v3/auth/tokens HTTP/1.1" 201 1992 10.0.0.10 - - [26/May/2026:06:00:16 +0000] "POST /v3/domains HTTP/1.1" 201 284 10.0.0.10 - - [26/May/2026:06:00:18 +0000] "GET / HTTP/1.1" 300 295
[Tue May 26 06:00:18.228255 2026] [wsgi:error] [pid 11:tid 139928662329024] [remote 10.0.0.10:46856] 2026-05-26 06:00:18.228 11 WARNING keystone.common.password_hashing [None req-6e99101c-3358-4d31-8d80-210a3148f302 - - - - - -] Truncating password to algorithm specific maximum length 72 characters.
[Tue May 26 06:00:18.502670 2026] [wsgi:error] [pid 11:tid 139928662329024] [remote 10.0.0.10:46856] 2026-05-26 06:00:18.502 11 WARNING keystone.common.fernet_utils [None req-6e99101c-3358-4d31-8d80-210a3148f302 - - - - - -] key_repository is world readable: /etc/keystone/fernet-keys/ 10.0.0.10 - - [26/May/2026:06:00:18 +0000] "POST /v3/auth/tokens HTTP/1.1" 201 1992
[Tue May 26 06:00:18.686184 2026] [wsgi:error] [pid 10:tid 139928662329024] [remote 10.0.0.10:46856] 2026-05-26 06:00:18.673 10 ERROR keystone.server.flask.application [None req-042e4542-00e6-44d5-80ab-f4078ff7bc43 9c78ad6c057644abb303f4843875244c c32b345d5c964908ba02d57394a073c0 - - default default] Conflict occurred attempting to store project - it is not permitted to have two projects acting as domains with the same name: service.: keystone.exception.Conflict: Conflict occurred attempting to store project - it is not permitted to have two projects acting as domains with the same name: service.
[Tue May 26 06:00:18.686213 2026] [wsgi:error] [pid 10:tid 139928662329024] [remote 10.0.0.10:46856] 2026-05-26 06:00:18.673 10 ERROR keystone.server.flask.application
Traceback (most recent call last):
[Tue May 26 06:00:18.686215 2026] [wsgi:error] [pid 10:tid 139928662329024] [remote 10.0.0.10:46856] 2026-05-26 06:00:18.673 10 ERROR keystone.server.flask.application
File "/var/lib/openstack/lib/python3.12/site-packages/sqlalchemy/engine/base.py", line 1967, in _exec_single_context
[Tue May 26 06:00:18.686218 2026] [wsgi:error] [pid 10:tid 139928662329024] [remote 10.0.0.10:46856] 2026-05-26 06:00:18.673 10 ERROR keystone.server.flask.application self.dialect.do_execute(
[Tue May 26 06:00:18.686220 2026] [wsgi:error] [pid 10:tid 139928662329024] [remote 10.0.0.10:46856] 2026-05-26 06:00:18.673 10 ERROR keystone.server.flask.application
File "/var/lib/openstack/lib/python3.12/site-packages/sqlalchemy/engine/default.py", line 952, in do_execute
[Tue May 26 06:00:18.686222 2026] [wsgi:error] [pid 10:tid 139928662329024] [remote 10.0.0.10:46856] 2026-05-26 06:00:18.673 10 ERROR keystone.server.flask.application cursor.execute(statement, parameters)
[Tue May 26 06:00:18.686224 2026] [wsgi:error] [pid 10:tid 139928662329024] [remote 10.0.0.10:46856] 2026-05-26 06:00:18.673 10 ERROR keystone.server.flask.application
File "/var/lib/openstack/lib/python3.12/site-packages/pymysql/cursors.py", line 157, in execute
[Tue May 26 06:00:18.686226 2026] [wsgi:error] [pid 10:tid 139928662329024] [remote 10.0.0.10:46856] 2026-05-26 06:00:18.673 10 ERROR keystone.server.flask.application result = self._query(query)
[Tue May 26 06:00:18.686228 2026] [wsgi:error] [pid 10:tid 139928662329024] [remote 10.0.0.10:46856] 2026-05-26 06:00:18.673 10 ERROR keystone.server.flask.application ^^^^^^^^^^^^^^^^^^
[Tue May 26 06:00:18.686230 2026] [wsgi:error] [pid 10:tid 139928662329024] [remote 10.0.0.10:46856] 2026-05-26 06:00:18.673 10 ERROR keystone.server.flask.application
File "/var/lib/openstack/lib/python3.12/site-packages/pymysql/cursors.py", line 328, in _query
[Tue May 26 06:00:18.686232 2026] [wsgi:error] [pid 10:tid 139928662329024] [remote 10.0.0.10:46856] 2026-05-26 06:00:18.673 10 ERROR keystone.server.flask.application conn.query(q)
[Tue May 26 06:00:18.686234 2026] [wsgi:error] [pid 10:tid 139928662329024] [remote 10.0.0.10:46856] 2026-05-26 06:00:18.673 10 ERROR keystone.server.flask.application
File "/var/lib/openstack/lib/python3.12/site-packages/pymysql/connections.py", line 575, in query
[Tue May 26 06:00:18.686236 2026] [wsgi:error] [pid 10:tid 139928662329024] [remote 10.0.0.10:46856] 2026-05-26 06:00:18.673 10 ERROR keystone.server.flask.application self._affected_rows = self._read_query_result(unbuffered=unbuffered)
[Tue May 26 06:00:18.686238 2026] [wsgi:error] [pid 10:tid 139928662329024] [remote 10.0.0.10:46856] 2026-05-26 06:00:18.673 10 ERROR keystone.server.flask.application ^^^^^^^^^^^^^^^^^^^^^^^^^^^^^^^^^^^^^^^^^^^^^^
[Tue May 26 06:00:18.686240 2026] [wsgi:error] [pid 10:tid 139928662329024] [remote 10.0.0.10:46856] 2026-05-26 06:00:18.673 10 ERROR keystone.server.flask.application
File "/var/lib/openstack/lib/python3.12/site-packages/pymysql/connections.py", line 826, in _read_query_result
[Tue May 26 06:00:18.686243 2026] [wsgi:error] [pid 10:tid 139928662329024] [remote 10.0.0.10:46856] 2026-05-26 06:00:18.673 10 ERROR keystone.server.flask.application result.read()
[Tue May 26 06:00:18.686246 2026] [wsgi:error] [pid 10:tid 139928662329024] [remote 10.0.0.10:46856] 2026-05-26 06:00:18.673 10 ERROR keystone.server.flask.application
File "/var/lib/openstack/lib/python3.12/site-packages/pymysql/connections.py", line 1203, in read
[Tue May 26 06:00:18.686249 2026] [wsgi:error] [pid 10:tid 139928662329024] [remote 10.0.0.10:46856] 2026-05-26 06:00:18.673 10 ERROR keystone.server.flask.application first_packet = self.connection._read_packet()
[Tue May 26 06:00:18.686251 2026] [wsgi:error] [pid 10:tid 139928662329024] [remote 10.0.0.10:46856] 2026-05-26 06:00:18.673 10 ERROR keystone.server.flask.application ^^^^^^^^^^^^^^^^^^^^^^^^^^^^^^
[Tue May 26 06:00:18.686253 2026] [wsgi:error] [pid 10:tid 139928662329024] [remote 10.0.0.10:46856] 2026-05-26 06:00:18.673 10 ERROR keystone.server.flask.application
File "/var/lib/openstack/lib/python3.12/site-packages/pymysql/connections.py", line 782, in _read_packet
[Tue May 26 06:00:18.686256 2026] [wsgi:error] [pid 10:tid 139928662329024] [remote 10.0.0.10:46856] 2026-05-26 06:00:18.673 10 ERROR keystone.server.flask.application packet.raise_for_error()
[Tue May 26 06:00:18.686258 2026] [wsgi:error] [pid 10:tid 139928662329024] [remote 10.0.0.10:46856] 2026-05-26 06:00:18.673 10 ERROR keystone.server.flask.application
File "/var/lib/openstack/lib/python3.12/site-packages/pymysql/protocol.py", line 219, in raise_for_error
[Tue May 26 06:00:18.686260 2026] [wsgi:error] [pid 10:tid 139928662329024] [remote 10.0.0.10:46856] 2026-05-26 06:00:18.673 10 ERROR keystone.server.flask.application err.raise_mysql_exception(self._data)
[Tue May 26 06:00:18.686262 2026] [wsgi:error] [pid 10:tid 139928662329024] [remote 10.0.0.10:46856] 2026-05-26 06:00:18.673 10 ERROR keystone.server.flask.application
File "/var/lib/openstack/lib/python3.12/site-packages/pymysql/err.py", line 150, in raise_mysql_exception
[Tue May 26 06:00:18.686264 2026] [wsgi:error] [pid 10:tid 139928662329024] [remote 10.0.0.10:46856] 2026-05-26 06:00:18.673 10 ERROR keystone.server.flask.application raise errorclass(errno, errval)
[Tue May 26 06:00:18.686266 2026] [wsgi:error] [pid 10:tid 139928662329024] [remote 10.0.0.10:46856] 2026-05-26 06:00:18.673 10 ERROR keystone.server.flask.application pymysql.err.IntegrityError: (1062, "Duplicate entry '<>-service' for key 'project.ixu_project_name_domain_id'")
[Tue May 26 06:00:18.686269 2026] [wsgi:error] [pid 10:tid 139928662329024] [remote 10.0.0.10:46856] 2026-05-26 06:00:18.673 10 ERROR keystone.server.flask.application
[Tue May 26 06:00:18.686271 2026] [wsgi:error] [pid 10:tid 139928662329024] [remote 10.0.0.10:46856] 2026-05-26 06:00:18.673 10 ERROR keystone.server.flask.application The above exception was the direct cause of the following exception:
[Tue May 26 06:00:18.686273 2026] [wsgi:error] [pid 10:tid 139928662329024] [remote 10.0.0.10:46856] 2026-05-26 06:00:18.673 10 ERROR keystone.server.flask.application
[Tue May 26 06:00:18.686274 2026] [wsgi:error] [pid 10:tid 139928662329024] [remote 10.0.0.10:46856] 2026-05-26 06:00:18.673 10 ERROR keystone.server.flask.application
Traceback (most recent call last):
[Tue May 26 06:00:18.686276 2026] [wsgi:error] [pid 10:tid 139928662329024] [remote 10.0.0.10:46856] 2026-05-26 06:00:18.673 10 ERROR keystone.server.flask.application
File "/var/lib/openstack/lib/python3.12/site-packages/keystone/common/sql/core.py", line 575, in wrapper
[Tue May 26 06:00:18.686278 2026] [wsgi:error] [pid 10:tid 139928662329024] [remote 10.0.0.10:46856] 2026-05-26 06:00:18.673 10 ERROR keystone.server.flask.application return method(*args, **kwargs)
[Tue May 26 06:00:18.686280 2026] [wsgi:error] [pid 10:tid 139928662329024] [remote 10.0.0.10:46856] 2026-05-26 06:00:18.673 10 ERROR keystone.server.flask.application ^^^^^^^^^^^^^^^^^^^^^^^
[Tue May 26 06:00:18.686293 2026] [wsgi:error] [pid 10:tid 139928662329024] [remote 10.0.0.10:46856] 2026-05-26 06:00:18.673 10 ERROR keystone.server.flask.application
File "/var/lib/openstack/lib/python3.12/site-packages/keystone/resource/backends/sql.py", line 278, in create_project
[Tue May 26 06:00:18.686296 2026] [wsgi:error] [pid 10:tid 139928662329024] [remote 10.0.0.10:46856] 2026-05-26 06:00:18.673 10 ERROR keystone.server.flask.application with sql.session_for_write() as session:
[Tue May 26 06:00:18.686298 2026] [wsgi:error] [pid 10:tid 139928662329024] [remote 10.0.0.10:46856] 2026-05-26 06:00:18.673 10 ERROR keystone.server.flask.application
File "/usr/lib/python3.12/contextlib.py", line 144, in __exit__
[Tue May 26 06:00:18.686300 2026] [wsgi:error] [pid 10:tid 139928662329024] [remote 10.0.0.10:46856] 2026-05-26 06:00:18.673 10 ERROR keystone.server.flask.application next(self.gen)
[Tue May 26 06:00:18.686302 2026] [wsgi:error] [pid 10:tid 139928662329024] [remote 10.0.0.10:46856] 2026-05-26 06:00:18.673 10 ERROR keystone.server.flask.application
File "/var/lib/openstack/lib/python3.12/site-packages/oslo_db/sqlalchemy/enginefacade.py", line 1175, in _transaction_scope
[Tue May 26 06:00:18.686305 2026] [wsgi:error] [pid 10:tid 139928662329024] [remote 10.0.0.10:46856] 2026-05-26 06:00:18.673 10 ERROR keystone.server.flask.application with current._produce_block(
[Tue May 26 06:00:18.686307 2026] [wsgi:error] [pid 10:tid 139928662329024] [remote 10.0.0.10:46856] 2026-05-26 06:00:18.673 10 ERROR keystone.server.flask.application
File "/usr/lib/python3.12/contextlib.py", line 144, in __exit__
[Tue May 26 06:00:18.686309 2026] [wsgi:error] [pid 10:tid 139928662329024] [remote 10.0.0.10:46856] 2026-05-26 06:00:18.673 10 ERROR keystone.server.flask.application next(self.gen)
[Tue May 26 06:00:18.686311 2026] [wsgi:error] [pid 10:tid 139928662329024] [remote 10.0.0.10:46856] 2026-05-26 06:00:18.673 10 ERROR keystone.server.flask.application
File "/var/lib/openstack/lib/python3.12/site-packages/oslo_db/sqlalchemy/enginefacade.py", line 837, in _session
[Tue May 26 06:00:18.686314 2026] [wsgi:error] [pid 10:tid 139928662329024] [remote 10.0.0.10:46856] 2026-05-26 06:00:18.673 10 ERROR keystone.server.flask.application with excutils.save_and_reraise_exception():
[Tue May 26 06:00:18.686316 2026] [wsgi:error] [pid 10:tid 139928662329024] [remote 10.0.0.10:46856] 2026-05-26 06:00:18.673 10 ERROR keystone.server.flask.application
File "/var/lib/openstack/lib/python3.12/site-packages/oslo_utils/excutils.py", line 271, in __exit__
[Tue May 26 06:00:18.686319 2026] [wsgi:error] [pid 10:tid 139928662329024] [remote 10.0.0.10:46856] 2026-05-26 06:00:18.673 10 ERROR keystone.server.flask.application self.force_reraise()
[Tue May 26 06:00:18.686321 2026] [wsgi:error] [pid 10:tid 139928662329024] [remote 10.0.0.10:46856] 2026-05-26 06:00:18.673 10 ERROR keystone.server.flask.application
File "/var/lib/openstack/lib/python3.12/site-packages/oslo_utils/excutils.py", line 233, in force_reraise
[Tue May 26 06:00:18.686324 2026] [wsgi:error] [pid 10:tid 139928662329024] [remote 10.0.0.10:46856] 2026-05-26 06:00:18.673 10 ERROR keystone.server.flask.application raise self.value
[Tue May 26 06:00:18.686326 2026] [wsgi:error] [pid 10:tid 139928662329024] [remote 10.0.0.10:46856] 2026-05-26 06:00:18.673 10 ERROR keystone.server.flask.application
File "/var/lib/openstack/lib/python3.12/site-packages/oslo_db/sqlalchemy/enginefacade.py", line 835, in _session
[Tue May 26 06:00:18.686328 2026] [wsgi:error] [pid 10:tid 139928662329024] [remote 10.0.0.10:46856] 2026-05-26 06:00:18.673 10 ERROR keystone.server.flask.application self._end_session_transaction(self.session)
[Tue May 26 06:00:18.686330 2026] [wsgi:error] [pid 10:tid 139928662329024] [remote 10.0.0.10:46856] 2026-05-26 06:00:18.673 10 ERROR keystone.server.flask.application
File "/var/lib/openstack/lib/python3.12/site-packages/oslo_db/sqlalchemy/enginefacade.py", line 748, in _end_session_transaction
[Tue May 26 06:00:18.686333 2026] [wsgi:error] [pid 10:tid 139928662329024] [remote 10.0.0.10:46856] 2026-05-26 06:00:18.673 10 ERROR keystone.server.flask.application session.commit()
[Tue May 26 06:00:18.686334 2026] [wsgi:error] [pid 10:tid 139928662329024] [remote 10.0.0.10:46856] 2026-05-26 06:00:18.673 10 ERROR keystone.server.flask.application
File "/var/lib/openstack/lib/python3.12/site-packages/sqlalchemy/orm/session.py", line 2030, in commit
[Tue May 26 06:00:18.686341 2026] [wsgi:error] [pid 10:tid 139928662329024] [remote 10.0.0.10:46856] 2026-05-26 06:00:18.673 10 ERROR keystone.server.flask.application trans.commit(_to_root=True)
[Tue May 26 06:00:18.686343 2026] [wsgi:error] [pid 10:tid 139928662329024] [remote 10.0.0.10:46856] 2026-05-26 06:00:18.673 10 ERROR keystone.server.flask.application File "", line 2, in commit
[Tue May 26 06:00:18.686344 2026] [wsgi:error] [pid 10:tid 139928662329024] [remote 10.0.0.10:46856] 2026-05-26 06:00:18.673 10 ERROR keystone.server.flask.application
File "/var/lib/openstack/lib/python3.12/site-packages/sqlalchemy/orm/state_changes.py", line 137, in _go
[Tue May 26 06:00:18.686346 2026] [wsgi:error] [pid 10:tid 139928662329024] [remote 10.0.0.10:46856] 2026-05-26 06:00:18.673 10 ERROR keystone.server.flask.application ret_value = fn(self, *arg, **kw)
[Tue May 26 06:00:18.686348 2026] [wsgi:error] [pid 10:tid 139928662329024] [remote 10.0.0.10:46856] 2026-05-26 06:00:18.673 10 ERROR keystone.server.flask.application ^^^^^^^^^^^^^^^^^^^^
[Tue May 26 06:00:18.686350 2026] [wsgi:error] [pid 10:tid 139928662329024] [remote 10.0.0.10:46856] 2026-05-26 06:00:18.673 10 ERROR keystone.server.flask.application
File "/var/lib/openstack/lib/python3.12/site-packages/sqlalchemy/orm/session.py", line 1311, in commit
[Tue May 26 06:00:18.686352 2026] [wsgi:error] [pid 10:tid 139928662329024] [remote 10.0.0.10:46856] 2026-05-26 06:00:18.673 10 ERROR keystone.server.flask.application self._prepare_impl()
[Tue May 26 06:00:18.686353 2026] [wsgi:error] [pid 10:tid 139928662329024] [remote 10.0.0.10:46856] 2026-05-26 06:00:18.673 10 ERROR keystone.server.flask.application File "", line 2, in _prepare_impl
[Tue May 26 06:00:18.686355 2026] [wsgi:error] [pid 10:tid 139928662329024] [remote 10.0.0.10:46856] 2026-05-26 06:00:18.673 10 ERROR keystone.server.flask.application
File "/var/lib/openstack/lib/python3.12/site-packages/sqlalchemy/orm/state_changes.py", line 137, in _go
[Tue May 26 06:00:18.686358 2026] [wsgi:error] [pid 10:tid 139928662329024] [remote 10.0.0.10:46856] 2026-05-26 06:00:18.673 10 ERROR keystone.server.flask.application ret_value = fn(self, *arg, **kw)
[Tue May 26 06:00:18.686360 2026] [wsgi:error] [pid 10:tid 139928662329024] [remote 10.0.0.10:46856] 2026-05-26 06:00:18.673 10 ERROR keystone.server.flask.application ^^^^^^^^^^^^^^^^^^^^
[Tue May 26 06:00:18.686363 2026] [wsgi:error] [pid 10:tid 139928662329024] [remote 10.0.0.10:46856] 2026-05-26 06:00:18.673 10 ERROR keystone.server.flask.application
File "/var/lib/openstack/lib/python3.12/site-packages/sqlalchemy/orm/session.py", line 1286, in _prepare_impl
[Tue May 26 06:00:18.686365 2026] [wsgi:error] [pid 10:tid 139928662329024] [remote 10.0.0.10:46856] 2026-05-26 06:00:18.673 10 ERROR keystone.server.flask.application self.session.flush()
[Tue May 26 06:00:18.686367 2026] [wsgi:error] [pid 10:tid 139928662329024] [remote 10.0.0.10:46856] 2026-05-26 06:00:18.673 10 ERROR keystone.server.flask.application
File "/var/lib/openstack/lib/python3.12/site-packages/sqlalchemy/orm/session.py", line 4331, in flush
[Tue May 26 06:00:18.686370 2026] [wsgi:error] [pid 10:tid 139928662329024] [remote 10.0.0.10:46856] 2026-05-26 06:00:18.673 10 ERROR keystone.server.flask.application self._flush(objects)
[Tue May 26 06:00:18.686371 2026] [wsgi:error] [pid 10:tid 139928662329024] [remote 10.0.0.10:46856] 2026-05-26 06:00:18.673 10 ERROR keystone.server.flask.application
File "/var/lib/openstack/lib/python3.12/site-packages/sqlalchemy/orm/session.py", line 4466, in _flush
[Tue May 26 06:00:18.686375 2026] [wsgi:error] [pid 10:tid 139928662329024] [remote 10.0.0.10:46856] 2026-05-26 06:00:18.673 10 ERROR keystone.server.flask.application with util.safe_reraise():
[Tue May 26 06:00:18.686376 2026] [wsgi:error] [pid 10:tid 139928662329024] [remote 10.0.0.10:46856] 2026-05-26 06:00:18.673 10 ERROR keystone.server.flask.application
File "/var/lib/openstack/lib/python3.12/site-packages/sqlalchemy/util/langhelpers.py", line 121, in __exit__
[Tue May 26 06:00:18.686379 2026] [wsgi:error] [pid 10:tid 139928662329024] [remote 10.0.0.10:46856] 2026-05-26 06:00:18.673 10 ERROR keystone.server.flask.application raise exc_value.with_traceback(exc_tb)
[Tue May 26 06:00:18.686381 2026] [wsgi:error] [pid 10:tid 139928662329024] [remote 10.0.0.10:46856] 2026-05-26 06:00:18.673 10 ERROR keystone.server.flask.application
File "/var/lib/openstack/lib/python3.12/site-packages/sqlalchemy/orm/session.py", line 4427, in _flush
[Tue May 26 06:00:18.686383 2026] [wsgi:error] [pid 10:tid 139928662329024] [remote 10.0.0.10:46856] 2026-05-26 06:00:18.673 10 ERROR keystone.server.flask.application flush_context.execute()
[Tue May 26 06:00:18.686386 2026] [wsgi:error] [pid 10:tid 139928662329024] [remote 10.0.0.10:46856] 2026-05-26 06:00:18.673 10 ERROR keystone.server.flask.application
File "/var/lib/openstack/lib/python3.12/site-packages/sqlalchemy/orm/unitofwork.py", line 466, in execute
