2026-04-27 17:12:17.187 9 INFO neutron.plugins.ml2.plugin [None req-1fc4507d-128d-4492-8b8e-361a18d36d1e - - - - - -] Attempt 1 to provision port 81f3f118-9e31-4bc6-8cec-d67c73657534
2026-04-27 17:12:17.783 10 INFO neutron.plugins.ml2.plugin [None req-4afb7066-99c3-4961-8b94-b6fce474c5ff - - - - - -] Attempt 1 to provision port 0235cdb8-57d1-4264-b3d0-6fe32e619757
2026-04-27 17:12:17.933 10 INFO neutron.plugins.ml2.plugin [None req-f2f1f170-c436-4e1c-8a7f-330b517da6f6 - - - - - -] Attempt 1 to provision port 81f3f118-9e31-4bc6-8cec-d67c73657534
2026-04-27 17:12:18.105 9 INFO neutron.plugins.ml2.plugin [None req-3c69802c-f22d-4700-9466-e9b005ae834f - - - - - -] Attempt 1 to provision port 0235cdb8-57d1-4264-b3d0-6fe32e619757
2026-04-27 17:12:18.764 10 WARNING neutron.plugins.ml2.plugin [None req-94c8b35e-62b8-4ace-af7d-0695c0f06e27 - - - - - -] Concurrent port binding operations failed on port 59c7461d-4c2c-4d98-8f25-cf20f5f15c54
2026-04-27 17:12:18.766 10 INFO neutron.plugins.ml2.plugin [None req-94c8b35e-62b8-4ace-af7d-0695c0f06e27 - - - - - -] Attempt 2 to bind port 59c7461d-4c2c-4d98-8f25-cf20f5f15c54
2026-04-27 17:12:18.982 9 INFO neutron.plugins.ml2.plugin [None req-f2f1f170-c436-4e1c-8a7f-330b517da6f6 - - - - - -] Attempt 1 to provision port c22c92b6-3209-49d0-a95d-4807f1ce8ce8
2026-04-27 17:12:19.285 10 INFO neutron.plugins.ml2.plugin [None req-7c6a51ae-bc65-42db-a390-bcc74a435cf9 - - - - - -] Attempt 1 to provision port fc98cc73-84b4-43f1-bfe8-987ef208eb32
2026-04-27 17:12:19.440 9 INFO neutron.plugins.ml2.plugin [None req-f2f1f170-c436-4e1c-8a7f-330b517da6f6 - - - - - -] Attempt 1 to provision port 59c7461d-4c2c-4d98-8f25-cf20f5f15c54
2026-04-27 17:12:19.815 9 INFO neutron.plugins.ml2.plugin [None req-f2f1f170-c436-4e1c-8a7f-330b517da6f6 - - - - - -] Attempt 1 to provision port 26a645e7-591a-4809-a341-f0fac3052a8b
2026-04-27 17:12:19.840 10 INFO neutron.plugins.ml2.plugin [None req-500745de-8bfd-41fc-9cf2-83fecd8b7d99 - - - - - -] Attempt 1 to provision port fc98cc73-84b4-43f1-bfe8-987ef208eb32
2026-04-27 17:12:20.176 9 INFO neutron.plugins.ml2.plugin [None req-f2f1f170-c436-4e1c-8a7f-330b517da6f6 - - - - - -] Attempt 1 to provision port 96f325a0-92d6-4b89-af9d-daf3e8458bf1
2026-04-27 17:12:20.215 9 INFO neutron.plugins.ml2.plugin [None req-14a59a24-61a8-4303-a48f-6a5d5adaac5e - - - - - -] Attempt 1 to provision port 96f325a0-92d6-4b89-af9d-daf3e8458bf1
2026-04-27 17:12:20.849 9 INFO neutron.plugins.ml2.plugin [None req-f2f1f170-c436-4e1c-8a7f-330b517da6f6 - - - - - -] Attempt 1 to provision port 81f3f118-9e31-4bc6-8cec-d67c73657534
2026-04-27 17:12:21.444 9 INFO neutron.plugins.ml2.plugin [None req-f2f1f170-c436-4e1c-8a7f-330b517da6f6 - - - - - -] Attempt 1 to provision port 3df37d96-541b-45c8-90c1-e5762f86f633
2026-04-27 17:12:21.776 9 INFO neutron.plugins.ml2.plugin [None req-f2f1f170-c436-4e1c-8a7f-330b517da6f6 - - - - - -] Attempt 1 to provision port 96f325a0-92d6-4b89-af9d-daf3e8458bf1
2026-04-27 17:12:22.097 9 INFO neutron.plugins.ml2.plugin [None req-f2f1f170-c436-4e1c-8a7f-330b517da6f6 - - - - - -] Attempt 1 to provision port 3557f8b2-f471-4725-b814-aa82f04eaeb7
2026-04-27 17:12:23.403 10 INFO neutron.plugins.ml2.plugin [None req-f2f1f170-c436-4e1c-8a7f-330b517da6f6 - - - - - -] Attempt 1 to provision port 3df37d96-541b-45c8-90c1-e5762f86f633
2026-04-27 17:12:23.774 10 INFO neutron.plugins.ml2.plugin [None req-f2f1f170-c436-4e1c-8a7f-330b517da6f6 - - - - - -] Attempt 1 to provision port 3557f8b2-f471-4725-b814-aa82f04eaeb7
2026-04-27 17:12:26.814 10 INFO neutron.plugins.ml2.plugin [None req-65a54cd7-1997-401e-bb22-2389ab8abbb2 - - - - - -] Attempt 1 to provision port 3626d8db-7f27-49b3-af33-ae5703a1968d
2026-04-27 17:12:27.290 9 INFO neutron.plugins.ml2.plugin [None req-f2f1f170-c436-4e1c-8a7f-330b517da6f6 - - - - - -] Attempt 1 to provision port 3626d8db-7f27-49b3-af33-ae5703a1968d
2026-04-27 17:12:27.771 10 INFO neutron.plugins.ml2.plugin [None req-198e073f-a479-47ae-8886-eef5a494241b - - - - - -] Attempt 1 to provision port 701fe7be-2867-4b5f-adf9-edff6ce044ad
2026-04-27 17:12:28.727 9 INFO neutron.plugins.ml2.plugin [None req-2f2c69d7-d39d-4ceb-89ab-4f676d60fa53 - - - - - -] Attempt 1 to provision port 701fe7be-2867-4b5f-adf9-edff6ce044ad
2026-04-27 17:12:31.305 9 INFO neutron.notifiers.nova [-] Nova event matching ['req-834db1d7-fefd-4218-be93-46ae012b6083'] response: {'server_uuid': '411bf389-225e-45fe-8146-4aa16f77dcb1', 'name': 'network-vif-unplugged', 'status': 'completed', 'tag': '7683be68-3200-48df-b889-40b1960371f2', 'code': 200}
2026-04-27 17:12:31.977 9 INFO neutron.plugins.ml2.plugin [None req-f2f1f170-c436-4e1c-8a7f-330b517da6f6 - - - - - -] Attempt 1 to provision port 7683be68-3200-48df-b889-40b1960371f2
2026-04-27 17:12:33.355 9 INFO neutron.notifiers.nova [-] Nova event matching ['req-44882b05-08c4-490f-8f07-5ea45b56790e'] response: {'server_uuid': '411bf389-225e-45fe-8146-4aa16f77dcb1', 'name': 'network-vif-plugged', 'status': 'completed', 'tag': '7683be68-3200-48df-b889-40b1960371f2', 'code': 200}
2026-04-27 17:12:33.406 10 INFO neutron.plugins.ml2.plugin [None req-f2f1f170-c436-4e1c-8a7f-330b517da6f6 - - - - - -] Attempt 1 to provision port 7683be68-3200-48df-b889-40b1960371f2
2026-04-27 17:12:33.750 10 INFO neutron.plugins.ml2.plugin [None req-f2f1f170-c436-4e1c-8a7f-330b517da6f6 - - - - - -] Attempt 1 to provision port 7fc8096d-72d1-4353-8baf-c2d6181daf2d
2026-04-27 17:12:34.112 10 INFO neutron.plugins.ml2.plugin [None req-29503083-bc2e-448d-9fcc-3951618cb82a - - - - - -] Attempt 1 to provision port 7fc8096d-72d1-4353-8baf-c2d6181daf2d
2026-04-27 17:12:35.061 10 INFO neutron.plugins.ml2.plugin [None req-6a13da81-97fc-42cc-b0c5-477a9938e309 - - - - - -] Attempt 1 to provision port 309a235a-24a8-4972-8aa4-37f28fcdb983
2026-04-27 17:12:35.400 9 INFO neutron.plugins.ml2.plugin [None req-f2f1f170-c436-4e1c-8a7f-330b517da6f6 - - - - - -] Attempt 1 to provision port 7fc8096d-72d1-4353-8baf-c2d6181daf2d
2026-04-27 17:12:35.510 10 INFO neutron.plugins.ml2.plugin [None req-dc84e5ff-d56a-4394-a979-6ade9347f6e0 - - - - - -] Attempt 1 to provision port 309a235a-24a8-4972-8aa4-37f28fcdb983 /var/lib/openstack/lib/python3.10/site-packages/oslo_db/sqlalchemy/enginefacade.py:667: SAWarning: DELETE statement on table 'portsecuritybindings' expected to delete 1 row(s); 0 were matched. Please set confirm_deleted_rows=False within the mapper configuration to prevent this warning. self.session.flush() /var/lib/openstack/lib/python3.10/site-packages/oslo_db/sqlalchemy/enginefacade.py:667: SAWarning: DELETE statement on table 'ml2_port_bindings' expected to delete 1 row(s); 0 were matched. Please set confirm_deleted_rows=False within the mapper configuration to prevent this warning. self.session.flush() /var/lib/openstack/lib/python3.10/site-packages/oslo_db/sqlalchemy/enginefacade.py:667: SAWarning: DELETE statement on table 'ml2_port_binding_levels' expected to delete 1 row(s); 0 were matched. Please set confirm_deleted_rows=False within the mapper configuration to prevent this warning. self.session.flush() /var/lib/openstack/lib/python3.10/site-packages/oslo_db/sqlalchemy/enginefacade.py:667: SAWarning: DELETE statement on table 'ports' expected to delete 1 row(s); 0 were matched. Please set confirm_deleted_rows=False within the mapper configuration to prevent this warning. self.session.flush()
2026-04-27 17:12:39.497 9 INFO neutron.plugins.ml2.plugin [None req-632f62eb-3134-4661-b5e3-d83074de23a3 - - - - - -] Attempt 1 to provision port e9772928-2969-418e-af1a-caaa24a057e1
2026-04-27 17:12:49.309 9 INFO neutron.plugins.ml2.plugin [None req-9dc9c7e0-d4d0-4f45-96fb-507a9b82aff1 - - - - - -] Attempt 1 to provision port 7d9e0664-e825-49ab-92cc-54e0a27b59c7
2026-04-27 17:12:49.338 10 INFO neutron.plugins.ml2.plugin [None req-f2f1f170-c436-4e1c-8a7f-330b517da6f6 - - - - - -] Attempt 1 to provision port 72eebe52-a735-4e7c-8f6c-0871e60c4e62
2026-04-27 17:12:49.775 10 INFO neutron.plugins.ml2.plugin [None req-a0f98e56-fa8b-4e5c-b8fa-0f88e6210b35 - - - - - -] Attempt 1 to provision port 72eebe52-a735-4e7c-8f6c-0871e60c4e62
2026-04-27 17:12:49.979 10 INFO neutron.plugins.ml2.plugin [None req-f2f1f170-c436-4e1c-8a7f-330b517da6f6 - - - - - -] Attempt 1 to provision port 7d9e0664-e825-49ab-92cc-54e0a27b59c7
2026-04-27 17:12:50.296 9 INFO neutron.plugins.ml2.plugin [None req-b4b83302-8a9b-49f3-8e3c-b4c573e2ba33 - - - - - -] Attempt 1 to provision port 353605c0-aba5-45b3-afbb-8b03ed2b7665
2026-04-27 17:12:50.744 10 INFO neutron.plugins.ml2.plugin [None req-2fa6b5d4-8bee-4fb5-9443-627ad81b8e3d - - - - - -] Attempt 1 to provision port 353605c0-aba5-45b3-afbb-8b03ed2b7665
2026-04-27 17:12:51.351 10 INFO neutron.plugins.ml2.plugin [None req-f2f1f170-c436-4e1c-8a7f-330b517da6f6 - - - - - -] Attempt 1 to provision port 7d9e0664-e825-49ab-92cc-54e0a27b59c7
2026-04-27 17:12:51.391 9 INFO neutron.plugins.ml2.plugin [None req-adf47b8f-9b2e-4f26-a565-5fd283932277 - - - - - -] Attempt 1 to provision port c7321222-d1d8-4923-8f29-bf1e1a0bbccc
2026-04-27 17:12:51.642 10 INFO neutron.plugins.ml2.plugin [None req-f2f1f170-c436-4e1c-8a7f-330b517da6f6 - - - - - -] Attempt 1 to provision port 72eebe52-a735-4e7c-8f6c-0871e60c4e62
2026-04-27 17:12:52.538 9 INFO neutron.plugins.ml2.plugin [None req-e6b517a1-45c6-4f1f-b0da-2aec81a0c335 - - - - - -] Attempt 1 to provision port c7321222-d1d8-4923-8f29-bf1e1a0bbccc
2026-04-27 17:12:59.597 10 INFO neutron.plugins.ml2.plugin [None req-f2f1f170-c436-4e1c-8a7f-330b517da6f6 - - - - - -] Attempt 1 to provision port 9a4cc912-2e0b-4485-a3fe-587a19432fb2
2026-04-27 17:13:00.649 10 INFO neutron.plugins.ml2.plugin [None req-38de6c4b-bf3e-4653-a9ea-a4b5a33c3227 - - - - - -] Attempt 1 to provision port 9a4cc912-2e0b-4485-a3fe-587a19432fb2
2026-04-27 17:13:01.015 9 INFO neutron.plugins.ml2.plugin [None req-c0372d35-1b0f-44f6-8c40-1b10621aebf4 - - - - - -] Attempt 1 to provision port 34cf9c71-36a4-4106-91e4-f98e2ec64c34
2026-04-27 17:13:01.384 10 INFO neutron.plugins.ml2.plugin [None req-f2f1f170-c436-4e1c-8a7f-330b517da6f6 - - - - - -] Attempt 1 to provision port 9a4cc912-2e0b-4485-a3fe-587a19432fb2
2026-04-27 17:13:01.561 9 INFO neutron.plugins.ml2.plugin [None req-4dc62124-b59c-42b9-b7ac-39ae2071ee17 - - - - - -] Attempt 1 to provision port 200a0685-c2fd-4aed-a04d-0987e8872962
2026-04-27 17:13:01.715 10 INFO neutron.plugins.ml2.plugin [None req-f2f1f170-c436-4e1c-8a7f-330b517da6f6 - - - - - -] Attempt 1 to provision port 70e56083-cc67-4fe1-9f09-02832e6b601f
2026-04-27 17:13:01.913 9 INFO neutron.plugins.ml2.plugin [None req-0d1d293a-3f95-42ca-bf1d-8a83140ead6d - - - - - -] Attempt 1 to provision port 70e56083-cc67-4fe1-9f09-02832e6b601f
2026-04-27 17:13:02.081 10 INFO neutron.plugins.ml2.plugin [None req-d75ffb25-536d-4608-8a92-71564eaac642 - - - - - -] Attempt 1 to provision port fc48431b-2a75-4d5b-b2ed-6ffd2732ea3d
2026-04-27 17:13:02.108 10 INFO neutron.plugins.ml2.plugin [None req-f2f1f170-c436-4e1c-8a7f-330b517da6f6 - - - - - -] Attempt 1 to provision port fc48431b-2a75-4d5b-b2ed-6ffd2732ea3d
2026-04-27 17:13:03.168 10 INFO neutron.plugins.ml2.plugin [None req-2b29c6ff-58e6-4d68-a162-295374963f67 - - - - - -] Attempt 1 to provision port ea248675-0419-4cc0-8d35-8910b5290bbf
2026-04-27 17:13:03.310 9 INFO neutron.plugins.ml2.plugin [None req-f2f1f170-c436-4e1c-8a7f-330b517da6f6 - - - - - -] Attempt 1 to provision port 70e56083-cc67-4fe1-9f09-02832e6b601f
2026-04-27 17:13:03.569 9 INFO neutron.plugins.ml2.plugin [None req-f2f1f170-c436-4e1c-8a7f-330b517da6f6 - - - - - -] Attempt 1 to provision port fc48431b-2a75-4d5b-b2ed-6ffd2732ea3d
2026-04-27 17:13:04.025 9 INFO neutron.plugins.ml2.plugin [None req-03a43ea1-7a23-4060-b5dc-8a0175b7dbf0 - - - - - -] Attempt 1 to provision port 0a9b8797-6028-4aa6-a7d5-91959da0b58f
2026-04-27 17:13:04.681 10 INFO neutron.plugins.ml2.plugin [None req-f870131a-f66c-4c9e-92aa-4a90214197fe - - - - - -] Attempt 1 to provision port ea248675-0419-4cc0-8d35-8910b5290bbf
2026-04-27 17:13:04.837 9 INFO neutron.plugins.ml2.plugin [None req-50c69bb5-3766-4bc8-81fb-1450de14ca0f - - - - - -] Attempt 1 to provision port 0a9b8797-6028-4aa6-a7d5-91959da0b58f
2026-04-27 17:13:05.345 9 INFO neutron.plugins.ml2.plugin [None req-f2f1f170-c436-4e1c-8a7f-330b517da6f6 - - - - - -] Attempt 1 to provision port 01d8af3d-87ad-438e-bf3e-63e319488087
2026-04-27 17:13:05.486 10 INFO neutron.plugins.ml2.plugin [None req-a265bdb5-4313-44fc-af88-1fffc9aa5d5d - - - - - -] Attempt 1 to provision port 64ee6aac-a1f6-4028-968c-7a478ed479b8
2026-04-27 17:13:05.994 9 INFO neutron.plugins.ml2.plugin [None req-f2f1f170-c436-4e1c-8a7f-330b517da6f6 - - - - - -] Attempt 1 to provision port 758f3282-1af5-404f-acc4-23bba0126285
2026-04-27 17:13:06.135 9 INFO neutron.plugins.ml2.plugin [None req-7c5c5fc5-12eb-425f-b383-c9442f6da8b0 - - - - - -] Attempt 1 to provision port 64ee6aac-a1f6-4028-968c-7a478ed479b8
2026-04-27 17:13:07.421 9 INFO neutron.plugins.ml2.plugin [None req-f2f1f170-c436-4e1c-8a7f-330b517da6f6 - - - - - -] Attempt 1 to provision port 01d8af3d-87ad-438e-bf3e-63e319488087
2026-04-27 17:13:07.733 9 INFO neutron.plugins.ml2.plugin [None req-f2f1f170-c436-4e1c-8a7f-330b517da6f6 - - - - - -] Attempt 1 to provision port 758f3282-1af5-404f-acc4-23bba0126285
2026-04-27 17:13:10.120 9 INFO neutron.plugins.ml2.plugin [None req-a2b891b7-cbf0-4de7-a5b7-d1acaa6bca51 - - - - - -] Attempt 1 to provision port a0f56636-401b-4257-8299-cdb9da62c221
2026-04-27 17:13:10.891 10 INFO neutron.plugins.ml2.plugin [None req-bfce0514-d2f3-432a-ad7c-20c26257f29f - - - - - -] Attempt 1 to provision port 4e6b5e17-ef24-4ec0-9ac1-ac1dd0676297
2026-04-27 17:13:11.049 9 INFO neutron.plugins.ml2.plugin [None req-65047cf7-0188-488b-8a9b-8b4ce20e740d - - - - - -] Attempt 1 to provision port 808c2eda-d9ca-4c53-a250-1e07be11ba49
2026-04-27 17:13:11.429 10 INFO neutron.plugins.ml2.plugin [None req-f2f1f170-c436-4e1c-8a7f-330b517da6f6 - - - - - -] Attempt 1 to provision port 808c2eda-d9ca-4c53-a250-1e07be11ba49
2026-04-27 17:13:11.915 10 INFO neutron.plugins.ml2.plugin [None req-ba87ecd1-641d-48c4-b397-7eeb1cea30ed - - - - - -] Attempt 1 to provision port b0ae1a86-4a37-4c8a-8d4b-cdd7e242a1c3
2026-04-27 17:13:12.256 10 INFO neutron.plugins.ml2.plugin [None req-5acbbf73-65b4-4e23-8a75-09009abc167e - - - - - -] Attempt 1 to provision port b0ae1a86-4a37-4c8a-8d4b-cdd7e242a1c3
2026-04-27 17:13:13.699 10 INFO neutron.plugins.ml2.plugin [None req-f2f1f170-c436-4e1c-8a7f-330b517da6f6 - - - - - -] Attempt 1 to provision port a0f56636-401b-4257-8299-cdb9da62c221
2026-04-27 17:13:14.192 10 INFO neutron.plugins.ml2.plugin [None req-f2f1f170-c436-4e1c-8a7f-330b517da6f6 - - - - - -] Attempt 1 to provision port 808c2eda-d9ca-4c53-a250-1e07be11ba49
2026-04-27 17:13:14.236 10 INFO neutron.notifiers.nova [-] Nova event matching ['req-b0a1fead-8399-4e3b-8e87-52f2f90eeba7'] response: {'server_uuid': '8eaf164d-aefc-4dee-af93-1d8b3e49d59e', 'name': 'network-vif-plugged', 'status': 'completed', 'tag': 'a0f56636-401b-4257-8299-cdb9da62c221', 'code': 200}
2026-04-27 17:13:14.418 10 INFO neutron.plugins.ml2.plugin [None req-f2f1f170-c436-4e1c-8a7f-330b517da6f6 - - - - - -] Attempt 1 to provision port 4e6b5e17-ef24-4ec0-9ac1-ac1dd0676297 /var/lib/openstack/lib/python3.10/site-packages/oslo_db/sqlalchemy/enginefacade.py:667: SAWarning: DELETE statement on table 'portsecuritybindings' expected to delete 1 row(s); 0 were matched. Please set confirm_deleted_rows=False within the mapper configuration to prevent this warning. self.session.flush() /var/lib/openstack/lib/python3.10/site-packages/oslo_db/sqlalchemy/enginefacade.py:667: SAWarning: DELETE statement on table 'ml2_port_bindings' expected to delete 1 row(s); 0 were matched. Please set confirm_deleted_rows=False within the mapper configuration to prevent this warning. self.session.flush() /var/lib/openstack/lib/python3.10/site-packages/oslo_db/sqlalchemy/enginefacade.py:667: SAWarning: DELETE statement on table 'ml2_port_binding_levels' expected to delete 1 row(s); 0 were matched. Please set confirm_deleted_rows=False within the mapper configuration to prevent this warning. self.session.flush() /var/lib/openstack/lib/python3.10/site-packages/oslo_db/sqlalchemy/enginefacade.py:667: SAWarning: DELETE statement on table 'ports' expected to delete 1 row(s); 0 were matched. Please set confirm_deleted_rows=False within the mapper configuration to prevent this warning. self.session.flush()
2026-04-27 17:13:15.235 10 INFO neutron.plugins.ml2.plugin [None req-928cb852-3ff6-4699-b058-c348a271111f - - - - - -] Attempt 1 to provision port f07340ff-11db-41ca-9b2e-98672316884a
2026-04-27 17:13:15.439 9 INFO neutron.plugins.ml2.plugin [None req-f2f1f170-c436-4e1c-8a7f-330b517da6f6 - - - - - -] Attempt 1 to provision port f07340ff-11db-41ca-9b2e-98672316884a
2026-04-27 17:13:15.802 9 INFO neutron.plugins.ml2.plugin [None req-f2f1f170-c436-4e1c-8a7f-330b517da6f6 - - - - - -] Attempt 1 to provision port a0f56636-401b-4257-8299-cdb9da62c221
2026-04-27 17:13:16.093 9 INFO neutron.plugins.ml2.plugin [None req-f2f1f170-c436-4e1c-8a7f-330b517da6f6 - - - - - -] Attempt 1 to provision port 4e6b5e17-ef24-4ec0-9ac1-ac1dd0676297
2026-04-27 17:13:16.444 10 INFO neutron.notifiers.nova [-] Nova event matching ['req-2d4890d7-0ef4-4187-879e-e3a713772496'] response: {'server_uuid': '43dc9e95-e093-4d9d-b0bc-ca618bf50122', 'name': 'network-vif-plugged', 'status': 'completed', 'tag': '4e6b5e17-ef24-4ec0-9ac1-ac1dd0676297', 'code': 200}
2026-04-27 17:13:16.603 9 INFO neutron.plugins.ml2.plugin [None req-7f766634-d54a-4c77-8fcd-e19e2bd0efd2 - - - - - -] Attempt 1 to provision port d7ea3a18-e851-4fa1-bde2-8fe5195edef8
2026-04-27 17:13:29.367 9 INFO neutron.plugins.ml2.plugin [None req-f2f1f170-c436-4e1c-8a7f-330b517da6f6 - - - - - -] Attempt 1 to provision port 46a459d3-801c-46be-99bd-711e3afd343f
2026-04-27 17:13:31.166 10 INFO neutron.plugins.ml2.plugin [None req-b86465d6-c545-4293-9ff5-a1786205b30d - - - - - -] Attempt 1 to provision port 46a459d3-801c-46be-99bd-711e3afd343f
2026-04-27 17:13:31.358 10 INFO neutron.plugins.ml2.plugin [None req-f2f1f170-c436-4e1c-8a7f-330b517da6f6 - - - - - -] Attempt 1 to provision port dd0b04d7-fcb9-4ae2-bb72-20d6ea8d5743
2026-04-27 17:13:31.773 10 INFO neutron.plugins.ml2.plugin [None req-aa074dab-baef-4aea-8c1c-19ca2d5746d6 - - - - - -] Attempt 1 to provision port 46a459d3-801c-46be-99bd-711e3afd343f
2026-04-27 17:13:31.953 10 INFO neutron.plugins.ml2.plugin [None req-f2f1f170-c436-4e1c-8a7f-330b517da6f6 - - - - - -] Attempt 1 to provision port 46a459d3-801c-46be-99bd-711e3afd343f
2026-04-27 17:13:32.614 10 INFO neutron.plugins.ml2.plugin [None req-13b800d4-0420-46cc-8493-91fdf9c62bd2 - - - - - -] Attempt 1 to provision port cec50939-fb55-4466-8b38-01a5cb01675b
2026-04-27 17:13:32.867 9 INFO neutron.plugins.ml2.plugin [None req-b4083d2b-6410-4436-97c0-225482ef1193 - - - - - -] Attempt 1 to provision port dd0b04d7-fcb9-4ae2-bb72-20d6ea8d5743
2026-04-27 17:13:33.372 9 INFO neutron.plugins.ml2.plugin [None req-bc99bfa4-4dfe-47e2-bbdf-50d43f6a96fd - - - - - -] Attempt 1 to provision port dd0b04d7-fcb9-4ae2-bb72-20d6ea8d5743
2026-04-27 17:13:33.401 10 INFO neutron.plugins.ml2.plugin [None req-f2f1f170-c436-4e1c-8a7f-330b517da6f6 - - - - - -] Attempt 1 to provision port dd0b04d7-fcb9-4ae2-bb72-20d6ea8d5743
2026-04-27 17:13:33.766 10 INFO neutron.plugins.ml2.plugin [None req-f2f1f170-c436-4e1c-8a7f-330b517da6f6 - - - - - -] Attempt 1 to provision port c08fcf07-d251-43a1-b751-99809aebe170
2026-04-27 17:13:33.861 10 INFO neutron.plugins.ml2.plugin [None req-625fe34e-be4e-466e-8550-b9d836729c27 - - - - - -] Attempt 1 to provision port c08fcf07-d251-43a1-b751-99809aebe170
2026-04-27 17:13:34.619 10 INFO neutron.plugins.ml2.plugin [None req-77ea3026-4917-49bd-bf80-f56ca026fbec - - - - - -] Attempt 1 to provision port c08fcf07-d251-43a1-b751-99809aebe170
2026-04-27 17:13:35.367 9 INFO neutron.plugins.ml2.plugin [None req-f2f1f170-c436-4e1c-8a7f-330b517da6f6 - - - - - -] Attempt 1 to provision port c08fcf07-d251-43a1-b751-99809aebe170
2026-04-27 17:13:35.815 9 INFO neutron.plugins.ml2.plugin [None req-e0cadf15-5435-4b80-a9ad-4ecbefa5e60c - - - - - -] Attempt 1 to provision port f94e2740-f0d1-4773-a623-28d3c5f8b477
2026-04-27 17:13:36.564 9 INFO neutron.plugins.ml2.plugin [None req-484e2d09-b7fd-4213-8724-2069cdeb6776 - - - - - -] Attempt 1 to provision port f94e2740-f0d1-4773-a623-28d3c5f8b477
2026-04-27 17:13:37.336 10 INFO neutron.plugins.ml2.plugin [None req-f2f1f170-c436-4e1c-8a7f-330b517da6f6 - - - - - -] Attempt 1 to provision port 4b3ec996-223d-4d4c-ba92-0b31ba4300bc
2026-04-27 17:13:37.716 10 INFO neutron.plugins.ml2.plugin [None req-31bd79ba-33fe-4612-9860-4cbb75090301 - - - - - -] Attempt 1 to provision port 30c42bcb-41a7-4437-972c-865d726dc390
2026-04-27 17:13:38.569 9 INFO neutron.plugins.ml2.plugin [None req-0ea87bba-de8f-452c-b4f5-5cc17093b33c - - - - - -] Attempt 1 to provision port 30c42bcb-41a7-4437-972c-865d726dc390
2026-04-27 17:13:39.472 9 INFO neutron.plugins.ml2.plugin [None req-f2f1f170-c436-4e1c-8a7f-330b517da6f6 - - - - - -] Attempt 1 to provision port 4b3ec996-223d-4d4c-ba92-0b31ba4300bc
2026-04-27 17:13:39.638 10 INFO neutron.plugins.ml2.plugin [None req-ca7aba62-75ee-4efc-999f-bee7d9422c3a - - - - - -] Attempt 1 to provision port a4955436-616d-44b5-bf8c-b232ea65ee89
2026-04-27 17:13:40.515 10 INFO neutron.plugins.ml2.plugin [None req-bafa4d5e-5054-43fa-b86e-d93479675dc7 - - - - - -] Attempt 1 to provision port a4955436-616d-44b5-bf8c-b232ea65ee89
2026-04-27 17:13:45.026 9 INFO neutron.plugins.ml2.plugin [None req-544f08ce-0804-4b62-a855-7800d5f0d09e - - - - - -] Attempt 1 to provision port 92e8fa2b-4058-460d-887f-8afeebca1689
2026-04-27 17:13:47.392 9 INFO neutron.plugins.ml2.plugin [None req-f2f1f170-c436-4e1c-8a7f-330b517da6f6 - - - - - -] Attempt 1 to provision port 92e8fa2b-4058-460d-887f-8afeebca1689
2026-04-27 17:13:47.520 9 INFO neutron.notifiers.nova [-] Nova event matching ['req-ed607a33-afb0-4889-9d0a-28c5f7907780'] response: {'server_uuid': '38874a9b-d73a-4995-afbb-7aed4a5b5ddc', 'name': 'network-vif-plugged', 'status': 'completed', 'tag': '92e8fa2b-4058-460d-887f-8afeebca1689', 'code': 200}
2026-04-27 17:13:49.376 10 INFO neutron.plugins.ml2.plugin [None req-f2f1f170-c436-4e1c-8a7f-330b517da6f6 - - - - - -] Attempt 1 to provision port 92e8fa2b-4058-460d-887f-8afeebca1689
2026-04-27 17:13:50.427 10 INFO neutron.plugins.ml2.plugin [None req-ddd2a7cc-33b5-4a99-a5c5-3f998fcbe0d2 - - - - - -] Attempt 1 to provision port 542b2b32-ec56-45ba-8352-a7b5a7943d69
2026-04-27 17:13:53.997 10 INFO neutron.plugins.ml2.plugin [None req-4959f494-700c-40bf-b926-daaaf61be9c1 - - - - - -] Attempt 1 to provision port fc65d6ea-006e-4604-bc37-bc2af1e92460
2026-04-27 17:13:57.385 9 INFO neutron.plugins.ml2.plugin [None req-f2f1f170-c436-4e1c-8a7f-330b517da6f6 - - - - - -] Attempt 1 to provision port fc65d6ea-006e-4604-bc37-bc2af1e92460
2026-04-27 17:13:57.524 9 INFO neutron.notifiers.nova [-] Nova event matching ['req-c518a8b7-0a4d-4887-a46c-0ccd10ff1617'] response: {'server_uuid': '3f98d27b-b08b-411d-aab3-e32e933f271e', 'name': 'network-vif-plugged', 'status': 'completed', 'tag': 'fc65d6ea-006e-4604-bc37-bc2af1e92460', 'code': 200}
2026-04-27 17:13:59.458 10 INFO neutron.plugins.ml2.plugin [None req-f2f1f170-c436-4e1c-8a7f-330b517da6f6 - - - - - -] Attempt 1 to provision port fc65d6ea-006e-4604-bc37-bc2af1e92460
2026-04-27 17:13:59.758 9 ERROR neutron.plugins.ml2.managers [None req-8681315f-ef23-42b9-a3ed-0026c04701a8 - - - - - -] Mechanism driver openvswitch failed in bind_port: neutron_lib.exceptions.SubnetNotFound: Subnet 74411798-da68-45d1-98e6-b5adc1587eee could not be found.
2026-04-27 17:13:59.758 9 ERROR neutron.plugins.ml2.managers
Traceback (most recent call last):
2026-04-27 17:13:59.758 9 ERROR neutron.plugins.ml2.managers
File "/var/lib/openstack/lib/python3.10/site-packages/neutron/plugins/ml2/managers.py", line 866, in _bind_port_level
2026-04-27 17:13:59.758 9 ERROR neutron.plugins.ml2.managers driver.obj.bind_port(context)
2026-04-27 17:13:59.758 9 ERROR neutron.plugins.ml2.managers
File "/var/lib/openstack/lib/python3.10/site-packages/neutron/plugins/ml2/drivers/openvswitch/mech_driver/mech_openvswitch.py", line 133, in bind_port
2026-04-27 17:13:59.758 9 ERROR neutron.plugins.ml2.managers super(OpenvswitchMechanismDriver, self).bind_port(context)
2026-04-27 17:13:59.758 9 ERROR neutron.plugins.ml2.managers
File "/var/lib/openstack/lib/python3.10/site-packages/neutron/plugins/ml2/drivers/mech_agent.py", line 104, in bind_port
2026-04-27 17:13:59.758 9 ERROR neutron.plugins.ml2.managers subnets = self.get_subnets_from_fixed_ips(context)
2026-04-27 17:13:59.758 9 ERROR neutron.plugins.ml2.managers
File "/var/lib/openstack/lib/python3.10/site-packages/neutron/plugins/ml2/drivers/mech_agent.py", line 149, in get_subnets_from_fixed_ips
2026-04-27 17:13:59.758 9 ERROR neutron.plugins.ml2.managers subnets.append(context._plugin.get_subnet(
2026-04-27 17:13:59.758 9 ERROR neutron.plugins.ml2.managers
File "/var/lib/openstack/lib/python3.10/site-packages/neutron_lib/db/api.py", line 223, in wrapped
2026-04-27 17:13:59.758 9 ERROR neutron.plugins.ml2.managers return f_with_retry(*args, **kwargs,
2026-04-27 17:13:59.758 9 ERROR neutron.plugins.ml2.managers
File "/var/lib/openstack/lib/python3.10/site-packages/neutron_lib/db/api.py", line 137, in wrapped
2026-04-27 17:13:59.758 9 ERROR neutron.plugins.ml2.managers with excutils.save_and_reraise_exception():
2026-04-27 17:13:59.758 9 ERROR neutron.plugins.ml2.managers
File "/var/lib/openstack/lib/python3.10/site-packages/oslo_utils/excutils.py", line 227, in __exit__
2026-04-27 17:13:59.758 9 ERROR neutron.plugins.ml2.managers self.force_reraise()
2026-04-27 17:13:59.758 9 ERROR neutron.plugins.ml2.managers
File "/var/lib/openstack/lib/python3.10/site-packages/oslo_utils/excutils.py", line 200, in force_reraise
2026-04-27 17:13:59.758 9 ERROR neutron.plugins.ml2.managers raise self.value
2026-04-27 17:13:59.758 9 ERROR neutron.plugins.ml2.managers
File "/var/lib/openstack/lib/python3.10/site-packages/neutron_lib/db/api.py", line 135, in wrapped
2026-04-27 17:13:59.758 9 ERROR neutron.plugins.ml2.managers return f(*args, **kwargs)
2026-04-27 17:13:59.758 9 ERROR neutron.plugins.ml2.managers
File "/var/lib/openstack/lib/python3.10/site-packages/oslo_db/api.py", line 144, in wrapper
2026-04-27 17:13:59.758 9 ERROR neutron.plugins.ml2.managers with excutils.save_and_reraise_exception() as ectxt:
2026-04-27 17:13:59.758 9 ERROR neutron.plugins.ml2.managers
File "/var/lib/openstack/lib/python3.10/site-packages/oslo_utils/excutils.py", line 227, in __exit__
2026-04-27 17:13:59.758 9 ERROR neutron.plugins.ml2.managers self.force_reraise()
2026-04-27 17:13:59.758 9 ERROR neutron.plugins.ml2.managers
File "/var/lib/openstack/lib/python3.10/site-packages/oslo_utils/excutils.py", line 200, in force_reraise
2026-04-27 17:13:59.758 9 ERROR neutron.plugins.ml2.managers raise self.value
2026-04-27 17:13:59.758 9 ERROR neutron.plugins.ml2.managers
File "/var/lib/openstack/lib/python3.10/site-packages/oslo_db/api.py", line 142, in wrapper
2026-04-27 17:13:59.758 9 ERROR neutron.plugins.ml2.managers return f(*args, **kwargs)
2026-04-27 17:13:59.758 9 ERROR neutron.plugins.ml2.managers
File "/var/lib/openstack/lib/python3.10/site-packages/neutron_lib/db/api.py", line 183, in wrapped
2026-04-27 17:13:59.758 9 ERROR neutron.plugins.ml2.managers with excutils.save_and_reraise_exception():
2026-04-27 17:13:59.758 9 ERROR neutron.plugins.ml2.managers
File "/var/lib/openstack/lib/python3.10/site-packages/oslo_utils/excutils.py", line 227, in __exit__
2026-04-27 17:13:59.758 9 ERROR neutron.plugins.ml2.managers self.force_reraise()
2026-04-27 17:13:59.758 9 ERROR neutron.plugins.ml2.managers
File "/var/lib/openstack/lib/python3.10/site-packages/oslo_utils/excutils.py", line 200, in force_reraise
2026-04-27 17:13:59.758 9 ERROR neutron.plugins.ml2.managers raise self.value
2026-04-27 17:13:59.758 9 ERROR neutron.plugins.ml2.managers
File "/var/lib/openstack/lib/python3.10/site-packages/neutron_lib/db/api.py", line 181, in wrapped
2026-04-27 17:13:59.758 9 ERROR neutron.plugins.ml2.managers return f(*dup_args, **dup_kwargs)
2026-04-27 17:13:59.758 9 ERROR neutron.plugins.ml2.managers
File "/var/lib/openstack/lib/python3.10/site-packages/neutron/db/db_base_plugin_v2.py", line 1198, in get_subnet
2026-04-27 17:13:59.758 9 ERROR neutron.plugins.ml2.managers subnet_obj = self._get_subnet_object(context, id)
2026-04-27 17:13:59.758 9 ERROR neutron.plugins.ml2.managers
File "/var/lib/openstack/lib/python3.10/site-packages/neutron/db/db_base_plugin_common.py", line 282, in _get_subnet_object
2026-04-27 17:13:59.758 9 ERROR neutron.plugins.ml2.managers raise exceptions.SubnetNotFound(subnet_id=id)
2026-04-27 17:13:59.758 9 ERROR neutron.plugins.ml2.managers neutron_lib.exceptions.SubnetNotFound: Subnet 74411798-da68-45d1-98e6-b5adc1587eee could not be found.
2026-04-27 17:13:59.758 9 ERROR neutron.plugins.ml2.managers 
2026-04-27 17:13:59.760 9 ERROR neutron.plugins.ml2.managers [None req-8681315f-ef23-42b9-a3ed-0026c04701a8 - - - - - -] Failed to bind port e5d5b21b-82fa-4ef5-84a3-407773349834 on host instance for vnic_type normal using segments [{'id': '8c70f97d-b603-4488-b634-7a6d20dc525c', 'network_type': 'vxlan', 'physical_network': None, 'segmentation_id': 864, 'network_id': '65d98367-1c46-4c0a-b592-887099b90b88'}]
2026-04-27 17:13:59.760 9 INFO neutron.plugins.ml2.plugin [None req-8681315f-ef23-42b9-a3ed-0026c04701a8 - - - - - -] Attempt 2 to bind port e5d5b21b-82fa-4ef5-84a3-407773349834
2026-04-27 17:13:59.781 9 ERROR neutron.plugins.ml2.managers [None req-8681315f-ef23-42b9-a3ed-0026c04701a8 - - - - - -] Mechanism driver openvswitch failed in bind_port: neutron_lib.exceptions.SubnetNotFound: Subnet 74411798-da68-45d1-98e6-b5adc1587eee could not be found.
2026-04-27 17:13:59.781 9 ERROR neutron.plugins.ml2.managers
Traceback (most recent call last):
2026-04-27 17:13:59.781 9 ERROR neutron.plugins.ml2.managers
File "/var/lib/openstack/lib/python3.10/site-packages/neutron/plugins/ml2/managers.py", line 866, in _bind_port_level
2026-04-27 17:13:59.781 9 ERROR neutron.plugins.ml2.managers driver.obj.bind_port(context)
2026-04-27 17:13:59.781 9 ERROR neutron.plugins.ml2.managers
File "/var/lib/openstack/lib/python3.10/site-packages/neutron/plugins/ml2/drivers/openvswitch/mech_driver/mech_openvswitch.py", line 133, in bind_port
2026-04-27 17:13:59.781 9 ERROR neutron.plugins.ml2.managers super(OpenvswitchMechanismDriver, self).bind_port(context)
2026-04-27 17:13:59.781 9 ERROR neutron.plugins.ml2.managers
File "/var/lib/openstack/lib/python3.10/site-packages/neutron/plugins/ml2/drivers/mech_agent.py", line 104, in bind_port
2026-04-27 17:13:59.781 9 ERROR neutron.plugins.ml2.managers subnets = self.get_subnets_from_fixed_ips(context)
2026-04-27 17:13:59.781 9 ERROR neutron.plugins.ml2.managers
File "/var/lib/openstack/lib/python3.10/site-packages/neutron/plugins/ml2/drivers/mech_agent.py", line 149, in get_subnets_from_fixed_ips
2026-04-27 17:13:59.781 9 ERROR neutron.plugins.ml2.managers subnets.append(context._plugin.get_subnet(
2026-04-27 17:13:59.781 9 ERROR neutron.plugins.ml2.managers
File "/var/lib/openstack/lib/python3.10/site-packages/neutron_lib/db/api.py", line 223, in wrapped
2026-04-27 17:13:59.781 9 ERROR neutron.plugins.ml2.managers return f_with_retry(*args, **kwargs,
2026-04-27 17:13:59.781 9 ERROR neutron.plugins.ml2.managers
File "/var/lib/openstack/lib/python3.10/site-packages/neutron_lib/db/api.py", line 137, in wrapped
2026-04-27 17:13:59.781 9 ERROR neutron.plugins.ml2.managers with excutils.save_and_reraise_exception():
2026-04-27 17:13:59.781 9 ERROR neutron.plugins.ml2.managers
File "/var/lib/openstack/lib/python3.10/site-packages/oslo_utils/excutils.py", line 227, in __exit__
2026-04-27 17:13:59.781 9 ERROR neutron.plugins.ml2.managers self.force_reraise()
2026-04-27 17:13:59.781 9 ERROR neutron.plugins.ml2.managers
File "/var/lib/openstack/lib/python3.10/site-packages/oslo_utils/excutils.py", line 200, in force_reraise
2026-04-27 17:13:59.781 9 ERROR neutron.plugins.ml2.managers raise self.value
2026-04-27 17:13:59.781 9 ERROR neutron.plugins.ml2.managers
File "/var/lib/openstack/lib/python3.10/site-packages/neutron_lib/db/api.py", line 135, in wrapped
2026-04-27 17:13:59.781 9 ERROR neutron.plugins.ml2.managers return f(*args, **kwargs)
2026-04-27 17:13:59.781 9 ERROR neutron.plugins.ml2.managers
File "/var/lib/openstack/lib/python3.10/site-packages/oslo_db/api.py", line 144, in wrapper
2026-04-27 17:13:59.781 9 ERROR neutron.plugins.ml2.managers with excutils.save_and_reraise_exception() as ectxt:
2026-04-27 17:13:59.781 9 ERROR neutron.plugins.ml2.managers
File "/var/lib/openstack/lib/python3.10/site-packages/oslo_utils/excutils.py", line 227, in __exit__
2026-04-27 17:13:59.781 9 ERROR neutron.plugins.ml2.managers self.force_reraise()
2026-04-27 17:13:59.781 9 ERROR neutron.plugins.ml2.managers
File "/var/lib/openstack/lib/python3.10/site-packages/oslo_utils/excutils.py", line 200, in force_reraise
2026-04-27 17:13:59.781 9 ERROR neutron.plugins.ml2.managers raise self.value
2026-04-27 17:13:59.781 9 ERROR neutron.plugins.ml2.managers
File "/var/lib/openstack/lib/python3.10/site-packages/oslo_db/api.py", line 142, in wrapper
2026-04-27 17:13:59.781 9 ERROR neutron.plugins.ml2.managers return f(*args, **kwargs)
2026-04-27 17:13:59.781 9 ERROR neutron.plugins.ml2.managers
File "/var/lib/openstack/lib/python3.10/site-packages/neutron_lib/db/api.py", line 183, in wrapped
2026-04-27 17:13:59.781 9 ERROR neutron.plugins.ml2.managers with excutils.save_and_reraise_exception():
2026-04-27 17:13:59.781 9 ERROR neutron.plugins.ml2.managers
File "/var/lib/openstack/lib/python3.10/site-packages/oslo_utils/excutils.py", line 227, in __exit__
2026-04-27 17:13:59.781 9 ERROR neutron.plugins.ml2.managers self.force_reraise()
2026-04-27 17:13:59.781 9 ERROR neutron.plugins.ml2.managers
File "/var/lib/openstack/lib/python3.10/site-packages/oslo_utils/excutils.py", line 200, in force_reraise
2026-04-27 17:13:59.781 9 ERROR neutron.plugins.ml2.managers raise self.value
2026-04-27 17:13:59.781 9 ERROR neutron.plugins.ml2.managers
File "/var/lib/openstack/lib/python3.10/site-packages/neutron_lib/db/api.py", line 181, in wrapped
2026-04-27 17:13:59.781 9 ERROR neutron.plugins.ml2.managers return f(*dup_args, **dup_kwargs)
2026-04-27 17:13:59.781 9 ERROR neutron.plugins.ml2.managers
File "/var/lib/openstack/lib/python3.10/site-packages/neutron/db/db_base_plugin_v2.py", line 1198, in get_subnet
2026-04-27 17:13:59.781 9 ERROR neutron.plugins.ml2.managers subnet_obj = self._get_subnet_object(context, id)
2026-04-27 17:13:59.781 9 ERROR neutron.plugins.ml2.managers
File "/var/lib/openstack/lib/python3.10/site-packages/neutron/db/db_base_plugin_common.py", line 282, in _get_subnet_object
2026-04-27 17:13:59.781 9 ERROR neutron.plugins.ml2.managers raise exceptions.SubnetNotFound(subnet_id=id)
2026-04-27 17:13:59.781 9 ERROR neutron.plugins.ml2.managers neutron_lib.exceptions.SubnetNotFound: Subnet 74411798-da68-45d1-98e6-b5adc1587eee could not be found.
2026-04-27 17:13:59.781 9 ERROR neutron.plugins.ml2.managers 
2026-04-27 17:13:59.782 9 ERROR neutron.plugins.ml2.managers [None req-8681315f-ef23-42b9-a3ed-0026c04701a8 - - - - - -] Failed to bind port e5d5b21b-82fa-4ef5-84a3-407773349834 on host instance for vnic_type normal using segments [{'id': '8c70f97d-b603-4488-b634-7a6d20dc525c', 'network_type': 'vxlan', 'physical_network': None, 'segmentation_id': 864, 'network_id': '65d98367-1c46-4c0a-b592-887099b90b88'}]
2026-04-27 17:13:59.782 9 INFO neutron.plugins.ml2.plugin [None req-8681315f-ef23-42b9-a3ed-0026c04701a8 - - - - - -] Attempt 3 to bind port e5d5b21b-82fa-4ef5-84a3-407773349834
2026-04-27 17:13:59.799 9 ERROR neutron.plugins.ml2.managers [None req-8681315f-ef23-42b9-a3ed-0026c04701a8 - - - - - -] Mechanism driver openvswitch failed in bind_port: neutron_lib.exceptions.SubnetNotFound: Subnet 74411798-da68-45d1-98e6-b5adc1587eee could not be found.
2026-04-27 17:13:59.799 9 ERROR neutron.plugins.ml2.managers
Traceback (most recent call last):
2026-04-27 17:13:59.799 9 ERROR neutron.plugins.ml2.managers
File "/var/lib/openstack/lib/python3.10/site-packages/neutron/plugins/ml2/managers.py", line 866, in _bind_port_level
2026-04-27 17:13:59.799 9 ERROR neutron.plugins.ml2.managers driver.obj.bind_port(context)
2026-04-27 17:13:59.799 9 ERROR neutron.plugins.ml2.managers
File "/var/lib/openstack/lib/python3.10/site-packages/neutron/plugins/ml2/drivers/openvswitch/mech_driver/mech_openvswitch.py", line 133, in bind_port
2026-04-27 17:13:59.799 9 ERROR neutron.plugins.ml2.managers super(OpenvswitchMechanismDriver, self).bind_port(context)
2026-04-27 17:13:59.799 9 ERROR neutron.plugins.ml2.managers
File "/var/lib/openstack/lib/python3.10/site-packages/neutron/plugins/ml2/drivers/mech_agent.py", line 104, in bind_port
2026-04-27 17:13:59.799 9 ERROR neutron.plugins.ml2.managers subnets = self.get_subnets_from_fixed_ips(context)
2026-04-27 17:13:59.799 9 ERROR neutron.plugins.ml2.managers
File "/var/lib/openstack/lib/python3.10/site-packages/neutron/plugins/ml2/drivers/mech_agent.py", line 149, in get_subnets_from_fixed_ips
2026-04-27 17:13:59.799 9 ERROR neutron.plugins.ml2.managers subnets.append(context._plugin.get_subnet(
2026-04-27 17:13:59.799 9 ERROR neutron.plugins.ml2.managers
File "/var/lib/openstack/lib/python3.10/site-packages/neutron_lib/db/api.py", line 223, in wrapped
2026-04-27 17:13:59.799 9 ERROR neutron.plugins.ml2.managers return f_with_retry(*args, **kwargs,
2026-04-27 17:13:59.799 9 ERROR neutron.plugins.ml2.managers
File "/var/lib/openstack/lib/python3.10/site-packages/neutron_lib/db/api.py", line 137, in wrapped
2026-04-27 17:13:59.799 9 ERROR neutron.plugins.ml2.managers with excutils.save_and_reraise_exception():
2026-04-27 17:13:59.799 9 ERROR neutron.plugins.ml2.managers
File "/var/lib/openstack/lib/python3.10/site-packages/oslo_utils/excutils.py", line 227, in __exit__
2026-04-27 17:13:59.799 9 ERROR neutron.plugins.ml2.managers self.force_reraise()
2026-04-27 17:13:59.799 9 ERROR neutron.plugins.ml2.managers
File "/var/lib/openstack/lib/python3.10/site-packages/oslo_utils/excutils.py", line 200, in force_reraise
2026-04-27 17:13:59.799 9 ERROR neutron.plugins.ml2.managers raise self.value
2026-04-27 17:13:59.799 9 ERROR neutron.plugins.ml2.managers
File "/var/lib/openstack/lib/python3.10/site-packages/neutron_lib/db/api.py", line 135, in wrapped
2026-04-27 17:13:59.799 9 ERROR neutron.plugins.ml2.managers return f(*args, **kwargs)
2026-04-27 17:13:59.799 9 ERROR neutron.plugins.ml2.managers
File "/var/lib/openstack/lib/python3.10/site-packages/oslo_db/api.py", line 144, in wrapper
2026-04-27 17:13:59.799 9 ERROR neutron.plugins.ml2.managers with excutils.save_and_reraise_exception() as ectxt:
2026-04-27 17:13:59.799 9 ERROR neutron.plugins.ml2.managers
File "/var/lib/openstack/lib/python3.10/site-packages/oslo_utils/excutils.py", line 227, in __exit__
2026-04-27 17:13:59.799 9 ERROR neutron.plugins.ml2.managers self.force_reraise()
2026-04-27 17:13:59.799 9 ERROR neutron.plugins.ml2.managers
File "/var/lib/openstack/lib/python3.10/site-packages/oslo_utils/excutils.py", line 200, in force_reraise
2026-04-27 17:13:59.799 9 ERROR neutron.plugins.ml2.managers raise self.value
2026-04-27 17:13:59.799 9 ERROR neutron.plugins.ml2.managers
File "/var/lib/openstack/lib/python3.10/site-packages/oslo_db/api.py", line 142, in wrapper
2026-04-27 17:13:59.799 9 ERROR neutron.plugins.ml2.managers return f(*args, **kwargs)
2026-04-27 17:13:59.799 9 ERROR neutron.plugins.ml2.managers
File "/var/lib/openstack/lib/python3.10/site-packages/neutron_lib/db/api.py", line 183, in wrapped
2026-04-27 17:13:59.799 9 ERROR neutron.plugins.ml2.managers with excutils.save_and_reraise_exception():
2026-04-27 17:13:59.799 9 ERROR neutron.plugins.ml2.managers
File "/var/lib/openstack/lib/python3.10/site-packages/oslo_utils/excutils.py", line 227, in __exit__
2026-04-27 17:13:59.799 9 ERROR neutron.plugins.ml2.managers self.force_reraise()
2026-04-27 17:13:59.799 9 ERROR neutron.plugins.ml2.managers
File "/var/lib/openstack/lib/python3.10/site-packages/oslo_utils/excutils.py", line 200, in force_reraise
2026-04-27 17:13:59.799 9 ERROR neutron.plugins.ml2.managers raise self.value
2026-04-27 17:13:59.799 9 ERROR neutron.plugins.ml2.managers
File "/var/lib/openstack/lib/python3.10/site-packages/neutron_lib/db/api.py", line 181, in wrapped
2026-04-27 17:13:59.799 9 ERROR neutron.plugins.ml2.managers return f(*dup_args, **dup_kwargs)
2026-04-27 17:13:59.799 9 ERROR neutron.plugins.ml2.managers
File "/var/lib/openstack/lib/python3.10/site-packages/neutron/db/db_base_plugin_v2.py", line 1198, in get_subnet
2026-04-27 17:13:59.799 9 ERROR neutron.plugins.ml2.managers subnet_obj = self._get_subnet_object(context, id)
2026-04-27 17:13:59.799 9 ERROR neutron.plugins.ml2.managers
File "/var/lib/openstack/lib/python3.10/site-packages/neutron/db/db_base_plugin_common.py", line 282, in _get_subnet_object
2026-04-27 17:13:59.799 9 ERROR neutron.plugins.ml2.managers raise exceptions.SubnetNotFound(subnet_id=id)
2026-04-27 17:13:59.799 9 ERROR neutron.plugins.ml2.managers neutron_lib.exceptions.SubnetNotFound: Subnet 74411798-da68-45d1-98e6-b5adc1587eee could not be found.
2026-04-27 17:13:59.799 9 ERROR neutron.plugins.ml2.managers 
2026-04-27 17:13:59.800 9 ERROR neutron.plugins.ml2.managers [None req-8681315f-ef23-42b9-a3ed-0026c04701a8 - - - - - -] Failed to bind port e5d5b21b-82fa-4ef5-84a3-407773349834 on host instance for vnic_type normal using segments [{'id': '8c70f97d-b603-4488-b634-7a6d20dc525c', 'network_type': 'vxlan', 'physical_network': None, 'segmentation_id': 864, 'network_id': '65d98367-1c46-4c0a-b592-887099b90b88'}]
2026-04-27 17:13:59.800 9 INFO neutron.plugins.ml2.plugin [None req-8681315f-ef23-42b9-a3ed-0026c04701a8 - - - - - -] Attempt 4 to bind port e5d5b21b-82fa-4ef5-84a3-407773349834
2026-04-27 17:13:59.819 9 ERROR neutron.plugins.ml2.managers [None req-8681315f-ef23-42b9-a3ed-0026c04701a8 - - - - - -] Mechanism driver openvswitch failed in bind_port: neutron_lib.exceptions.SubnetNotFound: Subnet 74411798-da68-45d1-98e6-b5adc1587eee could not be found.
2026-04-27 17:13:59.819 9 ERROR neutron.plugins.ml2.managers
Traceback (most recent call last):
2026-04-27 17:13:59.819 9 ERROR neutron.plugins.ml2.managers
File "/var/lib/openstack/lib/python3.10/site-packages/neutron/plugins/ml2/managers.py", line 866, in _bind_port_level
2026-04-27 17:13:59.819 9 ERROR neutron.plugins.ml2.managers driver.obj.bind_port(context)
2026-04-27 17:13:59.819 9 ERROR neutron.plugins.ml2.managers
File "/var/lib/openstack/lib/python3.10/site-packages/neutron/plugins/ml2/drivers/openvswitch/mech_driver/mech_openvswitch.py", line 133, in bind_port
2026-04-27 17:13:59.819 9 ERROR neutron.plugins.ml2.managers super(OpenvswitchMechanismDriver, self).bind_port(context)
2026-04-27 17:13:59.819 9 ERROR neutron.plugins.ml2.managers
File "/var/lib/openstack/lib/python3.10/site-packages/neutron/plugins/ml2/drivers/mech_agent.py", line 104, in bind_port
2026-04-27 17:13:59.819 9 ERROR neutron.plugins.ml2.managers subnets = self.get_subnets_from_fixed_ips(context)
2026-04-27 17:13:59.819 9 ERROR neutron.plugins.ml2.managers
File "/var/lib/openstack/lib/python3.10/site-packages/neutron/plugins/ml2/drivers/mech_agent.py", line 149, in get_subnets_from_fixed_ips
2026-04-27 17:13:59.819 9 ERROR neutron.plugins.ml2.managers subnets.append(context._plugin.get_subnet(
2026-04-27 17:13:59.819 9 ERROR neutron.plugins.ml2.managers
File "/var/lib/openstack/lib/python3.10/site-packages/neutron_lib/db/api.py", line 223, in wrapped
2026-04-27 17:13:59.819 9 ERROR neutron.plugins.ml2.managers return f_with_retry(*args, **kwargs,
2026-04-27 17:13:59.819 9 ERROR neutron.plugins.ml2.managers
File "/var/lib/openstack/lib/python3.10/site-packages/neutron_lib/db/api.py", line 137, in wrapped
2026-04-27 17:13:59.819 9 ERROR neutron.plugins.ml2.managers with excutils.save_and_reraise_exception():
2026-04-27 17:13:59.819 9 ERROR neutron.plugins.ml2.managers
File "/var/lib/openstack/lib/python3.10/site-packages/oslo_utils/excutils.py", line 227, in __exit__
2026-04-27 17:13:59.819 9 ERROR neutron.plugins.ml2.managers self.force_reraise()
2026-04-27 17:13:59.819 9 ERROR neutron.plugins.ml2.managers
File "/var/lib/openstack/lib/python3.10/site-packages/oslo_utils/excutils.py", line 200, in force_reraise
2026-04-27 17:13:59.819 9 ERROR neutron.plugins.ml2.managers raise self.value
2026-04-27 17:13:59.819 9 ERROR neutron.plugins.ml2.managers
File "/var/lib/openstack/lib/python3.10/site-packages/neutron_lib/db/api.py", line 135, in wrapped
2026-04-27 17:13:59.819 9 ERROR neutron.plugins.ml2.managers return f(*args, **kwargs)
2026-04-27 17:13:59.819 9 ERROR neutron.plugins.ml2.managers
File "/var/lib/openstack/lib/python3.10/site-packages/oslo_db/api.py", line 144, in wrapper
2026-04-27 17:13:59.819 9 ERROR neutron.plugins.ml2.managers with excutils.save_and_reraise_exception() as ectxt:
2026-04-27 17:13:59.819 9 ERROR neutron.plugins.ml2.managers
File "/var/lib/openstack/lib/python3.10/site-packages/oslo_utils/excutils.py", line 227, in __exit__
2026-04-27 17:13:59.819 9 ERROR neutron.plugins.ml2.managers self.force_reraise()
2026-04-27 17:13:59.819 9 ERROR neutron.plugins.ml2.managers
File "/var/lib/openstack/lib/python3.10/site-packages/oslo_utils/excutils.py", line 200, in force_reraise
2026-04-27 17:13:59.819 9 ERROR neutron.plugins.ml2.managers raise self.value
2026-04-27 17:13:59.819 9 ERROR neutron.plugins.ml2.managers
File "/var/lib/openstack/lib/python3.10/site-packages/oslo_db/api.py", line 142, in wrapper
2026-04-27 17:13:59.819 9 ERROR neutron.plugins.ml2.managers return f(*args, **kwargs)
2026-04-27 17:13:59.819 9 ERROR neutron.plugins.ml2.managers
File "/var/lib/openstack/lib/python3.10/site-packages/neutron_lib/db/api.py", line 183, in wrapped
2026-04-27 17:13:59.819 9 ERROR neutron.plugins.ml2.managers with excutils.save_and_reraise_exception():
2026-04-27 17:13:59.819 9 ERROR neutron.plugins.ml2.managers
File "/var/lib/openstack/lib/python3.10/site-packages/oslo_utils/excutils.py", line 227, in __exit__
2026-04-27 17:13:59.819 9 ERROR neutron.plugins.ml2.managers self.force_reraise()
2026-04-27 17:13:59.819 9 ERROR neutron.plugins.ml2.managers
File "/var/lib/openstack/lib/python3.10/site-packages/oslo_utils/excutils.py", line 200, in force_reraise
2026-04-27 17:13:59.819 9 ERROR neutron.plugins.ml2.managers raise self.value
2026-04-27 17:13:59.819 9 ERROR neutron.plugins.ml2.managers
File "/var/lib/openstack/lib/python3.10/site-packages/neutron_lib/db/api.py", line 181, in wrapped
2026-04-27 17:13:59.819 9 ERROR neutron.plugins.ml2.managers return f(*dup_args, **dup_kwargs)
2026-04-27 17:13:59.819 9 ERROR neutron.plugins.ml2.managers
File "/var/lib/openstack/lib/python3.10/site-packages/neutron/db/db_base_plugin_v2.py", line 1198, in get_subnet
2026-04-27 17:13:59.819 9 ERROR neutron.plugins.ml2.managers subnet_obj = self._get_subnet_object(context, id)
2026-04-27 17:13:59.819 9 ERROR neutron.plugins.ml2.managers
File "/var/lib/openstack/lib/python3.10/site-packages/neutron/db/db_base_plugin_common.py", line 282, in _get_subnet_object
2026-04-27 17:13:59.819 9 ERROR neutron.plugins.ml2.managers raise exceptions.SubnetNotFound(subnet_id=id)
2026-04-27 17:13:59.819 9 ERROR neutron.plugins.ml2.managers neutron_lib.exceptions.SubnetNotFound: Subnet 74411798-da68-45d1-98e6-b5adc1587eee could not be found.
2026-04-27 17:13:59.819 9 ERROR neutron.plugins.ml2.managers 
2026-04-27 17:13:59.819 9 ERROR neutron.plugins.ml2.managers [None req-8681315f-ef23-42b9-a3ed-0026c04701a8 - - - - - -] Failed to bind port e5d5b21b-82fa-4ef5-84a3-407773349834 on host instance for vnic_type normal using segments [{'id': '8c70f97d-b603-4488-b634-7a6d20dc525c', 'network_type': 'vxlan', 'physical_network': None, 'segmentation_id': 864, 'network_id': '65d98367-1c46-4c0a-b592-887099b90b88'}]
2026-04-27 17:13:59.820 9 INFO neutron.plugins.ml2.plugin [None req-8681315f-ef23-42b9-a3ed-0026c04701a8 - - - - - -] Attempt 5 to bind port e5d5b21b-82fa-4ef5-84a3-407773349834
2026-04-27 17:13:59.837 9 ERROR neutron.plugins.ml2.managers [None req-8681315f-ef23-42b9-a3ed-0026c04701a8 - - - - - -] Mechanism driver openvswitch failed in bind_port: neutron_lib.exceptions.SubnetNotFound: Subnet 74411798-da68-45d1-98e6-b5adc1587eee could not be found.
2026-04-27 17:13:59.837 9 ERROR neutron.plugins.ml2.managers
Traceback (most recent call last):
2026-04-27 17:13:59.837 9 ERROR neutron.plugins.ml2.managers
File "/var/lib/openstack/lib/python3.10/site-packages/neutron/plugins/ml2/managers.py", line 866, in _bind_port_level
2026-04-27 17:13:59.837 9 ERROR neutron.plugins.ml2.managers driver.obj.bind_port(context)
2026-04-27 17:13:59.837 9 ERROR neutron.plugins.ml2.managers
File "/var/lib/openstack/lib/python3.10/site-packages/neutron/plugins/ml2/drivers/openvswitch/mech_driver/mech_openvswitch.py", line 133, in bind_port
2026-04-27 17:13:59.837 9 ERROR neutron.plugins.ml2.managers super(OpenvswitchMechanismDriver, self).bind_port(context)
2026-04-27 17:13:59.837 9 ERROR neutron.plugins.ml2.managers
File "/var/lib/openstack/lib/python3.10/site-packages/neutron/plugins/ml2/drivers/mech_agent.py", line 104, in bind_port
2026-04-27 17:13:59.837 9 ERROR neutron.plugins.ml2.managers subnets = self.get_subnets_from_fixed_ips(context)
2026-04-27 17:13:59.837 9 ERROR neutron.plugins.ml2.managers
File "/var/lib/openstack/lib/python3.10/site-packages/neutron/plugins/ml2/drivers/mech_agent.py", line 149, in get_subnets_from_fixed_ips
2026-04-27 17:13:59.837 9 ERROR neutron.plugins.ml2.managers subnets.append(context._plugin.get_subnet(
2026-04-27 17:13:59.837 9 ERROR neutron.plugins.ml2.managers
File "/var/lib/openstack/lib/python3.10/site-packages/neutron_lib/db/api.py", line 223, in wrapped
