Jun 10 00:25:20.674864 np0000179360 devstack@neutron-api.service[103563]: DEBUG neutron_lib.callbacks.manager [None req-7068181e-65af-434a-95da-c8e4a06979ed None None] Subscribe: > security_group after_delete 55550000, False {{(pid=103563) subscribe /opt/stack/data/venv/lib/python3.12/site-packages/neutron_lib/callbacks/manager.py:52}}
Jun 10 00:25:20.674961 np0000179360 devstack@neutron-api.service[103566]: INFO neutron.api.extensions [None req-bcc00a21-8f65-4279-bb69-f56fe19635e9 None None] Extension router-admin-state-down-before-update not supported by any of loaded plugins
Jun 10 00:25:20.675004 np0000179360 devstack@neutron-api.service[103563]: DEBUG neutron_lib.callbacks.manager [None req-7068181e-65af-434a-95da-c8e4a06979ed None None] Subscribe: > security_group_rule after_create 55550000, False {{(pid=103563) subscribe /opt/stack/data/venv/lib/python3.12/site-packages/neutron_lib/callbacks/manager.py:52}}
Jun 10 00:25:20.675040 np0000179360 devstack@neutron-api.service[103566]: DEBUG neutron.api.extensions [None req-bcc00a21-8f65-4279-bb69-f56fe19635e9 None None] Loading extension file: agent.py {{(pid=103566) _load_all_extensions_from_path /opt/stack/neutron/neutron/api/extensions.py:449}}
Jun 10 00:25:20.675081 np0000179360 devstack@neutron-api.service[103563]: DEBUG neutron_lib.callbacks.manager [None req-7068181e-65af-434a-95da-c8e4a06979ed None None] Subscribe: > security_group_rule after_update 55550000, False {{(pid=103563) subscribe /opt/stack/data/venv/lib/python3.12/site-packages/neutron_lib/callbacks/manager.py:52}}
Jun 10 00:25:20.675123 np0000179360 devstack@neutron-api.service[103563]: DEBUG neutron_lib.callbacks.manager [None req-7068181e-65af-434a-95da-c8e4a06979ed None None] Subscribe: > security_group_rule after_delete 55550000, False {{(pid=103563) subscribe /opt/stack/data/venv/lib/python3.12/site-packages/neutron_lib/callbacks/manager.py:52}}
Jun 10 00:25:20.675192 np0000179360 devstack@neutron-api.service[103566]: DEBUG neutron.api.extensions [None req-bcc00a21-8f65-4279-bb69-f56fe19635e9 None None] Ext name="agent" alias="agent" description="The agent management extension." updated="2013-02-03T10:00:00-00:00" {{(pid=103566) _check_extension /opt/stack/neutron/neutron/api/extensions.py:415}}
Jun 10 00:25:20.675235 np0000179360 devstack@neutron-api.service[103563]: DEBUG neutron_lib.callbacks.manager [None req-7068181e-65af-434a-95da-c8e4a06979ed None None] Subscribe: > address_group after_create 55550000, False {{(pid=103563) subscribe /opt/stack/data/venv/lib/python3.12/site-packages/neutron_lib/callbacks/manager.py:52}}
Jun 10 00:25:20.675393 np0000179360 devstack@neutron-api.service[103566]: INFO neutron.api.extensions [None req-bcc00a21-8f65-4279-bb69-f56fe19635e9 None None] Loaded extension: agent
Jun 10 00:25:20.675438 np0000179360 devstack@neutron-api.service[103563]: DEBUG neutron_lib.callbacks.manager [None req-7068181e-65af-434a-95da-c8e4a06979ed None None] Subscribe: > address_group after_update 55550000, False {{(pid=103563) subscribe /opt/stack/data/venv/lib/python3.12/site-packages/neutron_lib/callbacks/manager.py:52}}
Jun 10 00:25:20.675479 np0000179360 devstack@neutron-api.service[103566]: DEBUG neutron.api.extensions [None req-bcc00a21-8f65-4279-bb69-f56fe19635e9 None None] Loading extension file: agent_resources_synced.py {{(pid=103566) _load_all_extensions_from_path /opt/stack/neutron/neutron/api/extensions.py:449}}
Jun 10 00:25:20.675560 np0000179360 devstack@neutron-api.service[103563]: DEBUG neutron_lib.callbacks.manager [None req-7068181e-65af-434a-95da-c8e4a06979ed None None] Subscribe: > address_group after_delete 55550000, False {{(pid=103563) subscribe /opt/stack/data/venv/lib/python3.12/site-packages/neutron_lib/callbacks/manager.py:52}}
Jun 10 00:25:20.675696 np0000179360 devstack@neutron-api.service[103563]: DEBUG neutron.plugins.ml2.ovo_rpc [None req-7068181e-65af-434a-95da-c8e4a06979ed None None] ML2 OVO RPC backend initialized. {{(pid=103563) __init__ /opt/stack/neutron/neutron/plugins/ml2/ovo_rpc.py:117}}
Jun 10 00:25:20.675738 np0000179360 devstack@neutron-api.service[103566]: DEBUG neutron.api.extensions [None req-bcc00a21-8f65-4279-bb69-f56fe19635e9 None None] Ext name="Agent's Resource View Synced to Placement" alias="agent-resources-synced" description="Stores success/failure of last sync to Placement" updated="2018-12-19T00:00:00-00:00" {{(pid=103566) _check_extension /opt/stack/neutron/neutron/api/extensions.py:415}}
Jun 10 00:25:20.675885 np0000179360 devstack@neutron-api.service[103566]: INFO neutron.api.extensions [None req-bcc00a21-8f65-4279-bb69-f56fe19635e9 None None] Extension agent-resources-synced not supported by any of loaded plugins
Jun 10 00:25:20.675971 np0000179360 devstack@neutron-api.service[103566]: DEBUG neutron.api.extensions [None req-bcc00a21-8f65-4279-bb69-f56fe19635e9 None None] Loading extension file: agent_sort_key.py {{(pid=103566) _load_all_extensions_from_path /opt/stack/neutron/neutron/api/extensions.py:449}}
Jun 10 00:25:20.676218 np0000179360 devstack@neutron-api.service[103566]: DEBUG neutron.api.extensions [None req-bcc00a21-8f65-4279-bb69-f56fe19635e9 None None] Ext name="Agents Sort Key" alias="agent_sort_key" description="Enabling the keyword sort_key for sorting in agents." updated="2013-02-03T10:00:00-00:00" {{(pid=103566) _check_extension /opt/stack/neutron/neutron/api/extensions.py:415}}
Jun 10 00:25:20.676405 np0000179360 devstack@neutron-api.service[103566]: INFO neutron.api.extensions [None req-bcc00a21-8f65-4279-bb69-f56fe19635e9 None None] Extension agent_sort_key not supported by any of loaded plugins
Jun 10 00:25:20.676496 np0000179360 devstack@neutron-api.service[103566]: DEBUG neutron.api.extensions [None req-bcc00a21-8f65-4279-bb69-f56fe19635e9 None None] Loading extension file: allowedaddresspairs.py {{(pid=103566) _load_all_extensions_from_path /opt/stack/neutron/neutron/api/extensions.py:449}}
Jun 10 00:25:20.676696 np0000179360 devstack@neutron-api.service[103563]: INFO neutron.quota [None req-7068181e-65af-434a-95da-c8e4a06979ed None None] Loaded quota_driver: .
Jun 10 00:25:20.676836 np0000179360 devstack@neutron-api.service[103563]: INFO neutron.plugins.ml2.plugin [None req-7068181e-65af-434a-95da-c8e4a06979ed None None] Modular L2 Plugin initialization complete
Jun 10 00:25:20.677012 np0000179360 devstack@neutron-api.service[103563]: DEBUG neutron.manager [None req-7068181e-65af-434a-95da-c8e4a06979ed None None] Loading services supported by the core plugin {{(pid=103563) _load_services_from_core_plugin /opt/stack/neutron/neutron/manager.py:170}}
Jun 10 00:25:20.677153 np0000179360 devstack@neutron-api.service[103563]: INFO neutron.plugins.ml2.managers [None req-7068181e-65af-434a-95da-c8e4a06979ed None None] Got port-security extension from driver 'port_security'
Jun 10 00:25:20.677194 np0000179360 devstack@neutron-api.service[103566]: DEBUG neutron.api.extensions [None req-bcc00a21-8f65-4279-bb69-f56fe19635e9 None None] Ext name="Allowed Address Pairs" alias="allowed-address-pairs" description="Provides allowed address pairs" updated="2013-07-23T10:00:00-00:00" {{(pid=103566) _check_extension /opt/stack/neutron/neutron/api/extensions.py:415}}
Jun 10 00:25:20.677385 np0000179360 devstack@neutron-api.service[103566]: INFO neutron.api.extensions [None req-bcc00a21-8f65-4279-bb69-f56fe19635e9 None None] Loaded extension: allowed-address-pairs
Jun 10 00:25:20.677477 np0000179360 devstack@neutron-api.service[103566]: DEBUG neutron.api.extensions [None req-bcc00a21-8f65-4279-bb69-f56fe19635e9 None None] Loading extension file: auto_allocated_topology.py {{(pid=103566) _load_all_extensions_from_path /opt/stack/neutron/neutron/api/extensions.py:449}}
Jun 10 00:25:20.677519 np0000179360 devstack@neutron-api.service[103563]: DEBUG neutron.manager [None req-7068181e-65af-434a-95da-c8e4a06979ed None None] Loading service plugins: ['ovn-router', 'auto_allocate', 'tag', 'timestamp', 'network_ip_availability', 'flavors', 'revisions'] {{(pid=103563) _load_service_plugins /opt/stack/neutron/neutron/manager.py:195}}
Jun 10 00:25:20.677642 np0000179360 devstack@neutron-api.service[103563]: INFO neutron.manager [None req-7068181e-65af-434a-95da-c8e4a06979ed None None] Loading Plugin: ovn-router
Jun 10 00:25:20.677725 np0000179360 devstack@neutron-api.service[103566]: DEBUG neutron.api.extensions [None req-bcc00a21-8f65-4279-bb69-f56fe19635e9 None None] Ext name="Auto Allocated Topology Services" alias="auto-allocated-topology" description="Auto Allocated Topology Services." updated="2016-01-01T00:00:00-00:00" {{(pid=103566) _check_extension /opt/stack/neutron/neutron/api/extensions.py:415}}
Jun 10 00:25:20.677910 np0000179360 devstack@neutron-api.service[103566]: INFO neutron.api.extensions [None req-bcc00a21-8f65-4279-bb69-f56fe19635e9 None None] Loaded extension: auto-allocated-topology
Jun 10 00:25:20.678001 np0000179360 devstack@neutron-api.service[103566]: DEBUG neutron.api.extensions [None req-bcc00a21-8f65-4279-bb69-f56fe19635e9 None None] Loading extension file: availability_zone.py {{(pid=103566) _load_all_extensions_from_path /opt/stack/neutron/neutron/api/extensions.py:449}}
Jun 10 00:25:20.678468 np0000179360 devstack@neutron-api.service[103566]: DEBUG neutron.api.extensions [None req-bcc00a21-8f65-4279-bb69-f56fe19635e9 None None] Ext name="Availability Zone" alias="availability_zone" description="The availability zone extension." updated="2015-01-01T10:00:00-00:00" {{(pid=103566) _check_extension /opt/stack/neutron/neutron/api/extensions.py:415}}
Jun 10 00:25:20.678648 np0000179360 devstack@neutron-api.service[103566]: INFO neutron.api.extensions [None req-bcc00a21-8f65-4279-bb69-f56fe19635e9 None None] Loaded extension: availability_zone
Jun 10 00:25:20.678734 np0000179360 devstack@neutron-api.service[103566]: DEBUG neutron.api.extensions [None req-bcc00a21-8f65-4279-bb69-f56fe19635e9 None None] Loading extension file: availability_zone_filter.py {{(pid=103566) _load_all_extensions_from_path /opt/stack/neutron/neutron/api/extensions.py:449}}
Jun 10 00:25:20.678973 np0000179360 devstack@neutron-api.service[103566]: DEBUG neutron.api.extensions [None req-bcc00a21-8f65-4279-bb69-f56fe19635e9 None None] Ext name="Availability Zone Filter Extension" alias="availability_zone_filter" description="Add filter parameters to AvailabilityZone resource" updated="2018-06-22T10:00:00-00:00" {{(pid=103566) _check_extension /opt/stack/neutron/neutron/api/extensions.py:415}}
Jun 10 00:25:20.679158 np0000179360 devstack@neutron-api.service[103566]: INFO neutron.api.extensions [None req-bcc00a21-8f65-4279-bb69-f56fe19635e9 None None] Extension availability_zone_filter not supported by any of loaded plugins
Jun 10 00:25:20.679247 np0000179360 devstack@neutron-api.service[103566]: DEBUG neutron.api.extensions [None req-bcc00a21-8f65-4279-bb69-f56fe19635e9 None None] Loading extension file: data_plane_status.py {{(pid=103566) _load_all_extensions_from_path /opt/stack/neutron/neutron/api/extensions.py:449}}
Jun 10 00:25:20.679502 np0000179360 devstack@neutron-api.service[103566]: DEBUG neutron.api.extensions [None req-bcc00a21-8f65-4279-bb69-f56fe19635e9 None None] Ext name="Port data plane status extension" alias="data-plane-status" description="Expose status of underlying data plane" updated="2017-01-24T10:00:00-00:00" {{(pid=103566) _check_extension /opt/stack/neutron/neutron/api/extensions.py:415}}
Jun 10 00:25:20.679676 np0000179360 devstack@neutron-api.service[103566]: INFO neutron.api.extensions [None req-bcc00a21-8f65-4279-bb69-f56fe19635e9 None None] Extension data-plane-status not supported by any of loaded plugins
Jun 10 00:25:20.679762 np0000179360 devstack@neutron-api.service[103566]: DEBUG neutron.api.extensions [None req-bcc00a21-8f65-4279-bb69-f56fe19635e9 None None] Loading extension file: default_subnetpools.py {{(pid=103566) _load_all_extensions_from_path /opt/stack/neutron/neutron/api/extensions.py:449}}
Jun 10 00:25:20.680000 np0000179360 devstack@neutron-api.service[103566]: DEBUG neutron.api.extensions [None req-bcc00a21-8f65-4279-bb69-f56fe19635e9 None None] Ext name="Default Subnetpools" alias="default-subnetpools" description="Provides ability to mark and use a subnetpool as the default." updated="2016-02-18T18:00:00-00:00" {{(pid=103566) _check_extension /opt/stack/neutron/neutron/api/extensions.py:415}}
Jun 10 00:25:20.680179 np0000179360 devstack@neutron-api.service[103566]: INFO neutron.api.extensions [None req-bcc00a21-8f65-4279-bb69-f56fe19635e9 None None] Loaded extension: default-subnetpools
Jun 10 00:25:20.680272 np0000179360 devstack@neutron-api.service[103566]: DEBUG neutron.api.extensions [None req-bcc00a21-8f65-4279-bb69-f56fe19635e9 None None] Loading extension file: dhcpagentscheduler.py {{(pid=103566) _load_all_extensions_from_path /opt/stack/neutron/neutron/api/extensions.py:449}}
Jun 10 00:25:20.680669 np0000179360 devstack@neutron-api.service[103566]: DEBUG neutron.api.extensions [None req-bcc00a21-8f65-4279-bb69-f56fe19635e9 None None] Ext name="DHCP Agent Scheduler" alias="dhcp_agent_scheduler" description="Schedule networks among dhcp agents" updated="2013-02-07T10:00:00-00:00" {{(pid=103566) _check_extension /opt/stack/neutron/neutron/api/extensions.py:415}}
Jun 10 00:25:20.680847 np0000179360 devstack@neutron-api.service[103566]: INFO neutron.api.extensions [None req-bcc00a21-8f65-4279-bb69-f56fe19635e9 None None] Loaded extension: dhcp_agent_scheduler
Jun 10 00:25:20.680941 np0000179360 devstack@neutron-api.service[103566]: DEBUG neutron.api.extensions [None req-bcc00a21-8f65-4279-bb69-f56fe19635e9 None None] Loading extension file: dns.py {{(pid=103566) _load_all_extensions_from_path /opt/stack/neutron/neutron/api/extensions.py:449}}
Jun 10 00:25:20.681181 np0000179360 devstack@neutron-api.service[103566]: DEBUG neutron.api.extensions [None req-bcc00a21-8f65-4279-bb69-f56fe19635e9 None None] Ext name="DNS Integration" alias="dns-integration" description="Provides integration with DNS." updated="2015-08-15T18:00:00-00:00" {{(pid=103566) _check_extension /opt/stack/neutron/neutron/api/extensions.py:415}}
Jun 10 00:25:20.681380 np0000179360 devstack@neutron-api.service[103566]: INFO neutron.api.extensions [None req-bcc00a21-8f65-4279-bb69-f56fe19635e9 None None] Loaded extension: dns-integration
Jun 10 00:25:20.681465 np0000179360 devstack@neutron-api.service[103566]: DEBUG neutron.api.extensions [None req-bcc00a21-8f65-4279-bb69-f56fe19635e9 None None] Loading extension file: dns_domain_ports.py {{(pid=103566) _load_all_extensions_from_path /opt/stack/neutron/neutron/api/extensions.py:449}}
Jun 10 00:25:20.681705 np0000179360 devstack@neutron-api.service[103566]: DEBUG neutron.api.extensions [None req-bcc00a21-8f65-4279-bb69-f56fe19635e9 None None] Ext name="dns_domain for ports" alias="dns-domain-ports" description="Allows the DNS domain to be specified for a network port." updated="2017-04-24T10:00:00-00:00" {{(pid=103566) _check_extension /opt/stack/neutron/neutron/api/extensions.py:415}}
Jun 10 00:25:20.681875 np0000179360 devstack@neutron-api.service[103566]: INFO neutron.api.extensions [None req-bcc00a21-8f65-4279-bb69-f56fe19635e9 None None] Loaded extension: dns-domain-ports
Jun 10 00:25:20.681965 np0000179360 devstack@neutron-api.service[103566]: DEBUG neutron.api.extensions [None req-bcc00a21-8f65-4279-bb69-f56fe19635e9 None None] Loading extension file: dns_integration_domain_keywords.py {{(pid=103566) _load_all_extensions_from_path /opt/stack/neutron/neutron/api/extensions.py:449}}
Jun 10 00:25:20.682258 np0000179360 devstack@neutron-api.service[103566]: DEBUG neutron.api.extensions [None req-bcc00a21-8f65-4279-bb69-f56fe19635e9 None None] Ext name="DNS domain names with keywords allowed" alias="dns-integration-domain-keywords" description="Allows to use keywords like , , and as DNS domain name" updated="2020-06-15T18:00:00-00:00" {{(pid=103566) _check_extension /opt/stack/neutron/neutron/api/extensions.py:415}}
Jun 10 00:25:20.682457 np0000179360 devstack@neutron-api.service[103566]: INFO neutron.api.extensions [None req-bcc00a21-8f65-4279-bb69-f56fe19635e9 None None] Loaded extension: dns-integration-domain-keywords
Jun 10 00:25:20.682546 np0000179360 devstack@neutron-api.service[103566]: DEBUG neutron.api.extensions [None req-bcc00a21-8f65-4279-bb69-f56fe19635e9 None None] Loading extension file: dvr.py {{(pid=103566) _load_all_extensions_from_path /opt/stack/neutron/neutron/api/extensions.py:449}}
Jun 10 00:25:20.682857 np0000179360 devstack@neutron-api.service[103566]: DEBUG neutron.api.extensions [None req-bcc00a21-8f65-4279-bb69-f56fe19635e9 None None] Ext name="Distributed Virtual Router" alias="dvr" description="Enables configuration of Distributed Virtual Routers." updated="2014-06-1T10:00:00-00:00" {{(pid=103566) _check_extension /opt/stack/neutron/neutron/api/extensions.py:415}}
Jun 10 00:25:20.682986 np0000179360 devstack@neutron-api.service[103566]: INFO neutron.api.extensions [None req-bcc00a21-8f65-4279-bb69-f56fe19635e9 None None] Extension dvr not supported by any of loaded plugins
Jun 10 00:25:20.683061 np0000179360 devstack@neutron-api.service[103566]: DEBUG neutron.api.extensions [None req-bcc00a21-8f65-4279-bb69-f56fe19635e9 None None] Loading extension file: ecmp_routes.py {{(pid=103566) _load_all_extensions_from_path /opt/stack/neutron/neutron/api/extensions.py:449}}
Jun 10 00:25:20.683329 np0000179360 devstack@neutron-api.service[103566]: DEBUG neutron.api.extensions [None req-bcc00a21-8f65-4279-bb69-f56fe19635e9 None None] Ext name="Equal Cost Multipath Routing" alias="ecmp_routes" description="Allows traffic to reach thesame destination via multiple different links " updated="2020-11-26T18:00:00-00:00" {{(pid=103566) _check_extension /opt/stack/neutron/neutron/api/extensions.py:415}}
Jun 10 00:25:20.683512 np0000179360 devstack@neutron-api.service[103566]: INFO neutron.api.extensions [None req-bcc00a21-8f65-4279-bb69-f56fe19635e9 None None] Extension ecmp_routes not supported by any of loaded plugins
Jun 10 00:25:20.683580 np0000179360 devstack@neutron-api.service[103566]: DEBUG neutron.api.extensions [None req-bcc00a21-8f65-4279-bb69-f56fe19635e9 None None] Loading extension file: empty_string_filtering.py {{(pid=103566) _load_all_extensions_from_path /opt/stack/neutron/neutron/api/extensions.py:449}}
Jun 10 00:25:20.683830 np0000179360 devstack@neutron-api.service[103566]: DEBUG neutron.api.extensions [None req-bcc00a21-8f65-4279-bb69-f56fe19635e9 None None] Ext name="Empty String Filtering Extension" alias="empty-string-filtering" description="Allow filtering by attributes with empty string value" updated="2018-05-01T10:00:00-00:00" {{(pid=103566) _check_extension /opt/stack/neutron/neutron/api/extensions.py:415}}
Jun 10 00:25:20.684008 np0000179360 devstack@neutron-api.service[103566]: INFO neutron.api.extensions [None req-bcc00a21-8f65-4279-bb69-f56fe19635e9 None None] Loaded extension: empty-string-filtering
Jun 10 00:25:20.684081 np0000179360 devstack@neutron-api.service[103566]: DEBUG neutron.api.extensions [None req-bcc00a21-8f65-4279-bb69-f56fe19635e9 None None] Loading extension file: evpn.py {{(pid=103566) _load_all_extensions_from_path /opt/stack/neutron/neutron/api/extensions.py:449}}
Jun 10 00:25:20.684331 np0000179360 devstack@neutron-api.service[103566]: DEBUG neutron.api.extensions [None req-bcc00a21-8f65-4279-bb69-f56fe19635e9 None None] Ext name="EVPN" alias="evpn" description="Router extension to support EVPN Type-5 route advertisement" updated="2026-04-28T00:00:00-00:00" {{(pid=103566) _check_extension /opt/stack/neutron/neutron/api/extensions.py:415}}
Jun 10 00:25:20.684509 np0000179360 devstack@neutron-api.service[103566]: INFO neutron.api.extensions [None req-bcc00a21-8f65-4279-bb69-f56fe19635e9 None None] Extension evpn not supported by any of loaded plugins
Jun 10 00:25:20.684601 np0000179360 devstack@neutron-api.service[103566]: DEBUG neutron.api.extensions [None req-bcc00a21-8f65-4279-bb69-f56fe19635e9 None None] Loading extension file: expose_l3_conntrack_helper.py {{(pid=103566) _load_all_extensions_from_path /opt/stack/neutron/neutron/api/extensions.py:449}}
Jun 10 00:25:20.684829 np0000179360 devstack@neutron-api.service[103566]: DEBUG neutron.api.extensions [None req-bcc00a21-8f65-4279-bb69-f56fe19635e9 None None] Ext name="Expose CT target rules for conntrack helper" alias="expose-l3-conntrack-helper" description="Expose allow adding CT target rules for conntrack helper" updated="2019-04-04T10:00:00-00:00" {{(pid=103566) _check_extension /opt/stack/neutron/neutron/api/extensions.py:415}}
Jun 10 00:25:20.685004 np0000179360 devstack@neutron-api.service[103566]: INFO neutron.api.extensions [None req-bcc00a21-8f65-4279-bb69-f56fe19635e9 None None] Extension expose-l3-conntrack-helper not supported by any of loaded plugins
Jun 10 00:25:20.685080 np0000179360 devstack@neutron-api.service[103566]: DEBUG neutron.api.extensions [None req-bcc00a21-8f65-4279-bb69-f56fe19635e9 None None] Loading extension file: expose_port_forwarding_in_fip.py {{(pid=103566) _load_all_extensions_from_path /opt/stack/neutron/neutron/api/extensions.py:449}}
Jun 10 00:25:20.685333 np0000179360 devstack@neutron-api.service[103566]: DEBUG neutron.api.extensions [None req-bcc00a21-8f65-4279-bb69-f56fe19635e9 None None] Ext name="Expose Floating IP port forwardings" alias="expose-port-forwarding-in-fip" description="Expose port forwarding fields in floating IP response" updated="2018-06-28T16:00:00-00:00" {{(pid=103566) _check_extension /opt/stack/neutron/neutron/api/extensions.py:415}}
Jun 10 00:25:20.685516 np0000179360 devstack@neutron-api.service[103566]: INFO neutron.api.extensions [None req-bcc00a21-8f65-4279-bb69-f56fe19635e9 None None] Extension expose-port-forwarding-in-fip not supported by any of loaded plugins
Jun 10 00:25:20.685607 np0000179360 devstack@neutron-api.service[103566]: DEBUG neutron.api.extensions [None req-bcc00a21-8f65-4279-bb69-f56fe19635e9 None None] Loading extension file: external_net.py {{(pid=103566) _load_all_extensions_from_path /opt/stack/neutron/neutron/api/extensions.py:449}}
Jun 10 00:25:20.685838 np0000179360 devstack@neutron-api.service[103566]: DEBUG neutron.api.extensions [None req-bcc00a21-8f65-4279-bb69-f56fe19635e9 None None] Ext name="Neutron external network" alias="external-net" description="Adds external network attribute to network resource." updated="2013-01-14T10:00:00-00:00" {{(pid=103566) _check_extension /opt/stack/neutron/neutron/api/extensions.py:415}}
Jun 10 00:25:20.686009 np0000179360 devstack@neutron-api.service[103566]: INFO neutron.api.extensions [None req-bcc00a21-8f65-4279-bb69-f56fe19635e9 None None] Loaded extension: external-net
Jun 10 00:25:20.686086 np0000179360 devstack@neutron-api.service[103566]: DEBUG neutron.api.extensions [None req-bcc00a21-8f65-4279-bb69-f56fe19635e9 None None] Loading extension file: extra_dhcp_opt.py {{(pid=103566) _load_all_extensions_from_path /opt/stack/neutron/neutron/api/extensions.py:449}}
Jun 10 00:25:20.686375 np0000179360 devstack@neutron-api.service[103566]: DEBUG neutron.api.extensions [None req-bcc00a21-8f65-4279-bb69-f56fe19635e9 None None] Ext name="Neutron Extra DHCP options" alias="extra_dhcp_opt" description="Extra options configuration for DHCP. For example PXE boot options to DHCP clients can be specified (e.g. tftp-server, server-ip-address, bootfile-name)" updated="2013-03-17T12:00:00-00:00" {{(pid=103566) _check_extension /opt/stack/neutron/neutron/api/extensions.py:415}}
Jun 10 00:25:20.686546 np0000179360 devstack@neutron-api.service[103566]: INFO neutron.api.extensions [None req-bcc00a21-8f65-4279-bb69-f56fe19635e9 None None] Loaded extension: extra_dhcp_opt
Jun 10 00:25:20.686637 np0000179360 devstack@neutron-api.service[103566]: DEBUG neutron.api.extensions [None req-bcc00a21-8f65-4279-bb69-f56fe19635e9 None None] Loading extension file: extraroute.py {{(pid=103566) _load_all_extensions_from_path /opt/stack/neutron/neutron/api/extensions.py:449}}
Jun 10 00:25:20.686864 np0000179360 devstack@neutron-api.service[103566]: DEBUG neutron.api.extensions [None req-bcc00a21-8f65-4279-bb69-f56fe19635e9 None None] Ext name="Neutron Extra Route" alias="extraroute" description="Extra routes configuration for L3 router" updated="2013-02-01T10:00:00-00:00" {{(pid=103566) _check_extension /opt/stack/neutron/neutron/api/extensions.py:415}}
Jun 10 00:25:20.687037 np0000179360 devstack@neutron-api.service[103566]: INFO neutron.api.extensions [None req-bcc00a21-8f65-4279-bb69-f56fe19635e9 None None] Loaded extension: extraroute
Jun 10 00:25:20.687126 np0000179360 devstack@neutron-api.service[103566]: DEBUG neutron.api.extensions [None req-bcc00a21-8f65-4279-bb69-f56fe19635e9 None None] Loading extension file: extraroute_atomic.py {{(pid=103566) _load_all_extensions_from_path /opt/stack/neutron/neutron/api/extensions.py:449}}
Jun 10 00:25:20.687393 np0000179360 devstack@neutron-api.service[103566]: DEBUG neutron.api.extensions [None req-bcc00a21-8f65-4279-bb69-f56fe19635e9 None None] Ext name="Atomically add/remove extra routes" alias="extraroute-atomic" description="Edit extra routes of a router on server side by atomically adding/removing extra routes" updated="2019-07-10T00:00:00+00:00" {{(pid=103566) _check_extension /opt/stack/neutron/neutron/api/extensions.py:415}}
Jun 10 00:25:20.687567 np0000179360 devstack@neutron-api.service[103566]: INFO neutron.api.extensions [None req-bcc00a21-8f65-4279-bb69-f56fe19635e9 None None] Loaded extension: extraroute-atomic
Jun 10 00:25:20.687657 np0000179360 devstack@neutron-api.service[103566]: DEBUG neutron.api.extensions [None req-bcc00a21-8f65-4279-bb69-f56fe19635e9 None None] Loading extension file: filter_validation.py {{(pid=103566) _load_all_extensions_from_path /opt/stack/neutron/neutron/api/extensions.py:449}}
Jun 10 00:25:20.687906 np0000179360 devstack@neutron-api.service[103566]: DEBUG neutron.api.extensions [None req-bcc00a21-8f65-4279-bb69-f56fe19635e9 None None] Ext name="Filter parameters validation" alias="filter-validation" description="Provides validation on filter parameters." updated="2018-07-04T10:00:00-00:00" {{(pid=103566) _check_extension /opt/stack/neutron/neutron/api/extensions.py:415}}
Jun 10 00:25:20.688081 np0000179360 devstack@neutron-api.service[103566]: INFO neutron.api.extensions [None req-bcc00a21-8f65-4279-bb69-f56fe19635e9 None None] Loaded extension: filter-validation
Jun 10 00:25:20.688182 np0000179360 devstack@neutron-api.service[103566]: DEBUG neutron.api.extensions [None req-bcc00a21-8f65-4279-bb69-f56fe19635e9 None None] Loading extension file: fip_pf_description.py {{(pid=103566) _load_all_extensions_from_path /opt/stack/neutron/neutron/api/extensions.py:449}}
Jun 10 00:25:20.688422 np0000179360 devstack@neutron-api.service[103566]: DEBUG neutron.api.extensions [None req-bcc00a21-8f65-4279-bb69-f56fe19635e9 None None] Ext name="Floating IP Port Forwarding new attribute description" alias="floating-ip-port-forwarding-description" description="Add a description field to Port Forwarding rules" updated="2019-11-01T10:00:00-00:00" {{(pid=103566) _check_extension /opt/stack/neutron/neutron/api/extensions.py:415}}
Jun 10 00:25:20.688594 np0000179360 devstack@neutron-api.service[103566]: INFO neutron.api.extensions [None req-bcc00a21-8f65-4279-bb69-f56fe19635e9 None None] Extension floating-ip-port-forwarding-description not supported by any of loaded plugins
Jun 10 00:25:20.688673 np0000179360 devstack@neutron-api.service[103566]: DEBUG neutron.api.extensions [None req-bcc00a21-8f65-4279-bb69-f56fe19635e9 None None] Loading extension file: fip_pf_detail.py {{(pid=103566) _load_all_extensions_from_path /opt/stack/neutron/neutron/api/extensions.py:449}}
Jun 10 00:25:20.688905 np0000179360 devstack@neutron-api.service[103566]: DEBUG neutron.api.extensions [None req-bcc00a21-8f65-4279-bb69-f56fe19635e9 None None] Ext name="Floating IP port forwarding detail" alias="floating-ip-port-forwarding-detail" description="Allow list floating ip return more port forwarding data, include'id' and 'internal_port_id'" updated="2022-05-06T10:00:00-00:00" {{(pid=103566) _check_extension /opt/stack/neutron/neutron/api/extensions.py:415}}
Jun 10 00:25:20.689078 np0000179360 devstack@neutron-api.service[103566]: INFO neutron.api.extensions [None req-bcc00a21-8f65-4279-bb69-f56fe19635e9 None None] Loaded extension: floating-ip-port-forwarding-detail
Jun 10 00:25:20.689178 np0000179360 devstack@neutron-api.service[103566]: DEBUG neutron.api.extensions [None req-bcc00a21-8f65-4279-bb69-f56fe19635e9 None None] Loading extension file: fip_pf_port_range.py {{(pid=103566) _load_all_extensions_from_path /opt/stack/neutron/neutron/api/extensions.py:449}}
Jun 10 00:25:20.689419 np0000179360 devstack@neutron-api.service[103566]: DEBUG neutron.api.extensions [None req-bcc00a21-8f65-4279-bb69-f56fe19635e9 None None] Ext name="Floating IP Port Forwarding support port ranges" alias="floating-ip-port-forwarding-port-ranges" description="Add support to port ranges" updated="2020-07-01T10:00:00-00:00" {{(pid=103566) _check_extension /opt/stack/neutron/neutron/api/extensions.py:415}}
Jun 10 00:25:20.689484 np0000179360 devstack@neutron-api.service[103563]: DEBUG neutron_lib.callbacks.manager [None req-7068181e-65af-434a-95da-c8e4a06979ed None None] Subscribe: > router before_delete 55550000, False {{(pid=103563) subscribe /opt/stack/data/venv/lib/python3.12/site-packages/neutron_lib/callbacks/manager.py:52}}
Jun 10 00:25:20.689588 np0000179360 devstack@neutron-api.service[103566]: INFO neutron.api.extensions [None req-bcc00a21-8f65-4279-bb69-f56fe19635e9 None None] Extension floating-ip-port-forwarding-port-ranges not supported by any of loaded plugins
Jun 10 00:25:20.689791 np0000179360 devstack@neutron-api.service[103563]: DEBUG neutron_lib.callbacks.manager [None req-7068181e-65af-434a-95da-c8e4a06979ed None None] Subscribe: port before_update 55550000, False {{(pid=103563) subscribe /opt/stack/data/venv/lib/python3.12/site-packages/neutron_lib/callbacks/manager.py:52}}
Jun 10 00:25:20.689857 np0000179360 devstack@neutron-api.service[103566]: DEBUG neutron.api.extensions [None req-bcc00a21-8f65-4279-bb69-f56fe19635e9 None None] Loading extension file: fip_port_details.py {{(pid=103566) _load_all_extensions_from_path /opt/stack/neutron/neutron/api/extensions.py:449}}
Jun 10 00:25:20.689912 np0000179360 devstack@neutron-api.service[103563]: DEBUG neutron_lib.callbacks.manager [None req-7068181e-65af-434a-95da-c8e4a06979ed None None] Subscribe: port after_update 55550000, False {{(pid=103563) subscribe /opt/stack/data/venv/lib/python3.12/site-packages/neutron_lib/callbacks/manager.py:52}}
Jun 10 00:25:20.689970 np0000179360 devstack@neutron-api.service[103566]: DEBUG neutron.api.extensions [None req-bcc00a21-8f65-4279-bb69-f56fe19635e9 None None] Ext name="Floating IP Port Details Extension" alias="fip-port-details" description="Add port_details attribute to Floating IP resource" updated="2018-04-09T10:00:00-00:00" {{(pid=103566) _check_extension /opt/stack/neutron/neutron/api/extensions.py:415}}
Jun 10 00:25:20.690035 np0000179360 devstack@neutron-api.service[103563]: DEBUG neutron_lib.callbacks.manager [None req-7068181e-65af-434a-95da-c8e4a06979ed None None] Subscribe: > port precommit_delete 55550000, False {{(pid=103563) subscribe /opt/stack/data/venv/lib/python3.12/site-packages/neutron_lib/callbacks/manager.py:52}}
Jun 10 00:25:20.690035 np0000179360 devstack@neutron-api.service[103563]: DEBUG neutron_lib.callbacks.manager [None req-7068181e-65af-434a-95da-c8e4a06979ed None None] Subscribe: port before_update 55550000, False {{(pid=103563) subscribe /opt/stack/data/venv/lib/python3.12/site-packages/neutron_lib/callbacks/manager.py:52}}
Jun 10 00:25:20.690206 np0000179360 devstack@neutron-api.service[103566]: INFO neutron.api.extensions [None req-bcc00a21-8f65-4279-bb69-f56fe19635e9 None None] Loaded extension: fip-port-details
Jun 10 00:25:20.690206 np0000179360 devstack@neutron-api.service[103566]: DEBUG neutron.api.extensions [None req-bcc00a21-8f65-4279-bb69-f56fe19635e9 None None] Loading extension file: flavors.py {{(pid=103566) _load_all_extensions_from_path /opt/stack/neutron/neutron/api/extensions.py:449}}
Jun 10 00:25:20.690355 np0000179360 devstack@neutron-api.service[103563]: DEBUG neutron_lib.callbacks.manager [None req-7068181e-65af-434a-95da-c8e4a06979ed None None] Subscribe: port before_delete 55550000, False {{(pid=103563) subscribe /opt/stack/data/venv/lib/python3.12/site-packages/neutron_lib/callbacks/manager.py:52}}
Jun 10 00:25:20.690407 np0000179360 devstack@neutron-api.service[103563]: DEBUG neutron_lib.callbacks.manager [None req-7068181e-65af-434a-95da-c8e4a06979ed None None] Subscribe: > router precommit_create 55550000, False {{(pid=103563) subscribe /opt/stack/data/venv/lib/python3.12/site-packages/neutron_lib/callbacks/manager.py:52}}
Jun 10 00:25:20.690438 np0000179360 devstack@neutron-api.service[103566]: DEBUG neutron.api.extensions [None req-bcc00a21-8f65-4279-bb69-f56fe19635e9 None None] Ext name="Neutron Service Flavors" alias="flavors" description="Flavor specification for Neutron advanced services." updated="2015-09-17T10:00:00-00:00" {{(pid=103566) _check_extension /opt/stack/neutron/neutron/api/extensions.py:415}}
Jun 10 00:25:20.690534 np0000179360 devstack@neutron-api.service[103563]: DEBUG neutron_lib.callbacks.manager [None req-7068181e-65af-434a-95da-c8e4a06979ed None None] Subscribe: > router precommit_create 55550000, False {{(pid=103563) subscribe /opt/stack/data/venv/lib/python3.12/site-packages/neutron_lib/callbacks/manager.py:52}}
Jun 10 00:25:20.690619 np0000179360 devstack@neutron-api.service[103566]: INFO neutron.api.extensions [None req-bcc00a21-8f65-4279-bb69-f56fe19635e9 None None] Loaded extension: flavors
Jun 10 00:25:20.690671 np0000179360 devstack@neutron-api.service[103563]: DEBUG neutron_lib.callbacks.manager [None req-7068181e-65af-434a-95da-c8e4a06979ed None None] Subscribe: > router precommit_update 55550000, False {{(pid=103563) subscribe /opt/stack/data/venv/lib/python3.12/site-packages/neutron_lib/callbacks/manager.py:52}}
Jun 10 00:25:20.690712 np0000179360 devstack@neutron-api.service[103566]: DEBUG neutron.api.extensions [None req-bcc00a21-8f65-4279-bb69-f56fe19635e9 None None] Loading extension file: floating_ip_port_forwarding.py {{(pid=103566) _load_all_extensions_from_path /opt/stack/neutron/neutron/api/extensions.py:449}}
Jun 10 00:25:20.690824 np0000179360 devstack@neutron-api.service[103563]: DEBUG neutron_lib.callbacks.manager [None req-7068181e-65af-434a-95da-c8e4a06979ed None None] Subscribe: subnet after_update 55550000, False {{(pid=103563) subscribe /opt/stack/data/venv/lib/python3.12/site-packages/neutron_lib/callbacks/manager.py:52}}
Jun 10 00:25:20.691024 np0000179360 devstack@neutron-api.service[103566]: DEBUG neutron.api.extensions [None req-bcc00a21-8f65-4279-bb69-f56fe19635e9 None None] Ext name="Floating IP Port Forwarding" alias="floating-ip-port-forwarding" description="Allow port forwarding from floating IP port to an internal port" updated="2018-01-19T10:00:00-00:00" {{(pid=103566) _check_extension /opt/stack/neutron/neutron/api/extensions.py:415}}
Jun 10 00:25:20.691062 np0000179360 devstack@neutron-api.service[103563]: DEBUG neutron.quota.resource_registry [None req-7068181e-65af-434a-95da-c8e4a06979ed None None] Tracking information for resource: router configured {{(pid=103563) set_tracked_resource /opt/stack/neutron/neutron/quota/resource_registry.py:203}}
Jun 10 00:25:20.691196 np0000179360 devstack@neutron-api.service[103566]: INFO neutron.api.extensions [None req-bcc00a21-8f65-4279-bb69-f56fe19635e9 None None] Extension floating-ip-port-forwarding not supported by any of loaded plugins
Jun 10 00:25:20.691277 np0000179360 devstack@neutron-api.service[103563]: DEBUG neutron.quota.resource_registry [None req-7068181e-65af-434a-95da-c8e4a06979ed None None] Tracking information for resource: floatingip configured {{(pid=103563) set_tracked_resource /opt/stack/neutron/neutron/quota/resource_registry.py:203}}
Jun 10 00:25:20.691307 np0000179360 devstack@neutron-api.service[103566]: DEBUG neutron.api.extensions [None req-bcc00a21-8f65-4279-bb69-f56fe19635e9 None None] Loading extension file: floatingip_pools.py {{(pid=103566) _load_all_extensions_from_path /opt/stack/neutron/neutron/api/extensions.py:449}}
Jun 10 00:25:20.691429 np0000179360 devstack@neutron-api.service[103563]: INFO neutron.services.ovn_l3.plugin [None req-7068181e-65af-434a-95da-c8e4a06979ed None None] Starting OVNL3RouterPlugin
Jun 10 00:25:20.691585 np0000179360 devstack@neutron-api.service[103566]: DEBUG neutron.api.extensions [None req-bcc00a21-8f65-4279-bb69-f56fe19635e9 None None] Ext name="Floating IP Pools Extension" alias="floatingip-pools" description="Provides a floating IP pools API." updated="2018-03-21T10:00:00-00:00" {{(pid=103566) _check_extension /opt/stack/neutron/neutron/api/extensions.py:415}}
Jun 10 00:25:20.691737 np0000179360 devstack@neutron-api.service[103563]: DEBUG neutron_lib.callbacks.manager [None req-7068181e-65af-434a-95da-c8e4a06979ed None None] Subscribe: > port_forwarding_plugin after_init 55550000, False {{(pid=103563) subscribe /opt/stack/data/venv/lib/python3.12/site-packages/neutron_lib/callbacks/manager.py:52}}
Jun 10 00:25:20.691773 np0000179360 devstack@neutron-api.service[103566]: INFO neutron.api.extensions [None req-bcc00a21-8f65-4279-bb69-f56fe19635e9 None None] Loaded extension: floatingip-pools
Jun 10 00:25:20.691847 np0000179360 devstack@neutron-api.service[103566]: DEBUG neutron.api.extensions [None req-bcc00a21-8f65-4279-bb69-f56fe19635e9 None None] Loading extension file: ip_allocation.py {{(pid=103566) _load_all_extensions_from_path /opt/stack/neutron/neutron/api/extensions.py:449}}
Jun 10 00:25:20.692008 np0000179360 devstack@neutron-api.service[103563]: DEBUG neutron_lib.callbacks.manager [None req-7068181e-65af-434a-95da-c8e4a06979ed None None] Subscribe: > router before_create 55550100, False {{(pid=103563) subscribe /opt/stack/data/venv/lib/python3.12/site-packages/neutron_lib/callbacks/manager.py:52}}
Jun 10 00:25:20.692078 np0000179360 devstack@neutron-api.service[103566]: DEBUG neutron.api.extensions [None req-bcc00a21-8f65-4279-bb69-f56fe19635e9 None None] Ext name="IP Allocation" alias="ip_allocation" description="IP allocation extension." updated="2016-06-10T23:00:00-00:00" {{(pid=103566) _check_extension /opt/stack/neutron/neutron/api/extensions.py:415}}
Jun 10 00:25:20.692210 np0000179360 devstack@neutron-api.service[103563]: DEBUG neutron_lib.callbacks.manager [None req-7068181e-65af-434a-95da-c8e4a06979ed None None] Subscribe: > router precommit_delete 55550100, False {{(pid=103563) subscribe /opt/stack/data/venv/lib/python3.12/site-packages/neutron_lib/callbacks/manager.py:52}}
Jun 10 00:25:20.692252 np0000179360 devstack@neutron-api.service[103566]: INFO neutron.api.extensions [None req-bcc00a21-8f65-4279-bb69-f56fe19635e9 None None] Extension ip_allocation not supported by any of loaded plugins
Jun 10 00:25:20.692359 np0000179360 devstack@neutron-api.service[103566]: DEBUG neutron.api.extensions [None req-bcc00a21-8f65-4279-bb69-f56fe19635e9 None None] Loading extension file: ip_substring_port_filtering.py {{(pid=103566) _load_all_extensions_from_path /opt/stack/neutron/neutron/api/extensions.py:449}}
Jun 10 00:25:20.692389 np0000179360 devstack@neutron-api.service[103563]: DEBUG neutron_lib.callbacks.manager [None req-7068181e-65af-434a-95da-c8e4a06979ed None None] Subscribe: > router precommit_create 55550100, False {{(pid=103563) subscribe /opt/stack/data/venv/lib/python3.12/site-packages/neutron_lib/callbacks/manager.py:52}}
Jun 10 00:25:20.692533 np0000179360 devstack@neutron-api.service[103563]: DEBUG neutron_lib.callbacks.manager [None req-7068181e-65af-434a-95da-c8e4a06979ed None None] Subscribe: > router precommit_update 55550100, False {{(pid=103563) subscribe /opt/stack/data/venv/lib/python3.12/site-packages/neutron_lib/callbacks/manager.py:52}}
Jun 10 00:25:20.692589 np0000179360 devstack@neutron-api.service[103566]: DEBUG neutron.api.extensions [None req-bcc00a21-8f65-4279-bb69-f56fe19635e9 None None] Ext name="IP address substring filtering" alias="ip-substring-filtering" description="Provides IP address substring filtering when listing ports" updated="2017-11-28T09:00:00-00:00" {{(pid=103566) _check_extension /opt/stack/neutron/neutron/api/extensions.py:415}}
Jun 10 00:25:20.692761 np0000179360 devstack@neutron-api.service[103566]: INFO neutron.api.extensions [None req-bcc00a21-8f65-4279-bb69-f56fe19635e9 None None] Extension ip-substring-filtering not supported by any of loaded plugins
Jun 10 00:25:20.692850 np0000179360 devstack@neutron-api.service[103566]: DEBUG neutron.api.extensions [None req-bcc00a21-8f65-4279-bb69-f56fe19635e9 None None] Loading extension file: l2_adjacency.py {{(pid=103566) _load_all_extensions_from_path /opt/stack/neutron/neutron/api/extensions.py:449}}
Jun 10 00:25:20.693086 np0000179360 devstack@neutron-api.service[103566]: DEBUG neutron.api.extensions [None req-bcc00a21-8f65-4279-bb69-f56fe19635e9 None None] Ext name="L2 Adjacency" alias="l2_adjacency" description="Display L2 Adjacency for Neutron Networks." updated="2016-04-12T16:00:00-00:00" {{(pid=103566) _check_extension /opt/stack/neutron/neutron/api/extensions.py:415}}
Jun 10 00:25:20.693247 np0000179360 devstack@neutron-api.service[103566]: INFO neutron.api.extensions [None req-bcc00a21-8f65-4279-bb69-f56fe19635e9 None None] Extension l2_adjacency not supported by any of loaded plugins
Jun 10 00:25:20.693362 np0000179360 devstack@neutron-api.service[103566]: DEBUG neutron.api.extensions [None req-bcc00a21-8f65-4279-bb69-f56fe19635e9 None None] Loading extension file: l3.py {{(pid=103566) _load_all_extensions_from_path /opt/stack/neutron/neutron/api/extensions.py:449}}
Jun 10 00:25:20.693801 np0000179360 devstack@neutron-api.service[103566]: DEBUG neutron.api.extensions [None req-bcc00a21-8f65-4279-bb69-f56fe19635e9 None None] Ext name="Neutron L3 Router" alias="router" description="Router abstraction for basic L3 forwarding between L2 Neutron networks and access to external networks via a NAT gateway." updated="2012-07-20T10:00:00-00:00" {{(pid=103566) _check_extension /opt/stack/neutron/neutron/api/extensions.py:415}}
Jun 10 00:25:20.693982 np0000179360 devstack@neutron-api.service[103566]: INFO neutron.api.extensions [None req-bcc00a21-8f65-4279-bb69-f56fe19635e9 None None] Loaded extension: router
Jun 10 00:25:20.694075 np0000179360 devstack@neutron-api.service[103566]: DEBUG neutron.api.extensions [None req-bcc00a21-8f65-4279-bb69-f56fe19635e9 None None] Loading extension file: l3_agent_scheduler_ha_chassis_priority.py {{(pid=103566) _load_all_extensions_from_path /opt/stack/neutron/neutron/api/extensions.py:449}}
Jun 10 00:25:20.694367 np0000179360 devstack@neutron-api.service[103566]: DEBUG neutron.api.extensions [None req-bcc00a21-8f65-4279-bb69-f56fe19635e9 None None] Ext name="L3 Agent Scheduler HA Chassis Priority" alias="l3-agent-scheduler-ha-chassis-priority" description="Exposes the HA_Chassis priority in the L3 Agent Scheduler API responses and allows setting priority when scheduling a router to a chassis." updated="2026-03-31T00:00:00-00:00" {{(pid=103566) _check_extension /opt/stack/neutron/neutron/api/extensions.py:415}}
Jun 10 00:25:20.694550 np0000179360 devstack@neutron-api.service[103566]: INFO neutron.api.extensions [None req-bcc00a21-8f65-4279-bb69-f56fe19635e9 None None] Loaded extension: l3-agent-scheduler-ha-chassis-priority
Jun 10 00:25:20.694640 np0000179360 devstack@neutron-api.service[103566]: DEBUG neutron.api.extensions [None req-bcc00a21-8f65-4279-bb69-f56fe19635e9 None None] Loading extension file: l3_conntrack_helper.py {{(pid=103566) _load_all_extensions_from_path /opt/stack/neutron/neutron/api/extensions.py:449}}
Jun 10 00:25:20.695242 np0000179360 devstack@neutron-api.service[103566]: DEBUG neutron.api.extensions [None req-bcc00a21-8f65-4279-bb69-f56fe19635e9 None None] Ext name="L3 Conntrack helper" alias="l3-conntrack-helper" description="Allow adding CT target rules for conntrack helper" updated="2019-04-04T10:00:00-00:00" {{(pid=103566) _check_extension /opt/stack/neutron/neutron/api/extensions.py:415}}
Jun 10 00:25:20.695476 np0000179360 devstack@neutron-api.service[103566]: INFO neutron.api.extensions [None req-bcc00a21-8f65-4279-bb69-f56fe19635e9 None None] Extension l3-conntrack-helper not supported by any of loaded plugins
Jun 10 00:25:20.695534 np0000179360 devstack@neutron-api.service[103566]: DEBUG neutron.api.extensions [None req-bcc00a21-8f65-4279-bb69-f56fe19635e9 None None] Loading extension file: l3_enable_default_route_bfd.py {{(pid=103566) _load_all_extensions_from_path /opt/stack/neutron/neutron/api/extensions.py:449}}
Jun 10 00:25:20.695782 np0000179360 devstack@neutron-api.service[103566]: DEBUG neutron.api.extensions [None req-bcc00a21-8f65-4279-bb69-f56fe19635e9 None None] Ext name="Enable Default Route BFD" alias="enable-default-route-bfd" description="Enables configurable BFD behavior for default routes" updated="2023-02-27T00:00:00-00:00" {{(pid=103566) _check_extension /opt/stack/neutron/neutron/api/extensions.py:415}}
Jun 10 00:25:20.695959 np0000179360 devstack@neutron-api.service[103566]: INFO neutron.api.extensions [None req-bcc00a21-8f65-4279-bb69-f56fe19635e9 None None] Loaded extension: enable-default-route-bfd
Jun 10 00:25:20.696052 np0000179360 devstack@neutron-api.service[103566]: DEBUG neutron.api.extensions [None req-bcc00a21-8f65-4279-bb69-f56fe19635e9 None None] Loading extension file: l3_enable_default_route_ecmp.py {{(pid=103566) _load_all_extensions_from_path /opt/stack/neutron/neutron/api/extensions.py:449}}
Jun 10 00:25:20.696295 np0000179360 devstack@neutron-api.service[103566]: DEBUG neutron.api.extensions [None req-bcc00a21-8f65-4279-bb69-f56fe19635e9 None None] Ext name="Enable Default Route ECMP" alias="enable-default-route-ecmp" description="Enables configurable ECMP behavior for default routes" updated="2023-02-27T00:00:00-00:00" {{(pid=103566) _check_extension /opt/stack/neutron/neutron/api/extensions.py:415}}
Jun 10 00:25:20.696494 np0000179360 devstack@neutron-api.service[103566]: INFO neutron.api.extensions [None req-bcc00a21-8f65-4279-bb69-f56fe19635e9 None None] Loaded extension: enable-default-route-ecmp
Jun 10 00:25:20.696582 np0000179360 devstack@neutron-api.service[103566]: DEBUG neutron.api.extensions [None req-bcc00a21-8f65-4279-bb69-f56fe19635e9 None None] Loading extension file: l3_ext_gw_mode.py {{(pid=103566) _load_all_extensions_from_path /opt/stack/neutron/neutron/api/extensions.py:449}}
Jun 10 00:25:20.696682 np0000179360 devstack@neutron-api.service[103563]: DEBUG neutron.services.provider_configuration [None req-7068181e-65af-434a-95da-c8e4a06979ed None None] Service providers = [] {{(pid=103563) parse_service_provider_opt /opt/stack/neutron/neutron/services/provider_configuration.py:170}}
Jun 10 00:25:20.696810 np0000179360 devstack@neutron-api.service[103566]: DEBUG neutron.api.extensions [None req-bcc00a21-8f65-4279-bb69-f56fe19635e9 None None] Ext name="Neutron L3 Configurable external gateway mode" alias="ext-gw-mode" description="Extension of the router abstraction for specifying whether SNAT should occur on the external gateway" updated="2013-03-28T10:00:00-00:00" {{(pid=103566) _check_extension /opt/stack/neutron/neutron/api/extensions.py:415}}
Jun 10 00:25:20.696844 np0000179360 devstack@neutron-api.service[103563]: DEBUG neutron.db.servicetype_db [None req-7068181e-65af-434a-95da-c8e4a06979ed None None] Adding provider configuration for service L3_ROUTER_NAT {{(pid=103563) add_provider_configuration /opt/stack/neutron/neutron/db/servicetype_db.py:45}}
Jun 10 00:25:20.696989 np0000179360 devstack@neutron-api.service[103566]: INFO neutron.api.extensions [None req-bcc00a21-8f65-4279-bb69-f56fe19635e9 None None] Loaded extension: ext-gw-mode
Jun 10 00:25:20.697074 np0000179360 devstack@neutron-api.service[103566]: DEBUG neutron.api.extensions [None req-bcc00a21-8f65-4279-bb69-f56fe19635e9 None None] Loading extension file: l3_ext_ha_mode.py {{(pid=103566) _load_all_extensions_from_path /opt/stack/neutron/neutron/api/extensions.py:449}}
Jun 10 00:25:20.697323 np0000179360 devstack@neutron-api.service[103566]: DEBUG neutron.api.extensions [None req-bcc00a21-8f65-4279-bb69-f56fe19635e9 None None] Ext name="HA Router extension" alias="l3-ha" description="Adds HA capability to routers." updated="2014-04-26T00:00:00-00:00" {{(pid=103566) _check_extension /opt/stack/neutron/neutron/api/extensions.py:415}}
Jun 10 00:25:20.697611 np0000179360 devstack@neutron-api.service[103566]: INFO neutron.api.extensions [None req-bcc00a21-8f65-4279-bb69-f56fe19635e9 None None] Loaded extension: l3-ha
Jun 10 00:25:20.697707 np0000179360 devstack@neutron-api.service[103566]: DEBUG neutron.api.extensions [None req-bcc00a21-8f65-4279-bb69-f56fe19635e9 None None] Loading extension file: l3_ext_ndp_proxy.py {{(pid=103566) _load_all_extensions_from_path /opt/stack/neutron/neutron/api/extensions.py:449}}
Jun 10 00:25:20.697938 np0000179360 devstack@neutron-api.service[103566]: DEBUG neutron.api.extensions [None req-bcc00a21-8f65-4279-bb69-f56fe19635e9 None None] Ext name="Router support to enable NDP proxy" alias="l3-ext-ndp-proxy" description="Router extension to enable ndp proxy" updated="2020-08-25T00:00:00-00:00" {{(pid=103566) _check_extension /opt/stack/neutron/neutron/api/extensions.py:415}}
Jun 10 00:25:20.698112 np0000179360 devstack@neutron-api.service[103566]: INFO neutron.api.extensions [None req-bcc00a21-8f65-4279-bb69-f56fe19635e9 None None] Extension l3-ext-ndp-proxy not supported by any of loaded plugins
