May 01 02:46:09.523449 np0000171449 devstack@neutron-api.service[104348]: DEBUG neutron.plugins.ml2.drivers.ovn.mech_driver.mech_driver [None req-a5363564-050f-4e6a-a127-28da6133aca6 None None] Hash Ring setup using WSGI start time 2026-05-01 02:46:02+00:00 {{(pid=104348) _init_hash_ring /opt/stack/neutron/neutron/plugins/ml2/drivers/ovn/mech_driver/mech_driver.py:402}}
May 01 02:46:09.529240 np0000171449 devstack@neutron-api.service[104348]: INFO neutron.db.ovn_hash_ring_db [None req-a5363564-050f-4e6a-a127-28da6133aca6 None None] Nodes from host "np0000171449" and group "mechanism_driver" removed from the Hash Ring created at 2026-05-01 02:46:02+00:00
May 01 02:46:09.531954 np0000171449 devstack@neutron-api.service[104348]: INFO neutron.db.ovn_hash_ring_db [None req-a5363564-050f-4e6a-a127-28da6133aca6 None None] Node 8906092e489a519bb88adf4fe371eea6 from host "np0000171449" and group "mechanism_driver" added to the Hash Ring
May 01 02:46:09.536448 np0000171449 devstack@neutron-api.service[104348]: DEBUG neutron.plugins.ml2.drivers.ovn.mech_driver.mech_driver [None req-a5363564-050f-4e6a-a127-28da6133aca6 None None] Hash Ring setup, this worker has detected 1 OVN hash ring registers in the database {{(pid=104348) _init_hash_ring /opt/stack/neutron/neutron/plugins/ml2/drivers/ovn/mech_driver/mech_driver.py:412}}
May 01 02:46:09.542137 np0000171449 devstack@neutron-api.service[104348]: DEBUG neutron.plugins.ml2.drivers.ovn.mech_driver.ovsdb.maintenance [None req-a5363564-050f-4e6a-a127-28da6133aca6 None None] Periodic task found: HashRingHealthCheckPeriodics.touch_hash_ring_node {{(pid=104348) add_periodics /opt/stack/neutron/neutron/plugins/ml2/drivers/ovn/mech_driver/ovsdb/maintenance.py:148}}
May 01 02:46:09.543419 np0000171449 devstack@neutron-api.service[104348]: INFO neutron.plugins.ml2.drivers.ovn.mech_driver.mech_driver [None req-a5363564-050f-4e6a-a127-28da6133aca6 None None] Hash Ring probing thread for node 8906092e489a519bb88adf4fe371eea6 has started
May 01 02:46:09.543961 np0000171449 devstack@neutron-api.service[104348]: INFO neutron.plugins.ml2.drivers.ovn.mech_driver.ovsdb.impl_idl_ovn [None req-a5363564-050f-4e6a-a127-28da6133aca6 None None] Getting OvsdbNbOvnIdl for WorkerService with retry
May 01 02:46:09.640192 np0000171449 devstack@neutron-api.service[104348]: DEBUG ovsdbapp.backend.ovs_idl [None req-a5363564-050f-4e6a-a127-28da6133aca6 None None] Created lookup_table index Logical_Switch.name {{(pid=104348) autocreate_indices /opt/stack/data/venv/lib/python3.12/site-packages/ovsdbapp/backend/ovs_idl/__init__.py:87}}
May 01 02:46:09.640192 np0000171449 devstack@neutron-api.service[104348]: DEBUG ovsdbapp.backend.ovs_idl [None req-a5363564-050f-4e6a-a127-28da6133aca6 None None] Created lookup_table index Logical_Router.name {{(pid=104348) autocreate_indices /opt/stack/data/venv/lib/python3.12/site-packages/ovsdbapp/backend/ovs_idl/__init__.py:87}}
May 01 02:46:09.640192 np0000171449 devstack@neutron-api.service[104348]: DEBUG ovsdbapp.backend.ovs_idl [None req-a5363564-050f-4e6a-a127-28da6133aca6 None None] Created lookup_table index Load_Balancer.name {{(pid=104348) autocreate_indices /opt/stack/data/venv/lib/python3.12/site-packages/ovsdbapp/backend/ovs_idl/__init__.py:87}}
May 01 02:46:09.640192 np0000171449 devstack@neutron-api.service[104348]: DEBUG ovsdbapp.backend.ovs_idl [None req-a5363564-050f-4e6a-a127-28da6133aca6 None None] Created schema index Copp.name {{(pid=104348) autocreate_indices /opt/stack/data/venv/lib/python3.12/site-packages/ovsdbapp/backend/ovs_idl/__init__.py:106}}
May 01 02:46:09.640192 np0000171449 devstack@neutron-api.service[104348]: DEBUG ovsdbapp.backend.ovs_idl [None req-a5363564-050f-4e6a-a127-28da6133aca6 None None] Created schema index Meter.name {{(pid=104348) autocreate_indices /opt/stack/data/venv/lib/python3.12/site-packages/ovsdbapp/backend/ovs_idl/__init__.py:106}}
May 01 02:46:09.640192 np0000171449 devstack@neutron-api.service[104348]: DEBUG ovsdbapp.backend.ovs_idl [None req-a5363564-050f-4e6a-a127-28da6133aca6 None None] Created schema index Load_Balancer_Group.name {{(pid=104348) autocreate_indices /opt/stack/data/venv/lib/python3.12/site-packages/ovsdbapp/backend/ovs_idl/__init__.py:106}}
May 01 02:46:09.640803 np0000171449 devstack@neutron-api.service[104348]: DEBUG ovsdbapp.backend.ovs_idl [None req-a5363564-050f-4e6a-a127-28da6133aca6 None None] Created schema index HA_Chassis_Group.name {{(pid=104348) autocreate_indices /opt/stack/data/venv/lib/python3.12/site-packages/ovsdbapp/backend/ovs_idl/__init__.py:106}}
May 01 02:46:09.640803 np0000171449 devstack@neutron-api.service[104348]: DEBUG ovsdbapp.backend.ovs_idl [None req-a5363564-050f-4e6a-a127-28da6133aca6 None None] Created schema index Address_Set.name {{(pid=104348) autocreate_indices /opt/stack/data/venv/lib/python3.12/site-packages/ovsdbapp/backend/ovs_idl/__init__.py:106}}
May 01 02:46:09.640803 np0000171449 devstack@neutron-api.service[104348]: DEBUG ovsdbapp.backend.ovs_idl [None req-a5363564-050f-4e6a-a127-28da6133aca6 None None] Created schema index Connection.target {{(pid=104348) autocreate_indices /opt/stack/data/venv/lib/python3.12/site-packages/ovsdbapp/backend/ovs_idl/__init__.py:106}}
May 01 02:46:09.640803 np0000171449 devstack@neutron-api.service[104348]: DEBUG ovsdbapp.backend.ovs_idl [None req-a5363564-050f-4e6a-a127-28da6133aca6 None None] Created schema index Gateway_Chassis.name {{(pid=104348) autocreate_indices /opt/stack/data/venv/lib/python3.12/site-packages/ovsdbapp/backend/ovs_idl/__init__.py:106}}
May 01 02:46:09.640803 np0000171449 devstack@neutron-api.service[104348]: DEBUG ovsdbapp.backend.ovs_idl [None req-a5363564-050f-4e6a-a127-28da6133aca6 None None] Created schema index Mirror.name {{(pid=104348) autocreate_indices /opt/stack/data/venv/lib/python3.12/site-packages/ovsdbapp/backend/ovs_idl/__init__.py:106}}
May 01 02:46:09.640803 np0000171449 devstack@neutron-api.service[104348]: DEBUG ovsdbapp.backend.ovs_idl [None req-a5363564-050f-4e6a-a127-28da6133aca6 None None] Created schema index Chassis_Template_Var.chassis {{(pid=104348) autocreate_indices /opt/stack/data/venv/lib/python3.12/site-packages/ovsdbapp/backend/ovs_idl/__init__.py:106}}
May 01 02:46:09.641122 np0000171449 devstack@neutron-api.service[104348]: DEBUG ovsdbapp.backend.ovs_idl [None req-a5363564-050f-4e6a-a127-28da6133aca6 None None] Created schema index Logical_Router_Port.name {{(pid=104348) autocreate_indices /opt/stack/data/venv/lib/python3.12/site-packages/ovsdbapp/backend/ovs_idl/__init__.py:106}}
May 01 02:46:09.641122 np0000171449 devstack@neutron-api.service[104348]: DEBUG ovsdbapp.backend.ovs_idl [None req-a5363564-050f-4e6a-a127-28da6133aca6 None None] Created schema index Port_Group.name {{(pid=104348) autocreate_indices /opt/stack/data/venv/lib/python3.12/site-packages/ovsdbapp/backend/ovs_idl/__init__.py:106}}
May 01 02:46:09.641122 np0000171449 devstack@neutron-api.service[104348]: DEBUG ovsdbapp.backend.ovs_idl [None req-a5363564-050f-4e6a-a127-28da6133aca6 None None] Created schema index Logical_Switch_Port.name {{(pid=104348) autocreate_indices /opt/stack/data/venv/lib/python3.12/site-packages/ovsdbapp/backend/ovs_idl/__init__.py:106}}
May 01 02:46:09.643636 np0000171449 devstack@neutron-api.service[104348]: INFO ovsdbapp.backend.ovs_idl.vlog [None req-a5363564-050f-4e6a-a127-28da6133aca6 None None] ssl:199.19.213.63:6641: connecting...
May 01 02:46:09.649812 np0000171449 devstack@neutron-api.service[104348]: INFO ovsdbapp.backend.ovs_idl.vlog [None req-a5363564-050f-4e6a-a127-28da6133aca6 None None] ssl:199.19.213.63:6641: connected
May 01 02:46:09.683263 np0000171449 devstack@neutron-api.service[104348]: DEBUG neutron.common.ovn.hash_ring_manager [None req-a5363564-050f-4e6a-a127-28da6133aca6 None None] Disallow caching, nodes 1<4 {{(pid=104348) _wait_startup_before_caching /opt/stack/neutron/neutron/common/ovn/hash_ring_manager.py:72}}
May 01 02:46:09.688840 np0000171449 devstack@neutron-api.service[104348]: DEBUG neutron.common.ovn.hash_ring_manager [None req-a5363564-050f-4e6a-a127-28da6133aca6 None None] Hash Ring loaded. 1 active nodes. 0 offline nodes {{(pid=104348) _load_hash_ring /opt/stack/neutron/neutron/common/ovn/hash_ring_manager.py:102}}
May 01 02:46:09.689007 np0000171449 devstack@neutron-api.service[104348]: DEBUG neutron.plugins.ml2.drivers.ovn.mech_driver.ovsdb.ovsdb_monitor [None req-a5363564-050f-4e6a-a127-28da6133aca6 None None] Hash Ring: Node 8906092e489a519bb88adf4fe371eea6 (host: np0000171449) handling event "create" for row 2f9ed184-f9b8-4272-adbe-167ec0267ae9 (table: ACL) {{(pid=104348) notify /opt/stack/neutron/neutron/plugins/ml2/drivers/ovn/mech_driver/ovsdb/ovsdb_monitor.py:942}}
May 01 02:46:09.693692 np0000171449 devstack@neutron-api.service[104348]: DEBUG neutron.common.ovn.hash_ring_manager [None req-a5363564-050f-4e6a-a127-28da6133aca6 None None] Hash Ring loaded. 1 active nodes. 0 offline nodes {{(pid=104348) _load_hash_ring /opt/stack/neutron/neutron/common/ovn/hash_ring_manager.py:102}}
May 01 02:46:09.693846 np0000171449 devstack@neutron-api.service[104348]: DEBUG neutron.plugins.ml2.drivers.ovn.mech_driver.ovsdb.ovsdb_monitor [None req-a5363564-050f-4e6a-a127-28da6133aca6 None None] Hash Ring: Node 8906092e489a519bb88adf4fe371eea6 (host: np0000171449) handling event "create" for row fcef73e0-00f1-42bd-9d6c-15391ba5b733 (table: ACL) {{(pid=104348) notify /opt/stack/neutron/neutron/plugins/ml2/drivers/ovn/mech_driver/ovsdb/ovsdb_monitor.py:942}}
May 01 02:46:09.698841 np0000171449 devstack@neutron-api.service[104348]: DEBUG neutron.common.ovn.hash_ring_manager [None req-a5363564-050f-4e6a-a127-28da6133aca6 None None] Hash Ring loaded. 1 active nodes. 0 offline nodes {{(pid=104348) _load_hash_ring /opt/stack/neutron/neutron/common/ovn/hash_ring_manager.py:102}}
May 01 02:46:09.699011 np0000171449 devstack@neutron-api.service[104348]: DEBUG neutron.plugins.ml2.drivers.ovn.mech_driver.ovsdb.ovsdb_monitor [None req-a5363564-050f-4e6a-a127-28da6133aca6 None None] Hash Ring: Node 8906092e489a519bb88adf4fe371eea6 (host: np0000171449) handling event "create" for row a65007aa-a5d4-4a12-902d-ce71a1da2f55 (table: Connection) {{(pid=104348) notify /opt/stack/neutron/neutron/plugins/ml2/drivers/ovn/mech_driver/ovsdb/ovsdb_monitor.py:942}}
May 01 02:46:09.704246 np0000171449 devstack@neutron-api.service[104348]: DEBUG neutron.common.ovn.hash_ring_manager [None req-a5363564-050f-4e6a-a127-28da6133aca6 None None] Hash Ring loaded. 1 active nodes. 0 offline nodes {{(pid=104348) _load_hash_ring /opt/stack/neutron/neutron/common/ovn/hash_ring_manager.py:102}}
May 01 02:46:09.704373 np0000171449 devstack@neutron-api.service[104348]: DEBUG neutron.plugins.ml2.drivers.ovn.mech_driver.ovsdb.ovsdb_monitor [None req-a5363564-050f-4e6a-a127-28da6133aca6 None None] Hash Ring: Node 8906092e489a519bb88adf4fe371eea6 (host: np0000171449) handling event "create" for row ea83ee0e-a825-46c3-b805-d1872517c5fb (table: NB_Global) {{(pid=104348) notify /opt/stack/neutron/neutron/plugins/ml2/drivers/ovn/mech_driver/ovsdb/ovsdb_monitor.py:942}}
May 01 02:46:09.709650 np0000171449 devstack@neutron-api.service[104348]: DEBUG neutron.common.ovn.hash_ring_manager [None req-a5363564-050f-4e6a-a127-28da6133aca6 None None] Hash Ring loaded. 1 active nodes. 0 offline nodes {{(pid=104348) _load_hash_ring /opt/stack/neutron/neutron/common/ovn/hash_ring_manager.py:102}}
May 01 02:46:09.709759 np0000171449 devstack@neutron-api.service[104348]: DEBUG neutron.plugins.ml2.drivers.ovn.mech_driver.ovsdb.ovsdb_monitor [None req-a5363564-050f-4e6a-a127-28da6133aca6 None None] Hash Ring: Node 8906092e489a519bb88adf4fe371eea6 (host: np0000171449) handling event "create" for row 37860310-832b-4351-8158-9a35f588646f (table: Port_Group) {{(pid=104348) notify /opt/stack/neutron/neutron/plugins/ml2/drivers/ovn/mech_driver/ovsdb/ovsdb_monitor.py:942}}
May 01 02:46:09.714596 np0000171449 devstack@neutron-api.service[104348]: DEBUG neutron.common.ovn.hash_ring_manager [None req-a5363564-050f-4e6a-a127-28da6133aca6 None None] Hash Ring loaded. 1 active nodes. 0 offline nodes {{(pid=104348) _load_hash_ring /opt/stack/neutron/neutron/common/ovn/hash_ring_manager.py:102}}
May 01 02:46:09.714893 np0000171449 devstack@neutron-api.service[104348]: DEBUG neutron.plugins.ml2.drivers.ovn.mech_driver.ovsdb.ovsdb_monitor [None req-a5363564-050f-4e6a-a127-28da6133aca6 None None] Hash Ring: Node 8906092e489a519bb88adf4fe371eea6 (host: np0000171449) handling event "create" for row 24c039e7-d118-4d3f-9a98-041b77fd0bd0 (table: SSL) {{(pid=104348) notify /opt/stack/neutron/neutron/plugins/ml2/drivers/ovn/mech_driver/ovsdb/ovsdb_monitor.py:942}}
May 01 02:46:09.715921 np0000171449 devstack@neutron-api.service[104348]: INFO neutron.plugins.ml2.drivers.ovn.mech_driver.ovsdb.impl_idl_ovn [None req-a5363564-050f-4e6a-a127-28da6133aca6 None None] Getting OvsdbSbOvnIdl for WorkerService with retry
May 01 02:46:09.751299 np0000171449 devstack@neutron-api.service[104348]: DEBUG ovsdbapp.backend.ovs_idl [None req-a5363564-050f-4e6a-a127-28da6133aca6 None None] Created lookup_table index Chassis.name {{(pid=104348) autocreate_indices /opt/stack/data/venv/lib/python3.12/site-packages/ovsdbapp/backend/ovs_idl/__init__.py:87}}
May 01 02:46:09.751420 np0000171449 devstack@neutron-api.service[104348]: DEBUG ovsdbapp.backend.ovs_idl [None req-a5363564-050f-4e6a-a127-28da6133aca6 None None] Created lookup_table index Port_Binding.logical_port {{(pid=104348) autocreate_indices /opt/stack/data/venv/lib/python3.12/site-packages/ovsdbapp/backend/ovs_idl/__init__.py:87}}
May 01 02:46:09.751479 np0000171449 devstack@neutron-api.service[104348]: DEBUG ovsdbapp.backend.ovs_idl [None req-a5363564-050f-4e6a-a127-28da6133aca6 None None] Created schema index Chassis_Private.name {{(pid=104348) autocreate_indices /opt/stack/data/venv/lib/python3.12/site-packages/ovsdbapp/backend/ovs_idl/__init__.py:106}}
May 01 02:46:09.751624 np0000171449 devstack@neutron-api.service[104348]: DEBUG ovsdbapp.backend.ovs_idl [None req-a5363564-050f-4e6a-a127-28da6133aca6 None None] Created schema index Datapath_Binding.tunnel_key {{(pid=104348) autocreate_indices /opt/stack/data/venv/lib/python3.12/site-packages/ovsdbapp/backend/ovs_idl/__init__.py:106}}
May 01 02:46:09.753923 np0000171449 devstack@neutron-api.service[104348]: INFO ovsdbapp.backend.ovs_idl.vlog [None req-a5363564-050f-4e6a-a127-28da6133aca6 None None] ssl:199.19.213.63:6642: connecting...
May 01 02:46:09.759560 np0000171449 devstack@neutron-api.service[104348]: INFO ovsdbapp.backend.ovs_idl.vlog [None req-a5363564-050f-4e6a-a127-28da6133aca6 None None] ssl:199.19.213.63:6642: connected
May 01 02:46:09.798369 np0000171449 devstack@neutron-api.service[104348]: DEBUG neutron.common.ovn.hash_ring_manager [None req-a5363564-050f-4e6a-a127-28da6133aca6 None None] Disallow caching, nodes 1<4 {{(pid=104348) _wait_startup_before_caching /opt/stack/neutron/neutron/common/ovn/hash_ring_manager.py:72}}
May 01 02:46:09.804621 np0000171449 devstack@neutron-api.service[104348]: DEBUG neutron.common.ovn.hash_ring_manager [None req-a5363564-050f-4e6a-a127-28da6133aca6 None None] Hash Ring loaded. 1 active nodes. 0 offline nodes {{(pid=104348) _load_hash_ring /opt/stack/neutron/neutron/common/ovn/hash_ring_manager.py:102}}
May 01 02:46:09.804835 np0000171449 devstack@neutron-api.service[104348]: DEBUG neutron.plugins.ml2.drivers.ovn.mech_driver.ovsdb.ovsdb_monitor [None req-a5363564-050f-4e6a-a127-28da6133aca6 None None] Hash Ring: Node 8906092e489a519bb88adf4fe371eea6 (host: np0000171449) handling event "create" for row 5a3d4360-0ffe-42e4-bdae-30770c266581 (table: Chassis) {{(pid=104348) notify /opt/stack/neutron/neutron/plugins/ml2/drivers/ovn/mech_driver/ovsdb/ovsdb_monitor.py:942}}
May 01 02:46:09.805967 np0000171449 devstack@neutron-api.service[104348]: DEBUG ovsdbapp.backend.ovs_idl.event [None req-a5363564-050f-4e6a-a127-28da6133aca6 None None] Matched CREATE: ChassisBandwidthConfigEvent(events=('create', 'update'), table='Chassis', conditions=None, old_conditions=None), priority=20 to row=Chassis(uuid=5a3d4360-0ffe-42e4-bdae-30770c266581, encaps=[105d5f72-9676-41d9-b309-53fe83ff7ba6], external_ids={}, hostname='np0000171449', name='2fdcbdcb-dec5-4e25-806d-3fdd81b7214e', nb_cfg=0, other_config={'ct-commit-nat-v2': 'true', 'ct-commit-to-zone': 'true', 'ct-next-zone': 'true', 'ct-no-masked-label': 'true', 'ct-state-save': 'true', 'datapath-type': 'system', 'fdb-timestamp': 'true', 'iface-types': 'afxdp,afxdp-nonpmd,bareudp,erspan,geneve,gre,gtpu,internal,ip6erspan,ip6gre,lisp,patch,srv6,stt,system,tap,vxlan', 'is-interconn': 'false', 'ls-dpg-column': 'true', 'mac-binding-timestamp': 'true', 'ovn-bridge-mappings': 'public:br-ex', 'ovn-chassis-mac-mappings': '', 'ovn-cms-options': 'enable-chassis-as-gw', 'ovn-ct-lb-related': 'true', 'ovn-enable-lflow-cache': 'true', 'ovn-limit-lflow-cache': '', 'ovn-memlimit-lflow-cache-kb': '', 'ovn-monitor-all': 'false', 'ovn-trim-limit-lflow-cache': '', 'ovn-trim-timeout-ms': '', 'ovn-trim-wmark-perc-lflow-cache': '', 'port-up-notif': 'true'}, transport_zones=[], vtep_logical_switches=[]) old= {{(pid=104348) matches /opt/stack/data/venv/lib/python3.12/site-packages/ovsdbapp/backend/ovs_idl/event.py:55}}
May 01 02:46:09.806644 np0000171449 devstack@neutron-api.service[104348]: DEBUG neutron.plugins.ml2.drivers.ovn.mech_driver.ovsdb.ovsdb_monitor [None req-a5363564-050f-4e6a-a127-28da6133aca6 None None] ChassisAgentWriteEvent : Matched Chassis_Private, create, None None {{(pid=104348) matches /opt/stack/neutron/neutron/plugins/ml2/drivers/ovn/mech_driver/ovsdb/ovsdb_monitor.py:64}}
May 01 02:46:09.806847 np0000171449 devstack@neutron-api.service[104348]: DEBUG neutron.plugins.ml2.drivers.ovn.mech_driver.ovsdb.ovsdb_monitor [None req-a5363564-050f-4e6a-a127-28da6133aca6 None None] ChassisOVNAgentWriteEvent : Matched Chassis_Private, create, None None {{(pid=104348) matches /opt/stack/neutron/neutron/plugins/ml2/drivers/ovn/mech_driver/ovsdb/ovsdb_monitor.py:64}}
May 01 02:46:09.813577 np0000171449 devstack@neutron-api.service[104348]: DEBUG neutron.common.ovn.hash_ring_manager [None req-a5363564-050f-4e6a-a127-28da6133aca6 None None] Hash Ring loaded. 1 active nodes. 0 offline nodes {{(pid=104348) _load_hash_ring /opt/stack/neutron/neutron/common/ovn/hash_ring_manager.py:102}}
May 01 02:46:09.813775 np0000171449 devstack@neutron-api.service[104348]: DEBUG neutron.plugins.ml2.drivers.ovn.mech_driver.ovsdb.ovsdb_monitor [None req-a5363564-050f-4e6a-a127-28da6133aca6 None None] Hash Ring: Node 8906092e489a519bb88adf4fe371eea6 (host: np0000171449) handling event "create" for row a2b1f9fd-2963-45c2-bfb8-4b7cfbf1245a (table: Chassis_Private) {{(pid=104348) notify /opt/stack/neutron/neutron/plugins/ml2/drivers/ovn/mech_driver/ovsdb/ovsdb_monitor.py:942}}
May 01 02:46:09.820484 np0000171449 devstack@neutron-api.service[104348]: DEBUG neutron.common.ovn.hash_ring_manager [None req-a5363564-050f-4e6a-a127-28da6133aca6 None None] Hash Ring loaded. 1 active nodes. 0 offline nodes {{(pid=104348) _load_hash_ring /opt/stack/neutron/neutron/common/ovn/hash_ring_manager.py:102}}
May 01 02:46:09.820644 np0000171449 devstack@neutron-api.service[104348]: DEBUG neutron.plugins.ml2.drivers.ovn.mech_driver.ovsdb.ovsdb_monitor [None req-a5363564-050f-4e6a-a127-28da6133aca6 None None] Hash Ring: Node 8906092e489a519bb88adf4fe371eea6 (host: np0000171449) handling event "create" for row 105d5f72-9676-41d9-b309-53fe83ff7ba6 (table: Encap) {{(pid=104348) notify /opt/stack/neutron/neutron/plugins/ml2/drivers/ovn/mech_driver/ovsdb/ovsdb_monitor.py:942}}
May 01 02:46:09.821908 np0000171449 devstack@neutron-api.service[104348]: INFO neutron.plugins.ml2.drivers.ovn.mech_driver.mech_driver [None req-a5363564-050f-4e6a-a127-28da6133aca6 None None] WorkerService process has finished the post initialization
May 01 02:46:09.822881 np0000171449 devstack@neutron-api.service[104348]: INFO neutron.plugins.ml2.drivers.ovn.mech_driver.ovsdb.extensions.qos [-] Starting OVNClientQosExtension
May 01 02:46:09.823155 np0000171449 devstack@neutron-api.service[104348]: INFO neutron.plugins.ml2.drivers.ovn.mech_driver.ovsdb.extensions.placement [-] Starting OVNClientPlacementExtension
May 01 02:46:09.824917 np0000171449 devstack@neutron-api.service[104348]: WSGI app 0 (mountpoint='') ready in 7 seconds on interpreter 0x7886762a3668 pid: 104348 (default app)
May 01 02:46:09.857322 np0000171449 devstack@neutron-api.service[104350]: INFO neutron.plugins.ml2.managers [None req-065a6889-47bb-4ac1-a61c-170b940d0c99 None None] Initializing driver for type 'local'
May 01 02:46:09.857620 np0000171449 devstack@neutron-api.service[104350]: INFO neutron.plugins.ml2.managers [None req-065a6889-47bb-4ac1-a61c-170b940d0c99 None None] Initializing driver for type 'vlan'
May 01 02:46:09.880423 np0000171449 devstack@neutron-api.service[104351]: INFO neutron.plugins.ml2.managers [None req-96c6b093-8690-4881-85b0-e8f64f09c05d None None] Initializing driver for type 'local'
May 01 02:46:09.880606 np0000171449 devstack@neutron-api.service[104351]: INFO neutron.plugins.ml2.managers [None req-96c6b093-8690-4881-85b0-e8f64f09c05d None None] Initializing driver for type 'vlan'
May 01 02:46:09.909749 np0000171449 devstack@neutron-api.service[104349]: INFO neutron.plugins.ml2.managers [None req-dd58fe71-2ccc-45ee-ac0f-207c2d315068 None None] Initializing driver for type 'local'
May 01 02:46:09.909996 np0000171449 devstack@neutron-api.service[104349]: INFO neutron.plugins.ml2.managers [None req-dd58fe71-2ccc-45ee-ac0f-207c2d315068 None None] Initializing driver for type 'vlan'
May 01 02:46:10.023715 np0000171449 devstack@neutron-api.service[104350]: INFO neutron.plugins.ml2.drivers.type_vlan [None req-065a6889-47bb-4ac1-a61c-170b940d0c99 None None] VlanTypeDriver initialization complete
May 01 02:46:10.023938 np0000171449 devstack@neutron-api.service[104350]: INFO neutron.plugins.ml2.managers [None req-065a6889-47bb-4ac1-a61c-170b940d0c99 None None] Initializing extension driver 'port_security'
May 01 02:46:10.023972 np0000171449 devstack@neutron-api.service[104350]: INFO neutron.plugins.ml2.extensions.port_security [None req-065a6889-47bb-4ac1-a61c-170b940d0c99 None None] PortSecurityExtensionDriver initialization complete
May 01 02:46:10.024076 np0000171449 devstack@neutron-api.service[104350]: INFO neutron.plugins.ml2.managers [None req-065a6889-47bb-4ac1-a61c-170b940d0c99 None None] Initializing extension driver 'qos'
May 01 02:46:10.024203 np0000171449 devstack@neutron-api.service[104350]: DEBUG neutron.plugins.ml2.extensions.qos [None req-065a6889-47bb-4ac1-a61c-170b940d0c99 None None] QosExtensionDriver initialization complete {{(pid=104350) initialize /opt/stack/neutron/neutron/plugins/ml2/extensions/qos.py:31}}
May 01 02:46:10.024284 np0000171449 devstack@neutron-api.service[104350]: INFO neutron.plugins.ml2.managers [None req-065a6889-47bb-4ac1-a61c-170b940d0c99 None None] Initializing mechanism driver 'ovn'
May 01 02:46:10.024382 np0000171449 devstack@neutron-api.service[104350]: INFO neutron.plugins.ml2.drivers.ovn.mech_driver.mech_driver [None req-065a6889-47bb-4ac1-a61c-170b940d0c99 None None] Starting OVNMechanismDriver
May 01 02:46:10.026395 np0000171449 devstack@neutron-api.service[104350]: DEBUG neutron_lib.callbacks.manager [None req-065a6889-47bb-4ac1-a61c-170b940d0c99 None None] Subscribe: > process before_spawn 55550000, False {{(pid=104350) subscribe /opt/stack/data/venv/lib/python3.12/site-packages/neutron_lib/callbacks/manager.py:52}}
May 01 02:46:10.026575 np0000171449 devstack@neutron-api.service[104350]: DEBUG neutron_lib.callbacks.manager [None req-065a6889-47bb-4ac1-a61c-170b940d0c99 None None] Subscribe: > process after_init 55550000, True {{(pid=104350) subscribe /opt/stack/data/venv/lib/python3.12/site-packages/neutron_lib/callbacks/manager.py:52}}
May 01 02:46:10.026671 np0000171449 devstack@neutron-api.service[104350]: DEBUG neutron_lib.callbacks.manager [None req-065a6889-47bb-4ac1-a61c-170b940d0c99 None None] Subscribe: > segment after_create 55550000, False {{(pid=104350) subscribe /opt/stack/data/venv/lib/python3.12/site-packages/neutron_lib/callbacks/manager.py:52}}
May 01 02:46:10.026778 np0000171449 devstack@neutron-api.service[104350]: DEBUG neutron_lib.callbacks.manager [None req-065a6889-47bb-4ac1-a61c-170b940d0c99 None None] Subscribe: > segment after_create 55550000, False {{(pid=104350) subscribe /opt/stack/data/venv/lib/python3.12/site-packages/neutron_lib/callbacks/manager.py:52}}
May 01 02:46:10.026898 np0000171449 devstack@neutron-api.service[104350]: DEBUG neutron_lib.callbacks.manager [None req-065a6889-47bb-4ac1-a61c-170b940d0c99 None None] Subscribe: > segment after_delete 55550000, False {{(pid=104350) subscribe /opt/stack/data/venv/lib/python3.12/site-packages/neutron_lib/callbacks/manager.py:52}}
May 01 02:46:10.026981 np0000171449 devstack@neutron-api.service[104350]: DEBUG neutron_lib.callbacks.manager [None req-065a6889-47bb-4ac1-a61c-170b940d0c99 None None] Subscribe: > allowed_address_pair before_create 55550000, False {{(pid=104350) subscribe /opt/stack/data/venv/lib/python3.12/site-packages/neutron_lib/callbacks/manager.py:52}}
May 01 02:46:10.027092 np0000171449 devstack@neutron-api.service[104350]: DEBUG neutron_lib.callbacks.manager [None req-065a6889-47bb-4ac1-a61c-170b940d0c99 None None] Subscribe: > security_group precommit_create 55550000, False {{(pid=104350) subscribe /opt/stack/data/venv/lib/python3.12/site-packages/neutron_lib/callbacks/manager.py:52}}
May 01 02:46:10.027201 np0000171449 devstack@neutron-api.service[104350]: DEBUG neutron_lib.callbacks.manager [None req-065a6889-47bb-4ac1-a61c-170b940d0c99 None None] Subscribe: > security_group after_update 55550000, False {{(pid=104350) subscribe /opt/stack/data/venv/lib/python3.12/site-packages/neutron_lib/callbacks/manager.py:52}}
May 01 02:46:10.027302 np0000171449 devstack@neutron-api.service[104350]: DEBUG neutron_lib.callbacks.manager [None req-065a6889-47bb-4ac1-a61c-170b940d0c99 None None] Subscribe: > security_group after_create 55550000, False {{(pid=104350) subscribe /opt/stack/data/venv/lib/python3.12/site-packages/neutron_lib/callbacks/manager.py:52}}
May 01 02:46:10.027409 np0000171449 devstack@neutron-api.service[104350]: DEBUG neutron_lib.callbacks.manager [None req-065a6889-47bb-4ac1-a61c-170b940d0c99 None None] Subscribe: > security_group precommit_delete 55550000, False {{(pid=104350) subscribe /opt/stack/data/venv/lib/python3.12/site-packages/neutron_lib/callbacks/manager.py:52}}
May 01 02:46:10.027571 np0000171449 devstack@neutron-api.service[104350]: DEBUG neutron_lib.callbacks.manager [None req-065a6889-47bb-4ac1-a61c-170b940d0c99 None None] Subscribe: > security_group after_delete 55550000, False {{(pid=104350) subscribe /opt/stack/data/venv/lib/python3.12/site-packages/neutron_lib/callbacks/manager.py:52}}
May 01 02:46:10.027661 np0000171449 devstack@neutron-api.service[104350]: DEBUG neutron_lib.callbacks.manager [None req-065a6889-47bb-4ac1-a61c-170b940d0c99 None None] Subscribe: > security_group_rule precommit_create 55550000, False {{(pid=104350) subscribe /opt/stack/data/venv/lib/python3.12/site-packages/neutron_lib/callbacks/manager.py:52}}
May 01 02:46:10.027785 np0000171449 devstack@neutron-api.service[104350]: DEBUG neutron_lib.callbacks.manager [None req-065a6889-47bb-4ac1-a61c-170b940d0c99 None None] Subscribe: > security_group_rule after_create 55550000, False {{(pid=104350) subscribe /opt/stack/data/venv/lib/python3.12/site-packages/neutron_lib/callbacks/manager.py:52}}
May 01 02:46:10.027850 np0000171449 devstack@neutron-api.service[104350]: DEBUG neutron_lib.callbacks.manager [None req-065a6889-47bb-4ac1-a61c-170b940d0c99 None None] Subscribe: > security_group_rule before_delete 55550000, False {{(pid=104350) subscribe /opt/stack/data/venv/lib/python3.12/site-packages/neutron_lib/callbacks/manager.py:52}}
May 01 02:46:10.027957 np0000171449 devstack@neutron-api.service[104350]: DEBUG neutron_lib.callbacks.manager [None req-065a6889-47bb-4ac1-a61c-170b940d0c99 None None] Subscribe: > address_group after_create 55550000, False {{(pid=104350) subscribe /opt/stack/data/venv/lib/python3.12/site-packages/neutron_lib/callbacks/manager.py:52}}
May 01 02:46:10.028048 np0000171449 devstack@neutron-api.service[104350]: DEBUG neutron_lib.callbacks.manager [None req-065a6889-47bb-4ac1-a61c-170b940d0c99 None None] Subscribe: > address_group after_update 55550000, False {{(pid=104350) subscribe /opt/stack/data/venv/lib/python3.12/site-packages/neutron_lib/callbacks/manager.py:52}}
May 01 02:46:10.028182 np0000171449 devstack@neutron-api.service[104350]: DEBUG neutron_lib.callbacks.manager [None req-065a6889-47bb-4ac1-a61c-170b940d0c99 None None] Subscribe: > address_group after_delete 55550000, False {{(pid=104350) subscribe /opt/stack/data/venv/lib/python3.12/site-packages/neutron_lib/callbacks/manager.py:52}}
May 01 02:46:10.028885 np0000171449 devstack@neutron-api.service[104350]: DEBUG neutron_lib.callbacks.manager [None req-065a6889-47bb-4ac1-a61c-170b940d0c99 None None] Subscribe: > qos_plugin after_init 55550000, False {{(pid=104350) subscribe /opt/stack/data/venv/lib/python3.12/site-packages/neutron_lib/callbacks/manager.py:52}}
May 01 02:46:10.028885 np0000171449 devstack@neutron-api.service[104350]: DEBUG neutron_lib.callbacks.manager [None req-065a6889-47bb-4ac1-a61c-170b940d0c99 None None] Subscribe: > trunk_plugin after_init 55550000, False {{(pid=104350) subscribe /opt/stack/data/venv/lib/python3.12/site-packages/neutron_lib/callbacks/manager.py:52}}
May 01 02:46:10.028885 np0000171449 devstack@neutron-api.service[104350]: DEBUG neutron_lib.callbacks.manager [None req-065a6889-47bb-4ac1-a61c-170b940d0c99 None None] Subscribe: > logging-plugin after_init 55550000, False {{(pid=104350) subscribe /opt/stack/data/venv/lib/python3.12/site-packages/neutron_lib/callbacks/manager.py:52}}
May 01 02:46:10.029279 np0000171449 devstack@neutron-api.service[104350]: INFO neutron.services.logapi.drivers.ovn.driver [None req-065a6889-47bb-4ac1-a61c-170b940d0c99 None None] OVN logging driver registered
May 01 02:46:10.030944 np0000171449 devstack@neutron-api.service[104350]: DEBUG neutron.plugins.ml2.plugin [None req-065a6889-47bb-4ac1-a61c-170b940d0c99 None None] neutron.plugins.ml2.plugin.Ml2Plugin method _start_rpc_notifiers called with arguments () {} {{(pid=104350) wrapper /opt/stack/data/venv/lib/python3.12/site-packages/oslo_log/helpers.py:77}}
May 01 02:46:10.031241 np0000171449 devstack@neutron-api.service[104350]: DEBUG neutron_lib.callbacks.manager [None req-065a6889-47bb-4ac1-a61c-170b940d0c99 None None] Subscribe: > port after_create 55550000, False {{(pid=104350) subscribe /opt/stack/data/venv/lib/python3.12/site-packages/neutron_lib/callbacks/manager.py:52}}
May 01 02:46:10.031363 np0000171449 devstack@neutron-api.service[104350]: DEBUG neutron_lib.callbacks.manager [None req-065a6889-47bb-4ac1-a61c-170b940d0c99 None None] Subscribe: > port after_update 55550000, False {{(pid=104350) subscribe /opt/stack/data/venv/lib/python3.12/site-packages/neutron_lib/callbacks/manager.py:52}}
May 01 02:46:10.031477 np0000171449 devstack@neutron-api.service[104350]: DEBUG neutron_lib.callbacks.manager [None req-065a6889-47bb-4ac1-a61c-170b940d0c99 None None] Subscribe: > port after_delete 55550000, False {{(pid=104350) subscribe /opt/stack/data/venv/lib/python3.12/site-packages/neutron_lib/callbacks/manager.py:52}}
May 01 02:46:10.031592 np0000171449 devstack@neutron-api.service[104350]: DEBUG neutron_lib.callbacks.manager [None req-065a6889-47bb-4ac1-a61c-170b940d0c99 None None] Subscribe: > subnet after_create 55550000, False {{(pid=104350) subscribe /opt/stack/data/venv/lib/python3.12/site-packages/neutron_lib/callbacks/manager.py:52}}
May 01 02:46:10.031702 np0000171449 devstack@neutron-api.service[104350]: DEBUG neutron_lib.callbacks.manager [None req-065a6889-47bb-4ac1-a61c-170b940d0c99 None None] Subscribe: > subnet after_update 55550000, False {{(pid=104350) subscribe /opt/stack/data/venv/lib/python3.12/site-packages/neutron_lib/callbacks/manager.py:52}}
May 01 02:46:10.031825 np0000171449 devstack@neutron-api.service[104350]: DEBUG neutron_lib.callbacks.manager [None req-065a6889-47bb-4ac1-a61c-170b940d0c99 None None] Subscribe: > subnet after_delete 55550000, False {{(pid=104350) subscribe /opt/stack/data/venv/lib/python3.12/site-packages/neutron_lib/callbacks/manager.py:52}}
May 01 02:46:10.031908 np0000171449 devstack@neutron-api.service[104350]: DEBUG neutron_lib.callbacks.manager [None req-065a6889-47bb-4ac1-a61c-170b940d0c99 None None] Subscribe: > network after_create 55550000, False {{(pid=104350) subscribe /opt/stack/data/venv/lib/python3.12/site-packages/neutron_lib/callbacks/manager.py:52}}
May 01 02:46:10.032003 np0000171449 devstack@neutron-api.service[104350]: DEBUG neutron_lib.callbacks.manager [None req-065a6889-47bb-4ac1-a61c-170b940d0c99 None None] Subscribe: > network after_update 55550000, False {{(pid=104350) subscribe /opt/stack/data/venv/lib/python3.12/site-packages/neutron_lib/callbacks/manager.py:52}}
May 01 02:46:10.032107 np0000171449 devstack@neutron-api.service[104350]: DEBUG neutron_lib.callbacks.manager [None req-065a6889-47bb-4ac1-a61c-170b940d0c99 None None] Subscribe: > network after_delete 55550000, False {{(pid=104350) subscribe /opt/stack/data/venv/lib/python3.12/site-packages/neutron_lib/callbacks/manager.py:52}}
May 01 02:46:10.032207 np0000171449 devstack@neutron-api.service[104350]: DEBUG neutron_lib.callbacks.manager [None req-065a6889-47bb-4ac1-a61c-170b940d0c99 None None] Subscribe: > security_group after_create 55550000, False {{(pid=104350) subscribe /opt/stack/data/venv/lib/python3.12/site-packages/neutron_lib/callbacks/manager.py:52}}
May 01 02:46:10.032308 np0000171449 devstack@neutron-api.service[104350]: DEBUG neutron_lib.callbacks.manager [None req-065a6889-47bb-4ac1-a61c-170b940d0c99 None None] Subscribe: > security_group after_update 55550000, False {{(pid=104350) subscribe /opt/stack/data/venv/lib/python3.12/site-packages/neutron_lib/callbacks/manager.py:52}}
May 01 02:46:10.032406 np0000171449 devstack@neutron-api.service[104350]: DEBUG neutron_lib.callbacks.manager [None req-065a6889-47bb-4ac1-a61c-170b940d0c99 None None] Subscribe: > security_group after_delete 55550000, False {{(pid=104350) subscribe /opt/stack/data/venv/lib/python3.12/site-packages/neutron_lib/callbacks/manager.py:52}}
May 01 02:46:10.032508 np0000171449 devstack@neutron-api.service[104350]: DEBUG neutron_lib.callbacks.manager [None req-065a6889-47bb-4ac1-a61c-170b940d0c99 None None] Subscribe: > security_group_rule after_create 55550000, False {{(pid=104350) subscribe /opt/stack/data/venv/lib/python3.12/site-packages/neutron_lib/callbacks/manager.py:52}}
May 01 02:46:10.032634 np0000171449 devstack@neutron-api.service[104350]: DEBUG neutron_lib.callbacks.manager [None req-065a6889-47bb-4ac1-a61c-170b940d0c99 None None] Subscribe: > security_group_rule after_update 55550000, False {{(pid=104350) subscribe /opt/stack/data/venv/lib/python3.12/site-packages/neutron_lib/callbacks/manager.py:52}}
May 01 02:46:10.032737 np0000171449 devstack@neutron-api.service[104350]: DEBUG neutron_lib.callbacks.manager [None req-065a6889-47bb-4ac1-a61c-170b940d0c99 None None] Subscribe: > security_group_rule after_delete 55550000, False {{(pid=104350) subscribe /opt/stack/data/venv/lib/python3.12/site-packages/neutron_lib/callbacks/manager.py:52}}
May 01 02:46:10.032840 np0000171449 devstack@neutron-api.service[104350]: DEBUG neutron_lib.callbacks.manager [None req-065a6889-47bb-4ac1-a61c-170b940d0c99 None None] Subscribe: > address_group after_create 55550000, False {{(pid=104350) subscribe /opt/stack/data/venv/lib/python3.12/site-packages/neutron_lib/callbacks/manager.py:52}}
May 01 02:46:10.032941 np0000171449 devstack@neutron-api.service[104350]: DEBUG neutron_lib.callbacks.manager [None req-065a6889-47bb-4ac1-a61c-170b940d0c99 None None] Subscribe: > address_group after_update 55550000, False {{(pid=104350) subscribe /opt/stack/data/venv/lib/python3.12/site-packages/neutron_lib/callbacks/manager.py:52}}
May 01 02:46:10.033039 np0000171449 devstack@neutron-api.service[104350]: DEBUG neutron_lib.callbacks.manager [None req-065a6889-47bb-4ac1-a61c-170b940d0c99 None None] Subscribe: > address_group after_delete 55550000, False {{(pid=104350) subscribe /opt/stack/data/venv/lib/python3.12/site-packages/neutron_lib/callbacks/manager.py:52}}
May 01 02:46:10.033145 np0000171449 devstack@neutron-api.service[104350]: DEBUG neutron.plugins.ml2.ovo_rpc [None req-065a6889-47bb-4ac1-a61c-170b940d0c99 None None] ML2 OVO RPC backend initialized. {{(pid=104350) __init__ /opt/stack/neutron/neutron/plugins/ml2/ovo_rpc.py:117}}
May 01 02:46:10.034125 np0000171449 devstack@neutron-api.service[104350]: INFO neutron.quota [None req-065a6889-47bb-4ac1-a61c-170b940d0c99 None None] Loaded quota_driver: .
May 01 02:46:10.034253 np0000171449 devstack@neutron-api.service[104350]: INFO neutron.plugins.ml2.plugin [None req-065a6889-47bb-4ac1-a61c-170b940d0c99 None None] Modular L2 Plugin initialization complete
May 01 02:46:10.034456 np0000171449 devstack@neutron-api.service[104350]: DEBUG neutron.manager [None req-065a6889-47bb-4ac1-a61c-170b940d0c99 None None] Loading services supported by the core plugin {{(pid=104350) _load_services_from_core_plugin /opt/stack/neutron/neutron/manager.py:170}}
May 01 02:46:10.034800 np0000171449 devstack@neutron-api.service[104350]: INFO neutron.plugins.ml2.managers [None req-065a6889-47bb-4ac1-a61c-170b940d0c99 None None] Got port-security extension from driver 'port_security'
May 01 02:46:10.034800 np0000171449 devstack@neutron-api.service[104350]: DEBUG neutron.manager [None req-065a6889-47bb-4ac1-a61c-170b940d0c99 None None] Loading service plugins: ['ovn-router', 'auto_allocate', 'tag', 'timestamp', 'network_ip_availability', 'flavors', 'revisions'] {{(pid=104350) _load_service_plugins /opt/stack/neutron/neutron/manager.py:195}}
May 01 02:46:10.034949 np0000171449 devstack@neutron-api.service[104350]: INFO neutron.manager [None req-065a6889-47bb-4ac1-a61c-170b940d0c99 None None] Loading Plugin: ovn-router
May 01 02:46:10.042984 np0000171449 devstack@neutron-api.service[104351]: INFO neutron.plugins.ml2.drivers.type_vlan [None req-96c6b093-8690-4881-85b0-e8f64f09c05d None None] VlanTypeDriver initialization complete
May 01 02:46:10.043199 np0000171449 devstack@neutron-api.service[104351]: INFO neutron.plugins.ml2.managers [None req-96c6b093-8690-4881-85b0-e8f64f09c05d None None] Initializing extension driver 'port_security'
May 01 02:46:10.043262 np0000171449 devstack@neutron-api.service[104351]: INFO neutron.plugins.ml2.extensions.port_security [None req-96c6b093-8690-4881-85b0-e8f64f09c05d None None] PortSecurityExtensionDriver initialization complete
May 01 02:46:10.043326 np0000171449 devstack@neutron-api.service[104351]: INFO neutron.plugins.ml2.managers [None req-96c6b093-8690-4881-85b0-e8f64f09c05d None None] Initializing extension driver 'qos'
May 01 02:46:10.043498 np0000171449 devstack@neutron-api.service[104351]: DEBUG neutron.plugins.ml2.extensions.qos [None req-96c6b093-8690-4881-85b0-e8f64f09c05d None None] QosExtensionDriver initialization complete {{(pid=104351) initialize /opt/stack/neutron/neutron/plugins/ml2/extensions/qos.py:31}}
May 01 02:46:10.043531 np0000171449 devstack@neutron-api.service[104351]: INFO neutron.plugins.ml2.managers [None req-96c6b093-8690-4881-85b0-e8f64f09c05d None None] Initializing mechanism driver 'ovn'
May 01 02:46:10.043669 np0000171449 devstack@neutron-api.service[104351]: INFO neutron.plugins.ml2.drivers.ovn.mech_driver.mech_driver [None req-96c6b093-8690-4881-85b0-e8f64f09c05d None None] Starting OVNMechanismDriver
May 01 02:46:10.045437 np0000171449 devstack@neutron-api.service[104351]: DEBUG neutron_lib.callbacks.manager [None req-96c6b093-8690-4881-85b0-e8f64f09c05d None None] Subscribe: > process before_spawn 55550000, False {{(pid=104351) subscribe /opt/stack/data/venv/lib/python3.12/site-packages/neutron_lib/callbacks/manager.py:52}}
May 01 02:46:10.045539 np0000171449 devstack@neutron-api.service[104350]: DEBUG neutron_lib.callbacks.manager [None req-065a6889-47bb-4ac1-a61c-170b940d0c99 None None] Subscribe: > router before_delete 55550000, False {{(pid=104350) subscribe /opt/stack/data/venv/lib/python3.12/site-packages/neutron_lib/callbacks/manager.py:52}}
May 01 02:46:10.045660 np0000171449 devstack@neutron-api.service[104351]: DEBUG neutron_lib.callbacks.manager [None req-96c6b093-8690-4881-85b0-e8f64f09c05d None None] Subscribe: > process after_init 55550000, True {{(pid=104351) subscribe /opt/stack/data/venv/lib/python3.12/site-packages/neutron_lib/callbacks/manager.py:52}}
May 01 02:46:10.045829 np0000171449 devstack@neutron-api.service[104350]: DEBUG neutron_lib.callbacks.manager [None req-065a6889-47bb-4ac1-a61c-170b940d0c99 None None] Subscribe: port after_update 55550000, False {{(pid=104350) subscribe /opt/stack/data/venv/lib/python3.12/site-packages/neutron_lib/callbacks/manager.py:52}}
May 01 02:46:10.045891 np0000171449 devstack@neutron-api.service[104351]: DEBUG neutron_lib.callbacks.manager [None req-96c6b093-8690-4881-85b0-e8f64f09c05d None None] Subscribe: > segment after_create 55550000, False {{(pid=104351) subscribe /opt/stack/data/venv/lib/python3.12/site-packages/neutron_lib/callbacks/manager.py:52}}
May 01 02:46:10.045996 np0000171449 devstack@neutron-api.service[104350]: DEBUG neutron_lib.callbacks.manager [None req-065a6889-47bb-4ac1-a61c-170b940d0c99 None None] Subscribe: port after_delete 55550000, False {{(pid=104350) subscribe /opt/stack/data/venv/lib/python3.12/site-packages/neutron_lib/callbacks/manager.py:52}}
May 01 02:46:10.046047 np0000171449 devstack@neutron-api.service[104351]: DEBUG neutron_lib.callbacks.manager [None req-96c6b093-8690-4881-85b0-e8f64f09c05d None None] Subscribe: > segment after_create 55550000, False {{(pid=104351) subscribe /opt/stack/data/venv/lib/python3.12/site-packages/neutron_lib/callbacks/manager.py:52}}
May 01 02:46:10.046107 np0000171449 devstack@neutron-api.service[104350]: DEBUG neutron_lib.callbacks.manager [None req-065a6889-47bb-4ac1-a61c-170b940d0c99 None None] Subscribe: subnet after_update 55550000, False {{(pid=104350) subscribe /opt/stack/data/venv/lib/python3.12/site-packages/neutron_lib/callbacks/manager.py:52}}
May 01 02:46:10.046223 np0000171449 devstack@neutron-api.service[104351]: DEBUG neutron_lib.callbacks.manager [None req-96c6b093-8690-4881-85b0-e8f64f09c05d None None] Subscribe: > segment after_delete 55550000, False {{(pid=104351) subscribe /opt/stack/data/venv/lib/python3.12/site-packages/neutron_lib/callbacks/manager.py:52}}
May 01 02:46:10.046283 np0000171449 devstack@neutron-api.service[104350]: DEBUG neutron_lib.callbacks.manager [None req-065a6889-47bb-4ac1-a61c-170b940d0c99 None None] Subscribe: subnetpool_address_scope after_update 55550000, False {{(pid=104350) subscribe /opt/stack/data/venv/lib/python3.12/site-packages/neutron_lib/callbacks/manager.py:52}}
May 01 02:46:10.046383 np0000171449 devstack@neutron-api.service[104351]: DEBUG neutron_lib.callbacks.manager [None req-96c6b093-8690-4881-85b0-e8f64f09c05d None None] Subscribe: > allowed_address_pair before_create 55550000, False {{(pid=104351) subscribe /opt/stack/data/venv/lib/python3.12/site-packages/neutron_lib/callbacks/manager.py:52}}
May 01 02:46:10.046425 np0000171449 devstack@neutron-api.service[104350]: DEBUG neutron_lib.callbacks.manager [None req-065a6889-47bb-4ac1-a61c-170b940d0c99 None None] Subscribe: port before_update 55550000, False {{(pid=104350) subscribe /opt/stack/data/venv/lib/python3.12/site-packages/neutron_lib/callbacks/manager.py:52}}
May 01 02:46:10.046476 np0000171449 devstack@neutron-api.service[104351]: DEBUG neutron_lib.callbacks.manager [None req-96c6b093-8690-4881-85b0-e8f64f09c05d None None] Subscribe: > security_group precommit_create 55550000, False {{(pid=104351) subscribe /opt/stack/data/venv/lib/python3.12/site-packages/neutron_lib/callbacks/manager.py:52}}
May 01 02:46:10.046517 np0000171449 devstack@neutron-api.service[104350]: DEBUG neutron_lib.callbacks.manager [None req-065a6889-47bb-4ac1-a61c-170b940d0c99 None None] Subscribe: port after_update 55550000, False {{(pid=104350) subscribe /opt/stack/data/venv/lib/python3.12/site-packages/neutron_lib/callbacks/manager.py:52}}
May 01 02:46:10.046577 np0000171449 devstack@neutron-api.service[104351]: DEBUG neutron_lib.callbacks.manager [None req-96c6b093-8690-4881-85b0-e8f64f09c05d None None] Subscribe: > security_group after_update 55550000, False {{(pid=104351) subscribe /opt/stack/data/venv/lib/python3.12/site-packages/neutron_lib/callbacks/manager.py:52}}
May 01 02:46:10.046620 np0000171449 devstack@neutron-api.service[104350]: DEBUG neutron_lib.callbacks.manager [None req-065a6889-47bb-4ac1-a61c-170b940d0c99 None None] Subscribe: > port precommit_delete 55550000, False {{(pid=104350) subscribe /opt/stack/data/venv/lib/python3.12/site-packages/neutron_lib/callbacks/manager.py:52}}
May 01 02:46:10.046673 np0000171449 devstack@neutron-api.service[104351]: DEBUG neutron_lib.callbacks.manager [None req-96c6b093-8690-4881-85b0-e8f64f09c05d None None] Subscribe: > security_group after_create 55550000, False {{(pid=104351) subscribe /opt/stack/data/venv/lib/python3.12/site-packages/neutron_lib/callbacks/manager.py:52}}
May 01 02:46:10.046673 np0000171449 devstack@neutron-api.service[104351]: DEBUG neutron_lib.callbacks.manager [None req-96c6b093-8690-4881-85b0-e8f64f09c05d None None] Subscribe: > security_group precommit_delete 55550000, False {{(pid=104351) subscribe /opt/stack/data/venv/lib/python3.12/site-packages/neutron_lib/callbacks/manager.py:52}}
May 01 02:46:10.046757 np0000171449 devstack@neutron-api.service[104350]: DEBUG neutron_lib.callbacks.manager [None req-065a6889-47bb-4ac1-a61c-170b940d0c99 None None] Subscribe: port before_update 55550000, False {{(pid=104350) subscribe /opt/stack/data/venv/lib/python3.12/site-packages/neutron_lib/callbacks/manager.py:52}}
May 01 02:46:10.046804 np0000171449 devstack@neutron-api.service[104351]: DEBUG neutron_lib.callbacks.manager [None req-96c6b093-8690-4881-85b0-e8f64f09c05d None None] Subscribe: > security_group after_delete 55550000, False {{(pid=104351) subscribe /opt/stack/data/venv/lib/python3.12/site-packages/neutron_lib/callbacks/manager.py:52}}
May 01 02:46:10.046844 np0000171449 devstack@neutron-api.service[104350]: DEBUG neutron_lib.callbacks.manager [None req-065a6889-47bb-4ac1-a61c-170b940d0c99 None None] Subscribe: port before_delete 55550000, False {{(pid=104350) subscribe /opt/stack/data/venv/lib/python3.12/site-packages/neutron_lib/callbacks/manager.py:52}}
May 01 02:46:10.046886 np0000171449 devstack@neutron-api.service[104351]: DEBUG neutron_lib.callbacks.manager [None req-96c6b093-8690-4881-85b0-e8f64f09c05d None None] Subscribe: > security_group_rule precommit_create 55550000, False {{(pid=104351) subscribe /opt/stack/data/venv/lib/python3.12/site-packages/neutron_lib/callbacks/manager.py:52}}
May 01 02:46:10.046927 np0000171449 devstack@neutron-api.service[104350]: DEBUG neutron_lib.callbacks.manager [None req-065a6889-47bb-4ac1-a61c-170b940d0c99 None None] Subscribe: > router precommit_create 55550000, False {{(pid=104350) subscribe /opt/stack/data/venv/lib/python3.12/site-packages/neutron_lib/callbacks/manager.py:52}}
May 01 02:46:10.046968 np0000171449 devstack@neutron-api.service[104351]: DEBUG neutron_lib.callbacks.manager [None req-96c6b093-8690-4881-85b0-e8f64f09c05d None None] Subscribe: > security_group_rule after_create 55550000, False {{(pid=104351) subscribe /opt/stack/data/venv/lib/python3.12/site-packages/neutron_lib/callbacks/manager.py:52}}
May 01 02:46:10.047027 np0000171449 devstack@neutron-api.service[104350]: DEBUG neutron_lib.callbacks.manager [None req-065a6889-47bb-4ac1-a61c-170b940d0c99 None None] Subscribe: > router precommit_create 55550000, False {{(pid=104350) subscribe /opt/stack/data/venv/lib/python3.12/site-packages/neutron_lib/callbacks/manager.py:52}}
May 01 02:46:10.047082 np0000171449 devstack@neutron-api.service[104351]: DEBUG neutron_lib.callbacks.manager [None req-96c6b093-8690-4881-85b0-e8f64f09c05d None None] Subscribe: > security_group_rule before_delete 55550000, False {{(pid=104351) subscribe /opt/stack/data/venv/lib/python3.12/site-packages/neutron_lib/callbacks/manager.py:52}}
May 01 02:46:10.047124 np0000171449 devstack@neutron-api.service[104350]: DEBUG neutron_lib.callbacks.manager [None req-065a6889-47bb-4ac1-a61c-170b940d0c99 None None] Subscribe: > router precommit_update 55550000, False {{(pid=104350) subscribe /opt/stack/data/venv/lib/python3.12/site-packages/neutron_lib/callbacks/manager.py:52}}
May 01 02:46:10.047173 np0000171449 devstack@neutron-api.service[104351]: DEBUG neutron_lib.callbacks.manager [None req-96c6b093-8690-4881-85b0-e8f64f09c05d None None] Subscribe: > address_group after_create 55550000, False {{(pid=104351) subscribe /opt/stack/data/venv/lib/python3.12/site-packages/neutron_lib/callbacks/manager.py:52}}
May 01 02:46:10.047214 np0000171449 devstack@neutron-api.service[104350]: DEBUG neutron_lib.callbacks.manager [None req-065a6889-47bb-4ac1-a61c-170b940d0c99 None None] Subscribe: subnet after_update 55550000, False {{(pid=104350) subscribe /opt/stack/data/venv/lib/python3.12/site-packages/neutron_lib/callbacks/manager.py:52}}
May 01 02:46:10.047253 np0000171449 devstack@neutron-api.service[104351]: DEBUG neutron_lib.callbacks.manager [None req-96c6b093-8690-4881-85b0-e8f64f09c05d None None] Subscribe: > address_group after_update 55550000, False {{(pid=104351) subscribe /opt/stack/data/venv/lib/python3.12/site-packages/neutron_lib/callbacks/manager.py:52}}
