+ COMMAND=start + start + for KEYSTONE_WSGI_SCRIPT in keystone-wsgi-public ++ type -p keystone-wsgi-public + cp -a /var/lib/openstack/bin/keystone-wsgi-public /var/www/cgi-bin/keystone/ + '[' -f /etc/apache2/envvars ']' + source /etc/apache2/envvars ++ unset HOME ++ '[' '' '!=' '' ']' ++ SUFFIX= ++ export APACHE_RUN_USER=www-data ++ APACHE_RUN_USER=www-data ++ export APACHE_RUN_GROUP=www-data ++ APACHE_RUN_GROUP=www-data ++ export APACHE_PID_FILE=/var/run/apache2/apache2.pid ++ APACHE_PID_FILE=/var/run/apache2/apache2.pid ++ export APACHE_RUN_DIR=/var/run/apache2 ++ APACHE_RUN_DIR=/var/run/apache2 ++ export APACHE_LOCK_DIR=/var/lock/apache2 ++ APACHE_LOCK_DIR=/var/lock/apache2 ++ export APACHE_LOG_DIR=/var/log/apache2 ++ APACHE_LOG_DIR=/var/log/apache2 ++ export LANG=C ++ LANG=C ++ export LANG + '[' -f /var/run/apache2/apache2.pid ']' + exec apache2 -DFOREGROUND AH00558: apache2: Could not reliably determine the server's fully qualified domain name, using 10.0.0.56. Set the 'ServerName' directive globally to suppress this message AH00558: apache2: Could not reliably determine the server's fully qualified domain name, using 10.0.0.56. Set the 'ServerName' directive globally to suppress this message
[Tue Jul 28 10:08:54.810594 2026] [mpm_event:notice] [pid 1:tid 140371775457152] AH00489: Apache/2.4.58 (Ubuntu) mod_wsgi/5.0.0 Python/3.12 configured -- resuming normal operations
[Tue Jul 28 10:08:54.810760 2026] [core:notice] [pid 1:tid 140371775457152] AH00094: Command line: 'apache2 -D FOREGROUND'
[Tue Jul 28 10:09:49.736900 2026] [wsgi:error] [pid 11:tid 140371137636032] /var/lib/openstack/lib/python3.12/site-packages/oslo_utils/importutils.py:77: EventletDeprecationWarning:
[Tue Jul 28 10:09:49.736952 2026] [wsgi:error] [pid 11:tid 140371137636032] Eventlet is deprecated. It is currently being maintained in bugfix mode, and
[Tue Jul 28 10:09:49.736954 2026] [wsgi:error] [pid 11:tid 140371137636032] we strongly recommend against using it for new projects.
[Tue Jul 28 10:09:49.736956 2026] [wsgi:error] [pid 11:tid 140371137636032]
[Tue Jul 28 10:09:49.736957 2026] [wsgi:error] [pid 11:tid 140371137636032] If you are already using Eventlet, we recommend migrating to a different
[Tue Jul 28 10:09:49.736958 2026] [wsgi:error] [pid 11:tid 140371137636032] framework. For more detail see
[Tue Jul 28 10:09:49.736959 2026] [wsgi:error] [pid 11:tid 140371137636032] https://eventlet.readthedocs.io/en/latest/asyncio/migration.html
[Tue Jul 28 10:09:49.736960 2026] [wsgi:error] [pid 11:tid 140371137636032]
[Tue Jul 28 10:09:49.736961 2026] [wsgi:error] [pid 11:tid 140371137636032] __import__(import_str)
[Tue Jul 28 10:09:49.769597 2026] [wsgi:error] [pid 9:tid 140371137636032] /var/lib/openstack/lib/python3.12/site-packages/oslo_utils/importutils.py:77: EventletDeprecationWarning:
[Tue Jul 28 10:09:49.769654 2026] [wsgi:error] [pid 9:tid 140371137636032] Eventlet is deprecated. It is currently being maintained in bugfix mode, and
[Tue Jul 28 10:09:49.769657 2026] [wsgi:error] [pid 9:tid 140371137636032] we strongly recommend against using it for new projects.
[Tue Jul 28 10:09:49.769658 2026] [wsgi:error] [pid 9:tid 140371137636032]
[Tue Jul 28 10:09:49.769659 2026] [wsgi:error] [pid 9:tid 140371137636032] If you are already using Eventlet, we recommend migrating to a different
[Tue Jul 28 10:09:49.769660 2026] [wsgi:error] [pid 9:tid 140371137636032] framework. For more detail see
[Tue Jul 28 10:09:49.769661 2026] [wsgi:error] [pid 9:tid 140371137636032] https://eventlet.readthedocs.io/en/latest/asyncio/migration.html
[Tue Jul 28 10:09:49.769663 2026] [wsgi:error] [pid 9:tid 140371137636032]
[Tue Jul 28 10:09:49.769664 2026] [wsgi:error] [pid 9:tid 140371137636032] __import__(import_str) 10.0.0.33 - - [28/Jul/2026:10:09:48 +0000] "GET /v3/ HTTP/1.1" 200 249 10.0.0.33 - - [28/Jul/2026:10:09:48 +0000] "GET /v3/ HTTP/1.1" 200 249
[Tue Jul 28 10:10:04.763616 2026] [wsgi:error] [pid 12:tid 140371137636032] /var/lib/openstack/lib/python3.12/site-packages/oslo_utils/importutils.py:77: EventletDeprecationWarning:
[Tue Jul 28 10:10:04.763667 2026] [wsgi:error] [pid 12:tid 140371137636032] Eventlet is deprecated. It is currently being maintained in bugfix mode, and
[Tue Jul 28 10:10:04.763669 2026] [wsgi:error] [pid 12:tid 140371137636032] we strongly recommend against using it for new projects.
[Tue Jul 28 10:10:04.763670 2026] [wsgi:error] [pid 12:tid 140371137636032]
[Tue Jul 28 10:10:04.763672 2026] [wsgi:error] [pid 12:tid 140371137636032] If you are already using Eventlet, we recommend migrating to a different
[Tue Jul 28 10:10:04.763673 2026] [wsgi:error] [pid 12:tid 140371137636032] framework. For more detail see
[Tue Jul 28 10:10:04.763674 2026] [wsgi:error] [pid 12:tid 140371137636032] https://eventlet.readthedocs.io/en/latest/asyncio/migration.html
[Tue Jul 28 10:10:04.763675 2026] [wsgi:error] [pid 12:tid 140371137636032]
[Tue Jul 28 10:10:04.763676 2026] [wsgi:error] [pid 12:tid 140371137636032] __import__(import_str) 10.0.0.191 - - [28/Jul/2026:10:10:03 +0000] "GET / HTTP/1.1" 300 295
[Tue Jul 28 10:10:10.608622 2026] [wsgi:error] [pid 10:tid 140371137636032] /var/lib/openstack/lib/python3.12/site-packages/oslo_utils/importutils.py:77: EventletDeprecationWarning:
[Tue Jul 28 10:10:10.608676 2026] [wsgi:error] [pid 10:tid 140371137636032] Eventlet is deprecated. It is currently being maintained in bugfix mode, and
[Tue Jul 28 10:10:10.608679 2026] [wsgi:error] [pid 10:tid 140371137636032] we strongly recommend against using it for new projects.
[Tue Jul 28 10:10:10.608681 2026] [wsgi:error] [pid 10:tid 140371137636032]
[Tue Jul 28 10:10:10.608682 2026] [wsgi:error] [pid 10:tid 140371137636032] If you are already using Eventlet, we recommend migrating to a different
[Tue Jul 28 10:10:10.608684 2026] [wsgi:error] [pid 10:tid 140371137636032] framework. For more detail see
[Tue Jul 28 10:10:10.608686 2026] [wsgi:error] [pid 10:tid 140371137636032] https://eventlet.readthedocs.io/en/latest/asyncio/migration.html
[Tue Jul 28 10:10:10.608688 2026] [wsgi:error] [pid 10:tid 140371137636032]
[Tue Jul 28 10:10:10.608689 2026] [wsgi:error] [pid 10:tid 140371137636032] __import__(import_str)
[Tue Jul 28 10:10:15.667293 2026] [wsgi:error] [pid 10:tid 140371137636032] [remote 10.0.0.191:48966] 2026-07-28 10:10:15.663 10 WARNING keystone.identity.core [None req-06317bdf-5324-49e1-97f1-6a5099085514 - - - - - -] Invalid domain name (atmosphere) found in config file name: keystone.exception.DomainNotFound: Could not find domain: atmosphere.
[Tue Jul 28 10:10:15.748560 2026] [wsgi:error] [pid 10:tid 140371137636032] [remote 10.0.0.191:48966] 2026-07-28 10:10:15.747 10 WARNING keystone.common.password_hashing [None req-06317bdf-5324-49e1-97f1-6a5099085514 - - - - - -] Truncating password to algorithm specific maximum length 72 characters.
[Tue Jul 28 10:10:16.035047 2026] [wsgi:error] [pid 10:tid 140371137636032] [remote 10.0.0.191:48966] 2026-07-28 10:10:16.034 10 WARNING keystone.common.fernet_utils [None req-06317bdf-5324-49e1-97f1-6a5099085514 - - - - - -] key_repository is world readable: /etc/keystone/fernet-keys/ 10.0.0.191 - - [28/Jul/2026:10:10:09 +0000] "POST /v3/auth/tokens HTTP/1.1" 201 1359
[Tue Jul 28 10:10:16.455126 2026] [wsgi:error] [pid 9:tid 140371137636032] [remote 10.0.0.191:48966] 2026-07-28 10:10:16.451 9 WARNING keystone.identity.core [None req-1fa360eb-cc34-4a45-bfaf-0642cdca16af - - - - - -] Invalid domain name (atmosphere) found in config file name: keystone.exception.DomainNotFound: Could not find domain: atmosphere. 10.0.0.191 - - [28/Jul/2026:10:10:16 +0000] "POST /v3/domains HTTP/1.1" 201 261 10.0.0.159 - - [28/Jul/2026:10:10:29 +0000] "GET / HTTP/1.1" 300 295
[Tue Jul 28 10:10:29.640296 2026] [wsgi:error] [pid 12:tid 140371137636032] [remote 10.0.0.159:47272] 2026-07-28 10:10:29.639 12 WARNING keystone.common.password_hashing [None req-d1a5a765-a153-4e48-bd45-924c08ae707f - - - - - -] Truncating password to algorithm specific maximum length 72 characters.
[Tue Jul 28 10:10:29.917743 2026] [wsgi:error] [pid 12:tid 140371137636032] [remote 10.0.0.159:47272] 2026-07-28 10:10:29.917 12 WARNING keystone.common.fernet_utils [None req-d1a5a765-a153-4e48-bd45-924c08ae707f - - - - - -] key_repository is world readable: /etc/keystone/fernet-keys/ 10.0.0.159 - - [28/Jul/2026:10:10:29 +0000] "POST /v3/auth/tokens HTTP/1.1" 201 1359 10.0.0.159 - - [28/Jul/2026:10:10:30 +0000] "GET /v3/roles/admin HTTP/1.1" 404 83
[Tue Jul 28 10:10:30.222651 2026] [wsgi:error] [pid 9:tid 140371137636032] [remote 10.0.0.159:47272] 2026-07-28 10:10:30.222 9 WARNING keystone.common.rbac_enforcer.enforcer [None req-410026a4-3169-44c7-ab78-6bd7b8ffc217 0f28ba5d6e36479990bc109287856ed5 098e2b2c174c417595d421cf491de052 - - default default] Deprecated policy rules found. Use oslopolicy-policy-generator and oslopolicy-policy-upgrade to detect and resolve deprecated policies in your configuration. 10.0.0.159 - - [28/Jul/2026:10:10:30 +0000] "GET /v3/roles?name=admin HTTP/1.1" 200 389
[Tue Jul 28 10:10:30.811898 2026] [wsgi:error] [pid 11:tid 140371137636032] [remote 10.0.0.159:47272] 2026-07-28 10:10:30.811 11 WARNING keystone.common.rbac_enforcer.enforcer [None req-ba5f3580-b454-45b6-8fe8-733cea93bb51 0f28ba5d6e36479990bc109287856ed5 098e2b2c174c417595d421cf491de052 - - default default] Deprecated policy rules found. Use oslopolicy-policy-generator and oslopolicy-policy-upgrade to detect and resolve deprecated policies in your configuration. 10.0.0.159 - - [28/Jul/2026:10:10:30 +0000] "GET /v3/users/admin-RegionOne HTTP/1.1" 404 93
[Tue Jul 28 10:10:30.981904 2026] [wsgi:error] [pid 12:tid 140371137636032] [remote 10.0.0.159:47272] 2026-07-28 10:10:30.981 12 WARNING keystone.common.rbac_enforcer.enforcer [None req-157a5030-6c23-4d51-af67-52d070c2fbd0 0f28ba5d6e36479990bc109287856ed5 098e2b2c174c417595d421cf491de052 - - default default] Deprecated policy rules found. Use oslopolicy-policy-generator and oslopolicy-policy-upgrade to detect and resolve deprecated policies in your configuration. 10.0.0.159 - - [28/Jul/2026:10:10:30 +0000] "GET /v3/users?name=admin-RegionOne HTTP/1.1" 200 422
[Tue Jul 28 10:10:31.218677 2026] [wsgi:error] [pid 10:tid 140371137636032] [remote 10.0.0.159:47272] 2026-07-28 10:10:31.218 10 WARNING keystone.common.rbac_enforcer.enforcer [None req-d66940cb-b786-4bcc-b2e3-144cc53f6152 0f28ba5d6e36479990bc109287856ed5 098e2b2c174c417595d421cf491de052 - - default default] Deprecated policy rules found. Use oslopolicy-policy-generator and oslopolicy-policy-upgrade to detect and resolve deprecated policies in your configuration. 10.0.0.159 - - [28/Jul/2026:10:10:31 +0000] "GET /v3/domains/default HTTP/1.1" 200 224 10.0.0.159 - - [28/Jul/2026:10:10:31 +0000] "PUT /v3/domains/default/users/0f28ba5d6e36479990bc109287856ed5/roles/b8884fb5082546c7905edc021ed09e7e HTTP/1.1" 204 - 10.0.0.33 - - [28/Jul/2026:10:10:41 +0000] "GET / HTTP/1.1" 300 280 10.0.0.33 - - [28/Jul/2026:10:10:42 +0000] "GET /v3 HTTP/1.1" 200 265
[Tue Jul 28 10:10:42.742849 2026] [wsgi:error] [pid 10:tid 140371137636032] [remote 10.0.0.33:36246] 2026-07-28 10:10:42.742 10 WARNING keystone.common.password_hashing [None req-92c62fdd-f5d5-4a5a-9835-ad0f545d5cdc - - - - - -] Truncating password to algorithm specific maximum length 72 characters.
[Tue Jul 28 10:10:43.018179 2026] [wsgi:error] [pid 10:tid 140371137636032] [remote 10.0.0.33:36246] 2026-07-28 10:10:43.018 10 WARNING keystone.common.fernet_utils [None req-92c62fdd-f5d5-4a5a-9835-ad0f545d5cdc - - - - - -] key_repository is world readable: /etc/keystone/fernet-keys/ 10.0.0.33 - - [28/Jul/2026:10:10:42 +0000] "POST /v3/auth/tokens HTTP/1.1" 201 1359 10.0.0.33 - - [28/Jul/2026:10:10:43 +0000] "GET / HTTP/1.1" 300 280 10.0.0.33 - - [28/Jul/2026:10:10:43 +0000] "GET /v3/domains/atmosphere HTTP/1.1" 404 90 10.0.0.33 - - [28/Jul/2026:10:10:43 +0000] "GET /v3/domains?name=atmosphere HTTP/1.1" 200 368 10.0.0.33 - - [28/Jul/2026:10:10:43 +0000] "GET /v3/domains/93048e20b8f14ed196c35228f132468d HTTP/1.1" 200 246 10.0.0.33 - - [28/Jul/2026:10:10:44 +0000] "GET /v3 HTTP/1.1" 200 265
[Tue Jul 28 10:10:44.343520 2026] [wsgi:error] [pid 11:tid 140371137636032] [remote 10.0.0.33:42974] 2026-07-28 10:10:44.343 11 WARNING keystone.common.password_hashing [None req-66f18079-6c4b-4314-8b8f-e5b5b54ca052 - - - - - -] Truncating password to algorithm specific maximum length 72 characters.
[Tue Jul 28 10:10:44.640356 2026] [wsgi:error] [pid 11:tid 140371137636032] [remote 10.0.0.33:42974] 2026-07-28 10:10:44.640 11 WARNING keystone.common.fernet_utils [None req-66f18079-6c4b-4314-8b8f-e5b5b54ca052 - - - - - -] key_repository is world readable: /etc/keystone/fernet-keys/ 10.0.0.33 - - [28/Jul/2026:10:10:44 +0000] "POST /v3/auth/tokens HTTP/1.1" 201 1359 10.0.0.33 - - [28/Jul/2026:10:10:44 +0000] "GET / HTTP/1.1" 300 280 10.0.0.33 - - [28/Jul/2026:10:10:44 +0000] "GET /v3/OS-FEDERATION/identity_providers/atmosphere HTTP/1.1" 404 101 10.0.0.33 - - [28/Jul/2026:10:10:44 +0000] "GET /v3/OS-FEDERATION/identity_providers HTTP/1.1" 200 155 10.0.0.33 - - [28/Jul/2026:10:10:44 +0000] "PUT /v3/OS-FEDERATION/identity_providers/atmosphere HTTP/1.1" 201 340 10.0.0.33 - - [28/Jul/2026:10:10:45 +0000] "GET /v3 HTTP/1.1" 200 265
[Tue Jul 28 10:10:45.437170 2026] [wsgi:error] [pid 10:tid 140371137636032] [remote 10.0.0.33:42974] 2026-07-28 10:10:45.436 10 WARNING keystone.common.password_hashing [None req-d2f57b05-a908-4045-8ed7-b379f7548cc2 - - - - - -] Truncating password to algorithm specific maximum length 72 characters.
[Tue Jul 28 10:10:45.722440 2026] [wsgi:error] [pid 10:tid 140371137636032] [remote 10.0.0.33:42974] 2026-07-28 10:10:45.722 10 WARNING keystone.common.fernet_utils [None req-d2f57b05-a908-4045-8ed7-b379f7548cc2 - - - - - -] key_repository is world readable: /etc/keystone/fernet-keys/ 10.0.0.33 - - [28/Jul/2026:10:10:45 +0000] "POST /v3/auth/tokens HTTP/1.1" 201 1359 10.0.0.33 - - [28/Jul/2026:10:10:45 +0000] "GET / HTTP/1.1" 300 280 10.0.0.33 - - [28/Jul/2026:10:10:45 +0000] "GET /v3/OS-FEDERATION/mappings/atmosphere-openid HTTP/1.1" 404 98 10.0.0.33 - - [28/Jul/2026:10:10:45 +0000] "GET /v3/OS-FEDERATION/mappings HTTP/1.1" 200 135 10.0.0.33 - - [28/Jul/2026:10:10:45 +0000] "PUT /v3/OS-FEDERATION/mappings/atmosphere-openid HTTP/1.1" 201 356 10.0.0.33 - - [28/Jul/2026:10:10:46 +0000] "GET /v3 HTTP/1.1" 200 265
[Tue Jul 28 10:10:46.536729 2026] [wsgi:error] [pid 11:tid 140371137636032] [remote 10.0.0.33:36246] 2026-07-28 10:10:46.536 11 WARNING keystone.common.password_hashing [None req-c3e16982-4b8c-455f-8aaf-4ccc969c0273 - - - - - -] Truncating password to algorithm specific maximum length 72 characters.
[Tue Jul 28 10:10:46.822801 2026] [wsgi:error] [pid 11:tid 140371137636032] [remote 10.0.0.33:36246] 2026-07-28 10:10:46.822 11 WARNING keystone.common.fernet_utils [None req-c3e16982-4b8c-455f-8aaf-4ccc969c0273 - - - - - -] key_repository is world readable: /etc/keystone/fernet-keys/ 10.0.0.33 - - [28/Jul/2026:10:10:46 +0000] "POST /v3/auth/tokens HTTP/1.1" 201 1359 10.0.0.33 - - [28/Jul/2026:10:10:46 +0000] "GET / HTTP/1.1" 300 280 10.0.0.33 - - [28/Jul/2026:10:10:46 +0000] "GET /v3/OS-FEDERATION/identity_providers/atmosphere/protocols/openid?idp_id=atmosphere HTTP/1.1" 404 131 10.0.0.33 - - [28/Jul/2026:10:10:46 +0000] "GET /v3/OS-FEDERATION/identity_providers/atmosphere/protocols HTTP/1.1" 200 167 10.0.0.33 - - [28/Jul/2026:10:10:46 +0000] "PUT /v3/OS-FEDERATION/identity_providers/atmosphere/protocols/openid HTTP/1.1" 201 222 10.0.0.33 - - [28/Jul/2026:10:10:48 +0000] "GET /v3/ HTTP/1.1" 200 249 10.0.0.33 - - [28/Jul/2026:10:10:48 +0000] "GET /v3/ HTTP/1.1" 200 249 10.0.0.33 - - [28/Jul/2026:10:11:48 +0000] "GET /v3/ HTTP/1.1" 200 249 10.0.0.33 - - [28/Jul/2026:10:11:48 +0000] "GET /v3/ HTTP/1.1" 200 249 10.0.0.204 - - [28/Jul/2026:10:12:12 +0000] "GET / HTTP/1.1" 300 295
[Tue Jul 28 10:12:12.202492 2026] [wsgi:error] [pid 11:tid 140371137636032] [remote 10.0.0.204:34480] 2026-07-28 10:12:12.202 11 WARNING keystone.common.password_hashing [None req-8a280f26-e8b8-4c26-8b8e-6b5e4af9da0d - - - - - -] Truncating password to algorithm specific maximum length 72 characters.
[Tue Jul 28 10:12:12.500383 2026] [wsgi:error] [pid 11:tid 140371137636032] [remote 10.0.0.204:34480] 2026-07-28 10:12:12.500 11 WARNING keystone.common.fernet_utils [None req-8a280f26-e8b8-4c26-8b8e-6b5e4af9da0d - - - - - -] key_repository is world readable: /etc/keystone/fernet-keys/ 10.0.0.204 - - [28/Jul/2026:10:12:12 +0000] "POST /v3/auth/tokens HTTP/1.1" 201 1359 10.0.0.204 - - [28/Jul/2026:10:12:12 +0000] "GET /v3/services HTTP/1.1" 200 355 10.0.0.204 - - [28/Jul/2026:10:12:16 +0000] "GET / HTTP/1.1" 300 295
[Tue Jul 28 10:12:16.528017 2026] [wsgi:error] [pid 9:tid 140371137636032] [remote 10.0.0.204:34488] 2026-07-28 10:12:16.527 9 WARNING keystone.common.password_hashing [None req-17c78898-eee4-4fd7-878e-4b6b952803cb - - - - - -] Truncating password to algorithm specific maximum length 72 characters.
[Tue Jul 28 10:12:16.820770 2026] [wsgi:error] [pid 9:tid 140371137636032] [remote 10.0.0.204:34488] 2026-07-28 10:12:16.820 9 WARNING keystone.common.fernet_utils [None req-17c78898-eee4-4fd7-878e-4b6b952803cb - - - - - -] key_repository is world readable: /etc/keystone/fernet-keys/ 10.0.0.204 - - [28/Jul/2026:10:12:16 +0000] "POST /v3/auth/tokens HTTP/1.1" 201 1359 10.0.0.204 - - [28/Jul/2026:10:12:16 +0000] "GET /v3/services HTTP/1.1" 200 355 10.0.0.204 - - [28/Jul/2026:10:12:20 +0000] "GET / HTTP/1.1" 300 295
[Tue Jul 28 10:12:20.708731 2026] [wsgi:error] [pid 10:tid 140371137636032] [remote 10.0.0.204:34498] 2026-07-28 10:12:20.708 10 WARNING keystone.common.password_hashing [None req-eb3ddf3f-6f0a-46e9-a45b-9b4029ae9695 - - - - - -] Truncating password to algorithm specific maximum length 72 characters.
[Tue Jul 28 10:12:21.012687 2026] [wsgi:error] [pid 10:tid 140371137636032] [remote 10.0.0.204:34498] 2026-07-28 10:12:21.012 10 WARNING keystone.common.fernet_utils [None req-eb3ddf3f-6f0a-46e9-a45b-9b4029ae9695 - - - - - -] key_repository is world readable: /etc/keystone/fernet-keys/ 10.0.0.204 - - [28/Jul/2026:10:12:20 +0000] "POST /v3/auth/tokens HTTP/1.1" 201 1359 10.0.0.204 - - [28/Jul/2026:10:12:21 +0000] "GET /v3/services HTTP/1.1" 200 355 10.0.0.204 - - [28/Jul/2026:10:12:24 +0000] "GET / HTTP/1.1" 300 295
[Tue Jul 28 10:12:24.972153 2026] [wsgi:error] [pid 12:tid 140371137636032] [remote 10.0.0.204:55348] 2026-07-28 10:12:24.971 12 WARNING keystone.common.password_hashing [None req-e46770b4-4744-4102-b30a-0ce237c8f5fb - - - - - -] Truncating password to algorithm specific maximum length 72 characters.
[Tue Jul 28 10:12:25.252724 2026] [wsgi:error] [pid 12:tid 140371137636032] [remote 10.0.0.204:55348] 2026-07-28 10:12:25.252 12 WARNING keystone.common.fernet_utils [None req-e46770b4-4744-4102-b30a-0ce237c8f5fb - - - - - -] key_repository is world readable: /etc/keystone/fernet-keys/ 10.0.0.204 - - [28/Jul/2026:10:12:24 +0000] "POST /v3/auth/tokens HTTP/1.1" 201 1359 10.0.0.204 - - [28/Jul/2026:10:12:25 +0000] "POST /v3/services HTTP/1.1" 201 296 10.0.0.125 - - [28/Jul/2026:10:12:38 +0000] "GET / HTTP/1.1" 300 295
[Tue Jul 28 10:12:38.548569 2026] [wsgi:error] [pid 11:tid 140371137636032] [remote 10.0.0.125:56490] 2026-07-28 10:12:38.548 11 WARNING keystone.common.password_hashing [None req-744f0546-2470-4b67-a92c-dbcd0fe2dc95 - - - - - -] Truncating password to algorithm specific maximum length 72 characters. 10.0.0.125 - - [28/Jul/2026:10:12:38 +0000] "GET / HTTP/1.1" 300 295
[Tue Jul 28 10:12:38.657149 2026] [wsgi:error] [pid 10:tid 140371137636032] [remote 10.0.0.125:56502] 2026-07-28 10:12:38.656 10 WARNING keystone.common.password_hashing [None req-3c80cc9c-3e35-4b46-ab33-a6e9056909f7 - - - - - -] Truncating password to algorithm specific maximum length 72 characters. 10.0.0.125 - - [28/Jul/2026:10:12:38 +0000] "GET / HTTP/1.1" 300 295
[Tue Jul 28 10:12:38.758669 2026] [wsgi:error] [pid 12:tid 140371137636032] [remote 10.0.0.125:56512] 2026-07-28 10:12:38.758 12 WARNING keystone.common.password_hashing [None req-5154a440-38d7-4fa8-a989-8fea119212e2 - - - - - -] Truncating password to algorithm specific maximum length 72 characters.
[Tue Jul 28 10:12:38.837586 2026] [wsgi:error] [pid 11:tid 140371137636032] [remote 10.0.0.125:56490] 2026-07-28 10:12:38.837 11 WARNING keystone.common.fernet_utils [None req-744f0546-2470-4b67-a92c-dbcd0fe2dc95 - - - - - -] key_repository is world readable: /etc/keystone/fernet-keys/ 10.0.0.125 - - [28/Jul/2026:10:12:38 +0000] "POST /v3/auth/tokens HTTP/1.1" 201 1463
[Tue Jul 28 10:12:38.940881 2026] [wsgi:error] [pid 10:tid 140371137636032] [remote 10.0.0.125:56502] 2026-07-28 10:12:38.940 10 WARNING keystone.common.fernet_utils [None req-3c80cc9c-3e35-4b46-ab33-a6e9056909f7 - - - - - -] key_repository is world readable: /etc/keystone/fernet-keys/ 10.0.0.125 - - [28/Jul/2026:10:12:38 +0000] "POST /v3/auth/tokens HTTP/1.1" 201 1463 10.0.0.125 - - [28/Jul/2026:10:12:38 +0000] "GET /v3/services HTTP/1.1" 200 639
[Tue Jul 28 10:12:39.042944 2026] [wsgi:error] [pid 12:tid 140371137636032] [remote 10.0.0.125:56512] 2026-07-28 10:12:39.042 12 WARNING keystone.common.fernet_utils [None req-5154a440-38d7-4fa8-a989-8fea119212e2 - - - - - -] key_repository is world readable: /etc/keystone/fernet-keys/ 10.0.0.125 - - [28/Jul/2026:10:12:38 +0000] "POST /v3/auth/tokens HTTP/1.1" 201 1463 10.0.0.125 - - [28/Jul/2026:10:12:39 +0000] "GET /v3/services HTTP/1.1" 200 639 10.0.0.125 - - [28/Jul/2026:10:12:39 +0000] "GET /v3/services HTTP/1.1" 200 639 10.0.0.125 - - [28/Jul/2026:10:12:40 +0000] "GET / HTTP/1.1" 300 295
[Tue Jul 28 10:12:40.849555 2026] [wsgi:error] [pid 12:tid 140371137636032] [remote 10.0.0.125:56514] 2026-07-28 10:12:40.849 12 WARNING keystone.common.password_hashing [None req-a7722059-2487-4064-baeb-2561504f4c9d - - - - - -] Truncating password to algorithm specific maximum length 72 characters. 10.0.0.125 - - [28/Jul/2026:10:12:40 +0000] "GET / HTTP/1.1" 300 295
[Tue Jul 28 10:12:40.913315 2026] [wsgi:error] [pid 10:tid 140371137636032] [remote 10.0.0.125:56522] 2026-07-28 10:12:40.913 10 WARNING keystone.common.password_hashing [None req-ae2663c2-a2f5-43ce-bf29-3dd854dca3c9 - - - - - -] Truncating password to algorithm specific maximum length 72 characters. 10.0.0.125 - - [28/Jul/2026:10:12:40 +0000] "GET / HTTP/1.1" 300 295
[Tue Jul 28 10:12:40.994789 2026] [wsgi:error] [pid 11:tid 140371137636032] [remote 10.0.0.125:56536] 2026-07-28 10:12:40.994 11 WARNING keystone.common.password_hashing [None req-d36716f1-a78c-46e0-af93-6086a522d90b - - - - - -] Truncating password to algorithm specific maximum length 72 characters.
[Tue Jul 28 10:12:41.132990 2026] [wsgi:error] [pid 12:tid 140371137636032] [remote 10.0.0.125:56514] 2026-07-28 10:12:41.132 12 WARNING keystone.common.fernet_utils [None req-a7722059-2487-4064-baeb-2561504f4c9d - - - - - -] key_repository is world readable: /etc/keystone/fernet-keys/ 10.0.0.125 - - [28/Jul/2026:10:12:40 +0000] "POST /v3/auth/tokens HTTP/1.1" 201 1463
[Tue Jul 28 10:12:41.188406 2026] [wsgi:error] [pid 10:tid 140371137636032] [remote 10.0.0.125:56522] 2026-07-28 10:12:41.188 10 WARNING keystone.common.fernet_utils [None req-ae2663c2-a2f5-43ce-bf29-3dd854dca3c9 - - - - - -] key_repository is world readable: /etc/keystone/fernet-keys/ 10.0.0.125 - - [28/Jul/2026:10:12:40 +0000] "POST /v3/auth/tokens HTTP/1.1" 201 1463 10.0.0.125 - - [28/Jul/2026:10:12:41 +0000] "GET /v3/endpoints HTTP/1.1" 200 1226
[Tue Jul 28 10:12:41.272856 2026] [wsgi:error] [pid 11:tid 140371137636032] [remote 10.0.0.125:56536] 2026-07-28 10:12:41.272 11 WARNING keystone.common.fernet_utils [None req-d36716f1-a78c-46e0-af93-6086a522d90b - - - - - -] key_repository is world readable: /etc/keystone/fernet-keys/ 10.0.0.125 - - [28/Jul/2026:10:12:40 +0000] "POST /v3/auth/tokens HTTP/1.1" 201 1463 10.0.0.125 - - [28/Jul/2026:10:12:41 +0000] "GET /v3/services/8060de7658ba47409634751a99c1001a HTTP/1.1" 200 233 10.0.0.125 - - [28/Jul/2026:10:12:41 +0000] "GET /v3/services/8060de7658ba47409634751a99c1001a HTTP/1.1" 200 233 10.0.0.125 - - [28/Jul/2026:10:12:41 +0000] "GET /v3/endpoints HTTP/1.1" 200 1226 10.0.0.125 - - [28/Jul/2026:10:12:41 +0000] "GET /v3/services/8060de7658ba47409634751a99c1001a HTTP/1.1" 200 233 10.0.0.125 - - [28/Jul/2026:10:12:41 +0000] "GET /v3/services/8060de7658ba47409634751a99c1001a HTTP/1.1" 200 233 10.0.0.125 - - [28/Jul/2026:10:12:41 +0000] "GET /v3/services/8060de7658ba47409634751a99c1001a HTTP/1.1" 200 233 10.0.0.125 - - [28/Jul/2026:10:12:41 +0000] "GET /v3/services/8060de7658ba47409634751a99c1001a HTTP/1.1" 200 233 10.0.0.125 - - [28/Jul/2026:10:12:41 +0000] "GET /v3/endpoints HTTP/1.1" 200 1226 10.0.0.125 - - [28/Jul/2026:10:12:41 +0000] "GET /v3/services/8060de7658ba47409634751a99c1001a HTTP/1.1" 200 233 10.0.0.125 - - [28/Jul/2026:10:12:41 +0000] "GET /v3/services/8060de7658ba47409634751a99c1001a HTTP/1.1" 200 233 10.0.0.125 - - [28/Jul/2026:10:12:41 +0000] "GET /v3/services/8060de7658ba47409634751a99c1001a HTTP/1.1" 200 233 10.0.0.125 - - [28/Jul/2026:10:12:43 +0000] "GET / HTTP/1.1" 300 295
[Tue Jul 28 10:12:43.154150 2026] [wsgi:error] [pid 11:tid 140371137636032] [remote 10.0.0.125:39912] 2026-07-28 10:12:43.153 11 WARNING keystone.common.password_hashing [None req-de331808-849d-4faa-89af-2ee9632af3ff - - - - - -] Truncating password to algorithm specific maximum length 72 characters. 10.0.0.125 - - [28/Jul/2026:10:12:43 +0000] "GET / HTTP/1.1" 300 295
[Tue Jul 28 10:12:43.211936 2026] [wsgi:error] [pid 10:tid 140371137636032] [remote 10.0.0.125:39916] 2026-07-28 10:12:43.211 10 WARNING keystone.common.password_hashing [None req-7084253a-32e3-4957-8c13-76c2a129a200 - - - - - -] Truncating password to algorithm specific maximum length 72 characters. 10.0.0.125 - - [28/Jul/2026:10:12:43 +0000] "GET / HTTP/1.1" 300 295
[Tue Jul 28 10:12:43.273823 2026] [wsgi:error] [pid 9:tid 140371137636032] [remote 10.0.0.125:39928] 2026-07-28 10:12:43.273 9 WARNING keystone.common.password_hashing [None req-ca91b10d-d11e-4035-82e3-9d06f1295c6e - - - - - -] Truncating password to algorithm specific maximum length 72 characters.
[Tue Jul 28 10:12:43.443562 2026] [wsgi:error] [pid 11:tid 140371137636032] [remote 10.0.0.125:39912] 2026-07-28 10:12:43.443 11 WARNING keystone.common.fernet_utils [None req-de331808-849d-4faa-89af-2ee9632af3ff - - - - - -] key_repository is world readable: /etc/keystone/fernet-keys/ 10.0.0.125 - - [28/Jul/2026:10:12:43 +0000] "POST /v3/auth/tokens HTTP/1.1" 201 1463
[Tue Jul 28 10:12:43.503741 2026] [wsgi:error] [pid 10:tid 140371137636032] [remote 10.0.0.125:39916] 2026-07-28 10:12:43.503 10 WARNING keystone.common.fernet_utils [None req-7084253a-32e3-4957-8c13-76c2a129a200 - - - - - -] key_repository is world readable: /etc/keystone/fernet-keys/ 10.0.0.125 - - [28/Jul/2026:10:12:43 +0000] "POST /v3/auth/tokens HTTP/1.1" 201 1463
[Tue Jul 28 10:12:43.568962 2026] [wsgi:error] [pid 9:tid 140371137636032] [remote 10.0.0.125:39928] 2026-07-28 10:12:43.568 9 WARNING keystone.common.fernet_utils [None req-ca91b10d-d11e-4035-82e3-9d06f1295c6e - - - - - -] key_repository is world readable: /etc/keystone/fernet-keys/ 10.0.0.125 - - [28/Jul/2026:10:12:43 +0000] "POST /v3/auth/tokens HTTP/1.1" 201 1463 10.0.0.125 - - [28/Jul/2026:10:12:43 +0000] "GET /v3/services/624640b2fc8c4ac1a3aae818d58b4d4f HTTP/1.1" 200 296 10.0.0.125 - - [28/Jul/2026:10:12:43 +0000] "GET /v3/regions/RegionOne HTTP/1.1" 200 173 10.0.0.125 - - [28/Jul/2026:10:12:43 +0000] "GET /v3/services/624640b2fc8c4ac1a3aae818d58b4d4f HTTP/1.1" 200 296 10.0.0.125 - - [28/Jul/2026:10:12:43 +0000] "POST /v3/endpoints HTTP/1.1" 201 380 10.0.0.125 - - [28/Jul/2026:10:12:43 +0000] "GET /v3/regions/RegionOne HTTP/1.1" 200 173 10.0.0.125 - - [28/Jul/2026:10:12:43 +0000] "GET /v3/services/624640b2fc8c4ac1a3aae818d58b4d4f HTTP/1.1" 200 296 10.0.0.125 - - [28/Jul/2026:10:12:43 +0000] "GET /v3/regions/RegionOne HTTP/1.1" 200 173 10.0.0.125 - - [28/Jul/2026:10:12:43 +0000] "POST /v3/endpoints HTTP/1.1" 201 383 10.0.0.125 - - [28/Jul/2026:10:12:43 +0000] "POST /v3/endpoints HTTP/1.1" 201 369 10.0.0.125 - - [28/Jul/2026:10:12:45 +0000] "GET / HTTP/1.1" 300 295
[Tue Jul 28 10:12:45.545254 2026] [wsgi:error] [pid 10:tid 140371137636032] [remote 10.0.0.125:39938] 2026-07-28 10:12:45.544 10 WARNING keystone.common.password_hashing [None req-57984c4a-ebe1-4f9b-8403-636a4b44ddd7 - - - - - -] Truncating password to algorithm specific maximum length 72 characters. 10.0.0.125 - - [28/Jul/2026:10:12:45 +0000] "GET / HTTP/1.1" 300 295
[Tue Jul 28 10:12:45.629020 2026] [wsgi:error] [pid 12:tid 140371137636032] [remote 10.0.0.125:39948] 2026-07-28 10:12:45.628 12 WARNING keystone.common.password_hashing [None req-8b659e05-3afb-44f1-bbcf-1601f2d15d3d - - - - - -] Truncating password to algorithm specific maximum length 72 characters. 10.0.0.125 - - [28/Jul/2026:10:12:45 +0000] "GET / HTTP/1.1" 300 295
[Tue Jul 28 10:12:45.790270 2026] [wsgi:error] [pid 11:tid 140371137636032] [remote 10.0.0.125:39958] 2026-07-28 10:12:45.789 11 WARNING keystone.common.password_hashing [None req-e64d9354-6207-4820-9d0b-b50c25bf1339 - - - - - -] Truncating password to algorithm specific maximum length 72 characters.
[Tue Jul 28 10:12:45.851181 2026] [wsgi:error] [pid 10:tid 140371137636032] [remote 10.0.0.125:39938] 2026-07-28 10:12:45.850 10 WARNING keystone.common.fernet_utils [None req-57984c4a-ebe1-4f9b-8403-636a4b44ddd7 - - - - - -] key_repository is world readable: /etc/keystone/fernet-keys/ 10.0.0.125 - - [28/Jul/2026:10:12:45 +0000] "POST /v3/auth/tokens HTTP/1.1" 201 1990
[Tue Jul 28 10:12:45.911649 2026] [wsgi:error] [pid 12:tid 140371137636032] [remote 10.0.0.125:39948] 2026-07-28 10:12:45.911 12 WARNING keystone.common.fernet_utils [None req-8b659e05-3afb-44f1-bbcf-1601f2d15d3d - - - - - -] key_repository is world readable: /etc/keystone/fernet-keys/ 10.0.0.125 - - [28/Jul/2026:10:12:45 +0000] "POST /v3/auth/tokens HTTP/1.1" 201 1990 10.0.0.125 - - [28/Jul/2026:10:12:45 +0000] "GET /v3/endpoints/890d417882054af481236d85c721aac2 HTTP/1.1" 200 380 10.0.0.125 - - [28/Jul/2026:10:12:46 +0000] "GET /v3/services/624640b2fc8c4ac1a3aae818d58b4d4f HTTP/1.1" 200 296 10.0.0.125 - - [28/Jul/2026:10:12:46 +0000] "GET /v3/endpoints/8cbf1b5b92d549698212b91cf6d2125c HTTP/1.1" 200 383 10.0.0.125 - - [28/Jul/2026:10:12:46 +0000] "GET /v3/services/624640b2fc8c4ac1a3aae818d58b4d4f HTTP/1.1" 200 296
[Tue Jul 28 10:12:46.098632 2026] [wsgi:error] [pid 11:tid 140371137636032] [remote 10.0.0.125:39958] 2026-07-28 10:12:46.098 11 WARNING keystone.common.fernet_utils [None req-e64d9354-6207-4820-9d0b-b50c25bf1339 - - - - - -] key_repository is world readable: /etc/keystone/fernet-keys/ 10.0.0.125 - - [28/Jul/2026:10:12:45 +0000] "POST /v3/auth/tokens HTTP/1.1" 201 1990 10.0.0.125 - - [28/Jul/2026:10:12:46 +0000] "GET /v3/endpoints/3f7fa27317654125811ae3e6fd12f74f HTTP/1.1" 200 369 10.0.0.125 - - [28/Jul/2026:10:12:46 +0000] "GET /v3/services/624640b2fc8c4ac1a3aae818d58b4d4f HTTP/1.1" 200 296 10.0.0.33 - - [28/Jul/2026:10:12:48 +0000] "GET /v3/ HTTP/1.1" 200 249 10.0.0.33 - - [28/Jul/2026:10:12:48 +0000] "GET /v3/ HTTP/1.1" 200 249 10.0.0.188 - - [28/Jul/2026:10:12:58 +0000] "GET / HTTP/1.1" 300 295
[Tue Jul 28 10:12:58.668169 2026] [wsgi:error] [pid 10:tid 140371137636032] [remote 10.0.0.188:50410] 2026-07-28 10:12:58.667 10 WARNING keystone.common.password_hashing [None req-ff49166a-771b-44f8-bbf2-31b17eda33e7 - - - - - -] Truncating password to algorithm specific maximum length 72 characters.
[Tue Jul 28 10:12:58.945587 2026] [wsgi:error] [pid 10:tid 140371137636032] [remote 10.0.0.188:50410] 2026-07-28 10:12:58.945 10 WARNING keystone.common.fernet_utils [None req-ff49166a-771b-44f8-bbf2-31b17eda33e7 - - - - - -] key_repository is world readable: /etc/keystone/fernet-keys/ 10.0.0.188 - - [28/Jul/2026:10:12:58 +0000] "POST /v3/auth/tokens HTTP/1.1" 201 1990 10.0.0.188 - - [28/Jul/2026:10:12:59 +0000] "POST /v3/domains HTTP/1.1" 201 284 10.0.0.188 - - [28/Jul/2026:10:13:00 +0000] "GET / HTTP/1.1" 300 295
[Tue Jul 28 10:13:00.888267 2026] [wsgi:error] [pid 12:tid 140371137636032] [remote 10.0.0.188:50416] 2026-07-28 10:13:00.888 12 WARNING keystone.common.password_hashing [None req-f5818fd3-8dd9-4970-a23c-8e2c1f1deca8 - - - - - -] Truncating password to algorithm specific maximum length 72 characters.
[Tue Jul 28 10:13:01.161363 2026] [wsgi:error] [pid 12:tid 140371137636032] [remote 10.0.0.188:50416] 2026-07-28 10:13:01.161 12 WARNING keystone.common.fernet_utils [None req-f5818fd3-8dd9-4970-a23c-8e2c1f1deca8 - - - - - -] key_repository is world readable: /etc/keystone/fernet-keys/ 10.0.0.188 - - [28/Jul/2026:10:13:00 +0000] "POST /v3/auth/tokens HTTP/1.1" 201 1990
[Tue Jul 28 10:13:01.369220 2026] [wsgi:error] [pid 10:tid 140371137636032] [remote 10.0.0.188:50416] 2026-07-28 10:13:01.354 10 ERROR keystone.server.flask.application [None req-550620c6-9203-4b5b-a04b-af788f786018 0f28ba5d6e36479990bc109287856ed5 098e2b2c174c417595d421cf491de052 - - default default] Conflict occurred attempting to store project - it is not permitted to have two projects acting as domains with the same name: service.: keystone.exception.Conflict: Conflict occurred attempting to store project - it is not permitted to have two projects acting as domains with the same name: service.
[Tue Jul 28 10:13:01.369252 2026] [wsgi:error] [pid 10:tid 140371137636032] [remote 10.0.0.188:50416] 2026-07-28 10:13:01.354 10 ERROR keystone.server.flask.application
Traceback (most recent call last):
[Tue Jul 28 10:13:01.369254 2026] [wsgi:error] [pid 10:tid 140371137636032] [remote 10.0.0.188:50416] 2026-07-28 10:13:01.354 10 ERROR keystone.server.flask.application
File "/var/lib/openstack/lib/python3.12/site-packages/sqlalchemy/engine/base.py", line 1969, in _exec_single_context
[Tue Jul 28 10:13:01.369256 2026] [wsgi:error] [pid 10:tid 140371137636032] [remote 10.0.0.188:50416] 2026-07-28 10:13:01.354 10 ERROR keystone.server.flask.application self.dialect.do_execute(
[Tue Jul 28 10:13:01.369258 2026] [wsgi:error] [pid 10:tid 140371137636032] [remote 10.0.0.188:50416] 2026-07-28 10:13:01.354 10 ERROR keystone.server.flask.application
File "/var/lib/openstack/lib/python3.12/site-packages/sqlalchemy/engine/default.py", line 952, in do_execute
[Tue Jul 28 10:13:01.369259 2026] [wsgi:error] [pid 10:tid 140371137636032] [remote 10.0.0.188:50416] 2026-07-28 10:13:01.354 10 ERROR keystone.server.flask.application cursor.execute(statement, parameters)
[Tue Jul 28 10:13:01.369261 2026] [wsgi:error] [pid 10:tid 140371137636032] [remote 10.0.0.188:50416] 2026-07-28 10:13:01.354 10 ERROR keystone.server.flask.application
File "/var/lib/openstack/lib/python3.12/site-packages/pymysql/cursors.py", line 159, in execute
[Tue Jul 28 10:13:01.369263 2026] [wsgi:error] [pid 10:tid 140371137636032] [remote 10.0.0.188:50416] 2026-07-28 10:13:01.354 10 ERROR keystone.server.flask.application result = self._query(query)
[Tue Jul 28 10:13:01.369264 2026] [wsgi:error] [pid 10:tid 140371137636032] [remote 10.0.0.188:50416] 2026-07-28 10:13:01.354 10 ERROR keystone.server.flask.application ^^^^^^^^^^^^^^^^^^
[Tue Jul 28 10:13:01.369265 2026] [wsgi:error] [pid 10:tid 140371137636032] [remote 10.0.0.188:50416] 2026-07-28 10:13:01.354 10 ERROR keystone.server.flask.application
File "/var/lib/openstack/lib/python3.12/site-packages/pymysql/cursors.py", line 330, in _query
[Tue Jul 28 10:13:01.369267 2026] [wsgi:error] [pid 10:tid 140371137636032] [remote 10.0.0.188:50416] 2026-07-28 10:13:01.354 10 ERROR keystone.server.flask.application conn.query(q)
[Tue Jul 28 10:13:01.369268 2026] [wsgi:error] [pid 10:tid 140371137636032] [remote 10.0.0.188:50416] 2026-07-28 10:13:01.354 10 ERROR keystone.server.flask.application
File "/var/lib/openstack/lib/python3.12/site-packages/pymysql/connections.py", line 582, in query
[Tue Jul 28 10:13:01.369270 2026] [wsgi:error] [pid 10:tid 140371137636032] [remote 10.0.0.188:50416] 2026-07-28 10:13:01.354 10 ERROR keystone.server.flask.application self._affected_rows = self._read_query_result(unbuffered=unbuffered)
[Tue Jul 28 10:13:01.369271 2026] [wsgi:error] [pid 10:tid 140371137636032] [remote 10.0.0.188:50416] 2026-07-28 10:13:01.354 10 ERROR keystone.server.flask.application ^^^^^^^^^^^^^^^^^^^^^^^^^^^^^^^^^^^^^^^^^^^^^^
[Tue Jul 28 10:13:01.369273 2026] [wsgi:error] [pid 10:tid 140371137636032] [remote 10.0.0.188:50416] 2026-07-28 10:13:01.354 10 ERROR keystone.server.flask.application
File "/var/lib/openstack/lib/python3.12/site-packages/pymysql/connections.py", line 847, in _read_query_result
[Tue Jul 28 10:13:01.369274 2026] [wsgi:error] [pid 10:tid 140371137636032] [remote 10.0.0.188:50416] 2026-07-28 10:13:01.354 10 ERROR keystone.server.flask.application result.read()
[Tue Jul 28 10:13:01.369277 2026] [wsgi:error] [pid 10:tid 140371137636032] [remote 10.0.0.188:50416] 2026-07-28 10:13:01.354 10 ERROR keystone.server.flask.application
File "/var/lib/openstack/lib/python3.12/site-packages/pymysql/connections.py", line 1245, in read
[Tue Jul 28 10:13:01.369278 2026] [wsgi:error] [pid 10:tid 140371137636032] [remote 10.0.0.188:50416] 2026-07-28 10:13:01.354 10 ERROR keystone.server.flask.application first_packet = self.connection._read_packet()
[Tue Jul 28 10:13:01.369280 2026] [wsgi:error] [pid 10:tid 140371137636032] [remote 10.0.0.188:50416] 2026-07-28 10:13:01.354 10 ERROR keystone.server.flask.application ^^^^^^^^^^^^^^^^^^^^^^^^^^^^^^
[Tue Jul 28 10:13:01.369281 2026] [wsgi:error] [pid 10:tid 140371137636032] [remote 10.0.0.188:50416] 2026-07-28 10:13:01.354 10 ERROR keystone.server.flask.application
File "/var/lib/openstack/lib/python3.12/site-packages/pymysql/connections.py", line 803, in _read_packet
[Tue Jul 28 10:13:01.369282 2026] [wsgi:error] [pid 10:tid 140371137636032] [remote 10.0.0.188:50416] 2026-07-28 10:13:01.354 10 ERROR keystone.server.flask.application packet.raise_for_error()
[Tue Jul 28 10:13:01.369284 2026] [wsgi:error] [pid 10:tid 140371137636032] [remote 10.0.0.188:50416] 2026-07-28 10:13:01.354 10 ERROR keystone.server.flask.application
File "/var/lib/openstack/lib/python3.12/site-packages/pymysql/protocol.py", line 219, in raise_for_error
[Tue Jul 28 10:13:01.369286 2026] [wsgi:error] [pid 10:tid 140371137636032] [remote 10.0.0.188:50416] 2026-07-28 10:13:01.354 10 ERROR keystone.server.flask.application err.raise_mysql_exception(self._data)
[Tue Jul 28 10:13:01.369287 2026] [wsgi:error] [pid 10:tid 140371137636032] [remote 10.0.0.188:50416] 2026-07-28 10:13:01.354 10 ERROR keystone.server.flask.application
File "/var/lib/openstack/lib/python3.12/site-packages/pymysql/err.py", line 154, in raise_mysql_exception
[Tue Jul 28 10:13:01.369289 2026] [wsgi:error] [pid 10:tid 140371137636032] [remote 10.0.0.188:50416] 2026-07-28 10:13:01.354 10 ERROR keystone.server.flask.application raise errorclass(errno, errval, sqlstate=sqlstate)
[Tue Jul 28 10:13:01.369291 2026] [wsgi:error] [pid 10:tid 140371137636032] [remote 10.0.0.188:50416] 2026-07-28 10:13:01.354 10 ERROR keystone.server.flask.application pymysql.err.IntegrityError: (1062, "Duplicate entry '<>-service' for key 'project.ixu_project_name_domain_id'")
[Tue Jul 28 10:13:01.369293 2026] [wsgi:error] [pid 10:tid 140371137636032] [remote 10.0.0.188:50416] 2026-07-28 10:13:01.354 10 ERROR keystone.server.flask.application
[Tue Jul 28 10:13:01.369294 2026] [wsgi:error] [pid 10:tid 140371137636032] [remote 10.0.0.188:50416] 2026-07-28 10:13:01.354 10 ERROR keystone.server.flask.application The above exception was the direct cause of the following exception:
[Tue Jul 28 10:13:01.369295 2026] [wsgi:error] [pid 10:tid 140371137636032] [remote 10.0.0.188:50416] 2026-07-28 10:13:01.354 10 ERROR keystone.server.flask.application
[Tue Jul 28 10:13:01.369297 2026] [wsgi:error] [pid 10:tid 140371137636032] [remote 10.0.0.188:50416] 2026-07-28 10:13:01.354 10 ERROR keystone.server.flask.application
Traceback (most recent call last):
[Tue Jul 28 10:13:01.369298 2026] [wsgi:error] [pid 10:tid 140371137636032] [remote 10.0.0.188:50416] 2026-07-28 10:13:01.354 10 ERROR keystone.server.flask.application
File "/var/lib/openstack/lib/python3.12/site-packages/keystone/common/sql/core.py", line 575, in wrapper
[Tue Jul 28 10:13:01.369299 2026] [wsgi:error] [pid 10:tid 140371137636032] [remote 10.0.0.188:50416] 2026-07-28 10:13:01.354 10 ERROR keystone.server.flask.application return method(*args, **kwargs)
[Tue Jul 28 10:13:01.369301 2026] [wsgi:error] [pid 10:tid 140371137636032] [remote 10.0.0.188:50416] 2026-07-28 10:13:01.354 10 ERROR keystone.server.flask.application ^^^^^^^^^^^^^^^^^^^^^^^
[Tue Jul 28 10:13:01.369303 2026] [wsgi:error] [pid 10:tid 140371137636032] [remote 10.0.0.188:50416] 2026-07-28 10:13:01.354 10 ERROR keystone.server.flask.application
File "/var/lib/openstack/lib/python3.12/site-packages/keystone/resource/backends/sql.py", line 278, in create_project
[Tue Jul 28 10:13:01.369304 2026] [wsgi:error] [pid 10:tid 140371137636032] [remote 10.0.0.188:50416] 2026-07-28 10:13:01.354 10 ERROR keystone.server.flask.application with sql.session_for_write() as session:
[Tue Jul 28 10:13:01.369306 2026] [wsgi:error] [pid 10:tid 140371137636032] [remote 10.0.0.188:50416] 2026-07-28 10:13:01.354 10 ERROR keystone.server.flask.application
File "/usr/lib/python3.12/contextlib.py", line 144, in __exit__
[Tue Jul 28 10:13:01.369307 2026] [wsgi:error] [pid 10:tid 140371137636032] [remote 10.0.0.188:50416] 2026-07-28 10:13:01.354 10 ERROR keystone.server.flask.application next(self.gen)
[Tue Jul 28 10:13:01.369308 2026] [wsgi:error] [pid 10:tid 140371137636032] [remote 10.0.0.188:50416] 2026-07-28 10:13:01.354 10 ERROR keystone.server.flask.application
File "/var/lib/openstack/lib/python3.12/site-packages/oslo_db/sqlalchemy/enginefacade.py", line 1175, in _transaction_scope
[Tue Jul 28 10:13:01.369310 2026] [wsgi:error] [pid 10:tid 140371137636032] [remote 10.0.0.188:50416] 2026-07-28 10:13:01.354 10 ERROR keystone.server.flask.application with current._produce_block(
[Tue Jul 28 10:13:01.369311 2026] [wsgi:error] [pid 10:tid 140371137636032] [remote 10.0.0.188:50416] 2026-07-28 10:13:01.354 10 ERROR keystone.server.flask.application
File "/usr/lib/python3.12/contextlib.py", line 144, in __exit__
[Tue Jul 28 10:13:01.369313 2026] [wsgi:error] [pid 10:tid 140371137636032] [remote 10.0.0.188:50416] 2026-07-28 10:13:01.354 10 ERROR keystone.server.flask.application next(self.gen)
[Tue Jul 28 10:13:01.369314 2026] [wsgi:error] [pid 10:tid 140371137636032] [remote 10.0.0.188:50416] 2026-07-28 10:13:01.354 10 ERROR keystone.server.flask.application
File "/var/lib/openstack/lib/python3.12/site-packages/oslo_db/sqlalchemy/enginefacade.py", line 837, in _session
[Tue Jul 28 10:13:01.369315 2026] [wsgi:error] [pid 10:tid 140371137636032] [remote 10.0.0.188:50416] 2026-07-28 10:13:01.354 10 ERROR keystone.server.flask.application with excutils.save_and_reraise_exception():
[Tue Jul 28 10:13:01.369317 2026] [wsgi:error] [pid 10:tid 140371137636032] [remote 10.0.0.188:50416] 2026-07-28 10:13:01.354 10 ERROR keystone.server.flask.application
File "/var/lib/openstack/lib/python3.12/site-packages/oslo_utils/excutils.py", line 266, in __exit__
[Tue Jul 28 10:13:01.369318 2026] [wsgi:error] [pid 10:tid 140371137636032] [remote 10.0.0.188:50416] 2026-07-28 10:13:01.354 10 ERROR keystone.server.flask.application self.force_reraise()
[Tue Jul 28 10:13:01.369320 2026] [wsgi:error] [pid 10:tid 140371137636032] [remote 10.0.0.188:50416] 2026-07-28 10:13:01.354 10 ERROR keystone.server.flask.application
File "/var/lib/openstack/lib/python3.12/site-packages/oslo_utils/excutils.py", line 232, in force_reraise
[Tue Jul 28 10:13:01.369321 2026] [wsgi:error] [pid 10:tid 140371137636032] [remote 10.0.0.188:50416] 2026-07-28 10:13:01.354 10 ERROR keystone.server.flask.application raise self.value
[Tue Jul 28 10:13:01.369322 2026] [wsgi:error] [pid 10:tid 140371137636032] [remote 10.0.0.188:50416] 2026-07-28 10:13:01.354 10 ERROR keystone.server.flask.application
File "/var/lib/openstack/lib/python3.12/site-packages/oslo_db/sqlalchemy/enginefacade.py", line 835, in _session
[Tue Jul 28 10:13:01.369324 2026] [wsgi:error] [pid 10:tid 140371137636032] [remote 10.0.0.188:50416] 2026-07-28 10:13:01.354 10 ERROR keystone.server.flask.application self._end_session_transaction(self.session)
[Tue Jul 28 10:13:01.369325 2026] [wsgi:error] [pid 10:tid 140371137636032] [remote 10.0.0.188:50416] 2026-07-28 10:13:01.354 10 ERROR keystone.server.flask.application
File "/var/lib/openstack/lib/python3.12/site-packages/oslo_db/sqlalchemy/enginefacade.py", line 748, in _end_session_transaction
[Tue Jul 28 10:13:01.369327 2026] [wsgi:error] [pid 10:tid 140371137636032] [remote 10.0.0.188:50416] 2026-07-28 10:13:01.354 10 ERROR keystone.server.flask.application session.commit()
[Tue Jul 28 10:13:01.369340 2026] [wsgi:error] [pid 10:tid 140371137636032] [remote 10.0.0.188:50416] 2026-07-28 10:13:01.354 10 ERROR keystone.server.flask.application
File "/var/lib/openstack/lib/python3.12/site-packages/sqlalchemy/orm/session.py", line 2034, in commit
[Tue Jul 28 10:13:01.369342 2026] [wsgi:error] [pid 10:tid 140371137636032] [remote 10.0.0.188:50416] 2026-07-28 10:13:01.354 10 ERROR keystone.server.flask.application trans.commit(_to_root=True)
[Tue Jul 28 10:13:01.369343 2026] [wsgi:error] [pid 10:tid 140371137636032] [remote 10.0.0.188:50416] 2026-07-28 10:13:01.354 10 ERROR keystone.server.flask.application File "", line 2, in commit
[Tue Jul 28 10:13:01.369345 2026] [wsgi:error] [pid 10:tid 140371137636032] [remote 10.0.0.188:50416] 2026-07-28 10:13:01.354 10 ERROR keystone.server.flask.application
File "/var/lib/openstack/lib/python3.12/site-packages/sqlalchemy/orm/state_changes.py", line 137, in _go
[Tue Jul 28 10:13:01.369346 2026] [wsgi:error] [pid 10:tid 140371137636032] [remote 10.0.0.188:50416] 2026-07-28 10:13:01.354 10 ERROR keystone.server.flask.application ret_value = fn(self, *arg, **kw)
[Tue Jul 28 10:13:01.369348 2026] [wsgi:error] [pid 10:tid 140371137636032] [remote 10.0.0.188:50416] 2026-07-28 10:13:01.354 10 ERROR keystone.server.flask.application ^^^^^^^^^^^^^^^^^^^^
[Tue Jul 28 10:13:01.369349 2026] [wsgi:error] [pid 10:tid 140371137636032] [remote 10.0.0.188:50416] 2026-07-28 10:13:01.354 10 ERROR keystone.server.flask.application
File "/var/lib/openstack/lib/python3.12/site-packages/sqlalchemy/orm/session.py", line 1315, in commit
[Tue Jul 28 10:13:01.369351 2026] [wsgi:error] [pid 10:tid 140371137636032] [remote 10.0.0.188:50416] 2026-07-28 10:13:01.354 10 ERROR keystone.server.flask.application self._prepare_impl()
[Tue Jul 28 10:13:01.369352 2026] [wsgi:error] [pid 10:tid 140371137636032] [remote 10.0.0.188:50416] 2026-07-28 10:13:01.354 10 ERROR keystone.server.flask.application File "", line 2, in _prepare_impl
[Tue Jul 28 10:13:01.369354 2026] [wsgi:error] [pid 10:tid 140371137636032] [remote 10.0.0.188:50416] 2026-07-28 10:13:01.354 10 ERROR keystone.server.flask.application
File "/var/lib/openstack/lib/python3.12/site-packages/sqlalchemy/orm/state_changes.py", line 137, in _go
[Tue Jul 28 10:13:01.369355 2026] [wsgi:error] [pid 10:tid 140371137636032] [remote 10.0.0.188:50416] 2026-07-28 10:13:01.354 10 ERROR keystone.server.flask.application ret_value = fn(self, *arg, **kw)
[Tue Jul 28 10:13:01.369357 2026] [wsgi:error] [pid 10:tid 140371137636032] [remote 10.0.0.188:50416] 2026-07-28 10:13:01.354 10 ERROR keystone.server.flask.application ^^^^^^^^^^^^^^^^^^^^
[Tue Jul 28 10:13:01.369358 2026] [wsgi:error] [pid 10:tid 140371137636032] [remote 10.0.0.188:50416] 2026-07-28 10:13:01.354 10 ERROR keystone.server.flask.application
File "/var/lib/openstack/lib/python3.12/site-packages/sqlalchemy/orm/session.py", line 1290, in _prepare_impl
[Tue Jul 28 10:13:01.369360 2026] [wsgi:error] [pid 10:tid 140371137636032] [remote 10.0.0.188:50416] 2026-07-28 10:13:01.354 10 ERROR keystone.server.flask.application self.session.flush()
[Tue Jul 28 10:13:01.369361 2026] [wsgi:error] [pid 10:tid 140371137636032] [remote 10.0.0.188:50416] 2026-07-28 10:13:01.354 10 ERROR keystone.server.flask.application
File "/var/lib/openstack/lib/python3.12/site-packages/sqlalchemy/orm/session.py", line 4352, in flush
[Tue Jul 28 10:13:01.369363 2026] [wsgi:error] [pid 10:tid 140371137636032] [remote 10.0.0.188:50416] 2026-07-28 10:13:01.354 10 ERROR keystone.server.flask.application self._flush(objects)
[Tue Jul 28 10:13:01.369364 2026] [wsgi:error] [pid 10:tid 140371137636032] [remote 10.0.0.188:50416] 2026-07-28 10:13:01.354 10 ERROR keystone.server.flask.application
File "/var/lib/openstack/lib/python3.12/site-packages/sqlalchemy/orm/session.py", line 4487, in _flush
[Tue Jul 28 10:13:01.369367 2026] [wsgi:error] [pid 10:tid 140371137636032] [remote 10.0.0.188:50416] 2026-07-28 10:13:01.354 10 ERROR keystone.server.flask.application with util.safe_reraise():
[Tue Jul 28 10:13:01.369368 2026] [wsgi:error] [pid 10:tid 140371137636032] [remote 10.0.0.188:50416] 2026-07-28 10:13:01.354 10 ERROR keystone.server.flask.application
File "/var/lib/openstack/lib/python3.12/site-packages/sqlalchemy/util/langhelpers.py", line 122, in __exit__
[Tue Jul 28 10:13:01.369370 2026] [wsgi:error] [pid 10:tid 140371137636032] [remote 10.0.0.188:50416] 2026-07-28 10:13:01.354 10 ERROR keystone.server.flask.application raise exc_value.with_traceback(exc_tb)
[Tue Jul 28 10:13:01.369374 2026] [wsgi:error] [pid 10:tid 140371137636032] [remote 10.0.0.188:50416] 2026-07-28 10:13:01.354 10 ERROR keystone.server.flask.application
File "/var/lib/openstack/lib/python3.12/site-packages/sqlalchemy/orm/session.py", line 4448, in _flush
[Tue Jul 28 10:13:01.369375 2026] [wsgi:error] [pid 10:tid 140371137636032] [remote 10.0.0.188:50416] 2026-07-28 10:13:01.354 10 ERROR keystone.server.flask.application flush_context.execute()
