Jun 12 10:32:26.255852 np0000179800 devstack@n-api.service[100884]: [pid: 100884|app: 0|req: 17/62] 199.204.45.223 () {62 vars in 1066 bytes} [Fri Jun 12 10:32:26 2026] GET /compute/v2.1/ => generated 393 bytes in 4 msecs (HTTP/1.1 200) 9 headers in 357 bytes (1 switches on core 0)
Jun 12 10:32:26.301389 np0000179800 devstack@n-api.service[100885]: DEBUG nova.api.openstack.wsgi [None req-32ca209f-c1b2-4edf-8a59-84fa5ec3a25e demo demo] Calling method '>' {{(pid=100885) _process_stack /opt/stack/nova/nova/api/openstack/wsgi.py:551}}
Jun 12 10:32:26.331897 np0000179800 devstack@n-api.service[100885]: INFO nova.api.openstack.requestlog [None req-32ca209f-c1b2-4edf-8a59-84fa5ec3a25e demo demo] 199.204.45.223 "GET /compute/v2.1/flavors/detail?is_public=None" status: 200 len: 5262 microversion: 2.61 time: 0.033207
Jun 12 10:32:26.332307 np0000179800 devstack@n-api.service[100885]: [pid: 100885|app: 0|req: 16/63] 199.204.45.223 () {68 vars in 1424 bytes} [Fri Jun 12 10:32:26 2026] GET /compute/v2.1/flavors/detail?is_public=None => generated 5262 bytes in 34 msecs (HTTP/1.1 200) 9 headers in 360 bytes (1 switches on core 0)
Jun 12 10:32:26.385008 np0000179800 devstack@n-api.service[100887]: DEBUG nova.api.openstack.wsgi [None req-c3b6f745-0be7-410d-9f82-928913f7d434 demo demo] Calling method '>' {{(pid=100887) _process_stack /opt/stack/nova/nova/api/openstack/wsgi.py:551}}
Jun 12 10:32:26.411937 np0000179800 devstack@n-api.service[100887]: INFO nova.api.openstack.requestlog [None req-c3b6f745-0be7-410d-9f82-928913f7d434 demo demo] 199.204.45.223 "GET /compute/v2.1/flavors/detail?is_public=None" status: 200 len: 5262 microversion: 2.61 time: 0.029272
Jun 12 10:32:26.412298 np0000179800 devstack@n-api.service[100887]: [pid: 100887|app: 0|req: 16/64] 199.204.45.223 () {68 vars in 1424 bytes} [Fri Jun 12 10:32:26 2026] GET /compute/v2.1/flavors/detail?is_public=None => generated 5262 bytes in 30 msecs (HTTP/1.1 200) 9 headers in 360 bytes (1 switches on core 0)
Jun 12 10:32:26.739247 np0000179800 devstack@n-api.service[100886]: DEBUG nova.api.openstack.wsgi [None req-e2ba4941-fb37-4651-8c09-9cb8de4548cc admin admin] Calling method '>' {{(pid=100886) _process_stack /opt/stack/nova/nova/api/openstack/wsgi.py:551}}
Jun 12 10:32:26.744876 np0000179800 devstack@n-api.service[100886]: INFO nova.api.openstack.requestlog [None req-e2ba4941-fb37-4651-8c09-9cb8de4548cc admin admin] 199.204.45.223 "GET /compute/v2.1" status: 200 len: 393 microversion: 2.1 time: 0.005927
Jun 12 10:32:26.745950 np0000179800 devstack@n-api.service[100886]: [pid: 100886|app: 0|req: 16/65] 199.204.45.223 () {62 vars in 1063 bytes} [Fri Jun 12 10:32:26 2026] GET /compute/v2.1 => generated 393 bytes in 7 msecs (HTTP/1.1 200) 9 headers in 357 bytes (1 switches on core 0)
Jun 12 10:32:26.790001 np0000179800 devstack@n-api.service[100884]: DEBUG nova.api.openstack.wsgi [None req-fee3fb36-7f63-48a6-806e-aa876f8f0f55 admin admin] Calling method '>' {{(pid=100884) _process_stack /opt/stack/nova/nova/api/openstack/wsgi.py:551}}
Jun 12 10:32:26.794972 np0000179800 devstack@n-api.service[100884]: INFO nova.api.openstack.requestlog [None req-fee3fb36-7f63-48a6-806e-aa876f8f0f55 admin admin] 199.204.45.223 "GET /compute/v2.1/" status: 200 len: 393 microversion: 2.1 time: 0.005358
Jun 12 10:32:26.795237 np0000179800 devstack@n-api.service[100884]: [pid: 100884|app: 0|req: 18/66] 199.204.45.223 () {62 vars in 1066 bytes} [Fri Jun 12 10:32:26 2026] GET /compute/v2.1/ => generated 393 bytes in 6 msecs (HTTP/1.1 200) 9 headers in 357 bytes (1 switches on core 0)
Jun 12 10:32:26.841242 np0000179800 devstack@n-api.service[100885]: DEBUG nova.api.openstack.wsgi [None req-3020906e-1ed0-48d8-8f6c-7976ab0c26c6 demo demo] Calling method '>' {{(pid=100885) _process_stack /opt/stack/nova/nova/api/openstack/wsgi.py:551}}
Jun 12 10:32:26.861735 np0000179800 devstack@n-api.service[100885]: INFO nova.api.openstack.requestlog [None req-3020906e-1ed0-48d8-8f6c-7976ab0c26c6 demo demo] 199.204.45.223 "GET /compute/v2.1/flavors/detail?is_public=None" status: 200 len: 5262 microversion: 2.61 time: 0.023808
Jun 12 10:32:26.862023 np0000179800 devstack@n-api.service[100885]: [pid: 100885|app: 0|req: 17/67] 199.204.45.223 () {68 vars in 1424 bytes} [Fri Jun 12 10:32:26 2026] GET /compute/v2.1/flavors/detail?is_public=None => generated 5262 bytes in 24 msecs (HTTP/1.1 200) 9 headers in 360 bytes (1 switches on core 0)
Jun 12 10:32:26.920999 np0000179800 devstack@n-api.service[100887]: DEBUG nova.api.openstack.wsgi [None req-42a89e6c-6459-4d68-aefd-1a470dd0cc41 demo demo] Calling method '>' {{(pid=100887) _process_stack /opt/stack/nova/nova/api/openstack/wsgi.py:551}}
Jun 12 10:32:26.945947 np0000179800 devstack@n-api.service[100887]: INFO nova.api.openstack.requestlog [None req-42a89e6c-6459-4d68-aefd-1a470dd0cc41 demo demo] 199.204.45.223 "GET /compute/v2.1/flavors/detail?is_public=None" status: 200 len: 5262 microversion: 2.61 time: 0.028939
Jun 12 10:32:26.946349 np0000179800 devstack@n-api.service[100887]: [pid: 100887|app: 0|req: 17/68] 199.204.45.223 () {68 vars in 1424 bytes} [Fri Jun 12 10:32:26 2026] GET /compute/v2.1/flavors/detail?is_public=None => generated 5262 bytes in 30 msecs (HTTP/1.1 200) 9 headers in 360 bytes (1 switches on core 0)
Jun 12 10:32:31.540586 np0000179800 devstack@n-api.service[100886]: DEBUG nova.api.openstack.wsgi [None req-e2ba4941-fb37-4651-8c09-9cb8de4548cc admin admin] Calling method '>' {{(pid=100886) _process_stack /opt/stack/nova/nova/api/openstack/wsgi.py:551}}
Jun 12 10:32:31.545534 np0000179800 devstack@n-api.service[100886]: INFO nova.api.openstack.requestlog [None req-e2ba4941-fb37-4651-8c09-9cb8de4548cc admin admin] 199.204.45.223 "GET /compute/v2.1" status: 200 len: 393 microversion: 2.1 time: 0.005410
Jun 12 10:32:31.545710 np0000179800 devstack@n-api.service[100886]: [pid: 100886|app: 0|req: 17/69] 199.204.45.223 () {62 vars in 1063 bytes} [Fri Jun 12 10:32:31 2026] GET /compute/v2.1 => generated 393 bytes in 6 msecs (HTTP/1.1 200) 9 headers in 357 bytes (1 switches on core 0)
Jun 12 10:32:31.588646 np0000179800 devstack@n-api.service[100884]: DEBUG nova.api.openstack.wsgi [None req-fee3fb36-7f63-48a6-806e-aa876f8f0f55 admin admin] Calling method '>' {{(pid=100884) _process_stack /opt/stack/nova/nova/api/openstack/wsgi.py:551}}
Jun 12 10:32:31.591437 np0000179800 devstack@n-api.service[100884]: INFO nova.api.openstack.requestlog [None req-fee3fb36-7f63-48a6-806e-aa876f8f0f55 admin admin] 199.204.45.223 "GET /compute/v2.1/" status: 200 len: 393 microversion: 2.1 time: 0.003065
Jun 12 10:32:31.591687 np0000179800 devstack@n-api.service[100884]: [pid: 100884|app: 0|req: 19/70] 199.204.45.223 () {62 vars in 1066 bytes} [Fri Jun 12 10:32:31 2026] GET /compute/v2.1/ => generated 393 bytes in 3 msecs (HTTP/1.1 200) 9 headers in 357 bytes (1 switches on core 0)
Jun 12 10:32:31.640003 np0000179800 devstack@n-api.service[100885]: DEBUG nova.api.openstack.wsgi [None req-6b02def1-0a63-4442-b6a0-20bd546c80ff demo demo] Calling method '>' {{(pid=100885) _process_stack /opt/stack/nova/nova/api/openstack/wsgi.py:551}}
Jun 12 10:32:31.659347 np0000179800 devstack@n-api.service[100885]: INFO nova.api.openstack.requestlog [None req-6b02def1-0a63-4442-b6a0-20bd546c80ff demo demo] 199.204.45.223 "GET /compute/v2.1/flavors/detail?is_public=None" status: 200 len: 5262 microversion: 2.61 time: 0.022686
Jun 12 10:32:31.659596 np0000179800 devstack@n-api.service[100885]: [pid: 100885|app: 0|req: 18/71] 199.204.45.223 () {68 vars in 1424 bytes} [Fri Jun 12 10:32:31 2026] GET /compute/v2.1/flavors/detail?is_public=None => generated 5262 bytes in 23 msecs (HTTP/1.1 200) 9 headers in 360 bytes (1 switches on core 0)
Jun 12 10:32:31.716636 np0000179800 devstack@n-api.service[100887]: DEBUG nova.api.openstack.wsgi [None req-4259ffd2-a847-4dfb-ab96-e5fcfac78568 demo demo] Calling method '>' {{(pid=100887) _process_stack /opt/stack/nova/nova/api/openstack/wsgi.py:551}}
Jun 12 10:32:31.737949 np0000179800 devstack@n-api.service[100887]: INFO nova.api.openstack.requestlog [None req-4259ffd2-a847-4dfb-ab96-e5fcfac78568 demo demo] 199.204.45.223 "GET /compute/v2.1/flavors/detail?is_public=None" status: 200 len: 5262 microversion: 2.61 time: 0.024410
Jun 12 10:32:31.738161 np0000179800 devstack@n-api.service[100887]: [pid: 100887|app: 0|req: 18/72] 199.204.45.223 () {68 vars in 1424 bytes} [Fri Jun 12 10:32:31 2026] GET /compute/v2.1/flavors/detail?is_public=None => generated 5262 bytes in 25 msecs (HTTP/1.1 200) 9 headers in 360 bytes (1 switches on core 0)
Jun 12 10:32:31.895516 np0000179800 devstack@n-api.service[100886]: DEBUG nova.api.openstack.wsgi [None req-e2ba4941-fb37-4651-8c09-9cb8de4548cc admin admin] Calling method '>' {{(pid=100886) _process_stack /opt/stack/nova/nova/api/openstack/wsgi.py:551}}
Jun 12 10:32:31.899344 np0000179800 devstack@n-api.service[100886]: INFO nova.api.openstack.requestlog [None req-e2ba4941-fb37-4651-8c09-9cb8de4548cc admin admin] 199.204.45.223 "GET /compute/v2.1" status: 200 len: 393 microversion: 2.1 time: 0.004119
Jun 12 10:32:31.899657 np0000179800 devstack@n-api.service[100886]: [pid: 100886|app: 0|req: 18/73] 199.204.45.223 () {62 vars in 1063 bytes} [Fri Jun 12 10:32:31 2026] GET /compute/v2.1 => generated 393 bytes in 5 msecs (HTTP/1.1 200) 9 headers in 357 bytes (1 switches on core 0)
Jun 12 10:32:31.944933 np0000179800 devstack@n-api.service[100884]: DEBUG nova.api.openstack.wsgi [None req-fee3fb36-7f63-48a6-806e-aa876f8f0f55 admin admin] Calling method '>' {{(pid=100884) _process_stack /opt/stack/nova/nova/api/openstack/wsgi.py:551}}
Jun 12 10:32:31.950128 np0000179800 devstack@n-api.service[100884]: INFO nova.api.openstack.requestlog [None req-fee3fb36-7f63-48a6-806e-aa876f8f0f55 admin admin] 199.204.45.223 "GET /compute/v2.1/" status: 200 len: 393 microversion: 2.1 time: 0.005556
Jun 12 10:32:31.950496 np0000179800 devstack@n-api.service[100884]: [pid: 100884|app: 0|req: 20/74] 199.204.45.223 () {62 vars in 1066 bytes} [Fri Jun 12 10:32:31 2026] GET /compute/v2.1/ => generated 393 bytes in 6 msecs (HTTP/1.1 200) 9 headers in 357 bytes (1 switches on core 0)
Jun 12 10:32:31.999028 np0000179800 devstack@n-api.service[100885]: DEBUG nova.api.openstack.wsgi [None req-e642b9c3-9932-4526-afe0-80b5d8f88474 demo demo] Calling method '>' {{(pid=100885) _process_stack /opt/stack/nova/nova/api/openstack/wsgi.py:551}}
Jun 12 10:32:32.017904 np0000179800 devstack@n-api.service[100885]: INFO nova.api.openstack.requestlog [None req-e642b9c3-9932-4526-afe0-80b5d8f88474 demo demo] 199.204.45.223 "GET /compute/v2.1/flavors/detail?is_public=None" status: 200 len: 5262 microversion: 2.61 time: 0.022799
Jun 12 10:32:32.018090 np0000179800 devstack@n-api.service[100885]: [pid: 100885|app: 0|req: 19/75] 199.204.45.223 () {68 vars in 1424 bytes} [Fri Jun 12 10:32:31 2026] GET /compute/v2.1/flavors/detail?is_public=None => generated 5262 bytes in 23 msecs (HTTP/1.1 200) 9 headers in 360 bytes (1 switches on core 0)
Jun 12 10:32:32.078940 np0000179800 devstack@n-api.service[100887]: DEBUG nova.api.openstack.wsgi [None req-32e6f5db-e7ac-458b-a077-9ab8ef194b6a demo demo] Calling method '>' {{(pid=100887) _process_stack /opt/stack/nova/nova/api/openstack/wsgi.py:551}}
Jun 12 10:32:32.095267 np0000179800 devstack@n-api.service[100887]: INFO nova.api.openstack.requestlog [None req-32e6f5db-e7ac-458b-a077-9ab8ef194b6a demo demo] 199.204.45.223 "GET /compute/v2.1/flavors/detail?is_public=None" status: 200 len: 5262 microversion: 2.61 time: 0.017956
Jun 12 10:32:32.095667 np0000179800 devstack@n-api.service[100887]: [pid: 100887|app: 0|req: 19/76] 199.204.45.223 () {68 vars in 1424 bytes} [Fri Jun 12 10:32:32 2026] GET /compute/v2.1/flavors/detail?is_public=None => generated 5262 bytes in 19 msecs (HTTP/1.1 200) 9 headers in 360 bytes (1 switches on core 0)
Jun 12 10:32:35.828837 np0000179800 devstack@n-api.service[100886]: DEBUG nova.api.openstack.wsgi [None req-e2ba4941-fb37-4651-8c09-9cb8de4548cc admin admin] Calling method '>' {{(pid=100886) _process_stack /opt/stack/nova/nova/api/openstack/wsgi.py:551}}
Jun 12 10:32:35.832787 np0000179800 devstack@n-api.service[100886]: INFO nova.api.openstack.requestlog [None req-e2ba4941-fb37-4651-8c09-9cb8de4548cc admin admin] 199.204.45.223 "GET /compute/v2.1" status: 200 len: 393 microversion: 2.1 time: 0.004412
Jun 12 10:32:35.833229 np0000179800 devstack@n-api.service[100886]: [pid: 100886|app: 0|req: 19/77] 199.204.45.223 () {62 vars in 1074 bytes} [Fri Jun 12 10:32:35 2026] GET /compute/v2.1 => generated 393 bytes in 5 msecs (HTTP/1.1 200) 9 headers in 357 bytes (2 switches on core 0)
Jun 12 10:32:35.873280 np0000179800 devstack@n-api.service[100884]: DEBUG nova.api.openstack.wsgi [None req-fee3fb36-7f63-48a6-806e-aa876f8f0f55 admin admin] Calling method '>' {{(pid=100884) _process_stack /opt/stack/nova/nova/api/openstack/wsgi.py:551}}
Jun 12 10:32:35.875474 np0000179800 devstack@n-api.service[100884]: INFO nova.api.openstack.requestlog [None req-fee3fb36-7f63-48a6-806e-aa876f8f0f55 admin admin] 199.204.45.223 "GET /compute/v2.1/" status: 200 len: 393 microversion: 2.1 time: 0.004743
Jun 12 10:32:35.875901 np0000179800 devstack@n-api.service[100884]: [pid: 100884|app: 0|req: 21/78] 199.204.45.223 () {62 vars in 1077 bytes} [Fri Jun 12 10:32:35 2026] GET /compute/v2.1/ => generated 393 bytes in 5 msecs (HTTP/1.1 200) 9 headers in 357 bytes (1 switches on core 0)
Jun 12 10:32:35.918877 np0000179800 devstack@n-api.service[100885]: DEBUG nova.api.openstack.wsgi [None req-b5cd263f-da0d-4605-bc77-eea7021813aa demo demo] Calling method '>' {{(pid=100885) _process_stack /opt/stack/nova/nova/api/openstack/wsgi.py:551}}
Jun 12 10:32:35.941433 np0000179800 devstack@n-api.service[100885]: INFO nova.api.openstack.requestlog [None req-b5cd263f-da0d-4605-bc77-eea7021813aa demo demo] 199.204.45.223 "GET /compute/v2.1/os-server-groups" status: 200 len: 21 microversion: 2.64 time: 0.024328
Jun 12 10:32:35.941978 np0000179800 devstack@n-api.service[100885]: [pid: 100885|app: 0|req: 20/79] 199.204.45.223 () {68 vars in 1412 bytes} [Fri Jun 12 10:32:35 2026] GET /compute/v2.1/os-server-groups => generated 21 bytes in 25 msecs (HTTP/1.1 200) 9 headers in 358 bytes (1 switches on core 0)
Jun 12 10:32:35.982300 np0000179800 devstack@n-api.service[100887]: DEBUG nova.api.openstack.wsgi [None req-32e6f5db-e7ac-458b-a077-9ab8ef194b6a demo demo] Calling method '>' {{(pid=100887) _process_stack /opt/stack/nova/nova/api/openstack/wsgi.py:551}}
Jun 12 10:32:35.988708 np0000179800 devstack@n-api.service[100887]: INFO nova.api.openstack.requestlog [None req-32e6f5db-e7ac-458b-a077-9ab8ef194b6a demo demo] 199.204.45.223 "GET /compute/v2.1" status: 200 len: 393 microversion: 2.1 time: 0.006458
Jun 12 10:32:35.989379 np0000179800 devstack@n-api.service[100887]: [pid: 100887|app: 0|req: 20/80] 199.204.45.223 () {62 vars in 1074 bytes} [Fri Jun 12 10:32:35 2026] GET /compute/v2.1 => generated 393 bytes in 8 msecs (HTTP/1.1 200) 9 headers in 357 bytes (1 switches on core 0)
Jun 12 10:32:36.030043 np0000179800 devstack@n-api.service[100886]: DEBUG nova.api.openstack.wsgi [None req-e2ba4941-fb37-4651-8c09-9cb8de4548cc admin admin] Calling method '>' {{(pid=100886) _process_stack /opt/stack/nova/nova/api/openstack/wsgi.py:551}}
Jun 12 10:32:36.035190 np0000179800 devstack@n-api.service[100886]: INFO nova.api.openstack.requestlog [None req-e2ba4941-fb37-4651-8c09-9cb8de4548cc admin admin] 199.204.45.223 "GET /compute/v2.1/" status: 200 len: 393 microversion: 2.1 time: 0.005553
Jun 12 10:32:36.035515 np0000179800 devstack@n-api.service[100886]: [pid: 100886|app: 0|req: 20/81] 199.204.45.223 () {62 vars in 1077 bytes} [Fri Jun 12 10:32:36 2026] GET /compute/v2.1/ => generated 393 bytes in 6 msecs (HTTP/1.1 200) 9 headers in 357 bytes (1 switches on core 0)
Jun 12 10:32:36.083406 np0000179800 devstack@n-api.service[100884]: DEBUG nova.api.openstack.wsgi [None req-8376cec5-a3f0-47e2-92ef-8e64926719ac demo demo] Action: 'create', calling method: >, body: {"server_group": {"name": "kube-arxrh", "policy": "soft-anti-affinity"}} {{(pid=100884) _process_stack /opt/stack/nova/nova/api/openstack/wsgi.py:549}}
Jun 12 10:32:36.106804 np0000179800 devstack@n-api.service[100884]: DEBUG nova.quota [None req-8376cec5-a3f0-47e2-92ef-8e64926719ac demo demo] Getting quotas for project 1f65cab185fd4f1d93ffde536a9ac8bb. Resources: {'server_groups'} {{(pid=100884) _get_quotas /opt/stack/nova/nova/quota.py:392}}
Jun 12 10:32:36.111149 np0000179800 devstack@n-api.service[100884]: DEBUG nova.quota [None req-8376cec5-a3f0-47e2-92ef-8e64926719ac demo demo] Getting quotas for user 3dd1bd65bf604dce97d62ab7b339dd07 and project 1f65cab185fd4f1d93ffde536a9ac8bb. Resources: {'server_groups'} {{(pid=100884) _get_quotas /opt/stack/nova/nova/quota.py:382}}
Jun 12 10:32:36.161815 np0000179800 devstack@n-api.service[100884]: DEBUG nova.quota [None req-8376cec5-a3f0-47e2-92ef-8e64926719ac demo demo] Getting quotas for project 1f65cab185fd4f1d93ffde536a9ac8bb. Resources: {'server_groups'} {{(pid=100884) _get_quotas /opt/stack/nova/nova/quota.py:392}}
Jun 12 10:32:36.163902 np0000179800 devstack@n-api.service[100884]: DEBUG nova.quota [None req-8376cec5-a3f0-47e2-92ef-8e64926719ac demo demo] Getting quotas for user 3dd1bd65bf604dce97d62ab7b339dd07 and project 1f65cab185fd4f1d93ffde536a9ac8bb. Resources: {'server_groups'} {{(pid=100884) _get_quotas /opt/stack/nova/nova/quota.py:382}}
Jun 12 10:32:36.172015 np0000179800 devstack@n-api.service[100884]: INFO nova.api.openstack.requestlog [None req-8376cec5-a3f0-47e2-92ef-8e64926719ac demo demo] 199.204.45.223 "POST /compute/v2.1/os-server-groups" status: 200 len: 243 microversion: 2.64 time: 0.093051
Jun 12 10:32:36.172519 np0000179800 devstack@n-api.service[100884]: [pid: 100884|app: 0|req: 22/82] 199.204.45.223 () {72 vars in 1452 bytes} [Fri Jun 12 10:32:36 2026] POST /compute/v2.1/os-server-groups => generated 243 bytes in 94 msecs (HTTP/1.1 200) 9 headers in 359 bytes (1 switches on core 0)
Jun 12 10:32:36.221694 np0000179800 devstack@n-api.service[100885]: DEBUG nova.api.openstack.wsgi [None req-b5cd263f-da0d-4605-bc77-eea7021813aa demo demo] Calling method '>' {{(pid=100885) _process_stack /opt/stack/nova/nova/api/openstack/wsgi.py:551}}
Jun 12 10:32:36.225484 np0000179800 devstack@n-api.service[100885]: INFO nova.api.openstack.requestlog [None req-b5cd263f-da0d-4605-bc77-eea7021813aa demo demo] 199.204.45.223 "GET /compute/v2.1" status: 200 len: 393 microversion: 2.1 time: 0.004103
Jun 12 10:32:36.225790 np0000179800 devstack@n-api.service[100885]: [pid: 100885|app: 0|req: 21/83] 199.204.45.223 () {62 vars in 1074 bytes} [Fri Jun 12 10:32:36 2026] GET /compute/v2.1 => generated 393 bytes in 5 msecs (HTTP/1.1 200) 9 headers in 357 bytes (1 switches on core 0)
Jun 12 10:32:36.267467 np0000179800 devstack@n-api.service[100887]: DEBUG nova.api.openstack.wsgi [None req-32e6f5db-e7ac-458b-a077-9ab8ef194b6a demo demo] Calling method '>' {{(pid=100887) _process_stack /opt/stack/nova/nova/api/openstack/wsgi.py:551}}
Jun 12 10:32:36.272852 np0000179800 devstack@n-api.service[100887]: INFO nova.api.openstack.requestlog [None req-32e6f5db-e7ac-458b-a077-9ab8ef194b6a demo demo] 199.204.45.223 "GET /compute/v2.1/" status: 200 len: 393 microversion: 2.1 time: 0.005682
Jun 12 10:32:36.273208 np0000179800 devstack@n-api.service[100887]: [pid: 100887|app: 0|req: 21/84] 199.204.45.223 () {62 vars in 1077 bytes} [Fri Jun 12 10:32:36 2026] GET /compute/v2.1/ => generated 393 bytes in 6 msecs (HTTP/1.1 200) 9 headers in 357 bytes (1 switches on core 0)
Jun 12 10:32:36.315896 np0000179800 devstack@n-api.service[100886]: DEBUG nova.api.openstack.wsgi [None req-8a50e5e3-7c46-4c06-b8ee-eeb29881deca demo demo] Calling method '>' {{(pid=100886) _process_stack /opt/stack/nova/nova/api/openstack/wsgi.py:551}}
Jun 12 10:32:36.340420 np0000179800 devstack@n-api.service[100886]: INFO nova.api.openstack.requestlog [None req-8a50e5e3-7c46-4c06-b8ee-eeb29881deca demo demo] 199.204.45.223 "GET /compute/v2.1/os-server-groups" status: 200 len: 246 microversion: 2.64 time: 0.028842
Jun 12 10:32:36.340755 np0000179800 devstack@n-api.service[100886]: [pid: 100886|app: 0|req: 21/85] 199.204.45.223 () {68 vars in 1412 bytes} [Fri Jun 12 10:32:36 2026] GET /compute/v2.1/os-server-groups => generated 246 bytes in 29 msecs (HTTP/1.1 200) 9 headers in 359 bytes (1 switches on core 0)
Jun 12 10:32:36.389319 np0000179800 devstack@n-api.service[100884]: DEBUG nova.api.openstack.wsgi [None req-8376cec5-a3f0-47e2-92ef-8e64926719ac demo demo] Calling method '>' {{(pid=100884) _process_stack /opt/stack/nova/nova/api/openstack/wsgi.py:551}}
Jun 12 10:32:36.394411 np0000179800 devstack@n-api.service[100884]: INFO nova.api.openstack.requestlog [None req-8376cec5-a3f0-47e2-92ef-8e64926719ac demo demo] 199.204.45.223 "GET /compute/v2.1" status: 200 len: 393 microversion: 2.1 time: 0.005995
Jun 12 10:32:36.394805 np0000179800 devstack@n-api.service[100884]: [pid: 100884|app: 0|req: 23/86] 199.204.45.223 () {62 vars in 1074 bytes} [Fri Jun 12 10:32:36 2026] GET /compute/v2.1 => generated 393 bytes in 7 msecs (HTTP/1.1 200) 9 headers in 357 bytes (1 switches on core 0)
Jun 12 10:32:36.435041 np0000179800 devstack@n-api.service[100885]: DEBUG nova.api.openstack.wsgi [None req-b5cd263f-da0d-4605-bc77-eea7021813aa demo demo] Calling method '>' {{(pid=100885) _process_stack /opt/stack/nova/nova/api/openstack/wsgi.py:551}}
Jun 12 10:32:36.439327 np0000179800 devstack@n-api.service[100885]: INFO nova.api.openstack.requestlog [None req-b5cd263f-da0d-4605-bc77-eea7021813aa demo demo] 199.204.45.223 "GET /compute/v2.1/" status: 200 len: 393 microversion: 2.1 time: 0.004593
Jun 12 10:32:36.439766 np0000179800 devstack@n-api.service[100885]: [pid: 100885|app: 0|req: 22/87] 199.204.45.223 () {62 vars in 1077 bytes} [Fri Jun 12 10:32:36 2026] GET /compute/v2.1/ => generated 393 bytes in 5 msecs (HTTP/1.1 200) 9 headers in 357 bytes (1 switches on core 0)
Jun 12 10:32:36.480042 np0000179800 devstack@n-api.service[100887]: DEBUG nova.api.openstack.wsgi [None req-b4518a03-0735-4ca6-b2a4-4f92ef3a7745 demo demo] Action: 'create', calling method: >, body: {"server_group": {"name": "kube-arxrh-default-worker", "policy": "soft-anti-affinity"}} {{(pid=100887) _process_stack /opt/stack/nova/nova/api/openstack/wsgi.py:549}}
Jun 12 10:32:36.511889 np0000179800 devstack@n-api.service[100887]: DEBUG nova.quota [None req-b4518a03-0735-4ca6-b2a4-4f92ef3a7745 demo demo] Getting quotas for project 1f65cab185fd4f1d93ffde536a9ac8bb. Resources: {'server_groups'} {{(pid=100887) _get_quotas /opt/stack/nova/nova/quota.py:392}}
Jun 12 10:32:36.514798 np0000179800 devstack@n-api.service[100887]: DEBUG nova.quota [None req-b4518a03-0735-4ca6-b2a4-4f92ef3a7745 demo demo] Getting quotas for user 3dd1bd65bf604dce97d62ab7b339dd07 and project 1f65cab185fd4f1d93ffde536a9ac8bb. Resources: {'server_groups'} {{(pid=100887) _get_quotas /opt/stack/nova/nova/quota.py:382}}
Jun 12 10:32:36.563337 np0000179800 devstack@n-api.service[100887]: DEBUG nova.quota [None req-b4518a03-0735-4ca6-b2a4-4f92ef3a7745 demo demo] Getting quotas for project 1f65cab185fd4f1d93ffde536a9ac8bb. Resources: {'server_groups'} {{(pid=100887) _get_quotas /opt/stack/nova/nova/quota.py:392}}
Jun 12 10:32:36.565152 np0000179800 devstack@n-api.service[100887]: DEBUG nova.quota [None req-b4518a03-0735-4ca6-b2a4-4f92ef3a7745 demo demo] Getting quotas for user 3dd1bd65bf604dce97d62ab7b339dd07 and project 1f65cab185fd4f1d93ffde536a9ac8bb. Resources: {'server_groups'} {{(pid=100887) _get_quotas /opt/stack/nova/nova/quota.py:382}}
Jun 12 10:32:36.573094 np0000179800 devstack@n-api.service[100887]: INFO nova.api.openstack.requestlog [None req-b4518a03-0735-4ca6-b2a4-4f92ef3a7745 demo demo] 199.204.45.223 "POST /compute/v2.1/os-server-groups" status: 200 len: 258 microversion: 2.64 time: 0.096736
Jun 12 10:32:36.573390 np0000179800 devstack@n-api.service[100887]: [pid: 100887|app: 0|req: 22/88] 199.204.45.223 () {72 vars in 1452 bytes} [Fri Jun 12 10:32:36 2026] POST /compute/v2.1/os-server-groups => generated 258 bytes in 97 msecs (HTTP/1.1 200) 9 headers in 359 bytes (1 switches on core 0)
Jun 12 10:32:39.711839 np0000179800 devstack@n-api.service[100886]: DEBUG nova.api.openstack.wsgi [None req-8a50e5e3-7c46-4c06-b8ee-eeb29881deca demo demo] Calling method '>' {{(pid=100886) _process_stack /opt/stack/nova/nova/api/openstack/wsgi.py:551}}
Jun 12 10:32:39.717272 np0000179800 devstack@n-api.service[100886]: INFO nova.api.openstack.requestlog [None req-8a50e5e3-7c46-4c06-b8ee-eeb29881deca demo demo] 199.204.45.223 "GET /compute/v2.1" status: 200 len: 393 microversion: 2.1 time: 0.005847
Jun 12 10:32:39.717892 np0000179800 devstack@n-api.service[100886]: [pid: 100886|app: 0|req: 22/89] 199.204.45.223 () {62 vars in 1074 bytes} [Fri Jun 12 10:32:39 2026] GET /compute/v2.1 => generated 393 bytes in 7 msecs (HTTP/1.1 200) 9 headers in 357 bytes (1 switches on core 0)
Jun 12 10:32:39.758512 np0000179800 devstack@n-api.service[100884]: DEBUG nova.api.openstack.wsgi [None req-8376cec5-a3f0-47e2-92ef-8e64926719ac demo demo] Calling method '>' {{(pid=100884) _process_stack /opt/stack/nova/nova/api/openstack/wsgi.py:551}}
Jun 12 10:32:39.762678 np0000179800 devstack@n-api.service[100884]: INFO nova.api.openstack.requestlog [None req-8376cec5-a3f0-47e2-92ef-8e64926719ac demo demo] 199.204.45.223 "GET /compute/v2.1/" status: 200 len: 393 microversion: 2.1 time: 0.004482
Jun 12 10:32:39.762927 np0000179800 devstack@n-api.service[100884]: [pid: 100884|app: 0|req: 24/90] 199.204.45.223 () {62 vars in 1077 bytes} [Fri Jun 12 10:32:39 2026] GET /compute/v2.1/ => generated 393 bytes in 5 msecs (HTTP/1.1 200) 9 headers in 357 bytes (1 switches on core 0)
Jun 12 10:32:39.801468 np0000179800 devstack@n-api.service[100885]: DEBUG nova.api.openstack.wsgi [None req-2823c057-a835-41e6-8a28-f706711f42cc demo demo] Calling method '>' {{(pid=100885) _process_stack /opt/stack/nova/nova/api/openstack/wsgi.py:551}}
Jun 12 10:32:39.822328 np0000179800 devstack@n-api.service[100885]: INFO nova.api.openstack.requestlog [None req-2823c057-a835-41e6-8a28-f706711f42cc demo demo] 199.204.45.223 "GET /compute/v2.1/flavors/detail?is_public=None" status: 200 len: 5262 microversion: 2.61 time: 0.024362
Jun 12 10:32:39.822670 np0000179800 devstack@n-api.service[100885]: [pid: 100885|app: 0|req: 23/91] 199.204.45.223 () {68 vars in 1435 bytes} [Fri Jun 12 10:32:39 2026] GET /compute/v2.1/flavors/detail?is_public=None => generated 5262 bytes in 26 msecs (HTTP/1.1 200) 9 headers in 360 bytes (1 switches on core 0)
Jun 12 10:32:39.883960 np0000179800 devstack@n-api.service[100887]: DEBUG nova.api.openstack.wsgi [None req-c2cda371-245b-4519-b45b-8a7cc48768ce demo demo] Calling method '>' {{(pid=100887) _process_stack /opt/stack/nova/nova/api/openstack/wsgi.py:551}}
Jun 12 10:32:39.901528 np0000179800 devstack@n-api.service[100887]: INFO nova.api.openstack.requestlog [None req-c2cda371-245b-4519-b45b-8a7cc48768ce demo demo] 199.204.45.223 "GET /compute/v2.1/flavors/detail?is_public=None" status: 200 len: 5262 microversion: 2.61 time: 0.021246
Jun 12 10:32:39.901835 np0000179800 devstack@n-api.service[100887]: [pid: 100887|app: 0|req: 23/92] 199.204.45.223 () {68 vars in 1435 bytes} [Fri Jun 12 10:32:39 2026] GET /compute/v2.1/flavors/detail?is_public=None => generated 5262 bytes in 22 msecs (HTTP/1.1 200) 9 headers in 360 bytes (1 switches on core 0)
Jun 12 10:32:40.101883 np0000179800 devstack@n-api.service[100886]: DEBUG nova.api.openstack.wsgi [None req-8a50e5e3-7c46-4c06-b8ee-eeb29881deca demo demo] Calling method '>' {{(pid=100886) _process_stack /opt/stack/nova/nova/api/openstack/wsgi.py:551}}
Jun 12 10:32:40.107934 np0000179800 devstack@n-api.service[100886]: INFO nova.api.openstack.requestlog [None req-8a50e5e3-7c46-4c06-b8ee-eeb29881deca demo demo] 199.204.45.223 "GET /compute/v2.1" status: 200 len: 393 microversion: 2.1 time: 0.006478
Jun 12 10:32:40.108319 np0000179800 devstack@n-api.service[100886]: [pid: 100886|app: 0|req: 23/93] 199.204.45.223 () {62 vars in 1074 bytes} [Fri Jun 12 10:32:40 2026] GET /compute/v2.1 => generated 393 bytes in 7 msecs (HTTP/1.1 200) 9 headers in 357 bytes (1 switches on core 0)
Jun 12 10:32:40.142498 np0000179800 devstack@n-api.service[100884]: DEBUG nova.api.openstack.wsgi [None req-8376cec5-a3f0-47e2-92ef-8e64926719ac demo demo] Calling method '>' {{(pid=100884) _process_stack /opt/stack/nova/nova/api/openstack/wsgi.py:551}}
Jun 12 10:32:40.147808 np0000179800 devstack@n-api.service[100884]: INFO nova.api.openstack.requestlog [None req-8376cec5-a3f0-47e2-92ef-8e64926719ac demo demo] 199.204.45.223 "GET /compute/v2.1/" status: 200 len: 393 microversion: 2.1 time: 0.005704
Jun 12 10:32:40.148058 np0000179800 devstack@n-api.service[100884]: [pid: 100884|app: 0|req: 25/94] 199.204.45.223 () {62 vars in 1077 bytes} [Fri Jun 12 10:32:40 2026] GET /compute/v2.1/ => generated 393 bytes in 6 msecs (HTTP/1.1 200) 9 headers in 357 bytes (1 switches on core 0)
Jun 12 10:32:40.184689 np0000179800 devstack@n-api.service[100885]: DEBUG nova.api.openstack.wsgi [None req-50896c6f-92ee-4f97-9e60-2cb08ded1d1a demo demo] Calling method '>' {{(pid=100885) _process_stack /opt/stack/nova/nova/api/openstack/wsgi.py:551}}
Jun 12 10:32:40.203058 np0000179800 devstack@n-api.service[100885]: INFO nova.api.openstack.requestlog [None req-50896c6f-92ee-4f97-9e60-2cb08ded1d1a demo demo] 199.204.45.223 "GET /compute/v2.1/flavors/detail?is_public=None" status: 200 len: 5262 microversion: 2.61 time: 0.021529
Jun 12 10:32:40.203351 np0000179800 devstack@n-api.service[100885]: [pid: 100885|app: 0|req: 24/95] 199.204.45.223 () {68 vars in 1435 bytes} [Fri Jun 12 10:32:40 2026] GET /compute/v2.1/flavors/detail?is_public=None => generated 5262 bytes in 22 msecs (HTTP/1.1 200) 9 headers in 360 bytes (1 switches on core 0)
Jun 12 10:32:46.167725 np0000179800 devstack@n-api.service[100884]: DEBUG dbcounter [-] [100884] Writing DB stats nova_cell0:SELECT=4 {{(pid=100884) stat_writer /opt/stack/data/venv/lib/python3.12/site-packages/dbcounter.py:115}}
Jun 12 10:32:46.170537 np0000179800 devstack@n-api.service[100884]: DEBUG dbcounter [-] [100884] Writing DB stats nova_api:SELECT=14,nova_api:INSERT=2 {{(pid=100884) stat_writer /opt/stack/data/venv/lib/python3.12/site-packages/dbcounter.py:115}}
Jun 12 10:32:46.337351 np0000179800 devstack@n-api.service[100886]: DEBUG dbcounter [-] [100886] Writing DB stats nova_api:SELECT=2 {{(pid=100886) stat_writer /opt/stack/data/venv/lib/python3.12/site-packages/dbcounter.py:115}}
Jun 12 10:32:46.568484 np0000179800 devstack@n-api.service[100887]: DEBUG dbcounter [-] [100887] Writing DB stats nova_cell0:SELECT=4 {{(pid=100887) stat_writer /opt/stack/data/venv/lib/python3.12/site-packages/dbcounter.py:115}}
Jun 12 10:32:49.889334 np0000179800 devstack@n-api.service[100887]: DEBUG dbcounter [-] [100887] Writing DB stats nova_api:SELECT=19,nova_api:INSERT=2 {{(pid=100887) stat_writer /opt/stack/data/venv/lib/python3.12/site-packages/dbcounter.py:115}}
Jun 12 10:32:50.190556 np0000179800 devstack@n-api.service[100885]: DEBUG dbcounter [-] [100885] Writing DB stats nova_api:SELECT=8 {{(pid=100885) stat_writer /opt/stack/data/venv/lib/python3.12/site-packages/dbcounter.py:115}}
Jun 12 10:33:04.543985 np0000179800 devstack@n-api.service[100887]: DEBUG nova.api.openstack.wsgi [None req-c2cda371-245b-4519-b45b-8a7cc48768ce demo demo] Calling method '>' {{(pid=100887) _process_stack /opt/stack/nova/nova/api/openstack/wsgi.py:551}}
Jun 12 10:33:04.549293 np0000179800 devstack@n-api.service[100887]: INFO nova.api.openstack.requestlog [None req-c2cda371-245b-4519-b45b-8a7cc48768ce demo demo] 172.18.0.2 "GET /compute/v2.1/" status: 200 len: 393 microversion: 2.1 time: 0.005692
Jun 12 10:33:04.549608 np0000179800 devstack@n-api.service[100887]: [pid: 100887|app: 0|req: 24/96] 199.204.45.223 () {64 vars in 1272 bytes} [Fri Jun 12 10:33:04 2026] GET /compute/v2.1/ => generated 393 bytes in 6 msecs (HTTP/1.1 200) 9 headers in 357 bytes (1 switches on core 0)
Jun 12 10:33:04.557852 np0000179800 devstack@n-api.service[100886]: DEBUG nova.api.openstack.wsgi [None req-6218b2c6-72e9-4fcd-9a05-c593ff430cec demo demo] Calling method '>' {{(pid=100886) _process_stack /opt/stack/nova/nova/api/openstack/wsgi.py:551}}
Jun 12 10:33:04.560602 np0000179800 devstack@n-api.service[100886]: DEBUG oslo_concurrency.lockutils [None req-6218b2c6-72e9-4fcd-9a05-c593ff430cec demo demo] Acquiring lock "00000000-0000-0000-0000-000000000000" by "nova.context.set_target_cell..get_or_set_cached_cell_and_set_connections" {{(pid=100886) inner /opt/stack/data/venv/lib/python3.12/site-packages/oslo_concurrency/lockutils.py:511}}
Jun 12 10:33:04.560858 np0000179800 devstack@n-api.service[100886]: DEBUG oslo_concurrency.lockutils [None req-6218b2c6-72e9-4fcd-9a05-c593ff430cec demo demo] Lock "00000000-0000-0000-0000-000000000000" acquired by "nova.context.set_target_cell..get_or_set_cached_cell_and_set_connections" :: waited 0.000s {{(pid=100886) inner /opt/stack/data/venv/lib/python3.12/site-packages/oslo_concurrency/lockutils.py:524}}
Jun 12 10:33:04.561017 np0000179800 devstack@n-api.service[100886]: DEBUG oslo_concurrency.lockutils [None req-6218b2c6-72e9-4fcd-9a05-c593ff430cec demo demo] Lock "00000000-0000-0000-0000-000000000000" "released" by "nova.context.set_target_cell..get_or_set_cached_cell_and_set_connections" :: held 0.000s {{(pid=100886) inner /opt/stack/data/venv/lib/python3.12/site-packages/oslo_concurrency/lockutils.py:543}}
Jun 12 10:33:04.562041 np0000179800 devstack@n-api.service[100886]: DEBUG oslo_concurrency.lockutils [None req-6218b2c6-72e9-4fcd-9a05-c593ff430cec demo demo] Acquiring lock "3fb91297-3466-49ae-ac80-81e1949fcada" by "nova.context.set_target_cell..get_or_set_cached_cell_and_set_connections" {{(pid=100886) inner /opt/stack/data/venv/lib/python3.12/site-packages/oslo_concurrency/lockutils.py:511}}
Jun 12 10:33:04.562360 np0000179800 devstack@n-api.service[100886]: DEBUG oslo_concurrency.lockutils [None req-6218b2c6-72e9-4fcd-9a05-c593ff430cec demo demo] Lock "3fb91297-3466-49ae-ac80-81e1949fcada" acquired by "nova.context.set_target_cell..get_or_set_cached_cell_and_set_connections" :: waited 0.000s {{(pid=100886) inner /opt/stack/data/venv/lib/python3.12/site-packages/oslo_concurrency/lockutils.py:524}}
Jun 12 10:33:04.562623 np0000179800 devstack@n-api.service[100886]: DEBUG oslo_concurrency.lockutils [None req-6218b2c6-72e9-4fcd-9a05-c593ff430cec demo demo] Lock "3fb91297-3466-49ae-ac80-81e1949fcada" "released" by "nova.context.set_target_cell..get_or_set_cached_cell_and_set_connections" :: held 0.000s {{(pid=100886) inner /opt/stack/data/venv/lib/python3.12/site-packages/oslo_concurrency/lockutils.py:543}}
Jun 12 10:33:04.635565 np0000179800 devstack@n-api.service[100886]: INFO nova.api.openstack.requestlog [None req-6218b2c6-72e9-4fcd-9a05-c593ff430cec demo demo] 172.18.0.2 "GET /compute/v2.1/os-availability-zone" status: 200 len: 97 microversion: 2.38 time: 0.079878
Jun 12 10:33:04.636248 np0000179800 devstack@n-api.service[100886]: [pid: 100886|app: 0|req: 24/97] 199.204.45.223 () {68 vars in 1415 bytes} [Fri Jun 12 10:33:04 2026] GET /compute/v2.1/os-availability-zone => generated 97 bytes in 81 msecs (HTTP/1.1 200) 9 headers in 358 bytes (1 switches on core 0)
Jun 12 10:33:05.497916 np0000179800 devstack@n-api.service[100884]: DEBUG nova.api.openstack.wsgi [None req-8376cec5-a3f0-47e2-92ef-8e64926719ac demo demo] Calling method '>' {{(pid=100884) _process_stack /opt/stack/nova/nova/api/openstack/wsgi.py:551}}
Jun 12 10:33:05.501777 np0000179800 devstack@n-api.service[100884]: INFO nova.api.openstack.requestlog [None req-8376cec5-a3f0-47e2-92ef-8e64926719ac demo demo] 172.18.0.2 "GET /compute/v2.1/" status: 200 len: 393 microversion: 2.1 time: 0.004145
Jun 12 10:33:05.502064 np0000179800 devstack@n-api.service[100884]: [pid: 100884|app: 0|req: 26/98] 199.204.45.223 () {64 vars in 1272 bytes} [Fri Jun 12 10:33:05 2026] GET /compute/v2.1/ => generated 393 bytes in 7 msecs (HTTP/1.1 200) 9 headers in 357 bytes (1 switches on core 0)
Jun 12 10:33:05.510700 np0000179800 devstack@n-api.service[100885]: DEBUG nova.api.openstack.wsgi [None req-26e95b2a-3733-402c-b9f2-f88633d35c87 demo demo] Calling method '>' {{(pid=100885) _process_stack /opt/stack/nova/nova/api/openstack/wsgi.py:551}}
Jun 12 10:33:05.512533 np0000179800 devstack@n-api.service[100885]: DEBUG oslo_concurrency.lockutils [None req-26e95b2a-3733-402c-b9f2-f88633d35c87 demo demo] Acquiring lock "00000000-0000-0000-0000-000000000000" by "nova.context.set_target_cell..get_or_set_cached_cell_and_set_connections" {{(pid=100885) inner /opt/stack/data/venv/lib/python3.12/site-packages/oslo_concurrency/lockutils.py:511}}
Jun 12 10:33:05.512691 np0000179800 devstack@n-api.service[100885]: DEBUG oslo_concurrency.lockutils [None req-26e95b2a-3733-402c-b9f2-f88633d35c87 demo demo] Lock "00000000-0000-0000-0000-000000000000" acquired by "nova.context.set_target_cell..get_or_set_cached_cell_and_set_connections" :: waited 0.000s {{(pid=100885) inner /opt/stack/data/venv/lib/python3.12/site-packages/oslo_concurrency/lockutils.py:524}}
Jun 12 10:33:05.512817 np0000179800 devstack@n-api.service[100885]: DEBUG oslo_concurrency.lockutils [None req-26e95b2a-3733-402c-b9f2-f88633d35c87 demo demo] Lock "00000000-0000-0000-0000-000000000000" "released" by "nova.context.set_target_cell..get_or_set_cached_cell_and_set_connections" :: held 0.000s {{(pid=100885) inner /opt/stack/data/venv/lib/python3.12/site-packages/oslo_concurrency/lockutils.py:543}}
Jun 12 10:33:05.513542 np0000179800 devstack@n-api.service[100885]: DEBUG oslo_concurrency.lockutils [None req-26e95b2a-3733-402c-b9f2-f88633d35c87 demo demo] Acquiring lock "3fb91297-3466-49ae-ac80-81e1949fcada" by "nova.context.set_target_cell..get_or_set_cached_cell_and_set_connections" {{(pid=100885) inner /opt/stack/data/venv/lib/python3.12/site-packages/oslo_concurrency/lockutils.py:511}}
Jun 12 10:33:05.513677 np0000179800 devstack@n-api.service[100885]: DEBUG oslo_concurrency.lockutils [None req-26e95b2a-3733-402c-b9f2-f88633d35c87 demo demo] Lock "3fb91297-3466-49ae-ac80-81e1949fcada" acquired by "nova.context.set_target_cell..get_or_set_cached_cell_and_set_connections" :: waited 0.000s {{(pid=100885) inner /opt/stack/data/venv/lib/python3.12/site-packages/oslo_concurrency/lockutils.py:524}}
Jun 12 10:33:05.514664 np0000179800 devstack@n-api.service[100885]: DEBUG oslo_concurrency.lockutils [None req-26e95b2a-3733-402c-b9f2-f88633d35c87 demo demo] Lock "3fb91297-3466-49ae-ac80-81e1949fcada" "released" by "nova.context.set_target_cell..get_or_set_cached_cell_and_set_connections" :: held 0.001s {{(pid=100885) inner /opt/stack/data/venv/lib/python3.12/site-packages/oslo_concurrency/lockutils.py:543}}
Jun 12 10:33:05.585462 np0000179800 devstack@n-api.service[100885]: INFO nova.api.openstack.requestlog [None req-26e95b2a-3733-402c-b9f2-f88633d35c87 demo demo] 172.18.0.2 "GET /compute/v2.1/os-availability-zone" status: 200 len: 97 microversion: 2.38 time: 0.076385
Jun 12 10:33:05.585881 np0000179800 devstack@n-api.service[100885]: [pid: 100885|app: 0|req: 25/99] 199.204.45.223 () {68 vars in 1415 bytes} [Fri Jun 12 10:33:05 2026] GET /compute/v2.1/os-availability-zone => generated 97 bytes in 77 msecs (HTTP/1.1 200) 9 headers in 358 bytes (1 switches on core 0)
Jun 12 10:33:05.748887 np0000179800 devstack@n-api.service[100887]: DEBUG nova.api.openstack.wsgi [None req-c2cda371-245b-4519-b45b-8a7cc48768ce demo demo] Calling method '>' {{(pid=100887) _process_stack /opt/stack/nova/nova/api/openstack/wsgi.py:551}}
Jun 12 10:33:05.753026 np0000179800 devstack@n-api.service[100887]: INFO nova.api.openstack.requestlog [None req-c2cda371-245b-4519-b45b-8a7cc48768ce demo demo] 172.18.0.2 "GET /compute/v2.1/" status: 200 len: 393 microversion: 2.1 time: 0.004548
Jun 12 10:33:05.753026 np0000179800 devstack@n-api.service[100887]: [pid: 100887|app: 0|req: 25/100] 199.204.45.223 () {64 vars in 1272 bytes} [Fri Jun 12 10:33:05 2026] GET /compute/v2.1/ => generated 393 bytes in 5 msecs (HTTP/1.1 200) 9 headers in 357 bytes (1 switches on core 0)
Jun 12 10:33:05.765291 np0000179800 devstack@n-api.service[100886]: DEBUG nova.api.openstack.wsgi [None req-1e681f03-5958-44e8-9214-9d23dbc3ce9e demo demo] Calling method '>' {{(pid=100886) _process_stack /opt/stack/nova/nova/api/openstack/wsgi.py:551}}
Jun 12 10:33:05.794798 np0000179800 devstack@n-api.service[100886]: INFO nova.api.openstack.requestlog [None req-1e681f03-5958-44e8-9214-9d23dbc3ce9e demo demo] 172.18.0.2 "GET /compute/v2.1/flavors/detail" status: 200 len: 4022 microversion: 2.38 time: 0.036003
Jun 12 10:33:05.794798 np0000179800 devstack@n-api.service[100886]: [pid: 100886|app: 0|req: 25/101] 199.204.45.223 () {68 vars in 1397 bytes} [Fri Jun 12 10:33:05 2026] GET /compute/v2.1/flavors/detail => generated 4022 bytes in 36 msecs (HTTP/1.1 200) 9 headers in 360 bytes (1 switches on core 0)
Jun 12 10:33:05.844412 np0000179800 devstack@n-api.service[100884]: DEBUG nova.api.openstack.wsgi [None req-8376cec5-a3f0-47e2-92ef-8e64926719ac demo demo] Calling method '>' {{(pid=100884) _process_stack /opt/stack/nova/nova/api/openstack/wsgi.py:551}}
Jun 12 10:33:05.848945 np0000179800 devstack@n-api.service[100884]: INFO nova.api.openstack.requestlog [None req-8376cec5-a3f0-47e2-92ef-8e64926719ac demo demo] 172.18.0.2 "GET /compute/v2.1/" status: 200 len: 393 microversion: 2.1 time: 0.004753
Jun 12 10:33:05.849316 np0000179800 devstack@n-api.service[100884]: [pid: 100884|app: 0|req: 27/102] 199.204.45.223 () {64 vars in 1272 bytes} [Fri Jun 12 10:33:05 2026] GET /compute/v2.1/ => generated 393 bytes in 5 msecs (HTTP/1.1 200) 9 headers in 357 bytes (1 switches on core 0)
Jun 12 10:33:05.859485 np0000179800 devstack@n-api.service[100885]: DEBUG nova.api.openstack.wsgi [None req-5914c2df-4175-4912-9f49-faa26a179b26 demo demo] Calling method '>' {{(pid=100885) _process_stack /opt/stack/nova/nova/api/openstack/wsgi.py:551}}
Jun 12 10:33:05.884569 np0000179800 devstack@n-api.service[100885]: INFO nova.api.openstack.requestlog [None req-5914c2df-4175-4912-9f49-faa26a179b26 demo demo] 172.18.0.2 "GET /compute/v2.1/flavors/detail" status: 200 len: 4022 microversion: 2.38 time: 0.028122
Jun 12 10:33:05.885154 np0000179800 devstack@n-api.service[100885]: [pid: 100885|app: 0|req: 26/103] 199.204.45.223 () {68 vars in 1397 bytes} [Fri Jun 12 10:33:05 2026] GET /compute/v2.1/flavors/detail => generated 4022 bytes in 29 msecs (HTTP/1.1 200) 9 headers in 360 bytes (1 switches on core 0)
Jun 12 10:33:06.470208 np0000179800 devstack@n-api.service[100887]: DEBUG nova.api.openstack.wsgi [None req-c2cda371-245b-4519-b45b-8a7cc48768ce demo demo] Calling method '>' {{(pid=100887) _process_stack /opt/stack/nova/nova/api/openstack/wsgi.py:551}}
Jun 12 10:33:06.475403 np0000179800 devstack@n-api.service[100887]: INFO nova.api.openstack.requestlog [None req-c2cda371-245b-4519-b45b-8a7cc48768ce demo demo] 172.18.0.2 "GET /compute/v2.1/" status: 200 len: 393 microversion: 2.1 time: 0.005552
Jun 12 10:33:06.475654 np0000179800 devstack@n-api.service[100887]: [pid: 100887|app: 0|req: 26/104] 199.204.45.223 () {64 vars in 1272 bytes} [Fri Jun 12 10:33:06 2026] GET /compute/v2.1/ => generated 393 bytes in 6 msecs (HTTP/1.1 200) 9 headers in 357 bytes (1 switches on core 0)
Jun 12 10:33:06.482745 np0000179800 devstack@n-api.service[100886]: DEBUG nova.api.openstack.wsgi [None req-c96614f0-0abb-4366-9ab6-1813df27e9b8 demo demo] Calling method '>' {{(pid=100886) _process_stack /opt/stack/nova/nova/api/openstack/wsgi.py:551}}
Jun 12 10:33:06.486610 np0000179800 devstack@n-api.service[100886]: DEBUG nova.policy [None req-c96614f0-0abb-4366-9ab6-1813df27e9b8 demo demo] Policy check for os_compute_api:servers:allow_all_filters failed with credentials {'is_admin': False, 'user_id': '3dd1bd65bf604dce97d62ab7b339dd07', 'user_domain_id': 'default', 'system_scope': None, 'domain_id': None, 'project_id': '1f65cab185fd4f1d93ffde536a9ac8bb', 'project_domain_id': 'default', 'roles': ['member', 'load-balancer_member', 'anotherrole', 'reader'], 'is_admin_project': True, 'service_user_id': None, 'service_user_domain_id': None, 'service_project_id': None, 'service_project_domain_id': None, 'service_roles': []} {{(pid=100886) authorize /opt/stack/nova/nova/policy.py:192}}
Jun 12 10:33:06.487043 np0000179800 devstack@n-api.service[100886]: DEBUG nova.compute.api [None req-c96614f0-0abb-4366-9ab6-1813df27e9b8 demo demo] Searching by: {'name': '^kube-arxrh-xqv2p-qgmqk$', 'deleted': False, 'project_id': '1f65cab185fd4f1d93ffde536a9ac8bb'} {{(pid=100886) get_all /opt/stack/nova/nova/compute/api.py:3107}}
Jun 12 10:33:06.494125 np0000179800 devstack@n-api.service[100886]: DEBUG oslo_concurrency.lockutils [None req-c96614f0-0abb-4366-9ab6-1813df27e9b8 demo demo] Acquiring lock "00000000-0000-0000-0000-000000000000" by "nova.context.set_target_cell..get_or_set_cached_cell_and_set_connections" {{(pid=100886) inner /opt/stack/data/venv/lib/python3.12/site-packages/oslo_concurrency/lockutils.py:511}}
Jun 12 10:33:06.494404 np0000179800 devstack@n-api.service[100886]: DEBUG oslo_concurrency.lockutils [None req-c96614f0-0abb-4366-9ab6-1813df27e9b8 demo demo] Lock "00000000-0000-0000-0000-000000000000" acquired by "nova.context.set_target_cell..get_or_set_cached_cell_and_set_connections" :: waited 0.000s {{(pid=100886) inner /opt/stack/data/venv/lib/python3.12/site-packages/oslo_concurrency/lockutils.py:524}}
Jun 12 10:33:06.494669 np0000179800 devstack@n-api.service[100886]: DEBUG oslo_concurrency.lockutils [None req-c96614f0-0abb-4366-9ab6-1813df27e9b8 demo demo] Lock "00000000-0000-0000-0000-000000000000" "released" by "nova.context.set_target_cell..get_or_set_cached_cell_and_set_connections" :: held 0.000s {{(pid=100886) inner /opt/stack/data/venv/lib/python3.12/site-packages/oslo_concurrency/lockutils.py:543}}
Jun 12 10:33:06.495691 np0000179800 devstack@n-api.service[100886]: DEBUG oslo_concurrency.lockutils [None req-c96614f0-0abb-4366-9ab6-1813df27e9b8 demo demo] Acquiring lock "3fb91297-3466-49ae-ac80-81e1949fcada" by "nova.context.set_target_cell..get_or_set_cached_cell_and_set_connections" {{(pid=100886) inner /opt/stack/data/venv/lib/python3.12/site-packages/oslo_concurrency/lockutils.py:511}}
Jun 12 10:33:06.495908 np0000179800 devstack@n-api.service[100886]: DEBUG oslo_concurrency.lockutils [None req-c96614f0-0abb-4366-9ab6-1813df27e9b8 demo demo] Lock "3fb91297-3466-49ae-ac80-81e1949fcada" acquired by "nova.context.set_target_cell..get_or_set_cached_cell_and_set_connections" :: waited 0.000s {{(pid=100886) inner /opt/stack/data/venv/lib/python3.12/site-packages/oslo_concurrency/lockutils.py:524}}
Jun 12 10:33:06.496111 np0000179800 devstack@n-api.service[100886]: DEBUG oslo_concurrency.lockutils [None req-c96614f0-0abb-4366-9ab6-1813df27e9b8 demo demo] Lock "3fb91297-3466-49ae-ac80-81e1949fcada" "released" by "nova.context.set_target_cell..get_or_set_cached_cell_and_set_connections" :: held 0.000s {{(pid=100886) inner /opt/stack/data/venv/lib/python3.12/site-packages/oslo_concurrency/lockutils.py:543}}
Jun 12 10:33:06.563535 np0000179800 devstack@n-api.service[100886]: DEBUG oslo_concurrency.lockutils [None req-c96614f0-0abb-4366-9ab6-1813df27e9b8 demo demo] Acquiring lock "00000000-0000-0000-0000-000000000000" by "nova.context.set_target_cell..get_or_set_cached_cell_and_set_connections" {{(pid=100886) inner /opt/stack/data/venv/lib/python3.12/site-packages/oslo_concurrency/lockutils.py:511}}
Jun 12 10:33:06.563993 np0000179800 devstack@n-api.service[100886]: DEBUG oslo_concurrency.lockutils [None req-c96614f0-0abb-4366-9ab6-1813df27e9b8 demo demo] Lock "00000000-0000-0000-0000-000000000000" acquired by "nova.context.set_target_cell..get_or_set_cached_cell_and_set_connections" :: waited 0.001s {{(pid=100886) inner /opt/stack/data/venv/lib/python3.12/site-packages/oslo_concurrency/lockutils.py:524}}
Jun 12 10:33:06.564418 np0000179800 devstack@n-api.service[100886]: DEBUG oslo_concurrency.lockutils [None req-c96614f0-0abb-4366-9ab6-1813df27e9b8 demo demo] Lock "00000000-0000-0000-0000-000000000000" "released" by "nova.context.set_target_cell..get_or_set_cached_cell_and_set_connections" :: held 0.000s {{(pid=100886) inner /opt/stack/data/venv/lib/python3.12/site-packages/oslo_concurrency/lockutils.py:543}}
Jun 12 10:33:06.565053 np0000179800 devstack@n-api.service[100886]: DEBUG oslo_concurrency.lockutils [None req-c96614f0-0abb-4366-9ab6-1813df27e9b8 demo demo] Acquiring lock "3fb91297-3466-49ae-ac80-81e1949fcada" by "nova.context.set_target_cell..get_or_set_cached_cell_and_set_connections" {{(pid=100886) inner /opt/stack/data/venv/lib/python3.12/site-packages/oslo_concurrency/lockutils.py:511}}
Jun 12 10:33:06.565506 np0000179800 devstack@n-api.service[100886]: DEBUG oslo_concurrency.lockutils [None req-c96614f0-0abb-4366-9ab6-1813df27e9b8 demo demo] Lock "3fb91297-3466-49ae-ac80-81e1949fcada" acquired by "nova.context.set_target_cell..get_or_set_cached_cell_and_set_connections" :: waited 0.000s {{(pid=100886) inner /opt/stack/data/venv/lib/python3.12/site-packages/oslo_concurrency/lockutils.py:524}}
Jun 12 10:33:06.565916 np0000179800 devstack@n-api.service[100886]: DEBUG oslo_concurrency.lockutils [None req-c96614f0-0abb-4366-9ab6-1813df27e9b8 demo demo] Lock "3fb91297-3466-49ae-ac80-81e1949fcada" "released" by "nova.context.set_target_cell..get_or_set_cached_cell_and_set_connections" :: held 0.000s {{(pid=100886) inner /opt/stack/data/venv/lib/python3.12/site-packages/oslo_concurrency/lockutils.py:543}}
