Jun 12 10:28:58.902199 np0000179800 nova-scheduler[109483]: DEBUG cotyledon.oslo_config_glue [-] workarounds.disable_rootwrap = False {{(pid=109483) log_opt_values /opt/stack/data/venv/lib/python3.12/site-packages/oslo_config/cfg.py:3253}}
Jun 12 10:28:58.902199 np0000179800 nova-scheduler[109483]: DEBUG cotyledon.oslo_config_glue [-] workarounds.enable_numa_live_migration = False {{(pid=109483) log_opt_values /opt/stack/data/venv/lib/python3.12/site-packages/oslo_config/cfg.py:3253}}
Jun 12 10:28:58.902199 np0000179800 nova-scheduler[109483]: DEBUG cotyledon.oslo_config_glue [-] workarounds.enable_qemu_monitor_announce_self = False {{(pid=109483) log_opt_values /opt/stack/data/venv/lib/python3.12/site-packages/oslo_config/cfg.py:3253}}
Jun 12 10:28:58.902403 np0000179800 nova-scheduler[109483]: DEBUG cotyledon.oslo_config_glue [-] workarounds.ensure_libvirt_rbd_instance_dir_cleanup = False {{(pid=109483) log_opt_values /opt/stack/data/venv/lib/python3.12/site-packages/oslo_config/cfg.py:3253}}
Jun 12 10:28:58.902403 np0000179800 nova-scheduler[109483]: DEBUG cotyledon.oslo_config_glue [-] workarounds.handle_virt_lifecycle_events = True {{(pid=109483) log_opt_values /opt/stack/data/venv/lib/python3.12/site-packages/oslo_config/cfg.py:3253}}
Jun 12 10:28:58.902403 np0000179800 nova-scheduler[109483]: DEBUG cotyledon.oslo_config_glue [-] workarounds.libvirt_disable_apic = False {{(pid=109483) log_opt_values /opt/stack/data/venv/lib/python3.12/site-packages/oslo_config/cfg.py:3253}}
Jun 12 10:28:58.902403 np0000179800 nova-scheduler[109483]: DEBUG cotyledon.oslo_config_glue [-] workarounds.never_download_image_if_on_rbd = False {{(pid=109483) log_opt_values /opt/stack/data/venv/lib/python3.12/site-packages/oslo_config/cfg.py:3253}}
Jun 12 10:28:58.902403 np0000179800 nova-scheduler[109483]: DEBUG cotyledon.oslo_config_glue [-] workarounds.qemu_monitor_announce_self_count = 3 {{(pid=109483) log_opt_values /opt/stack/data/venv/lib/python3.12/site-packages/oslo_config/cfg.py:3253}}
Jun 12 10:28:58.902403 np0000179800 nova-scheduler[109483]: DEBUG cotyledon.oslo_config_glue [-] workarounds.qemu_monitor_announce_self_interval = 1 {{(pid=109483) log_opt_values /opt/stack/data/venv/lib/python3.12/site-packages/oslo_config/cfg.py:3253}}
Jun 12 10:28:58.902403 np0000179800 nova-scheduler[109483]: DEBUG cotyledon.oslo_config_glue [-] workarounds.reserve_disk_resource_for_image_cache = False {{(pid=109483) log_opt_values /opt/stack/data/venv/lib/python3.12/site-packages/oslo_config/cfg.py:3253}}
Jun 12 10:28:58.902403 np0000179800 nova-scheduler[109483]: DEBUG cotyledon.oslo_config_glue [-] workarounds.skip_cpu_compare_at_startup = False {{(pid=109483) log_opt_values /opt/stack/data/venv/lib/python3.12/site-packages/oslo_config/cfg.py:3253}}
Jun 12 10:28:58.902403 np0000179800 nova-scheduler[109483]: DEBUG cotyledon.oslo_config_glue [-] workarounds.skip_cpu_compare_on_dest = False {{(pid=109483) log_opt_values /opt/stack/data/venv/lib/python3.12/site-packages/oslo_config/cfg.py:3253}}
Jun 12 10:28:58.902612 np0000179800 nova-scheduler[109483]: DEBUG cotyledon.oslo_config_glue [-] workarounds.skip_hypervisor_version_check_on_lm = False {{(pid=109483) log_opt_values /opt/stack/data/venv/lib/python3.12/site-packages/oslo_config/cfg.py:3253}}
Jun 12 10:28:58.902612 np0000179800 nova-scheduler[109483]: DEBUG cotyledon.oslo_config_glue [-] workarounds.skip_reserve_in_use_ironic_nodes = False {{(pid=109483) log_opt_values /opt/stack/data/venv/lib/python3.12/site-packages/oslo_config/cfg.py:3253}}
Jun 12 10:28:58.902612 np0000179800 nova-scheduler[109483]: DEBUG cotyledon.oslo_config_glue [-] workarounds.unified_limits_count_pcpu_as_vcpu = False {{(pid=109483) log_opt_values /opt/stack/data/venv/lib/python3.12/site-packages/oslo_config/cfg.py:3253}}
Jun 12 10:28:58.902612 np0000179800 nova-scheduler[109483]: DEBUG cotyledon.oslo_config_glue [-] workarounds.wait_for_vif_plugged_event_during_hard_reboot = [] {{(pid=109483) log_opt_values /opt/stack/data/venv/lib/python3.12/site-packages/oslo_config/cfg.py:3253}}
Jun 12 10:28:58.902612 np0000179800 nova-scheduler[109483]: DEBUG cotyledon.oslo_config_glue [-] wsgi.api_paste_config = /etc/nova/api-paste.ini {{(pid=109483) log_opt_values /opt/stack/data/venv/lib/python3.12/site-packages/oslo_config/cfg.py:3253}}
Jun 12 10:28:58.902612 np0000179800 nova-scheduler[109483]: DEBUG cotyledon.oslo_config_glue [-] wsgi.secure_proxy_ssl_header = None {{(pid=109483) log_opt_values /opt/stack/data/venv/lib/python3.12/site-packages/oslo_config/cfg.py:3253}}
Jun 12 10:28:58.902612 np0000179800 nova-scheduler[109483]: DEBUG cotyledon.oslo_config_glue [-] zvm.ca_file = None {{(pid=109483) log_opt_values /opt/stack/data/venv/lib/python3.12/site-packages/oslo_config/cfg.py:3253}}
Jun 12 10:28:58.902612 np0000179800 nova-scheduler[109483]: DEBUG cotyledon.oslo_config_glue [-] zvm.cloud_connector_url = None {{(pid=109483) log_opt_values /opt/stack/data/venv/lib/python3.12/site-packages/oslo_config/cfg.py:3253}}
Jun 12 10:28:58.902612 np0000179800 nova-scheduler[109483]: DEBUG cotyledon.oslo_config_glue [-] zvm.image_tmp_path = /opt/stack/data/nova/images {{(pid=109483) log_opt_values /opt/stack/data/venv/lib/python3.12/site-packages/oslo_config/cfg.py:3253}}
Jun 12 10:28:58.902833 np0000179800 nova-scheduler[109483]: DEBUG cotyledon.oslo_config_glue [-] zvm.reachable_timeout = 300 {{(pid=109483) log_opt_values /opt/stack/data/venv/lib/python3.12/site-packages/oslo_config/cfg.py:3253}}
Jun 12 10:28:58.902833 np0000179800 nova-scheduler[109483]: DEBUG cotyledon.oslo_config_glue [-] oslo_versionedobjects.fatal_exception_format_errors = False {{(pid=109483) log_opt_values /opt/stack/data/venv/lib/python3.12/site-packages/oslo_config/cfg.py:3253}}
Jun 12 10:28:58.902833 np0000179800 nova-scheduler[109483]: DEBUG cotyledon.oslo_config_glue [-] oslo_middleware.http_basic_auth_user_file = /etc/htpasswd {{(pid=109483) log_opt_values /opt/stack/data/venv/lib/python3.12/site-packages/oslo_config/cfg.py:3253}}
Jun 12 10:28:58.902833 np0000179800 nova-scheduler[109483]: DEBUG cotyledon.oslo_config_glue [-] oslo_messaging_metrics.metrics_buffer_size = 1000 {{(pid=109483) log_opt_values /opt/stack/data/venv/lib/python3.12/site-packages/oslo_config/cfg.py:3253}}
Jun 12 10:28:58.902833 np0000179800 nova-scheduler[109483]: DEBUG cotyledon.oslo_config_glue [-] oslo_messaging_metrics.metrics_enabled = False {{(pid=109483) log_opt_values /opt/stack/data/venv/lib/python3.12/site-packages/oslo_config/cfg.py:3253}}
Jun 12 10:28:58.902833 np0000179800 nova-scheduler[109483]: DEBUG cotyledon.oslo_config_glue [-] oslo_messaging_metrics.metrics_process_name = {{(pid=109483) log_opt_values /opt/stack/data/venv/lib/python3.12/site-packages/oslo_config/cfg.py:3253}}
Jun 12 10:28:58.902833 np0000179800 nova-scheduler[109483]: DEBUG cotyledon.oslo_config_glue [-] oslo_messaging_metrics.metrics_socket_file = /var/tmp/metrics_collector.sock {{(pid=109483) log_opt_values /opt/stack/data/venv/lib/python3.12/site-packages/oslo_config/cfg.py:3253}}
Jun 12 10:28:58.902833 np0000179800 nova-scheduler[109483]: DEBUG cotyledon.oslo_config_glue [-] oslo_messaging_metrics.metrics_thread_stop_timeout = 10 {{(pid=109483) log_opt_values /opt/stack/data/venv/lib/python3.12/site-packages/oslo_config/cfg.py:3253}}
Jun 12 10:28:58.903023 np0000179800 nova-scheduler[109483]: DEBUG cotyledon.oslo_config_glue [-] profiler.connection_string = messaging:// {{(pid=109483) log_opt_values /opt/stack/data/venv/lib/python3.12/site-packages/oslo_config/cfg.py:3253}}
Jun 12 10:28:58.903023 np0000179800 nova-scheduler[109483]: DEBUG cotyledon.oslo_config_glue [-] profiler.enabled = False {{(pid=109483) log_opt_values /opt/stack/data/venv/lib/python3.12/site-packages/oslo_config/cfg.py:3253}}
Jun 12 10:28:58.903023 np0000179800 nova-scheduler[109483]: DEBUG cotyledon.oslo_config_glue [-] profiler.es_doc_type = notification {{(pid=109483) log_opt_values /opt/stack/data/venv/lib/python3.12/site-packages/oslo_config/cfg.py:3253}}
Jun 12 10:28:58.903023 np0000179800 nova-scheduler[109483]: DEBUG cotyledon.oslo_config_glue [-] profiler.es_scroll_size = 10000 {{(pid=109483) log_opt_values /opt/stack/data/venv/lib/python3.12/site-packages/oslo_config/cfg.py:3253}}
Jun 12 10:28:58.903023 np0000179800 nova-scheduler[109483]: DEBUG cotyledon.oslo_config_glue [-] profiler.es_scroll_time = 2m {{(pid=109483) log_opt_values /opt/stack/data/venv/lib/python3.12/site-packages/oslo_config/cfg.py:3253}}
Jun 12 10:28:58.903023 np0000179800 nova-scheduler[109483]: DEBUG cotyledon.oslo_config_glue [-] profiler.filter_error_trace = False {{(pid=109483) log_opt_values /opt/stack/data/venv/lib/python3.12/site-packages/oslo_config/cfg.py:3253}}
Jun 12 10:28:58.903023 np0000179800 nova-scheduler[109483]: DEBUG cotyledon.oslo_config_glue [-] profiler.hmac_keys = **** {{(pid=109483) log_opt_values /opt/stack/data/venv/lib/python3.12/site-packages/oslo_config/cfg.py:3253}}
Jun 12 10:28:58.903023 np0000179800 nova-scheduler[109483]: DEBUG cotyledon.oslo_config_glue [-] profiler.sentinel_service_name = mymaster {{(pid=109483) log_opt_values /opt/stack/data/venv/lib/python3.12/site-packages/oslo_config/cfg.py:3253}}
Jun 12 10:28:58.903023 np0000179800 nova-scheduler[109483]: DEBUG cotyledon.oslo_config_glue [-] profiler.socket_timeout = 0.1 {{(pid=109483) log_opt_values /opt/stack/data/venv/lib/python3.12/site-packages/oslo_config/cfg.py:3253}}
Jun 12 10:28:58.903244 np0000179800 nova-scheduler[109483]: DEBUG cotyledon.oslo_config_glue [-] profiler.trace_requests = False {{(pid=109483) log_opt_values /opt/stack/data/venv/lib/python3.12/site-packages/oslo_config/cfg.py:3253}}
Jun 12 10:28:58.903244 np0000179800 nova-scheduler[109483]: DEBUG cotyledon.oslo_config_glue [-] profiler.trace_sqlalchemy = False {{(pid=109483) log_opt_values /opt/stack/data/venv/lib/python3.12/site-packages/oslo_config/cfg.py:3253}}
Jun 12 10:28:58.903244 np0000179800 nova-scheduler[109483]: DEBUG cotyledon.oslo_config_glue [-] profiler_jaeger.process_tags = {} {{(pid=109483) log_opt_values /opt/stack/data/venv/lib/python3.12/site-packages/oslo_config/cfg.py:3253}}
Jun 12 10:28:58.903244 np0000179800 nova-scheduler[109483]: DEBUG cotyledon.oslo_config_glue [-] profiler_jaeger.service_name_prefix = None {{(pid=109483) log_opt_values /opt/stack/data/venv/lib/python3.12/site-packages/oslo_config/cfg.py:3253}}
Jun 12 10:28:58.903244 np0000179800 nova-scheduler[109483]: DEBUG cotyledon.oslo_config_glue [-] profiler_otlp.service_name_prefix = None {{(pid=109483) log_opt_values /opt/stack/data/venv/lib/python3.12/site-packages/oslo_config/cfg.py:3253}}
Jun 12 10:28:58.903244 np0000179800 nova-scheduler[109483]: DEBUG cotyledon.oslo_config_glue [-] oslo_messaging_rabbit.amqp_auto_delete = False {{(pid=109483) log_opt_values /opt/stack/data/venv/lib/python3.12/site-packages/oslo_config/cfg.py:3253}}
Jun 12 10:28:58.903244 np0000179800 nova-scheduler[109483]: DEBUG cotyledon.oslo_config_glue [-] oslo_messaging_rabbit.amqp_durable_queues = False {{(pid=109483) log_opt_values /opt/stack/data/venv/lib/python3.12/site-packages/oslo_config/cfg.py:3253}}
Jun 12 10:28:58.903244 np0000179800 nova-scheduler[109483]: DEBUG cotyledon.oslo_config_glue [-] oslo_messaging_rabbit.conn_pool_min_size = 2 {{(pid=109483) log_opt_values /opt/stack/data/venv/lib/python3.12/site-packages/oslo_config/cfg.py:3253}}
Jun 12 10:28:58.903244 np0000179800 nova-scheduler[109483]: DEBUG cotyledon.oslo_config_glue [-] oslo_messaging_rabbit.conn_pool_ttl = 1200 {{(pid=109483) log_opt_values /opt/stack/data/venv/lib/python3.12/site-packages/oslo_config/cfg.py:3253}}
Jun 12 10:28:58.903491 np0000179800 nova-scheduler[109483]: DEBUG cotyledon.oslo_config_glue [-] oslo_messaging_rabbit.direct_mandatory_flag = True {{(pid=109483) log_opt_values /opt/stack/data/venv/lib/python3.12/site-packages/oslo_config/cfg.py:3253}}
Jun 12 10:28:58.903491 np0000179800 nova-scheduler[109483]: DEBUG cotyledon.oslo_config_glue [-] oslo_messaging_rabbit.enable_cancel_on_failover = False {{(pid=109483) log_opt_values /opt/stack/data/venv/lib/python3.12/site-packages/oslo_config/cfg.py:3253}}
Jun 12 10:28:58.903491 np0000179800 nova-scheduler[109483]: DEBUG cotyledon.oslo_config_glue [-] oslo_messaging_rabbit.heartbeat_rate = 3 {{(pid=109483) log_opt_values /opt/stack/data/venv/lib/python3.12/site-packages/oslo_config/cfg.py:3253}}
Jun 12 10:28:58.903491 np0000179800 nova-scheduler[109483]: DEBUG cotyledon.oslo_config_glue [-] oslo_messaging_rabbit.heartbeat_timeout_threshold = 60 {{(pid=109483) log_opt_values /opt/stack/data/venv/lib/python3.12/site-packages/oslo_config/cfg.py:3253}}
Jun 12 10:28:58.903491 np0000179800 nova-scheduler[109483]: DEBUG cotyledon.oslo_config_glue [-] oslo_messaging_rabbit.hostname = np0000179800 {{(pid=109483) log_opt_values /opt/stack/data/venv/lib/python3.12/site-packages/oslo_config/cfg.py:3253}}
Jun 12 10:28:58.903491 np0000179800 nova-scheduler[109483]: DEBUG cotyledon.oslo_config_glue [-] oslo_messaging_rabbit.kombu_compression = None {{(pid=109483) log_opt_values /opt/stack/data/venv/lib/python3.12/site-packages/oslo_config/cfg.py:3253}}
Jun 12 10:28:58.903491 np0000179800 nova-scheduler[109483]: DEBUG cotyledon.oslo_config_glue [-] oslo_messaging_rabbit.kombu_failover_strategy = round-robin {{(pid=109483) log_opt_values /opt/stack/data/venv/lib/python3.12/site-packages/oslo_config/cfg.py:3253}}
Jun 12 10:28:58.903491 np0000179800 nova-scheduler[109483]: DEBUG cotyledon.oslo_config_glue [-] oslo_messaging_rabbit.kombu_missing_consumer_retry_timeout = 60 {{(pid=109483) log_opt_values /opt/stack/data/venv/lib/python3.12/site-packages/oslo_config/cfg.py:3253}}
Jun 12 10:28:58.903685 np0000179800 nova-scheduler[109483]: DEBUG cotyledon.oslo_config_glue [-] oslo_messaging_rabbit.kombu_reconnect_delay = 1.0 {{(pid=109483) log_opt_values /opt/stack/data/venv/lib/python3.12/site-packages/oslo_config/cfg.py:3253}}
Jun 12 10:28:58.903685 np0000179800 nova-scheduler[109483]: DEBUG cotyledon.oslo_config_glue [-] oslo_messaging_rabbit.kombu_reconnect_splay = 0.0 {{(pid=109483) log_opt_values /opt/stack/data/venv/lib/python3.12/site-packages/oslo_config/cfg.py:3253}}
Jun 12 10:28:58.903685 np0000179800 nova-scheduler[109483]: DEBUG cotyledon.oslo_config_glue [-] oslo_messaging_rabbit.processname = nova-scheduler {{(pid=109483) log_opt_values /opt/stack/data/venv/lib/python3.12/site-packages/oslo_config/cfg.py:3253}}
Jun 12 10:28:58.903685 np0000179800 nova-scheduler[109483]: DEBUG cotyledon.oslo_config_glue [-] oslo_messaging_rabbit.rabbit_ha_queues = False {{(pid=109483) log_opt_values /opt/stack/data/venv/lib/python3.12/site-packages/oslo_config/cfg.py:3253}}
Jun 12 10:28:58.903685 np0000179800 nova-scheduler[109483]: DEBUG cotyledon.oslo_config_glue [-] oslo_messaging_rabbit.rabbit_interval_max = 30 {{(pid=109483) log_opt_values /opt/stack/data/venv/lib/python3.12/site-packages/oslo_config/cfg.py:3253}}
Jun 12 10:28:58.903685 np0000179800 nova-scheduler[109483]: DEBUG cotyledon.oslo_config_glue [-] oslo_messaging_rabbit.rabbit_login_method = AMQPLAIN {{(pid=109483) log_opt_values /opt/stack/data/venv/lib/python3.12/site-packages/oslo_config/cfg.py:3253}}
Jun 12 10:28:58.903685 np0000179800 nova-scheduler[109483]: DEBUG cotyledon.oslo_config_glue [-] oslo_messaging_rabbit.rabbit_qos_prefetch_count = 0 {{(pid=109483) log_opt_values /opt/stack/data/venv/lib/python3.12/site-packages/oslo_config/cfg.py:3253}}
Jun 12 10:28:58.903685 np0000179800 nova-scheduler[109483]: DEBUG cotyledon.oslo_config_glue [-] oslo_messaging_rabbit.rabbit_quorum_delivery_limit = 0 {{(pid=109483) log_opt_values /opt/stack/data/venv/lib/python3.12/site-packages/oslo_config/cfg.py:3253}}
Jun 12 10:28:58.903685 np0000179800 nova-scheduler[109483]: DEBUG cotyledon.oslo_config_glue [-] oslo_messaging_rabbit.rabbit_quorum_max_memory_bytes = 0 {{(pid=109483) log_opt_values /opt/stack/data/venv/lib/python3.12/site-packages/oslo_config/cfg.py:3253}}
Jun 12 10:28:58.903899 np0000179800 nova-scheduler[109483]: DEBUG cotyledon.oslo_config_glue [-] oslo_messaging_rabbit.rabbit_quorum_max_memory_length = 0 {{(pid=109483) log_opt_values /opt/stack/data/venv/lib/python3.12/site-packages/oslo_config/cfg.py:3253}}
Jun 12 10:28:58.903899 np0000179800 nova-scheduler[109483]: DEBUG cotyledon.oslo_config_glue [-] oslo_messaging_rabbit.rabbit_quorum_queue = False {{(pid=109483) log_opt_values /opt/stack/data/venv/lib/python3.12/site-packages/oslo_config/cfg.py:3253}}
Jun 12 10:28:58.903899 np0000179800 nova-scheduler[109483]: DEBUG cotyledon.oslo_config_glue [-] oslo_messaging_rabbit.rabbit_retry_backoff = 2 {{(pid=109483) log_opt_values /opt/stack/data/venv/lib/python3.12/site-packages/oslo_config/cfg.py:3253}}
Jun 12 10:28:58.903899 np0000179800 nova-scheduler[109483]: DEBUG cotyledon.oslo_config_glue [-] oslo_messaging_rabbit.rabbit_retry_interval = 1 {{(pid=109483) log_opt_values /opt/stack/data/venv/lib/python3.12/site-packages/oslo_config/cfg.py:3253}}
Jun 12 10:28:58.903899 np0000179800 nova-scheduler[109483]: DEBUG cotyledon.oslo_config_glue [-] oslo_messaging_rabbit.rabbit_stream_fanout = False {{(pid=109483) log_opt_values /opt/stack/data/venv/lib/python3.12/site-packages/oslo_config/cfg.py:3253}}
Jun 12 10:28:58.903899 np0000179800 nova-scheduler[109483]: DEBUG cotyledon.oslo_config_glue [-] oslo_messaging_rabbit.rabbit_transient_queues_ttl = 1800 {{(pid=109483) log_opt_values /opt/stack/data/venv/lib/python3.12/site-packages/oslo_config/cfg.py:3253}}
Jun 12 10:28:58.903899 np0000179800 nova-scheduler[109483]: DEBUG cotyledon.oslo_config_glue [-] oslo_messaging_rabbit.rabbit_transient_quorum_queue = False {{(pid=109483) log_opt_values /opt/stack/data/venv/lib/python3.12/site-packages/oslo_config/cfg.py:3253}}
Jun 12 10:28:58.903899 np0000179800 nova-scheduler[109483]: DEBUG cotyledon.oslo_config_glue [-] oslo_messaging_rabbit.rpc_conn_pool_size = 30 {{(pid=109483) log_opt_values /opt/stack/data/venv/lib/python3.12/site-packages/oslo_config/cfg.py:3253}}
Jun 12 10:28:58.903899 np0000179800 nova-scheduler[109483]: DEBUG cotyledon.oslo_config_glue [-] oslo_messaging_rabbit.ssl = False {{(pid=109483) log_opt_values /opt/stack/data/venv/lib/python3.12/site-packages/oslo_config/cfg.py:3253}}
Jun 12 10:28:58.904104 np0000179800 nova-scheduler[109483]: DEBUG cotyledon.oslo_config_glue [-] oslo_messaging_rabbit.ssl_ca_file = {{(pid=109483) log_opt_values /opt/stack/data/venv/lib/python3.12/site-packages/oslo_config/cfg.py:3253}}
Jun 12 10:28:58.904104 np0000179800 nova-scheduler[109483]: DEBUG cotyledon.oslo_config_glue [-] oslo_messaging_rabbit.ssl_cert_file = {{(pid=109483) log_opt_values /opt/stack/data/venv/lib/python3.12/site-packages/oslo_config/cfg.py:3253}}
Jun 12 10:28:58.904104 np0000179800 nova-scheduler[109483]: DEBUG cotyledon.oslo_config_glue [-] oslo_messaging_rabbit.ssl_enforce_fips_mode = False {{(pid=109483) log_opt_values /opt/stack/data/venv/lib/python3.12/site-packages/oslo_config/cfg.py:3253}}
Jun 12 10:28:58.904104 np0000179800 nova-scheduler[109483]: DEBUG cotyledon.oslo_config_glue [-] oslo_messaging_rabbit.ssl_enforce_hostname_verification = True {{(pid=109483) log_opt_values /opt/stack/data/venv/lib/python3.12/site-packages/oslo_config/cfg.py:3253}}
Jun 12 10:28:58.904104 np0000179800 nova-scheduler[109483]: DEBUG cotyledon.oslo_config_glue [-] oslo_messaging_rabbit.ssl_key_file = {{(pid=109483) log_opt_values /opt/stack/data/venv/lib/python3.12/site-packages/oslo_config/cfg.py:3253}}
Jun 12 10:28:58.904104 np0000179800 nova-scheduler[109483]: DEBUG cotyledon.oslo_config_glue [-] oslo_messaging_rabbit.ssl_version = {{(pid=109483) log_opt_values /opt/stack/data/venv/lib/python3.12/site-packages/oslo_config/cfg.py:3253}}
Jun 12 10:28:58.904104 np0000179800 nova-scheduler[109483]: DEBUG cotyledon.oslo_config_glue [-] oslo_messaging_rabbit.use_queue_manager = False {{(pid=109483) log_opt_values /opt/stack/data/venv/lib/python3.12/site-packages/oslo_config/cfg.py:3253}}
Jun 12 10:28:58.904104 np0000179800 nova-scheduler[109483]: DEBUG cotyledon.oslo_config_glue [-] oslo_messaging_notifications.driver = ['messagingv2'] {{(pid=109483) log_opt_values /opt/stack/data/venv/lib/python3.12/site-packages/oslo_config/cfg.py:3253}}
Jun 12 10:28:58.904104 np0000179800 nova-scheduler[109483]: DEBUG cotyledon.oslo_config_glue [-] oslo_messaging_notifications.retry = -1 {{(pid=109483) log_opt_values /opt/stack/data/venv/lib/python3.12/site-packages/oslo_config/cfg.py:3253}}
Jun 12 10:28:58.904342 np0000179800 nova-scheduler[109483]: DEBUG cotyledon.oslo_config_glue [-] oslo_messaging_notifications.topics = ['notifications'] {{(pid=109483) log_opt_values /opt/stack/data/venv/lib/python3.12/site-packages/oslo_config/cfg.py:3253}}
Jun 12 10:28:58.904342 np0000179800 nova-scheduler[109483]: DEBUG cotyledon.oslo_config_glue [-] oslo_messaging_notifications.transport_url = **** {{(pid=109483) log_opt_values /opt/stack/data/venv/lib/python3.12/site-packages/oslo_config/cfg.py:3253}}
Jun 12 10:28:58.904342 np0000179800 nova-scheduler[109483]: DEBUG cotyledon.oslo_config_glue [-] oslo_limit.auth_section = None {{(pid=109483) log_opt_values /opt/stack/data/venv/lib/python3.12/site-packages/oslo_config/cfg.py:3253}}
Jun 12 10:28:58.904342 np0000179800 nova-scheduler[109483]: DEBUG cotyledon.oslo_config_glue [-] oslo_limit.auth_type = None {{(pid=109483) log_opt_values /opt/stack/data/venv/lib/python3.12/site-packages/oslo_config/cfg.py:3253}}
Jun 12 10:28:58.904342 np0000179800 nova-scheduler[109483]: DEBUG cotyledon.oslo_config_glue [-] oslo_limit.cafile = None {{(pid=109483) log_opt_values /opt/stack/data/venv/lib/python3.12/site-packages/oslo_config/cfg.py:3253}}
Jun 12 10:28:58.904342 np0000179800 nova-scheduler[109483]: DEBUG cotyledon.oslo_config_glue [-] oslo_limit.certfile = None {{(pid=109483) log_opt_values /opt/stack/data/venv/lib/python3.12/site-packages/oslo_config/cfg.py:3253}}
Jun 12 10:28:58.904342 np0000179800 nova-scheduler[109483]: DEBUG cotyledon.oslo_config_glue [-] oslo_limit.collect_timing = False {{(pid=109483) log_opt_values /opt/stack/data/venv/lib/python3.12/site-packages/oslo_config/cfg.py:3253}}
Jun 12 10:28:58.904342 np0000179800 nova-scheduler[109483]: DEBUG cotyledon.oslo_config_glue [-] oslo_limit.connect_retries = None {{(pid=109483) log_opt_values /opt/stack/data/venv/lib/python3.12/site-packages/oslo_config/cfg.py:3253}}
Jun 12 10:28:58.904342 np0000179800 nova-scheduler[109483]: DEBUG cotyledon.oslo_config_glue [-] oslo_limit.connect_retry_delay = None {{(pid=109483) log_opt_values /opt/stack/data/venv/lib/python3.12/site-packages/oslo_config/cfg.py:3253}}
Jun 12 10:28:58.904599 np0000179800 nova-scheduler[109483]: DEBUG cotyledon.oslo_config_glue [-] oslo_limit.endpoint_id = None {{(pid=109483) log_opt_values /opt/stack/data/venv/lib/python3.12/site-packages/oslo_config/cfg.py:3253}}
Jun 12 10:28:58.904599 np0000179800 nova-scheduler[109483]: DEBUG cotyledon.oslo_config_glue [-] oslo_limit.endpoint_interface = public {{(pid=109483) log_opt_values /opt/stack/data/venv/lib/python3.12/site-packages/oslo_config/cfg.py:3253}}
Jun 12 10:28:58.904599 np0000179800 nova-scheduler[109483]: DEBUG cotyledon.oslo_config_glue [-] oslo_limit.endpoint_override = None {{(pid=109483) log_opt_values /opt/stack/data/venv/lib/python3.12/site-packages/oslo_config/cfg.py:3253}}
Jun 12 10:28:58.904599 np0000179800 nova-scheduler[109483]: DEBUG cotyledon.oslo_config_glue [-] oslo_limit.endpoint_region_name = None {{(pid=109483) log_opt_values /opt/stack/data/venv/lib/python3.12/site-packages/oslo_config/cfg.py:3253}}
Jun 12 10:28:58.904599 np0000179800 nova-scheduler[109483]: DEBUG cotyledon.oslo_config_glue [-] oslo_limit.endpoint_service_name = None {{(pid=109483) log_opt_values /opt/stack/data/venv/lib/python3.12/site-packages/oslo_config/cfg.py:3253}}
Jun 12 10:28:58.904599 np0000179800 nova-scheduler[109483]: DEBUG cotyledon.oslo_config_glue [-] oslo_limit.endpoint_service_type = None {{(pid=109483) log_opt_values /opt/stack/data/venv/lib/python3.12/site-packages/oslo_config/cfg.py:3253}}
Jun 12 10:28:58.904599 np0000179800 nova-scheduler[109483]: DEBUG cotyledon.oslo_config_glue [-] oslo_limit.insecure = False {{(pid=109483) log_opt_values /opt/stack/data/venv/lib/python3.12/site-packages/oslo_config/cfg.py:3253}}
Jun 12 10:28:58.904599 np0000179800 nova-scheduler[109483]: DEBUG cotyledon.oslo_config_glue [-] oslo_limit.keyfile = None {{(pid=109483) log_opt_values /opt/stack/data/venv/lib/python3.12/site-packages/oslo_config/cfg.py:3253}}
Jun 12 10:28:58.904599 np0000179800 nova-scheduler[109483]: DEBUG cotyledon.oslo_config_glue [-] oslo_limit.max_version = None {{(pid=109483) log_opt_values /opt/stack/data/venv/lib/python3.12/site-packages/oslo_config/cfg.py:3253}}
Jun 12 10:28:58.904800 np0000179800 nova-scheduler[109483]: DEBUG cotyledon.oslo_config_glue [-] oslo_limit.min_version = None {{(pid=109483) log_opt_values /opt/stack/data/venv/lib/python3.12/site-packages/oslo_config/cfg.py:3253}}
Jun 12 10:28:58.904800 np0000179800 nova-scheduler[109483]: DEBUG cotyledon.oslo_config_glue [-] oslo_limit.region_name = None {{(pid=109483) log_opt_values /opt/stack/data/venv/lib/python3.12/site-packages/oslo_config/cfg.py:3253}}
Jun 12 10:28:58.904800 np0000179800 nova-scheduler[109483]: DEBUG cotyledon.oslo_config_glue [-] oslo_limit.retriable_status_codes = None {{(pid=109483) log_opt_values /opt/stack/data/venv/lib/python3.12/site-packages/oslo_config/cfg.py:3253}}
Jun 12 10:28:58.904800 np0000179800 nova-scheduler[109483]: DEBUG cotyledon.oslo_config_glue [-] oslo_limit.service_name = None {{(pid=109483) log_opt_values /opt/stack/data/venv/lib/python3.12/site-packages/oslo_config/cfg.py:3253}}
Jun 12 10:28:58.904800 np0000179800 nova-scheduler[109483]: DEBUG cotyledon.oslo_config_glue [-] oslo_limit.service_type = None {{(pid=109483) log_opt_values /opt/stack/data/venv/lib/python3.12/site-packages/oslo_config/cfg.py:3253}}
Jun 12 10:28:58.904800 np0000179800 nova-scheduler[109483]: DEBUG cotyledon.oslo_config_glue [-] oslo_limit.split_loggers = False {{(pid=109483) log_opt_values /opt/stack/data/venv/lib/python3.12/site-packages/oslo_config/cfg.py:3253}}
Jun 12 10:28:58.904800 np0000179800 nova-scheduler[109483]: DEBUG cotyledon.oslo_config_glue [-] oslo_limit.status_code_retries = None {{(pid=109483) log_opt_values /opt/stack/data/venv/lib/python3.12/site-packages/oslo_config/cfg.py:3253}}
Jun 12 10:28:58.904800 np0000179800 nova-scheduler[109483]: DEBUG cotyledon.oslo_config_glue [-] oslo_limit.status_code_retry_delay = None {{(pid=109483) log_opt_values /opt/stack/data/venv/lib/python3.12/site-packages/oslo_config/cfg.py:3253}}
Jun 12 10:28:58.904800 np0000179800 nova-scheduler[109483]: DEBUG cotyledon.oslo_config_glue [-] oslo_limit.timeout = None {{(pid=109483) log_opt_values /opt/stack/data/venv/lib/python3.12/site-packages/oslo_config/cfg.py:3253}}
Jun 12 10:28:58.905009 np0000179800 nova-scheduler[109483]: DEBUG cotyledon.oslo_config_glue [-] oslo_limit.valid_interfaces = None {{(pid=109483) log_opt_values /opt/stack/data/venv/lib/python3.12/site-packages/oslo_config/cfg.py:3253}}
Jun 12 10:28:58.905009 np0000179800 nova-scheduler[109483]: DEBUG cotyledon.oslo_config_glue [-] oslo_limit.version = None {{(pid=109483) log_opt_values /opt/stack/data/venv/lib/python3.12/site-packages/oslo_config/cfg.py:3253}}
Jun 12 10:28:58.905009 np0000179800 nova-scheduler[109483]: DEBUG cotyledon.oslo_config_glue [-] oslo_reports.file_event_handler = None {{(pid=109483) log_opt_values /opt/stack/data/venv/lib/python3.12/site-packages/oslo_config/cfg.py:3253}}
Jun 12 10:28:58.905009 np0000179800 nova-scheduler[109483]: DEBUG cotyledon.oslo_config_glue [-] oslo_reports.file_event_handler_interval = 1 {{(pid=109483) log_opt_values /opt/stack/data/venv/lib/python3.12/site-packages/oslo_config/cfg.py:3253}}
Jun 12 10:28:58.905009 np0000179800 nova-scheduler[109483]: DEBUG cotyledon.oslo_config_glue [-] oslo_reports.log_dir = None {{(pid=109483) log_opt_values /opt/stack/data/venv/lib/python3.12/site-packages/oslo_config/cfg.py:3253}}
Jun 12 10:28:58.905009 np0000179800 nova-scheduler[109483]: DEBUG cotyledon.oslo_config_glue [-] ******************************************************************************** {{(pid=109483) log_opt_values /opt/stack/data/venv/lib/python3.12/site-packages/oslo_config/cfg.py:3260}}
Jun 12 10:28:58.905009 np0000179800 nova-scheduler[109483]: DEBUG cotyledon._service_worker [-] Run service ServiceWrapper(3) [109483] {{(pid=109483) wait_forever /opt/stack/data/venv/lib/python3.12/site-packages/cotyledon/_service_worker.py:218}}
Jun 12 10:28:58.905009 np0000179800 nova-scheduler[109483]: INFO nova.service [-] Starting scheduler node (version 33.1.0)
Jun 12 10:28:58.905009 np0000179800 nova-scheduler[109483]: INFO dbcounter [None req-c85788ae-12da-410a-8911-3d18c0cdd69c None None] Registered counter for database nova_cell0
Jun 12 10:28:58.908629 np0000179800 nova-scheduler[109466]: DEBUG oslo_db.sqlalchemy.engines [None req-107f8d74-53da-4af2-91a5-21634b06f527 None None] MySQL server mode set to STRICT_TRANS_TABLES,STRICT_ALL_TABLES,NO_ZERO_IN_DATE,NO_ZERO_DATE,ERROR_FOR_DIVISION_BY_ZERO,TRADITIONAL,NO_ENGINE_SUBSTITUTION {{(pid=109466) _check_effective_sql_mode /opt/stack/data/venv/lib/python3.12/site-packages/oslo_db/sqlalchemy/engines.py:325}}
Jun 12 10:28:58.920304 np0000179800 nova-scheduler[109458]: DEBUG oslo_db.sqlalchemy.engines [None req-90c34a52-4ea2-4ab9-b892-ca51a0f88425 None None] MySQL server mode set to STRICT_TRANS_TABLES,STRICT_ALL_TABLES,NO_ZERO_IN_DATE,NO_ZERO_DATE,ERROR_FOR_DIVISION_BY_ZERO,TRADITIONAL,NO_ENGINE_SUBSTITUTION {{(pid=109458) _check_effective_sql_mode /opt/stack/data/venv/lib/python3.12/site-packages/oslo_db/sqlalchemy/engines.py:325}}
Jun 12 10:28:58.924151 np0000179800 nova-scheduler[109466]: DEBUG dbcounter [-] [109466] Writer thread running {{(pid=109466) stat_writer /opt/stack/data/venv/lib/python3.12/site-packages/dbcounter.py:102}}
Jun 12 10:28:58.938811 np0000179800 nova-scheduler[109475]: DEBUG oslo_db.sqlalchemy.engines [None req-59cf649e-089c-43cb-b6d8-d963e1896678 None None] MySQL server mode set to STRICT_TRANS_TABLES,STRICT_ALL_TABLES,NO_ZERO_IN_DATE,NO_ZERO_DATE,ERROR_FOR_DIVISION_BY_ZERO,TRADITIONAL,NO_ENGINE_SUBSTITUTION {{(pid=109475) _check_effective_sql_mode /opt/stack/data/venv/lib/python3.12/site-packages/oslo_db/sqlalchemy/engines.py:325}}
Jun 12 10:28:58.947639 np0000179800 nova-scheduler[109483]: DEBUG oslo_db.sqlalchemy.engines [None req-c85788ae-12da-410a-8911-3d18c0cdd69c None None] MySQL server mode set to STRICT_TRANS_TABLES,STRICT_ALL_TABLES,NO_ZERO_IN_DATE,NO_ZERO_DATE,ERROR_FOR_DIVISION_BY_ZERO,TRADITIONAL,NO_ENGINE_SUBSTITUTION {{(pid=109483) _check_effective_sql_mode /opt/stack/data/venv/lib/python3.12/site-packages/oslo_db/sqlalchemy/engines.py:325}}
Jun 12 10:28:58.949318 np0000179800 nova-scheduler[109466]: DEBUG nova.service [None req-107f8d74-53da-4af2-91a5-21634b06f527 None None] Creating RPC server for service: nova-scheduler on topic: scheduler {{(pid=109466) start /opt/stack/nova/nova/service.py:196}}
Jun 12 10:28:58.951839 np0000179800 nova-scheduler[109475]: DEBUG dbcounter [-] [109475] Writer thread running {{(pid=109475) stat_writer /opt/stack/data/venv/lib/python3.12/site-packages/dbcounter.py:102}}
Jun 12 10:28:58.955911 np0000179800 nova-scheduler[109475]: DEBUG nova.service [None req-59cf649e-089c-43cb-b6d8-d963e1896678 None None] Creating RPC server for service: nova-scheduler on topic: scheduler {{(pid=109475) start /opt/stack/nova/nova/service.py:196}}
Jun 12 10:28:58.960203 np0000179800 nova-scheduler[109483]: DEBUG dbcounter [-] [109483] Writer thread running {{(pid=109483) stat_writer /opt/stack/data/venv/lib/python3.12/site-packages/dbcounter.py:102}}
Jun 12 10:28:58.963039 np0000179800 nova-scheduler[109458]: DEBUG dbcounter [-] [109458] Writer thread running {{(pid=109458) stat_writer /opt/stack/data/venv/lib/python3.12/site-packages/dbcounter.py:102}}
Jun 12 10:28:58.963742 np0000179800 nova-scheduler[109483]: DEBUG nova.service [None req-c85788ae-12da-410a-8911-3d18c0cdd69c None None] Creating RPC server for service: nova-scheduler on topic: scheduler {{(pid=109483) start /opt/stack/nova/nova/service.py:196}}
Jun 12 10:28:58.974383 np0000179800 nova-scheduler[109458]: DEBUG nova.service [None req-90c34a52-4ea2-4ab9-b892-ca51a0f88425 None None] Creating RPC server for service: nova-scheduler on topic: scheduler {{(pid=109458) start /opt/stack/nova/nova/service.py:196}}
Jun 12 10:28:58.981140 np0000179800 nova-scheduler[109483]: DEBUG nova.service [None req-c85788ae-12da-410a-8911-3d18c0cdd69c None None] Join ServiceGroup membership for this service scheduler {{(pid=109483) start /opt/stack/nova/nova/service.py:222}}
Jun 12 10:28:58.981331 np0000179800 nova-scheduler[109475]: DEBUG nova.service [None req-59cf649e-089c-43cb-b6d8-d963e1896678 None None] Join ServiceGroup membership for this service scheduler {{(pid=109475) start /opt/stack/nova/nova/service.py:222}}
Jun 12 10:28:58.981418 np0000179800 nova-scheduler[109483]: DEBUG nova.servicegroup.drivers.db [None req-c85788ae-12da-410a-8911-3d18c0cdd69c None None] DB_Driver: join new ServiceGroup member np0000179800 to the scheduler group, service = {{(pid=109483) join /opt/stack/nova/nova/servicegroup/drivers/db.py:44}}
Jun 12 10:28:58.981592 np0000179800 nova-scheduler[109475]: DEBUG nova.servicegroup.drivers.db [None req-59cf649e-089c-43cb-b6d8-d963e1896678 None None] DB_Driver: join new ServiceGroup member np0000179800 to the scheduler group, service = {{(pid=109475) join /opt/stack/nova/nova/servicegroup/drivers/db.py:44}}
Jun 12 10:28:58.983613 np0000179800 nova-scheduler[109483]: DEBUG oslo.service.backend._threading.loopingcall [None req-06abf1dc-f156-49e0-ab87-3c00f24c761e None None] Dynamic interval looping call 'nova.service.Service.periodic_tasks' sleeping for 60.00 seconds {{(pid=109483) _run_loop /opt/stack/data/venv/lib/python3.12/site-packages/oslo_service/backend/_threading/loopingcall.py:125}}
Jun 12 10:28:58.987069 np0000179800 nova-scheduler[109466]: DEBUG nova.service [None req-107f8d74-53da-4af2-91a5-21634b06f527 None None] Join ServiceGroup membership for this service scheduler {{(pid=109466) start /opt/stack/nova/nova/service.py:222}}
Jun 12 10:28:58.987246 np0000179800 nova-scheduler[109466]: DEBUG nova.servicegroup.drivers.db [None req-107f8d74-53da-4af2-91a5-21634b06f527 None None] DB_Driver: join new ServiceGroup member np0000179800 to the scheduler group, service = {{(pid=109466) join /opt/stack/nova/nova/servicegroup/drivers/db.py:44}}
Jun 12 10:28:59.000823 np0000179800 nova-scheduler[109458]: DEBUG nova.service [None req-90c34a52-4ea2-4ab9-b892-ca51a0f88425 None None] Join ServiceGroup membership for this service scheduler {{(pid=109458) start /opt/stack/nova/nova/service.py:222}}
Jun 12 10:28:59.001078 np0000179800 nova-scheduler[109458]: DEBUG nova.servicegroup.drivers.db [None req-90c34a52-4ea2-4ab9-b892-ca51a0f88425 None None] DB_Driver: join new ServiceGroup member np0000179800 to the scheduler group, service = {{(pid=109458) join /opt/stack/nova/nova/servicegroup/drivers/db.py:44}}
Jun 12 10:29:04.005225 np0000179800 nova-scheduler[109483]: DEBUG oslo.service.backend._threading.loopingcall [-] Fixed interval looping call 'nova.servicegroup.drivers.db.DbDriver._report_state' sleeping for 119.98 seconds {{(pid=109483) _run_loop /opt/stack/data/venv/lib/python3.12/site-packages/oslo_service/backend/_threading/loopingcall.py:125}}
Jun 12 10:29:04.006413 np0000179800 nova-scheduler[109475]: DEBUG oslo.service.backend._threading.loopingcall [-] Fixed interval looping call 'nova.servicegroup.drivers.db.DbDriver._report_state' sleeping for 119.98 seconds {{(pid=109475) _run_loop /opt/stack/data/venv/lib/python3.12/site-packages/oslo_service/backend/_threading/loopingcall.py:125}}
Jun 12 10:29:04.007029 np0000179800 nova-scheduler[109466]: DEBUG oslo.service.backend._threading.loopingcall [-] Fixed interval looping call 'nova.servicegroup.drivers.db.DbDriver._report_state' sleeping for 119.98 seconds {{(pid=109466) _run_loop /opt/stack/data/venv/lib/python3.12/site-packages/oslo_service/backend/_threading/loopingcall.py:125}}
Jun 12 10:29:04.012368 np0000179800 nova-scheduler[109458]: DEBUG oslo.service.backend._threading.loopingcall [-] Fixed interval looping call 'nova.servicegroup.drivers.db.DbDriver._report_state' sleeping for 119.99 seconds {{(pid=109458) _run_loop /opt/stack/data/venv/lib/python3.12/site-packages/oslo_service/backend/_threading/loopingcall.py:125}}
Jun 12 10:29:07.439337 np0000179800 nova-scheduler[108715]: DEBUG dbcounter [-] [108715] Writing DB stats nova_api:SELECT=3 {{(pid=108715) stat_writer /opt/stack/data/venv/lib/python3.12/site-packages/dbcounter.py:115}}
Jun 12 10:29:07.627704 np0000179800 nova-scheduler[108715]: DEBUG dbcounter [-] [108715] Writing DB stats nova_cell0:SELECT=1 {{(pid=108715) stat_writer /opt/stack/data/venv/lib/python3.12/site-packages/dbcounter.py:115}}
Jun 12 10:29:07.633265 np0000179800 nova-scheduler[108715]: DEBUG dbcounter [-] [108715] Writing DB stats nova_cell1:SELECT=1 {{(pid=108715) stat_writer /opt/stack/data/venv/lib/python3.12/site-packages/dbcounter.py:115}}
Jun 12 10:29:10.984700 np0000179800 nova-scheduler[109475]: DEBUG oslo.service.backend._threading.loopingcall [None req-87d7ebaf-7063-47ef-910b-0d40288b7eb5 None None] Dynamic interval looping call 'nova.service.Service.periodic_tasks' sleeping for 60.00 seconds {{(pid=109475) _run_loop /opt/stack/data/venv/lib/python3.12/site-packages/oslo_service/backend/_threading/loopingcall.py:125}}
Jun 12 10:29:13.997780 np0000179800 nova-scheduler[109483]: DEBUG dbcounter [-] [109483] Writing DB stats nova_cell0:SELECT=3,nova_cell0:UPDATE=1 {{(pid=109483) stat_writer /opt/stack/data/venv/lib/python3.12/site-packages/dbcounter.py:115}}
Jun 12 10:29:13.998683 np0000179800 nova-scheduler[109475]: DEBUG dbcounter [-] [109475] Writing DB stats nova_cell0:SELECT=3,nova_cell0:UPDATE=1 {{(pid=109475) stat_writer /opt/stack/data/venv/lib/python3.12/site-packages/dbcounter.py:115}}
Jun 12 10:29:14.002764 np0000179800 nova-scheduler[109466]: DEBUG dbcounter [-] [109466] Writing DB stats nova_cell0:SELECT=4,nova_cell0:INSERT=1,nova_cell0:UPDATE=1 {{(pid=109466) stat_writer /opt/stack/data/venv/lib/python3.12/site-packages/dbcounter.py:115}}
Jun 12 10:29:14.010097 np0000179800 nova-scheduler[109458]: DEBUG dbcounter [-] [109458] Writing DB stats nova_cell0:SELECT=3 {{(pid=109458) stat_writer /opt/stack/data/venv/lib/python3.12/site-packages/dbcounter.py:115}}
Jun 12 10:29:24.990688 np0000179800 nova-scheduler[109466]: DEBUG oslo.service.backend._threading.loopingcall [None req-4193187c-c56a-4f1f-8342-ecedc100dfc6 None None] Dynamic interval looping call 'nova.service.Service.periodic_tasks' sleeping for 60.00 seconds {{(pid=109466) _run_loop /opt/stack/data/venv/lib/python3.12/site-packages/oslo_service/backend/_threading/loopingcall.py:125}}
Jun 12 10:29:47.004531 np0000179800 nova-scheduler[109458]: DEBUG oslo.service.backend._threading.loopingcall [None req-7ac28af8-b417-4d0e-bdb5-61eac6202201 None None] Dynamic interval looping call 'nova.service.Service.periodic_tasks' sleeping for 60.00 seconds {{(pid=109458) _run_loop /opt/stack/data/venv/lib/python3.12/site-packages/oslo_service/backend/_threading/loopingcall.py:125}}
Jun 12 10:29:58.984559 np0000179800 nova-scheduler[109483]: DEBUG oslo.service.backend._threading.loopingcall [None req-06abf1dc-f156-49e0-ab87-3c00f24c761e None None] Dynamic interval looping call 'nova.service.Service.periodic_tasks' sleeping for 60.00 seconds {{(pid=109483) _run_loop /opt/stack/data/venv/lib/python3.12/site-packages/oslo_service/backend/_threading/loopingcall.py:125}}
Jun 12 10:30:10.985508 np0000179800 nova-scheduler[109475]: DEBUG oslo.service.backend._threading.loopingcall [None req-87d7ebaf-7063-47ef-910b-0d40288b7eb5 None None] Dynamic interval looping call 'nova.service.Service.periodic_tasks' sleeping for 60.00 seconds {{(pid=109475) _run_loop /opt/stack/data/venv/lib/python3.12/site-packages/oslo_service/backend/_threading/loopingcall.py:125}}
Jun 12 10:30:24.991591 np0000179800 nova-scheduler[109466]: DEBUG oslo.service.backend._threading.loopingcall [None req-4193187c-c56a-4f1f-8342-ecedc100dfc6 None None] Dynamic interval looping call 'nova.service.Service.periodic_tasks' sleeping for 60.00 seconds {{(pid=109466) _run_loop /opt/stack/data/venv/lib/python3.12/site-packages/oslo_service/backend/_threading/loopingcall.py:125}}
Jun 12 10:30:47.005443 np0000179800 nova-scheduler[109458]: DEBUG oslo.service.backend._threading.loopingcall [None req-7ac28af8-b417-4d0e-bdb5-61eac6202201 None None] Dynamic interval looping call 'nova.service.Service.periodic_tasks' sleeping for 60.00 seconds {{(pid=109458) _run_loop /opt/stack/data/venv/lib/python3.12/site-packages/oslo_service/backend/_threading/loopingcall.py:125}}
Jun 12 10:30:58.985364 np0000179800 nova-scheduler[109483]: DEBUG oslo.service.backend._threading.loopingcall [None req-06abf1dc-f156-49e0-ab87-3c00f24c761e None None] Dynamic interval looping call 'nova.service.Service.periodic_tasks' sleeping for 60.00 seconds {{(pid=109483) _run_loop /opt/stack/data/venv/lib/python3.12/site-packages/oslo_service/backend/_threading/loopingcall.py:125}}
Jun 12 10:31:03.997080 np0000179800 nova-scheduler[109483]: DEBUG oslo.service.backend._threading.loopingcall [-] Fixed interval looping call 'nova.servicegroup.drivers.db.DbDriver._report_state' sleeping for 119.99 seconds {{(pid=109483) _run_loop /opt/stack/data/venv/lib/python3.12/site-packages/oslo_service/backend/_threading/loopingcall.py:125}}
Jun 12 10:31:03.997693 np0000179800 nova-scheduler[109466]: DEBUG oslo.service.backend._threading.loopingcall [-] Fixed interval looping call 'nova.servicegroup.drivers.db.DbDriver._report_state' sleeping for 119.99 seconds {{(pid=109466) _run_loop /opt/stack/data/venv/lib/python3.12/site-packages/oslo_service/backend/_threading/loopingcall.py:125}}
Jun 12 10:31:03.998507 np0000179800 nova-scheduler[109475]: DEBUG oslo.service.backend._threading.loopingcall [-] Fixed interval looping call 'nova.servicegroup.drivers.db.DbDriver._report_state' sleeping for 119.99 seconds {{(pid=109475) _run_loop /opt/stack/data/venv/lib/python3.12/site-packages/oslo_service/backend/_threading/loopingcall.py:125}}
Jun 12 10:31:04.008394 np0000179800 nova-scheduler[109458]: DEBUG oslo.service.backend._threading.loopingcall [-] Fixed interval looping call 'nova.servicegroup.drivers.db.DbDriver._report_state' sleeping for 119.99 seconds {{(pid=109458) _run_loop /opt/stack/data/venv/lib/python3.12/site-packages/oslo_service/backend/_threading/loopingcall.py:125}}
Jun 12 10:31:10.986239 np0000179800 nova-scheduler[109475]: DEBUG oslo.service.backend._threading.loopingcall [None req-87d7ebaf-7063-47ef-910b-0d40288b7eb5 None None] Dynamic interval looping call 'nova.service.Service.periodic_tasks' sleeping for 60.00 seconds {{(pid=109475) _run_loop /opt/stack/data/venv/lib/python3.12/site-packages/oslo_service/backend/_threading/loopingcall.py:125}}
Jun 12 10:31:14.338065 np0000179800 nova-scheduler[109483]: DEBUG dbcounter [-] [109483] Writing DB stats nova_cell0:SELECT=1,nova_cell0:UPDATE=1 {{(pid=109483) stat_writer /opt/stack/data/venv/lib/python3.12/site-packages/dbcounter.py:115}}
Jun 12 10:31:14.338971 np0000179800 nova-scheduler[109466]: DEBUG dbcounter [-] [109466] Writing DB stats nova_cell0:SELECT=1,nova_cell0:UPDATE=1 {{(pid=109466) stat_writer /opt/stack/data/venv/lib/python3.12/site-packages/dbcounter.py:115}}
Jun 12 10:31:14.339636 np0000179800 nova-scheduler[109475]: DEBUG dbcounter [-] [109475] Writing DB stats nova_cell0:SELECT=1,nova_cell0:UPDATE=1 {{(pid=109475) stat_writer /opt/stack/data/venv/lib/python3.12/site-packages/dbcounter.py:115}}
Jun 12 10:31:14.340252 np0000179800 nova-scheduler[109458]: DEBUG dbcounter [-] [109458] Writing DB stats nova_cell0:SELECT=1 {{(pid=109458) stat_writer /opt/stack/data/venv/lib/python3.12/site-packages/dbcounter.py:115}}
Jun 12 10:31:24.992260 np0000179800 nova-scheduler[109466]: DEBUG oslo.service.backend._threading.loopingcall [None req-4193187c-c56a-4f1f-8342-ecedc100dfc6 None None] Dynamic interval looping call 'nova.service.Service.periodic_tasks' sleeping for 60.00 seconds {{(pid=109466) _run_loop /opt/stack/data/venv/lib/python3.12/site-packages/oslo_service/backend/_threading/loopingcall.py:125}}
Jun 12 10:31:47.006219 np0000179800 nova-scheduler[109458]: DEBUG oslo.service.backend._threading.loopingcall [None req-7ac28af8-b417-4d0e-bdb5-61eac6202201 None None] Dynamic interval looping call 'nova.service.Service.periodic_tasks' sleeping for 60.00 seconds {{(pid=109458) _run_loop /opt/stack/data/venv/lib/python3.12/site-packages/oslo_service/backend/_threading/loopingcall.py:125}}
Jun 12 10:31:58.985987 np0000179800 nova-scheduler[109483]: DEBUG oslo.service.backend._threading.loopingcall [None req-06abf1dc-f156-49e0-ab87-3c00f24c761e None None] Dynamic interval looping call 'nova.service.Service.periodic_tasks' sleeping for 60.00 seconds {{(pid=109483) _run_loop /opt/stack/data/venv/lib/python3.12/site-packages/oslo_service/backend/_threading/loopingcall.py:125}}
Jun 12 10:32:10.987397 np0000179800 nova-scheduler[109475]: DEBUG oslo.service.backend._threading.loopingcall [None req-87d7ebaf-7063-47ef-910b-0d40288b7eb5 None None] Dynamic interval looping call 'nova.service.Service.periodic_tasks' sleeping for 60.00 seconds {{(pid=109475) _run_loop /opt/stack/data/venv/lib/python3.12/site-packages/oslo_service/backend/_threading/loopingcall.py:125}}
Jun 12 10:32:24.992956 np0000179800 nova-scheduler[109466]: DEBUG oslo.service.backend._threading.loopingcall [None req-4193187c-c56a-4f1f-8342-ecedc100dfc6 None None] Dynamic interval looping call 'nova.service.Service.periodic_tasks' sleeping for 60.00 seconds {{(pid=109466) _run_loop /opt/stack/data/venv/lib/python3.12/site-packages/oslo_service/backend/_threading/loopingcall.py:125}}
Jun 12 10:32:47.006865 np0000179800 nova-scheduler[109458]: DEBUG oslo.service.backend._threading.loopingcall [None req-7ac28af8-b417-4d0e-bdb5-61eac6202201 None None] Dynamic interval looping call 'nova.service.Service.periodic_tasks' sleeping for 60.00 seconds {{(pid=109458) _run_loop /opt/stack/data/venv/lib/python3.12/site-packages/oslo_service/backend/_threading/loopingcall.py:125}}
Jun 12 10:32:58.986991 np0000179800 nova-scheduler[109483]: DEBUG oslo.service.backend._threading.loopingcall [None req-06abf1dc-f156-49e0-ab87-3c00f24c761e None None] Dynamic interval looping call 'nova.service.Service.periodic_tasks' sleeping for 60.00 seconds {{(pid=109483) _run_loop /opt/stack/data/venv/lib/python3.12/site-packages/oslo_service/backend/_threading/loopingcall.py:125}}
Jun 12 10:33:03.997943 np0000179800 nova-scheduler[109483]: DEBUG oslo.service.backend._threading.loopingcall [-] Fixed interval looping call 'nova.servicegroup.drivers.db.DbDriver._report_state' sleeping for 119.99 seconds {{(pid=109483) _run_loop /opt/stack/data/venv/lib/python3.12/site-packages/oslo_service/backend/_threading/loopingcall.py:125}}
Jun 12 10:33:03.999081 np0000179800 nova-scheduler[109475]: DEBUG oslo.service.backend._threading.loopingcall [-] Fixed interval looping call 'nova.servicegroup.drivers.db.DbDriver._report_state' sleeping for 119.99 seconds {{(pid=109475) _run_loop /opt/stack/data/venv/lib/python3.12/site-packages/oslo_service/backend/_threading/loopingcall.py:125}}
Jun 12 10:33:03.999532 np0000179800 nova-scheduler[109466]: DEBUG oslo.service.backend._threading.loopingcall [-] Fixed interval looping call 'nova.servicegroup.drivers.db.DbDriver._report_state' sleeping for 119.99 seconds {{(pid=109466) _run_loop /opt/stack/data/venv/lib/python3.12/site-packages/oslo_service/backend/_threading/loopingcall.py:125}}
Jun 12 10:33:04.004529 np0000179800 nova-scheduler[109458]: DEBUG oslo.service.backend._threading.loopingcall [-] Fixed interval looping call 'nova.servicegroup.drivers.db.DbDriver._report_state' sleeping for 119.99 seconds {{(pid=109458) _run_loop /opt/stack/data/venv/lib/python3.12/site-packages/oslo_service/backend/_threading/loopingcall.py:125}}
Jun 12 10:33:08.033988 np0000179800 nova-scheduler[109475]: DEBUG nova.scheduler.manager [None req-72e57b5f-90bd-430c-9960-fd869f576dc6 demo demo] Starting to schedule for instances: ['e1669811-f864-442f-84d2-858c921f2475'] {{(pid=109475) select_destinations /opt/stack/nova/nova/scheduler/manager.py:210}}
Jun 12 10:33:08.036300 np0000179800 nova-scheduler[109475]: DEBUG oslo_db.sqlalchemy.engines [None req-72e57b5f-90bd-430c-9960-fd869f576dc6 demo demo] Parent process 108715 forked (109475) with an open database connection, which is being discarded and recreated. {{(pid=109475) checkout /opt/stack/data/venv/lib/python3.12/site-packages/oslo_db/sqlalchemy/engines.py:402}}
Jun 12 10:33:08.087559 np0000179800 nova-scheduler[109475]: DEBUG dbcounter [-] [109475] Writer thread running {{(pid=109475) stat_writer /opt/stack/data/venv/lib/python3.12/site-packages/dbcounter.py:102}}
Jun 12 10:33:08.089563 np0000179800 nova-scheduler[109475]: DEBUG nova.scheduler.request_filter [None req-72e57b5f-90bd-430c-9960-fd869f576dc6 demo demo] Request filter 'map_az_to_placement_aggregate' took 0.1 seconds {{(pid=109475) wrapper /opt/stack/nova/nova/scheduler/request_filter.py:46}}
Jun 12 10:33:08.089878 np0000179800 nova-scheduler[109475]: DEBUG nova.scheduler.request_filter [None req-72e57b5f-90bd-430c-9960-fd869f576dc6 demo demo] compute_status_filter request filter added forbidden trait COMPUTE_STATUS_DISABLED {{(pid=109475) compute_status_filter /opt/stack/nova/nova/scheduler/request_filter.py:253}}
