Apr 02 10:38:53.886087 np0000162867 systemd[1]: Starting devstack@n-api.service - Devstack devstack@n-api.service...
Apr 02 10:38:53.896338 np0000162867 devstack@n-api.service[98837]: [uWSGI] getting INI configuration from /etc/nova/nova-api-uwsgi.ini
Apr 02 10:38:53.896998 np0000162867 devstack@n-api.service[98837]: open("./http_plugin.so"): No such file or directory [core/utils.c line 3709]
Apr 02 10:38:53.896998 np0000162867 devstack@n-api.service[98837]: !!! UNABLE to load uWSGI plugin: ./http_plugin.so: cannot open shared object file: No such file or directory !!!
Apr 02 10:38:53.896998 np0000162867 devstack@n-api.service[98837]: open("./python3_plugin.so"): No such file or directory [core/utils.c line 3709]
Apr 02 10:38:53.896998 np0000162867 devstack@n-api.service[98837]: !!! UNABLE to load uWSGI plugin: ./python3_plugin.so: cannot open shared object file: No such file or directory !!!
Apr 02 10:38:53.896998 np0000162867 devstack@n-api.service[98837]: *** Starting uWSGI 2.0.31 (64bit) on [Thu Apr 2 10:38:53 2026] ***
Apr 02 10:38:53.896998 np0000162867 devstack@n-api.service[98837]: compiled with version: 13.3.0 on 02 April 2026 10:29:42
Apr 02 10:38:53.896998 np0000162867 devstack@n-api.service[98837]: os: Linux-6.8.0-107-generic #107-Ubuntu SMP PREEMPT_DYNAMIC Fri Mar 13 19:51:50 UTC 2026
Apr 02 10:38:53.896998 np0000162867 devstack@n-api.service[98837]: nodename: np0000162867
Apr 02 10:38:53.896998 np0000162867 devstack@n-api.service[98837]: machine: x86_64
Apr 02 10:38:53.896998 np0000162867 devstack@n-api.service[98837]: clock source: unix
Apr 02 10:38:53.896998 np0000162867 devstack@n-api.service[98837]: pcre jit disabled
Apr 02 10:38:53.896998 np0000162867 devstack@n-api.service[98837]: detected number of CPU cores: 16
Apr 02 10:38:53.896998 np0000162867 devstack@n-api.service[98837]: current working directory: /
Apr 02 10:38:53.896998 np0000162867 devstack@n-api.service[98837]: detected binary path: /opt/stack/data/venv/bin/uwsgi
Apr 02 10:38:53.896998 np0000162867 devstack@n-api.service[98837]: your processes number limit is 256917
Apr 02 10:38:53.896998 np0000162867 devstack@n-api.service[98837]: your memory page size is 4096 bytes
Apr 02 10:38:53.896998 np0000162867 devstack@n-api.service[98837]: detected max file descriptor number: 2048
Apr 02 10:38:53.896998 np0000162867 devstack@n-api.service[98837]: lock engine: pthread robust mutexes
Apr 02 10:38:53.896998 np0000162867 devstack@n-api.service[98837]: thunder lock: enabled
Apr 02 10:38:53.897601 np0000162867 devstack@n-api.service[98837]: uwsgi socket 0 bound to UNIX address /var/run/uwsgi/nova-api.socket fd 4
Apr 02 10:38:53.897601 np0000162867 devstack@n-api.service[98837]: Python version: 3.12.3 (main, Mar 3 2026, 12:15:18) [GCC 13.3.0]
Apr 02 10:38:53.897601 np0000162867 devstack@n-api.service[98837]: PEP 405 virtualenv detected: /opt/stack/data/venv
Apr 02 10:38:53.897601 np0000162867 devstack@n-api.service[98837]: Set PythonHome to /opt/stack/data/venv
Apr 02 10:38:53.938109 np0000162867 devstack@n-api.service[98837]: Python main interpreter initialized at 0x745b368a3668
Apr 02 10:38:53.938109 np0000162867 devstack@n-api.service[98837]: python threads support enabled
Apr 02 10:38:53.938109 np0000162867 devstack@n-api.service[98837]: your server socket listen backlog is limited to 100 connections
Apr 02 10:38:53.938109 np0000162867 devstack@n-api.service[98837]: your mercy for graceful operations on workers is 80 seconds
Apr 02 10:38:53.938747 np0000162867 devstack@n-api.service[98837]: mapped 671795 bytes (656 KB) for 4 cores
Apr 02 10:38:53.938986 np0000162867 devstack@n-api.service[98837]: *** Operational MODE: preforking ***
Apr 02 10:38:53.939346 np0000162867 devstack@n-api.service[98837]: *** uWSGI is running in multiple interpreter mode ***
Apr 02 10:38:53.939346 np0000162867 devstack@n-api.service[98837]: spawned uWSGI master process (pid: 98837)
Apr 02 10:38:53.939457 np0000162867 systemd[1]: Started devstack@n-api.service - Devstack devstack@n-api.service.
Apr 02 10:38:53.940466 np0000162867 devstack@n-api.service[98837]: spawned uWSGI worker 1 (pid: 98838, cores: 1)
Apr 02 10:38:53.941040 np0000162867 devstack@n-api.service[98837]: spawned uWSGI worker 2 (pid: 98839, cores: 1)
Apr 02 10:38:53.941623 np0000162867 devstack@n-api.service[98837]: spawned uWSGI worker 3 (pid: 98840, cores: 1)
Apr 02 10:38:53.942213 np0000162867 devstack@n-api.service[98837]: spawned uWSGI worker 4 (pid: 98841, cores: 1)
Apr 02 10:38:53.942279 np0000162867 devstack@n-api.service[98837]: running "unix_signal:15 gracefully_kill_them_all" (master-start)...
Apr 02 10:38:54.290765 np0000162867 devstack@n-api.service[98841]: Service is starting with native threading. This is currently experimental. Do not use it in production without first testing it in pre-production.
Apr 02 10:38:54.297110 np0000162867 devstack@n-api.service[98839]: Service is starting with native threading. This is currently experimental. Do not use it in production without first testing it in pre-production.
Apr 02 10:38:54.327217 np0000162867 devstack@n-api.service[98838]: Service is starting with native threading. This is currently experimental. Do not use it in production without first testing it in pre-production.
Apr 02 10:38:54.382143 np0000162867 devstack@n-api.service[98840]: Service is starting with native threading. This is currently experimental. Do not use it in production without first testing it in pre-production.
Apr 02 10:38:56.274567 np0000162867 devstack@n-api.service[98839]: INFO dbcounter [None req-f89a4d7c-c79e-4cfa-be84-00bda7b8593c None None] Registered counter for database nova_api
Apr 02 10:38:56.286303 np0000162867 devstack@n-api.service[98839]: DEBUG oslo_db.sqlalchemy.engines [None req-f89a4d7c-c79e-4cfa-be84-00bda7b8593c None None] MySQL server mode set to STRICT_TRANS_TABLES,STRICT_ALL_TABLES,NO_ZERO_IN_DATE,NO_ZERO_DATE,ERROR_FOR_DIVISION_BY_ZERO,TRADITIONAL,NO_ENGINE_SUBSTITUTION {{(pid=98839) _check_effective_sql_mode /opt/stack/data/venv/lib/python3.12/site-packages/oslo_db/sqlalchemy/engines.py:325}}
Apr 02 10:38:56.319184 np0000162867 devstack@n-api.service[98839]: DEBUG dbcounter [-] [98839] Writer thread running {{(pid=98839) stat_writer /opt/stack/data/venv/lib/python3.12/site-packages/dbcounter.py:102}}
Apr 02 10:38:56.321613 np0000162867 devstack@n-api.service[98841]: INFO dbcounter [None req-428b21fc-1196-45ef-8320-cd458bc336f1 None None] Registered counter for database nova_api
Apr 02 10:38:56.322275 np0000162867 devstack@n-api.service[98839]: DEBUG nova.context [None req-f89a4d7c-c79e-4cfa-be84-00bda7b8593c None None] Found 2 cells: 00000000-0000-0000-0000-000000000000(cell0),69bb8688-c53f-48d1-9816-9eb830f52403(cell1) {{(pid=98839) load_cells /opt/stack/nova/nova/context.py:509}}
Apr 02 10:38:56.322275 np0000162867 devstack@n-api.service[98839]: INFO nova.utils [None req-f89a4d7c-c79e-4cfa-be84-00bda7b8593c None None] The cell worker thread pool MainProcess.cell_worker is initialized
Apr 02 10:38:56.323537 np0000162867 devstack@n-api.service[98839]: DEBUG oslo_concurrency.lockutils [None req-f89a4d7c-c79e-4cfa-be84-00bda7b8593c None None] Acquiring lock "00000000-0000-0000-0000-000000000000" by "nova.context.set_target_cell..get_or_set_cached_cell_and_set_connections" {{(pid=98839) inner /opt/stack/data/venv/lib/python3.12/site-packages/oslo_concurrency/lockutils.py:506}}
Apr 02 10:38:56.323697 np0000162867 devstack@n-api.service[98839]: DEBUG oslo_concurrency.lockutils [None req-f89a4d7c-c79e-4cfa-be84-00bda7b8593c None None] Lock "00000000-0000-0000-0000-000000000000" acquired by "nova.context.set_target_cell..get_or_set_cached_cell_and_set_connections" :: waited 0.000s {{(pid=98839) inner /opt/stack/data/venv/lib/python3.12/site-packages/oslo_concurrency/lockutils.py:519}}
Apr 02 10:38:56.324079 np0000162867 devstack@n-api.service[98839]: DEBUG oslo_concurrency.lockutils [None req-f89a4d7c-c79e-4cfa-be84-00bda7b8593c None None] Lock "00000000-0000-0000-0000-000000000000" "released" by "nova.context.set_target_cell..get_or_set_cached_cell_and_set_connections" :: held 0.000s {{(pid=98839) inner /opt/stack/data/venv/lib/python3.12/site-packages/oslo_concurrency/lockutils.py:538}}
Apr 02 10:38:56.324991 np0000162867 devstack@n-api.service[98839]: DEBUG oslo_concurrency.lockutils [None req-f89a4d7c-c79e-4cfa-be84-00bda7b8593c None None] Acquiring lock "69bb8688-c53f-48d1-9816-9eb830f52403" by "nova.context.set_target_cell..get_or_set_cached_cell_and_set_connections" {{(pid=98839) inner /opt/stack/data/venv/lib/python3.12/site-packages/oslo_concurrency/lockutils.py:506}}
Apr 02 10:38:56.325126 np0000162867 devstack@n-api.service[98839]: DEBUG oslo_concurrency.lockutils [None req-f89a4d7c-c79e-4cfa-be84-00bda7b8593c None None] Lock "69bb8688-c53f-48d1-9816-9eb830f52403" acquired by "nova.context.set_target_cell..get_or_set_cached_cell_and_set_connections" :: waited 0.000s {{(pid=98839) inner /opt/stack/data/venv/lib/python3.12/site-packages/oslo_concurrency/lockutils.py:519}}
Apr 02 10:38:56.325928 np0000162867 devstack@n-api.service[98839]: DEBUG oslo_concurrency.lockutils [None req-f89a4d7c-c79e-4cfa-be84-00bda7b8593c None None] Lock "69bb8688-c53f-48d1-9816-9eb830f52403" "released" by "nova.context.set_target_cell..get_or_set_cached_cell_and_set_connections" :: held 0.001s {{(pid=98839) inner /opt/stack/data/venv/lib/python3.12/site-packages/oslo_concurrency/lockutils.py:538}}
Apr 02 10:38:56.329246 np0000162867 devstack@n-api.service[98839]: INFO dbcounter [None req-f89a4d7c-c79e-4cfa-be84-00bda7b8593c None None] Registered counter for database nova_cell0
Apr 02 10:38:56.333616 np0000162867 devstack@n-api.service[98839]: INFO dbcounter [None req-f89a4d7c-c79e-4cfa-be84-00bda7b8593c None None] Registered counter for database nova_cell1
Apr 02 10:38:56.338786 np0000162867 devstack@n-api.service[98841]: DEBUG oslo_db.sqlalchemy.engines [None req-428b21fc-1196-45ef-8320-cd458bc336f1 None None] MySQL server mode set to STRICT_TRANS_TABLES,STRICT_ALL_TABLES,NO_ZERO_IN_DATE,NO_ZERO_DATE,ERROR_FOR_DIVISION_BY_ZERO,TRADITIONAL,NO_ENGINE_SUBSTITUTION {{(pid=98841) _check_effective_sql_mode /opt/stack/data/venv/lib/python3.12/site-packages/oslo_db/sqlalchemy/engines.py:325}}
Apr 02 10:38:56.342616 np0000162867 devstack@n-api.service[98839]: DEBUG oslo_db.sqlalchemy.engines [None req-f89a4d7c-c79e-4cfa-be84-00bda7b8593c None None] MySQL server mode set to STRICT_TRANS_TABLES,STRICT_ALL_TABLES,NO_ZERO_IN_DATE,NO_ZERO_DATE,ERROR_FOR_DIVISION_BY_ZERO,TRADITIONAL,NO_ENGINE_SUBSTITUTION {{(pid=98839) _check_effective_sql_mode /opt/stack/data/venv/lib/python3.12/site-packages/oslo_db/sqlalchemy/engines.py:325}}
Apr 02 10:38:56.355088 np0000162867 devstack@n-api.service[98839]: DEBUG oslo_db.sqlalchemy.engines [None req-f89a4d7c-c79e-4cfa-be84-00bda7b8593c None None] MySQL server mode set to STRICT_TRANS_TABLES,STRICT_ALL_TABLES,NO_ZERO_IN_DATE,NO_ZERO_DATE,ERROR_FOR_DIVISION_BY_ZERO,TRADITIONAL,NO_ENGINE_SUBSTITUTION {{(pid=98839) _check_effective_sql_mode /opt/stack/data/venv/lib/python3.12/site-packages/oslo_db/sqlalchemy/engines.py:325}}
Apr 02 10:38:56.374934 np0000162867 devstack@n-api.service[98841]: DEBUG dbcounter [-] [98841] Writer thread running {{(pid=98841) stat_writer /opt/stack/data/venv/lib/python3.12/site-packages/dbcounter.py:102}}
Apr 02 10:38:56.377229 np0000162867 devstack@n-api.service[98841]: DEBUG nova.context [None req-428b21fc-1196-45ef-8320-cd458bc336f1 None None] Found 2 cells: 00000000-0000-0000-0000-000000000000(cell0),69bb8688-c53f-48d1-9816-9eb830f52403(cell1) {{(pid=98841) load_cells /opt/stack/nova/nova/context.py:509}}
Apr 02 10:38:56.377462 np0000162867 devstack@n-api.service[98841]: INFO nova.utils [None req-428b21fc-1196-45ef-8320-cd458bc336f1 None None] The cell worker thread pool MainProcess.cell_worker is initialized
Apr 02 10:38:56.379214 np0000162867 devstack@n-api.service[98841]: DEBUG oslo_concurrency.lockutils [None req-428b21fc-1196-45ef-8320-cd458bc336f1 None None] Acquiring lock "00000000-0000-0000-0000-000000000000" by "nova.context.set_target_cell..get_or_set_cached_cell_and_set_connections" {{(pid=98841) inner /opt/stack/data/venv/lib/python3.12/site-packages/oslo_concurrency/lockutils.py:506}}
Apr 02 10:38:56.379418 np0000162867 devstack@n-api.service[98841]: DEBUG oslo_concurrency.lockutils [None req-428b21fc-1196-45ef-8320-cd458bc336f1 None None] Lock "00000000-0000-0000-0000-000000000000" acquired by "nova.context.set_target_cell..get_or_set_cached_cell_and_set_connections" :: waited 0.000s {{(pid=98841) inner /opt/stack/data/venv/lib/python3.12/site-packages/oslo_concurrency/lockutils.py:519}}
Apr 02 10:38:56.379784 np0000162867 devstack@n-api.service[98841]: DEBUG oslo_concurrency.lockutils [None req-428b21fc-1196-45ef-8320-cd458bc336f1 None None] Lock "00000000-0000-0000-0000-000000000000" "released" by "nova.context.set_target_cell..get_or_set_cached_cell_and_set_connections" :: held 0.000s {{(pid=98841) inner /opt/stack/data/venv/lib/python3.12/site-packages/oslo_concurrency/lockutils.py:538}}
Apr 02 10:38:56.380678 np0000162867 devstack@n-api.service[98841]: DEBUG oslo_concurrency.lockutils [None req-428b21fc-1196-45ef-8320-cd458bc336f1 None None] Acquiring lock "69bb8688-c53f-48d1-9816-9eb830f52403" by "nova.context.set_target_cell..get_or_set_cached_cell_and_set_connections" {{(pid=98841) inner /opt/stack/data/venv/lib/python3.12/site-packages/oslo_concurrency/lockutils.py:506}}
Apr 02 10:38:56.380826 np0000162867 devstack@n-api.service[98841]: DEBUG oslo_concurrency.lockutils [None req-428b21fc-1196-45ef-8320-cd458bc336f1 None None] Lock "69bb8688-c53f-48d1-9816-9eb830f52403" acquired by "nova.context.set_target_cell..get_or_set_cached_cell_and_set_connections" :: waited 0.000s {{(pid=98841) inner /opt/stack/data/venv/lib/python3.12/site-packages/oslo_concurrency/lockutils.py:519}}
Apr 02 10:38:56.381702 np0000162867 devstack@n-api.service[98841]: DEBUG oslo_concurrency.lockutils [None req-428b21fc-1196-45ef-8320-cd458bc336f1 None None] Lock "69bb8688-c53f-48d1-9816-9eb830f52403" "released" by "nova.context.set_target_cell..get_or_set_cached_cell_and_set_connections" :: held 0.001s {{(pid=98841) inner /opt/stack/data/venv/lib/python3.12/site-packages/oslo_concurrency/lockutils.py:538}}
Apr 02 10:38:56.384951 np0000162867 devstack@n-api.service[98841]: INFO dbcounter [None req-428b21fc-1196-45ef-8320-cd458bc336f1 None None] Registered counter for database nova_cell0
Apr 02 10:38:56.390450 np0000162867 devstack@n-api.service[98841]: INFO dbcounter [None req-428b21fc-1196-45ef-8320-cd458bc336f1 None None] Registered counter for database nova_cell1
Apr 02 10:38:56.401873 np0000162867 devstack@n-api.service[98841]: DEBUG oslo_db.sqlalchemy.engines [None req-428b21fc-1196-45ef-8320-cd458bc336f1 None None] MySQL server mode set to STRICT_TRANS_TABLES,STRICT_ALL_TABLES,NO_ZERO_IN_DATE,NO_ZERO_DATE,ERROR_FOR_DIVISION_BY_ZERO,TRADITIONAL,NO_ENGINE_SUBSTITUTION {{(pid=98841) _check_effective_sql_mode /opt/stack/data/venv/lib/python3.12/site-packages/oslo_db/sqlalchemy/engines.py:325}}
Apr 02 10:38:56.408448 np0000162867 devstack@n-api.service[98841]: DEBUG oslo_db.sqlalchemy.engines [None req-428b21fc-1196-45ef-8320-cd458bc336f1 None None] MySQL server mode set to STRICT_TRANS_TABLES,STRICT_ALL_TABLES,NO_ZERO_IN_DATE,NO_ZERO_DATE,ERROR_FOR_DIVISION_BY_ZERO,TRADITIONAL,NO_ENGINE_SUBSTITUTION {{(pid=98841) _check_effective_sql_mode /opt/stack/data/venv/lib/python3.12/site-packages/oslo_db/sqlalchemy/engines.py:325}}
Apr 02 10:38:56.441231 np0000162867 devstack@n-api.service[98839]: DEBUG dbcounter [-] [98839] Writer thread running {{(pid=98839) stat_writer /opt/stack/data/venv/lib/python3.12/site-packages/dbcounter.py:102}}
Apr 02 10:38:56.448950 np0000162867 devstack@n-api.service[98839]: DEBUG dbcounter [-] [98839] Writer thread running {{(pid=98839) stat_writer /opt/stack/data/venv/lib/python3.12/site-packages/dbcounter.py:102}}
Apr 02 10:38:56.454272 np0000162867 devstack@n-api.service[98839]: INFO dbcounter [None req-f89a4d7c-c79e-4cfa-be84-00bda7b8593c None None] Registered counter for database nova_cell0
Apr 02 10:38:56.465906 np0000162867 devstack@n-api.service[98839]: DEBUG oslo_db.sqlalchemy.engines [None req-f89a4d7c-c79e-4cfa-be84-00bda7b8593c None None] MySQL server mode set to STRICT_TRANS_TABLES,STRICT_ALL_TABLES,NO_ZERO_IN_DATE,NO_ZERO_DATE,ERROR_FOR_DIVISION_BY_ZERO,TRADITIONAL,NO_ENGINE_SUBSTITUTION {{(pid=98839) _check_effective_sql_mode /opt/stack/data/venv/lib/python3.12/site-packages/oslo_db/sqlalchemy/engines.py:325}}
Apr 02 10:38:56.476954 np0000162867 devstack@n-api.service[98839]: DEBUG dbcounter [-] [98839] Writer thread running {{(pid=98839) stat_writer /opt/stack/data/venv/lib/python3.12/site-packages/dbcounter.py:102}}
Apr 02 10:38:56.479222 np0000162867 devstack@n-api.service[98838]: INFO dbcounter [None req-121b00bb-e511-4c79-8828-ddc41e5c4c24 None None] Registered counter for database nova_api
Apr 02 10:38:56.491651 np0000162867 devstack@n-api.service[98841]: DEBUG dbcounter [-] [98841] Writer thread running {{(pid=98841) stat_writer /opt/stack/data/venv/lib/python3.12/site-packages/dbcounter.py:102}}
Apr 02 10:38:56.496946 np0000162867 devstack@n-api.service[98838]: DEBUG oslo_db.sqlalchemy.engines [None req-121b00bb-e511-4c79-8828-ddc41e5c4c24 None None] MySQL server mode set to STRICT_TRANS_TABLES,STRICT_ALL_TABLES,NO_ZERO_IN_DATE,NO_ZERO_DATE,ERROR_FOR_DIVISION_BY_ZERO,TRADITIONAL,NO_ENGINE_SUBSTITUTION {{(pid=98838) _check_effective_sql_mode /opt/stack/data/venv/lib/python3.12/site-packages/oslo_db/sqlalchemy/engines.py:325}}
Apr 02 10:38:56.498607 np0000162867 devstack@n-api.service[98841]: DEBUG dbcounter [-] [98841] Writer thread running {{(pid=98841) stat_writer /opt/stack/data/venv/lib/python3.12/site-packages/dbcounter.py:102}}
Apr 02 10:38:56.503592 np0000162867 devstack@n-api.service[98841]: INFO dbcounter [None req-428b21fc-1196-45ef-8320-cd458bc336f1 None None] Registered counter for database nova_cell0
Apr 02 10:38:56.513948 np0000162867 devstack@n-api.service[98841]: DEBUG oslo_db.sqlalchemy.engines [None req-428b21fc-1196-45ef-8320-cd458bc336f1 None None] MySQL server mode set to STRICT_TRANS_TABLES,STRICT_ALL_TABLES,NO_ZERO_IN_DATE,NO_ZERO_DATE,ERROR_FOR_DIVISION_BY_ZERO,TRADITIONAL,NO_ENGINE_SUBSTITUTION {{(pid=98841) _check_effective_sql_mode /opt/stack/data/venv/lib/python3.12/site-packages/oslo_db/sqlalchemy/engines.py:325}}
Apr 02 10:38:56.521279 np0000162867 devstack@n-api.service[98841]: DEBUG dbcounter [-] [98841] Writer thread running {{(pid=98841) stat_writer /opt/stack/data/venv/lib/python3.12/site-packages/dbcounter.py:102}}
Apr 02 10:38:56.525219 np0000162867 devstack@n-api.service[98840]: INFO dbcounter [None req-7f63979b-0790-498b-9097-79ae75e632d1 None None] Registered counter for database nova_api
Apr 02 10:38:56.528264 np0000162867 devstack@n-api.service[98838]: DEBUG dbcounter [-] [98838] Writer thread running {{(pid=98838) stat_writer /opt/stack/data/venv/lib/python3.12/site-packages/dbcounter.py:102}}
Apr 02 10:38:56.545286 np0000162867 devstack@n-api.service[98840]: DEBUG oslo_db.sqlalchemy.engines [None req-7f63979b-0790-498b-9097-79ae75e632d1 None None] MySQL server mode set to STRICT_TRANS_TABLES,STRICT_ALL_TABLES,NO_ZERO_IN_DATE,NO_ZERO_DATE,ERROR_FOR_DIVISION_BY_ZERO,TRADITIONAL,NO_ENGINE_SUBSTITUTION {{(pid=98840) _check_effective_sql_mode /opt/stack/data/venv/lib/python3.12/site-packages/oslo_db/sqlalchemy/engines.py:325}}
Apr 02 10:38:56.582868 np0000162867 devstack@n-api.service[98838]: DEBUG nova.context [None req-121b00bb-e511-4c79-8828-ddc41e5c4c24 None None] Found 2 cells: 00000000-0000-0000-0000-000000000000(cell0),69bb8688-c53f-48d1-9816-9eb830f52403(cell1) {{(pid=98838) load_cells /opt/stack/nova/nova/context.py:509}}
Apr 02 10:38:56.583147 np0000162867 devstack@n-api.service[98838]: INFO nova.utils [None req-121b00bb-e511-4c79-8828-ddc41e5c4c24 None None] The cell worker thread pool MainProcess.cell_worker is initialized
Apr 02 10:38:56.585388 np0000162867 devstack@n-api.service[98838]: DEBUG oslo_concurrency.lockutils [None req-121b00bb-e511-4c79-8828-ddc41e5c4c24 None None] Acquiring lock "00000000-0000-0000-0000-000000000000" by "nova.context.set_target_cell..get_or_set_cached_cell_and_set_connections" {{(pid=98838) inner /opt/stack/data/venv/lib/python3.12/site-packages/oslo_concurrency/lockutils.py:506}}
Apr 02 10:38:56.585532 np0000162867 devstack@n-api.service[98838]: DEBUG oslo_concurrency.lockutils [None req-121b00bb-e511-4c79-8828-ddc41e5c4c24 None None] Lock "00000000-0000-0000-0000-000000000000" acquired by "nova.context.set_target_cell..get_or_set_cached_cell_and_set_connections" :: waited 0.000s {{(pid=98838) inner /opt/stack/data/venv/lib/python3.12/site-packages/oslo_concurrency/lockutils.py:519}}
Apr 02 10:38:56.585976 np0000162867 devstack@n-api.service[98838]: DEBUG oslo_concurrency.lockutils [None req-121b00bb-e511-4c79-8828-ddc41e5c4c24 None None] Lock "00000000-0000-0000-0000-000000000000" "released" by "nova.context.set_target_cell..get_or_set_cached_cell_and_set_connections" :: held 0.000s {{(pid=98838) inner /opt/stack/data/venv/lib/python3.12/site-packages/oslo_concurrency/lockutils.py:538}}
Apr 02 10:38:56.586986 np0000162867 devstack@n-api.service[98840]: DEBUG dbcounter [-] [98840] Writer thread running {{(pid=98840) stat_writer /opt/stack/data/venv/lib/python3.12/site-packages/dbcounter.py:102}}
Apr 02 10:38:56.587126 np0000162867 devstack@n-api.service[98838]: DEBUG oslo_concurrency.lockutils [None req-121b00bb-e511-4c79-8828-ddc41e5c4c24 None None] Acquiring lock "69bb8688-c53f-48d1-9816-9eb830f52403" by "nova.context.set_target_cell..get_or_set_cached_cell_and_set_connections" {{(pid=98838) inner /opt/stack/data/venv/lib/python3.12/site-packages/oslo_concurrency/lockutils.py:506}}
Apr 02 10:38:56.587126 np0000162867 devstack@n-api.service[98838]: DEBUG oslo_concurrency.lockutils [None req-121b00bb-e511-4c79-8828-ddc41e5c4c24 None None] Lock "69bb8688-c53f-48d1-9816-9eb830f52403" acquired by "nova.context.set_target_cell..get_or_set_cached_cell_and_set_connections" :: waited 0.000s {{(pid=98838) inner /opt/stack/data/venv/lib/python3.12/site-packages/oslo_concurrency/lockutils.py:519}}
Apr 02 10:38:56.588111 np0000162867 devstack@n-api.service[98838]: DEBUG oslo_concurrency.lockutils [None req-121b00bb-e511-4c79-8828-ddc41e5c4c24 None None] Lock "69bb8688-c53f-48d1-9816-9eb830f52403" "released" by "nova.context.set_target_cell..get_or_set_cached_cell_and_set_connections" :: held 0.001s {{(pid=98838) inner /opt/stack/data/venv/lib/python3.12/site-packages/oslo_concurrency/lockutils.py:538}}
Apr 02 10:38:56.590283 np0000162867 devstack@n-api.service[98840]: DEBUG nova.context [None req-7f63979b-0790-498b-9097-79ae75e632d1 None None] Found 2 cells: 00000000-0000-0000-0000-000000000000(cell0),69bb8688-c53f-48d1-9816-9eb830f52403(cell1) {{(pid=98840) load_cells /opt/stack/nova/nova/context.py:509}}
Apr 02 10:38:56.590545 np0000162867 devstack@n-api.service[98840]: INFO nova.utils [None req-7f63979b-0790-498b-9097-79ae75e632d1 None None] The cell worker thread pool MainProcess.cell_worker is initialized
Apr 02 10:38:56.592283 np0000162867 devstack@n-api.service[98838]: INFO dbcounter [None req-121b00bb-e511-4c79-8828-ddc41e5c4c24 None None] Registered counter for database nova_cell0
Apr 02 10:38:56.592658 np0000162867 devstack@n-api.service[98840]: DEBUG oslo_concurrency.lockutils [None req-7f63979b-0790-498b-9097-79ae75e632d1 None None] Acquiring lock "00000000-0000-0000-0000-000000000000" by "nova.context.set_target_cell..get_or_set_cached_cell_and_set_connections" {{(pid=98840) inner /opt/stack/data/venv/lib/python3.12/site-packages/oslo_concurrency/lockutils.py:506}}
Apr 02 10:38:56.592866 np0000162867 devstack@n-api.service[98840]: DEBUG oslo_concurrency.lockutils [None req-7f63979b-0790-498b-9097-79ae75e632d1 None None] Lock "00000000-0000-0000-0000-000000000000" acquired by "nova.context.set_target_cell..get_or_set_cached_cell_and_set_connections" :: waited 0.000s {{(pid=98840) inner /opt/stack/data/venv/lib/python3.12/site-packages/oslo_concurrency/lockutils.py:519}}
Apr 02 10:38:56.593247 np0000162867 devstack@n-api.service[98840]: DEBUG oslo_concurrency.lockutils [None req-7f63979b-0790-498b-9097-79ae75e632d1 None None] Lock "00000000-0000-0000-0000-000000000000" "released" by "nova.context.set_target_cell..get_or_set_cached_cell_and_set_connections" :: held 0.000s {{(pid=98840) inner /opt/stack/data/venv/lib/python3.12/site-packages/oslo_concurrency/lockutils.py:538}}
Apr 02 10:38:56.594134 np0000162867 devstack@n-api.service[98840]: DEBUG oslo_concurrency.lockutils [None req-7f63979b-0790-498b-9097-79ae75e632d1 None None] Acquiring lock "69bb8688-c53f-48d1-9816-9eb830f52403" by "nova.context.set_target_cell..get_or_set_cached_cell_and_set_connections" {{(pid=98840) inner /opt/stack/data/venv/lib/python3.12/site-packages/oslo_concurrency/lockutils.py:506}}
Apr 02 10:38:56.594304 np0000162867 devstack@n-api.service[98840]: DEBUG oslo_concurrency.lockutils [None req-7f63979b-0790-498b-9097-79ae75e632d1 None None] Lock "69bb8688-c53f-48d1-9816-9eb830f52403" acquired by "nova.context.set_target_cell..get_or_set_cached_cell_and_set_connections" :: waited 0.000s {{(pid=98840) inner /opt/stack/data/venv/lib/python3.12/site-packages/oslo_concurrency/lockutils.py:519}}
Apr 02 10:38:56.595564 np0000162867 devstack@n-api.service[98840]: DEBUG oslo_concurrency.lockutils [None req-7f63979b-0790-498b-9097-79ae75e632d1 None None] Lock "69bb8688-c53f-48d1-9816-9eb830f52403" "released" by "nova.context.set_target_cell..get_or_set_cached_cell_and_set_connections" :: held 0.001s {{(pid=98840) inner /opt/stack/data/venv/lib/python3.12/site-packages/oslo_concurrency/lockutils.py:538}}
Apr 02 10:38:56.598669 np0000162867 devstack@n-api.service[98838]: INFO dbcounter [None req-121b00bb-e511-4c79-8828-ddc41e5c4c24 None None] Registered counter for database nova_cell1
Apr 02 10:38:56.599067 np0000162867 devstack@n-api.service[98840]: INFO dbcounter [None req-7f63979b-0790-498b-9097-79ae75e632d1 None None] Registered counter for database nova_cell0
Apr 02 10:38:56.604645 np0000162867 devstack@n-api.service[98840]: INFO dbcounter [None req-7f63979b-0790-498b-9097-79ae75e632d1 None None] Registered counter for database nova_cell1
Apr 02 10:38:56.609943 np0000162867 devstack@n-api.service[98838]: DEBUG oslo_db.sqlalchemy.engines [None req-121b00bb-e511-4c79-8828-ddc41e5c4c24 None None] MySQL server mode set to STRICT_TRANS_TABLES,STRICT_ALL_TABLES,NO_ZERO_IN_DATE,NO_ZERO_DATE,ERROR_FOR_DIVISION_BY_ZERO,TRADITIONAL,NO_ENGINE_SUBSTITUTION {{(pid=98838) _check_effective_sql_mode /opt/stack/data/venv/lib/python3.12/site-packages/oslo_db/sqlalchemy/engines.py:325}}
Apr 02 10:38:56.622435 np0000162867 devstack@n-api.service[98840]: DEBUG oslo_db.sqlalchemy.engines [None req-7f63979b-0790-498b-9097-79ae75e632d1 None None] MySQL server mode set to STRICT_TRANS_TABLES,STRICT_ALL_TABLES,NO_ZERO_IN_DATE,NO_ZERO_DATE,ERROR_FOR_DIVISION_BY_ZERO,TRADITIONAL,NO_ENGINE_SUBSTITUTION {{(pid=98840) _check_effective_sql_mode /opt/stack/data/venv/lib/python3.12/site-packages/oslo_db/sqlalchemy/engines.py:325}}
Apr 02 10:38:56.623363 np0000162867 devstack@n-api.service[98838]: DEBUG oslo_db.sqlalchemy.engines [None req-121b00bb-e511-4c79-8828-ddc41e5c4c24 None None] MySQL server mode set to STRICT_TRANS_TABLES,STRICT_ALL_TABLES,NO_ZERO_IN_DATE,NO_ZERO_DATE,ERROR_FOR_DIVISION_BY_ZERO,TRADITIONAL,NO_ENGINE_SUBSTITUTION {{(pid=98838) _check_effective_sql_mode /opt/stack/data/venv/lib/python3.12/site-packages/oslo_db/sqlalchemy/engines.py:325}}
Apr 02 10:38:56.629378 np0000162867 devstack@n-api.service[98840]: DEBUG oslo_db.sqlalchemy.engines [None req-7f63979b-0790-498b-9097-79ae75e632d1 None None] MySQL server mode set to STRICT_TRANS_TABLES,STRICT_ALL_TABLES,NO_ZERO_IN_DATE,NO_ZERO_DATE,ERROR_FOR_DIVISION_BY_ZERO,TRADITIONAL,NO_ENGINE_SUBSTITUTION {{(pid=98840) _check_effective_sql_mode /opt/stack/data/venv/lib/python3.12/site-packages/oslo_db/sqlalchemy/engines.py:325}}
Apr 02 10:38:56.711515 np0000162867 devstack@n-api.service[98838]: DEBUG dbcounter [-] [98838] Writer thread running {{(pid=98838) stat_writer /opt/stack/data/venv/lib/python3.12/site-packages/dbcounter.py:102}}
Apr 02 10:38:56.718473 np0000162867 devstack@n-api.service[98838]: DEBUG dbcounter [-] [98838] Writer thread running {{(pid=98838) stat_writer /opt/stack/data/venv/lib/python3.12/site-packages/dbcounter.py:102}}
Apr 02 10:38:56.722638 np0000162867 devstack@n-api.service[98838]: INFO dbcounter [None req-121b00bb-e511-4c79-8828-ddc41e5c4c24 None None] Registered counter for database nova_cell0
Apr 02 10:38:56.724567 np0000162867 devstack@n-api.service[98840]: DEBUG dbcounter [-] [98840] Writer thread running {{(pid=98840) stat_writer /opt/stack/data/venv/lib/python3.12/site-packages/dbcounter.py:102}}
Apr 02 10:38:56.727928 np0000162867 devstack@n-api.service[98840]: DEBUG dbcounter [-] [98840] Writer thread running {{(pid=98840) stat_writer /opt/stack/data/venv/lib/python3.12/site-packages/dbcounter.py:102}}
Apr 02 10:38:56.732823 np0000162867 devstack@n-api.service[98840]: INFO dbcounter [None req-7f63979b-0790-498b-9097-79ae75e632d1 None None] Registered counter for database nova_cell0
Apr 02 10:38:56.732912 np0000162867 devstack@n-api.service[98838]: DEBUG oslo_db.sqlalchemy.engines [None req-121b00bb-e511-4c79-8828-ddc41e5c4c24 None None] MySQL server mode set to STRICT_TRANS_TABLES,STRICT_ALL_TABLES,NO_ZERO_IN_DATE,NO_ZERO_DATE,ERROR_FOR_DIVISION_BY_ZERO,TRADITIONAL,NO_ENGINE_SUBSTITUTION {{(pid=98838) _check_effective_sql_mode /opt/stack/data/venv/lib/python3.12/site-packages/oslo_db/sqlalchemy/engines.py:325}}
Apr 02 10:38:56.739602 np0000162867 devstack@n-api.service[98838]: DEBUG dbcounter [-] [98838] Writer thread running {{(pid=98838) stat_writer /opt/stack/data/venv/lib/python3.12/site-packages/dbcounter.py:102}}
Apr 02 10:38:56.744168 np0000162867 devstack@n-api.service[98840]: DEBUG oslo_db.sqlalchemy.engines [None req-7f63979b-0790-498b-9097-79ae75e632d1 None None] MySQL server mode set to STRICT_TRANS_TABLES,STRICT_ALL_TABLES,NO_ZERO_IN_DATE,NO_ZERO_DATE,ERROR_FOR_DIVISION_BY_ZERO,TRADITIONAL,NO_ENGINE_SUBSTITUTION {{(pid=98840) _check_effective_sql_mode /opt/stack/data/venv/lib/python3.12/site-packages/oslo_db/sqlalchemy/engines.py:325}}
Apr 02 10:38:56.755287 np0000162867 devstack@n-api.service[98840]: DEBUG dbcounter [-] [98840] Writer thread running {{(pid=98840) stat_writer /opt/stack/data/venv/lib/python3.12/site-packages/dbcounter.py:102}}
Apr 02 10:38:56.848163 np0000162867 devstack@n-api.service[98839]: DEBUG oslo_concurrency.processutils [None req-f89a4d7c-c79e-4cfa-be84-00bda7b8593c None None] Running cmd (subprocess): grep -F node.session.scan /sbin/iscsiadm {{(pid=98839) execute /opt/stack/data/venv/lib/python3.12/site-packages/oslo_concurrency/processutils.py:440}}
Apr 02 10:38:56.861336 np0000162867 devstack@n-api.service[98841]: DEBUG oslo_concurrency.processutils [None req-428b21fc-1196-45ef-8320-cd458bc336f1 None None] Running cmd (subprocess): grep -F node.session.scan /sbin/iscsiadm {{(pid=98841) execute /opt/stack/data/venv/lib/python3.12/site-packages/oslo_concurrency/processutils.py:440}}
Apr 02 10:38:56.871458 np0000162867 devstack@n-api.service[98839]: DEBUG oslo_concurrency.processutils [None req-f89a4d7c-c79e-4cfa-be84-00bda7b8593c None None] CMD "grep -F node.session.scan /sbin/iscsiadm" returned: 0 in 0.023s {{(pid=98839) execute /opt/stack/data/venv/lib/python3.12/site-packages/oslo_concurrency/processutils.py:468}}
Apr 02 10:38:56.883296 np0000162867 devstack@n-api.service[98841]: DEBUG oslo_concurrency.processutils [None req-428b21fc-1196-45ef-8320-cd458bc336f1 None None] CMD "grep -F node.session.scan /sbin/iscsiadm" returned: 0 in 0.022s {{(pid=98841) execute /opt/stack/data/venv/lib/python3.12/site-packages/oslo_concurrency/processutils.py:468}}
Apr 02 10:38:57.079646 np0000162867 devstack@n-api.service[98838]: DEBUG oslo_concurrency.processutils [None req-121b00bb-e511-4c79-8828-ddc41e5c4c24 None None] Running cmd (subprocess): grep -F node.session.scan /sbin/iscsiadm {{(pid=98838) execute /opt/stack/data/venv/lib/python3.12/site-packages/oslo_concurrency/processutils.py:440}}
Apr 02 10:38:57.097392 np0000162867 devstack@n-api.service[98840]: DEBUG oslo_concurrency.processutils [None req-7f63979b-0790-498b-9097-79ae75e632d1 None None] Running cmd (subprocess): grep -F node.session.scan /sbin/iscsiadm {{(pid=98840) execute /opt/stack/data/venv/lib/python3.12/site-packages/oslo_concurrency/processutils.py:440}}
Apr 02 10:38:57.102269 np0000162867 devstack@n-api.service[98838]: DEBUG oslo_concurrency.processutils [None req-121b00bb-e511-4c79-8828-ddc41e5c4c24 None None] CMD "grep -F node.session.scan /sbin/iscsiadm" returned: 0 in 0.023s {{(pid=98838) execute /opt/stack/data/venv/lib/python3.12/site-packages/oslo_concurrency/processutils.py:468}}
Apr 02 10:38:57.121369 np0000162867 devstack@n-api.service[98840]: DEBUG oslo_concurrency.processutils [None req-7f63979b-0790-498b-9097-79ae75e632d1 None None] CMD "grep -F node.session.scan /sbin/iscsiadm" returned: 0 in 0.024s {{(pid=98840) execute /opt/stack/data/venv/lib/python3.12/site-packages/oslo_concurrency/processutils.py:468}}
Apr 02 10:38:57.387333 np0000162867 devstack@n-api.service[98839]: WARNING keystonemiddleware.auth_token [None req-f89a4d7c-c79e-4cfa-be84-00bda7b8593c None None] AuthToken middleware is set with keystone_authtoken.service_token_roles_required set to False. This is backwards compatible but deprecated behaviour. Please set this to True.
Apr 02 10:38:57.398749 np0000162867 devstack@n-api.service[98841]: WARNING keystonemiddleware.auth_token [None req-428b21fc-1196-45ef-8320-cd458bc336f1 None None] AuthToken middleware is set with keystone_authtoken.service_token_roles_required set to False. This is backwards compatible but deprecated behaviour. Please set this to True.
Apr 02 10:38:57.466865 np0000162867 devstack@n-api.service[98841]: WARNING keystonemiddleware.auth_token [None req-428b21fc-1196-45ef-8320-cd458bc336f1 None None] AuthToken middleware is set with keystone_authtoken.service_token_roles_required set to False. This is backwards compatible but deprecated behaviour. Please set this to True.
Apr 02 10:38:57.508885 np0000162867 devstack@n-api.service[98838]: WARNING keystonemiddleware.auth_token [None req-121b00bb-e511-4c79-8828-ddc41e5c4c24 None None] AuthToken middleware is set with keystone_authtoken.service_token_roles_required set to False. This is backwards compatible but deprecated behaviour. Please set this to True.
Apr 02 10:38:57.537706 np0000162867 devstack@n-api.service[98840]: WARNING keystonemiddleware.auth_token [None req-7f63979b-0790-498b-9097-79ae75e632d1 None None] AuthToken middleware is set with keystone_authtoken.service_token_roles_required set to False. This is backwards compatible but deprecated behaviour. Please set this to True.
Apr 02 10:38:57.565424 np0000162867 devstack@n-api.service[98839]: WARNING keystonemiddleware.auth_token [None req-f89a4d7c-c79e-4cfa-be84-00bda7b8593c None None] AuthToken middleware is set with keystone_authtoken.service_token_roles_required set to False. This is backwards compatible but deprecated behaviour. Please set this to True.
Apr 02 10:38:57.570655 np0000162867 devstack@n-api.service[98839]: DEBUG nova.api.openstack.wsgi_app [None req-f89a4d7c-c79e-4cfa-be84-00bda7b8593c None None] ******************************************************************************** {{(pid=98839) log_opt_values /opt/stack/data/venv/lib/python3.12/site-packages/oslo_config/cfg.py:2979}}
Apr 02 10:38:57.570655 np0000162867 devstack@n-api.service[98839]: DEBUG nova.api.openstack.wsgi_app [None req-f89a4d7c-c79e-4cfa-be84-00bda7b8593c None None] Configuration options gathered from: {{(pid=98839) log_opt_values /opt/stack/data/venv/lib/python3.12/site-packages/oslo_config/cfg.py:2980}}
Apr 02 10:38:57.571141 np0000162867 devstack@n-api.service[98839]: DEBUG nova.api.openstack.wsgi_app [None req-f89a4d7c-c79e-4cfa-be84-00bda7b8593c None None] command line args: [] {{(pid=98839) log_opt_values /opt/stack/data/venv/lib/python3.12/site-packages/oslo_config/cfg.py:2981}}
Apr 02 10:38:57.571274 np0000162867 devstack@n-api.service[98839]: DEBUG nova.api.openstack.wsgi_app [None req-f89a4d7c-c79e-4cfa-be84-00bda7b8593c None None] config files: ['/etc/nova/api-paste.ini', '/etc/nova/nova.conf'] {{(pid=98839) log_opt_values /opt/stack/data/venv/lib/python3.12/site-packages/oslo_config/cfg.py:2982}}
Apr 02 10:38:57.571375 np0000162867 devstack@n-api.service[98839]: DEBUG nova.api.openstack.wsgi_app [None req-f89a4d7c-c79e-4cfa-be84-00bda7b8593c None None] ================================================================================ {{(pid=98839) log_opt_values /opt/stack/data/venv/lib/python3.12/site-packages/oslo_config/cfg.py:2987}}
Apr 02 10:38:57.571461 np0000162867 devstack@n-api.service[98839]: DEBUG nova.api.openstack.wsgi_app [None req-f89a4d7c-c79e-4cfa-be84-00bda7b8593c None None] allow_resize_to_same_host = True {{(pid=98839) log_opt_values /opt/stack/data/venv/lib/python3.12/site-packages/oslo_config/cfg.py:2995}}
Apr 02 10:38:57.571621 np0000162867 devstack@n-api.service[98839]: DEBUG nova.api.openstack.wsgi_app [None req-f89a4d7c-c79e-4cfa-be84-00bda7b8593c None None] arq_binding_timeout = 300 {{(pid=98839) log_opt_values /opt/stack/data/venv/lib/python3.12/site-packages/oslo_config/cfg.py:2995}}
Apr 02 10:38:57.571732 np0000162867 devstack@n-api.service[98839]: DEBUG nova.api.openstack.wsgi_app [None req-f89a4d7c-c79e-4cfa-be84-00bda7b8593c None None] block_device_allocate_retries = 60 {{(pid=98839) log_opt_values /opt/stack/data/venv/lib/python3.12/site-packages/oslo_config/cfg.py:2995}}
Apr 02 10:38:57.571858 np0000162867 devstack@n-api.service[98839]: DEBUG nova.api.openstack.wsgi_app [None req-f89a4d7c-c79e-4cfa-be84-00bda7b8593c None None] block_device_allocate_retries_interval = 3 {{(pid=98839) log_opt_values /opt/stack/data/venv/lib/python3.12/site-packages/oslo_config/cfg.py:2995}}
Apr 02 10:38:57.572010 np0000162867 devstack@n-api.service[98839]: DEBUG nova.api.openstack.wsgi_app [None req-f89a4d7c-c79e-4cfa-be84-00bda7b8593c None None] cell_worker_thread_pool_size = 5 {{(pid=98839) log_opt_values /opt/stack/data/venv/lib/python3.12/site-packages/oslo_config/cfg.py:2995}}
Apr 02 10:38:57.572141 np0000162867 devstack@n-api.service[98839]: DEBUG nova.api.openstack.wsgi_app [None req-f89a4d7c-c79e-4cfa-be84-00bda7b8593c None None] cert = self.pem {{(pid=98839) log_opt_values /opt/stack/data/venv/lib/python3.12/site-packages/oslo_config/cfg.py:2995}}
Apr 02 10:38:57.572248 np0000162867 devstack@n-api.service[98839]: DEBUG nova.api.openstack.wsgi_app [None req-f89a4d7c-c79e-4cfa-be84-00bda7b8593c None None] compute_driver = libvirt.LibvirtDriver {{(pid=98839) log_opt_values /opt/stack/data/venv/lib/python3.12/site-packages/oslo_config/cfg.py:2995}}
Apr 02 10:38:57.572397 np0000162867 devstack@n-api.service[98839]: DEBUG nova.api.openstack.wsgi_app [None req-f89a4d7c-c79e-4cfa-be84-00bda7b8593c None None] compute_monitors = [] {{(pid=98839) log_opt_values /opt/stack/data/venv/lib/python3.12/site-packages/oslo_config/cfg.py:2995}}
Apr 02 10:38:57.572511 np0000162867 devstack@n-api.service[98839]: DEBUG nova.api.openstack.wsgi_app [None req-f89a4d7c-c79e-4cfa-be84-00bda7b8593c None None] config_dir = [] {{(pid=98839) log_opt_values /opt/stack/data/venv/lib/python3.12/site-packages/oslo_config/cfg.py:2995}}
Apr 02 10:38:57.572650 np0000162867 devstack@n-api.service[98839]: DEBUG nova.api.openstack.wsgi_app [None req-f89a4d7c-c79e-4cfa-be84-00bda7b8593c None None] config_drive_format = iso9660 {{(pid=98839) log_opt_values /opt/stack/data/venv/lib/python3.12/site-packages/oslo_config/cfg.py:2995}}
Apr 02 10:38:57.572750 np0000162867 devstack@n-api.service[98838]: WARNING keystonemiddleware.auth_token [None req-121b00bb-e511-4c79-8828-ddc41e5c4c24 None None] AuthToken middleware is set with keystone_authtoken.service_token_roles_required set to False. This is backwards compatible but deprecated behaviour. Please set this to True.
Apr 02 10:38:57.572881 np0000162867 devstack@n-api.service[98839]: DEBUG nova.api.openstack.wsgi_app [None req-f89a4d7c-c79e-4cfa-be84-00bda7b8593c None None] config_file = ['/etc/nova/api-paste.ini', '/etc/nova/nova.conf'] {{(pid=98839) log_opt_values /opt/stack/data/venv/lib/python3.12/site-packages/oslo_config/cfg.py:2995}}
Apr 02 10:38:57.572881 np0000162867 devstack@n-api.service[98839]: DEBUG nova.api.openstack.wsgi_app [None req-f89a4d7c-c79e-4cfa-be84-00bda7b8593c None None] config_source = [] {{(pid=98839) log_opt_values /opt/stack/data/venv/lib/python3.12/site-packages/oslo_config/cfg.py:2995}}
Apr 02 10:38:57.573445 np0000162867 devstack@n-api.service[98839]: DEBUG nova.api.openstack.wsgi_app [None req-f89a4d7c-c79e-4cfa-be84-00bda7b8593c None None] console_host = np0000162867 {{(pid=98839) log_opt_values /opt/stack/data/venv/lib/python3.12/site-packages/oslo_config/cfg.py:2995}}
Apr 02 10:38:57.573445 np0000162867 devstack@n-api.service[98839]: DEBUG nova.api.openstack.wsgi_app [None req-f89a4d7c-c79e-4cfa-be84-00bda7b8593c None None] control_exchange = nova {{(pid=98839) log_opt_values /opt/stack/data/venv/lib/python3.12/site-packages/oslo_config/cfg.py:2995}}
Apr 02 10:38:57.573445 np0000162867 devstack@n-api.service[98839]: DEBUG nova.api.openstack.wsgi_app [None req-f89a4d7c-c79e-4cfa-be84-00bda7b8593c None None] cpu_allocation_ratio = None {{(pid=98839) log_opt_values /opt/stack/data/venv/lib/python3.12/site-packages/oslo_config/cfg.py:2995}}
Apr 02 10:38:57.573445 np0000162867 devstack@n-api.service[98839]: DEBUG nova.api.openstack.wsgi_app [None req-f89a4d7c-c79e-4cfa-be84-00bda7b8593c None None] daemon = False {{(pid=98839) log_opt_values /opt/stack/data/venv/lib/python3.12/site-packages/oslo_config/cfg.py:2995}}
Apr 02 10:38:57.573445 np0000162867 devstack@n-api.service[98839]: DEBUG nova.api.openstack.wsgi_app [None req-f89a4d7c-c79e-4cfa-be84-00bda7b8593c None None] debug = True {{(pid=98839) log_opt_values /opt/stack/data/venv/lib/python3.12/site-packages/oslo_config/cfg.py:2995}}
Apr 02 10:38:57.574051 np0000162867 devstack@n-api.service[98839]: DEBUG nova.api.openstack.wsgi_app [None req-f89a4d7c-c79e-4cfa-be84-00bda7b8593c None None] default_access_ip_network_name = None {{(pid=98839) log_opt_values /opt/stack/data/venv/lib/python3.12/site-packages/oslo_config/cfg.py:2995}}
Apr 02 10:38:57.574051 np0000162867 devstack@n-api.service[98839]: DEBUG nova.api.openstack.wsgi_app [None req-f89a4d7c-c79e-4cfa-be84-00bda7b8593c None None] default_availability_zone = nova {{(pid=98839) log_opt_values /opt/stack/data/venv/lib/python3.12/site-packages/oslo_config/cfg.py:2995}}
Apr 02 10:38:57.574051 np0000162867 devstack@n-api.service[98839]: DEBUG nova.api.openstack.wsgi_app [None req-f89a4d7c-c79e-4cfa-be84-00bda7b8593c None None] default_ephemeral_format = ext4 {{(pid=98839) log_opt_values /opt/stack/data/venv/lib/python3.12/site-packages/oslo_config/cfg.py:2995}}
Apr 02 10:38:57.574051 np0000162867 devstack@n-api.service[98839]: DEBUG nova.api.openstack.wsgi_app [None req-f89a4d7c-c79e-4cfa-be84-00bda7b8593c None None] default_green_pool_size = 1000 {{(pid=98839) log_opt_values /opt/stack/data/venv/lib/python3.12/site-packages/oslo_config/cfg.py:2995}}
Apr 02 10:38:57.574335 np0000162867 devstack@n-api.service[98839]: DEBUG nova.api.openstack.wsgi_app [None req-f89a4d7c-c79e-4cfa-be84-00bda7b8593c None None] default_log_levels = ['amqp=WARN', 'boto=WARN', 'sqlalchemy=WARN', 'suds=INFO', 'oslo.messaging=INFO', 'oslo_messaging=INFO', 'iso8601=WARN', 'requests.packages.urllib3.connectionpool=WARN', 'urllib3.connectionpool=WARN', 'websocket=WARN', 'requests.packages.urllib3.util.retry=WARN', 'urllib3.util.retry=WARN', 'keystonemiddleware=WARN', 'routes.middleware=WARN', 'stevedore=WARN', 'taskflow=WARN', 'keystoneauth=WARN', 'oslo.cache=INFO', 'oslo_policy=INFO', 'dogpile.core.dogpile=INFO', 'glanceclient=WARN', 'oslo.privsep.daemon=INFO'] {{(pid=98839) log_opt_values /opt/stack/data/venv/lib/python3.12/site-packages/oslo_config/cfg.py:2995}}
Apr 02 10:38:57.574335 np0000162867 devstack@n-api.service[98839]: DEBUG nova.api.openstack.wsgi_app [None req-f89a4d7c-c79e-4cfa-be84-00bda7b8593c None None] default_schedule_zone = None {{(pid=98839) log_opt_values /opt/stack/data/venv/lib/python3.12/site-packages/oslo_config/cfg.py:2995}}
Apr 02 10:38:57.574576 np0000162867 devstack@n-api.service[98839]: DEBUG nova.api.openstack.wsgi_app [None req-f89a4d7c-c79e-4cfa-be84-00bda7b8593c None None] default_thread_pool_size = 10 {{(pid=98839) log_opt_values /opt/stack/data/venv/lib/python3.12/site-packages/oslo_config/cfg.py:2995}}
Apr 02 10:38:57.574576 np0000162867 devstack@n-api.service[98839]: DEBUG nova.api.openstack.wsgi_app [None req-f89a4d7c-c79e-4cfa-be84-00bda7b8593c None None] disk_allocation_ratio = None {{(pid=98839) log_opt_values /opt/stack/data/venv/lib/python3.12/site-packages/oslo_config/cfg.py:2995}}
Apr 02 10:38:57.574716 np0000162867 devstack@n-api.service[98839]: DEBUG nova.api.openstack.wsgi_app [None req-f89a4d7c-c79e-4cfa-be84-00bda7b8593c None None] enable_new_services = True {{(pid=98839) log_opt_values /opt/stack/data/venv/lib/python3.12/site-packages/oslo_config/cfg.py:2995}}
Apr 02 10:38:57.574903 np0000162867 devstack@n-api.service[98839]: DEBUG nova.api.openstack.wsgi_app [None req-f89a4d7c-c79e-4cfa-be84-00bda7b8593c None None] flat_injected = False {{(pid=98839) log_opt_values /opt/stack/data/venv/lib/python3.12/site-packages/oslo_config/cfg.py:2995}}
Apr 02 10:38:57.575620 np0000162867 devstack@n-api.service[98839]: DEBUG nova.api.openstack.wsgi_app [None req-f89a4d7c-c79e-4cfa-be84-00bda7b8593c None None] force_config_drive = False {{(pid=98839) log_opt_values /opt/stack/data/venv/lib/python3.12/site-packages/oslo_config/cfg.py:2995}}
Apr 02 10:38:57.575620 np0000162867 devstack@n-api.service[98839]: DEBUG nova.api.openstack.wsgi_app [None req-f89a4d7c-c79e-4cfa-be84-00bda7b8593c None None] force_raw_images = True {{(pid=98839) log_opt_values /opt/stack/data/venv/lib/python3.12/site-packages/oslo_config/cfg.py:2995}}
Apr 02 10:38:57.575620 np0000162867 devstack@n-api.service[98839]: DEBUG nova.api.openstack.wsgi_app [None req-f89a4d7c-c79e-4cfa-be84-00bda7b8593c None None] graceful_shutdown_timeout = 5 {{(pid=98839) log_opt_values /opt/stack/data/venv/lib/python3.12/site-packages/oslo_config/cfg.py:2995}}
Apr 02 10:38:57.575620 np0000162867 devstack@n-api.service[98839]: DEBUG nova.api.openstack.wsgi_app [None req-f89a4d7c-c79e-4cfa-be84-00bda7b8593c None None] heal_instance_info_cache_interval = -1 {{(pid=98839) log_opt_values /opt/stack/data/venv/lib/python3.12/site-packages/oslo_config/cfg.py:2995}}
Apr 02 10:38:57.575620 np0000162867 devstack@n-api.service[98839]: DEBUG nova.api.openstack.wsgi_app [None req-f89a4d7c-c79e-4cfa-be84-00bda7b8593c None None] host = np0000162867 {{(pid=98839) log_opt_values /opt/stack/data/venv/lib/python3.12/site-packages/oslo_config/cfg.py:2995}}
Apr 02 10:38:57.575620 np0000162867 devstack@n-api.service[98839]: DEBUG nova.api.openstack.wsgi_app [None req-f89a4d7c-c79e-4cfa-be84-00bda7b8593c None None] initial_cpu_allocation_ratio = 4.0 {{(pid=98839) log_opt_values /opt/stack/data/venv/lib/python3.12/site-packages/oslo_config/cfg.py:2995}}
Apr 02 10:38:57.576261 np0000162867 devstack@n-api.service[98839]: DEBUG nova.api.openstack.wsgi_app [None req-f89a4d7c-c79e-4cfa-be84-00bda7b8593c None None] initial_disk_allocation_ratio = 1.0 {{(pid=98839) log_opt_values /opt/stack/data/venv/lib/python3.12/site-packages/oslo_config/cfg.py:2995}}
Apr 02 10:38:57.576261 np0000162867 devstack@n-api.service[98839]: DEBUG nova.api.openstack.wsgi_app [None req-f89a4d7c-c79e-4cfa-be84-00bda7b8593c None None] initial_ram_allocation_ratio = 1.0 {{(pid=98839) log_opt_values /opt/stack/data/venv/lib/python3.12/site-packages/oslo_config/cfg.py:2995}}
Apr 02 10:38:57.576261 np0000162867 devstack@n-api.service[98839]: DEBUG nova.api.openstack.wsgi_app [None req-f89a4d7c-c79e-4cfa-be84-00bda7b8593c None None] injected_network_template = /opt/stack/nova/nova/virt/interfaces.template {{(pid=98839) log_opt_values /opt/stack/data/venv/lib/python3.12/site-packages/oslo_config/cfg.py:2995}}
Apr 02 10:38:57.576261 np0000162867 devstack@n-api.service[98839]: DEBUG nova.api.openstack.wsgi_app [None req-f89a4d7c-c79e-4cfa-be84-00bda7b8593c None None] instance_build_timeout = 0 {{(pid=98839) log_opt_values /opt/stack/data/venv/lib/python3.12/site-packages/oslo_config/cfg.py:2995}}
Apr 02 10:38:57.576557 np0000162867 devstack@n-api.service[98839]: DEBUG nova.api.openstack.wsgi_app [None req-f89a4d7c-c79e-4cfa-be84-00bda7b8593c None None] instance_delete_interval = 300 {{(pid=98839) log_opt_values /opt/stack/data/venv/lib/python3.12/site-packages/oslo_config/cfg.py:2995}}
Apr 02 10:38:57.576557 np0000162867 devstack@n-api.service[98839]: DEBUG nova.api.openstack.wsgi_app [None req-f89a4d7c-c79e-4cfa-be84-00bda7b8593c None None] instance_format = [instance: %(uuid)s] {{(pid=98839) log_opt_values /opt/stack/data/venv/lib/python3.12/site-packages/oslo_config/cfg.py:2995}}
Apr 02 10:38:57.576717 np0000162867 devstack@n-api.service[98839]: DEBUG nova.api.openstack.wsgi_app [None req-f89a4d7c-c79e-4cfa-be84-00bda7b8593c None None] instance_name_template = instance-%08x {{(pid=98839) log_opt_values /opt/stack/data/venv/lib/python3.12/site-packages/oslo_config/cfg.py:2995}}
Apr 02 10:38:57.576836 np0000162867 devstack@n-api.service[98839]: DEBUG nova.api.openstack.wsgi_app [None req-f89a4d7c-c79e-4cfa-be84-00bda7b8593c None None] instance_usage_audit = False {{(pid=98839) log_opt_values /opt/stack/data/venv/lib/python3.12/site-packages/oslo_config/cfg.py:2995}}
