May 26 03:39:35.838560 np0000176384 devstack@neutron-api.service[103944]: DEBUG neutron.common.ovn.hash_ring_manager [None req-70009413-a917-4bb9-a8c7-a7969287d2d8 None None] Allow caching, nodes 4>=4 {{(pid=103944) _wait_startup_before_caching /opt/stack/neutron/neutron/common/ovn/hash_ring_manager.py:65}}
May 26 03:39:35.844491 np0000176384 devstack@neutron-api.service[103944]: DEBUG neutron.common.ovn.hash_ring_manager [None req-70009413-a917-4bb9-a8c7-a7969287d2d8 None None] Hash Ring loaded. 4 active nodes. 0 offline nodes {{(pid=103944) _load_hash_ring /opt/stack/neutron/neutron/common/ovn/hash_ring_manager.py:102}}
May 26 03:39:35.844905 np0000176384 devstack@neutron-api.service[103947]: DEBUG neutron.common.ovn.hash_ring_manager [None req-7449fbc3-7229-4d5c-8358-5c32dc7af2f7 None None] Allow caching, nodes 4>=4 {{(pid=103947) _wait_startup_before_caching /opt/stack/neutron/neutron/common/ovn/hash_ring_manager.py:65}}
May 26 03:39:35.845090 np0000176384 devstack@neutron-api.service[103946]: DEBUG neutron.common.ovn.hash_ring_manager [-] Allow caching, nodes 4>=4 {{(pid=103946) _wait_startup_before_caching /opt/stack/neutron/neutron/common/ovn/hash_ring_manager.py:65}}
May 26 03:39:35.845144 np0000176384 devstack@neutron-api.service[103944]: DEBUG neutron.plugins.ml2.drivers.ovn.mech_driver.ovsdb.ovsdb_monitor [None req-70009413-a917-4bb9-a8c7-a7969287d2d8 None None] Hash Ring: Node 7cf21108dd225dbbb2d36c11036b5dfa (host: np0000176384) handling event "create" for row be373e6a-19e3-4aad-afa6-f6ae178740b8 (table: NB_Global) {{(pid=103944) notify /opt/stack/neutron/neutron/plugins/ml2/drivers/ovn/mech_driver/ovsdb/ovsdb_monitor.py:986}}
May 26 03:39:35.845424 np0000176384 devstack@neutron-api.service[103944]: DEBUG neutron.plugins.ml2.drivers.ovn.mech_driver.ovsdb.ovsdb_monitor [None req-70009413-a917-4bb9-a8c7-a7969287d2d8 None None] Hash Ring: Node 7cf21108dd225dbbb2d36c11036b5dfa (host: np0000176384) handling event "create" for row ad74b99f-5bb5-40af-800d-36f4045545ba (table: Port_Group) {{(pid=103944) notify /opt/stack/neutron/neutron/plugins/ml2/drivers/ovn/mech_driver/ovsdb/ovsdb_monitor.py:986}}
May 26 03:39:35.845468 np0000176384 devstack@neutron-api.service[103946]: DEBUG neutron.plugins.ml2.drivers.ovn.mech_driver.ovsdb.ovsdb_monitor [-] Hash Ring: Node 2ebc3e6acfb0537e8f279efaed3abc8e (host: np0000176384) handling event "update" for row 9a5eb5a4-2f93-4515-9294-45045596b830 (table: Connection) {{(pid=103946) notify /opt/stack/neutron/neutron/plugins/ml2/drivers/ovn/mech_driver/ovsdb/ovsdb_monitor.py:986}}
May 26 03:39:35.845714 np0000176384 devstack@neutron-api.service[103944]: DEBUG neutron.plugins.ml2.drivers.ovn.mech_driver.ovsdb.ovsdb_monitor [None req-70009413-a917-4bb9-a8c7-a7969287d2d8 None None] Hash Ring: Node 7cf21108dd225dbbb2d36c11036b5dfa (host: np0000176384) handling event "create" for row 1ed2dda3-1479-4d57-9233-dc04334a95bf (table: SSL) {{(pid=103944) notify /opt/stack/neutron/neutron/plugins/ml2/drivers/ovn/mech_driver/ovsdb/ovsdb_monitor.py:986}}
May 26 03:39:35.847485 np0000176384 devstack@neutron-api.service[103944]: INFO neutron.plugins.ml2.drivers.ovn.mech_driver.ovsdb.impl_idl_ovn [None req-70009413-a917-4bb9-a8c7-a7969287d2d8 None None] Getting OvsdbSbOvnIdl for WorkerService with retry
May 26 03:39:35.849452 np0000176384 devstack@neutron-api.service[103947]: DEBUG neutron.common.ovn.hash_ring_manager [None req-7449fbc3-7229-4d5c-8358-5c32dc7af2f7 None None] Hash Ring loaded. 4 active nodes. 0 offline nodes {{(pid=103947) _load_hash_ring /opt/stack/neutron/neutron/common/ovn/hash_ring_manager.py:102}}
May 26 03:39:35.849797 np0000176384 devstack@neutron-api.service[103947]: DEBUG neutron.plugins.ml2.drivers.ovn.mech_driver.ovsdb.ovsdb_monitor [None req-7449fbc3-7229-4d5c-8358-5c32dc7af2f7 None None] Hash Ring: Node 4e0ee5f12939539ba9470c186a13a254 (host: np0000176384) handling event "create" for row 9a5eb5a4-2f93-4515-9294-45045596b830 (table: Connection) {{(pid=103947) notify /opt/stack/neutron/neutron/plugins/ml2/drivers/ovn/mech_driver/ovsdb/ovsdb_monitor.py:986}}
May 26 03:39:35.850772 np0000176384 devstack@neutron-api.service[103947]: DEBUG neutron.plugins.ml2.drivers.ovn.mech_driver.ovsdb.ovsdb_monitor [None req-7449fbc3-7229-4d5c-8358-5c32dc7af2f7 None None] Hash Ring: Node 4e0ee5f12939539ba9470c186a13a254 (host: np0000176384) handling event "update" for row 9a5eb5a4-2f93-4515-9294-45045596b830 (table: Connection) {{(pid=103947) notify /opt/stack/neutron/neutron/plugins/ml2/drivers/ovn/mech_driver/ovsdb/ovsdb_monitor.py:986}}
May 26 03:39:35.851934 np0000176384 devstack@neutron-api.service[103947]: INFO neutron.plugins.ml2.drivers.ovn.mech_driver.ovsdb.impl_idl_ovn [None req-7449fbc3-7229-4d5c-8358-5c32dc7af2f7 None None] Getting OvsdbSbOvnIdl for WorkerService with retry
May 26 03:39:35.873482 np0000176384 devstack@neutron-api.service[103945]: DEBUG neutron.common.ovn.hash_ring_manager [None req-e19f2711-c9a9-4f86-818c-ae6fd436d474 None None] Allow caching, nodes 4>=4 {{(pid=103945) _wait_startup_before_caching /opt/stack/neutron/neutron/common/ovn/hash_ring_manager.py:65}}
May 26 03:39:35.878903 np0000176384 devstack@neutron-api.service[103945]: DEBUG neutron.common.ovn.hash_ring_manager [None req-e19f2711-c9a9-4f86-818c-ae6fd436d474 None None] Hash Ring loaded. 4 active nodes. 0 offline nodes {{(pid=103945) _load_hash_ring /opt/stack/neutron/neutron/common/ovn/hash_ring_manager.py:102}}
May 26 03:39:35.879087 np0000176384 devstack@neutron-api.service[103945]: DEBUG neutron.plugins.ml2.drivers.ovn.mech_driver.ovsdb.ovsdb_monitor [None req-e19f2711-c9a9-4f86-818c-ae6fd436d474 None None] ChassisOVNAgentWriteEvent : Matched Chassis_Private, create, None None {{(pid=103945) matches /opt/stack/neutron/neutron/plugins/ml2/drivers/ovn/mech_driver/ovsdb/ovsdb_monitor.py:64}}
May 26 03:39:35.879178 np0000176384 devstack@neutron-api.service[103945]: DEBUG neutron.plugins.ml2.drivers.ovn.mech_driver.ovsdb.ovsdb_monitor [None req-e19f2711-c9a9-4f86-818c-ae6fd436d474 None None] ChassisAgentWriteEvent : Matched Chassis_Private, create, None None {{(pid=103945) matches /opt/stack/neutron/neutron/plugins/ml2/drivers/ovn/mech_driver/ovsdb/ovsdb_monitor.py:64}}
May 26 03:39:35.879297 np0000176384 devstack@neutron-api.service[103947]: DEBUG ovsdbapp.backend.ovs_idl [None req-7449fbc3-7229-4d5c-8358-5c32dc7af2f7 None None] Created lookup_table index Chassis.name {{(pid=103947) autocreate_indices /opt/stack/data/venv/lib/python3.12/site-packages/ovsdbapp/backend/ovs_idl/__init__.py:87}}
May 26 03:39:35.879370 np0000176384 devstack@neutron-api.service[103947]: DEBUG ovsdbapp.backend.ovs_idl [None req-7449fbc3-7229-4d5c-8358-5c32dc7af2f7 None None] Created lookup_table index Port_Binding.logical_port {{(pid=103947) autocreate_indices /opt/stack/data/venv/lib/python3.12/site-packages/ovsdbapp/backend/ovs_idl/__init__.py:87}}
May 26 03:39:35.879484 np0000176384 devstack@neutron-api.service[103947]: DEBUG ovsdbapp.backend.ovs_idl [None req-7449fbc3-7229-4d5c-8358-5c32dc7af2f7 None None] Created schema index Chassis_Private.name {{(pid=103947) autocreate_indices /opt/stack/data/venv/lib/python3.12/site-packages/ovsdbapp/backend/ovs_idl/__init__.py:106}}
May 26 03:39:35.879555 np0000176384 devstack@neutron-api.service[103947]: DEBUG ovsdbapp.backend.ovs_idl [None req-7449fbc3-7229-4d5c-8358-5c32dc7af2f7 None None] Created schema index Datapath_Binding.tunnel_key {{(pid=103947) autocreate_indices /opt/stack/data/venv/lib/python3.12/site-packages/ovsdbapp/backend/ovs_idl/__init__.py:106}}
May 26 03:39:35.880988 np0000176384 devstack@neutron-api.service[103944]: DEBUG ovsdbapp.backend.ovs_idl [None req-70009413-a917-4bb9-a8c7-a7969287d2d8 None None] Created lookup_table index Chassis.name {{(pid=103944) autocreate_indices /opt/stack/data/venv/lib/python3.12/site-packages/ovsdbapp/backend/ovs_idl/__init__.py:87}}
May 26 03:39:35.881121 np0000176384 devstack@neutron-api.service[103944]: DEBUG ovsdbapp.backend.ovs_idl [None req-70009413-a917-4bb9-a8c7-a7969287d2d8 None None] Created lookup_table index Port_Binding.logical_port {{(pid=103944) autocreate_indices /opt/stack/data/venv/lib/python3.12/site-packages/ovsdbapp/backend/ovs_idl/__init__.py:87}}
May 26 03:39:35.881189 np0000176384 devstack@neutron-api.service[103944]: DEBUG ovsdbapp.backend.ovs_idl [None req-70009413-a917-4bb9-a8c7-a7969287d2d8 None None] Created schema index Chassis_Private.name {{(pid=103944) autocreate_indices /opt/stack/data/venv/lib/python3.12/site-packages/ovsdbapp/backend/ovs_idl/__init__.py:106}}
May 26 03:39:35.881252 np0000176384 devstack@neutron-api.service[103944]: DEBUG ovsdbapp.backend.ovs_idl [None req-70009413-a917-4bb9-a8c7-a7969287d2d8 None None] Created schema index Datapath_Binding.tunnel_key {{(pid=103944) autocreate_indices /opt/stack/data/venv/lib/python3.12/site-packages/ovsdbapp/backend/ovs_idl/__init__.py:106}}
May 26 03:39:35.881474 np0000176384 devstack@neutron-api.service[103945]: INFO neutron.plugins.ml2.drivers.ovn.mech_driver.mech_driver [None req-e19f2711-c9a9-4f86-818c-ae6fd436d474 None None] WorkerService process has finished the post initialization
May 26 03:39:35.881650 np0000176384 devstack@neutron-api.service[103947]: INFO ovsdbapp.backend.ovs_idl.vlog [None req-7449fbc3-7229-4d5c-8358-5c32dc7af2f7 None None] ssl:199.204.45.38:6642: connecting...
May 26 03:39:35.883080 np0000176384 devstack@neutron-api.service[103944]: INFO ovsdbapp.backend.ovs_idl.vlog [None req-70009413-a917-4bb9-a8c7-a7969287d2d8 None None] ssl:199.204.45.38:6642: connecting...
May 26 03:39:35.883283 np0000176384 devstack@neutron-api.service[103945]: WSGI app 0 (mountpoint='') ready in 7 seconds on interpreter 0x79b65c2a3668 pid: 103945 (default app)
May 26 03:39:35.886950 np0000176384 devstack@neutron-api.service[103947]: INFO ovsdbapp.backend.ovs_idl.vlog [None req-7449fbc3-7229-4d5c-8358-5c32dc7af2f7 None None] ssl:199.204.45.38:6642: connected
May 26 03:39:35.891057 np0000176384 devstack@neutron-api.service[103944]: INFO ovsdbapp.backend.ovs_idl.vlog [None req-70009413-a917-4bb9-a8c7-a7969287d2d8 None None] ssl:199.204.45.38:6642: connected
May 26 03:39:35.917686 np0000176384 devstack@neutron-api.service[103944]: DEBUG neutron.common.ovn.hash_ring_manager [None req-70009413-a917-4bb9-a8c7-a7969287d2d8 None None] Allow caching, nodes 4>=4 {{(pid=103944) _wait_startup_before_caching /opt/stack/neutron/neutron/common/ovn/hash_ring_manager.py:65}}
May 26 03:39:35.920708 np0000176384 devstack@neutron-api.service[103947]: DEBUG neutron.common.ovn.hash_ring_manager [None req-7449fbc3-7229-4d5c-8358-5c32dc7af2f7 None None] Allow caching, nodes 4>=4 {{(pid=103947) _wait_startup_before_caching /opt/stack/neutron/neutron/common/ovn/hash_ring_manager.py:65}}
May 26 03:39:35.921990 np0000176384 devstack@neutron-api.service[103944]: DEBUG neutron.common.ovn.hash_ring_manager [None req-70009413-a917-4bb9-a8c7-a7969287d2d8 None None] Hash Ring loaded. 4 active nodes. 0 offline nodes {{(pid=103944) _load_hash_ring /opt/stack/neutron/neutron/common/ovn/hash_ring_manager.py:102}}
May 26 03:39:35.922217 np0000176384 devstack@neutron-api.service[103944]: DEBUG neutron.plugins.ml2.drivers.ovn.mech_driver.ovsdb.ovsdb_monitor [None req-70009413-a917-4bb9-a8c7-a7969287d2d8 None None] Hash Ring: Node 7cf21108dd225dbbb2d36c11036b5dfa (host: np0000176384) handling event "create" for row 324f9319-0e7d-4b20-abc1-99a20b6954c5 (table: Chassis) {{(pid=103944) notify /opt/stack/neutron/neutron/plugins/ml2/drivers/ovn/mech_driver/ovsdb/ovsdb_monitor.py:986}}
May 26 03:39:35.923248 np0000176384 devstack@neutron-api.service[103944]: DEBUG ovsdbapp.backend.ovs_idl.event [None req-70009413-a917-4bb9-a8c7-a7969287d2d8 None None] Matched CREATE: ChassisBandwidthConfigEvent(events=('create', 'update'), table='Chassis', conditions=None, old_conditions=None), priority=20 to row=Chassis(uuid=324f9319-0e7d-4b20-abc1-99a20b6954c5, encaps=[904c176c-e63b-4dc3-9220-a00461da52dd], external_ids={}, hostname='np0000176384', name='f64ee6f2-01f1-47fd-ab8c-395d06012bdc', nb_cfg=0, other_config={'ct-commit-nat-v2': 'true', 'ct-commit-to-zone': 'true', 'ct-next-zone': 'true', 'ct-no-masked-label': 'true', 'ct-state-save': 'true', 'datapath-type': 'system', 'fdb-timestamp': 'true', 'iface-types': 'afxdp,afxdp-nonpmd,bareudp,erspan,geneve,gre,gtpu,internal,ip6erspan,ip6gre,lisp,patch,srv6,stt,system,tap,vxlan', 'is-interconn': 'false', 'ls-dpg-column': 'true', 'mac-binding-timestamp': 'true', 'ovn-bridge-mappings': 'public:br-ex', 'ovn-chassis-mac-mappings': '', 'ovn-cms-options': 'enable-chassis-as-gw', 'ovn-ct-lb-related': 'true', 'ovn-enable-lflow-cache': 'true', 'ovn-limit-lflow-cache': '', 'ovn-memlimit-lflow-cache-kb': '', 'ovn-monitor-all': 'false', 'ovn-trim-limit-lflow-cache': '', 'ovn-trim-timeout-ms': '', 'ovn-trim-wmark-perc-lflow-cache': '', 'port-up-notif': 'true'}, transport_zones=[], vtep_logical_switches=[]) old= {{(pid=103944) matches /opt/stack/data/venv/lib/python3.12/site-packages/ovsdbapp/backend/ovs_idl/event.py:55}}
May 26 03:39:35.923941 np0000176384 devstack@neutron-api.service[103944]: DEBUG neutron.plugins.ml2.drivers.ovn.mech_driver.ovsdb.ovsdb_monitor [None req-70009413-a917-4bb9-a8c7-a7969287d2d8 None None] ChassisOVNAgentWriteEvent : Matched Chassis_Private, create, None None {{(pid=103944) matches /opt/stack/neutron/neutron/plugins/ml2/drivers/ovn/mech_driver/ovsdb/ovsdb_monitor.py:64}}
May 26 03:39:35.924134 np0000176384 devstack@neutron-api.service[103944]: DEBUG neutron.plugins.ml2.drivers.ovn.mech_driver.ovsdb.ovsdb_monitor [None req-70009413-a917-4bb9-a8c7-a7969287d2d8 None None] ChassisAgentWriteEvent : Matched Chassis_Private, create, None None {{(pid=103944) matches /opt/stack/neutron/neutron/plugins/ml2/drivers/ovn/mech_driver/ovsdb/ovsdb_monitor.py:64}}
May 26 03:39:35.924503 np0000176384 devstack@neutron-api.service[103944]: DEBUG neutron.plugins.ml2.drivers.ovn.mech_driver.ovsdb.ovsdb_monitor [None req-70009413-a917-4bb9-a8c7-a7969287d2d8 None None] Hash Ring: Node 7cf21108dd225dbbb2d36c11036b5dfa (host: np0000176384) handling event "create" for row 017d63a7-dca4-413d-a12a-0fb8992dc78e (table: Chassis_Private) {{(pid=103944) notify /opt/stack/neutron/neutron/plugins/ml2/drivers/ovn/mech_driver/ovsdb/ovsdb_monitor.py:986}}
May 26 03:39:35.924722 np0000176384 devstack@neutron-api.service[103944]: DEBUG neutron.plugins.ml2.drivers.ovn.mech_driver.ovsdb.ovsdb_monitor [None req-70009413-a917-4bb9-a8c7-a7969287d2d8 None None] Hash Ring: Node 7cf21108dd225dbbb2d36c11036b5dfa (host: np0000176384) handling event "create" for row 904c176c-e63b-4dc3-9220-a00461da52dd (table: Encap) {{(pid=103944) notify /opt/stack/neutron/neutron/plugins/ml2/drivers/ovn/mech_driver/ovsdb/ovsdb_monitor.py:986}}
May 26 03:39:35.924932 np0000176384 devstack@neutron-api.service[103947]: DEBUG neutron.common.ovn.hash_ring_manager [None req-7449fbc3-7229-4d5c-8358-5c32dc7af2f7 None None] Hash Ring loaded. 4 active nodes. 0 offline nodes {{(pid=103947) _load_hash_ring /opt/stack/neutron/neutron/common/ovn/hash_ring_manager.py:102}}
May 26 03:39:35.925173 np0000176384 devstack@neutron-api.service[103947]: DEBUG neutron.plugins.ml2.drivers.ovn.mech_driver.ovsdb.ovsdb_monitor [None req-7449fbc3-7229-4d5c-8358-5c32dc7af2f7 None None] ChassisOVNAgentWriteEvent : Matched Chassis_Private, create, None None {{(pid=103947) matches /opt/stack/neutron/neutron/plugins/ml2/drivers/ovn/mech_driver/ovsdb/ovsdb_monitor.py:64}}
May 26 03:39:35.925283 np0000176384 devstack@neutron-api.service[103947]: DEBUG neutron.plugins.ml2.drivers.ovn.mech_driver.ovsdb.ovsdb_monitor [None req-7449fbc3-7229-4d5c-8358-5c32dc7af2f7 None None] ChassisAgentWriteEvent : Matched Chassis_Private, create, None None {{(pid=103947) matches /opt/stack/neutron/neutron/plugins/ml2/drivers/ovn/mech_driver/ovsdb/ovsdb_monitor.py:64}}
May 26 03:39:35.926133 np0000176384 devstack@neutron-api.service[103944]: INFO neutron.plugins.ml2.drivers.ovn.mech_driver.mech_driver [None req-70009413-a917-4bb9-a8c7-a7969287d2d8 None None] WorkerService process has finished the post initialization
May 26 03:39:35.926774 np0000176384 devstack@neutron-api.service[103944]: INFO neutron.plugins.ml2.drivers.ovn.mech_driver.ovsdb.extensions.qos [-] Starting OVNClientQosExtension
May 26 03:39:35.926922 np0000176384 devstack@neutron-api.service[103944]: INFO neutron.plugins.ml2.drivers.ovn.mech_driver.ovsdb.extensions.placement [-] Starting OVNClientPlacementExtension
May 26 03:39:35.927472 np0000176384 devstack@neutron-api.service[103947]: INFO neutron.plugins.ml2.drivers.ovn.mech_driver.mech_driver [None req-7449fbc3-7229-4d5c-8358-5c32dc7af2f7 None None] WorkerService process has finished the post initialization
May 26 03:39:35.928925 np0000176384 devstack@neutron-api.service[103947]: WSGI app 0 (mountpoint='') ready in 6 seconds on interpreter 0x79b65c2a3668 pid: 103947 (default app)
May 26 03:39:35.929313 np0000176384 devstack@neutron-api.service[103944]: WSGI app 0 (mountpoint='') ready in 7 seconds on interpreter 0x79b65c2a3668 pid: 103944 (default app)
May 26 03:39:40.883681 np0000176384 devstack@neutron-api.service[103946]: DEBUG neutron.plugins.ml2.drivers.ovn.mech_driver.ovsdb.ovsdb_monitor [-] Hash Ring: Node 2ebc3e6acfb0537e8f279efaed3abc8e (host: np0000176384) handling event "update" for row 9a5eb5a4-2f93-4515-9294-45045596b830 (table: Connection) {{(pid=103946) notify /opt/stack/neutron/neutron/plugins/ml2/drivers/ovn/mech_driver/ovsdb/ovsdb_monitor.py:986}}
May 26 03:39:40.885699 np0000176384 devstack@neutron-api.service[103947]: DEBUG neutron.plugins.ml2.drivers.ovn.mech_driver.ovsdb.ovsdb_monitor [-] Hash Ring: Node 4e0ee5f12939539ba9470c186a13a254 (host: np0000176384) handling event "update" for row 9a5eb5a4-2f93-4515-9294-45045596b830 (table: Connection) {{(pid=103947) notify /opt/stack/neutron/neutron/plugins/ml2/drivers/ovn/mech_driver/ovsdb/ovsdb_monitor.py:986}}
May 26 03:39:42.181442 np0000176384 devstack@neutron-api.service[103946]: DEBUG neutron.api.wsgi [None req-a20333c8-94b6-4e74-b966-3c4f937eea76 admin admin] Missing Content-Type {{(pid=103946) get_content_type /opt/stack/neutron/neutron/api/wsgi.py:80}}
May 26 03:39:42.181914 np0000176384 devstack@neutron-api.service[103946]: DEBUG neutron.api.wsgi [None req-a20333c8-94b6-4e74-b966-3c4f937eea76 admin admin] https://199.204.45.38/networking/v2.0/extensions returned with HTTP 200 {{(pid=103946) __call__ /opt/stack/neutron/neutron/api/wsgi.py:540}}
May 26 03:39:42.182641 np0000176384 devstack@neutron-api.service[103946]: [pid: 103946|app: 0|req: 2/2] 199.204.45.38 () {64 vars in 1316 bytes} [Tue May 26 03:39:41 2026] GET /networking/v2.0/extensions => generated 15209 bytes in 285 msecs (HTTP/1.1 200) 4 headers in 159 bytes (1 switches on core 0)
May 26 03:39:42.580630 np0000176384 devstack@neutron-api.service[103945]: DEBUG neutron.api.v2.base [None req-2e347709-820a-4cc5-a332-97cac5c59a9d admin admin] Request body: {'subnetpool': {'default_prefixlen': 26, 'prefixes': ['10.1.0.0/20'], 'is_default': True, 'shared': True, 'name': 'shared-default-subnetpool-v4'}} {{(pid=103945) prepare_request_body /opt/stack/neutron/neutron/api/v2/base.py:727}}
May 26 03:39:42.797871 np0000176384 devstack@neutron-api.service[103945]: DEBUG neutron.policy [None req-2e347709-820a-4cc5-a332-97cac5c59a9d admin admin] Loaded default policies from ['neutron'] under neutron.policies entry points {{(pid=103945) register_rules /opt/stack/neutron/neutron/policy.py:65}}
May 26 03:39:42.977735 np0000176384 devstack@neutron-api.service[103945]: DEBUG neutron_lib.callbacks.manager [None req-2e347709-820a-4cc5-a332-97cac5c59a9d admin admin] Publish callbacks ['neutron.objects.securitygroup.RbacNeutronDbObjectMixin.validate_rbac_policy_change-2582317339183', 'neutron.objects.address_group.RbacNeutronDbObjectMixin.validate_rbac_policy_change-2582317250970', 'neutron.objects.network.RbacNeutronDbObjectMixin.validate_rbac_policy_change-2582330485329', 'neutron.objects.qos.policy.RbacNeutronDbObjectMixin.validate_rbac_policy_change-2582330480988', 'neutron.objects.subnetpool.RbacNeutronDbObjectMixin.validate_rbac_policy_change-2582330537962', 'neutron.objects.address_scope.RbacNeutronDbObjectMixin.validate_rbac_policy_change-2582330497799', 'neutron.plugins.ml2.plugin.External_net_db_mixin._process_ext_policy_create-3172740', 'neutron.plugins.ml2.plugin.NeutronDbPluginV2.validate_network_rbac_policy_change-3385744'] for rbac-policy (None), before_create {{(pid=103945) _notify_loop /opt/stack/data/venv/lib/python3.12/site-packages/neutron_lib/callbacks/manager.py:184}}
May 26 03:39:43.026513 np0000176384 devstack@neutron-api.service[103945]: DEBUG neutron_lib.callbacks.manager [None req-2e347709-820a-4cc5-a332-97cac5c59a9d admin admin] Publish callbacks [] for subnetpool (None), before_response {{(pid=103945) _notify_loop /opt/stack/data/venv/lib/python3.12/site-packages/neutron_lib/callbacks/manager.py:184}}
May 26 03:39:43.027564 np0000176384 devstack@neutron-api.service[103945]: [pid: 103945|app: 0|req: 1/3] 199.204.45.38 () {68 vars in 1360 bytes} [Tue May 26 03:39:42 2026] POST /networking/v2.0/subnetpools => generated 533 bytes in 555 msecs (HTTP/1.1 201) 4 headers in 162 bytes (1 switches on core 0)
May 26 03:39:43.348255 np0000176384 devstack@neutron-api.service[103947]: DEBUG neutron.api.v2.base [None req-8273d65c-2007-4737-b9bf-7f4ba75e57c8 admin admin] Request body: {'subnetpool': {'default_prefixlen': 64, 'prefixes': ['fd16:1f1e:3eba::/56'], 'is_default': True, 'shared': True, 'name': 'shared-default-subnetpool-v6'}} {{(pid=103947) prepare_request_body /opt/stack/neutron/neutron/api/v2/base.py:727}}
May 26 03:39:43.525930 np0000176384 devstack@neutron-api.service[103947]: DEBUG neutron.policy [None req-8273d65c-2007-4737-b9bf-7f4ba75e57c8 admin admin] Loaded default policies from ['neutron'] under neutron.policies entry points {{(pid=103947) register_rules /opt/stack/neutron/neutron/policy.py:65}}
May 26 03:39:43.672552 np0000176384 devstack@neutron-api.service[103947]: DEBUG neutron_lib.callbacks.manager [None req-8273d65c-2007-4737-b9bf-7f4ba75e57c8 admin admin] Publish callbacks ['neutron.objects.securitygroup.RbacNeutronDbObjectMixin.validate_rbac_policy_change-2582317339183', 'neutron.objects.address_group.RbacNeutronDbObjectMixin.validate_rbac_policy_change-2582317250970', 'neutron.objects.network.RbacNeutronDbObjectMixin.validate_rbac_policy_change-2582330485978', 'neutron.objects.qos.policy.RbacNeutronDbObjectMixin.validate_rbac_policy_change-2582330502917', 'neutron.objects.subnetpool.RbacNeutronDbObjectMixin.validate_rbac_policy_change-2582330518172', 'neutron.objects.address_scope.RbacNeutronDbObjectMixin.validate_rbac_policy_change-2582330511403', 'neutron.plugins.ml2.plugin.External_net_db_mixin._process_ext_policy_create-3149966', 'neutron.plugins.ml2.plugin.NeutronDbPluginV2.validate_network_rbac_policy_change-3167482'] for rbac-policy (None), before_create {{(pid=103947) _notify_loop /opt/stack/data/venv/lib/python3.12/site-packages/neutron_lib/callbacks/manager.py:184}}
May 26 03:39:43.718879 np0000176384 devstack@neutron-api.service[103947]: DEBUG neutron_lib.callbacks.manager [None req-8273d65c-2007-4737-b9bf-7f4ba75e57c8 admin admin] Publish callbacks [] for subnetpool (None), before_response {{(pid=103947) _notify_loop /opt/stack/data/venv/lib/python3.12/site-packages/neutron_lib/callbacks/manager.py:184}}
May 26 03:39:43.719945 np0000176384 devstack@neutron-api.service[103947]: [pid: 103947|app: 0|req: 1/4] 199.204.45.38 () {68 vars in 1360 bytes} [Tue May 26 03:39:43 2026] POST /networking/v2.0/subnetpools => generated 543 bytes in 480 msecs (HTTP/1.1 201) 4 headers in 162 bytes (1 switches on core 0)
May 26 03:39:44.153186 np0000176384 devstack@neutron-api.service[103944]: DEBUG neutron.api.v2.base [None req-9d483396-1f7c-4cb0-b196-7c8aa41a027b admin admin] Request body: {'network': {'name': 'private', 'admin_state_up': True}} {{(pid=103944) prepare_request_body /opt/stack/neutron/neutron/api/v2/base.py:727}}
May 26 03:39:44.187595 np0000176384 devstack@neutron-api.service[103944]: DEBUG neutron.pecan_wsgi.hooks.quota_enforcement [None req-9d483396-1f7c-4cb0-b196-7c8aa41a027b admin admin] Made reservation on behalf of 4dea26038ebc410db6ba8df8ea79d1d4 for: {'network': 1} {{(pid=103944) before /opt/stack/neutron/neutron/pecan_wsgi/hooks/quota_enforcement.py:66}}
May 26 03:39:44.367803 np0000176384 devstack@neutron-api.service[103944]: DEBUG neutron.policy [None req-9d483396-1f7c-4cb0-b196-7c8aa41a027b admin admin] Loaded default policies from ['neutron'] under neutron.policies entry points {{(pid=103944) register_rules /opt/stack/neutron/neutron/policy.py:65}}
May 26 03:39:44.472326 np0000176384 devstack@neutron-api.service[103944]: DEBUG neutron_lib.callbacks.manager [None req-9d483396-1f7c-4cb0-b196-7c8aa41a027b admin admin] Publish callbacks ['neutron.plugins.ml2.plugin.SecurityGroupDbMixin._ensure_default_security_group_handler-234089'] for network (None), before_create {{(pid=103944) _notify_loop /opt/stack/data/venv/lib/python3.12/site-packages/neutron_lib/callbacks/manager.py:184}}
May 26 03:39:44.492422 np0000176384 devstack@neutron-api.service[103944]: DEBUG neutron_lib.callbacks.manager [None req-9d483396-1f7c-4cb0-b196-7c8aa41a027b admin admin] Publish callbacks [] for security_group (None), before_create {{(pid=103944) _notify_loop /opt/stack/data/venv/lib/python3.12/site-packages/neutron_lib/callbacks/manager.py:184}}
May 26 03:39:44.587921 np0000176384 devstack@neutron-api.service[103944]: DEBUG neutron_lib.callbacks.manager [None req-9d483396-1f7c-4cb0-b196-7c8aa41a027b admin admin] Publish callbacks ['neutron.plugins.ml2.drivers.ovn.mech_driver.mech_driver.OVNMechanismDriver._create_security_group_precommit-1956429'] for security_group (7958dcb3-4204-4d26-9331-03b790e2f2ab), precommit_create {{(pid=103944) _notify_loop /opt/stack/data/venv/lib/python3.12/site-packages/neutron_lib/callbacks/manager.py:184}}
May 26 03:39:44.588162 np0000176384 devstack@neutron-api.service[103944]: DEBUG neutron.db.ovn_revision_numbers_db [None req-9d483396-1f7c-4cb0-b196-7c8aa41a027b admin admin] create_initial_revision uuid=7958dcb3-4204-4d26-9331-03b790e2f2ab, type=security_groups, rev=-1 {{(pid=103944) create_initial_revision /opt/stack/neutron/neutron/db/ovn_revision_numbers_db.py:98}}
May 26 03:39:44.590549 np0000176384 devstack@neutron-api.service[103944]: DEBUG neutron.db.ovn_revision_numbers_db [None req-9d483396-1f7c-4cb0-b196-7c8aa41a027b admin admin] create_initial_revision uuid=252d4a8d-2aa8-4914-841b-2d405d6a5165, type=security_group_rules, rev=-1 {{(pid=103944) create_initial_revision /opt/stack/neutron/neutron/db/ovn_revision_numbers_db.py:98}}
May 26 03:39:44.591536 np0000176384 devstack@neutron-api.service[103944]: DEBUG neutron.db.ovn_revision_numbers_db [None req-9d483396-1f7c-4cb0-b196-7c8aa41a027b admin admin] create_initial_revision uuid=97cc0945-3492-4367-b69e-ebd7a03c9481, type=security_group_rules, rev=-1 {{(pid=103944) create_initial_revision /opt/stack/neutron/neutron/db/ovn_revision_numbers_db.py:98}}
May 26 03:39:44.592443 np0000176384 devstack@neutron-api.service[103944]: DEBUG neutron.db.ovn_revision_numbers_db [None req-9d483396-1f7c-4cb0-b196-7c8aa41a027b admin admin] create_initial_revision uuid=9d1c258e-a0b7-4539-b367-fa91085baafb, type=security_group_rules, rev=-1 {{(pid=103944) create_initial_revision /opt/stack/neutron/neutron/db/ovn_revision_numbers_db.py:98}}
May 26 03:39:44.593367 np0000176384 devstack@neutron-api.service[103944]: DEBUG neutron.db.ovn_revision_numbers_db [None req-9d483396-1f7c-4cb0-b196-7c8aa41a027b admin admin] create_initial_revision uuid=d2819396-9894-4e5e-93a9-3f9dc45fb08c, type=security_group_rules, rev=-1 {{(pid=103944) create_initial_revision /opt/stack/neutron/neutron/db/ovn_revision_numbers_db.py:98}}
May 26 03:39:44.599713 np0000176384 devstack@neutron-api.service[103944]: DEBUG neutron_lib.callbacks.manager [None req-9d483396-1f7c-4cb0-b196-7c8aa41a027b admin admin] Publish callbacks ['neutron.plugins.ml2.drivers.ovn.mech_driver.mech_driver.OVNMechanismDriver._create_security_group-1956443', 'neutron.plugins.ml2.ovo_rpc._ObjectChangeHandler.handle_event-7162722'] for security_group (7958dcb3-4204-4d26-9331-03b790e2f2ab), after_create {{(pid=103944) _notify_loop /opt/stack/data/venv/lib/python3.12/site-packages/neutron_lib/callbacks/manager.py:184}}
May 26 03:39:44.601319 np0000176384 devstack@neutron-api.service[103944]: DEBUG ovsdbapp.backend.ovs_idl.transaction [-] Running txn n=1 command(idx=0): PgAddCommand(_result=None, name=pg_7958dcb3_4204_4d26_9331_03b790e2f2ab, may_exist=False, columns={'acls': [], 'external_ids': {'neutron:security_group_id': '7958dcb3-4204-4d26-9331-03b790e2f2ab'}}) {{(pid=103944) do_commit /opt/stack/data/venv/lib/python3.12/site-packages/ovsdbapp/backend/ovs_idl/transaction.py:89}}
May 26 03:39:44.603498 np0000176384 devstack@neutron-api.service[103944]: DEBUG ovsdbapp.backend.ovs_idl.transaction [-] Running txn n=1 command(idx=1): PgAclAddCommand(_result=None, entity=pg_7958dcb3_4204_4d26_9331_03b790e2f2ab, direction=to-lport, priority=1002, match=outport == @pg_7958dcb3_4204_4d26_9331_03b790e2f2ab && ip6 && ip6.src == $pg_7958dcb3_4204_4d26_9331_03b790e2f2ab_ip6, action=allow-related, log=False, may_exist=True, severity=[], name=[], meter=[], external_ids={'neutron:security_group_rule_id': '252d4a8d-2aa8-4914-841b-2d405d6a5165'}) {{(pid=103944) do_commit /opt/stack/data/venv/lib/python3.12/site-packages/ovsdbapp/backend/ovs_idl/transaction.py:89}}
May 26 03:39:44.603997 np0000176384 devstack@neutron-api.service[103944]: DEBUG ovsdbapp.backend.ovs_idl.transaction [-] Running txn n=1 command(idx=2): PgAclAddCommand(_result=None, entity=pg_7958dcb3_4204_4d26_9331_03b790e2f2ab, direction=from-lport, priority=1002, match=inport == @pg_7958dcb3_4204_4d26_9331_03b790e2f2ab && ip6, action=allow-related, log=False, may_exist=True, severity=[], name=[], meter=[], external_ids={'neutron:security_group_rule_id': '97cc0945-3492-4367-b69e-ebd7a03c9481'}) {{(pid=103944) do_commit /opt/stack/data/venv/lib/python3.12/site-packages/ovsdbapp/backend/ovs_idl/transaction.py:89}}
May 26 03:39:44.604366 np0000176384 devstack@neutron-api.service[103944]: DEBUG ovsdbapp.backend.ovs_idl.transaction [-] Running txn n=1 command(idx=3): PgAclAddCommand(_result=None, entity=pg_7958dcb3_4204_4d26_9331_03b790e2f2ab, direction=from-lport, priority=1002, match=inport == @pg_7958dcb3_4204_4d26_9331_03b790e2f2ab && ip4, action=allow-related, log=False, may_exist=True, severity=[], name=[], meter=[], external_ids={'neutron:security_group_rule_id': '9d1c258e-a0b7-4539-b367-fa91085baafb'}) {{(pid=103944) do_commit /opt/stack/data/venv/lib/python3.12/site-packages/ovsdbapp/backend/ovs_idl/transaction.py:89}}
May 26 03:39:44.604713 np0000176384 devstack@neutron-api.service[103944]: DEBUG ovsdbapp.backend.ovs_idl.transaction [-] Running txn n=1 command(idx=4): PgAclAddCommand(_result=None, entity=pg_7958dcb3_4204_4d26_9331_03b790e2f2ab, direction=to-lport, priority=1002, match=outport == @pg_7958dcb3_4204_4d26_9331_03b790e2f2ab && ip4 && ip4.src == $pg_7958dcb3_4204_4d26_9331_03b790e2f2ab_ip4, action=allow-related, log=False, may_exist=True, severity=[], name=[], meter=[], external_ids={'neutron:security_group_rule_id': 'd2819396-9894-4e5e-93a9-3f9dc45fb08c'}) {{(pid=103944) do_commit /opt/stack/data/venv/lib/python3.12/site-packages/ovsdbapp/backend/ovs_idl/transaction.py:89}}
May 26 03:39:44.650091 np0000176384 devstack@neutron-api.service[103944]: DEBUG neutron.plugins.ml2.drivers.ovn.mech_driver.ovsdb.ovsdb_monitor [-] Hash Ring: Node 7cf21108dd225dbbb2d36c11036b5dfa (host: np0000176384) handling event "create" for row 2b4bb8e3-631f-4043-9f77-34e7853d48b9 (table: ACL) {{(pid=103944) notify /opt/stack/neutron/neutron/plugins/ml2/drivers/ovn/mech_driver/ovsdb/ovsdb_monitor.py:986}}
May 26 03:39:44.650532 np0000176384 devstack@neutron-api.service[103944]: DEBUG neutron.plugins.ml2.drivers.ovn.mech_driver.ovsdb.ovsdb_monitor [-] Hash Ring: Node 7cf21108dd225dbbb2d36c11036b5dfa (host: np0000176384) handling event "create" for row 9c41f4ee-9f86-47a8-b39b-d85dfec45aff (table: Port_Group) {{(pid=103944) notify /opt/stack/neutron/neutron/plugins/ml2/drivers/ovn/mech_driver/ovsdb/ovsdb_monitor.py:986}}
May 26 03:39:44.650754 np0000176384 devstack@neutron-api.service[103946]: DEBUG neutron.plugins.ml2.drivers.ovn.mech_driver.ovsdb.ovsdb_monitor [-] Hash Ring: Node 2ebc3e6acfb0537e8f279efaed3abc8e (host: np0000176384) handling event "create" for row 04f3c184-5179-429d-a4ba-05e847d44c32 (table: ACL) {{(pid=103946) notify /opt/stack/neutron/neutron/plugins/ml2/drivers/ovn/mech_driver/ovsdb/ovsdb_monitor.py:986}}
May 26 03:39:44.651198 np0000176384 devstack@neutron-api.service[103946]: DEBUG neutron.plugins.ml2.drivers.ovn.mech_driver.ovsdb.ovsdb_monitor [-] Hash Ring: Node 2ebc3e6acfb0537e8f279efaed3abc8e (host: np0000176384) handling event "create" for row 2b4bb8e3-631f-4043-9f77-34e7853d48b9 (table: ACL) {{(pid=103946) notify /opt/stack/neutron/neutron/plugins/ml2/drivers/ovn/mech_driver/ovsdb/ovsdb_monitor.py:986}}
May 26 03:39:44.651198 np0000176384 devstack@neutron-api.service[103946]: DEBUG neutron.plugins.ml2.drivers.ovn.mech_driver.ovsdb.ovsdb_monitor [-] Hash Ring: Node 2ebc3e6acfb0537e8f279efaed3abc8e (host: np0000176384) handling event "create" for row 330acc48-185d-442c-945c-dd4a24c19329 (table: ACL) {{(pid=103946) notify /opt/stack/neutron/neutron/plugins/ml2/drivers/ovn/mech_driver/ovsdb/ovsdb_monitor.py:986}}
May 26 03:39:44.651337 np0000176384 devstack@neutron-api.service[103946]: DEBUG neutron.plugins.ml2.drivers.ovn.mech_driver.ovsdb.ovsdb_monitor [-] Hash Ring: Node 2ebc3e6acfb0537e8f279efaed3abc8e (host: np0000176384) handling event "create" for row 9df39739-0644-4b00-b580-e2d4a4f4e04e (table: ACL) {{(pid=103946) notify /opt/stack/neutron/neutron/plugins/ml2/drivers/ovn/mech_driver/ovsdb/ovsdb_monitor.py:986}}
May 26 03:39:44.651476 np0000176384 devstack@neutron-api.service[103946]: DEBUG neutron.plugins.ml2.drivers.ovn.mech_driver.ovsdb.ovsdb_monitor [-] Hash Ring: Node 2ebc3e6acfb0537e8f279efaed3abc8e (host: np0000176384) handling event "create" for row 9c41f4ee-9f86-47a8-b39b-d85dfec45aff (table: Port_Group) {{(pid=103946) notify /opt/stack/neutron/neutron/plugins/ml2/drivers/ovn/mech_driver/ovsdb/ovsdb_monitor.py:986}}
May 26 03:39:44.654852 np0000176384 devstack@neutron-api.service[103947]: DEBUG neutron.plugins.ml2.drivers.ovn.mech_driver.ovsdb.ovsdb_monitor [-] Hash Ring: Node 4e0ee5f12939539ba9470c186a13a254 (host: np0000176384) handling event "create" for row 04f3c184-5179-429d-a4ba-05e847d44c32 (table: ACL) {{(pid=103947) notify /opt/stack/neutron/neutron/plugins/ml2/drivers/ovn/mech_driver/ovsdb/ovsdb_monitor.py:986}}
May 26 03:39:44.683092 np0000176384 devstack@neutron-api.service[103944]: INFO neutron.db.ovn_revision_numbers_db [None req-9d483396-1f7c-4cb0-b196-7c8aa41a027b admin admin] Successfully bumped revision number for resource 7958dcb3-4204-4d26-9331-03b790e2f2ab (type: security_groups) to 1
May 26 03:39:44.700944 np0000176384 devstack@neutron-api.service[103944]: INFO neutron.db.ovn_revision_numbers_db [None req-9d483396-1f7c-4cb0-b196-7c8aa41a027b admin admin] Successfully bumped revision number for resource 252d4a8d-2aa8-4914-841b-2d405d6a5165 (type: security_group_rules) to 0
May 26 03:39:44.714761 np0000176384 devstack@neutron-api.service[103944]: INFO neutron.db.ovn_revision_numbers_db [None req-9d483396-1f7c-4cb0-b196-7c8aa41a027b admin admin] Successfully bumped revision number for resource 97cc0945-3492-4367-b69e-ebd7a03c9481 (type: security_group_rules) to 0
May 26 03:39:44.728320 np0000176384 devstack@neutron-api.service[103944]: INFO neutron.db.ovn_revision_numbers_db [None req-9d483396-1f7c-4cb0-b196-7c8aa41a027b admin admin] Successfully bumped revision number for resource 9d1c258e-a0b7-4539-b367-fa91085baafb (type: security_group_rules) to 0
May 26 03:39:44.743427 np0000176384 devstack@neutron-api.service[103944]: INFO neutron.db.ovn_revision_numbers_db [None req-9d483396-1f7c-4cb0-b196-7c8aa41a027b admin admin] Successfully bumped revision number for resource d2819396-9894-4e5e-93a9-3f9dc45fb08c (type: security_group_rules) to 0
May 26 03:39:44.767323 np0000176384 devstack@neutron-api.service[103944]: DEBUG neutron.api.rpc.handlers.resources_rpc [None req-9d483396-1f7c-4cb0-b196-7c8aa41a027b admin admin] Pushing event updated for resources: {'SecurityGroup': ['ID=7958dcb3-4204-4d26-9331-03b790e2f2ab,revision_number=1']} {{(pid=103944) push /opt/stack/neutron/neutron/api/rpc/handlers/resources_rpc.py:237}}
May 26 03:39:44.776987 np0000176384 devstack@neutron-api.service[103944]: DEBUG ovsdbapp.backend.ovs_idl.transaction [-] Running txn n=1 command(idx=0): CheckLivenessCommand(_result=None) {{(pid=103944) do_commit /opt/stack/data/venv/lib/python3.12/site-packages/ovsdbapp/backend/ovs_idl/transaction.py:89}}
May 26 03:39:44.781538 np0000176384 devstack@neutron-api.service[103944]: DEBUG neutron.plugins.ml2.drivers.ovn.mech_driver.ovsdb.ovsdb_monitor [-] Hash Ring: Node 7cf21108dd225dbbb2d36c11036b5dfa (host: np0000176384) handling event "update" for row be373e6a-19e3-4aad-afa6-f6ae178740b8 (table: NB_Global) {{(pid=103944) notify /opt/stack/neutron/neutron/plugins/ml2/drivers/ovn/mech_driver/ovsdb/ovsdb_monitor.py:986}}
May 26 03:39:44.784391 np0000176384 devstack@neutron-api.service[103944]: DEBUG neutron.plugins.ml2.drivers.ovn.mech_driver.ovsdb.ovsdb_monitor [-] Hash Ring: Node 7cf21108dd225dbbb2d36c11036b5dfa (host: np0000176384) handling event "update" for row be373e6a-19e3-4aad-afa6-f6ae178740b8 (table: NB_Global) {{(pid=103944) notify /opt/stack/neutron/neutron/plugins/ml2/drivers/ovn/mech_driver/ovsdb/ovsdb_monitor.py:986}}
May 26 03:39:44.784622 np0000176384 devstack@neutron-api.service[103946]: DEBUG neutron.plugins.ml2.drivers.ovn.mech_driver.ovsdb.ovsdb_monitor [-] Hash Ring: Node 2ebc3e6acfb0537e8f279efaed3abc8e (host: np0000176384) handling event "update" for row be373e6a-19e3-4aad-afa6-f6ae178740b8 (table: NB_Global) {{(pid=103946) notify /opt/stack/neutron/neutron/plugins/ml2/drivers/ovn/mech_driver/ovsdb/ovsdb_monitor.py:986}}
May 26 03:39:44.785915 np0000176384 devstack@neutron-api.service[103944]: DEBUG neutron.plugins.ml2.drivers.ovn.mech_driver.ovsdb.ovsdb_monitor [-] Hash Ring: Node 7cf21108dd225dbbb2d36c11036b5dfa (host: np0000176384) handling event "update" for row be373e6a-19e3-4aad-afa6-f6ae178740b8 (table: NB_Global) {{(pid=103944) notify /opt/stack/neutron/neutron/plugins/ml2/drivers/ovn/mech_driver/ovsdb/ovsdb_monitor.py:986}}
May 26 03:39:44.786622 np0000176384 devstack@neutron-api.service[103946]: DEBUG neutron.plugins.ml2.drivers.ovn.mech_driver.ovsdb.ovsdb_monitor [-] ChassisAgentWriteEvent : Matched Chassis_Private, update, None None {{(pid=103946) matches /opt/stack/neutron/neutron/plugins/ml2/drivers/ovn/mech_driver/ovsdb/ovsdb_monitor.py:64}}
May 26 03:39:44.787401 np0000176384 devstack@neutron-api.service[103944]: DEBUG neutron.plugins.ml2.drivers.ovn.mech_driver.ovsdb.ovsdb_monitor [-] ChassisAgentWriteEvent : Matched Chassis_Private, update, None None {{(pid=103944) matches /opt/stack/neutron/neutron/plugins/ml2/drivers/ovn/mech_driver/ovsdb/ovsdb_monitor.py:64}}
May 26 03:39:44.788204 np0000176384 devstack@neutron-api.service[103944]: DEBUG neutron.plugins.ml2.drivers.ovn.mech_driver.ovsdb.ovsdb_monitor [-] Hash Ring: Node 7cf21108dd225dbbb2d36c11036b5dfa (host: np0000176384) handling event "update" for row 017d63a7-dca4-413d-a12a-0fb8992dc78e (table: Chassis_Private) {{(pid=103944) notify /opt/stack/neutron/neutron/plugins/ml2/drivers/ovn/mech_driver/ovsdb/ovsdb_monitor.py:986}}
May 26 03:39:44.788204 np0000176384 devstack@neutron-api.service[103944]: DEBUG neutron.plugins.ml2.drivers.ovn.mech_driver.ovsdb.ovsdb_monitor [-] Hash Ring: Node 7cf21108dd225dbbb2d36c11036b5dfa (host: np0000176384) handling event "update" for row be373e6a-19e3-4aad-afa6-f6ae178740b8 (table: NB_Global) {{(pid=103944) notify /opt/stack/neutron/neutron/plugins/ml2/drivers/ovn/mech_driver/ovsdb/ovsdb_monitor.py:986}}
May 26 03:39:44.789701 np0000176384 devstack@neutron-api.service[103947]: DEBUG neutron.plugins.ml2.drivers.ovn.mech_driver.ovsdb.ovsdb_monitor [-] ChassisAgentWriteEvent : Matched Chassis_Private, update, None None {{(pid=103947) matches /opt/stack/neutron/neutron/plugins/ml2/drivers/ovn/mech_driver/ovsdb/ovsdb_monitor.py:64}}
May 26 03:39:44.789806 np0000176384 devstack@neutron-api.service[103946]: DEBUG neutron.plugins.ml2.drivers.ovn.mech_driver.ovsdb.ovsdb_monitor [-] Hash Ring: Node 2ebc3e6acfb0537e8f279efaed3abc8e (host: np0000176384) handling event "update" for row be373e6a-19e3-4aad-afa6-f6ae178740b8 (table: NB_Global) {{(pid=103946) notify /opt/stack/neutron/neutron/plugins/ml2/drivers/ovn/mech_driver/ovsdb/ovsdb_monitor.py:986}}
May 26 03:39:44.792334 np0000176384 devstack@neutron-api.service[103945]: DEBUG neutron.plugins.ml2.drivers.ovn.mech_driver.ovsdb.ovsdb_monitor [-] ChassisAgentWriteEvent : Matched Chassis_Private, update, None None {{(pid=103945) matches /opt/stack/neutron/neutron/plugins/ml2/drivers/ovn/mech_driver/ovsdb/ovsdb_monitor.py:64}}
May 26 03:39:44.793077 np0000176384 devstack@neutron-api.service[103944]: DEBUG neutron.api.rpc.callbacks.version_manager [None req-9d483396-1f7c-4cb0-b196-7c8aa41a027b admin admin] Tracked resource versions report:
May 26 03:39:44.793077 np0000176384 devstack@neutron-api.service[103944]: pushed versions:
May 26 03:39:44.793077 np0000176384 devstack@neutron-api.service[103944]: { 'AddressGroup': {'1.2'},
May 26 03:39:44.793077 np0000176384 devstack@neutron-api.service[103944]: 'Agent': {'1.1'},
May 26 03:39:44.793077 np0000176384 devstack@neutron-api.service[103944]: 'ConntrackHelper': {'1.0'},
May 26 03:39:44.793077 np0000176384 devstack@neutron-api.service[103944]: 'LocalIPAssociation': {'1.0'},
May 26 03:39:44.793077 np0000176384 devstack@neutron-api.service[103944]: 'Log': {'1.0'},
May 26 03:39:44.793077 np0000176384 devstack@neutron-api.service[103944]: 'NDPProxy': {'1.0'},
May 26 03:39:44.793077 np0000176384 devstack@neutron-api.service[103944]: 'Network': {'1.2'},
May 26 03:39:44.793077 np0000176384 devstack@neutron-api.service[103944]: 'Port': {'1.10'},
May 26 03:39:44.793077 np0000176384 devstack@neutron-api.service[103944]: 'PortForwarding': {'1.3'},
May 26 03:39:44.793077 np0000176384 devstack@neutron-api.service[103944]: 'QosPolicy': {'1.10'},
May 26 03:39:44.793077 np0000176384 devstack@neutron-api.service[103944]: 'SecurityGroup': {'1.6'},
May 26 03:39:44.793077 np0000176384 devstack@neutron-api.service[103944]: 'SecurityGroupRule': {'1.3'},
May 26 03:39:44.793077 np0000176384 devstack@neutron-api.service[103944]: 'SubPort': {'1.0'},
May 26 03:39:44.793077 np0000176384 devstack@neutron-api.service[103944]: 'Subnet': {'1.2'},
May 26 03:39:44.793077 np0000176384 devstack@neutron-api.service[103944]: 'Trunk': {'1.1'}}
May 26 03:39:44.793077 np0000176384 devstack@neutron-api.service[103944]: consumer versions:
May 26 03:39:44.793077 np0000176384 devstack@neutron-api.service[103944]: {OVN Controller Gateway agent@np0000176384: {}}
May 26 03:39:44.793077 np0000176384 devstack@neutron-api.service[103944]: {{(pid=103944) report /opt/stack/neutron/neutron/api/rpc/callbacks/version_manager.py:183}}
May 26 03:39:44.793573 np0000176384 devstack@neutron-api.service[103946]: DEBUG neutron.plugins.ml2.drivers.ovn.mech_driver.ovsdb.ovsdb_monitor [-] Hash Ring: Node 2ebc3e6acfb0537e8f279efaed3abc8e (host: np0000176384) handling event "update" for row be373e6a-19e3-4aad-afa6-f6ae178740b8 (table: NB_Global) {{(pid=103946) notify /opt/stack/neutron/neutron/plugins/ml2/drivers/ovn/mech_driver/ovsdb/ovsdb_monitor.py:986}}
May 26 03:39:44.793695 np0000176384 devstack@neutron-api.service[103946]: DEBUG neutron.plugins.ml2.drivers.ovn.mech_driver.ovsdb.ovsdb_monitor [-] Hash Ring: Node 2ebc3e6acfb0537e8f279efaed3abc8e (host: np0000176384) handling event "update" for row be373e6a-19e3-4aad-afa6-f6ae178740b8 (table: NB_Global) {{(pid=103946) notify /opt/stack/neutron/neutron/plugins/ml2/drivers/ovn/mech_driver/ovsdb/ovsdb_monitor.py:986}}
May 26 03:39:44.796393 np0000176384 devstack@neutron-api.service[103946]: DEBUG neutron.common.ovn.hash_ring_manager [-] Allow caching, nodes 4>=4 {{(pid=103946) _wait_startup_before_caching /opt/stack/neutron/neutron/common/ovn/hash_ring_manager.py:65}}
May 26 03:39:44.796633 np0000176384 devstack@neutron-api.service[103945]: DEBUG neutron.plugins.ml2.drivers.ovn.mech_driver.ovsdb.ovsdb_monitor [-] ChassisOVNAgentWriteEvent : Matched Chassis_Private, update, None None {{(pid=103945) matches /opt/stack/neutron/neutron/plugins/ml2/drivers/ovn/mech_driver/ovsdb/ovsdb_monitor.py:64}}
May 26 03:39:44.796730 np0000176384 devstack@neutron-api.service[103946]: DEBUG neutron.plugins.ml2.drivers.ovn.mech_driver.ovsdb.ovsdb_monitor [-] Hash Ring: Node 2ebc3e6acfb0537e8f279efaed3abc8e (host: np0000176384) handling event "update" for row 017d63a7-dca4-413d-a12a-0fb8992dc78e (table: Chassis_Private) {{(pid=103946) notify /opt/stack/neutron/neutron/plugins/ml2/drivers/ovn/mech_driver/ovsdb/ovsdb_monitor.py:986}}
May 26 03:39:44.797299 np0000176384 devstack@neutron-api.service[103947]: DEBUG neutron.plugins.ml2.drivers.ovn.mech_driver.ovsdb.ovsdb_monitor [-] ChassisOVNAgentWriteEvent : Matched Chassis_Private, update, None None {{(pid=103947) matches /opt/stack/neutron/neutron/plugins/ml2/drivers/ovn/mech_driver/ovsdb/ovsdb_monitor.py:64}}
May 26 03:39:44.797426 np0000176384 devstack@neutron-api.service[103946]: DEBUG neutron.plugins.ml2.drivers.ovn.mech_driver.ovsdb.ovsdb_monitor [-] ChassisOVNAgentWriteEvent : Matched Chassis_Private, update, None None {{(pid=103946) matches /opt/stack/neutron/neutron/plugins/ml2/drivers/ovn/mech_driver/ovsdb/ovsdb_monitor.py:64}}
May 26 03:39:44.797690 np0000176384 devstack@neutron-api.service[103946]: DEBUG neutron.plugins.ml2.drivers.ovn.mech_driver.ovsdb.ovsdb_monitor [-] Hash Ring: Node 2ebc3e6acfb0537e8f279efaed3abc8e (host: np0000176384) handling event "update" for row 017d63a7-dca4-413d-a12a-0fb8992dc78e (table: Chassis_Private) {{(pid=103946) notify /opt/stack/neutron/neutron/plugins/ml2/drivers/ovn/mech_driver/ovsdb/ovsdb_monitor.py:986}}
May 26 03:39:44.799810 np0000176384 devstack@neutron-api.service[103944]: DEBUG neutron.plugins.ml2.drivers.ovn.mech_driver.ovsdb.ovsdb_monitor [-] ChassisOVNAgentWriteEvent : Matched Chassis_Private, update, None None {{(pid=103944) matches /opt/stack/neutron/neutron/plugins/ml2/drivers/ovn/mech_driver/ovsdb/ovsdb_monitor.py:64}}
May 26 03:39:44.800842 np0000176384 devstack@neutron-api.service[103944]: DEBUG neutron.plugins.ml2.drivers.ovn.mech_driver.ovsdb.ovsdb_monitor [-] Hash Ring: Node 7cf21108dd225dbbb2d36c11036b5dfa (host: np0000176384) handling event "update" for row 017d63a7-dca4-413d-a12a-0fb8992dc78e (table: Chassis_Private) {{(pid=103944) notify /opt/stack/neutron/neutron/plugins/ml2/drivers/ovn/mech_driver/ovsdb/ovsdb_monitor.py:986}}
May 26 03:39:44.853520 np0000176384 devstack@neutron-api.service[103944]: DEBUG neutron.plugins.ml2.drivers.helpers [None req-9d483396-1f7c-4cb0-b196-7c8aa41a027b admin admin] geneve segment allocate from pool success with {'geneve_vni': 22989} {{(pid=103944) allocate_partially_specified_segment /opt/stack/neutron/neutron/plugins/ml2/drivers/helpers.py:142}}
May 26 03:39:44.867261 np0000176384 devstack@neutron-api.service[103944]: DEBUG neutron_lib.callbacks.manager [None req-9d483396-1f7c-4cb0-b196-7c8aa41a027b admin admin] Publish callbacks ['neutron.services.segments.db._add_segment_host_mapping_for_segment-8364001462786', 'neutron.plugins.ml2.plugin.Ml2Plugin._handle_segment_change-495095'] for segment (820c0644-7b27-45fc-a49d-5d4b7284ed98), precommit_create {{(pid=103944) _notify_loop /opt/stack/data/venv/lib/python3.12/site-packages/neutron_lib/callbacks/manager.py:184}}
May 26 03:39:44.867468 np0000176384 devstack@neutron-api.service[103944]: INFO neutron.db.segments_db [None req-9d483396-1f7c-4cb0-b196-7c8aa41a027b admin admin] Added segment 820c0644-7b27-45fc-a49d-5d4b7284ed98 of type geneve for network 3cd5b002-8ffb-41d9-8ca0-c7171090cd29
May 26 03:39:44.917621 np0000176384 devstack@neutron-api.service[103944]: DEBUG neutron_lib.callbacks.manager [None req-9d483396-1f7c-4cb0-b196-7c8aa41a027b admin admin] Publish callbacks ['neutron.services.auto_allocate.db._ensure_external_network_default_value_callback-8364000181472'] for network (3cd5b002-8ffb-41d9-8ca0-c7171090cd29), precommit_create {{(pid=103944) _notify_loop /opt/stack/data/venv/lib/python3.12/site-packages/neutron_lib/callbacks/manager.py:184}}
May 26 03:39:44.936007 np0000176384 devstack@neutron-api.service[103944]: DEBUG neutron.plugins.ml2.drivers.ovn.mech_driver.mech_driver [None req-9d483396-1f7c-4cb0-b196-7c8aa41a027b admin admin] Validating network segment with type geneve, segmentation ID 22989, physical network None {{(pid=103944) _validate_network_segments /opt/stack/neutron/neutron/plugins/ml2/drivers/ovn/mech_driver/mech_driver.py:641}}
May 26 03:39:44.936166 np0000176384 devstack@neutron-api.service[103944]: DEBUG neutron.db.ovn_revision_numbers_db [None req-9d483396-1f7c-4cb0-b196-7c8aa41a027b admin admin] create_initial_revision uuid=3cd5b002-8ffb-41d9-8ca0-c7171090cd29, type=networks, rev=-1 {{(pid=103944) create_initial_revision /opt/stack/neutron/neutron/db/ovn_revision_numbers_db.py:98}}
May 26 03:39:44.953546 np0000176384 devstack@neutron-api.service[103944]: DEBUG neutron_lib.callbacks.manager [None req-9d483396-1f7c-4cb0-b196-7c8aa41a027b admin admin] Publish callbacks ['neutron.plugins.ml2.ovo_rpc._ObjectChangeHandler.handle_event-7162727'] for network (3cd5b002-8ffb-41d9-8ca0-c7171090cd29), after_create {{(pid=103944) _notify_loop /opt/stack/data/venv/lib/python3.12/site-packages/neutron_lib/callbacks/manager.py:184}}
