2026-05-06 15:53:24.185 8 INFO neutron.notifiers.nova [-] Nova event matching ['req-364d6e05-68d5-4dc8-a630-4ab515dbb96e'] response: {'name': 'network-changed', 'server_uuid': '80ac312b-6acc-42bf-bbc6-33d511df871b', 'tag': 'cd7e8afc-9a96-43ab-8942-56aec45325eb', 'status': 'completed', 'code': 200} [pid: 8|app: 0|req: 1633/3153] 10.0.0.203 () {34 vars in 990 bytes} [Wed May 6 15:53:24 2026] GET /v2.0/ports?device_id=80ac312b-6acc-42bf-bbc6-33d511df871b => generated 1192 bytes in 63 msecs (HTTP/1.1 200) 4 headers in 158 bytes (1 switches on core 0) [pid: 7|app: 0|req: 1521/3154] 10.0.0.203 () {34 vars in 1040 bytes} [Wed May 6 15:53:24 2026] GET /v2.0/security-groups?id=edab2576-6e23-4277-9547-f59f034759a5&fields=id&fields=name => generated 112 bytes in 32 msecs (HTTP/1.1 200) 4 headers in 157 bytes (1 switches on core 0) [pid: 8|app: 0|req: 1634/3155] 199.204.45.229 () {34 vars in 1080 bytes} [Wed May 6 15:53:24 2026] GET /v2.0/ports?tenant_id=e948190510bf4fc18106a447576b1904&device_id=80ac312b-6acc-42bf-bbc6-33d511df871b => generated 1461 bytes in 31 msecs (HTTP/1.1 200) 4 headers in 158 bytes (1 switches on core 0) [pid: 7|app: 0|req: 1522/3156] 199.204.45.229 () {34 vars in 986 bytes} [Wed May 6 15:53:24 2026] GET /v2.0/networks?id=bd4693e4-b146-471f-b744-10261985ec4e => generated 801 bytes in 40 msecs (HTTP/1.1 200) 4 headers in 157 bytes (1 switches on core 0) [pid: 8|app: 0|req: 1635/3157] 199.204.45.229 () {34 vars in 1056 bytes} [Wed May 6 15:53:24 2026] GET /v2.0/floatingips?fixed_ip_address=10.2.1.48&port_id=cd7e8afc-9a96-43ab-8942-56aec45325eb => generated 19 bytes in 17 msecs (HTTP/1.1 200) 4 headers in 156 bytes (1 switches on core 0) [pid: 7|app: 0|req: 1523/3158] 199.204.45.229 () {34 vars in 1102 bytes} [Wed May 6 15:53:24 2026] GET /v2.0/floatingips?fixed_ip_address=fd7b%3Af9f7%3Afff%3A4eca%3A%3A7c&port_id=cd7e8afc-9a96-43ab-8942-56aec45325eb => generated 19 bytes in 19 msecs (HTTP/1.1 200) 4 headers in 156 bytes (1 switches on core 0) [pid: 8|app: 0|req: 1636/3159] 199.204.45.229 () {34 vars in 1064 bytes} [Wed May 6 15:53:24 2026] GET /v2.0/subnets?id=1d79b413-c101-4889-ae3e-6e4be988afce&id=9c54fbf2-64f8-43f8-aac9-b038c5f02430 => generated 1410 bytes in 39 msecs (HTTP/1.1 200) 4 headers in 158 bytes (1 switches on core 0) [pid: 7|app: 0|req: 1524/3160] 199.204.45.229 () {34 vars in 1052 bytes} [Wed May 6 15:53:24 2026] GET /v2.0/ports?network_id=bd4693e4-b146-471f-b744-10261985ec4e&device_owner=network%3Adhcp => generated 1457 bytes in 35 msecs (HTTP/1.1 200) 4 headers in 158 bytes (1 switches on core 0) [pid: 8|app: 0|req: 1637/3161] 199.204.45.229 () {34 vars in 1052 bytes} [Wed May 6 15:53:24 2026] GET /v2.0/ports?network_id=bd4693e4-b146-471f-b744-10261985ec4e&device_owner=network%3Adhcp => generated 1457 bytes in 36 msecs (HTTP/1.1 200) 4 headers in 158 bytes (1 switches on core 0) [pid: 7|app: 0|req: 1525/3162] 199.204.45.229 () {34 vars in 1012 bytes} [Wed May 6 15:53:24 2026] GET /v2.0/networks/bd4693e4-b146-471f-b744-10261985ec4e?fields=segments => generated 14 bytes in 57 msecs (HTTP/1.1 200) 4 headers in 156 bytes (1 switches on core 0) [pid: 8|app: 0|req: 1638/3163] 199.204.45.229 () {34 vars in 1112 bytes} [Wed May 6 15:53:25 2026] GET /v2.0/networks/bd4693e4-b146-471f-b744-10261985ec4e?fields=provider%3Aphysical_network&fields=provider%3Anetwork_type => generated 78 bytes in 44 msecs (HTTP/1.1 200) 4 headers in 156 bytes (1 switches on core 0) [pid: 8|app: 0|req: 1640/3166] 199.204.45.229 () {34 vars in 994 bytes} [Wed May 6 15:53:26 2026] GET /v2.0/ports?device_id=80ac312b-6acc-42bf-bbc6-33d511df871b => generated 1192 bytes in 34 msecs (HTTP/1.1 200) 4 headers in 158 bytes (1 switches on core 0)
2026-05-06 15:53:26.936 7 INFO neutron_taas.services.taas.taas_plugin [req-e2fdd686-da51-4455-830c-dbbb2e7bf1ef req-4a8aee39-df74-4f9a-8de2-737358c2f9ee c7f9bd2a69694a0d9df77c8e256e45c5 e948190510bf4fc18106a447576b1904 - - default default] TaaS: Handle Delete Port: cd7e8afc-9a96-43ab-8942-56aec45325eb
2026-05-06 15:53:26.939 7 INFO neutron_taas.services.taas.tap_mirror_plugin [req-e2fdd686-da51-4455-830c-dbbb2e7bf1ef req-4a8aee39-df74-4f9a-8de2-737358c2f9ee c7f9bd2a69694a0d9df77c8e256e45c5 e948190510bf4fc18106a447576b1904 - - default default] Tap Mirror: Handle Delete Port: cd7e8afc-9a96-43ab-8942-56aec45325eb [pid: 7|app: 0|req: 1527/3167] 199.204.45.229 () {36 vars in 997 bytes} [Wed May 6 15:53:26 2026] DELETE /v2.0/ports/cd7e8afc-9a96-43ab-8942-56aec45325eb => generated 0 bytes in 387 msecs (HTTP/1.1 204) 3 headers in 131 bytes (1 switches on core 0)
2026-05-06 15:53:27.176 7 INFO neutron.notifiers.nova [-] Nova event matching ['req-941b982a-7423-4b96-aee3-bf56f92c97fd'] response: {'server_uuid': '80ac312b-6acc-42bf-bbc6-33d511df871b', 'name': 'network-vif-deleted', 'tag': 'cd7e8afc-9a96-43ab-8942-56aec45325eb', 'status': 'completed', 'code': 200} [pid: 8|app: 0|req: 1641/3168] 10.0.0.203 () {34 vars in 990 bytes} [Wed May 6 15:53:29 2026] GET /v2.0/ports?device_id=80ac312b-6acc-42bf-bbc6-33d511df871b => generated 12 bytes in 23 msecs (HTTP/1.1 200) 4 headers in 156 bytes (1 switches on core 0) [pid: 7|app: 0|req: 1528/3169] 10.0.0.174 () {32 vars in 750 bytes} [Wed May 6 15:53:34 2026] DELETE /v2.0/security-group-rules/25ee86b0-24e9-4da8-8796-03dc27ebd3ee => generated 0 bytes in 81 msecs (HTTP/1.1 204) 2 headers in 112 bytes (1 switches on core 0)
2026-05-06 15:53:34.710 8 INFO neutron.api.v2.resource [None req-b6f8f7ee-2412-4cde-bf69-46a54c2e1725 c7f9bd2a69694a0d9df77c8e256e45c5 e948190510bf4fc18106a447576b1904 - - default default] show failed (client error): The resource could not be found. [pid: 8|app: 0|req: 1642/3170] 10.0.0.174 () {32 vars in 747 bytes} [Wed May 6 15:53:34 2026] GET /v2.0/security-group-rules/25ee86b0-24e9-4da8-8796-03dc27ebd3ee => generated 155 bytes in 11 msecs (HTTP/1.1 404) 4 headers in 164 bytes (1 switches on core 0) [pid: 7|app: 0|req: 1529/3171] 10.0.0.174 () {32 vars in 750 bytes} [Wed May 6 15:53:34 2026] DELETE /v2.0/security-group-rules/fb56a5a2-3a12-4900-aa6b-2fff5571f929 => generated 0 bytes in 62 msecs (HTTP/1.1 204) 2 headers in 112 bytes (1 switches on core 0)
2026-05-06 15:53:34.796 8 INFO neutron.api.v2.resource [None req-1cf15c68-c366-48ec-88c2-9a5155dc6e24 c7f9bd2a69694a0d9df77c8e256e45c5 e948190510bf4fc18106a447576b1904 - - default default] show failed (client error): The resource could not be found. [pid: 8|app: 0|req: 1643/3172] 10.0.0.174 () {32 vars in 747 bytes} [Wed May 6 15:53:34 2026] GET /v2.0/security-group-rules/fb56a5a2-3a12-4900-aa6b-2fff5571f929 => generated 155 bytes in 12 msecs (HTTP/1.1 404) 4 headers in 164 bytes (1 switches on core 0) [pid: 7|app: 0|req: 1530/3173] 10.0.0.174 () {32 vars in 750 bytes} [Wed May 6 15:53:34 2026] DELETE /v2.0/security-group-rules/98c6506e-a29d-441c-9812-79dbe7846037 => generated 0 bytes in 59 msecs (HTTP/1.1 204) 2 headers in 112 bytes (1 switches on core 0)
2026-05-06 15:53:34.880 8 INFO neutron.api.v2.resource [None req-92950e7d-7af0-4d70-9fa3-3c8f08e6da20 c7f9bd2a69694a0d9df77c8e256e45c5 e948190510bf4fc18106a447576b1904 - - default default] show failed (client error): The resource could not be found. [pid: 8|app: 0|req: 1644/3174] 10.0.0.174 () {32 vars in 747 bytes} [Wed May 6 15:53:34 2026] GET /v2.0/security-group-rules/98c6506e-a29d-441c-9812-79dbe7846037 => generated 155 bytes in 15 msecs (HTTP/1.1 404) 4 headers in 164 bytes (1 switches on core 0) [pid: 7|app: 0|req: 1531/3175] 10.0.0.174 () {32 vars in 750 bytes} [Wed May 6 15:53:34 2026] DELETE /v2.0/security-group-rules/3470dc60-9e23-45c6-8488-9c61db528676 => generated 0 bytes in 64 msecs (HTTP/1.1 204) 2 headers in 112 bytes (1 switches on core 0)
2026-05-06 15:53:34.968 8 INFO neutron.api.v2.resource [None req-c1883b96-3a6d-4951-9cfd-5447ddfd438c c7f9bd2a69694a0d9df77c8e256e45c5 e948190510bf4fc18106a447576b1904 - - default default] show failed (client error): The resource could not be found. [pid: 8|app: 0|req: 1645/3176] 10.0.0.174 () {32 vars in 747 bytes} [Wed May 6 15:53:34 2026] GET /v2.0/security-group-rules/3470dc60-9e23-45c6-8488-9c61db528676 => generated 155 bytes in 14 msecs (HTTP/1.1 404) 4 headers in 164 bytes (1 switches on core 0) [pid: 7|app: 0|req: 1532/3177] 10.0.0.174 () {32 vars in 750 bytes} [Wed May 6 15:53:34 2026] DELETE /v2.0/security-group-rules/b6f9daf0-00bd-47f8-b9de-a3b0a2fe1241 => generated 0 bytes in 61 msecs (HTTP/1.1 204) 2 headers in 112 bytes (1 switches on core 0)
2026-05-06 15:53:35.053 8 INFO neutron.api.v2.resource [None req-8359ff9c-1f0c-44c5-8097-ffe5758005b4 c7f9bd2a69694a0d9df77c8e256e45c5 e948190510bf4fc18106a447576b1904 - - default default] show failed (client error): The resource could not be found. [pid: 8|app: 0|req: 1646/3178] 10.0.0.174 () {32 vars in 747 bytes} [Wed May 6 15:53:35 2026] GET /v2.0/security-group-rules/b6f9daf0-00bd-47f8-b9de-a3b0a2fe1241 => generated 155 bytes in 17 msecs (HTTP/1.1 404) 4 headers in 164 bytes (1 switches on core 0) [pid: 7|app: 0|req: 1533/3179] 10.0.0.174 () {32 vars in 750 bytes} [Wed May 6 15:53:35 2026] DELETE /v2.0/security-group-rules/ee545434-2dc3-44f3-97ae-654e46b34840 => generated 0 bytes in 66 msecs (HTTP/1.1 204) 2 headers in 112 bytes (1 switches on core 0)
2026-05-06 15:53:35.145 8 INFO neutron.api.v2.resource [None req-daf70aa7-187f-4e06-b5a7-9afdf8f48654 c7f9bd2a69694a0d9df77c8e256e45c5 e948190510bf4fc18106a447576b1904 - - default default] show failed (client error): The resource could not be found. [pid: 8|app: 0|req: 1647/3180] 10.0.0.174 () {32 vars in 747 bytes} [Wed May 6 15:53:35 2026] GET /v2.0/security-group-rules/ee545434-2dc3-44f3-97ae-654e46b34840 => generated 155 bytes in 15 msecs (HTTP/1.1 404) 4 headers in 164 bytes (1 switches on core 0) [pid: 7|app: 0|req: 1534/3181] 10.0.0.174 () {32 vars in 750 bytes} [Wed May 6 15:53:35 2026] DELETE /v2.0/security-group-rules/45a3e2fd-3065-4202-b7a3-3436eeb68a51 => generated 0 bytes in 62 msecs (HTTP/1.1 204) 2 headers in 112 bytes (1 switches on core 0)
2026-05-06 15:53:35.231 8 INFO neutron.api.v2.resource [None req-eff3c63c-0f7f-42c0-be43-0e600e6b42f2 c7f9bd2a69694a0d9df77c8e256e45c5 e948190510bf4fc18106a447576b1904 - - default default] show failed (client error): The resource could not be found. [pid: 8|app: 0|req: 1648/3182] 10.0.0.174 () {32 vars in 747 bytes} [Wed May 6 15:53:35 2026] GET /v2.0/security-group-rules/45a3e2fd-3065-4202-b7a3-3436eeb68a51 => generated 155 bytes in 12 msecs (HTTP/1.1 404) 4 headers in 164 bytes (1 switches on core 0) [pid: 7|app: 0|req: 1535/3183] 10.0.0.174 () {32 vars in 750 bytes} [Wed May 6 15:53:35 2026] DELETE /v2.0/security-group-rules/3712eb77-ae68-4fc7-867a-0f08ab254e6e => generated 0 bytes in 65 msecs (HTTP/1.1 204) 2 headers in 112 bytes (1 switches on core 0)
2026-05-06 15:53:35.320 8 INFO neutron.api.v2.resource [None req-516d9305-b1a4-462c-ad61-b1c93803d5e1 c7f9bd2a69694a0d9df77c8e256e45c5 e948190510bf4fc18106a447576b1904 - - default default] show failed (client error): The resource could not be found. [pid: 8|app: 0|req: 1649/3184] 10.0.0.174 () {32 vars in 747 bytes} [Wed May 6 15:53:35 2026] GET /v2.0/security-group-rules/3712eb77-ae68-4fc7-867a-0f08ab254e6e => generated 155 bytes in 13 msecs (HTTP/1.1 404) 4 headers in 164 bytes (1 switches on core 0) [pid: 7|app: 0|req: 1536/3185] 10.0.0.174 () {32 vars in 750 bytes} [Wed May 6 15:53:35 2026] DELETE /v2.0/security-group-rules/8b494adb-15c0-47af-b368-140718dccaff => generated 0 bytes in 67 msecs (HTTP/1.1 204) 2 headers in 112 bytes (1 switches on core 0)
2026-05-06 15:53:35.410 8 INFO neutron.api.v2.resource [None req-020510f8-ee1c-4561-8978-cecda67dbd0f c7f9bd2a69694a0d9df77c8e256e45c5 e948190510bf4fc18106a447576b1904 - - default default] show failed (client error): The resource could not be found. [pid: 8|app: 0|req: 1650/3186] 10.0.0.174 () {32 vars in 747 bytes} [Wed May 6 15:53:35 2026] GET /v2.0/security-group-rules/8b494adb-15c0-47af-b368-140718dccaff => generated 155 bytes in 13 msecs (HTTP/1.1 404) 4 headers in 164 bytes (1 switches on core 0) [pid: 7|app: 0|req: 1537/3187] 10.0.0.174 () {32 vars in 750 bytes} [Wed May 6 15:53:35 2026] DELETE /v2.0/security-group-rules/51c65e5a-9f66-40c9-86b1-b985d90644fb => generated 0 bytes in 60 msecs (HTTP/1.1 204) 2 headers in 112 bytes (1 switches on core 0)
2026-05-06 15:53:35.487 8 INFO neutron.api.v2.resource [None req-92591dab-023d-4438-b5cb-09934d82860d c7f9bd2a69694a0d9df77c8e256e45c5 e948190510bf4fc18106a447576b1904 - - default default] show failed (client error): The resource could not be found. [pid: 8|app: 0|req: 1651/3188] 10.0.0.174 () {32 vars in 747 bytes} [Wed May 6 15:53:35 2026] GET /v2.0/security-group-rules/51c65e5a-9f66-40c9-86b1-b985d90644fb => generated 155 bytes in 8 msecs (HTTP/1.1 404) 4 headers in 164 bytes (1 switches on core 0) [pid: 7|app: 0|req: 1538/3189] 10.0.0.174 () {32 vars in 750 bytes} [Wed May 6 15:53:35 2026] DELETE /v2.0/security-group-rules/1cfda0c7-2514-40c2-b1a2-77f9b6527841 => generated 0 bytes in 64 msecs (HTTP/1.1 204) 2 headers in 112 bytes (1 switches on core 0)
2026-05-06 15:53:35.572 8 INFO neutron.api.v2.resource [None req-878de51b-5286-4b12-ac2b-0b1ac5ef4678 c7f9bd2a69694a0d9df77c8e256e45c5 e948190510bf4fc18106a447576b1904 - - default default] show failed (client error): The resource could not be found. [pid: 8|app: 0|req: 1652/3190] 10.0.0.174 () {32 vars in 747 bytes} [Wed May 6 15:53:35 2026] GET /v2.0/security-group-rules/1cfda0c7-2514-40c2-b1a2-77f9b6527841 => generated 155 bytes in 10 msecs (HTTP/1.1 404) 4 headers in 164 bytes (1 switches on core 0) [pid: 7|app: 0|req: 1539/3191] 10.0.0.174 () {32 vars in 740 bytes} [Wed May 6 15:53:35 2026] DELETE /v2.0/security-groups/edab2576-6e23-4277-9547-f59f034759a5 => generated 0 bytes in 79 msecs (HTTP/1.1 204) 2 headers in 112 bytes (1 switches on core 0)
2026-05-06 15:53:35.674 8 INFO neutron.api.v2.resource [None req-6603eb44-738a-496d-8230-671c2a45c4f0 c7f9bd2a69694a0d9df77c8e256e45c5 e948190510bf4fc18106a447576b1904 - - default default] show failed (client error): The resource could not be found. [pid: 8|app: 0|req: 1653/3192] 10.0.0.174 () {32 vars in 737 bytes} [Wed May 6 15:53:35 2026] GET /v2.0/security-groups/edab2576-6e23-4277-9547-f59f034759a5 => generated 146 bytes in 15 msecs (HTTP/1.1 404) 4 headers in 164 bytes (1 switches on core 0)
2026-05-06 15:53:36.081 7 INFO neutron_taas.services.taas.taas_plugin [None req-eef806fd-2339-4c21-846e-6970dcbf1336 c7f9bd2a69694a0d9df77c8e256e45c5 e948190510bf4fc18106a447576b1904 - - default default] TaaS: Handle Delete Port: ba7e0995-8cdd-494b-aae5-5fe0bca89ec8
2026-05-06 15:53:36.087 7 INFO neutron_taas.services.taas.tap_mirror_plugin [None req-eef806fd-2339-4c21-846e-6970dcbf1336 c7f9bd2a69694a0d9df77c8e256e45c5 e948190510bf4fc18106a447576b1904 - - default default] Tap Mirror: Handle Delete Port: ba7e0995-8cdd-494b-aae5-5fe0bca89ec8 [pid: 7|app: 0|req: 1540/3193] 10.0.0.174 () {34 vars in 789 bytes} [Wed May 6 15:53:35 2026] PUT /v2.0/routers/b13fc961-fee0-40af-b1e8-3b426ce40a32/remove_router_interface => generated 310 bytes in 912 msecs (HTTP/1.1 200) 4 headers in 157 bytes (1 switches on core 0)
2026-05-06 15:53:36.823 8 INFO neutron.api.v2.resource [None req-5b20c1f4-d4db-45b7-8a8c-c265c1c16333 c7f9bd2a69694a0d9df77c8e256e45c5 e948190510bf4fc18106a447576b1904 - - default default] remove_router_interface failed (client error): The resource could not be found. [pid: 8|app: 0|req: 1654/3194] 10.0.0.174 () {34 vars in 789 bytes} [Wed May 6 15:53:36 2026] PUT /v2.0/routers/b13fc961-fee0-40af-b1e8-3b426ce40a32/remove_router_interface => generated 198 bytes in 180 msecs (HTTP/1.1 404) 4 headers in 164 bytes (1 switches on core 0)
2026-05-06 15:53:37.239 7 INFO neutron_taas.services.taas.taas_plugin [None req-95b3798f-94c2-47f9-aaec-345d215caec1 c7f9bd2a69694a0d9df77c8e256e45c5 e948190510bf4fc18106a447576b1904 - - default default] TaaS: Handle Delete Port: 842f75dc-3702-4f52-873e-74fca79ed065
2026-05-06 15:53:37.241 7 INFO neutron_taas.services.taas.tap_mirror_plugin [None req-95b3798f-94c2-47f9-aaec-345d215caec1 c7f9bd2a69694a0d9df77c8e256e45c5 e948190510bf4fc18106a447576b1904 - - default default] Tap Mirror: Handle Delete Port: 842f75dc-3702-4f52-873e-74fca79ed065 [pid: 7|app: 0|req: 1541/3195] 10.0.0.174 () {34 vars in 789 bytes} [Wed May 6 15:53:36 2026] PUT /v2.0/routers/b13fc961-fee0-40af-b1e8-3b426ce40a32/remove_router_interface => generated 310 bytes in 964 msecs (HTTP/1.1 200) 4 headers in 157 bytes (1 switches on core 0)
2026-05-06 15:53:37.958 8 INFO neutron.api.v2.resource [None req-8f7b3613-5694-4d4f-bd66-a9aefdb6fadb c7f9bd2a69694a0d9df77c8e256e45c5 e948190510bf4fc18106a447576b1904 - - default default] remove_router_interface failed (client error): The resource could not be found. [pid: 8|app: 0|req: 1655/3196] 10.0.0.174 () {34 vars in 789 bytes} [Wed May 6 15:53:37 2026] PUT /v2.0/routers/b13fc961-fee0-40af-b1e8-3b426ce40a32/remove_router_interface => generated 198 bytes in 157 msecs (HTTP/1.1 404) 4 headers in 164 bytes (1 switches on core 0)
2026-05-06 15:53:38.356 7 INFO neutron_taas.services.taas.taas_plugin [None req-c58e72b3-c7a5-49c4-b3ed-1e60f4a9c0ea c7f9bd2a69694a0d9df77c8e256e45c5 e948190510bf4fc18106a447576b1904 - - default default] TaaS: Handle Delete Port: e448909e-13c8-4722-a79d-5f492df6b9df
2026-05-06 15:53:38.360 7 INFO neutron_taas.services.taas.tap_mirror_plugin [None req-c58e72b3-c7a5-49c4-b3ed-1e60f4a9c0ea c7f9bd2a69694a0d9df77c8e256e45c5 e948190510bf4fc18106a447576b1904 - - default default] Tap Mirror: Handle Delete Port: e448909e-13c8-4722-a79d-5f492df6b9df [pid: 7|app: 0|req: 1542/3197] 10.0.0.174 () {34 vars in 789 bytes} [Wed May 6 15:53:37 2026] PUT /v2.0/routers/b13fc961-fee0-40af-b1e8-3b426ce40a32/remove_router_interface => generated 310 bytes in 954 msecs (HTTP/1.1 200) 4 headers in 157 bytes (1 switches on core 0)
2026-05-06 15:53:39.069 8 INFO neutron.api.v2.resource [None req-f2ceb296-e102-4db2-8240-1f5f348f893d c7f9bd2a69694a0d9df77c8e256e45c5 e948190510bf4fc18106a447576b1904 - - default default] remove_router_interface failed (client error): The resource could not be found. [pid: 8|app: 0|req: 1656/3198] 10.0.0.174 () {34 vars in 789 bytes} [Wed May 6 15:53:38 2026] PUT /v2.0/routers/b13fc961-fee0-40af-b1e8-3b426ce40a32/remove_router_interface => generated 198 bytes in 145 msecs (HTTP/1.1 404) 4 headers in 164 bytes (1 switches on core 0)
2026-05-06 15:53:39.267 7 INFO neutron_taas.services.taas.taas_plugin [None req-abcab301-6114-4e24-9a2c-a7e3750f8617 c7f9bd2a69694a0d9df77c8e256e45c5 e948190510bf4fc18106a447576b1904 - - default default] TaaS: Handle Delete Port: 10db59a1-591d-48ea-8211-3f8e82a7e2ff
2026-05-06 15:53:39.270 7 INFO neutron_taas.services.taas.tap_mirror_plugin [None req-abcab301-6114-4e24-9a2c-a7e3750f8617 c7f9bd2a69694a0d9df77c8e256e45c5 e948190510bf4fc18106a447576b1904 - - default default] Tap Mirror: Handle Delete Port: 10db59a1-591d-48ea-8211-3f8e82a7e2ff
2026-05-06 15:53:39.549 7 INFO neutron_taas.services.taas.taas_plugin [None req-abcab301-6114-4e24-9a2c-a7e3750f8617 c7f9bd2a69694a0d9df77c8e256e45c5 e948190510bf4fc18106a447576b1904 - - default default] TaaS: Handle Delete Port: ccdc15ba-b220-4ad1-b866-8edab6183993
2026-05-06 15:53:39.551 7 INFO neutron_taas.services.taas.tap_mirror_plugin [None req-abcab301-6114-4e24-9a2c-a7e3750f8617 c7f9bd2a69694a0d9df77c8e256e45c5 e948190510bf4fc18106a447576b1904 - - default default] Tap Mirror: Handle Delete Port: ccdc15ba-b220-4ad1-b866-8edab6183993
2026-05-06 15:53:40.029 7 INFO neutron.services.segments.plugin [-] Segment 2792918a-97e1-4df5-a9fd-7aa495564776 resource provider aggregate not found
2026-05-06 15:53:40.031 7 INFO neutron.services.segments.plugin [-] Segment 2792918a-97e1-4df5-a9fd-7aa495564776 resource provider aggregate not found
2026-05-06 15:53:40.046 7 INFO neutron.services.segments.plugin [-] Segment 2792918a-97e1-4df5-a9fd-7aa495564776 resource provider not found; error: Placement Client Error (4xx): {"errors": [{"status": 404, "title": "Not Found", "detail": "The resource could not be found.\n\n No resource provider with uuid 2792918a-97e1-4df5-a9fd-7aa495564776 found for delete ", "request_id": "req-bbc0f1ca-9529-4bd0-81eb-dcddf248134e"}]}
2026-05-06 15:53:40.048 7 INFO neutron.services.segments.plugin [-] Segment 2792918a-97e1-4df5-a9fd-7aa495564776 resource provider not found; error: Placement Client Error (4xx): {"errors": [{"status": 404, "title": "Not Found", "detail": "The resource could not be found.\n\n No resource provider with uuid 2792918a-97e1-4df5-a9fd-7aa495564776 found for delete ", "request_id": "req-727763fb-6c63-4a4f-8703-b1cdaef44354"}]}
2026-05-06 15:53:40.074 7 INFO neutron.db.l3_hamode_db [None req-abcab301-6114-4e24-9a2c-a7e3750f8617 c7f9bd2a69694a0d9df77c8e256e45c5 e948190510bf4fc18106a447576b1904 - - default default] HA network ffc30b2b-9375-47bb-971d-3c01f7001d92 was deleted as no HA routers are present in project e948190510bf4fc18106a447576b1904. [pid: 7|app: 0|req: 1543/3199] 10.0.0.174 () {32 vars in 724 bytes} [Wed May 6 15:53:39 2026] DELETE /v2.0/routers/b13fc961-fee0-40af-b1e8-3b426ce40a32 => generated 0 bytes in 1004 msecs (HTTP/1.1 204) 2 headers in 112 bytes (1 switches on core 0)
2026-05-06 15:53:40.103 8 INFO neutron.api.v2.resource [None req-bb4c17e1-f64f-48f0-ab4e-2203072541a6 c7f9bd2a69694a0d9df77c8e256e45c5 e948190510bf4fc18106a447576b1904 - - default default] show failed (client error): The resource could not be found. [pid: 8|app: 0|req: 1657/3200] 10.0.0.174 () {32 vars in 721 bytes} [Wed May 6 15:53:40 2026] GET /v2.0/routers/b13fc961-fee0-40af-b1e8-3b426ce40a32 => generated 135 bytes in 18 msecs (HTTP/1.1 404) 4 headers in 164 bytes (1 switches on core 0) [pid: 7|app: 0|req: 1544/3201] 10.0.0.174 () {32 vars in 724 bytes} [Wed May 6 15:53:40 2026] DELETE /v2.0/subnets/8dcf87b7-fb4c-4774-a0eb-0c1a2529c41f => generated 0 bytes in 208 msecs (HTTP/1.1 204) 3 headers in 131 bytes (1 switches on core 0)
2026-05-06 15:53:40.334 8 INFO neutron.pecan_wsgi.hooks.translation [None req-6964376e-203f-4236-9f5a-80a63d841cca c7f9bd2a69694a0d9df77c8e256e45c5 e948190510bf4fc18106a447576b1904 - - default default] GET failed (client error): The resource could not be found. [pid: 8|app: 0|req: 1658/3202] 10.0.0.174 () {32 vars in 721 bytes} [Wed May 6 15:53:40 2026] GET /v2.0/subnets/8dcf87b7-fb4c-4774-a0eb-0c1a2529c41f => generated 136 bytes in 14 msecs (HTTP/1.1 404) 4 headers in 164 bytes (1 switches on core 0) [pid: 7|app: 0|req: 1545/3203] 10.0.0.174 () {32 vars in 724 bytes} [Wed May 6 15:53:40 2026] DELETE /v2.0/subnets/a5aff50d-e81d-45c3-b78d-1743316a96a6 => generated 0 bytes in 173 msecs (HTTP/1.1 204) 3 headers in 131 bytes (1 switches on core 0)
2026-05-06 15:53:40.529 8 INFO neutron.pecan_wsgi.hooks.translation [None req-286844b2-1d06-4cb0-bd2d-39c2c2eb6a71 c7f9bd2a69694a0d9df77c8e256e45c5 e948190510bf4fc18106a447576b1904 - - default default] GET failed (client error): The resource could not be found. [pid: 8|app: 0|req: 1659/3204] 10.0.0.174 () {32 vars in 721 bytes} [Wed May 6 15:53:40 2026] GET /v2.0/subnets/a5aff50d-e81d-45c3-b78d-1743316a96a6 => generated 136 bytes in 14 msecs (HTTP/1.1 404) 4 headers in 164 bytes (1 switches on core 0)
2026-05-06 15:53:40.624 7 INFO neutron_taas.services.taas.taas_plugin [None req-5a2f2842-9fae-427e-bd8d-77b5d96fae84 c7f9bd2a69694a0d9df77c8e256e45c5 e948190510bf4fc18106a447576b1904 - - default default] TaaS: Handle Delete Port: 4d166811-56d0-465b-acf1-883db451e121
2026-05-06 15:53:40.627 7 INFO neutron_taas.services.taas.tap_mirror_plugin [None req-5a2f2842-9fae-427e-bd8d-77b5d96fae84 c7f9bd2a69694a0d9df77c8e256e45c5 e948190510bf4fc18106a447576b1904 - - default default] Tap Mirror: Handle Delete Port: 4d166811-56d0-465b-acf1-883db451e121 [pid: 7|app: 0|req: 1546/3207] 10.0.0.174 () {32 vars in 726 bytes} [Wed May 6 15:53:40 2026] DELETE /v2.0/networks/d5623041-a6dd-4564-9090-98dd7db00ecf => generated 0 bytes in 380 msecs (HTTP/1.1 204) 3 headers in 131 bytes (1 switches on core 0)
2026-05-06 15:53:40.931 8 INFO neutron.pecan_wsgi.hooks.translation [None req-f3fdab3b-3b37-4ee3-be28-f9013bccb8c4 c7f9bd2a69694a0d9df77c8e256e45c5 e948190510bf4fc18106a447576b1904 - - default default] GET failed (client error): The resource could not be found. [pid: 8|app: 0|req: 1662/3208] 10.0.0.174 () {32 vars in 723 bytes} [Wed May 6 15:53:40 2026] GET /v2.0/networks/d5623041-a6dd-4564-9090-98dd7db00ecf => generated 138 bytes in 12 msecs (HTTP/1.1 404) 4 headers in 164 bytes (1 switches on core 0) [pid: 7|app: 0|req: 1547/3209] 10.0.0.174 () {32 vars in 724 bytes} [Wed May 6 15:53:40 2026] DELETE /v2.0/subnets/9c54fbf2-64f8-43f8-aac9-b038c5f02430 => generated 0 bytes in 157 msecs (HTTP/1.1 204) 3 headers in 131 bytes (1 switches on core 0)
2026-05-06 15:53:41.112 8 INFO neutron.pecan_wsgi.hooks.translation [None req-b9098d10-1920-4646-b054-febdabe4cd07 c7f9bd2a69694a0d9df77c8e256e45c5 e948190510bf4fc18106a447576b1904 - - default default] GET failed (client error): The resource could not be found. [pid: 8|app: 0|req: 1663/3210] 10.0.0.174 () {32 vars in 721 bytes} [Wed May 6 15:53:41 2026] GET /v2.0/subnets/9c54fbf2-64f8-43f8-aac9-b038c5f02430 => generated 136 bytes in 14 msecs (HTTP/1.1 404) 4 headers in 164 bytes (1 switches on core 0) [pid: 7|app: 0|req: 1548/3211] 10.0.0.174 () {32 vars in 724 bytes} [Wed May 6 15:53:41 2026] DELETE /v2.0/subnets/1d79b413-c101-4889-ae3e-6e4be988afce => generated 0 bytes in 165 msecs (HTTP/1.1 204) 3 headers in 131 bytes (1 switches on core 0)
2026-05-06 15:53:41.308 8 INFO neutron.pecan_wsgi.hooks.translation [None req-72df79f8-09d0-44f6-b753-aed809e6c2d3 c7f9bd2a69694a0d9df77c8e256e45c5 e948190510bf4fc18106a447576b1904 - - default default] GET failed (client error): The resource could not be found. [pid: 8|app: 0|req: 1664/3212] 10.0.0.174 () {32 vars in 721 bytes} [Wed May 6 15:53:41 2026] GET /v2.0/subnets/1d79b413-c101-4889-ae3e-6e4be988afce => generated 136 bytes in 15 msecs (HTTP/1.1 404) 4 headers in 164 bytes (1 switches on core 0)
2026-05-06 15:53:41.418 7 INFO neutron_taas.services.taas.taas_plugin [None req-c11c8bcf-ed8d-4a8f-81b9-ebba24dfa705 c7f9bd2a69694a0d9df77c8e256e45c5 e948190510bf4fc18106a447576b1904 - - default default] TaaS: Handle Delete Port: 584e713e-80ea-4bfd-a8b6-a9b4059600da
2026-05-06 15:53:41.420 7 INFO neutron_taas.services.taas.tap_mirror_plugin [None req-c11c8bcf-ed8d-4a8f-81b9-ebba24dfa705 c7f9bd2a69694a0d9df77c8e256e45c5 e948190510bf4fc18106a447576b1904 - - default default] Tap Mirror: Handle Delete Port: 584e713e-80ea-4bfd-a8b6-a9b4059600da [pid: 7|app: 0|req: 1549/3213] 10.0.0.174 () {32 vars in 726 bytes} [Wed May 6 15:53:41 2026] DELETE /v2.0/networks/bd4693e4-b146-471f-b744-10261985ec4e => generated 0 bytes in 300 msecs (HTTP/1.1 204) 3 headers in 131 bytes (1 switches on core 0)
2026-05-06 15:53:41.637 8 INFO neutron.pecan_wsgi.hooks.translation [None req-40025956-7d6a-4005-938e-f20a08f9bdbb c7f9bd2a69694a0d9df77c8e256e45c5 e948190510bf4fc18106a447576b1904 - - default default] GET failed (client error): The resource could not be found. [pid: 8|app: 0|req: 1665/3214] 10.0.0.174 () {32 vars in 723 bytes} [Wed May 6 15:53:41 2026] GET /v2.0/networks/bd4693e4-b146-471f-b744-10261985ec4e => generated 138 bytes in 18 msecs (HTTP/1.1 404) 4 headers in 164 bytes (1 switches on core 0) [pid: 7|app: 0|req: 1550/3215] 10.0.0.174 () {32 vars in 724 bytes} [Wed May 6 15:53:41 2026] DELETE /v2.0/subnets/cef765a3-f7dc-4bbd-9342-1bdde9a37e2f => generated 0 bytes in 144 msecs (HTTP/1.1 204) 3 headers in 131 bytes (1 switches on core 0)
2026-05-06 15:53:41.803 8 INFO neutron.pecan_wsgi.hooks.translation [None req-f0c49fa3-1a37-425c-8473-13d286856e17 c7f9bd2a69694a0d9df77c8e256e45c5 e948190510bf4fc18106a447576b1904 - - default default] GET failed (client error): The resource could not be found. [pid: 8|app: 0|req: 1666/3216] 10.0.0.174 () {32 vars in 721 bytes} [Wed May 6 15:53:41 2026] GET /v2.0/subnets/cef765a3-f7dc-4bbd-9342-1bdde9a37e2f => generated 136 bytes in 13 msecs (HTTP/1.1 404) 4 headers in 164 bytes (1 switches on core 0) [pid: 7|app: 0|req: 1551/3217] 10.0.0.174 () {32 vars in 724 bytes} [Wed May 6 15:53:41 2026] DELETE /v2.0/subnets/a5891333-1317-4426-8187-e46cbac6c78c => generated 0 bytes in 152 msecs (HTTP/1.1 204) 3 headers in 131 bytes (1 switches on core 0)
2026-05-06 15:53:41.983 8 INFO neutron.pecan_wsgi.hooks.translation [None req-31f84f54-4170-4c02-818f-ef7f9992f406 c7f9bd2a69694a0d9df77c8e256e45c5 e948190510bf4fc18106a447576b1904 - - default default] GET failed (client error): The resource could not be found. [pid: 8|app: 0|req: 1667/3218] 10.0.0.174 () {32 vars in 721 bytes} [Wed May 6 15:53:41 2026] GET /v2.0/subnets/a5891333-1317-4426-8187-e46cbac6c78c => generated 136 bytes in 19 msecs (HTTP/1.1 404) 4 headers in 164 bytes (1 switches on core 0)
2026-05-06 15:53:42.072 7 INFO neutron.services.segments.plugin [-] Segment 104b9cb5-541f-4e74-95ef-0eb7e236d4f4 resource provider aggregate not found
2026-05-06 15:53:42.077 7 INFO neutron.services.segments.plugin [-] Segment 104b9cb5-541f-4e74-95ef-0eb7e236d4f4 resource provider aggregate not found
2026-05-06 15:53:42.095 7 INFO neutron.services.segments.plugin [-] Segment 104b9cb5-541f-4e74-95ef-0eb7e236d4f4 resource provider not found; error: Placement Client Error (4xx): {"errors": [{"status": 404, "title": "Not Found", "detail": "The resource could not be found.\n\n No resource provider with uuid 104b9cb5-541f-4e74-95ef-0eb7e236d4f4 found for delete ", "request_id": "req-2a8de71c-abc5-4c28-b324-5e8f2470e58d"}]}
2026-05-06 15:53:42.102 7 INFO neutron.services.segments.plugin [-] Segment 104b9cb5-541f-4e74-95ef-0eb7e236d4f4 resource provider not found; error: Placement Client Error (4xx): {"errors": [{"status": 404, "title": "Not Found", "detail": "The resource could not be found.\n\n No resource provider with uuid 104b9cb5-541f-4e74-95ef-0eb7e236d4f4 found for delete ", "request_id": "req-c5d9b028-8b36-4347-a6f6-11b9c2382ffa"}]}
2026-05-06 15:53:42.113 7 INFO neutron.services.segments.plugin [-] Segment 9a6e4853-815c-4676-9c60-18c73a302a52 resource provider aggregate not found
2026-05-06 15:53:42.125 7 INFO neutron.services.segments.plugin [-] Segment 9a6e4853-815c-4676-9c60-18c73a302a52 resource provider aggregate not found
2026-05-06 15:53:42.133 7 INFO neutron.services.segments.plugin [-] Segment 9a6e4853-815c-4676-9c60-18c73a302a52 resource provider not found; error: Placement Client Error (4xx): {"errors": [{"status": 404, "title": "Not Found", "detail": "The resource could not be found.\n\n No resource provider with uuid 9a6e4853-815c-4676-9c60-18c73a302a52 found for delete ", "request_id": "req-160df42b-5213-4e41-a8f6-8a6f31fa6127"}]}
2026-05-06 15:53:42.143 7 INFO neutron_taas.services.taas.taas_plugin [None req-23eb0cac-c859-4146-8ba9-2225984e3e75 c7f9bd2a69694a0d9df77c8e256e45c5 e948190510bf4fc18106a447576b1904 - - default default] TaaS: Handle Delete Port: e022b247-31a9-4380-b04c-2871b67c4e75
2026-05-06 15:53:42.146 7 INFO neutron.services.segments.plugin [-] Segment 9a6e4853-815c-4676-9c60-18c73a302a52 resource provider not found; error: Placement Client Error (4xx): {"errors": [{"status": 404, "title": "Not Found", "detail": "The resource could not be found.\n\n No resource provider with uuid 9a6e4853-815c-4676-9c60-18c73a302a52 found for delete ", "request_id": "req-2a568290-4916-4939-8e47-68ff6541d51f"}]}
2026-05-06 15:53:42.147 7 INFO neutron_taas.services.taas.tap_mirror_plugin [None req-23eb0cac-c859-4146-8ba9-2225984e3e75 c7f9bd2a69694a0d9df77c8e256e45c5 e948190510bf4fc18106a447576b1904 - - default default] Tap Mirror: Handle Delete Port: e022b247-31a9-4380-b04c-2871b67c4e75 [pid: 7|app: 0|req: 1552/3219] 10.0.0.174 () {32 vars in 726 bytes} [Wed May 6 15:53:41 2026] DELETE /v2.0/networks/f2880166-5b5c-4f60-9726-470764c07564 => generated 0 bytes in 296 msecs (HTTP/1.1 204) 3 headers in 131 bytes (1 switches on core 0)
2026-05-06 15:53:42.306 8 INFO neutron.pecan_wsgi.hooks.translation [None req-f05864ce-3770-42c9-8310-ffe012cface5 c7f9bd2a69694a0d9df77c8e256e45c5 e948190510bf4fc18106a447576b1904 - - default default] GET failed (client error): The resource could not be found. [pid: 8|app: 0|req: 1668/3220] 10.0.0.174 () {32 vars in 723 bytes} [Wed May 6 15:53:42 2026] GET /v2.0/networks/f2880166-5b5c-4f60-9726-470764c07564 => generated 138 bytes in 16 msecs (HTTP/1.1 404) 4 headers in 164 bytes (1 switches on core 0)
2026-05-06 15:53:44.151 7 INFO neutron.services.segments.plugin [-] Segment 638c1078-2e01-4988-b6bd-512582821ea1 resource provider aggregate not found
2026-05-06 15:53:44.165 7 INFO neutron.services.segments.plugin [-] Segment 638c1078-2e01-4988-b6bd-512582821ea1 resource provider not found; error: Placement Client Error (4xx): {"errors": [{"status": 404, "title": "Not Found", "detail": "The resource could not be found.\n\n No resource provider with uuid 638c1078-2e01-4988-b6bd-512582821ea1 found for delete ", "request_id": "req-fec89b2f-dc51-444a-87a2-dc486ac5e64d"}]}
2026-05-06 15:53:44.171 7 INFO neutron.services.segments.plugin [-] Segment 638c1078-2e01-4988-b6bd-512582821ea1 resource provider aggregate not found
2026-05-06 15:53:44.176 7 WARNING neutron.db.securitygroups_db [None req-991c672c-50ed-4e0b-ba6c-2a638c4620ee 5c2b90d0c3924f74944bf7b85e94eb8e 2deaba5939b545fabaac61a24fd9427e - - default default] project_id key not found in filters, using tenant_id instead. This support has been deprecated and will be removed in a future release.
2026-05-06 15:53:44.185 7 INFO neutron.services.segments.plugin [-] Segment 638c1078-2e01-4988-b6bd-512582821ea1 resource provider not found; error: Placement Client Error (4xx): {"errors": [{"status": 404, "title": "Not Found", "detail": "The resource could not be found.\n\n No resource provider with uuid 638c1078-2e01-4988-b6bd-512582821ea1 found for delete ", "request_id": "req-87df93b0-37ad-4a28-ae7a-92834cc9b2e2"}]} [pid: 7|app: 0|req: 1553/3221] 10.0.0.174 () {32 vars in 774 bytes} [Wed May 6 15:53:44 2026] GET /v2.0/security-groups?tenant_id=2d8424a6e5944547a83f452fada6b48b&name=default => generated 2929 bytes in 276 msecs (HTTP/1.1 200) 4 headers in 158 bytes (1 switches on core 0) [pid: 8|app: 0|req: 1669/3222] 10.0.0.174 () {32 vars in 740 bytes} [Wed May 6 15:53:44 2026] DELETE /v2.0/security-groups/07c3d786-a4c7-4a30-b83c-3056b31bbce9 => generated 0 bytes in 83 msecs (HTTP/1.1 204) 2 headers in 112 bytes (1 switches on core 0)
2026-05-06 15:53:44.454 7 WARNING neutron.db.securitygroups_db [None req-acbf0ee0-1f03-46b1-8cc0-6f475f13306e 5c2b90d0c3924f74944bf7b85e94eb8e 2deaba5939b545fabaac61a24fd9427e - - default default] project_id key not found in filters, using tenant_id instead. This support has been deprecated and will be removed in a future release. [pid: 7|app: 0|req: 1554/3223] 10.0.0.174 () {32 vars in 774 bytes} [Wed May 6 15:53:44 2026] GET /v2.0/security-groups?tenant_id=db1880cdd0c844a7a00db781c8f89adc&name=default => generated 2929 bytes in 125 msecs (HTTP/1.1 200) 4 headers in 158 bytes (1 switches on core 0) [pid: 8|app: 0|req: 1670/3224] 10.0.0.174 () {32 vars in 740 bytes} [Wed May 6 15:53:44 2026] DELETE /v2.0/security-groups/6645fdff-71de-448c-b2de-0de529b076f3 => generated 0 bytes in 100 msecs (HTTP/1.1 204) 2 headers in 112 bytes (1 switches on core 0)
2026-05-06 15:53:44.810 7 WARNING neutron.db.securitygroups_db [None req-4e03c4db-ac7c-48a9-8d30-47cef5c2e350 5c2b90d0c3924f74944bf7b85e94eb8e 2deaba5939b545fabaac61a24fd9427e - - default default] project_id key not found in filters, using tenant_id instead. This support has been deprecated and will be removed in a future release. [pid: 7|app: 0|req: 1555/3225] 10.0.0.174 () {32 vars in 774 bytes} [Wed May 6 15:53:44 2026] GET /v2.0/security-groups?tenant_id=36715f55e6704f58a64d5abe99ed20aa&name=default => generated 2929 bytes in 129 msecs (HTTP/1.1 200) 4 headers in 158 bytes (1 switches on core 0) [pid: 8|app: 0|req: 1671/3226] 10.0.0.174 () {32 vars in 740 bytes} [Wed May 6 15:53:44 2026] DELETE /v2.0/security-groups/57f16a35-694e-4a30-89a8-b0597bf9bda1 => generated 0 bytes in 97 msecs (HTTP/1.1 204) 2 headers in 112 bytes (1 switches on core 0)
2026-05-06 15:53:45.180 7 WARNING neutron.db.securitygroups_db [None req-b55c769d-dddf-4ece-9071-c81a2d2a98c2 5c2b90d0c3924f74944bf7b85e94eb8e 2deaba5939b545fabaac61a24fd9427e - - default default] project_id key not found in filters, using tenant_id instead. This support has been deprecated and will be removed in a future release. [pid: 7|app: 0|req: 1556/3227] 10.0.0.174 () {32 vars in 774 bytes} [Wed May 6 15:53:45 2026] GET /v2.0/security-groups?tenant_id=6a02f8bd850f47afb86ec8f7ce829611&name=default => generated 2929 bytes in 126 msecs (HTTP/1.1 200) 4 headers in 158 bytes (1 switches on core 0) [pid: 8|app: 0|req: 1672/3228] 10.0.0.174 () {32 vars in 740 bytes} [Wed May 6 15:53:45 2026] DELETE /v2.0/security-groups/883dd82e-0558-4dab-a7c4-b9317d7da102 => generated 0 bytes in 92 msecs (HTTP/1.1 204) 2 headers in 112 bytes (1 switches on core 0)
2026-05-06 15:53:45.525 7 WARNING neutron.db.securitygroups_db [None req-baf4d4fb-1339-48cd-b690-610475a76d12 5c2b90d0c3924f74944bf7b85e94eb8e 2deaba5939b545fabaac61a24fd9427e - - default default] project_id key not found in filters, using tenant_id instead. This support has been deprecated and will be removed in a future release. [pid: 7|app: 0|req: 1557/3229] 10.0.0.174 () {32 vars in 774 bytes} [Wed May 6 15:53:45 2026] GET /v2.0/security-groups?tenant_id=20f6ce8d3efd4a7da6c2e92d7cd8cbf8&name=default => generated 2929 bytes in 110 msecs (HTTP/1.1 200) 4 headers in 158 bytes (1 switches on core 0) [pid: 8|app: 0|req: 1673/3230] 10.0.0.174 () {32 vars in 740 bytes} [Wed May 6 15:53:45 2026] DELETE /v2.0/security-groups/a6fb9d5b-25a0-47cf-9ae8-e7f64f5a2b19 => generated 0 bytes in 106 msecs (HTTP/1.1 204) 2 headers in 112 bytes (1 switches on core 0)
2026-05-06 15:53:45.863 7 WARNING neutron.db.securitygroups_db [None req-8457f84b-ec65-4b58-a9a8-56b52b162c46 5c2b90d0c3924f74944bf7b85e94eb8e 2deaba5939b545fabaac61a24fd9427e - - default default] project_id key not found in filters, using tenant_id instead. This support has been deprecated and will be removed in a future release. [pid: 7|app: 0|req: 1558/3231] 10.0.0.174 () {32 vars in 774 bytes} [Wed May 6 15:53:45 2026] GET /v2.0/security-groups?tenant_id=959a2aba7840466786b2d7998eb51e15&name=default => generated 2929 bytes in 114 msecs (HTTP/1.1 200) 4 headers in 158 bytes (1 switches on core 0) [pid: 8|app: 0|req: 1674/3232] 10.0.0.174 () {32 vars in 740 bytes} [Wed May 6 15:53:45 2026] DELETE /v2.0/security-groups/00351830-bd04-4533-acc2-d870afd5aab8 => generated 0 bytes in 91 msecs (HTTP/1.1 204) 2 headers in 112 bytes (1 switches on core 0)
2026-05-06 15:53:46.213 7 WARNING neutron.db.securitygroups_db [None req-c2302fa8-05f2-45eb-b95c-14067928789d 5c2b90d0c3924f74944bf7b85e94eb8e 2deaba5939b545fabaac61a24fd9427e - - default default] project_id key not found in filters, using tenant_id instead. This support has been deprecated and will be removed in a future release. [pid: 7|app: 0|req: 1559/3233] 10.0.0.174 () {32 vars in 774 bytes} [Wed May 6 15:53:46 2026] GET /v2.0/security-groups?tenant_id=e948190510bf4fc18106a447576b1904&name=default => generated 2929 bytes in 30 msecs (HTTP/1.1 200) 4 headers in 158 bytes (1 switches on core 0) [pid: 8|app: 0|req: 1675/3234] 10.0.0.174 () {32 vars in 740 bytes} [Wed May 6 15:53:46 2026] DELETE /v2.0/security-groups/e3a19ba5-a381-4dc3-8f38-79e0b744e609 => generated 0 bytes in 93 msecs (HTTP/1.1 204) 2 headers in 112 bytes (1 switches on core 0)
2026-05-06 15:53:50.531 7 INFO neutron.db.segments_db [None req-69014ce0-25e9-4a08-99fb-eed23bfa6725 19fc7246ef28470bbd4eff0a32b125a9 1fd6b8f8c9d0422e85b79af988fbf29b - - default default] Added segment 726457af-2fc8-42aa-a81c-7a6ed9f2f6ab of type vxlan for network ff00be21-a6a2-4031-8e31-a3fc13f56c11 [pid: 7|app: 0|req: 1560/3235] 10.0.0.174 () {34 vars in 670 bytes} [Wed May 6 15:53:50 2026] POST /v2.0/networks => generated 631 bytes in 385 msecs (HTTP/1.1 201) 4 headers in 162 bytes (1 switches on core 0)
2026-05-06 15:53:50.679 8 INFO neutron.db.segments_db [None req-a8bb6c8e-e51b-4076-b17b-9bca7bab169d 19fc7246ef28470bbd4eff0a32b125a9 1fd6b8f8c9d0422e85b79af988fbf29b - - default default] Added segment 8bcfc9f2-dc01-4777-b17f-78c63547f708 of type vxlan for network 1f34e708-f53e-4efc-9483-84bc29fbc963 [pid: 8|app: 0|req: 1676/3236] 10.0.0.174 () {34 vars in 670 bytes} [Wed May 6 15:53:50 2026] POST /v2.0/networks => generated 631 bytes in 129 msecs (HTTP/1.1 201) 4 headers in 162 bytes (1 switches on core 0)
2026-05-06 15:53:50.807 7 INFO neutron.db.segments_db [None req-4b871aa6-6fb8-4913-9c35-ae38d4f370e6 19fc7246ef28470bbd4eff0a32b125a9 1fd6b8f8c9d0422e85b79af988fbf29b - - default default] Added segment ed96d8f8-c960-41e4-a052-b5e2ec67aec5 of type vxlan for network 294abc2d-be10-4c3c-a35f-f259fec043af [pid: 7|app: 0|req: 1561/3237] 10.0.0.174 () {34 vars in 670 bytes} [Wed May 6 15:53:50 2026] POST /v2.0/networks => generated 631 bytes in 123 msecs (HTTP/1.1 201) 4 headers in 162 bytes (1 switches on core 0)
2026-05-06 15:53:50.939 8 INFO neutron.db.segments_db [None req-dff12e20-3694-4a83-b69f-7cc7815d6612 19fc7246ef28470bbd4eff0a32b125a9 1fd6b8f8c9d0422e85b79af988fbf29b - - default default] Added segment accfee9e-f759-4a87-9c3f-40801a96c2a5 of type vxlan for network e240bae7-f16b-40f8-a3ff-804aaa68759f [pid: 8|app: 0|req: 1677/3238] 10.0.0.174 () {34 vars in 670 bytes} [Wed May 6 15:53:50 2026] POST /v2.0/networks => generated 632 bytes in 121 msecs (HTTP/1.1 201) 4 headers in 162 bytes (1 switches on core 0)
2026-05-06 15:53:51.070 7 INFO neutron.db.segments_db [None req-69521fdf-92ca-4a03-ba65-b158c2599ab8 19fc7246ef28470bbd4eff0a32b125a9 1fd6b8f8c9d0422e85b79af988fbf29b - - default default] Added segment 1c7afb6c-ad60-4301-af93-7239bf6599ff of type vxlan for network b4cd7455-4324-4af3-9854-926d7876d129 [pid: 7|app: 0|req: 1562/3239] 10.0.0.174 () {34 vars in 670 bytes} [Wed May 6 15:53:51 2026] POST /v2.0/networks => generated 632 bytes in 167 msecs (HTTP/1.1 201) 4 headers in 162 bytes (1 switches on core 0) [pid: 8|app: 0|req: 1678/3240] 10.0.0.174 () {34 vars in 753 bytes} [Wed May 6 15:53:51 2026] PUT /v2.0/networks/ff00be21-a6a2-4031-8e31-a3fc13f56c11/tags => generated 17 bytes in 533 msecs (HTTP/1.1 200) 4 headers in 156 bytes (1 switches on core 0) [pid: 7|app: 0|req: 1563/3241] 10.0.0.174 () {34 vars in 753 bytes} [Wed May 6 15:53:51 2026] PUT /v2.0/networks/1f34e708-f53e-4efc-9483-84bc29fbc963/tags => generated 25 bytes in 57 msecs (HTTP/1.1 200) 4 headers in 156 bytes (1 switches on core 0) [pid: 8|app: 0|req: 1679/3242] 10.0.0.174 () {34 vars in 753 bytes} [Wed May 6 15:53:51 2026] PUT /v2.0/networks/294abc2d-be10-4c3c-a35f-f259fec043af/tags => generated 34 bytes in 56 msecs (HTTP/1.1 200) 4 headers in 156 bytes (1 switches on core 0) [pid: 7|app: 0|req: 1564/3243] 10.0.0.174 () {34 vars in 753 bytes} [Wed May 6 15:53:51 2026] PUT /v2.0/networks/e240bae7-f16b-40f8-a3ff-804aaa68759f/tags => generated 19 bytes in 57 msecs (HTTP/1.1 200) 4 headers in 156 bytes (1 switches on core 0) [pid: 8|app: 0|req: 1680/3244] 10.0.0.174 () {32 vars in 666 bytes} [Wed May 6 15:53:51 2026] GET /v2.0/networks?tags=red => generated 1854 bytes in 46 msecs (HTTP/1.1 200) 4 headers in 158 bytes (1 switches on core 0) [pid: 7|app: 0|req: 1565/3245] 10.0.0.174 () {32 vars in 680 bytes} [Wed May 6 15:53:51 2026] GET /v2.0/networks?tags=red%2Cblue => generated 1248 bytes in 50 msecs (HTTP/1.1 200) 4 headers in 158 bytes (1 switches on core 0) [pid: 8|app: 0|req: 1681/3246] 10.0.0.174 () {32 vars in 676 bytes} [Wed May 6 15:53:52 2026] GET /v2.0/networks?tags-any=blue => generated 1248 bytes in 56 msecs (HTTP/1.1 200) 4 headers in 158 bytes (1 switches on core 0) [pid: 7|app: 0|req: 1566/3247] 10.0.0.174 () {32 vars in 688 bytes} [Wed May 6 15:53:52 2026] GET /v2.0/networks?tags-any=red%2Cblue => generated 1854 bytes in 49 msecs (HTTP/1.1 200) 4 headers in 158 bytes (1 switches on core 0) [pid: 8|app: 0|req: 1682/3248] 10.0.0.174 () {32 vars in 674 bytes} [Wed May 6 15:53:52 2026] GET /v2.0/networks?not-tags=red => generated 1862 bytes in 64 msecs (HTTP/1.1 200) 4 headers in 158 bytes (1 switches on core 0) [pid: 7|app: 0|req: 1567/3249] 10.0.0.174 () {32 vars in 688 bytes} [Wed May 6 15:53:52 2026] GET /v2.0/networks?not-tags=red%2Cblue => generated 2468 bytes in 67 msecs (HTTP/1.1 200) 4 headers in 158 bytes (1 switches on core 0) [pid: 8|app: 0|req: 1683/3250] 10.0.0.174 () {32 vars in 684 bytes} [Wed May 6 15:53:52 2026] GET /v2.0/networks?not-tags-any=blue => generated 2468 bytes in 66 msecs (HTTP/1.1 200) 4 headers in 158 bytes (1 switches on core 0) [pid: 7|app: 0|req: 1568/3251] 10.0.0.174 () {32 vars in 696 bytes} [Wed May 6 15:53:52 2026] GET /v2.0/networks?not-tags-any=red%2Cblue => generated 1862 bytes in 67 msecs (HTTP/1.1 200) 4 headers in 158 bytes (1 switches on core 0) [pid: 8|app: 0|req: 1684/3252] 10.0.0.174 () {32 vars in 726 bytes} [Wed May 6 15:53:52 2026] DELETE /v2.0/networks/ff00be21-a6a2-4031-8e31-a3fc13f56c11 => generated 0 bytes in 148 msecs (HTTP/1.1 204) 3 headers in 131 bytes (1 switches on core 0)
2026-05-06 15:53:52.631 8 INFO neutron.services.segments.plugin [-] Segment 726457af-2fc8-42aa-a81c-7a6ed9f2f6ab resource provider aggregate not found
2026-05-06 15:53:52.635 8 INFO neutron.services.segments.plugin [-] Segment 726457af-2fc8-42aa-a81c-7a6ed9f2f6ab resource provider aggregate not found
2026-05-06 15:53:52.650 8 INFO neutron.services.segments.plugin [-] Segment 726457af-2fc8-42aa-a81c-7a6ed9f2f6ab resource provider not found; error: Placement Client Error (4xx): {"errors": [{"status": 404, "title": "Not Found", "detail": "The resource could not be found.\n\n No resource provider with uuid 726457af-2fc8-42aa-a81c-7a6ed9f2f6ab found for delete ", "request_id": "req-83d1291d-8a60-48ec-b2d7-1170fff66139"}]}
2026-05-06 15:53:52.652 8 INFO neutron.services.segments.plugin [-] Segment 726457af-2fc8-42aa-a81c-7a6ed9f2f6ab resource provider not found; error: Placement Client Error (4xx): {"errors": [{"status": 404, "title": "Not Found", "detail": "The resource could not be found.\n\n No resource provider with uuid 726457af-2fc8-42aa-a81c-7a6ed9f2f6ab found for delete ", "request_id": "req-fbab12ae-31c8-441d-8c43-a179d73d476f"}]}
2026-05-06 15:53:52.658 7 INFO neutron.services.segments.plugin [-] Segment 8bcfc9f2-dc01-4777-b17f-78c63547f708 resource provider aggregate not found
2026-05-06 15:53:52.663 7 INFO neutron.services.segments.plugin [-] Segment 8bcfc9f2-dc01-4777-b17f-78c63547f708 resource provider aggregate not found
2026-05-06 15:53:52.679 7 INFO neutron.services.segments.plugin [-] Segment 8bcfc9f2-dc01-4777-b17f-78c63547f708 resource provider not found; error: Placement Client Error (4xx): {"errors": [{"status": 404, "title": "Not Found", "detail": "The resource could not be found.\n\n No resource provider with uuid 8bcfc9f2-dc01-4777-b17f-78c63547f708 found for delete ", "request_id": "req-30d026e9-da21-4867-a389-8704d0b75232"}]}
2026-05-06 15:53:52.683 7 INFO neutron.services.segments.plugin [-] Segment 8bcfc9f2-dc01-4777-b17f-78c63547f708 resource provider not found; error: Placement Client Error (4xx): {"errors": [{"status": 404, "title": "Not Found", "detail": "The resource could not be found.\n\n No resource provider with uuid 8bcfc9f2-dc01-4777-b17f-78c63547f708 found for delete ", "request_id": "req-5055f49d-eb84-4bb1-94ed-a5e839169c42"}]} [pid: 7|app: 0|req: 1569/3253] 10.0.0.174 () {32 vars in 726 bytes} [Wed May 6 15:53:52 2026] DELETE /v2.0/networks/1f34e708-f53e-4efc-9483-84bc29fbc963 => generated 0 bytes in 134 msecs (HTTP/1.1 204) 3 headers in 131 bytes (1 switches on core 0) [pid: 8|app: 0|req: 1685/3254] 10.0.0.174 () {32 vars in 726 bytes} [Wed May 6 15:53:52 2026] DELETE /v2.0/networks/294abc2d-be10-4c3c-a35f-f259fec043af => generated 0 bytes in 126 msecs (HTTP/1.1 204) 3 headers in 131 bytes (1 switches on core 0) [pid: 7|app: 0|req: 1570/3255] 10.0.0.174 () {32 vars in 726 bytes} [Wed May 6 15:53:52 2026] DELETE /v2.0/networks/e240bae7-f16b-40f8-a3ff-804aaa68759f => generated 0 bytes in 123 msecs (HTTP/1.1 204) 3 headers in 131 bytes (1 switches on core 0) [pid: 8|app: 0|req: 1686/3256] 10.0.0.174 () {32 vars in 726 bytes} [Wed May 6 15:53:52 2026] DELETE /v2.0/networks/b4cd7455-4324-4af3-9854-926d7876d129 => generated 0 bytes in 114 msecs (HTTP/1.1 204) 3 headers in 131 bytes (1 switches on core 0)
2026-05-06 15:53:53.982 7 WARNING neutron.db.securitygroups_db [None req-9df81462-d223-49cd-9f01-94aaf676da90 5c2b90d0c3924f74944bf7b85e94eb8e 2deaba5939b545fabaac61a24fd9427e - - default default] project_id key not found in filters, using tenant_id instead. This support has been deprecated and will be removed in a future release. [pid: 7|app: 0|req: 1571/3257] 10.0.0.174 () {32 vars in 774 bytes} [Wed May 6 15:53:53 2026] GET /v2.0/security-groups?tenant_id=1fd6b8f8c9d0422e85b79af988fbf29b&name=default => generated 2929 bytes in 176 msecs (HTTP/1.1 200) 4 headers in 158 bytes (1 switches on core 0) [pid: 8|app: 0|req: 1687/3258] 10.0.0.174 () {32 vars in 740 bytes} [Wed May 6 15:53:54 2026] DELETE /v2.0/security-groups/3b3d1a55-3705-4034-9b99-03c0be823fa2 => generated 0 bytes in 105 msecs (HTTP/1.1 204) 2 headers in 112 bytes (1 switches on core 0)
